2025-07-14 01:54:54.482 7 DEBUG oslo_service.service [-] ml2_type_gre.tunnel_id_ranges = [] log_opt_values /var/lib/kolla/venv/lib/python3.6/site-packages/oslo_config/cfg.py:2611
2025-07-14 01:54:54.482 7 DEBUG oslo_service.service [-] ml2_type_vlan.network_vlan_ranges = [] log_opt_values /var/lib/kolla/venv/lib/python3.6/site-packages/oslo_config/cfg.py:2611
2025-07-14 01:54:54.482 7 DEBUG oslo_service.service [-] ml2_type_vxlan.vni_ranges = [] log_opt_values /var/lib/kolla/venv/lib/python3.6/site-packages/oslo_config/cfg.py:2611
2025-07-14 01:54:54.482 7 DEBUG oslo_service.service [-] ml2_type_vxlan.vxlan_group = None log_opt_values /var/lib/kolla/venv/lib/python3.6/site-packages/oslo_config/cfg.py:2611
2025-07-14 01:54:54.482 7 DEBUG oslo_service.service [-] database.backend = sqlalchemy log_opt_values /var/lib/kolla/venv/lib/python3.6/site-packages/oslo_config/cfg.py:2611
2025-07-14 01:54:54.483 7 DEBUG oslo_service.service [-] database.connection = **** log_opt_values /var/lib/kolla/venv/lib/python3.6/site-packages/oslo_config/cfg.py:2611
2025-07-14 01:54:54.483 7 DEBUG oslo_service.service [-] database.connection_debug = 0 log_opt_values /var/lib/kolla/venv/lib/python3.6/site-packages/oslo_config/cfg.py:2611
2025-07-14 01:54:54.483 7 DEBUG oslo_service.service [-] database.connection_parameters = log_opt_values /var/lib/kolla/venv/lib/python3.6/site-packages/oslo_config/cfg.py:2611
2025-07-14 01:54:54.483 7 DEBUG oslo_service.service [-] database.connection_recycle_time = 10 log_opt_values /var/lib/kolla/venv/lib/python3.6/site-packages/oslo_config/cfg.py:2611
2025-07-14 01:54:54.483 7 DEBUG oslo_service.service [-] database.connection_trace = False log_opt_values /var/lib/kolla/venv/lib/python3.6/site-packages/oslo_config/cfg.py:2611
2025-07-14 01:54:54.483 7 DEBUG oslo_service.service [-] database.db_inc_retry_interval = True log_opt_values /var/lib/kolla/venv/lib/python3.6/site-packages/oslo_config/cfg.py:2611
2025-07-14 01:54:54.483 7 DEBUG oslo_service.service [-] database.db_max_retries = 20 log_opt_values /var/lib/kolla/venv/lib/python3.6/site-packages/oslo_config/cfg.py:2611
2025-07-14 01:54:54.483 7 DEBUG oslo_service.service [-] database.db_max_retry_interval = 10 log_opt_values /var/lib/kolla/venv/lib/python3.6/site-packages/oslo_config/cfg.py:2611
2025-07-14 01:54:54.483 7 DEBUG oslo_service.service [-] database.db_retry_interval = 1 log_opt_values /var/lib/kolla/venv/lib/python3.6/site-packages/oslo_config/cfg.py:2611
2025-07-14 01:54:54.483 7 DEBUG oslo_service.service [-] database.max_overflow = 50 log_opt_values /var/lib/kolla/venv/lib/python3.6/site-packages/oslo_config/cfg.py:2611
2025-07-14 01:54:54.483 7 DEBUG oslo_service.service [-] database.max_pool_size = 1 log_opt_values /var/lib/kolla/venv/lib/python3.6/site-packages/oslo_config/cfg.py:2611
2025-07-14 01:54:54.483 7 DEBUG oslo_service.service [-] database.max_retries = -1 log_opt_values /var/lib/kolla/venv/lib/python3.6/site-packages/oslo_config/cfg.py:2611
2025-07-14 01:54:54.483 7 DEBUG oslo_service.service [-] database.mysql_enable_ndb = False log_opt_values /var/lib/kolla/venv/lib/python3.6/site-packages/oslo_config/cfg.py:2611
2025-07-14 01:54:54.483 7 DEBUG oslo_service.service [-] database.mysql_sql_mode = TRADITIONAL log_opt_values /var/lib/kolla/venv/lib/python3.6/site-packages/oslo_config/cfg.py:2611
2025-07-14 01:54:54.483 7 DEBUG oslo_service.service [-] database.pool_timeout = None log_opt_values /var/lib/kolla/venv/lib/python3.6/site-packages/oslo_config/cfg.py:2611
2025-07-14 01:54:54.483 7 DEBUG oslo_service.service [-] database.retry_interval = 10 log_opt_values /var/lib/kolla/venv/lib/python3.6/site-packages/oslo_config/cfg.py:2611
2025-07-14 01:54:54.483 7 DEBUG oslo_service.service [-] database.slave_connection = **** log_opt_values /var/lib/kolla/venv/lib/python3.6/site-packages/oslo_config/cfg.py:2611
2025-07-14 01:54:54.484 7 DEBUG oslo_service.service [-] database.sqlite_synchronous = True log_opt_values /var/lib/kolla/venv/lib/python3.6/site-packages/oslo_config/cfg.py:2611
2025-07-14 01:54:54.484 7 DEBUG oslo_service.service [-] database.use_db_reconnect = False log_opt_values /var/lib/kolla/venv/lib/python3.6/site-packages/oslo_config/cfg.py:2611
2025-07-14 01:54:54.484 7 DEBUG oslo_service.service [-] ******************************************************************************** log_opt_values /var/lib/kolla/venv/lib/python3.6/site-packages/oslo_config/cfg.py:2613
2025-07-14 01:54:56.133 22 DEBUG neutron.wsgi [-] (22) accepted ('10.0.0.249', 37808) server /var/lib/kolla/venv/lib/python3.6/site-packages/eventlet/wsgi.py:1004
2025-07-14 01:54:56.139 22 INFO neutron.wsgi [-] 10.0.0.249 "GET / HTTP/1.1" status: 200 len: 228 time: 0.0046315
2025-07-14 01:54:58.422 23 DEBUG neutron.api.rpc.handlers.dhcp_rpc [req-35556720-0dd1-411b-afc6-4e026a36fd73 - - - - -] get_active_networks_info from cn-jenkins-deploy-platform-ansible-os-3637-1 get_active_networks_info /var/lib/kolla/venv/lib/python3.6/site-packages/neutron/api/rpc/handlers/dhcp_rpc.py:159
2025-07-14 01:54:58.450 27 DEBUG neutron_lib.callbacks.manager [req-fe5d718e-3912-4a60-b019-63a9732f5e73 - - - - -] Publish callbacks ['neutron.services.segments.db._update_segment_host_mapping_for_agent-8754423677760', 'neutron.services.l3_router.l3_router_plugin.DVRResourceOperationHandler.create_fip_agent_gw_ports--9223372036854260807'] for agent (482f9b8e-759e-415f-ac1e-a2d311ff7989), after_create _notify_loop /var/lib/kolla/venv/lib/python3.6/site-packages/neutron_lib/callbacks/manager.py:177
2025-07-14 01:54:58.460 23 DEBUG neutron.scheduler.dhcp_agent_scheduler [req-35556720-0dd1-411b-afc6-4e026a36fd73 - - - - -] No non-hosted networks auto_schedule_networks /var/lib/kolla/venv/lib/python3.6/site-packages/neutron/scheduler/dhcp_agent_scheduler.py:60
2025-07-14 01:55:10.413 28 DEBUG neutron_lib.callbacks.manager [req-261a2304-6b93-412a-a6af-9f99cbe49f99 - - - - -] Publish callbacks ['neutron.services.segments.db._update_segment_host_mapping_for_agent-8754423677760', 'neutron.services.l3_router.l3_router_plugin.DVRResourceOperationHandler.create_fip_agent_gw_ports--9223372036854260807'] for agent (b7ad786b-0f5b-4635-8714-0c17071838a9), after_create _notify_loop /var/lib/kolla/venv/lib/python3.6/site-packages/neutron_lib/callbacks/manager.py:177
2025-07-14 01:55:26.187 22 DEBUG neutron.wsgi [-] (22) accepted ('10.0.0.249', 41012) server /var/lib/kolla/venv/lib/python3.6/site-packages/eventlet/wsgi.py:1004
2025-07-14 01:55:26.191 22 INFO neutron.wsgi [-] 10.0.0.249 "GET / HTTP/1.1" status: 200 len: 228 time: 0.0029545
2025-07-14 01:55:28.427 26 DEBUG neutron_lib.callbacks.manager [req-70597b2f-0979-40c0-9710-708897840a66 - - - - -] Publish callbacks ['neutron.services.segments.db._update_segment_host_mapping_for_agent-8754423677760', 'neutron.plugins.ml2.plugin.Ml2Plugin._retry_binding_revived_agents-1374563'] for agent (482f9b8e-759e-415f-ac1e-a2d311ff7989), after_update _notify_loop /var/lib/kolla/venv/lib/python3.6/site-packages/neutron_lib/callbacks/manager.py:177
2025-07-14 01:55:32.456 29 DEBUG neutron.db.agents_db [req-270ddb26-19fd-4298-8082-9015fddabd81 - - - - -] Agent healthcheck: found 2 active agents agent_health_check /var/lib/kolla/venv/lib/python3.6/site-packages/neutron/db/agents_db.py:318
2025-07-14 01:55:40.399 24 DEBUG neutron_lib.callbacks.manager [req-261a2304-6b93-412a-a6af-9f99cbe49f99 - - - - -] Publish callbacks ['neutron.services.segments.db._update_segment_host_mapping_for_agent-8754423677760', 'neutron.plugins.ml2.plugin.Ml2Plugin._retry_binding_revived_agents-1374563'] for agent (b7ad786b-0f5b-4635-8714-0c17071838a9), after_update _notify_loop /var/lib/kolla/venv/lib/python3.6/site-packages/neutron_lib/callbacks/manager.py:177
2025-07-14 01:55:56.235 22 DEBUG neutron.wsgi [-] (22) accepted ('10.0.0.249', 35018) server /var/lib/kolla/venv/lib/python3.6/site-packages/eventlet/wsgi.py:1004
2025-07-14 01:55:56.238 22 INFO neutron.wsgi [-] 10.0.0.249 "GET / HTTP/1.1" status: 200 len: 228 time: 0.0025604
2025-07-14 01:55:58.440 25 DEBUG neutron_lib.callbacks.manager [req-32259f9d-1958-4661-b652-c23a47a409df - - - - -] Publish callbacks ['neutron.services.segments.db._update_segment_host_mapping_for_agent-8754423677760', 'neutron.plugins.ml2.plugin.Ml2Plugin._retry_binding_revived_agents-1374563'] for agent (482f9b8e-759e-415f-ac1e-a2d311ff7989), after_update _notify_loop /var/lib/kolla/venv/lib/python3.6/site-packages/neutron_lib/callbacks/manager.py:177
2025-07-14 01:56:09.454 29 DEBUG neutron.db.agents_db [req-270ddb26-19fd-4298-8082-9015fddabd81 - - - - -] Agent healthcheck: found 2 active agents agent_health_check /var/lib/kolla/venv/lib/python3.6/site-packages/neutron/db/agents_db.py:318
2025-07-14 01:56:10.387 23 DEBUG neutron_lib.callbacks.manager [req-261a2304-6b93-412a-a6af-9f99cbe49f99 - - - - -] Publish callbacks ['neutron.services.segments.db._update_segment_host_mapping_for_agent-8754423677760', 'neutron.plugins.ml2.plugin.Ml2Plugin._retry_binding_revived_agents-1374563'] for agent (b7ad786b-0f5b-4635-8714-0c17071838a9), after_update _notify_loop /var/lib/kolla/venv/lib/python3.6/site-packages/neutron_lib/callbacks/manager.py:177
2025-07-14 01:56:26.283 22 DEBUG neutron.wsgi [-] (22) accepted ('10.0.0.249', 55024) server /var/lib/kolla/venv/lib/python3.6/site-packages/eventlet/wsgi.py:1004
2025-07-14 01:56:26.287 22 INFO neutron.wsgi [-] 10.0.0.249 "GET / HTTP/1.1" status: 200 len: 228 time: 0.0025566
2025-07-14 01:56:28.421 27 DEBUG neutron_lib.callbacks.manager [req-9b2626e2-ce17-4e89-98dc-779c9b0dc03a - - - - -] Publish callbacks ['neutron.services.segments.db._update_segment_host_mapping_for_agent-8754423677760', 'neutron.plugins.ml2.plugin.Ml2Plugin._retry_binding_revived_agents-1374563'] for agent (482f9b8e-759e-415f-ac1e-a2d311ff7989), after_update _notify_loop /var/lib/kolla/venv/lib/python3.6/site-packages/neutron_lib/callbacks/manager.py:177
2025-07-14 01:56:40.385 28 DEBUG neutron_lib.callbacks.manager [req-261a2304-6b93-412a-a6af-9f99cbe49f99 - - - - -] Publish callbacks ['neutron.services.segments.db._update_segment_host_mapping_for_agent-8754423677760', 'neutron.plugins.ml2.plugin.Ml2Plugin._retry_binding_revived_agents-1374563'] for agent (b7ad786b-0f5b-4635-8714-0c17071838a9), after_update _notify_loop /var/lib/kolla/venv/lib/python3.6/site-packages/neutron_lib/callbacks/manager.py:177
2025-07-14 01:56:46.453 29 DEBUG neutron.db.agents_db [req-270ddb26-19fd-4298-8082-9015fddabd81 - - - - -] Agent healthcheck: found 2 active agents agent_health_check /var/lib/kolla/venv/lib/python3.6/site-packages/neutron/db/agents_db.py:318
2025-07-14 01:56:56.328 22 DEBUG neutron.wsgi [-] (22) accepted ('10.0.0.249', 39370) server /var/lib/kolla/venv/lib/python3.6/site-packages/eventlet/wsgi.py:1004
2025-07-14 01:56:56.332 22 INFO neutron.wsgi [-] 10.0.0.249 "GET / HTTP/1.1" status: 200 len: 228 time: 0.0028439
2025-07-14 01:56:58.417 26 DEBUG neutron_lib.callbacks.manager [req-1a6a4766-8787-40cb-b986-5a95d83d2553 - - - - -] Publish callbacks ['neutron.services.segments.db._update_segment_host_mapping_for_agent-8754423677760', 'neutron.plugins.ml2.plugin.Ml2Plugin._retry_binding_revived_agents-1374563'] for agent (482f9b8e-759e-415f-ac1e-a2d311ff7989), after_update _notify_loop /var/lib/kolla/venv/lib/python3.6/site-packages/neutron_lib/callbacks/manager.py:177
2025-07-14 01:57:10.382 24 DEBUG neutron_lib.callbacks.manager [req-261a2304-6b93-412a-a6af-9f99cbe49f99 - - - - -] Publish callbacks ['neutron.services.segments.db._update_segment_host_mapping_for_agent-8754423677760', 'neutron.plugins.ml2.plugin.Ml2Plugin._retry_binding_revived_agents-1374563'] for agent (b7ad786b-0f5b-4635-8714-0c17071838a9), after_update _notify_loop /var/lib/kolla/venv/lib/python3.6/site-packages/neutron_lib/callbacks/manager.py:177
2025-07-14 01:57:23.453 29 DEBUG neutron.db.agents_db [req-270ddb26-19fd-4298-8082-9015fddabd81 - - - - -] Agent healthcheck: found 2 active agents agent_health_check /var/lib/kolla/venv/lib/python3.6/site-packages/neutron/db/agents_db.py:318
2025-07-14 01:57:26.376 22 DEBUG neutron.wsgi [-] (22) accepted ('10.0.0.249', 38286) server /var/lib/kolla/venv/lib/python3.6/site-packages/eventlet/wsgi.py:1004
2025-07-14 01:57:26.382 22 INFO neutron.wsgi [-] 10.0.0.249 "GET / HTTP/1.1" status: 200 len: 228 time: 0.0056667
2025-07-14 01:57:28.423 25 DEBUG neutron_lib.callbacks.manager [req-e118dcfd-50b9-4389-a57e-d9716f06c7d6 - - - - -] Publish callbacks ['neutron.services.segments.db._update_segment_host_mapping_for_agent-8754423677760', 'neutron.plugins.ml2.plugin.Ml2Plugin._retry_binding_revived_agents-1374563'] for agent (482f9b8e-759e-415f-ac1e-a2d311ff7989), after_update _notify_loop /var/lib/kolla/venv/lib/python3.6/site-packages/neutron_lib/callbacks/manager.py:177
2025-07-14 01:57:40.386 23 DEBUG neutron_lib.callbacks.manager [req-261a2304-6b93-412a-a6af-9f99cbe49f99 - - - - -] Publish callbacks ['neutron.services.segments.db._update_segment_host_mapping_for_agent-8754423677760', 'neutron.plugins.ml2.plugin.Ml2Plugin._retry_binding_revived_agents-1374563'] for agent (b7ad786b-0f5b-4635-8714-0c17071838a9), after_update _notify_loop /var/lib/kolla/venv/lib/python3.6/site-packages/neutron_lib/callbacks/manager.py:177
2025-07-14 01:57:56.426 22 DEBUG neutron.wsgi [-] (22) accepted ('10.0.0.249', 43530) server /var/lib/kolla/venv/lib/python3.6/site-packages/eventlet/wsgi.py:1004
2025-07-14 01:57:56.431 22 INFO neutron.wsgi [-] 10.0.0.249 "GET / HTTP/1.1" status: 200 len: 228 time: 0.0037360
2025-07-14 01:57:58.420 27 DEBUG neutron_lib.callbacks.manager [req-5dc5a869-84fe-4740-8b49-3681a1f9a7aa - - - - -] Publish callbacks ['neutron.services.segments.db._update_segment_host_mapping_for_agent-8754423677760', 'neutron.plugins.ml2.plugin.Ml2Plugin._retry_binding_revived_agents-1374563'] for agent (482f9b8e-759e-415f-ac1e-a2d311ff7989), after_update _notify_loop /var/lib/kolla/venv/lib/python3.6/site-packages/neutron_lib/callbacks/manager.py:177
2025-07-14 01:58:00.451 29 DEBUG neutron.db.agents_db [req-270ddb26-19fd-4298-8082-9015fddabd81 - - - - -] Agent healthcheck: found 2 active agents agent_health_check /var/lib/kolla/venv/lib/python3.6/site-packages/neutron/db/agents_db.py:318
2025-07-14 01:58:10.388 28 DEBUG neutron_lib.callbacks.manager [req-261a2304-6b93-412a-a6af-9f99cbe49f99 - - - - -] Publish callbacks ['neutron.services.segments.db._update_segment_host_mapping_for_agent-8754423677760', 'neutron.plugins.ml2.plugin.Ml2Plugin._retry_binding_revived_agents-1374563'] for agent (b7ad786b-0f5b-4635-8714-0c17071838a9), after_update _notify_loop /var/lib/kolla/venv/lib/python3.6/site-packages/neutron_lib/callbacks/manager.py:177
2025-07-14 01:58:26.475 22 DEBUG neutron.wsgi [-] (22) accepted ('10.0.0.249', 34532) server /var/lib/kolla/venv/lib/python3.6/site-packages/eventlet/wsgi.py:1004
2025-07-14 01:58:26.479 22 INFO neutron.wsgi [-] 10.0.0.249 "GET / HTTP/1.1" status: 200 len: 228 time: 0.0028248
2025-07-14 01:58:28.418 26 DEBUG neutron_lib.callbacks.manager [req-ba2dc510-d260-4944-955f-69e80b5745e8 - - - - -] Publish callbacks ['neutron.services.segments.db._update_segment_host_mapping_for_agent-8754423677760', 'neutron.plugins.ml2.plugin.Ml2Plugin._retry_binding_revived_agents-1374563'] for agent (482f9b8e-759e-415f-ac1e-a2d311ff7989), after_update _notify_loop /var/lib/kolla/venv/lib/python3.6/site-packages/neutron_lib/callbacks/manager.py:177
2025-07-14 01:58:37.450 29 DEBUG neutron.db.agents_db [req-270ddb26-19fd-4298-8082-9015fddabd81 - - - - -] Agent healthcheck: found 2 active agents agent_health_check /var/lib/kolla/venv/lib/python3.6/site-packages/neutron/db/agents_db.py:318
2025-07-14 01:58:40.391 24 DEBUG neutron_lib.callbacks.manager [req-261a2304-6b93-412a-a6af-9f99cbe49f99 - - - - -] Publish callbacks ['neutron.services.segments.db._update_segment_host_mapping_for_agent-8754423677760', 'neutron.plugins.ml2.plugin.Ml2Plugin._retry_binding_revived_agents-1374563'] for agent (b7ad786b-0f5b-4635-8714-0c17071838a9), after_update _notify_loop /var/lib/kolla/venv/lib/python3.6/site-packages/neutron_lib/callbacks/manager.py:177
2025-07-14 01:58:56.521 22 DEBUG neutron.wsgi [-] (22) accepted ('10.0.0.249', 50010) server /var/lib/kolla/venv/lib/python3.6/site-packages/eventlet/wsgi.py:1004
2025-07-14 01:58:56.525 22 INFO neutron.wsgi [-] 10.0.0.249 "GET / HTTP/1.1" status: 200 len: 228 time: 0.0025835
2025-07-14 01:58:58.415 25 DEBUG neutron_lib.callbacks.manager [req-c5117c75-23b3-47b3-aeac-26ff48d9e45e - - - - -] Publish callbacks ['neutron.services.segments.db._update_segment_host_mapping_for_agent-8754423677760', 'neutron.plugins.ml2.plugin.Ml2Plugin._retry_binding_revived_agents-1374563'] for agent (482f9b8e-759e-415f-ac1e-a2d311ff7989), after_update _notify_loop /var/lib/kolla/venv/lib/python3.6/site-packages/neutron_lib/callbacks/manager.py:177
2025-07-14 01:59:10.502 23 DEBUG neutron_lib.callbacks.manager [req-261a2304-6b93-412a-a6af-9f99cbe49f99 - - - - -] Publish callbacks ['neutron.services.segments.db._update_segment_host_mapping_for_agent-8754423677760', 'neutron.plugins.ml2.plugin.Ml2Plugin._retry_binding_revived_agents-1374563'] for agent (b7ad786b-0f5b-4635-8714-0c17071838a9), after_update _notify_loop /var/lib/kolla/venv/lib/python3.6/site-packages/neutron_lib/callbacks/manager.py:177
2025-07-14 01:59:14.451 29 DEBUG neutron.db.agents_db [req-270ddb26-19fd-4298-8082-9015fddabd81 - - - - -] Agent healthcheck: found 2 active agents agent_health_check /var/lib/kolla/venv/lib/python3.6/site-packages/neutron/db/agents_db.py:318
2025-07-14 01:59:26.569 22 DEBUG neutron.wsgi [-] (22) accepted ('10.0.0.249', 58222) server /var/lib/kolla/venv/lib/python3.6/site-packages/eventlet/wsgi.py:1004
2025-07-14 01:59:26.573 22 INFO neutron.wsgi [-] 10.0.0.249 "GET / HTTP/1.1" status: 200 len: 228 time: 0.0029488
2025-07-14 01:59:28.410 27 DEBUG neutron_lib.callbacks.manager [req-b7da6f3c-00fd-469d-a935-f4084bfedbdc - - - - -] Publish callbacks ['neutron.services.segments.db._update_segment_host_mapping_for_agent-8754423677760', 'neutron.plugins.ml2.plugin.Ml2Plugin._retry_binding_revived_agents-1374563'] for agent (482f9b8e-759e-415f-ac1e-a2d311ff7989), after_update _notify_loop /var/lib/kolla/venv/lib/python3.6/site-packages/neutron_lib/callbacks/manager.py:177
2025-07-14 01:59:40.398 28 DEBUG neutron_lib.callbacks.manager [req-261a2304-6b93-412a-a6af-9f99cbe49f99 - - - - -] Publish callbacks ['neutron.services.segments.db._update_segment_host_mapping_for_agent-8754423677760', 'neutron.plugins.ml2.plugin.Ml2Plugin._retry_binding_revived_agents-1374563'] for agent (b7ad786b-0f5b-4635-8714-0c17071838a9), after_update _notify_loop /var/lib/kolla/venv/lib/python3.6/site-packages/neutron_lib/callbacks/manager.py:177
2025-07-14 01:59:51.457 29 DEBUG neutron.db.agents_db [req-270ddb26-19fd-4298-8082-9015fddabd81 - - - - -] Agent healthcheck: found 2 active agents agent_health_check /var/lib/kolla/venv/lib/python3.6/site-packages/neutron/db/agents_db.py:318
2025-07-14 01:59:56.620 22 DEBUG neutron.wsgi [-] (22) accepted ('10.0.0.249', 43882) server /var/lib/kolla/venv/lib/python3.6/site-packages/eventlet/wsgi.py:1004
2025-07-14 01:59:56.624 22 INFO neutron.wsgi [-] 10.0.0.249 "GET / HTTP/1.1" status: 200 len: 228 time: 0.0028574
2025-07-14 01:59:58.416 26 DEBUG neutron_lib.callbacks.manager [req-dd45f664-68ab-4445-9e07-1748b4aa69dc - - - - -] Publish callbacks ['neutron.services.segments.db._update_segment_host_mapping_for_agent-8754423677760', 'neutron.plugins.ml2.plugin.Ml2Plugin._retry_binding_revived_agents-1374563'] for agent (482f9b8e-759e-415f-ac1e-a2d311ff7989), after_update _notify_loop /var/lib/kolla/venv/lib/python3.6/site-packages/neutron_lib/callbacks/manager.py:177
2025-07-14 02:00:10.403 24 DEBUG neutron_lib.callbacks.manager [req-261a2304-6b93-412a-a6af-9f99cbe49f99 - - - - -] Publish callbacks ['neutron.services.segments.db._update_segment_host_mapping_for_agent-8754423677760', 'neutron.plugins.ml2.plugin.Ml2Plugin._retry_binding_revived_agents-1374563'] for agent (b7ad786b-0f5b-4635-8714-0c17071838a9), after_update _notify_loop /var/lib/kolla/venv/lib/python3.6/site-packages/neutron_lib/callbacks/manager.py:177
2025-07-14 02:00:26.681 22 DEBUG neutron.wsgi [-] (22) accepted ('10.0.0.249', 41300) server /var/lib/kolla/venv/lib/python3.6/site-packages/eventlet/wsgi.py:1004
2025-07-14 02:00:26.685 22 INFO neutron.wsgi [-] 10.0.0.249 "GET / HTTP/1.1" status: 200 len: 228 time: 0.0027347
2025-07-14 02:00:28.415 25 DEBUG neutron_lib.callbacks.manager [req-fd7daf9d-3714-4a19-a781-05946e006303 - - - - -] Publish callbacks ['neutron.services.segments.db._update_segment_host_mapping_for_agent-8754423677760', 'neutron.plugins.ml2.plugin.Ml2Plugin._retry_binding_revived_agents-1374563'] for agent (482f9b8e-759e-415f-ac1e-a2d311ff7989), after_update _notify_loop /var/lib/kolla/venv/lib/python3.6/site-packages/neutron_lib/callbacks/manager.py:177
2025-07-14 02:00:28.460 29 DEBUG neutron.db.agents_db [req-270ddb26-19fd-4298-8082-9015fddabd81 - - - - -] Agent healthcheck: found 2 active agents agent_health_check /var/lib/kolla/venv/lib/python3.6/site-packages/neutron/db/agents_db.py:318
2025-07-14 02:00:40.403 23 DEBUG neutron_lib.callbacks.manager [req-261a2304-6b93-412a-a6af-9f99cbe49f99 - - - - -] Publish callbacks ['neutron.services.segments.db._update_segment_host_mapping_for_agent-8754423677760', 'neutron.plugins.ml2.plugin.Ml2Plugin._retry_binding_revived_agents-1374563'] for agent (b7ad786b-0f5b-4635-8714-0c17071838a9), after_update _notify_loop /var/lib/kolla/venv/lib/python3.6/site-packages/neutron_lib/callbacks/manager.py:177
2025-07-14 02:00:56.730 22 DEBUG neutron.wsgi [-] (22) accepted ('10.0.0.249', 39532) server /var/lib/kolla/venv/lib/python3.6/site-packages/eventlet/wsgi.py:1004
2025-07-14 02:00:56.735 22 INFO neutron.wsgi [-] 10.0.0.249 "GET / HTTP/1.1" status: 200 len: 228 time: 0.0036547
2025-07-14 02:00:58.421 27 DEBUG neutron_lib.callbacks.manager [req-6e6b79ab-267d-4319-a36f-9770398c78c4 - - - - -] Publish callbacks ['neutron.services.segments.db._update_segment_host_mapping_for_agent-8754423677760', 'neutron.plugins.ml2.plugin.Ml2Plugin._retry_binding_revived_agents-1374563'] for agent (482f9b8e-759e-415f-ac1e-a2d311ff7989), after_update _notify_loop /var/lib/kolla/venv/lib/python3.6/site-packages/neutron_lib/callbacks/manager.py:177
2025-07-14 02:01:05.459 29 DEBUG neutron.db.agents_db [req-270ddb26-19fd-4298-8082-9015fddabd81 - - - - -] Agent healthcheck: found 2 active agents agent_health_check /var/lib/kolla/venv/lib/python3.6/site-packages/neutron/db/agents_db.py:318
2025-07-14 02:01:10.404 28 DEBUG neutron_lib.callbacks.manager [req-261a2304-6b93-412a-a6af-9f99cbe49f99 - - - - -] Publish callbacks ['neutron.services.segments.db._update_segment_host_mapping_for_agent-8754423677760', 'neutron.plugins.ml2.plugin.Ml2Plugin._retry_binding_revived_agents-1374563'] for agent (b7ad786b-0f5b-4635-8714-0c17071838a9), after_update _notify_loop /var/lib/kolla/venv/lib/python3.6/site-packages/neutron_lib/callbacks/manager.py:177
2025-07-14 02:01:26.778 22 DEBUG neutron.wsgi [-] (22) accepted ('10.0.0.249', 52396) server /var/lib/kolla/venv/lib/python3.6/site-packages/eventlet/wsgi.py:1004
2025-07-14 02:01:26.782 22 INFO neutron.wsgi [-] 10.0.0.249 "GET / HTTP/1.1" status: 200 len: 228 time: 0.0026026
2025-07-14 02:01:28.409 26 DEBUG neutron_lib.callbacks.manager [req-5a996519-9d81-49ca-a721-b0a785700a86 - - - - -] Publish callbacks ['neutron.services.segments.db._update_segment_host_mapping_for_agent-8754423677760', 'neutron.plugins.ml2.plugin.Ml2Plugin._retry_binding_revived_agents-1374563'] for agent (482f9b8e-759e-415f-ac1e-a2d311ff7989), after_update _notify_loop /var/lib/kolla/venv/lib/python3.6/site-packages/neutron_lib/callbacks/manager.py:177
2025-07-14 02:01:40.406 24 DEBUG neutron_lib.callbacks.manager [req-261a2304-6b93-412a-a6af-9f99cbe49f99 - - - - -] Publish callbacks ['neutron.services.segments.db._update_segment_host_mapping_for_agent-8754423677760', 'neutron.plugins.ml2.plugin.Ml2Plugin._retry_binding_revived_agents-1374563'] for agent (b7ad786b-0f5b-4635-8714-0c17071838a9), after_update _notify_loop /var/lib/kolla/venv/lib/python3.6/site-packages/neutron_lib/callbacks/manager.py:177
2025-07-14 02:01:42.461 29 DEBUG neutron.db.agents_db [req-270ddb26-19fd-4298-8082-9015fddabd81 - - - - -] Agent healthcheck: found 2 active agents agent_health_check /var/lib/kolla/venv/lib/python3.6/site-packages/neutron/db/agents_db.py:318
2025-07-14 02:01:56.826 22 DEBUG neutron.wsgi [-] (22) accepted ('10.0.0.249', 39916) server /var/lib/kolla/venv/lib/python3.6/site-packages/eventlet/wsgi.py:1004
2025-07-14 02:01:56.831 22 INFO neutron.wsgi [-] 10.0.0.249 "GET / HTTP/1.1" status: 200 len: 228 time: 0.0037606
2025-07-14 02:01:58.408 25 DEBUG neutron_lib.callbacks.manager [req-9b2df081-aed4-4393-b3ba-3fc75244b5a6 - - - - -] Publish callbacks ['neutron.services.segments.db._update_segment_host_mapping_for_agent-8754423677760', 'neutron.plugins.ml2.plugin.Ml2Plugin._retry_binding_revived_agents-1374563'] for agent (482f9b8e-759e-415f-ac1e-a2d311ff7989), after_update _notify_loop /var/lib/kolla/venv/lib/python3.6/site-packages/neutron_lib/callbacks/manager.py:177
2025-07-14 02:02:10.408 23 DEBUG neutron_lib.callbacks.manager [req-261a2304-6b93-412a-a6af-9f99cbe49f99 - - - - -] Publish callbacks ['neutron.services.segments.db._update_segment_host_mapping_for_agent-8754423677760', 'neutron.plugins.ml2.plugin.Ml2Plugin._retry_binding_revived_agents-1374563'] for agent (b7ad786b-0f5b-4635-8714-0c17071838a9), after_update _notify_loop /var/lib/kolla/venv/lib/python3.6/site-packages/neutron_lib/callbacks/manager.py:177
2025-07-14 02:02:19.469 29 DEBUG neutron.db.agents_db [req-270ddb26-19fd-4298-8082-9015fddabd81 - - - - -] Agent healthcheck: found 2 active agents agent_health_check /var/lib/kolla/venv/lib/python3.6/site-packages/neutron/db/agents_db.py:318
2025-07-14 02:02:26.886 22 DEBUG neutron.wsgi [-] (22) accepted ('10.0.0.249', 43002) server /var/lib/kolla/venv/lib/python3.6/site-packages/eventlet/wsgi.py:1004
2025-07-14 02:02:26.893 22 INFO neutron.wsgi [-] 10.0.0.249 "GET / HTTP/1.1" status: 200 len: 228 time: 0.0061452
2025-07-14 02:02:28.497 27 DEBUG neutron_lib.callbacks.manager [req-4a858eb2-68cb-4aa8-8c0c-cc637ad867c4 - - - - -] Publish callbacks ['neutron.services.segments.db._update_segment_host_mapping_for_agent-8754423677760', 'neutron.plugins.ml2.plugin.Ml2Plugin._retry_binding_revived_agents-1374563'] for agent (482f9b8e-759e-415f-ac1e-a2d311ff7989), after_update _notify_loop /var/lib/kolla/venv/lib/python3.6/site-packages/neutron_lib/callbacks/manager.py:177
2025-07-14 02:02:40.409 28 DEBUG neutron_lib.callbacks.manager [req-261a2304-6b93-412a-a6af-9f99cbe49f99 - - - - -] Publish callbacks ['neutron.services.segments.db._update_segment_host_mapping_for_agent-8754423677760', 'neutron.plugins.ml2.plugin.Ml2Plugin._retry_binding_revived_agents-1374563'] for agent (b7ad786b-0f5b-4635-8714-0c17071838a9), after_update _notify_loop /var/lib/kolla/venv/lib/python3.6/site-packages/neutron_lib/callbacks/manager.py:177
2025-07-14 02:02:56.465 29 DEBUG neutron.db.agents_db [req-270ddb26-19fd-4298-8082-9015fddabd81 - - - - -] Agent healthcheck: found 2 active agents agent_health_check /var/lib/kolla/venv/lib/python3.6/site-packages/neutron/db/agents_db.py:318
2025-07-14 02:02:56.942 22 DEBUG neutron.wsgi [-] (22) accepted ('10.0.0.249', 40114) server /var/lib/kolla/venv/lib/python3.6/site-packages/eventlet/wsgi.py:1004
2025-07-14 02:02:56.947 22 INFO neutron.wsgi [-] 10.0.0.249 "GET / HTTP/1.1" status: 200 len: 228 time: 0.0030580
2025-07-14 02:02:58.405 26 DEBUG neutron_lib.callbacks.manager [req-cb862bc9-9f66-43c8-8bbc-7fc40688a8f2 - - - - -] Publish callbacks ['neutron.services.segments.db._update_segment_host_mapping_for_agent-8754423677760', 'neutron.plugins.ml2.plugin.Ml2Plugin._retry_binding_revived_agents-1374563'] for agent (482f9b8e-759e-415f-ac1e-a2d311ff7989), after_update _notify_loop /var/lib/kolla/venv/lib/python3.6/site-packages/neutron_lib/callbacks/manager.py:177
2025-07-14 02:03:10.416 24 DEBUG neutron_lib.callbacks.manager [req-261a2304-6b93-412a-a6af-9f99cbe49f99 - - - - -] Publish callbacks ['neutron.services.segments.db._update_segment_host_mapping_for_agent-8754423677760', 'neutron.plugins.ml2.plugin.Ml2Plugin._retry_binding_revived_agents-1374563'] for agent (b7ad786b-0f5b-4635-8714-0c17071838a9), after_update _notify_loop /var/lib/kolla/venv/lib/python3.6/site-packages/neutron_lib/callbacks/manager.py:177
2025-07-14 02:03:20.702 7 INFO oslo_service.service [-] Caught SIGTERM, stopping children
2025-07-14 02:03:20.703 7 DEBUG oslo_concurrency.lockutils [-] Acquired lock "singleton_lock" lock /var/lib/kolla/venv/lib/python3.6/site-packages/oslo_concurrency/lockutils.py:294
2025-07-14 02:03:20.703 7 DEBUG oslo_concurrency.lockutils [-] Releasing lock "singleton_lock" lock /var/lib/kolla/venv/lib/python3.6/site-packages/oslo_concurrency/lockutils.py:312
2025-07-14 02:03:20.703 7 DEBUG oslo_service.service [-] Stop services. stop /var/lib/kolla/venv/lib/python3.6/site-packages/oslo_service/service.py:695
2025-07-14 02:03:20.704 7 DEBUG neutron.service [-] calling RpcWorker stop() stop /var/lib/kolla/venv/lib/python3.6/site-packages/neutron/service.py:138
2025-07-14 02:03:20.704 7 DEBUG neutron.service [-] calling RpcWorker stop() stop /var/lib/kolla/venv/lib/python3.6/site-packages/neutron/service.py:138
2025-07-14 02:03:20.704 7 DEBUG oslo_service.service [-] Killing children. stop /var/lib/kolla/venv/lib/python3.6/site-packages/oslo_service/service.py:700
2025-07-14 02:03:20.704 7 INFO oslo_service.service [-] Waiting on 8 children to exit
2025-07-14 02:03:20.704 22 INFO neutron.wsgi [-] (22) wsgi exited, is_accepting=True
2025-07-14 02:03:20.705 22 DEBUG oslo_concurrency.lockutils [req-968e8afe-c0bc-44fd-aba6-76b63a65f365 - - - - -] Acquired lock "singleton_lock" lock /var/lib/kolla/venv/lib/python3.6/site-packages/oslo_concurrency/lockutils.py:294
2025-07-14 02:03:20.706 22 DEBUG oslo_concurrency.lockutils [req-968e8afe-c0bc-44fd-aba6-76b63a65f365 - - - - -] Releasing lock "singleton_lock" lock /var/lib/kolla/venv/lib/python3.6/site-packages/oslo_concurrency/lockutils.py:312
2025-07-14 02:03:20.710 7 INFO oslo_service.service [-] Child 22 exited with status 0
2025-07-14 02:03:20.711 27 DEBUG neutron.service [-] calling RpcWorker stop() stop /var/lib/kolla/venv/lib/python3.6/site-packages/neutron/service.py:138
2025-07-14 02:03:20.711 29 DEBUG neutron.service [-] calling RpcWorker stop() stop /var/lib/kolla/venv/lib/python3.6/site-packages/neutron/service.py:138
2025-07-14 02:03:20.712 29 DEBUG neutron.service [-] calling stop on stop /var/lib/kolla/venv/lib/python3.6/site-packages/neutron/service.py:141
2025-07-14 02:03:20.711 27 DEBUG neutron.service [-] calling stop on stop /var/lib/kolla/venv/lib/python3.6/site-packages/neutron/service.py:141
2025-07-14 02:03:20.714 23 DEBUG neutron.service [-] calling RpcWorker stop() stop /var/lib/kolla/venv/lib/python3.6/site-packages/neutron/service.py:138
2025-07-14 02:03:20.715 28 DEBUG neutron.service [-] calling RpcWorker stop() stop /var/lib/kolla/venv/lib/python3.6/site-packages/neutron/service.py:138
2025-07-14 02:03:20.715 23 DEBUG neutron.service [-] calling stop on stop /var/lib/kolla/venv/lib/python3.6/site-packages/neutron/service.py:141
2025-07-14 02:03:20.717 24 DEBUG neutron.service [-] calling RpcWorker stop() stop /var/lib/kolla/venv/lib/python3.6/site-packages/neutron/service.py:138
2025-07-14 02:03:20.718 26 DEBUG neutron.service [-] calling RpcWorker stop() stop /var/lib/kolla/venv/lib/python3.6/site-packages/neutron/service.py:138
2025-07-14 02:03:20.716 28 DEBUG neutron.service [-] calling stop on stop /var/lib/kolla/venv/lib/python3.6/site-packages/neutron/service.py:141
2025-07-14 02:03:20.719 26 DEBUG neutron.service [-] calling stop on stop /var/lib/kolla/venv/lib/python3.6/site-packages/neutron/service.py:141
2025-07-14 02:03:20.721 25 DEBUG neutron.service [-] calling RpcWorker stop() stop /var/lib/kolla/venv/lib/python3.6/site-packages/neutron/service.py:138
2025-07-14 02:03:20.719 24 DEBUG neutron.service [-] calling stop on stop /var/lib/kolla/venv/lib/python3.6/site-packages/neutron/service.py:141
2025-07-14 02:03:20.722 25 DEBUG neutron.service [-] calling stop on stop /var/lib/kolla/venv/lib/python3.6/site-packages/neutron/service.py:141
2025-07-14 02:03:21.607 26 DEBUG oslo_concurrency.lockutils [req-968e8afe-c0bc-44fd-aba6-76b63a65f365 - - - - -] Acquired lock "singleton_lock" lock /var/lib/kolla/venv/lib/python3.6/site-packages/oslo_concurrency/lockutils.py:294
2025-07-14 02:03:21.608 26 DEBUG oslo_concurrency.lockutils [req-968e8afe-c0bc-44fd-aba6-76b63a65f365 - - - - -] Releasing lock "singleton_lock" lock /var/lib/kolla/venv/lib/python3.6/site-packages/oslo_concurrency/lockutils.py:312
2025-07-14 02:03:21.608 26 DEBUG neutron.service [req-968e8afe-c0bc-44fd-aba6-76b63a65f365 - - - - -] calling RpcWorker wait() _wait /var/lib/kolla/venv/lib/python3.6/site-packages/neutron/service.py:128
2025-07-14 02:03:21.608 26 DEBUG neutron.service [req-968e8afe-c0bc-44fd-aba6-76b63a65f365 - - - - -] calling wait on _wait /var/lib/kolla/venv/lib/python3.6/site-packages/neutron/service.py:131
2025-07-14 02:03:21.609 27 DEBUG oslo_concurrency.lockutils [req-968e8afe-c0bc-44fd-aba6-76b63a65f365 - - - - -] Acquired lock "singleton_lock" lock /var/lib/kolla/venv/lib/python3.6/site-packages/oslo_concurrency/lockutils.py:294
2025-07-14 02:03:21.609 27 DEBUG oslo_concurrency.lockutils [req-968e8afe-c0bc-44fd-aba6-76b63a65f365 - - - - -] Releasing lock "singleton_lock" lock /var/lib/kolla/venv/lib/python3.6/site-packages/oslo_concurrency/lockutils.py:312
2025-07-14 02:03:21.609 27 DEBUG neutron.service [req-968e8afe-c0bc-44fd-aba6-76b63a65f365 - - - - -] calling RpcWorker wait() _wait /var/lib/kolla/venv/lib/python3.6/site-packages/neutron/service.py:128
2025-07-14 02:03:21.609 27 DEBUG neutron.service [req-968e8afe-c0bc-44fd-aba6-76b63a65f365 - - - - -] calling wait on _wait /var/lib/kolla/venv/lib/python3.6/site-packages/neutron/service.py:131
2025-07-14 02:03:21.616 26 WARNING amqp [req-968e8afe-c0bc-44fd-aba6-76b63a65f365 - - - - -] Received method (60, 30) during closing channel 1. This method will be ignored
2025-07-14 02:03:21.617 26 DEBUG neutron.service [req-968e8afe-c0bc-44fd-aba6-76b63a65f365 - - - - -] returning from RpcWorker wait() _wait /var/lib/kolla/venv/lib/python3.6/site-packages/neutron/service.py:135
2025-07-14 02:03:21.618 27 WARNING amqp [req-968e8afe-c0bc-44fd-aba6-76b63a65f365 - - - - -] Received method (60, 30) during closing channel 1. This method will be ignored
2025-07-14 02:03:21.618 27 DEBUG neutron.service [req-968e8afe-c0bc-44fd-aba6-76b63a65f365 - - - - -] returning from RpcWorker wait() _wait /var/lib/kolla/venv/lib/python3.6/site-packages/neutron/service.py:135
2025-07-14 02:03:21.625 7 INFO oslo_service.service [-] Child 26 exited with status 0
2025-07-14 02:03:21.625 7 INFO oslo_service.service [-] Child 27 exited with status 0
2025-07-14 02:03:23.608 28 DEBUG oslo_concurrency.lockutils [req-968e8afe-c0bc-44fd-aba6-76b63a65f365 - - - - -] Acquired lock "singleton_lock" lock /var/lib/kolla/venv/lib/python3.6/site-packages/oslo_concurrency/lockutils.py:294
2025-07-14 02:03:23.608 28 DEBUG oslo_concurrency.lockutils [req-968e8afe-c0bc-44fd-aba6-76b63a65f365 - - - - -] Releasing lock "singleton_lock" lock /var/lib/kolla/venv/lib/python3.6/site-packages/oslo_concurrency/lockutils.py:312
2025-07-14 02:03:23.609 28 DEBUG neutron.service [req-968e8afe-c0bc-44fd-aba6-76b63a65f365 - - - - -] calling RpcWorker wait() _wait /var/lib/kolla/venv/lib/python3.6/site-packages/neutron/service.py:128
2025-07-14 02:03:23.609 28 DEBUG neutron.service [req-968e8afe-c0bc-44fd-aba6-76b63a65f365 - - - - -] calling wait on _wait /var/lib/kolla/venv/lib/python3.6/site-packages/neutron/service.py:131
2025-07-14 02:03:23.616 28 WARNING amqp [req-968e8afe-c0bc-44fd-aba6-76b63a65f365 - - - - -] Received method (60, 30) during closing channel 1. This method will be ignored
2025-07-14 02:03:23.619 28 DEBUG neutron.service [req-968e8afe-c0bc-44fd-aba6-76b63a65f365 - - - - -] returning from RpcWorker wait() _wait /var/lib/kolla/venv/lib/python3.6/site-packages/neutron/service.py:135
2025-07-14 02:03:23.624 7 INFO oslo_service.service [-] Child 28 exited with status 0
2025-07-14 02:03:28.409 25 DEBUG neutron_lib.callbacks.manager [req-e8f70cc7-d6cb-40ac-87f3-cfeec2d35fcf - - - - -] Publish callbacks ['neutron.services.segments.db._update_segment_host_mapping_for_agent-8754423677760', 'neutron.plugins.ml2.plugin.Ml2Plugin._retry_binding_revived_agents-1374563'] for agent (482f9b8e-759e-415f-ac1e-a2d311ff7989), after_update _notify_loop /var/lib/kolla/venv/lib/python3.6/site-packages/neutron_lib/callbacks/manager.py:177
2025-07-14 02:03:29.427 23 DEBUG neutron.service [-] calling stop on stop /var/lib/kolla/venv/lib/python3.6/site-packages/neutron/service.py:141
2025-07-14 02:03:29.438 24 DEBUG neutron.service [-] calling stop on stop /var/lib/kolla/venv/lib/python3.6/site-packages/neutron/service.py:141
2025-07-14 02:03:29.440 25 DEBUG neutron.service [-] calling stop on stop /var/lib/kolla/venv/lib/python3.6/site-packages/neutron/service.py:141
2025-07-14 02:03:29.443 23 DEBUG neutron.service [-] calling stop on stop /var/lib/kolla/venv/lib/python3.6/site-packages/neutron/service.py:141
2025-07-14 02:03:29.444 24 DEBUG neutron.service [-] calling stop on stop /var/lib/kolla/venv/lib/python3.6/site-packages/neutron/service.py:141
2025-07-14 02:03:29.452 25 DEBUG neutron.service [-] calling stop on stop /var/lib/kolla/venv/lib/python3.6/site-packages/neutron/service.py:141
2025-07-14 02:03:29.454 29 DEBUG oslo_concurrency.lockutils [req-968e8afe-c0bc-44fd-aba6-76b63a65f365 - - - - -] Acquired lock "singleton_lock" lock /var/lib/kolla/venv/lib/python3.6/site-packages/oslo_concurrency/lockutils.py:294
2025-07-14 02:03:29.454 29 DEBUG oslo_concurrency.lockutils [req-968e8afe-c0bc-44fd-aba6-76b63a65f365 - - - - -] Releasing lock "singleton_lock" lock /var/lib/kolla/venv/lib/python3.6/site-packages/oslo_concurrency/lockutils.py:312
2025-07-14 02:03:29.454 29 DEBUG neutron.service [req-968e8afe-c0bc-44fd-aba6-76b63a65f365 - - - - -] calling RpcWorker wait() _wait /var/lib/kolla/venv/lib/python3.6/site-packages/neutron/service.py:128
2025-07-14 02:03:29.455 29 DEBUG neutron.service [req-968e8afe-c0bc-44fd-aba6-76b63a65f365 - - - - -] calling wait on _wait /var/lib/kolla/venv/lib/python3.6/site-packages/neutron/service.py:131
2025-07-14 02:03:29.462 29 WARNING amqp [req-968e8afe-c0bc-44fd-aba6-76b63a65f365 - - - - -] Received method (60, 30) during closing channel 1. This method will be ignored
2025-07-14 02:03:29.464 29 DEBUG neutron.service [req-968e8afe-c0bc-44fd-aba6-76b63a65f365 - - - - -] returning from RpcWorker wait() _wait /var/lib/kolla/venv/lib/python3.6/site-packages/neutron/service.py:135
2025-07-14 02:03:29.470 23 DEBUG neutron.service [-] calling stop on stop /var/lib/kolla/venv/lib/python3.6/site-packages/neutron/service.py:141
2025-07-14 02:03:29.470 7 INFO oslo_service.service [-] Child 29 exited with status 0
2025-07-14 02:03:29.487 23 DEBUG oslo_concurrency.lockutils [req-968e8afe-c0bc-44fd-aba6-76b63a65f365 - - - - -] Acquired lock "singleton_lock" lock /var/lib/kolla/venv/lib/python3.6/site-packages/oslo_concurrency/lockutils.py:294
2025-07-14 02:03:29.488 23 DEBUG oslo_concurrency.lockutils [req-968e8afe-c0bc-44fd-aba6-76b63a65f365 - - - - -] Releasing lock "singleton_lock" lock /var/lib/kolla/venv/lib/python3.6/site-packages/oslo_concurrency/lockutils.py:312
2025-07-14 02:03:29.488 23 DEBUG neutron.service [req-968e8afe-c0bc-44fd-aba6-76b63a65f365 - - - - -] calling RpcWorker wait() _wait /var/lib/kolla/venv/lib/python3.6/site-packages/neutron/service.py:128
2025-07-14 02:03:29.488 23 DEBUG neutron.service [req-968e8afe-c0bc-44fd-aba6-76b63a65f365 - - - - -] calling wait on _wait /var/lib/kolla/venv/lib/python3.6/site-packages/neutron/service.py:131
2025-07-14 02:03:29.494 23 WARNING amqp [req-968e8afe-c0bc-44fd-aba6-76b63a65f365 - - - - -] Received method (60, 30) during closing channel 1. This method will be ignored
2025-07-14 02:03:29.495 23 DEBUG neutron.service [req-968e8afe-c0bc-44fd-aba6-76b63a65f365 - - - - -] calling wait on _wait /var/lib/kolla/venv/lib/python3.6/site-packages/neutron/service.py:131
2025-07-14 02:03:29.500 23 WARNING amqp [req-968e8afe-c0bc-44fd-aba6-76b63a65f365 - - - - -] Received method (60, 30) during closing channel 1. This method will be ignored
2025-07-14 02:03:29.501 23 DEBUG neutron.service [req-968e8afe-c0bc-44fd-aba6-76b63a65f365 - - - - -] calling wait on _wait /var/lib/kolla/venv/lib/python3.6/site-packages/neutron/service.py:131
2025-07-14 02:03:29.506 23 WARNING amqp [req-968e8afe-c0bc-44fd-aba6-76b63a65f365 - - - - -] Received method (60, 30) during closing channel 1. This method will be ignored
2025-07-14 02:03:29.506 23 DEBUG neutron.service [req-968e8afe-c0bc-44fd-aba6-76b63a65f365 - - - - -] calling wait on _wait /var/lib/kolla/venv/lib/python3.6/site-packages/neutron/service.py:131
2025-07-14 02:03:29.511 23 WARNING amqp [req-968e8afe-c0bc-44fd-aba6-76b63a65f365 - - - - -] Received method (60, 30) during closing channel 1. This method will be ignored
2025-07-14 02:03:29.512 23 DEBUG neutron.service [req-968e8afe-c0bc-44fd-aba6-76b63a65f365 - - - - -] returning from RpcWorker wait() _wait /var/lib/kolla/venv/lib/python3.6/site-packages/neutron/service.py:135
2025-07-14 02:03:29.521 7 INFO oslo_service.service [-] Child 23 exited with status 0
2025-07-14 02:03:32.673 7 INFO neutron.common.config [-] Logging enabled!
2025-07-14 02:03:32.673 7 INFO neutron.common.config [-] /var/lib/kolla/venv/bin/neutron-server version 20.5.1.dev23
2025-07-14 02:03:32.673 7 DEBUG neutron.common.config [-] command line: /var/lib/kolla/venv/bin/neutron-server --config-file /etc/neutron/neutron.conf --config-file /etc/neutron/ContrailPlugin.ini --config-file /etc/neutron/api-paste.ini setup_logging /var/lib/kolla/venv/lib/python3.6/site-packages/neutron/common/config.py:115
2025-07-14 02:03:32.676 7 INFO neutron.common.config [-] Logging enabled!
2025-07-14 02:03:32.677 7 INFO neutron.common.config [-] /var/lib/kolla/venv/bin/neutron-server version 20.5.1.dev23
2025-07-14 02:03:32.677 7 DEBUG neutron.common.config [-] command line: /var/lib/kolla/venv/bin/neutron-server --config-file /etc/neutron/neutron.conf --config-file /etc/neutron/ContrailPlugin.ini --config-file /etc/neutron/api-paste.ini setup_logging /var/lib/kolla/venv/lib/python3.6/site-packages/neutron/common/config.py:115
2025-07-14 02:03:32.678 7 DEBUG neutron.common.config [-] ******************************************************************************** log_opt_values /var/lib/kolla/venv/lib/python3.6/site-packages/oslo_config/cfg.py:2589
2025-07-14 02:03:32.679 7 DEBUG neutron.common.config [-] Configuration options gathered from: log_opt_values /var/lib/kolla/venv/lib/python3.6/site-packages/oslo_config/cfg.py:2590
2025-07-14 02:03:32.679 7 DEBUG neutron.common.config [-] command line args: ['--config-file', '/etc/neutron/neutron.conf', '--config-file', '/etc/neutron/ContrailPlugin.ini', '--config-file', '/etc/neutron/api-paste.ini'] log_opt_values /var/lib/kolla/venv/lib/python3.6/site-packages/oslo_config/cfg.py:2591
2025-07-14 02:03:32.680 7 DEBUG neutron.common.config [-] config files: ['/etc/neutron/neutron.conf', '/etc/neutron/ContrailPlugin.ini', '/etc/neutron/api-paste.ini'] log_opt_values /var/lib/kolla/venv/lib/python3.6/site-packages/oslo_config/cfg.py:2593
2025-07-14 02:03:32.681 7 DEBUG neutron.common.config [-] ================================================================================ log_opt_values /var/lib/kolla/venv/lib/python3.6/site-packages/oslo_config/cfg.py:2594
2025-07-14 02:03:32.681 7 DEBUG neutron.common.config [-] allow_bulk = True log_opt_values /var/lib/kolla/venv/lib/python3.6/site-packages/oslo_config/cfg.py:2603
2025-07-14 02:03:32.682 7 WARNING oslo_config.cfg [-] Deprecated: Option "allow_overlapping_ips" from group "DEFAULT" is deprecated for removal. Its value may be silently ignored in the future.
2025-07-14 02:03:32.682 7 DEBUG neutron.common.config [-] allow_overlapping_ips = True log_opt_values /var/lib/kolla/venv/lib/python3.6/site-packages/oslo_config/cfg.py:2603
2025-07-14 02:03:32.682 7 DEBUG neutron.common.config [-] api_extensions_path = /opt/plugin/site-packages/neutron_plugin_contrail/extensions:/opt/plugin/site-packages/neutron_lbaas/extensions log_opt_values /var/lib/kolla/venv/lib/python3.6/site-packages/oslo_config/cfg.py:2603
2025-07-14 02:03:32.683 7 DEBUG neutron.common.config [-] api_paste_config = /etc/neutron/api-paste.ini log_opt_values /var/lib/kolla/venv/lib/python3.6/site-packages/oslo_config/cfg.py:2603
2025-07-14 02:03:32.683 7 DEBUG neutron.common.config [-] api_workers = 1 log_opt_values /var/lib/kolla/venv/lib/python3.6/site-packages/oslo_config/cfg.py:2603
2025-07-14 02:03:32.684 7 DEBUG neutron.common.config [-] auth_strategy = keystone log_opt_values /var/lib/kolla/venv/lib/python3.6/site-packages/oslo_config/cfg.py:2603
2025-07-14 02:03:32.684 7 DEBUG neutron.common.config [-] backlog = 4096 log_opt_values /var/lib/kolla/venv/lib/python3.6/site-packages/oslo_config/cfg.py:2603
2025-07-14 02:03:32.684 7 DEBUG neutron.common.config [-] base_mac = fa:16:3e:00:00:00 log_opt_values /var/lib/kolla/venv/lib/python3.6/site-packages/oslo_config/cfg.py:2603
2025-07-14 02:03:32.684 7 DEBUG neutron.common.config [-] bind_host = 10.0.0.249 log_opt_values /var/lib/kolla/venv/lib/python3.6/site-packages/oslo_config/cfg.py:2603
2025-07-14 02:03:32.684 7 DEBUG neutron.common.config [-] bind_port = 9696 log_opt_values /var/lib/kolla/venv/lib/python3.6/site-packages/oslo_config/cfg.py:2603
2025-07-14 02:03:32.684 7 DEBUG neutron.common.config [-] client_socket_timeout = 900 log_opt_values /var/lib/kolla/venv/lib/python3.6/site-packages/oslo_config/cfg.py:2603
2025-07-14 02:03:32.685 7 DEBUG neutron.common.config [-] config_dir = [] log_opt_values /var/lib/kolla/venv/lib/python3.6/site-packages/oslo_config/cfg.py:2603
2025-07-14 02:03:32.685 7 DEBUG neutron.common.config [-] config_file = ['/etc/neutron/neutron.conf', '/etc/neutron/ContrailPlugin.ini', '/etc/neutron/api-paste.ini'] log_opt_values /var/lib/kolla/venv/lib/python3.6/site-packages/oslo_config/cfg.py:2603
2025-07-14 02:03:32.685 7 DEBUG neutron.common.config [-] config_source = [] log_opt_values /var/lib/kolla/venv/lib/python3.6/site-packages/oslo_config/cfg.py:2603
2025-07-14 02:03:32.685 7 DEBUG neutron.common.config [-] control_exchange = neutron log_opt_values /var/lib/kolla/venv/lib/python3.6/site-packages/oslo_config/cfg.py:2603
2025-07-14 02:03:32.685 7 DEBUG neutron.common.config [-] core_plugin = neutron_plugin_contrail.plugins.opencontrail.contrail_plugin.NeutronPluginContrailCoreV2 log_opt_values /var/lib/kolla/venv/lib/python3.6/site-packages/oslo_config/cfg.py:2603
2025-07-14 02:03:32.685 7 DEBUG neutron.common.config [-] debug = True log_opt_values /var/lib/kolla/venv/lib/python3.6/site-packages/oslo_config/cfg.py:2603
2025-07-14 02:03:32.685 7 DEBUG neutron.common.config [-] default_availability_zones = [] log_opt_values /var/lib/kolla/venv/lib/python3.6/site-packages/oslo_config/cfg.py:2603
2025-07-14 02:03:32.685 7 DEBUG neutron.common.config [-] default_log_levels = ['amqp=WARN', 'amqplib=WARN', 'boto=WARN', 'qpid=WARN', 'sqlalchemy=WARN', 'suds=INFO', 'oslo.messaging=INFO', 'oslo_messaging=INFO', 'iso8601=WARN', 'requests.packages.urllib3.connectionpool=WARN', 'urllib3.connectionpool=WARN', 'websocket=WARN', 'requests.packages.urllib3.util.retry=WARN', 'urllib3.util.retry=WARN', 'keystonemiddleware=WARN', 'routes.middleware=WARN', 'stevedore=WARN', 'taskflow=WARN', 'keystoneauth=WARN', 'oslo.cache=INFO', 'oslo_policy=INFO', 'dogpile.core.dogpile=INFO', 'OFPHandler=INFO', 'OfctlService=INFO', 'os_ken.base.app_manager=INFO', 'os_ken.controller.controller=INFO'] log_opt_values /var/lib/kolla/venv/lib/python3.6/site-packages/oslo_config/cfg.py:2603
2025-07-14 02:03:32.685 7 DEBUG neutron.common.config [-] dhcp_agent_notification = True log_opt_values /var/lib/kolla/venv/lib/python3.6/site-packages/oslo_config/cfg.py:2603
2025-07-14 02:03:32.686 7 DEBUG neutron.common.config [-] dhcp_lease_duration = 86400 log_opt_values /var/lib/kolla/venv/lib/python3.6/site-packages/oslo_config/cfg.py:2603
2025-07-14 02:03:32.686 7 DEBUG neutron.common.config [-] dns_domain = openstacklocal log_opt_values /var/lib/kolla/venv/lib/python3.6/site-packages/oslo_config/cfg.py:2603
2025-07-14 02:03:32.686 7 DEBUG neutron.common.config [-] enable_traditional_dhcp = True log_opt_values /var/lib/kolla/venv/lib/python3.6/site-packages/oslo_config/cfg.py:2603
2025-07-14 02:03:32.686 7 DEBUG neutron.common.config [-] external_dns_driver = None log_opt_values /var/lib/kolla/venv/lib/python3.6/site-packages/oslo_config/cfg.py:2603
2025-07-14 02:03:32.686 7 DEBUG neutron.common.config [-] filter_validation = True log_opt_values /var/lib/kolla/venv/lib/python3.6/site-packages/oslo_config/cfg.py:2603
2025-07-14 02:03:32.686 7 DEBUG neutron.common.config [-] global_physnet_mtu = 1500 log_opt_values /var/lib/kolla/venv/lib/python3.6/site-packages/oslo_config/cfg.py:2603
2025-07-14 02:03:32.686 7 DEBUG neutron.common.config [-] host = cn-jenkins-deploy-platform-ansible-os-3637-1 log_opt_values /var/lib/kolla/venv/lib/python3.6/site-packages/oslo_config/cfg.py:2603
2025-07-14 02:03:32.686 7 DEBUG neutron.common.config [-] http_retries = 3 log_opt_values /var/lib/kolla/venv/lib/python3.6/site-packages/oslo_config/cfg.py:2603
2025-07-14 02:03:32.686 7 DEBUG neutron.common.config [-] instance_format = [instance: %(uuid)s] log_opt_values /var/lib/kolla/venv/lib/python3.6/site-packages/oslo_config/cfg.py:2603
