2025-07-10 00:38:16.106 122905 DEBUG nova.servicegroup.drivers.db [req-49a52c75-5cff-4307-85a0-56abbfb55d3c - - - - -] DB_Driver: join new ServiceGroup member juju-f91a76-0-lxd-7 to the scheduler group, service = join /usr/lib/python3/dist-packages/nova/servicegroup/drivers/db.py:44
2025-07-10 00:38:16.108 122899 DEBUG oslo_messaging._drivers.amqpdriver [-] Listener is running poll /usr/lib/python3/dist-packages/oslo_messaging/_drivers/amqpdriver.py:343
2025-07-10 00:38:16.108 122899 DEBUG oslo_messaging._drivers.amqpdriver [-] AMQPListener connection consume poll /usr/lib/python3/dist-packages/oslo_messaging/_drivers/amqpdriver.py:357
2025-07-10 00:38:16.109 122905 DEBUG oslo_messaging._drivers.amqpdriver [-] AMQPListener connection timeout poll /usr/lib/python3/dist-packages/oslo_messaging/_drivers/amqpdriver.py:360
2025-07-10 00:38:16.109 122905 DEBUG oslo_messaging._drivers.amqpdriver [-] Listener is running poll /usr/lib/python3/dist-packages/oslo_messaging/_drivers/amqpdriver.py:343
2025-07-10 00:38:16.109 122905 DEBUG oslo_messaging._drivers.amqpdriver [-] AMQPListener connection consume poll /usr/lib/python3/dist-packages/oslo_messaging/_drivers/amqpdriver.py:357
2025-07-10 00:38:16.105 122898 DEBUG nova.service [req-a5a141bb-0d83-4e06-859f-2d08e4f07041 - - - - -] Join ServiceGroup membership for this service scheduler start /usr/lib/python3/dist-packages/nova/service.py:199
2025-07-10 00:38:16.111 122898 DEBUG nova.servicegroup.drivers.db [req-a5a141bb-0d83-4e06-859f-2d08e4f07041 - - - - -] DB_Driver: join new ServiceGroup member juju-f91a76-0-lxd-7 to the scheduler group, service = join /usr/lib/python3/dist-packages/nova/servicegroup/drivers/db.py:44
2025-07-10 00:38:16.112 122899 DEBUG nova.service [req-d53d80ad-95a4-48b5-88a0-a1a51d755311 - - - - -] Join ServiceGroup membership for this service scheduler start /usr/lib/python3/dist-packages/nova/service.py:199
2025-07-10 00:38:16.116 122899 DEBUG nova.servicegroup.drivers.db [req-d53d80ad-95a4-48b5-88a0-a1a51d755311 - - - - -] DB_Driver: join new ServiceGroup member juju-f91a76-0-lxd-7 to the scheduler group, service = join /usr/lib/python3/dist-packages/nova/servicegroup/drivers/db.py:44
2025-07-10 00:38:16.118 122899 DEBUG oslo_messaging._drivers.amqpdriver [-] AMQPListener connection timeout poll /usr/lib/python3/dist-packages/oslo_messaging/_drivers/amqpdriver.py:360
2025-07-10 00:38:16.118 122899 DEBUG oslo_messaging._drivers.amqpdriver [-] Listener is running poll /usr/lib/python3/dist-packages/oslo_messaging/_drivers/amqpdriver.py:343
2025-07-10 00:38:16.118 122899 DEBUG oslo_messaging._drivers.amqpdriver [-] AMQPListener connection consume poll /usr/lib/python3/dist-packages/oslo_messaging/_drivers/amqpdriver.py:357
2025-07-10 00:38:16.118 122898 DEBUG oslo_messaging._drivers.amqpdriver [-] AMQPListener connection timeout poll /usr/lib/python3/dist-packages/oslo_messaging/_drivers/amqpdriver.py:360
2025-07-10 00:38:16.119 122898 DEBUG oslo_messaging._drivers.amqpdriver [-] Listener is running poll /usr/lib/python3/dist-packages/oslo_messaging/_drivers/amqpdriver.py:343
2025-07-10 00:38:16.117 122897 DEBUG oslo_messaging._drivers.amqpdriver [-] Listener is running poll /usr/lib/python3/dist-packages/oslo_messaging/_drivers/amqpdriver.py:343
2025-07-10 00:38:16.119 122898 DEBUG oslo_messaging._drivers.amqpdriver [-] AMQPListener connection consume poll /usr/lib/python3/dist-packages/oslo_messaging/_drivers/amqpdriver.py:357
2025-07-10 00:38:16.119 122897 DEBUG oslo_messaging._drivers.amqpdriver [-] AMQPListener connection consume poll /usr/lib/python3/dist-packages/oslo_messaging/_drivers/amqpdriver.py:357
2025-07-10 00:38:16.119 122897 DEBUG nova.service [req-ffaa5fa9-b271-4442-856a-4d5440102926 - - - - -] Join ServiceGroup membership for this service scheduler start /usr/lib/python3/dist-packages/nova/service.py:199
2025-07-10 00:38:16.120 122897 DEBUG nova.servicegroup.drivers.db [req-ffaa5fa9-b271-4442-856a-4d5440102926 - - - - -] DB_Driver: join new ServiceGroup member juju-f91a76-0-lxd-7 to the scheduler group, service = join /usr/lib/python3/dist-packages/nova/servicegroup/drivers/db.py:44
2025-07-10 00:38:16.123 122897 DEBUG oslo_messaging._drivers.amqpdriver [-] AMQPListener connection timeout poll /usr/lib/python3/dist-packages/oslo_messaging/_drivers/amqpdriver.py:360
2025-07-10 00:38:16.123 122897 DEBUG oslo_messaging._drivers.amqpdriver [-] Listener is running poll /usr/lib/python3/dist-packages/oslo_messaging/_drivers/amqpdriver.py:343
2025-07-10 00:38:16.123 122897 DEBUG oslo_messaging._drivers.amqpdriver [-] AMQPListener connection consume poll /usr/lib/python3/dist-packages/oslo_messaging/_drivers/amqpdriver.py:357
2025-07-10 00:38:17.110 122905 DEBUG oslo_messaging._drivers.amqpdriver [-] AMQPListener connection timeout poll /usr/lib/python3/dist-packages/oslo_messaging/_drivers/amqpdriver.py:360
2025-07-10 00:38:17.110 122905 DEBUG oslo_messaging._drivers.amqpdriver [-] Listener is running poll /usr/lib/python3/dist-packages/oslo_messaging/_drivers/amqpdriver.py:343
2025-07-10 00:38:17.110 122905 DEBUG oslo_messaging._drivers.amqpdriver [-] AMQPListener connection consume poll /usr/lib/python3/dist-packages/oslo_messaging/_drivers/amqpdriver.py:357
2025-07-10 00:38:17.120 122899 DEBUG oslo_messaging._drivers.amqpdriver [-] AMQPListener connection timeout poll /usr/lib/python3/dist-packages/oslo_messaging/_drivers/amqpdriver.py:360
2025-07-10 00:38:17.120 122899 DEBUG oslo_messaging._drivers.amqpdriver [-] Listener is running poll /usr/lib/python3/dist-packages/oslo_messaging/_drivers/amqpdriver.py:343
2025-07-10 00:38:17.120 122899 DEBUG oslo_messaging._drivers.amqpdriver [-] AMQPListener connection consume poll /usr/lib/python3/dist-packages/oslo_messaging/_drivers/amqpdriver.py:357
2025-07-10 00:38:17.120 122898 DEBUG oslo_messaging._drivers.amqpdriver [-] AMQPListener connection timeout poll /usr/lib/python3/dist-packages/oslo_messaging/_drivers/amqpdriver.py:360
2025-07-10 00:38:17.120 122898 DEBUG oslo_messaging._drivers.amqpdriver [-] Listener is running poll /usr/lib/python3/dist-packages/oslo_messaging/_drivers/amqpdriver.py:343
2025-07-10 00:38:17.121 122898 DEBUG oslo_messaging._drivers.amqpdriver [-] AMQPListener connection consume poll /usr/lib/python3/dist-packages/oslo_messaging/_drivers/amqpdriver.py:357
2025-07-10 00:38:17.125 122897 DEBUG oslo_messaging._drivers.amqpdriver [-] AMQPListener connection timeout poll /usr/lib/python3/dist-packages/oslo_messaging/_drivers/amqpdriver.py:360
2025-07-10 00:38:17.125 122897 DEBUG oslo_messaging._drivers.amqpdriver [-] Listener is running poll /usr/lib/python3/dist-packages/oslo_messaging/_drivers/amqpdriver.py:343
2025-07-10 00:38:17.125 122897 DEBUG oslo_messaging._drivers.amqpdriver [-] AMQPListener connection consume poll /usr/lib/python3/dist-packages/oslo_messaging/_drivers/amqpdriver.py:357
2025-07-10 00:38:19.113 122905 DEBUG oslo_messaging._drivers.amqpdriver [-] AMQPListener connection timeout poll /usr/lib/python3/dist-packages/oslo_messaging/_drivers/amqpdriver.py:360
2025-07-10 00:38:19.113 122905 DEBUG oslo_messaging._drivers.amqpdriver [-] Listener is running poll /usr/lib/python3/dist-packages/oslo_messaging/_drivers/amqpdriver.py:343
2025-07-10 00:38:19.113 122905 DEBUG oslo_messaging._drivers.amqpdriver [-] AMQPListener connection consume poll /usr/lib/python3/dist-packages/oslo_messaging/_drivers/amqpdriver.py:357
2025-07-10 00:38:19.122 122899 DEBUG oslo_messaging._drivers.amqpdriver [-] AMQPListener connection timeout poll /usr/lib/python3/dist-packages/oslo_messaging/_drivers/amqpdriver.py:360
2025-07-10 00:38:19.123 122899 DEBUG oslo_messaging._drivers.amqpdriver [-] Listener is running poll /usr/lib/python3/dist-packages/oslo_messaging/_drivers/amqpdriver.py:343
2025-07-10 00:38:19.123 122899 DEBUG oslo_messaging._drivers.amqpdriver [-] AMQPListener connection consume poll /usr/lib/python3/dist-packages/oslo_messaging/_drivers/amqpdriver.py:357
2025-07-10 00:38:19.123 122898 DEBUG oslo_messaging._drivers.amqpdriver [-] AMQPListener connection timeout poll /usr/lib/python3/dist-packages/oslo_messaging/_drivers/amqpdriver.py:360
2025-07-10 00:38:19.123 122898 DEBUG oslo_messaging._drivers.amqpdriver [-] Listener is running poll /usr/lib/python3/dist-packages/oslo_messaging/_drivers/amqpdriver.py:343
2025-07-10 00:38:19.123 122898 DEBUG oslo_messaging._drivers.amqpdriver [-] AMQPListener connection consume poll /usr/lib/python3/dist-packages/oslo_messaging/_drivers/amqpdriver.py:357
2025-07-10 00:38:19.127 122897 DEBUG oslo_messaging._drivers.amqpdriver [-] AMQPListener connection timeout poll /usr/lib/python3/dist-packages/oslo_messaging/_drivers/amqpdriver.py:360
2025-07-10 00:38:19.127 122897 DEBUG oslo_messaging._drivers.amqpdriver [-] Listener is running poll /usr/lib/python3/dist-packages/oslo_messaging/_drivers/amqpdriver.py:343
2025-07-10 00:38:19.127 122897 DEBUG oslo_messaging._drivers.amqpdriver [-] AMQPListener connection consume poll /usr/lib/python3/dist-packages/oslo_messaging/_drivers/amqpdriver.py:357
2025-07-10 00:38:21.110 122905 DEBUG oslo_service.periodic_task [req-512ff40e-5c09-4c69-93ba-b29f848047a6 - - - - -] Running periodic task SchedulerManager._discover_hosts_in_cells run_periodic_tasks /usr/lib/python3/dist-packages/oslo_service/periodic_task.py:210
2025-07-10 00:38:21.111 122905 DEBUG oslo_db.sqlalchemy.engines [req-512ff40e-5c09-4c69-93ba-b29f848047a6 - - - - -] Parent process 121319 forked (122905) with an open database connection, which is being discarded and recreated. checkout /usr/lib/python3/dist-packages/oslo_db/sqlalchemy/engines.py:413
2025-07-10 00:38:21.125 122905 DEBUG oslo_concurrency.lockutils [req-512ff40e-5c09-4c69-93ba-b29f848047a6 - - - - -] Lock "36600999-5c2d-4bbe-ba35-1b6b0e445648" acquired by "nova.context.set_target_cell..get_or_set_cached_cell_and_set_connections" :: waited 0.000s inner /usr/lib/python3/dist-packages/oslo_concurrency/lockutils.py:386
2025-07-10 00:38:21.127 122905 DEBUG oslo_concurrency.lockutils [req-512ff40e-5c09-4c69-93ba-b29f848047a6 - - - - -] Lock "36600999-5c2d-4bbe-ba35-1b6b0e445648" "released" by "nova.context.set_target_cell..get_or_set_cached_cell_and_set_connections" :: held 0.002s inner /usr/lib/python3/dist-packages/oslo_concurrency/lockutils.py:400
2025-07-10 00:38:21.135 122905 DEBUG oslo_db.sqlalchemy.engines [req-512ff40e-5c09-4c69-93ba-b29f848047a6 - - - - -] MySQL server mode set to STRICT_TRANS_TABLES,STRICT_ALL_TABLES,NO_ZERO_IN_DATE,NO_ZERO_DATE,ERROR_FOR_DIVISION_BY_ZERO,TRADITIONAL,NO_ENGINE_SUBSTITUTION _check_effective_sql_mode /usr/lib/python3/dist-packages/oslo_db/sqlalchemy/engines.py:314
2025-07-10 00:38:23.115 122905 DEBUG oslo_messaging._drivers.amqpdriver [-] AMQPListener connection timeout poll /usr/lib/python3/dist-packages/oslo_messaging/_drivers/amqpdriver.py:360
2025-07-10 00:38:23.116 122905 DEBUG oslo_messaging._drivers.amqpdriver [-] Listener is running poll /usr/lib/python3/dist-packages/oslo_messaging/_drivers/amqpdriver.py:343
2025-07-10 00:38:23.116 122905 DEBUG oslo_messaging._drivers.amqpdriver [-] AMQPListener connection consume poll /usr/lib/python3/dist-packages/oslo_messaging/_drivers/amqpdriver.py:357
2025-07-10 00:38:23.124 122899 DEBUG oslo_messaging._drivers.amqpdriver [-] AMQPListener connection timeout poll /usr/lib/python3/dist-packages/oslo_messaging/_drivers/amqpdriver.py:360
2025-07-10 00:38:23.125 122899 DEBUG oslo_messaging._drivers.amqpdriver [-] Listener is running poll /usr/lib/python3/dist-packages/oslo_messaging/_drivers/amqpdriver.py:343
2025-07-10 00:38:23.126 122899 DEBUG oslo_messaging._drivers.amqpdriver [-] AMQPListener connection consume poll /usr/lib/python3/dist-packages/oslo_messaging/_drivers/amqpdriver.py:357
2025-07-10 00:38:23.126 122898 DEBUG oslo_messaging._drivers.amqpdriver [-] AMQPListener connection timeout poll /usr/lib/python3/dist-packages/oslo_messaging/_drivers/amqpdriver.py:360
2025-07-10 00:38:23.127 122898 DEBUG oslo_messaging._drivers.amqpdriver [-] Listener is running poll /usr/lib/python3/dist-packages/oslo_messaging/_drivers/amqpdriver.py:343
2025-07-10 00:38:23.127 122898 DEBUG oslo_messaging._drivers.amqpdriver [-] AMQPListener connection consume poll /usr/lib/python3/dist-packages/oslo_messaging/_drivers/amqpdriver.py:357
2025-07-10 00:38:23.128 122897 DEBUG oslo_messaging._drivers.amqpdriver [-] AMQPListener connection timeout poll /usr/lib/python3/dist-packages/oslo_messaging/_drivers/amqpdriver.py:360
2025-07-10 00:38:23.130 122897 DEBUG oslo_messaging._drivers.amqpdriver [-] Listener is running poll /usr/lib/python3/dist-packages/oslo_messaging/_drivers/amqpdriver.py:343
2025-07-10 00:38:23.130 122897 DEBUG oslo_messaging._drivers.amqpdriver [-] AMQPListener connection consume poll /usr/lib/python3/dist-packages/oslo_messaging/_drivers/amqpdriver.py:357
2025-07-10 00:38:24.122 122897 DEBUG oslo_service.periodic_task [req-e6f4e89b-cbb6-4111-9351-495324d34122 - - - - -] Running periodic task SchedulerManager._discover_hosts_in_cells run_periodic_tasks /usr/lib/python3/dist-packages/oslo_service/periodic_task.py:210
2025-07-10 00:38:24.123 122897 DEBUG oslo_db.sqlalchemy.engines [req-e6f4e89b-cbb6-4111-9351-495324d34122 - - - - -] Parent process 121319 forked (122897) with an open database connection, which is being discarded and recreated. checkout /usr/lib/python3/dist-packages/oslo_db/sqlalchemy/engines.py:413
2025-07-10 00:38:24.129 122897 DEBUG oslo_concurrency.lockutils [req-e6f4e89b-cbb6-4111-9351-495324d34122 - - - - -] Lock "36600999-5c2d-4bbe-ba35-1b6b0e445648" acquired by "nova.context.set_target_cell..get_or_set_cached_cell_and_set_connections" :: waited 0.000s inner /usr/lib/python3/dist-packages/oslo_concurrency/lockutils.py:386
2025-07-10 00:38:24.131 122897 DEBUG oslo_concurrency.lockutils [req-e6f4e89b-cbb6-4111-9351-495324d34122 - - - - -] Lock "36600999-5c2d-4bbe-ba35-1b6b0e445648" "released" by "nova.context.set_target_cell..get_or_set_cached_cell_and_set_connections" :: held 0.002s inner /usr/lib/python3/dist-packages/oslo_concurrency/lockutils.py:400
2025-07-10 00:38:24.138 122897 DEBUG oslo_db.sqlalchemy.engines [req-e6f4e89b-cbb6-4111-9351-495324d34122 - - - - -] MySQL server mode set to STRICT_TRANS_TABLES,STRICT_ALL_TABLES,NO_ZERO_IN_DATE,NO_ZERO_DATE,ERROR_FOR_DIVISION_BY_ZERO,TRADITIONAL,NO_ENGINE_SUBSTITUTION _check_effective_sql_mode /usr/lib/python3/dist-packages/oslo_db/sqlalchemy/engines.py:314
2025-07-10 00:38:31.119 122905 DEBUG oslo_messaging._drivers.amqpdriver [-] AMQPListener connection timeout poll /usr/lib/python3/dist-packages/oslo_messaging/_drivers/amqpdriver.py:360
2025-07-10 00:38:31.120 122905 DEBUG oslo_messaging._drivers.amqpdriver [-] Listener is running poll /usr/lib/python3/dist-packages/oslo_messaging/_drivers/amqpdriver.py:343
2025-07-10 00:38:31.120 122905 DEBUG oslo_messaging._drivers.amqpdriver [-] AMQPListener connection consume poll /usr/lib/python3/dist-packages/oslo_messaging/_drivers/amqpdriver.py:357
2025-07-10 00:38:31.128 122898 DEBUG oslo_messaging._drivers.amqpdriver [-] AMQPListener connection timeout poll /usr/lib/python3/dist-packages/oslo_messaging/_drivers/amqpdriver.py:360
2025-07-10 00:38:31.129 122898 DEBUG oslo_messaging._drivers.amqpdriver [-] Listener is running poll /usr/lib/python3/dist-packages/oslo_messaging/_drivers/amqpdriver.py:343
2025-07-10 00:38:31.129 122898 DEBUG oslo_messaging._drivers.amqpdriver [-] AMQPListener connection consume poll /usr/lib/python3/dist-packages/oslo_messaging/_drivers/amqpdriver.py:357
2025-07-10 00:38:31.129 122899 DEBUG oslo_messaging._drivers.amqpdriver [-] AMQPListener connection timeout poll /usr/lib/python3/dist-packages/oslo_messaging/_drivers/amqpdriver.py:360
2025-07-10 00:38:31.130 122897 DEBUG oslo_messaging._drivers.amqpdriver [-] AMQPListener connection timeout poll /usr/lib/python3/dist-packages/oslo_messaging/_drivers/amqpdriver.py:360
2025-07-10 00:38:31.130 122899 DEBUG oslo_messaging._drivers.amqpdriver [-] Listener is running poll /usr/lib/python3/dist-packages/oslo_messaging/_drivers/amqpdriver.py:343
2025-07-10 00:38:31.131 122897 DEBUG oslo_messaging._drivers.amqpdriver [-] Listener is running poll /usr/lib/python3/dist-packages/oslo_messaging/_drivers/amqpdriver.py:343
2025-07-10 00:38:31.131 122899 DEBUG oslo_messaging._drivers.amqpdriver [-] AMQPListener connection consume poll /usr/lib/python3/dist-packages/oslo_messaging/_drivers/amqpdriver.py:357
2025-07-10 00:38:31.131 122897 DEBUG oslo_messaging._drivers.amqpdriver [-] AMQPListener connection consume poll /usr/lib/python3/dist-packages/oslo_messaging/_drivers/amqpdriver.py:357
2025-07-10 00:38:40.126 122898 DEBUG oslo_service.periodic_task [req-fb6dd866-4873-46db-9971-99277a256854 - - - - -] Running periodic task SchedulerManager._discover_hosts_in_cells run_periodic_tasks /usr/lib/python3/dist-packages/oslo_service/periodic_task.py:210
2025-07-10 00:38:40.128 122898 DEBUG oslo_db.sqlalchemy.engines [req-fb6dd866-4873-46db-9971-99277a256854 - - - - -] Parent process 121319 forked (122898) with an open database connection, which is being discarded and recreated. checkout /usr/lib/python3/dist-packages/oslo_db/sqlalchemy/engines.py:413
2025-07-10 00:38:40.134 122898 DEBUG oslo_concurrency.lockutils [req-fb6dd866-4873-46db-9971-99277a256854 - - - - -] Lock "36600999-5c2d-4bbe-ba35-1b6b0e445648" acquired by "nova.context.set_target_cell..get_or_set_cached_cell_and_set_connections" :: waited 0.000s inner /usr/lib/python3/dist-packages/oslo_concurrency/lockutils.py:386
2025-07-10 00:38:40.136 122898 DEBUG oslo_concurrency.lockutils [req-fb6dd866-4873-46db-9971-99277a256854 - - - - -] Lock "36600999-5c2d-4bbe-ba35-1b6b0e445648" "released" by "nova.context.set_target_cell..get_or_set_cached_cell_and_set_connections" :: held 0.002s inner /usr/lib/python3/dist-packages/oslo_concurrency/lockutils.py:400
2025-07-10 00:38:40.142 122898 DEBUG oslo_db.sqlalchemy.engines [req-fb6dd866-4873-46db-9971-99277a256854 - - - - -] MySQL server mode set to STRICT_TRANS_TABLES,STRICT_ALL_TABLES,NO_ZERO_IN_DATE,NO_ZERO_DATE,ERROR_FOR_DIVISION_BY_ZERO,TRADITIONAL,NO_ENGINE_SUBSTITUTION _check_effective_sql_mode /usr/lib/python3/dist-packages/oslo_db/sqlalchemy/engines.py:314
2025-07-10 00:38:41.128 122899 DEBUG oslo_service.periodic_task [req-353b5287-cb14-4037-8382-712c98c917a1 - - - - -] Running periodic task SchedulerManager._discover_hosts_in_cells run_periodic_tasks /usr/lib/python3/dist-packages/oslo_service/periodic_task.py:210
2025-07-10 00:38:41.130 122899 DEBUG oslo_db.sqlalchemy.engines [req-353b5287-cb14-4037-8382-712c98c917a1 - - - - -] Parent process 121319 forked (122899) with an open database connection, which is being discarded and recreated. checkout /usr/lib/python3/dist-packages/oslo_db/sqlalchemy/engines.py:413
2025-07-10 00:38:41.140 122899 DEBUG oslo_concurrency.lockutils [req-353b5287-cb14-4037-8382-712c98c917a1 - - - - -] Lock "36600999-5c2d-4bbe-ba35-1b6b0e445648" acquired by "nova.context.set_target_cell..get_or_set_cached_cell_and_set_connections" :: waited 0.000s inner /usr/lib/python3/dist-packages/oslo_concurrency/lockutils.py:386
2025-07-10 00:38:41.141 122899 DEBUG oslo_concurrency.lockutils [req-353b5287-cb14-4037-8382-712c98c917a1 - - - - -] Lock "36600999-5c2d-4bbe-ba35-1b6b0e445648" "released" by "nova.context.set_target_cell..get_or_set_cached_cell_and_set_connections" :: held 0.002s inner /usr/lib/python3/dist-packages/oslo_concurrency/lockutils.py:400
2025-07-10 00:38:41.149 122899 DEBUG oslo_db.sqlalchemy.engines [req-353b5287-cb14-4037-8382-712c98c917a1 - - - - -] MySQL server mode set to STRICT_TRANS_TABLES,STRICT_ALL_TABLES,NO_ZERO_IN_DATE,NO_ZERO_DATE,ERROR_FOR_DIVISION_BY_ZERO,TRADITIONAL,NO_ENGINE_SUBSTITUTION _check_effective_sql_mode /usr/lib/python3/dist-packages/oslo_db/sqlalchemy/engines.py:314
2025-07-10 00:38:51.147 122905 DEBUG oslo_service.periodic_task [req-512ff40e-5c09-4c69-93ba-b29f848047a6 - - - - -] Running periodic task SchedulerManager._discover_hosts_in_cells run_periodic_tasks /usr/lib/python3/dist-packages/oslo_service/periodic_task.py:210
2025-07-10 00:38:51.151 122905 DEBUG oslo_concurrency.lockutils [req-c4bab910-23af-46d0-a5c1-db9d69c6266f - - - - -] Lock "36600999-5c2d-4bbe-ba35-1b6b0e445648" acquired by "nova.context.set_target_cell..get_or_set_cached_cell_and_set_connections" :: waited 0.000s inner /usr/lib/python3/dist-packages/oslo_concurrency/lockutils.py:386
2025-07-10 00:38:51.151 122905 DEBUG oslo_concurrency.lockutils [req-c4bab910-23af-46d0-a5c1-db9d69c6266f - - - - -] Lock "36600999-5c2d-4bbe-ba35-1b6b0e445648" "released" by "nova.context.set_target_cell..get_or_set_cached_cell_and_set_connections" :: held 0.000s inner /usr/lib/python3/dist-packages/oslo_concurrency/lockutils.py:400
2025-07-10 00:38:54.153 122897 DEBUG oslo_service.periodic_task [req-e6f4e89b-cbb6-4111-9351-495324d34122 - - - - -] Running periodic task SchedulerManager._discover_hosts_in_cells run_periodic_tasks /usr/lib/python3/dist-packages/oslo_service/periodic_task.py:210
2025-07-10 00:38:54.158 122897 DEBUG oslo_concurrency.lockutils [req-7dfc446d-7f8d-4825-8426-6c8393887094 - - - - -] Lock "36600999-5c2d-4bbe-ba35-1b6b0e445648" acquired by "nova.context.set_target_cell..get_or_set_cached_cell_and_set_connections" :: waited 0.000s inner /usr/lib/python3/dist-packages/oslo_concurrency/lockutils.py:386
2025-07-10 00:38:54.158 122897 DEBUG oslo_concurrency.lockutils [req-7dfc446d-7f8d-4825-8426-6c8393887094 - - - - -] Lock "36600999-5c2d-4bbe-ba35-1b6b0e445648" "released" by "nova.context.set_target_cell..get_or_set_cached_cell_and_set_connections" :: held 0.000s inner /usr/lib/python3/dist-packages/oslo_concurrency/lockutils.py:400
2025-07-10 00:39:01.086 122898 DEBUG oslo_messaging._drivers.amqpdriver [-] AMQPListener connection timeout poll /usr/lib/python3/dist-packages/oslo_messaging/_drivers/amqpdriver.py:360
2025-07-10 00:39:01.087 122898 DEBUG oslo_messaging._drivers.amqpdriver [-] Listener is running poll /usr/lib/python3/dist-packages/oslo_messaging/_drivers/amqpdriver.py:343
2025-07-10 00:39:01.087 122898 DEBUG oslo_messaging._drivers.amqpdriver [-] AMQPListener connection consume poll /usr/lib/python3/dist-packages/oslo_messaging/_drivers/amqpdriver.py:357
2025-07-10 00:39:01.089 122905 DEBUG oslo_messaging._drivers.amqpdriver [-] AMQPListener connection timeout poll /usr/lib/python3/dist-packages/oslo_messaging/_drivers/amqpdriver.py:360
2025-07-10 00:39:01.089 122905 DEBUG oslo_messaging._drivers.amqpdriver [-] Listener is running poll /usr/lib/python3/dist-packages/oslo_messaging/_drivers/amqpdriver.py:343
2025-07-10 00:39:01.089 122905 DEBUG oslo_messaging._drivers.amqpdriver [-] AMQPListener connection consume poll /usr/lib/python3/dist-packages/oslo_messaging/_drivers/amqpdriver.py:357
2025-07-10 00:39:01.099 122899 DEBUG oslo_messaging._drivers.amqpdriver [-] AMQPListener connection timeout poll /usr/lib/python3/dist-packages/oslo_messaging/_drivers/amqpdriver.py:360
2025-07-10 00:39:01.099 122899 DEBUG oslo_messaging._drivers.amqpdriver [-] Listener is running poll /usr/lib/python3/dist-packages/oslo_messaging/_drivers/amqpdriver.py:343
2025-07-10 00:39:01.100 122899 DEBUG oslo_messaging._drivers.amqpdriver [-] AMQPListener connection consume poll /usr/lib/python3/dist-packages/oslo_messaging/_drivers/amqpdriver.py:357
2025-07-10 00:39:01.100 122897 DEBUG oslo_messaging._drivers.amqpdriver [-] AMQPListener connection timeout poll /usr/lib/python3/dist-packages/oslo_messaging/_drivers/amqpdriver.py:360
2025-07-10 00:39:01.100 122897 DEBUG oslo_messaging._drivers.amqpdriver [-] Listener is running poll /usr/lib/python3/dist-packages/oslo_messaging/_drivers/amqpdriver.py:343
2025-07-10 00:39:01.101 122897 DEBUG oslo_messaging._drivers.amqpdriver [-] AMQPListener connection consume poll /usr/lib/python3/dist-packages/oslo_messaging/_drivers/amqpdriver.py:357
2025-07-10 00:39:10.162 122898 DEBUG oslo_service.periodic_task [req-fb6dd866-4873-46db-9971-99277a256854 - - - - -] Running periodic task SchedulerManager._discover_hosts_in_cells run_periodic_tasks /usr/lib/python3/dist-packages/oslo_service/periodic_task.py:210
2025-07-10 00:39:10.167 122898 DEBUG oslo_concurrency.lockutils [req-6d993c3c-76e1-40a2-a053-ea6c654d0039 - - - - -] Lock "36600999-5c2d-4bbe-ba35-1b6b0e445648" acquired by "nova.context.set_target_cell..get_or_set_cached_cell_and_set_connections" :: waited 0.000s inner /usr/lib/python3/dist-packages/oslo_concurrency/lockutils.py:386
2025-07-10 00:39:10.167 122898 DEBUG oslo_concurrency.lockutils [req-6d993c3c-76e1-40a2-a053-ea6c654d0039 - - - - -] Lock "36600999-5c2d-4bbe-ba35-1b6b0e445648" "released" by "nova.context.set_target_cell..get_or_set_cached_cell_and_set_connections" :: held 0.000s inner /usr/lib/python3/dist-packages/oslo_concurrency/lockutils.py:400
2025-07-10 00:39:11.161 122899 DEBUG oslo_service.periodic_task [req-353b5287-cb14-4037-8382-712c98c917a1 - - - - -] Running periodic task SchedulerManager._discover_hosts_in_cells run_periodic_tasks /usr/lib/python3/dist-packages/oslo_service/periodic_task.py:210
2025-07-10 00:39:11.166 122899 DEBUG oslo_concurrency.lockutils [req-ea3a684b-e9d3-4737-b96f-76bae3bae676 - - - - -] Lock "36600999-5c2d-4bbe-ba35-1b6b0e445648" acquired by "nova.context.set_target_cell..get_or_set_cached_cell_and_set_connections" :: waited 0.000s inner /usr/lib/python3/dist-packages/oslo_concurrency/lockutils.py:386
2025-07-10 00:39:11.166 122899 DEBUG oslo_concurrency.lockutils [req-ea3a684b-e9d3-4737-b96f-76bae3bae676 - - - - -] Lock "36600999-5c2d-4bbe-ba35-1b6b0e445648" "released" by "nova.context.set_target_cell..get_or_set_cached_cell_and_set_connections" :: held 0.000s inner /usr/lib/python3/dist-packages/oslo_concurrency/lockutils.py:400
2025-07-10 00:39:21.156 122905 DEBUG oslo_service.periodic_task [req-c4bab910-23af-46d0-a5c1-db9d69c6266f - - - - -] Running periodic task SchedulerManager._discover_hosts_in_cells run_periodic_tasks /usr/lib/python3/dist-packages/oslo_service/periodic_task.py:210
2025-07-10 00:39:21.160 122905 DEBUG oslo_concurrency.lockutils [req-b932e68c-5b47-4750-ab98-327d2283632d - - - - -] Lock "36600999-5c2d-4bbe-ba35-1b6b0e445648" acquired by "nova.context.set_target_cell..get_or_set_cached_cell_and_set_connections" :: waited 0.000s inner /usr/lib/python3/dist-packages/oslo_concurrency/lockutils.py:386
2025-07-10 00:39:21.160 122905 DEBUG oslo_concurrency.lockutils [req-b932e68c-5b47-4750-ab98-327d2283632d - - - - -] Lock "36600999-5c2d-4bbe-ba35-1b6b0e445648" "released" by "nova.context.set_target_cell..get_or_set_cached_cell_and_set_connections" :: held 0.000s inner /usr/lib/python3/dist-packages/oslo_concurrency/lockutils.py:400
2025-07-10 00:39:24.165 122897 DEBUG oslo_service.periodic_task [req-7dfc446d-7f8d-4825-8426-6c8393887094 - - - - -] Running periodic task SchedulerManager._discover_hosts_in_cells run_periodic_tasks /usr/lib/python3/dist-packages/oslo_service/periodic_task.py:210
2025-07-10 00:39:24.170 122897 DEBUG oslo_concurrency.lockutils [req-58bf0ed8-ee17-4296-a57d-784b3c6eec8d - - - - -] Lock "36600999-5c2d-4bbe-ba35-1b6b0e445648" acquired by "nova.context.set_target_cell..get_or_set_cached_cell_and_set_connections" :: waited 0.000s inner /usr/lib/python3/dist-packages/oslo_concurrency/lockutils.py:386
2025-07-10 00:39:24.171 122897 DEBUG oslo_concurrency.lockutils [req-58bf0ed8-ee17-4296-a57d-784b3c6eec8d - - - - -] Lock "36600999-5c2d-4bbe-ba35-1b6b0e445648" "released" by "nova.context.set_target_cell..get_or_set_cached_cell_and_set_connections" :: held 0.000s inner /usr/lib/python3/dist-packages/oslo_concurrency/lockutils.py:400
2025-07-10 00:39:25.958 121319 INFO oslo_service.service [req-443fef43-d5a2-4159-b2a8-6732327c400b - - - - -] Caught SIGTERM, stopping children
2025-07-10 00:39:25.959 121319 DEBUG oslo_concurrency.lockutils [req-443fef43-d5a2-4159-b2a8-6732327c400b - - - - -] Acquired lock "singleton_lock" lock /usr/lib/python3/dist-packages/oslo_concurrency/lockutils.py:294
2025-07-10 00:39:25.959 121319 DEBUG oslo_concurrency.lockutils [req-443fef43-d5a2-4159-b2a8-6732327c400b - - - - -] Releasing lock "singleton_lock" lock /usr/lib/python3/dist-packages/oslo_concurrency/lockutils.py:312
2025-07-10 00:39:25.960 121319 DEBUG oslo_service.service [req-443fef43-d5a2-4159-b2a8-6732327c400b - - - - -] Stop services. stop /usr/lib/python3/dist-packages/oslo_service/service.py:695
2025-07-10 00:39:25.960 121319 DEBUG oslo_service.service [req-443fef43-d5a2-4159-b2a8-6732327c400b - - - - -] Killing children. stop /usr/lib/python3/dist-packages/oslo_service/service.py:700
2025-07-10 00:39:25.960 121319 INFO oslo_service.service [req-443fef43-d5a2-4159-b2a8-6732327c400b - - - - -] Waiting on 4 children to exit
2025-07-10 00:39:25.968 121319 INFO oslo_service.service [req-443fef43-d5a2-4159-b2a8-6732327c400b - - - - -] Child 122905 killed by signal 15
2025-07-10 00:39:25.970 121319 INFO oslo_service.service [req-443fef43-d5a2-4159-b2a8-6732327c400b - - - - -] Child 122897 killed by signal 15
2025-07-10 00:39:25.970 121319 INFO oslo_service.service [req-443fef43-d5a2-4159-b2a8-6732327c400b - - - - -] Child 122898 killed by signal 15
2025-07-10 00:39:25.970 121319 INFO oslo_service.service [req-443fef43-d5a2-4159-b2a8-6732327c400b - - - - -] Child 122899 killed by signal 15
2025-07-10 00:39:28.285 127213 DEBUG oslo_db.sqlalchemy.engines [req-28fc3f52-bdbd-4c94-892c-d7333f7898bc - - - - -] MySQL server mode set to STRICT_TRANS_TABLES,STRICT_ALL_TABLES,NO_ZERO_IN_DATE,NO_ZERO_DATE,ERROR_FOR_DIVISION_BY_ZERO,TRADITIONAL,NO_ENGINE_SUBSTITUTION _check_effective_sql_mode /usr/lib/python3/dist-packages/oslo_db/sqlalchemy/engines.py:314
2025-07-10 00:39:28.318 127213 DEBUG nova.scheduler.host_manager [req-28fc3f52-bdbd-4c94-892c-d7333f7898bc - - - - -] Found 1 cells: 36600999-5c2d-4bbe-ba35-1b6b0e445648 refresh_cells_caches /usr/lib/python3/dist-packages/nova/scheduler/host_manager.py:730
2025-07-10 00:39:28.318 127213 DEBUG nova.scheduler.host_manager [req-28fc3f52-bdbd-4c94-892c-d7333f7898bc - - - - -] Found 0 disabled cells: refresh_cells_caches /usr/lib/python3/dist-packages/nova/scheduler/host_manager.py:742
2025-07-10 00:39:28.323 127213 WARNING nova.scheduler.filters.availability_zone_filter [req-28fc3f52-bdbd-4c94-892c-d7333f7898bc - - - - -] The 'AvailabilityZoneFilter' is deprecated since the 24.0.0 (Xena) release. Since the 18.0.0 (Rocky) release, nova has supported mapping AZs to placement aggregates. The feature is enabled by the 'query_placement_for_availability_zone' config option and is now enabled by default. As such, the 'AvailabilityZoneFilter' is no longer required. Nova is currently configured to use both placement and the AvailabilityZoneFilter for AZ enforcement.
2025-07-10 00:39:28.425 127213 DEBUG nova.scheduler.host_manager [req-28fc3f52-bdbd-4c94-892c-d7333f7898bc - - - - -] START:_async_init_instance_info _async_init_instance_info /usr/lib/python3/dist-packages/nova/scheduler/host_manager.py:411
2025-07-10 00:39:28.427 127213 DEBUG oslo_concurrency.lockutils [req-c603c104-c013-45d9-a1a2-2dfb48809544 - - - - -] Lock "36600999-5c2d-4bbe-ba35-1b6b0e445648" acquired by "nova.context.set_target_cell..get_or_set_cached_cell_and_set_connections" :: waited 0.000s inner /usr/lib/python3/dist-packages/oslo_concurrency/lockutils.py:386
2025-07-10 00:39:28.429 127213 DEBUG oslo_concurrency.lockutils [req-c603c104-c013-45d9-a1a2-2dfb48809544 - - - - -] Lock "36600999-5c2d-4bbe-ba35-1b6b0e445648" "released" by "nova.context.set_target_cell..get_or_set_cached_cell_and_set_connections" :: held 0.002s inner /usr/lib/python3/dist-packages/oslo_concurrency/lockutils.py:400
2025-07-10 00:39:28.435 127213 DEBUG oslo_db.sqlalchemy.engines [req-c603c104-c013-45d9-a1a2-2dfb48809544 - - - - -] MySQL server mode set to STRICT_TRANS_TABLES,STRICT_ALL_TABLES,NO_ZERO_IN_DATE,NO_ZERO_DATE,ERROR_FOR_DIVISION_BY_ZERO,TRADITIONAL,NO_ENGINE_SUBSTITUTION _check_effective_sql_mode /usr/lib/python3/dist-packages/oslo_db/sqlalchemy/engines.py:314
2025-07-10 00:39:28.449 127213 DEBUG nova.scheduler.host_manager [req-c603c104-c013-45d9-a1a2-2dfb48809544 - - - - -] Total number of compute nodes: 0 _async_init_instance_info /usr/lib/python3/dist-packages/nova/scheduler/host_manager.py:424
2025-07-10 00:39:28.449 127213 DEBUG oslo_concurrency.lockutils [req-c603c104-c013-45d9-a1a2-2dfb48809544 - - - - -] Lock "36600999-5c2d-4bbe-ba35-1b6b0e445648" acquired by "nova.context.set_target_cell..get_or_set_cached_cell_and_set_connections" :: waited 0.000s inner /usr/lib/python3/dist-packages/oslo_concurrency/lockutils.py:386
2025-07-10 00:39:28.450 127213 DEBUG oslo_concurrency.lockutils [req-c603c104-c013-45d9-a1a2-2dfb48809544 - - - - -] Lock "36600999-5c2d-4bbe-ba35-1b6b0e445648" "released" by "nova.context.set_target_cell..get_or_set_cached_cell_and_set_connections" :: held 0.000s inner /usr/lib/python3/dist-packages/oslo_concurrency/lockutils.py:400
2025-07-10 00:39:28.510 127213 DEBUG nova.scheduler.host_manager [req-c603c104-c013-45d9-a1a2-2dfb48809544 - - - - -] Adding 0 instances for hosts 10-20 _async_init_instance_info /usr/lib/python3/dist-packages/nova/scheduler/host_manager.py:443
2025-07-10 00:39:28.513 127213 DEBUG nova.scheduler.host_manager [req-c603c104-c013-45d9-a1a2-2dfb48809544 - - - - -] END:_async_init_instance_info _async_init_instance_info /usr/lib/python3/dist-packages/nova/scheduler/host_manager.py:454
2025-07-10 00:39:30.248 127213 DEBUG nova.context [req-28fc3f52-bdbd-4c94-892c-d7333f7898bc - - - - -] Found 2 cells: 00000000-0000-0000-0000-000000000000(cell0),36600999-5c2d-4bbe-ba35-1b6b0e445648(cell1) load_cells /usr/lib/python3/dist-packages/nova/context.py:464
2025-07-10 00:39:30.249 127213 DEBUG oslo_concurrency.lockutils [req-1fa6e81b-ebf2-4f3c-89a1-7247304a173d - - - - -] Lock "00000000-0000-0000-0000-000000000000" acquired by "nova.context.set_target_cell..get_or_set_cached_cell_and_set_connections" :: waited 0.000s inner /usr/lib/python3/dist-packages/oslo_concurrency/lockutils.py:386
2025-07-10 00:39:30.251 127213 DEBUG oslo_concurrency.lockutils [req-1fa6e81b-ebf2-4f3c-89a1-7247304a173d - - - - -] Lock "00000000-0000-0000-0000-000000000000" "released" by "nova.context.set_target_cell..get_or_set_cached_cell_and_set_connections" :: held 0.001s inner /usr/lib/python3/dist-packages/oslo_concurrency/lockutils.py:400
2025-07-10 00:39:30.251 127213 DEBUG oslo_concurrency.lockutils [req-1fa6e81b-ebf2-4f3c-89a1-7247304a173d - - - - -] Lock "36600999-5c2d-4bbe-ba35-1b6b0e445648" acquired by "nova.context.set_target_cell..get_or_set_cached_cell_and_set_connections" :: waited 0.000s inner /usr/lib/python3/dist-packages/oslo_concurrency/lockutils.py:386
2025-07-10 00:39:30.252 127213 DEBUG oslo_concurrency.lockutils [req-1fa6e81b-ebf2-4f3c-89a1-7247304a173d - - - - -] Lock "36600999-5c2d-4bbe-ba35-1b6b0e445648" "released" by "nova.context.set_target_cell..get_or_set_cached_cell_and_set_connections" :: held 0.000s inner /usr/lib/python3/dist-packages/oslo_concurrency/lockutils.py:400
2025-07-10 00:39:30.263 127213 DEBUG oslo_db.sqlalchemy.engines [req-1fa6e81b-ebf2-4f3c-89a1-7247304a173d - - - - -] MySQL server mode set to STRICT_TRANS_TABLES,STRICT_ALL_TABLES,NO_ZERO_IN_DATE,NO_ZERO_DATE,ERROR_FOR_DIVISION_BY_ZERO,TRADITIONAL,NO_ENGINE_SUBSTITUTION _check_effective_sql_mode /usr/lib/python3/dist-packages/oslo_db/sqlalchemy/engines.py:314
2025-07-10 00:39:30.274 127213 DEBUG oslo_concurrency.lockutils [req-1fa6e81b-ebf2-4f3c-89a1-7247304a173d - - - - -] Acquired lock "singleton_lock" lock /usr/lib/python3/dist-packages/oslo_concurrency/lockutils.py:294
2025-07-10 00:39:30.274 127213 DEBUG oslo_concurrency.lockutils [req-1fa6e81b-ebf2-4f3c-89a1-7247304a173d - - - - -] Releasing lock "singleton_lock" lock /usr/lib/python3/dist-packages/oslo_concurrency/lockutils.py:312
2025-07-10 00:39:30.275 127213 INFO oslo_service.service [req-1fa6e81b-ebf2-4f3c-89a1-7247304a173d - - - - -] Starting 4 workers
2025-07-10 00:39:30.279 127213 DEBUG oslo_service.service [req-1fa6e81b-ebf2-4f3c-89a1-7247304a173d - - - - -] Started child 128032 _start_child /usr/lib/python3/dist-packages/oslo_service/service.py:575
2025-07-10 00:39:30.286 127213 DEBUG oslo_service.service [req-1fa6e81b-ebf2-4f3c-89a1-7247304a173d - - - - -] Started child 128033 _start_child /usr/lib/python3/dist-packages/oslo_service/service.py:575
2025-07-10 00:39:30.291 128033 INFO nova.service [-] Starting scheduler node (version 25.2.1)
2025-07-10 00:39:30.292 127213 DEBUG oslo_service.service [req-1fa6e81b-ebf2-4f3c-89a1-7247304a173d - - - - -] Started child 128034 _start_child /usr/lib/python3/dist-packages/oslo_service/service.py:575
2025-07-10 00:39:30.294 128032 INFO nova.service [-] Starting scheduler node (version 25.2.1)
2025-07-10 00:39:30.297 128034 INFO nova.service [-] Starting scheduler node (version 25.2.1)
2025-07-10 00:39:30.298 127213 DEBUG oslo_service.service [req-1fa6e81b-ebf2-4f3c-89a1-7247304a173d - - - - -] Started child 128035 _start_child /usr/lib/python3/dist-packages/oslo_service/service.py:575
2025-07-10 00:39:30.300 127213 DEBUG oslo_service.service [req-1fa6e81b-ebf2-4f3c-89a1-7247304a173d - - - - -] Full set of CONF: wait /usr/lib/python3/dist-packages/oslo_service/service.py:649
2025-07-10 00:39:30.301 127213 DEBUG oslo_service.service [req-1fa6e81b-ebf2-4f3c-89a1-7247304a173d - - - - -] ******************************************************************************** log_opt_values /usr/lib/python3/dist-packages/oslo_config/cfg.py:2589
2025-07-10 00:39:30.301 127213 DEBUG oslo_service.service [req-1fa6e81b-ebf2-4f3c-89a1-7247304a173d - - - - -] Configuration options gathered from: log_opt_values /usr/lib/python3/dist-packages/oslo_config/cfg.py:2590
2025-07-10 00:39:30.301 127213 DEBUG oslo_service.service [req-1fa6e81b-ebf2-4f3c-89a1-7247304a173d - - - - -] command line args: ['--config-file=/etc/nova/nova.conf', '--log-file=/var/log/nova/nova-scheduler.log'] log_opt_values /usr/lib/python3/dist-packages/oslo_config/cfg.py:2591
2025-07-10 00:39:30.302 127213 DEBUG oslo_service.service [req-1fa6e81b-ebf2-4f3c-89a1-7247304a173d - - - - -] config files: ['/etc/nova/nova.conf'] log_opt_values /usr/lib/python3/dist-packages/oslo_config/cfg.py:2592
2025-07-10 00:39:30.303 127213 DEBUG oslo_service.service [req-1fa6e81b-ebf2-4f3c-89a1-7247304a173d - - - - -] ================================================================================ log_opt_values /usr/lib/python3/dist-packages/oslo_config/cfg.py:2594
2025-07-10 00:39:30.303 127213 DEBUG oslo_service.service [req-1fa6e81b-ebf2-4f3c-89a1-7247304a173d - - - - -] allow_resize_to_same_host = False log_opt_values /usr/lib/python3/dist-packages/oslo_config/cfg.py:2602
2025-07-10 00:39:30.304 127213 DEBUG oslo_service.service [req-1fa6e81b-ebf2-4f3c-89a1-7247304a173d - - - - -] arq_binding_timeout = 300 log_opt_values /usr/lib/python3/dist-packages/oslo_config/cfg.py:2602
2025-07-10 00:39:30.304 127213 DEBUG oslo_service.service [req-1fa6e81b-ebf2-4f3c-89a1-7247304a173d - - - - -] block_device_allocate_retries = 60 log_opt_values /usr/lib/python3/dist-packages/oslo_config/cfg.py:2602
2025-07-10 00:39:30.304 127213 DEBUG oslo_service.service [req-1fa6e81b-ebf2-4f3c-89a1-7247304a173d - - - - -] block_device_allocate_retries_interval = 3 log_opt_values /usr/lib/python3/dist-packages/oslo_config/cfg.py:2602
2025-07-10 00:39:30.305 127213 DEBUG oslo_service.service [req-1fa6e81b-ebf2-4f3c-89a1-7247304a173d - - - - -] cert = self.pem log_opt_values /usr/lib/python3/dist-packages/oslo_config/cfg.py:2602
2025-07-10 00:39:30.305 127213 DEBUG oslo_service.service [req-1fa6e81b-ebf2-4f3c-89a1-7247304a173d - - - - -] compute_driver = libvirt.LibvirtDriver log_opt_values /usr/lib/python3/dist-packages/oslo_config/cfg.py:2602
2025-07-10 00:39:30.305 127213 DEBUG oslo_service.service [req-1fa6e81b-ebf2-4f3c-89a1-7247304a173d - - - - -] compute_monitors = [] log_opt_values /usr/lib/python3/dist-packages/oslo_config/cfg.py:2602
2025-07-10 00:39:30.306 127213 DEBUG oslo_service.service [req-1fa6e81b-ebf2-4f3c-89a1-7247304a173d - - - - -] config_dir = [] log_opt_values /usr/lib/python3/dist-packages/oslo_config/cfg.py:2602
2025-07-10 00:39:30.306 127213 DEBUG oslo_service.service [req-1fa6e81b-ebf2-4f3c-89a1-7247304a173d - - - - -] config_drive_format = iso9660 log_opt_values /usr/lib/python3/dist-packages/oslo_config/cfg.py:2602
2025-07-10 00:39:30.305 128033 DEBUG oslo_db.sqlalchemy.engines [req-e8f91dd9-abc3-47c7-a2ec-21b69544dfda - - - - -] MySQL server mode set to STRICT_TRANS_TABLES,STRICT_ALL_TABLES,NO_ZERO_IN_DATE,NO_ZERO_DATE,ERROR_FOR_DIVISION_BY_ZERO,TRADITIONAL,NO_ENGINE_SUBSTITUTION _check_effective_sql_mode /usr/lib/python3/dist-packages/oslo_db/sqlalchemy/engines.py:314
2025-07-10 00:39:30.306 127213 DEBUG oslo_service.service [req-1fa6e81b-ebf2-4f3c-89a1-7247304a173d - - - - -] config_file = ['/etc/nova/nova.conf'] log_opt_values /usr/lib/python3/dist-packages/oslo_config/cfg.py:2602
2025-07-10 00:39:30.306 127213 DEBUG oslo_service.service [req-1fa6e81b-ebf2-4f3c-89a1-7247304a173d - - - - -] config_source = [] log_opt_values /usr/lib/python3/dist-packages/oslo_config/cfg.py:2602
2025-07-10 00:39:30.307 127213 DEBUG oslo_service.service [req-1fa6e81b-ebf2-4f3c-89a1-7247304a173d - - - - -] console_host = juju-f91a76-0-lxd-7 log_opt_values /usr/lib/python3/dist-packages/oslo_config/cfg.py:2602
2025-07-10 00:39:30.307 127213 DEBUG oslo_service.service [req-1fa6e81b-ebf2-4f3c-89a1-7247304a173d - - - - -] control_exchange = nova log_opt_values /usr/lib/python3/dist-packages/oslo_config/cfg.py:2602
2025-07-10 00:39:30.307 127213 DEBUG oslo_service.service [req-1fa6e81b-ebf2-4f3c-89a1-7247304a173d - - - - -] cpu_allocation_ratio = 2.0 log_opt_values /usr/lib/python3/dist-packages/oslo_config/cfg.py:2602
2025-07-10 00:39:30.308 127213 DEBUG oslo_service.service [req-1fa6e81b-ebf2-4f3c-89a1-7247304a173d - - - - -] daemon = False log_opt_values /usr/lib/python3/dist-packages/oslo_config/cfg.py:2602
2025-07-10 00:39:30.309 127213 DEBUG oslo_service.service [req-1fa6e81b-ebf2-4f3c-89a1-7247304a173d - - - - -] debug = True log_opt_values /usr/lib/python3/dist-packages/oslo_config/cfg.py:2602
2025-07-10 00:39:30.309 127213 DEBUG oslo_service.service [req-1fa6e81b-ebf2-4f3c-89a1-7247304a173d - - - - -] default_access_ip_network_name = None log_opt_values /usr/lib/python3/dist-packages/oslo_config/cfg.py:2602
2025-07-10 00:39:30.310 127213 DEBUG oslo_service.service [req-1fa6e81b-ebf2-4f3c-89a1-7247304a173d - - - - -] default_availability_zone = nova log_opt_values /usr/lib/python3/dist-packages/oslo_config/cfg.py:2602
2025-07-10 00:39:30.310 127213 DEBUG oslo_service.service [req-1fa6e81b-ebf2-4f3c-89a1-7247304a173d - - - - -] default_ephemeral_format = None log_opt_values /usr/lib/python3/dist-packages/oslo_config/cfg.py:2602
2025-07-10 00:39:30.310 127213 DEBUG oslo_service.service [req-1fa6e81b-ebf2-4f3c-89a1-7247304a173d - - - - -] default_log_levels = ['amqp=WARN', 'amqplib=WARN', 'boto=WARN', 'qpid=WARN', 'sqlalchemy=WARN', 'suds=INFO', 'oslo.messaging=INFO', 'oslo_messaging=DEBUG', 'iso8601=WARN', 'requests.packages.urllib3.connectionpool=WARN', 'urllib3.connectionpool=WARN', 'websocket=WARN', 'requests.packages.urllib3.util.retry=WARN', 'urllib3.util.retry=WARN', 'keystonemiddleware=WARN', 'routes.middleware=WARN', 'stevedore=WARN', 'taskflow=WARN', 'keystoneauth=WARN', 'oslo.cache=INFO', 'dogpile.core.dogpile=INFO', 'glanceclient=WARN', 'oslo.privsep.daemon=INFO'] log_opt_values /usr/lib/python3/dist-packages/oslo_config/cfg.py:2602
2025-07-10 00:39:30.311 127213 DEBUG oslo_service.service [req-1fa6e81b-ebf2-4f3c-89a1-7247304a173d - - - - -] default_schedule_zone = None log_opt_values /usr/lib/python3/dist-packages/oslo_config/cfg.py:2602
2025-07-10 00:39:30.311 127213 DEBUG oslo_service.service [req-1fa6e81b-ebf2-4f3c-89a1-7247304a173d - - - - -] disk_allocation_ratio = 1.0 log_opt_values /usr/lib/python3/dist-packages/oslo_config/cfg.py:2602
2025-07-10 00:39:30.311 127213 DEBUG oslo_service.service [req-1fa6e81b-ebf2-4f3c-89a1-7247304a173d - - - - -] enable_new_services = True log_opt_values /usr/lib/python3/dist-packages/oslo_config/cfg.py:2602
2025-07-10 00:39:30.311 127213 DEBUG oslo_service.service [req-1fa6e81b-ebf2-4f3c-89a1-7247304a173d - - - - -] enabled_apis = ['osapi_compute', 'metadata'] log_opt_values /usr/lib/python3/dist-packages/oslo_config/cfg.py:2602
2025-07-10 00:39:30.311 127213 DEBUG oslo_service.service [req-1fa6e81b-ebf2-4f3c-89a1-7247304a173d - - - - -] enabled_ssl_apis = [] log_opt_values /usr/lib/python3/dist-packages/oslo_config/cfg.py:2602
2025-07-10 00:39:30.312 127213 DEBUG oslo_service.service [req-1fa6e81b-ebf2-4f3c-89a1-7247304a173d - - - - -] fatal_deprecations = False log_opt_values /usr/lib/python3/dist-packages/oslo_config/cfg.py:2602
2025-07-10 00:39:30.312 127213 DEBUG oslo_service.service [req-1fa6e81b-ebf2-4f3c-89a1-7247304a173d - - - - -] flat_injected = False log_opt_values /usr/lib/python3/dist-packages/oslo_config/cfg.py:2602
2025-07-10 00:39:30.312 127213 DEBUG oslo_service.service [req-1fa6e81b-ebf2-4f3c-89a1-7247304a173d - - - - -] force_config_drive = False log_opt_values /usr/lib/python3/dist-packages/oslo_config/cfg.py:2602
2025-07-10 00:39:30.313 127213 DEBUG oslo_service.service [req-1fa6e81b-ebf2-4f3c-89a1-7247304a173d - - - - -] force_raw_images = True log_opt_values /usr/lib/python3/dist-packages/oslo_config/cfg.py:2602
2025-07-10 00:39:30.313 127213 DEBUG oslo_service.service [req-1fa6e81b-ebf2-4f3c-89a1-7247304a173d - - - - -] graceful_shutdown_timeout = 60 log_opt_values /usr/lib/python3/dist-packages/oslo_config/cfg.py:2602
2025-07-10 00:39:30.313 127213 DEBUG oslo_service.service [req-1fa6e81b-ebf2-4f3c-89a1-7247304a173d - - - - -] heal_instance_info_cache_interval = 60 log_opt_values /usr/lib/python3/dist-packages/oslo_config/cfg.py:2602
2025-07-10 00:39:30.314 127213 DEBUG oslo_service.service [req-1fa6e81b-ebf2-4f3c-89a1-7247304a173d - - - - -] host = juju-f91a76-0-lxd-7 log_opt_values /usr/lib/python3/dist-packages/oslo_config/cfg.py:2602
2025-07-10 00:39:30.314 127213 DEBUG oslo_service.service [req-1fa6e81b-ebf2-4f3c-89a1-7247304a173d - - - - -] initial_cpu_allocation_ratio = 16.0 log_opt_values /usr/lib/python3/dist-packages/oslo_config/cfg.py:2602
2025-07-10 00:39:30.315 127213 DEBUG oslo_service.service [req-1fa6e81b-ebf2-4f3c-89a1-7247304a173d - - - - -] initial_disk_allocation_ratio = 1.0 log_opt_values /usr/lib/python3/dist-packages/oslo_config/cfg.py:2602
2025-07-10 00:39:30.315 127213 DEBUG oslo_service.service [req-1fa6e81b-ebf2-4f3c-89a1-7247304a173d - - - - -] initial_ram_allocation_ratio = 1.5 log_opt_values /usr/lib/python3/dist-packages/oslo_config/cfg.py:2602
2025-07-10 00:39:30.317 127213 DEBUG oslo_service.service [req-1fa6e81b-ebf2-4f3c-89a1-7247304a173d - - - - -] injected_network_template = /usr/lib/python3/dist-packages/nova/virt/interfaces.template log_opt_values /usr/lib/python3/dist-packages/oslo_config/cfg.py:2602
2025-07-10 00:39:30.317 127213 DEBUG oslo_service.service [req-1fa6e81b-ebf2-4f3c-89a1-7247304a173d - - - - -] instance_build_timeout = 0 log_opt_values /usr/lib/python3/dist-packages/oslo_config/cfg.py:2602
2025-07-10 00:39:30.317 127213 DEBUG oslo_service.service [req-1fa6e81b-ebf2-4f3c-89a1-7247304a173d - - - - -] instance_delete_interval = 300 log_opt_values /usr/lib/python3/dist-packages/oslo_config/cfg.py:2602
2025-07-10 00:39:30.317 127213 DEBUG oslo_service.service [req-1fa6e81b-ebf2-4f3c-89a1-7247304a173d - - - - -] instance_format = [instance: %(uuid)s] log_opt_values /usr/lib/python3/dist-packages/oslo_config/cfg.py:2602
2025-07-10 00:39:30.318 127213 DEBUG oslo_service.service [req-1fa6e81b-ebf2-4f3c-89a1-7247304a173d - - - - -] instance_name_template = instance-%08x log_opt_values /usr/lib/python3/dist-packages/oslo_config/cfg.py:2602
2025-07-10 00:39:30.320 127213 DEBUG oslo_service.service [req-1fa6e81b-ebf2-4f3c-89a1-7247304a173d - - - - -] instance_usage_audit = False log_opt_values /usr/lib/python3/dist-packages/oslo_config/cfg.py:2602
2025-07-10 00:39:30.320 127213 DEBUG oslo_service.service [req-1fa6e81b-ebf2-4f3c-89a1-7247304a173d - - - - -] instance_usage_audit_period = month log_opt_values /usr/lib/python3/dist-packages/oslo_config/cfg.py:2602
2025-07-10 00:39:30.320 127213 DEBUG oslo_service.service [req-1fa6e81b-ebf2-4f3c-89a1-7247304a173d - - - - -] instance_uuid_format = [instance: %(uuid)s] log_opt_values /usr/lib/python3/dist-packages/oslo_config/cfg.py:2602
2025-07-10 00:39:30.320 127213 DEBUG oslo_service.service [req-1fa6e81b-ebf2-4f3c-89a1-7247304a173d - - - - -] instances_path = /var/lib/nova/instances log_opt_values /usr/lib/python3/dist-packages/oslo_config/cfg.py:2602
2025-07-10 00:39:30.322 128033 DEBUG nova.service [req-e8f91dd9-abc3-47c7-a2ec-21b69544dfda - - - - -] Creating RPC server for service scheduler start /usr/lib/python3/dist-packages/nova/service.py:182
2025-07-10 00:39:30.322 127213 DEBUG oslo_service.service [req-1fa6e81b-ebf2-4f3c-89a1-7247304a173d - - - - -] internal_service_availability_zone = internal log_opt_values /usr/lib/python3/dist-packages/oslo_config/cfg.py:2602
2025-07-10 00:39:30.323 127213 DEBUG oslo_service.service [req-1fa6e81b-ebf2-4f3c-89a1-7247304a173d - - - - -] key = None log_opt_values /usr/lib/python3/dist-packages/oslo_config/cfg.py:2602
2025-07-10 00:39:30.323 127213 DEBUG oslo_service.service [req-1fa6e81b-ebf2-4f3c-89a1-7247304a173d - - - - -] live_migration_retry_count = 30 log_opt_values /usr/lib/python3/dist-packages/oslo_config/cfg.py:2602
2025-07-10 00:39:30.323 127213 DEBUG oslo_service.service [req-1fa6e81b-ebf2-4f3c-89a1-7247304a173d - - - - -] log_config_append = None log_opt_values /usr/lib/python3/dist-packages/oslo_config/cfg.py:2602
2025-07-10 00:39:30.324 127213 DEBUG oslo_service.service [req-1fa6e81b-ebf2-4f3c-89a1-7247304a173d - - - - -] log_date_format = %Y-%m-%d %H:%M:%S log_opt_values /usr/lib/python3/dist-packages/oslo_config/cfg.py:2602
