2025-07-10 00:40:15.157 142853 DEBUG oslo_concurrency.lockutils [req-18ea161f-6bb6-4b11-a059-25c33573cc74 - - - - -] Lock "36600999-5c2d-4bbe-ba35-1b6b0e445648" "released" by "nova.context.set_target_cell..get_or_set_cached_cell_and_set_connections" :: held 0.000s inner /usr/lib/python3/dist-packages/oslo_concurrency/lockutils.py:400
2025-07-10 00:40:15.167 142853 DEBUG oslo_db.sqlalchemy.engines [req-18ea161f-6bb6-4b11-a059-25c33573cc74 - - - - -] MySQL server mode set to STRICT_TRANS_TABLES,STRICT_ALL_TABLES,NO_ZERO_IN_DATE,NO_ZERO_DATE,ERROR_FOR_DIVISION_BY_ZERO,TRADITIONAL,NO_ENGINE_SUBSTITUTION _check_effective_sql_mode /usr/lib/python3/dist-packages/oslo_db/sqlalchemy/engines.py:314
2025-07-10 00:40:15.176 142853 DEBUG oslo_concurrency.lockutils [req-18ea161f-6bb6-4b11-a059-25c33573cc74 - - - - -] Acquired lock "singleton_lock" lock /usr/lib/python3/dist-packages/oslo_concurrency/lockutils.py:294
2025-07-10 00:40:15.176 142853 DEBUG oslo_concurrency.lockutils [req-18ea161f-6bb6-4b11-a059-25c33573cc74 - - - - -] Releasing lock "singleton_lock" lock /usr/lib/python3/dist-packages/oslo_concurrency/lockutils.py:312
2025-07-10 00:40:15.177 142853 INFO oslo_service.service [req-18ea161f-6bb6-4b11-a059-25c33573cc74 - - - - -] Starting 4 workers
2025-07-10 00:40:15.181 142853 DEBUG oslo_service.service [req-18ea161f-6bb6-4b11-a059-25c33573cc74 - - - - -] Started child 143157 _start_child /usr/lib/python3/dist-packages/oslo_service/service.py:575
2025-07-10 00:40:15.185 143157 INFO nova.service [-] Starting scheduler node (version 25.2.1)
2025-07-10 00:40:15.186 142853 DEBUG oslo_service.service [req-18ea161f-6bb6-4b11-a059-25c33573cc74 - - - - -] Started child 143158 _start_child /usr/lib/python3/dist-packages/oslo_service/service.py:575
2025-07-10 00:40:15.191 143158 INFO nova.service [-] Starting scheduler node (version 25.2.1)
2025-07-10 00:40:15.192 142853 DEBUG oslo_service.service [req-18ea161f-6bb6-4b11-a059-25c33573cc74 - - - - -] Started child 143159 _start_child /usr/lib/python3/dist-packages/oslo_service/service.py:575
2025-07-10 00:40:15.196 143159 INFO nova.service [-] Starting scheduler node (version 25.2.1)
2025-07-10 00:40:15.197 143157 DEBUG oslo_db.sqlalchemy.engines [req-435c45f4-202b-45cc-a890-b138784d2383 - - - - -] MySQL server mode set to STRICT_TRANS_TABLES,STRICT_ALL_TABLES,NO_ZERO_IN_DATE,NO_ZERO_DATE,ERROR_FOR_DIVISION_BY_ZERO,TRADITIONAL,NO_ENGINE_SUBSTITUTION _check_effective_sql_mode /usr/lib/python3/dist-packages/oslo_db/sqlalchemy/engines.py:314
2025-07-10 00:40:15.197 142853 DEBUG oslo_service.service [req-18ea161f-6bb6-4b11-a059-25c33573cc74 - - - - -] Started child 143160 _start_child /usr/lib/python3/dist-packages/oslo_service/service.py:575
2025-07-10 00:40:15.199 142853 DEBUG oslo_service.service [req-18ea161f-6bb6-4b11-a059-25c33573cc74 - - - - -] Full set of CONF: wait /usr/lib/python3/dist-packages/oslo_service/service.py:649
2025-07-10 00:40:15.200 142853 DEBUG oslo_service.service [req-18ea161f-6bb6-4b11-a059-25c33573cc74 - - - - -] ******************************************************************************** log_opt_values /usr/lib/python3/dist-packages/oslo_config/cfg.py:2589
2025-07-10 00:40:15.200 142853 DEBUG oslo_service.service [req-18ea161f-6bb6-4b11-a059-25c33573cc74 - - - - -] Configuration options gathered from: log_opt_values /usr/lib/python3/dist-packages/oslo_config/cfg.py:2590
2025-07-10 00:40:15.200 142853 DEBUG oslo_service.service [req-18ea161f-6bb6-4b11-a059-25c33573cc74 - - - - -] command line args: ['--config-file=/etc/nova/nova.conf', '--log-file=/var/log/nova/nova-scheduler.log'] log_opt_values /usr/lib/python3/dist-packages/oslo_config/cfg.py:2591
2025-07-10 00:40:15.201 142853 DEBUG oslo_service.service [req-18ea161f-6bb6-4b11-a059-25c33573cc74 - - - - -] config files: ['/etc/nova/nova.conf'] log_opt_values /usr/lib/python3/dist-packages/oslo_config/cfg.py:2592
2025-07-10 00:40:15.201 142853 DEBUG oslo_service.service [req-18ea161f-6bb6-4b11-a059-25c33573cc74 - - - - -] ================================================================================ log_opt_values /usr/lib/python3/dist-packages/oslo_config/cfg.py:2594
2025-07-10 00:40:15.201 142853 DEBUG oslo_service.service [req-18ea161f-6bb6-4b11-a059-25c33573cc74 - - - - -] allow_resize_to_same_host = False log_opt_values /usr/lib/python3/dist-packages/oslo_config/cfg.py:2602
2025-07-10 00:40:15.202 142853 DEBUG oslo_service.service [req-18ea161f-6bb6-4b11-a059-25c33573cc74 - - - - -] arq_binding_timeout = 300 log_opt_values /usr/lib/python3/dist-packages/oslo_config/cfg.py:2602
2025-07-10 00:40:15.202 142853 DEBUG oslo_service.service [req-18ea161f-6bb6-4b11-a059-25c33573cc74 - - - - -] block_device_allocate_retries = 60 log_opt_values /usr/lib/python3/dist-packages/oslo_config/cfg.py:2602
2025-07-10 00:40:15.203 142853 DEBUG oslo_service.service [req-18ea161f-6bb6-4b11-a059-25c33573cc74 - - - - -] block_device_allocate_retries_interval = 3 log_opt_values /usr/lib/python3/dist-packages/oslo_config/cfg.py:2602
2025-07-10 00:40:15.203 142853 DEBUG oslo_service.service [req-18ea161f-6bb6-4b11-a059-25c33573cc74 - - - - -] cert = self.pem log_opt_values /usr/lib/python3/dist-packages/oslo_config/cfg.py:2602
2025-07-10 00:40:15.203 143158 DEBUG oslo_db.sqlalchemy.engines [req-38922486-ba8a-4944-b5ab-16015b96f054 - - - - -] MySQL server mode set to STRICT_TRANS_TABLES,STRICT_ALL_TABLES,NO_ZERO_IN_DATE,NO_ZERO_DATE,ERROR_FOR_DIVISION_BY_ZERO,TRADITIONAL,NO_ENGINE_SUBSTITUTION _check_effective_sql_mode /usr/lib/python3/dist-packages/oslo_db/sqlalchemy/engines.py:314
2025-07-10 00:40:15.203 142853 DEBUG oslo_service.service [req-18ea161f-6bb6-4b11-a059-25c33573cc74 - - - - -] compute_driver = libvirt.LibvirtDriver log_opt_values /usr/lib/python3/dist-packages/oslo_config/cfg.py:2602
2025-07-10 00:40:15.204 142853 DEBUG oslo_service.service [req-18ea161f-6bb6-4b11-a059-25c33573cc74 - - - - -] compute_monitors = [] log_opt_values /usr/lib/python3/dist-packages/oslo_config/cfg.py:2602
2025-07-10 00:40:15.204 142853 DEBUG oslo_service.service [req-18ea161f-6bb6-4b11-a059-25c33573cc74 - - - - -] config_dir = [] log_opt_values /usr/lib/python3/dist-packages/oslo_config/cfg.py:2602
2025-07-10 00:40:15.205 143160 INFO nova.service [-] Starting scheduler node (version 25.2.1)
2025-07-10 00:40:15.205 142853 DEBUG oslo_service.service [req-18ea161f-6bb6-4b11-a059-25c33573cc74 - - - - -] config_drive_format = iso9660 log_opt_values /usr/lib/python3/dist-packages/oslo_config/cfg.py:2602
2025-07-10 00:40:15.207 142853 DEBUG oslo_service.service [req-18ea161f-6bb6-4b11-a059-25c33573cc74 - - - - -] config_file = ['/etc/nova/nova.conf'] log_opt_values /usr/lib/python3/dist-packages/oslo_config/cfg.py:2602
2025-07-10 00:40:15.207 142853 DEBUG oslo_service.service [req-18ea161f-6bb6-4b11-a059-25c33573cc74 - - - - -] config_source = [] log_opt_values /usr/lib/python3/dist-packages/oslo_config/cfg.py:2602
2025-07-10 00:40:15.207 142853 DEBUG oslo_service.service [req-18ea161f-6bb6-4b11-a059-25c33573cc74 - - - - -] console_host = juju-f91a76-0-lxd-7 log_opt_values /usr/lib/python3/dist-packages/oslo_config/cfg.py:2602
2025-07-10 00:40:15.207 142853 DEBUG oslo_service.service [req-18ea161f-6bb6-4b11-a059-25c33573cc74 - - - - -] control_exchange = nova log_opt_values /usr/lib/python3/dist-packages/oslo_config/cfg.py:2602
2025-07-10 00:40:15.208 142853 DEBUG oslo_service.service [req-18ea161f-6bb6-4b11-a059-25c33573cc74 - - - - -] cpu_allocation_ratio = 2.0 log_opt_values /usr/lib/python3/dist-packages/oslo_config/cfg.py:2602
2025-07-10 00:40:15.208 142853 DEBUG oslo_service.service [req-18ea161f-6bb6-4b11-a059-25c33573cc74 - - - - -] daemon = False log_opt_values /usr/lib/python3/dist-packages/oslo_config/cfg.py:2602
2025-07-10 00:40:15.209 143159 DEBUG oslo_db.sqlalchemy.engines [req-3cf5e0d5-0271-49df-843e-2cfd392de181 - - - - -] MySQL server mode set to STRICT_TRANS_TABLES,STRICT_ALL_TABLES,NO_ZERO_IN_DATE,NO_ZERO_DATE,ERROR_FOR_DIVISION_BY_ZERO,TRADITIONAL,NO_ENGINE_SUBSTITUTION _check_effective_sql_mode /usr/lib/python3/dist-packages/oslo_db/sqlalchemy/engines.py:314
2025-07-10 00:40:15.209 142853 DEBUG oslo_service.service [req-18ea161f-6bb6-4b11-a059-25c33573cc74 - - - - -] debug = True log_opt_values /usr/lib/python3/dist-packages/oslo_config/cfg.py:2602
2025-07-10 00:40:15.210 142853 DEBUG oslo_service.service [req-18ea161f-6bb6-4b11-a059-25c33573cc74 - - - - -] default_access_ip_network_name = None log_opt_values /usr/lib/python3/dist-packages/oslo_config/cfg.py:2602
2025-07-10 00:40:15.210 142853 DEBUG oslo_service.service [req-18ea161f-6bb6-4b11-a059-25c33573cc74 - - - - -] default_availability_zone = nova log_opt_values /usr/lib/python3/dist-packages/oslo_config/cfg.py:2602
2025-07-10 00:40:15.210 142853 DEBUG oslo_service.service [req-18ea161f-6bb6-4b11-a059-25c33573cc74 - - - - -] default_ephemeral_format = None log_opt_values /usr/lib/python3/dist-packages/oslo_config/cfg.py:2602
2025-07-10 00:40:15.210 142853 DEBUG oslo_service.service [req-18ea161f-6bb6-4b11-a059-25c33573cc74 - - - - -] default_log_levels = ['amqp=WARN', 'amqplib=WARN', 'boto=WARN', 'qpid=WARN', 'sqlalchemy=WARN', 'suds=INFO', 'oslo.messaging=INFO', 'oslo_messaging=DEBUG', 'iso8601=WARN', 'requests.packages.urllib3.connectionpool=WARN', 'urllib3.connectionpool=WARN', 'websocket=WARN', 'requests.packages.urllib3.util.retry=WARN', 'urllib3.util.retry=WARN', 'keystonemiddleware=WARN', 'routes.middleware=WARN', 'stevedore=WARN', 'taskflow=WARN', 'keystoneauth=WARN', 'oslo.cache=INFO', 'dogpile.core.dogpile=INFO', 'glanceclient=WARN', 'oslo.privsep.daemon=INFO'] log_opt_values /usr/lib/python3/dist-packages/oslo_config/cfg.py:2602
2025-07-10 00:40:15.211 142853 DEBUG oslo_service.service [req-18ea161f-6bb6-4b11-a059-25c33573cc74 - - - - -] default_schedule_zone = None log_opt_values /usr/lib/python3/dist-packages/oslo_config/cfg.py:2602
2025-07-10 00:40:15.211 142853 DEBUG oslo_service.service [req-18ea161f-6bb6-4b11-a059-25c33573cc74 - - - - -] disk_allocation_ratio = 1.0 log_opt_values /usr/lib/python3/dist-packages/oslo_config/cfg.py:2602
2025-07-10 00:40:15.211 142853 DEBUG oslo_service.service [req-18ea161f-6bb6-4b11-a059-25c33573cc74 - - - - -] enable_new_services = True log_opt_values /usr/lib/python3/dist-packages/oslo_config/cfg.py:2602
2025-07-10 00:40:15.211 142853 DEBUG oslo_service.service [req-18ea161f-6bb6-4b11-a059-25c33573cc74 - - - - -] enabled_apis = ['osapi_compute', 'metadata'] log_opt_values /usr/lib/python3/dist-packages/oslo_config/cfg.py:2602
2025-07-10 00:40:15.212 142853 DEBUG oslo_service.service [req-18ea161f-6bb6-4b11-a059-25c33573cc74 - - - - -] enabled_ssl_apis = [] log_opt_values /usr/lib/python3/dist-packages/oslo_config/cfg.py:2602
2025-07-10 00:40:15.212 142853 DEBUG oslo_service.service [req-18ea161f-6bb6-4b11-a059-25c33573cc74 - - - - -] fatal_deprecations = False log_opt_values /usr/lib/python3/dist-packages/oslo_config/cfg.py:2602
2025-07-10 00:40:15.212 142853 DEBUG oslo_service.service [req-18ea161f-6bb6-4b11-a059-25c33573cc74 - - - - -] flat_injected = False log_opt_values /usr/lib/python3/dist-packages/oslo_config/cfg.py:2602
2025-07-10 00:40:15.212 142853 DEBUG oslo_service.service [req-18ea161f-6bb6-4b11-a059-25c33573cc74 - - - - -] force_config_drive = False log_opt_values /usr/lib/python3/dist-packages/oslo_config/cfg.py:2602
2025-07-10 00:40:15.212 142853 DEBUG oslo_service.service [req-18ea161f-6bb6-4b11-a059-25c33573cc74 - - - - -] force_raw_images = True log_opt_values /usr/lib/python3/dist-packages/oslo_config/cfg.py:2602
2025-07-10 00:40:15.212 142853 DEBUG oslo_service.service [req-18ea161f-6bb6-4b11-a059-25c33573cc74 - - - - -] graceful_shutdown_timeout = 60 log_opt_values /usr/lib/python3/dist-packages/oslo_config/cfg.py:2602
2025-07-10 00:40:15.213 142853 DEBUG oslo_service.service [req-18ea161f-6bb6-4b11-a059-25c33573cc74 - - - - -] heal_instance_info_cache_interval = 60 log_opt_values /usr/lib/python3/dist-packages/oslo_config/cfg.py:2602
2025-07-10 00:40:15.213 142853 DEBUG oslo_service.service [req-18ea161f-6bb6-4b11-a059-25c33573cc74 - - - - -] host = juju-f91a76-0-lxd-7 log_opt_values /usr/lib/python3/dist-packages/oslo_config/cfg.py:2602
2025-07-10 00:40:15.213 142853 DEBUG oslo_service.service [req-18ea161f-6bb6-4b11-a059-25c33573cc74 - - - - -] initial_cpu_allocation_ratio = 16.0 log_opt_values /usr/lib/python3/dist-packages/oslo_config/cfg.py:2602
2025-07-10 00:40:15.214 142853 DEBUG oslo_service.service [req-18ea161f-6bb6-4b11-a059-25c33573cc74 - - - - -] initial_disk_allocation_ratio = 1.0 log_opt_values /usr/lib/python3/dist-packages/oslo_config/cfg.py:2602
2025-07-10 00:40:15.215 142853 DEBUG oslo_service.service [req-18ea161f-6bb6-4b11-a059-25c33573cc74 - - - - -] initial_ram_allocation_ratio = 1.5 log_opt_values /usr/lib/python3/dist-packages/oslo_config/cfg.py:2602
2025-07-10 00:40:15.215 142853 DEBUG oslo_service.service [req-18ea161f-6bb6-4b11-a059-25c33573cc74 - - - - -] injected_network_template = /usr/lib/python3/dist-packages/nova/virt/interfaces.template log_opt_values /usr/lib/python3/dist-packages/oslo_config/cfg.py:2602
2025-07-10 00:40:15.215 142853 DEBUG oslo_service.service [req-18ea161f-6bb6-4b11-a059-25c33573cc74 - - - - -] instance_build_timeout = 0 log_opt_values /usr/lib/python3/dist-packages/oslo_config/cfg.py:2602
2025-07-10 00:40:15.216 142853 DEBUG oslo_service.service [req-18ea161f-6bb6-4b11-a059-25c33573cc74 - - - - -] instance_delete_interval = 300 log_opt_values /usr/lib/python3/dist-packages/oslo_config/cfg.py:2602
2025-07-10 00:40:15.216 142853 DEBUG oslo_service.service [req-18ea161f-6bb6-4b11-a059-25c33573cc74 - - - - -] instance_format = [instance: %(uuid)s] log_opt_values /usr/lib/python3/dist-packages/oslo_config/cfg.py:2602
2025-07-10 00:40:15.216 142853 DEBUG oslo_service.service [req-18ea161f-6bb6-4b11-a059-25c33573cc74 - - - - -] instance_name_template = instance-%08x log_opt_values /usr/lib/python3/dist-packages/oslo_config/cfg.py:2602
2025-07-10 00:40:15.217 142853 DEBUG oslo_service.service [req-18ea161f-6bb6-4b11-a059-25c33573cc74 - - - - -] instance_usage_audit = False log_opt_values /usr/lib/python3/dist-packages/oslo_config/cfg.py:2602
2025-07-10 00:40:15.217 142853 DEBUG oslo_service.service [req-18ea161f-6bb6-4b11-a059-25c33573cc74 - - - - -] instance_usage_audit_period = month log_opt_values /usr/lib/python3/dist-packages/oslo_config/cfg.py:2602
2025-07-10 00:40:15.217 142853 DEBUG oslo_service.service [req-18ea161f-6bb6-4b11-a059-25c33573cc74 - - - - -] instance_uuid_format = [instance: %(uuid)s] log_opt_values /usr/lib/python3/dist-packages/oslo_config/cfg.py:2602
2025-07-10 00:40:15.218 142853 DEBUG oslo_service.service [req-18ea161f-6bb6-4b11-a059-25c33573cc74 - - - - -] instances_path = /var/lib/nova/instances log_opt_values /usr/lib/python3/dist-packages/oslo_config/cfg.py:2602
2025-07-10 00:40:15.218 142853 DEBUG oslo_service.service [req-18ea161f-6bb6-4b11-a059-25c33573cc74 - - - - -] internal_service_availability_zone = internal log_opt_values /usr/lib/python3/dist-packages/oslo_config/cfg.py:2602
2025-07-10 00:40:15.218 142853 DEBUG oslo_service.service [req-18ea161f-6bb6-4b11-a059-25c33573cc74 - - - - -] key = None log_opt_values /usr/lib/python3/dist-packages/oslo_config/cfg.py:2602
2025-07-10 00:40:15.218 142853 DEBUG oslo_service.service [req-18ea161f-6bb6-4b11-a059-25c33573cc74 - - - - -] live_migration_retry_count = 30 log_opt_values /usr/lib/python3/dist-packages/oslo_config/cfg.py:2602
2025-07-10 00:40:15.218 142853 DEBUG oslo_service.service [req-18ea161f-6bb6-4b11-a059-25c33573cc74 - - - - -] log_config_append = None log_opt_values /usr/lib/python3/dist-packages/oslo_config/cfg.py:2602
2025-07-10 00:40:15.218 143160 DEBUG oslo_db.sqlalchemy.engines [req-edbca1b9-608a-4d8e-afce-b78d0143beec - - - - -] MySQL server mode set to STRICT_TRANS_TABLES,STRICT_ALL_TABLES,NO_ZERO_IN_DATE,NO_ZERO_DATE,ERROR_FOR_DIVISION_BY_ZERO,TRADITIONAL,NO_ENGINE_SUBSTITUTION _check_effective_sql_mode /usr/lib/python3/dist-packages/oslo_db/sqlalchemy/engines.py:314
2025-07-10 00:40:15.219 142853 DEBUG oslo_service.service [req-18ea161f-6bb6-4b11-a059-25c33573cc74 - - - - -] log_date_format = %Y-%m-%d %H:%M:%S log_opt_values /usr/lib/python3/dist-packages/oslo_config/cfg.py:2602
2025-07-10 00:40:15.219 142853 DEBUG oslo_service.service [req-18ea161f-6bb6-4b11-a059-25c33573cc74 - - - - -] log_dir = /var/log/nova log_opt_values /usr/lib/python3/dist-packages/oslo_config/cfg.py:2602
2025-07-10 00:40:15.219 142853 DEBUG oslo_service.service [req-18ea161f-6bb6-4b11-a059-25c33573cc74 - - - - -] log_file = /var/log/nova/nova-scheduler.log log_opt_values /usr/lib/python3/dist-packages/oslo_config/cfg.py:2602
2025-07-10 00:40:15.219 142853 DEBUG oslo_service.service [req-18ea161f-6bb6-4b11-a059-25c33573cc74 - - - - -] log_options = True log_opt_values /usr/lib/python3/dist-packages/oslo_config/cfg.py:2602
2025-07-10 00:40:15.219 142853 DEBUG oslo_service.service [req-18ea161f-6bb6-4b11-a059-25c33573cc74 - - - - -] log_rotate_interval = 1 log_opt_values /usr/lib/python3/dist-packages/oslo_config/cfg.py:2602
2025-07-10 00:40:15.219 143157 DEBUG nova.service [req-435c45f4-202b-45cc-a890-b138784d2383 - - - - -] Creating RPC server for service scheduler start /usr/lib/python3/dist-packages/nova/service.py:182
2025-07-10 00:40:15.219 142853 DEBUG oslo_service.service [req-18ea161f-6bb6-4b11-a059-25c33573cc74 - - - - -] log_rotate_interval_type = days log_opt_values /usr/lib/python3/dist-packages/oslo_config/cfg.py:2602
2025-07-10 00:40:15.220 142853 DEBUG oslo_service.service [req-18ea161f-6bb6-4b11-a059-25c33573cc74 - - - - -] log_rotation_type = none log_opt_values /usr/lib/python3/dist-packages/oslo_config/cfg.py:2602
2025-07-10 00:40:15.220 142853 DEBUG oslo_service.service [req-18ea161f-6bb6-4b11-a059-25c33573cc74 - - - - -] logging_context_format_string = %(asctime)s.%(msecs)03d %(process)d %(levelname)s %(name)s [%(request_id)s %(user_identity)s] %(instance)s%(message)s log_opt_values /usr/lib/python3/dist-packages/oslo_config/cfg.py:2602
2025-07-10 00:40:15.220 142853 DEBUG oslo_service.service [req-18ea161f-6bb6-4b11-a059-25c33573cc74 - - - - -] logging_debug_format_suffix = %(funcName)s %(pathname)s:%(lineno)d log_opt_values /usr/lib/python3/dist-packages/oslo_config/cfg.py:2602
2025-07-10 00:40:15.220 142853 DEBUG oslo_service.service [req-18ea161f-6bb6-4b11-a059-25c33573cc74 - - - - -] logging_default_format_string = %(asctime)s.%(msecs)03d %(process)d %(levelname)s %(name)s [-] %(instance)s%(message)s log_opt_values /usr/lib/python3/dist-packages/oslo_config/cfg.py:2602
2025-07-10 00:40:15.221 142853 DEBUG oslo_service.service [req-18ea161f-6bb6-4b11-a059-25c33573cc74 - - - - -] logging_exception_prefix = %(asctime)s.%(msecs)03d %(process)d ERROR %(name)s %(instance)s log_opt_values /usr/lib/python3/dist-packages/oslo_config/cfg.py:2602
2025-07-10 00:40:15.221 142853 DEBUG oslo_service.service [req-18ea161f-6bb6-4b11-a059-25c33573cc74 - - - - -] logging_user_identity_format = %(user)s %(project)s %(domain)s %(user_domain)s %(project_domain)s log_opt_values /usr/lib/python3/dist-packages/oslo_config/cfg.py:2602
2025-07-10 00:40:15.221 142853 DEBUG oslo_service.service [req-18ea161f-6bb6-4b11-a059-25c33573cc74 - - - - -] long_rpc_timeout = 1800 log_opt_values /usr/lib/python3/dist-packages/oslo_config/cfg.py:2602
2025-07-10 00:40:15.221 142853 DEBUG oslo_service.service [req-18ea161f-6bb6-4b11-a059-25c33573cc74 - - - - -] max_concurrent_builds = 10 log_opt_values /usr/lib/python3/dist-packages/oslo_config/cfg.py:2602
2025-07-10 00:40:15.221 142853 DEBUG oslo_service.service [req-18ea161f-6bb6-4b11-a059-25c33573cc74 - - - - -] max_concurrent_live_migrations = 1 log_opt_values /usr/lib/python3/dist-packages/oslo_config/cfg.py:2602
2025-07-10 00:40:15.221 142853 DEBUG oslo_service.service [req-18ea161f-6bb6-4b11-a059-25c33573cc74 - - - - -] max_concurrent_snapshots = 5 log_opt_values /usr/lib/python3/dist-packages/oslo_config/cfg.py:2602
2025-07-10 00:40:15.221 142853 DEBUG oslo_service.service [req-18ea161f-6bb6-4b11-a059-25c33573cc74 - - - - -] max_local_block_devices = 3 log_opt_values /usr/lib/python3/dist-packages/oslo_config/cfg.py:2602
2025-07-10 00:40:15.222 142853 DEBUG oslo_service.service [req-18ea161f-6bb6-4b11-a059-25c33573cc74 - - - - -] max_logfile_count = 30 log_opt_values /usr/lib/python3/dist-packages/oslo_config/cfg.py:2602
2025-07-10 00:40:15.222 142853 DEBUG oslo_service.service [req-18ea161f-6bb6-4b11-a059-25c33573cc74 - - - - -] max_logfile_size_mb = 200 log_opt_values /usr/lib/python3/dist-packages/oslo_config/cfg.py:2602
2025-07-10 00:40:15.222 142853 DEBUG oslo_service.service [req-18ea161f-6bb6-4b11-a059-25c33573cc74 - - - - -] maximum_instance_delete_attempts = 5 log_opt_values /usr/lib/python3/dist-packages/oslo_config/cfg.py:2602
2025-07-10 00:40:15.222 142853 DEBUG oslo_service.service [req-18ea161f-6bb6-4b11-a059-25c33573cc74 - - - - -] metadata_listen = 0.0.0.0 log_opt_values /usr/lib/python3/dist-packages/oslo_config/cfg.py:2602
2025-07-10 00:40:15.222 142853 DEBUG oslo_service.service [req-18ea161f-6bb6-4b11-a059-25c33573cc74 - - - - -] metadata_listen_port = 8765 log_opt_values /usr/lib/python3/dist-packages/oslo_config/cfg.py:2602
2025-07-10 00:40:15.223 142853 DEBUG oslo_service.service [req-18ea161f-6bb6-4b11-a059-25c33573cc74 - - - - -] metadata_workers = None log_opt_values /usr/lib/python3/dist-packages/oslo_config/cfg.py:2602
2025-07-10 00:40:15.223 142853 DEBUG oslo_service.service [req-18ea161f-6bb6-4b11-a059-25c33573cc74 - - - - -] migrate_max_retries = -1 log_opt_values /usr/lib/python3/dist-packages/oslo_config/cfg.py:2602
2025-07-10 00:40:15.223 142853 DEBUG oslo_service.service [req-18ea161f-6bb6-4b11-a059-25c33573cc74 - - - - -] mkisofs_cmd = genisoimage log_opt_values /usr/lib/python3/dist-packages/oslo_config/cfg.py:2602
2025-07-10 00:40:15.223 142853 DEBUG oslo_service.service [req-18ea161f-6bb6-4b11-a059-25c33573cc74 - - - - -] my_block_storage_ip = 252.249.55.17 log_opt_values /usr/lib/python3/dist-packages/oslo_config/cfg.py:2602
2025-07-10 00:40:15.223 142853 DEBUG oslo_service.service [req-18ea161f-6bb6-4b11-a059-25c33573cc74 - - - - -] my_ip = 252.249.55.17 log_opt_values /usr/lib/python3/dist-packages/oslo_config/cfg.py:2602
2025-07-10 00:40:15.224 142853 DEBUG oslo_service.service [req-18ea161f-6bb6-4b11-a059-25c33573cc74 - - - - -] network_allocate_retries = 0 log_opt_values /usr/lib/python3/dist-packages/oslo_config/cfg.py:2602
2025-07-10 00:40:15.224 142853 DEBUG oslo_service.service [req-18ea161f-6bb6-4b11-a059-25c33573cc74 - - - - -] non_inheritable_image_properties = ['cache_in_nova', 'bittorrent'] log_opt_values /usr/lib/python3/dist-packages/oslo_config/cfg.py:2602
2025-07-10 00:40:15.224 142853 DEBUG oslo_service.service [req-18ea161f-6bb6-4b11-a059-25c33573cc74 - - - - -] osapi_compute_listen = 0.0.0.0 log_opt_values /usr/lib/python3/dist-packages/oslo_config/cfg.py:2602
2025-07-10 00:40:15.224 142853 DEBUG oslo_service.service [req-18ea161f-6bb6-4b11-a059-25c33573cc74 - - - - -] osapi_compute_listen_port = 8764 log_opt_values /usr/lib/python3/dist-packages/oslo_config/cfg.py:2602
2025-07-10 00:40:15.224 142853 DEBUG oslo_service.service [req-18ea161f-6bb6-4b11-a059-25c33573cc74 - - - - -] osapi_compute_unique_server_name_scope = log_opt_values /usr/lib/python3/dist-packages/oslo_config/cfg.py:2602
2025-07-10 00:40:15.224 143158 DEBUG nova.service [req-38922486-ba8a-4944-b5ab-16015b96f054 - - - - -] Creating RPC server for service scheduler start /usr/lib/python3/dist-packages/nova/service.py:182
2025-07-10 00:40:15.225 142853 DEBUG oslo_service.service [req-18ea161f-6bb6-4b11-a059-25c33573cc74 - - - - -] osapi_compute_workers = 4 log_opt_values /usr/lib/python3/dist-packages/oslo_config/cfg.py:2602
2025-07-10 00:40:15.225 142853 DEBUG oslo_service.service [req-18ea161f-6bb6-4b11-a059-25c33573cc74 - - - - -] password_length = 12 log_opt_values /usr/lib/python3/dist-packages/oslo_config/cfg.py:2602
2025-07-10 00:40:15.225 142853 DEBUG oslo_service.service [req-18ea161f-6bb6-4b11-a059-25c33573cc74 - - - - -] periodic_enable = True log_opt_values /usr/lib/python3/dist-packages/oslo_config/cfg.py:2602
2025-07-10 00:40:15.225 142853 DEBUG oslo_service.service [req-18ea161f-6bb6-4b11-a059-25c33573cc74 - - - - -] periodic_fuzzy_delay = 60 log_opt_values /usr/lib/python3/dist-packages/oslo_config/cfg.py:2602
2025-07-10 00:40:15.225 142853 DEBUG oslo_service.service [req-18ea161f-6bb6-4b11-a059-25c33573cc74 - - - - -] pointer_model = usbtablet log_opt_values /usr/lib/python3/dist-packages/oslo_config/cfg.py:2602
2025-07-10 00:40:15.226 142853 DEBUG oslo_service.service [req-18ea161f-6bb6-4b11-a059-25c33573cc74 - - - - -] preallocate_images = none log_opt_values /usr/lib/python3/dist-packages/oslo_config/cfg.py:2602
2025-07-10 00:40:15.226 142853 DEBUG oslo_service.service [req-18ea161f-6bb6-4b11-a059-25c33573cc74 - - - - -] publish_errors = False log_opt_values /usr/lib/python3/dist-packages/oslo_config/cfg.py:2602
2025-07-10 00:40:15.226 142853 DEBUG oslo_service.service [req-18ea161f-6bb6-4b11-a059-25c33573cc74 - - - - -] pybasedir = /usr/lib/python3/dist-packages log_opt_values /usr/lib/python3/dist-packages/oslo_config/cfg.py:2602
2025-07-10 00:40:15.226 142853 DEBUG oslo_service.service [req-18ea161f-6bb6-4b11-a059-25c33573cc74 - - - - -] ram_allocation_ratio = 0.98 log_opt_values /usr/lib/python3/dist-packages/oslo_config/cfg.py:2602
2025-07-10 00:40:15.226 142853 DEBUG oslo_service.service [req-18ea161f-6bb6-4b11-a059-25c33573cc74 - - - - -] rate_limit_burst = 0 log_opt_values /usr/lib/python3/dist-packages/oslo_config/cfg.py:2602
2025-07-10 00:40:15.226 142853 DEBUG oslo_service.service [req-18ea161f-6bb6-4b11-a059-25c33573cc74 - - - - -] rate_limit_except_level = CRITICAL log_opt_values /usr/lib/python3/dist-packages/oslo_config/cfg.py:2602
2025-07-10 00:40:15.227 142853 DEBUG oslo_service.service [req-18ea161f-6bb6-4b11-a059-25c33573cc74 - - - - -] rate_limit_interval = 0 log_opt_values /usr/lib/python3/dist-packages/oslo_config/cfg.py:2602
2025-07-10 00:40:15.227 142853 DEBUG oslo_service.service [req-18ea161f-6bb6-4b11-a059-25c33573cc74 - - - - -] reboot_timeout = 0 log_opt_values /usr/lib/python3/dist-packages/oslo_config/cfg.py:2602
2025-07-10 00:40:15.227 142853 DEBUG oslo_service.service [req-18ea161f-6bb6-4b11-a059-25c33573cc74 - - - - -] reclaim_instance_interval = 0 log_opt_values /usr/lib/python3/dist-packages/oslo_config/cfg.py:2602
2025-07-10 00:40:15.227 142853 DEBUG oslo_service.service [req-18ea161f-6bb6-4b11-a059-25c33573cc74 - - - - -] record = None log_opt_values /usr/lib/python3/dist-packages/oslo_config/cfg.py:2602
2025-07-10 00:40:15.228 142853 DEBUG oslo_service.service [req-18ea161f-6bb6-4b11-a059-25c33573cc74 - - - - -] report_interval = 10 log_opt_values /usr/lib/python3/dist-packages/oslo_config/cfg.py:2602
2025-07-10 00:40:15.228 142853 DEBUG oslo_service.service [req-18ea161f-6bb6-4b11-a059-25c33573cc74 - - - - -] rescue_timeout = 0 log_opt_values /usr/lib/python3/dist-packages/oslo_config/cfg.py:2602
2025-07-10 00:40:15.228 142853 DEBUG oslo_service.service [req-18ea161f-6bb6-4b11-a059-25c33573cc74 - - - - -] reserved_host_cpus = 0 log_opt_values /usr/lib/python3/dist-packages/oslo_config/cfg.py:2602
2025-07-10 00:40:15.228 142853 DEBUG oslo_service.service [req-18ea161f-6bb6-4b11-a059-25c33573cc74 - - - - -] reserved_host_disk_mb = 0 log_opt_values /usr/lib/python3/dist-packages/oslo_config/cfg.py:2602
2025-07-10 00:40:15.228 143159 DEBUG nova.service [req-3cf5e0d5-0271-49df-843e-2cfd392de181 - - - - -] Creating RPC server for service scheduler start /usr/lib/python3/dist-packages/nova/service.py:182
2025-07-10 00:40:15.228 142853 DEBUG oslo_service.service [req-18ea161f-6bb6-4b11-a059-25c33573cc74 - - - - -] reserved_host_memory_mb = 512 log_opt_values /usr/lib/python3/dist-packages/oslo_config/cfg.py:2602
2025-07-10 00:40:15.228 142853 DEBUG oslo_service.service [req-18ea161f-6bb6-4b11-a059-25c33573cc74 - - - - -] reserved_huge_pages = None log_opt_values /usr/lib/python3/dist-packages/oslo_config/cfg.py:2602
2025-07-10 00:40:15.229 142853 DEBUG oslo_service.service [req-18ea161f-6bb6-4b11-a059-25c33573cc74 - - - - -] resize_confirm_window = 0 log_opt_values /usr/lib/python3/dist-packages/oslo_config/cfg.py:2602
2025-07-10 00:40:15.229 142853 DEBUG oslo_service.service [req-18ea161f-6bb6-4b11-a059-25c33573cc74 - - - - -] resize_fs_using_block_device = False log_opt_values /usr/lib/python3/dist-packages/oslo_config/cfg.py:2602
2025-07-10 00:40:15.229 142853 DEBUG oslo_service.service [req-18ea161f-6bb6-4b11-a059-25c33573cc74 - - - - -] resume_guests_state_on_host_boot = False log_opt_values /usr/lib/python3/dist-packages/oslo_config/cfg.py:2602
2025-07-10 00:40:15.229 142853 DEBUG oslo_service.service [req-18ea161f-6bb6-4b11-a059-25c33573cc74 - - - - -] rootwrap_config = /etc/nova/rootwrap.conf log_opt_values /usr/lib/python3/dist-packages/oslo_config/cfg.py:2602
2025-07-10 00:40:15.229 142853 DEBUG oslo_service.service [req-18ea161f-6bb6-4b11-a059-25c33573cc74 - - - - -] run_external_periodic_tasks = True log_opt_values /usr/lib/python3/dist-packages/oslo_config/cfg.py:2602
2025-07-10 00:40:15.229 142853 DEBUG oslo_service.service [req-18ea161f-6bb6-4b11-a059-25c33573cc74 - - - - -] running_deleted_instance_action = reap log_opt_values /usr/lib/python3/dist-packages/oslo_config/cfg.py:2602
2025-07-10 00:40:15.230 142853 DEBUG oslo_service.service [req-18ea161f-6bb6-4b11-a059-25c33573cc74 - - - - -] running_deleted_instance_poll_interval = 1800 log_opt_values /usr/lib/python3/dist-packages/oslo_config/cfg.py:2602
2025-07-10 00:40:15.230 142853 DEBUG oslo_service.service [req-18ea161f-6bb6-4b11-a059-25c33573cc74 - - - - -] running_deleted_instance_timeout = 0 log_opt_values /usr/lib/python3/dist-packages/oslo_config/cfg.py:2602
2025-07-10 00:40:15.230 142853 DEBUG oslo_service.service [req-18ea161f-6bb6-4b11-a059-25c33573cc74 - - - - -] scheduler_instance_sync_interval = 120 log_opt_values /usr/lib/python3/dist-packages/oslo_config/cfg.py:2602
2025-07-10 00:40:15.230 142853 DEBUG oslo_service.service [req-18ea161f-6bb6-4b11-a059-25c33573cc74 - - - - -] service_down_time = 60 log_opt_values /usr/lib/python3/dist-packages/oslo_config/cfg.py:2602
2025-07-10 00:40:15.230 142853 DEBUG oslo_service.service [req-18ea161f-6bb6-4b11-a059-25c33573cc74 - - - - -] servicegroup_driver = db log_opt_values /usr/lib/python3/dist-packages/oslo_config/cfg.py:2602
2025-07-10 00:40:15.230 142853 DEBUG oslo_service.service [req-18ea161f-6bb6-4b11-a059-25c33573cc74 - - - - -] shelved_offload_time = 0 log_opt_values /usr/lib/python3/dist-packages/oslo_config/cfg.py:2602
2025-07-10 00:40:15.230 142853 DEBUG oslo_service.service [req-18ea161f-6bb6-4b11-a059-25c33573cc74 - - - - -] shelved_poll_interval = 3600 log_opt_values /usr/lib/python3/dist-packages/oslo_config/cfg.py:2602
2025-07-10 00:40:15.231 142853 DEBUG oslo_service.service [req-18ea161f-6bb6-4b11-a059-25c33573cc74 - - - - -] shutdown_timeout = 60 log_opt_values /usr/lib/python3/dist-packages/oslo_config/cfg.py:2602
2025-07-10 00:40:15.231 142853 DEBUG oslo_service.service [req-18ea161f-6bb6-4b11-a059-25c33573cc74 - - - - -] source_is_ipv6 = False log_opt_values /usr/lib/python3/dist-packages/oslo_config/cfg.py:2602
2025-07-10 00:40:15.231 142853 DEBUG oslo_service.service [req-18ea161f-6bb6-4b11-a059-25c33573cc74 - - - - -] ssl_only = False log_opt_values /usr/lib/python3/dist-packages/oslo_config/cfg.py:2602
2025-07-10 00:40:15.231 142853 DEBUG oslo_service.service [req-18ea161f-6bb6-4b11-a059-25c33573cc74 - - - - -] state_path = /var/lib/nova log_opt_values /usr/lib/python3/dist-packages/oslo_config/cfg.py:2602
2025-07-10 00:40:15.231 142853 DEBUG oslo_service.service [req-18ea161f-6bb6-4b11-a059-25c33573cc74 - - - - -] sync_power_state_interval = 600 log_opt_values /usr/lib/python3/dist-packages/oslo_config/cfg.py:2602
2025-07-10 00:40:15.231 142853 DEBUG oslo_service.service [req-18ea161f-6bb6-4b11-a059-25c33573cc74 - - - - -] sync_power_state_pool_size = 1000 log_opt_values /usr/lib/python3/dist-packages/oslo_config/cfg.py:2602
2025-07-10 00:40:15.231 142853 DEBUG oslo_service.service [req-18ea161f-6bb6-4b11-a059-25c33573cc74 - - - - -] syslog_log_facility = LOG_USER log_opt_values /usr/lib/python3/dist-packages/oslo_config/cfg.py:2602
2025-07-10 00:40:15.232 142853 DEBUG oslo_service.service [req-18ea161f-6bb6-4b11-a059-25c33573cc74 - - - - -] tempdir = None log_opt_values /usr/lib/python3/dist-packages/oslo_config/cfg.py:2602
2025-07-10 00:40:15.232 142853 DEBUG oslo_service.service [req-18ea161f-6bb6-4b11-a059-25c33573cc74 - - - - -] timeout_nbd = 10 log_opt_values /usr/lib/python3/dist-packages/oslo_config/cfg.py:2602
2025-07-10 00:40:15.232 142853 DEBUG oslo_service.service [req-18ea161f-6bb6-4b11-a059-25c33573cc74 - - - - -] transport_url = **** log_opt_values /usr/lib/python3/dist-packages/oslo_config/cfg.py:2602
2025-07-10 00:40:15.232 142853 DEBUG oslo_service.service [req-18ea161f-6bb6-4b11-a059-25c33573cc74 - - - - -] update_resources_interval = 0 log_opt_values /usr/lib/python3/dist-packages/oslo_config/cfg.py:2602
2025-07-10 00:40:15.232 142853 DEBUG oslo_service.service [req-18ea161f-6bb6-4b11-a059-25c33573cc74 - - - - -] use_cow_images = True log_opt_values /usr/lib/python3/dist-packages/oslo_config/cfg.py:2602
2025-07-10 00:40:15.233 142853 DEBUG oslo_service.service [req-18ea161f-6bb6-4b11-a059-25c33573cc74 - - - - -] use_eventlog = False log_opt_values /usr/lib/python3/dist-packages/oslo_config/cfg.py:2602
2025-07-10 00:40:15.233 142853 DEBUG oslo_service.service [req-18ea161f-6bb6-4b11-a059-25c33573cc74 - - - - -] use_journal = False log_opt_values /usr/lib/python3/dist-packages/oslo_config/cfg.py:2602
2025-07-10 00:40:15.233 142853 DEBUG oslo_service.service [req-18ea161f-6bb6-4b11-a059-25c33573cc74 - - - - -] use_json = False log_opt_values /usr/lib/python3/dist-packages/oslo_config/cfg.py:2602
2025-07-10 00:40:15.233 142853 DEBUG oslo_service.service [req-18ea161f-6bb6-4b11-a059-25c33573cc74 - - - - -] use_rootwrap_daemon = False log_opt_values /usr/lib/python3/dist-packages/oslo_config/cfg.py:2602
2025-07-10 00:40:15.233 142853 DEBUG oslo_service.service [req-18ea161f-6bb6-4b11-a059-25c33573cc74 - - - - -] use_stderr = False log_opt_values /usr/lib/python3/dist-packages/oslo_config/cfg.py:2602
2025-07-10 00:40:15.234 142853 DEBUG oslo_service.service [req-18ea161f-6bb6-4b11-a059-25c33573cc74 - - - - -] use_syslog = False log_opt_values /usr/lib/python3/dist-packages/oslo_config/cfg.py:2602
2025-07-10 00:40:15.234 142853 DEBUG oslo_service.service [req-18ea161f-6bb6-4b11-a059-25c33573cc74 - - - - -] vcpu_pin_set = None log_opt_values /usr/lib/python3/dist-packages/oslo_config/cfg.py:2602
2025-07-10 00:40:15.234 142853 DEBUG oslo_service.service [req-18ea161f-6bb6-4b11-a059-25c33573cc74 - - - - -] vif_plugging_is_fatal = True log_opt_values /usr/lib/python3/dist-packages/oslo_config/cfg.py:2602
2025-07-10 00:40:15.234 142853 DEBUG oslo_service.service [req-18ea161f-6bb6-4b11-a059-25c33573cc74 - - - - -] vif_plugging_timeout = 300 log_opt_values /usr/lib/python3/dist-packages/oslo_config/cfg.py:2602
2025-07-10 00:40:15.234 142853 DEBUG oslo_service.service [req-18ea161f-6bb6-4b11-a059-25c33573cc74 - - - - -] virt_mkfs = [] log_opt_values /usr/lib/python3/dist-packages/oslo_config/cfg.py:2602
2025-07-10 00:40:15.235 142853 DEBUG oslo_service.service [req-18ea161f-6bb6-4b11-a059-25c33573cc74 - - - - -] volume_usage_poll_interval = 0 log_opt_values /usr/lib/python3/dist-packages/oslo_config/cfg.py:2602
2025-07-10 00:40:15.235 143160 DEBUG nova.service [req-edbca1b9-608a-4d8e-afce-b78d0143beec - - - - -] Creating RPC server for service scheduler start /usr/lib/python3/dist-packages/nova/service.py:182
2025-07-10 00:40:15.235 142853 DEBUG oslo_service.service [req-18ea161f-6bb6-4b11-a059-25c33573cc74 - - - - -] watch_log_file = False log_opt_values /usr/lib/python3/dist-packages/oslo_config/cfg.py:2602
2025-07-10 00:40:15.235 142853 DEBUG oslo_service.service [req-18ea161f-6bb6-4b11-a059-25c33573cc74 - - - - -] web = /usr/share/spice-html5 log_opt_values /usr/lib/python3/dist-packages/oslo_config/cfg.py:2602
2025-07-10 00:40:15.236 142853 DEBUG oslo_service.service [req-18ea161f-6bb6-4b11-a059-25c33573cc74 - - - - -] oslo_concurrency.disable_process_locking = False log_opt_values /usr/lib/python3/dist-packages/oslo_config/cfg.py:2609
2025-07-10 00:40:15.236 142853 DEBUG oslo_service.service [req-18ea161f-6bb6-4b11-a059-25c33573cc74 - - - - -] oslo_concurrency.lock_path = /var/lock/nova log_opt_values /usr/lib/python3/dist-packages/oslo_config/cfg.py:2609
2025-07-10 00:40:15.236 142853 WARNING oslo_config.cfg [req-18ea161f-6bb6-4b11-a059-25c33573cc74 - - - - -] Deprecated: Option "auth_strategy" from group "api" is deprecated for removal ( The only non-default choice, ``noauth2``, is for internal development and testing purposes only and should not be used in deployments. This option and its middleware, NoAuthMiddleware[V2_18], will be removed in a future release. ). Its value may be silently ignored in the future.
2025-07-10 00:40:15.237 142853 DEBUG oslo_service.service [req-18ea161f-6bb6-4b11-a059-25c33573cc74 - - - - -] api.auth_strategy = keystone log_opt_values /usr/lib/python3/dist-packages/oslo_config/cfg.py:2609
2025-07-10 00:40:15.238 142853 DEBUG oslo_service.service [req-18ea161f-6bb6-4b11-a059-25c33573cc74 - - - - -] api.compute_link_prefix = None log_opt_values /usr/lib/python3/dist-packages/oslo_config/cfg.py:2609
2025-07-10 00:40:15.239 142853 DEBUG oslo_service.service [req-18ea161f-6bb6-4b11-a059-25c33573cc74 - - - - -] api.config_drive_skip_versions = 1.0 2007-01-19 2007-03-01 2007-08-29 2007-10-10 2007-12-15 2008-02-01 2008-09-01 log_opt_values /usr/lib/python3/dist-packages/oslo_config/cfg.py:2609
2025-07-10 00:40:15.239 142853 DEBUG oslo_service.service [req-18ea161f-6bb6-4b11-a059-25c33573cc74 - - - - -] api.dhcp_domain = novalocal log_opt_values /usr/lib/python3/dist-packages/oslo_config/cfg.py:2609
2025-07-10 00:40:15.239 142853 DEBUG oslo_service.service [req-18ea161f-6bb6-4b11-a059-25c33573cc74 - - - - -] api.enable_instance_password = True log_opt_values /usr/lib/python3/dist-packages/oslo_config/cfg.py:2609
2025-07-10 00:40:15.239 142853 DEBUG oslo_service.service [req-18ea161f-6bb6-4b11-a059-25c33573cc74 - - - - -] api.glance_link_prefix = None log_opt_values /usr/lib/python3/dist-packages/oslo_config/cfg.py:2609
2025-07-10 00:40:15.240 142853 DEBUG oslo_service.service [req-18ea161f-6bb6-4b11-a059-25c33573cc74 - - - - -] api.instance_list_cells_batch_fixed_size = 100 log_opt_values /usr/lib/python3/dist-packages/oslo_config/cfg.py:2609
2025-07-10 00:40:15.241 142853 DEBUG oslo_service.service [req-18ea161f-6bb6-4b11-a059-25c33573cc74 - - - - -] api.instance_list_cells_batch_strategy = distributed log_opt_values /usr/lib/python3/dist-packages/oslo_config/cfg.py:2609
2025-07-10 00:40:15.241 142853 DEBUG oslo_service.service [req-18ea161f-6bb6-4b11-a059-25c33573cc74 - - - - -] api.instance_list_per_project_cells = False log_opt_values /usr/lib/python3/dist-packages/oslo_config/cfg.py:2609
2025-07-10 00:40:15.242 142853 DEBUG oslo_service.service [req-18ea161f-6bb6-4b11-a059-25c33573cc74 - - - - -] api.list_records_by_skipping_down_cells = True log_opt_values /usr/lib/python3/dist-packages/oslo_config/cfg.py:2609
2025-07-10 00:40:15.243 142853 DEBUG oslo_service.service [req-18ea161f-6bb6-4b11-a059-25c33573cc74 - - - - -] api.local_metadata_per_cell = False log_opt_values /usr/lib/python3/dist-packages/oslo_config/cfg.py:2609
2025-07-10 00:40:15.243 142853 DEBUG oslo_service.service [req-18ea161f-6bb6-4b11-a059-25c33573cc74 - - - - -] api.max_limit = 1000 log_opt_values /usr/lib/python3/dist-packages/oslo_config/cfg.py:2609
2025-07-10 00:40:15.243 142853 DEBUG oslo_service.service [req-18ea161f-6bb6-4b11-a059-25c33573cc74 - - - - -] api.metadata_cache_expiration = 15 log_opt_values /usr/lib/python3/dist-packages/oslo_config/cfg.py:2609
2025-07-10 00:40:15.243 142853 DEBUG oslo_service.service [req-18ea161f-6bb6-4b11-a059-25c33573cc74 - - - - -] api.neutron_default_tenant_id = default log_opt_values /usr/lib/python3/dist-packages/oslo_config/cfg.py:2609
2025-07-10 00:40:15.243 142853 DEBUG oslo_service.service [req-18ea161f-6bb6-4b11-a059-25c33573cc74 - - - - -] api.use_forwarded_for = False log_opt_values /usr/lib/python3/dist-packages/oslo_config/cfg.py:2609
2025-07-10 00:40:15.244 142853 DEBUG oslo_service.service [req-18ea161f-6bb6-4b11-a059-25c33573cc74 - - - - -] api.use_neutron_default_nets = False log_opt_values /usr/lib/python3/dist-packages/oslo_config/cfg.py:2609
2025-07-10 00:40:15.244 142853 DEBUG oslo_service.service [req-18ea161f-6bb6-4b11-a059-25c33573cc74 - - - - -] api.vendordata_dynamic_connect_timeout = 5 log_opt_values /usr/lib/python3/dist-packages/oslo_config/cfg.py:2609
2025-07-10 00:40:15.245 142853 DEBUG oslo_service.service [req-18ea161f-6bb6-4b11-a059-25c33573cc74 - - - - -] api.vendordata_dynamic_failure_fatal = False log_opt_values /usr/lib/python3/dist-packages/oslo_config/cfg.py:2609
2025-07-10 00:40:15.246 142853 DEBUG oslo_service.service [req-18ea161f-6bb6-4b11-a059-25c33573cc74 - - - - -] api.vendordata_dynamic_read_timeout = 5 log_opt_values /usr/lib/python3/dist-packages/oslo_config/cfg.py:2609
2025-07-10 00:40:15.246 142853 DEBUG oslo_service.service [req-18ea161f-6bb6-4b11-a059-25c33573cc74 - - - - -] api.vendordata_dynamic_ssl_certfile = log_opt_values /usr/lib/python3/dist-packages/oslo_config/cfg.py:2609
2025-07-10 00:40:15.247 142853 DEBUG oslo_service.service [req-18ea161f-6bb6-4b11-a059-25c33573cc74 - - - - -] api.vendordata_dynamic_targets = [] log_opt_values /usr/lib/python3/dist-packages/oslo_config/cfg.py:2609
2025-07-10 00:40:15.247 142853 DEBUG oslo_service.service [req-18ea161f-6bb6-4b11-a059-25c33573cc74 - - - - -] api.vendordata_jsonfile_path = None log_opt_values /usr/lib/python3/dist-packages/oslo_config/cfg.py:2609
2025-07-10 00:40:15.248 142853 DEBUG oslo_service.service [req-18ea161f-6bb6-4b11-a059-25c33573cc74 - - - - -] api.vendordata_providers = ['StaticJSON'] log_opt_values /usr/lib/python3/dist-packages/oslo_config/cfg.py:2609
2025-07-10 00:40:15.249 143157 DEBUG oslo_messaging._drivers.amqpdriver [-] Listener is running poll /usr/lib/python3/dist-packages/oslo_messaging/_drivers/amqpdriver.py:343
2025-07-10 00:40:15.250 143157 DEBUG oslo_messaging._drivers.amqpdriver [-] AMQPListener connection consume poll /usr/lib/python3/dist-packages/oslo_messaging/_drivers/amqpdriver.py:357
2025-07-10 00:40:15.249 142853 DEBUG oslo_service.service [req-18ea161f-6bb6-4b11-a059-25c33573cc74 - - - - -] cache.backend = dogpile.cache.null log_opt_values /usr/lib/python3/dist-packages/oslo_config/cfg.py:2609
2025-07-10 00:40:15.250 143159 DEBUG oslo_messaging._drivers.amqpdriver [-] Listener is running poll /usr/lib/python3/dist-packages/oslo_messaging/_drivers/amqpdriver.py:343
2025-07-10 00:40:15.251 143159 DEBUG oslo_messaging._drivers.amqpdriver [-] AMQPListener connection consume poll /usr/lib/python3/dist-packages/oslo_messaging/_drivers/amqpdriver.py:357
2025-07-10 00:40:15.250 142853 DEBUG oslo_service.service [req-18ea161f-6bb6-4b11-a059-25c33573cc74 - - - - -] cache.backend_argument = **** log_opt_values /usr/lib/python3/dist-packages/oslo_config/cfg.py:2609
2025-07-10 00:40:15.251 142853 DEBUG oslo_service.service [req-18ea161f-6bb6-4b11-a059-25c33573cc74 - - - - -] cache.config_prefix = cache.oslo log_opt_values /usr/lib/python3/dist-packages/oslo_config/cfg.py:2609
2025-07-10 00:40:15.251 143159 DEBUG nova.service [req-3cf5e0d5-0271-49df-843e-2cfd392de181 - - - - -] Join ServiceGroup membership for this service scheduler start /usr/lib/python3/dist-packages/nova/service.py:199
2025-07-10 00:40:15.250 143157 DEBUG nova.service [req-435c45f4-202b-45cc-a890-b138784d2383 - - - - -] Join ServiceGroup membership for this service scheduler start /usr/lib/python3/dist-packages/nova/service.py:199
2025-07-10 00:40:15.251 143159 DEBUG nova.servicegroup.drivers.db [req-3cf5e0d5-0271-49df-843e-2cfd392de181 - - - - -] DB_Driver: join new ServiceGroup member juju-f91a76-0-lxd-7 to the scheduler group, service = join /usr/lib/python3/dist-packages/nova/servicegroup/drivers/db.py:44
2025-07-10 00:40:15.251 142853 DEBUG oslo_service.service [req-18ea161f-6bb6-4b11-a059-25c33573cc74 - - - - -] cache.debug_cache_backend = False log_opt_values /usr/lib/python3/dist-packages/oslo_config/cfg.py:2609
2025-07-10 00:40:15.251 143157 DEBUG nova.servicegroup.drivers.db [req-435c45f4-202b-45cc-a890-b138784d2383 - - - - -] DB_Driver: join new ServiceGroup member juju-f91a76-0-lxd-7 to the scheduler group, service = join /usr/lib/python3/dist-packages/nova/servicegroup/drivers/db.py:44
2025-07-10 00:40:15.252 142853 DEBUG oslo_service.service [req-18ea161f-6bb6-4b11-a059-25c33573cc74 - - - - -] cache.enabled = False log_opt_values /usr/lib/python3/dist-packages/oslo_config/cfg.py:2609
2025-07-10 00:40:15.252 142853 DEBUG oslo_service.service [req-18ea161f-6bb6-4b11-a059-25c33573cc74 - - - - -] cache.expiration_time = 600 log_opt_values /usr/lib/python3/dist-packages/oslo_config/cfg.py:2609
2025-07-10 00:40:15.252 142853 DEBUG oslo_service.service [req-18ea161f-6bb6-4b11-a059-25c33573cc74 - - - - -] cache.memcache_dead_retry = 300 log_opt_values /usr/lib/python3/dist-packages/oslo_config/cfg.py:2609
2025-07-10 00:40:15.253 142853 DEBUG oslo_service.service [req-18ea161f-6bb6-4b11-a059-25c33573cc74 - - - - -] cache.memcache_pool_connection_get_timeout = 10 log_opt_values /usr/lib/python3/dist-packages/oslo_config/cfg.py:2609
2025-07-10 00:40:15.253 142853 DEBUG oslo_service.service [req-18ea161f-6bb6-4b11-a059-25c33573cc74 - - - - -] cache.memcache_pool_flush_on_reconnect = False log_opt_values /usr/lib/python3/dist-packages/oslo_config/cfg.py:2609
2025-07-10 00:40:15.253 142853 DEBUG oslo_service.service [req-18ea161f-6bb6-4b11-a059-25c33573cc74 - - - - -] cache.memcache_pool_maxsize = 10 log_opt_values /usr/lib/python3/dist-packages/oslo_config/cfg.py:2609
2025-07-10 00:40:15.253 142853 DEBUG oslo_service.service [req-18ea161f-6bb6-4b11-a059-25c33573cc74 - - - - -] cache.memcache_pool_unused_timeout = 60 log_opt_values /usr/lib/python3/dist-packages/oslo_config/cfg.py:2609
2025-07-10 00:40:15.253 143158 DEBUG oslo_messaging._drivers.amqpdriver [-] Listener is running poll /usr/lib/python3/dist-packages/oslo_messaging/_drivers/amqpdriver.py:343
2025-07-10 00:40:15.253 142853 DEBUG oslo_service.service [req-18ea161f-6bb6-4b11-a059-25c33573cc74 - - - - -] cache.memcache_servers = ['localhost:11211'] log_opt_values /usr/lib/python3/dist-packages/oslo_config/cfg.py:2609
2025-07-10 00:40:15.253 143158 DEBUG oslo_messaging._drivers.amqpdriver [-] AMQPListener connection consume poll /usr/lib/python3/dist-packages/oslo_messaging/_drivers/amqpdriver.py:357
2025-07-10 00:40:15.253 142853 DEBUG oslo_service.service [req-18ea161f-6bb6-4b11-a059-25c33573cc74 - - - - -] cache.memcache_socket_timeout = 1.0 log_opt_values /usr/lib/python3/dist-packages/oslo_config/cfg.py:2609
2025-07-10 00:40:15.254 142853 DEBUG oslo_service.service [req-18ea161f-6bb6-4b11-a059-25c33573cc74 - - - - -] cache.proxies = [] log_opt_values /usr/lib/python3/dist-packages/oslo_config/cfg.py:2609
2025-07-10 00:40:15.254 143157 DEBUG oslo_messaging._drivers.amqpdriver [-] AMQPListener connection timeout poll /usr/lib/python3/dist-packages/oslo_messaging/_drivers/amqpdriver.py:360
2025-07-10 00:40:15.254 142853 DEBUG oslo_service.service [req-18ea161f-6bb6-4b11-a059-25c33573cc74 - - - - -] cache.tls_allowed_ciphers = None log_opt_values /usr/lib/python3/dist-packages/oslo_config/cfg.py:2609
2025-07-10 00:40:15.254 143159 DEBUG oslo_messaging._drivers.amqpdriver [-] AMQPListener connection timeout poll /usr/lib/python3/dist-packages/oslo_messaging/_drivers/amqpdriver.py:360
2025-07-10 00:40:15.254 143157 DEBUG oslo_messaging._drivers.amqpdriver [-] Listener is running poll /usr/lib/python3/dist-packages/oslo_messaging/_drivers/amqpdriver.py:343
2025-07-10 00:40:15.254 143157 DEBUG oslo_messaging._drivers.amqpdriver [-] AMQPListener connection consume poll /usr/lib/python3/dist-packages/oslo_messaging/_drivers/amqpdriver.py:357
2025-07-10 00:40:15.254 142853 DEBUG oslo_service.service [req-18ea161f-6bb6-4b11-a059-25c33573cc74 - - - - -] cache.tls_cafile = None log_opt_values /usr/lib/python3/dist-packages/oslo_config/cfg.py:2609
2025-07-10 00:40:15.254 143159 DEBUG oslo_messaging._drivers.amqpdriver [-] Listener is running poll /usr/lib/python3/dist-packages/oslo_messaging/_drivers/amqpdriver.py:343
2025-07-10 00:40:15.254 143159 DEBUG oslo_messaging._drivers.amqpdriver [-] AMQPListener connection consume poll /usr/lib/python3/dist-packages/oslo_messaging/_drivers/amqpdriver.py:357
2025-07-10 00:40:15.254 142853 DEBUG oslo_service.service [req-18ea161f-6bb6-4b11-a059-25c33573cc74 - - - - -] cache.tls_certfile = None log_opt_values /usr/lib/python3/dist-packages/oslo_config/cfg.py:2609
2025-07-10 00:40:15.254 143158 DEBUG nova.service [req-38922486-ba8a-4944-b5ab-16015b96f054 - - - - -] Join ServiceGroup membership for this service scheduler start /usr/lib/python3/dist-packages/nova/service.py:199
2025-07-10 00:40:15.254 142853 DEBUG oslo_service.service [req-18ea161f-6bb6-4b11-a059-25c33573cc74 - - - - -] cache.tls_enabled = False log_opt_values /usr/lib/python3/dist-packages/oslo_config/cfg.py:2609
2025-07-10 00:40:15.254 142853 DEBUG oslo_service.service [req-18ea161f-6bb6-4b11-a059-25c33573cc74 - - - - -] cache.tls_keyfile = None log_opt_values /usr/lib/python3/dist-packages/oslo_config/cfg.py:2609
2025-07-10 00:40:15.254 143158 DEBUG nova.servicegroup.drivers.db [req-38922486-ba8a-4944-b5ab-16015b96f054 - - - - -] DB_Driver: join new ServiceGroup member juju-f91a76-0-lxd-7 to the scheduler group, service = join /usr/lib/python3/dist-packages/nova/servicegroup/drivers/db.py:44
