2025-07-10 00:40:14.325 142708 DEBUG oslo_service.service [req-1499762f-37ff-4614-b20d-1458898363d9 - - - - -] database.db_inc_retry_interval = True log_opt_values /usr/lib/python3/dist-packages/oslo_config/cfg.py:2609
2025-07-10 00:40:14.325 142708 DEBUG oslo_service.service [req-1499762f-37ff-4614-b20d-1458898363d9 - - - - -] database.db_max_retries = 20 log_opt_values /usr/lib/python3/dist-packages/oslo_config/cfg.py:2609
2025-07-10 00:40:14.325 142708 DEBUG oslo_service.service [req-1499762f-37ff-4614-b20d-1458898363d9 - - - - -] database.db_max_retry_interval = 10 log_opt_values /usr/lib/python3/dist-packages/oslo_config/cfg.py:2609
2025-07-10 00:40:14.325 142708 DEBUG oslo_service.service [req-1499762f-37ff-4614-b20d-1458898363d9 - - - - -] database.db_retry_interval = 1 log_opt_values /usr/lib/python3/dist-packages/oslo_config/cfg.py:2609
2025-07-10 00:40:14.325 142708 DEBUG oslo_service.service [req-1499762f-37ff-4614-b20d-1458898363d9 - - - - -] database.max_overflow = 50 log_opt_values /usr/lib/python3/dist-packages/oslo_config/cfg.py:2609
2025-07-10 00:40:14.326 142708 DEBUG oslo_service.service [req-1499762f-37ff-4614-b20d-1458898363d9 - - - - -] database.max_pool_size = 4 log_opt_values /usr/lib/python3/dist-packages/oslo_config/cfg.py:2609
2025-07-10 00:40:14.326 142708 DEBUG oslo_service.service [req-1499762f-37ff-4614-b20d-1458898363d9 - - - - -] database.max_retries = 10 log_opt_values /usr/lib/python3/dist-packages/oslo_config/cfg.py:2609
2025-07-10 00:40:14.326 142708 DEBUG oslo_service.service [req-1499762f-37ff-4614-b20d-1458898363d9 - - - - -] database.mysql_enable_ndb = False log_opt_values /usr/lib/python3/dist-packages/oslo_config/cfg.py:2609
2025-07-10 00:40:14.326 142708 DEBUG oslo_service.service [req-1499762f-37ff-4614-b20d-1458898363d9 - - - - -] database.mysql_sql_mode = TRADITIONAL log_opt_values /usr/lib/python3/dist-packages/oslo_config/cfg.py:2609
2025-07-10 00:40:14.326 142708 DEBUG oslo_service.service [req-1499762f-37ff-4614-b20d-1458898363d9 - - - - -] database.pool_timeout = None log_opt_values /usr/lib/python3/dist-packages/oslo_config/cfg.py:2609
2025-07-10 00:40:14.326 142708 DEBUG oslo_service.service [req-1499762f-37ff-4614-b20d-1458898363d9 - - - - -] database.retry_interval = 10 log_opt_values /usr/lib/python3/dist-packages/oslo_config/cfg.py:2609
2025-07-10 00:40:14.327 142708 DEBUG oslo_service.service [req-1499762f-37ff-4614-b20d-1458898363d9 - - - - -] database.slave_connection = **** log_opt_values /usr/lib/python3/dist-packages/oslo_config/cfg.py:2609
2025-07-10 00:40:14.327 142708 DEBUG oslo_service.service [req-1499762f-37ff-4614-b20d-1458898363d9 - - - - -] database.sqlite_synchronous = True log_opt_values /usr/lib/python3/dist-packages/oslo_config/cfg.py:2609
2025-07-10 00:40:14.327 142708 DEBUG oslo_service.service [req-1499762f-37ff-4614-b20d-1458898363d9 - - - - -] database.use_db_reconnect = False log_opt_values /usr/lib/python3/dist-packages/oslo_config/cfg.py:2609
2025-07-10 00:40:14.327 142708 DEBUG oslo_service.service [req-1499762f-37ff-4614-b20d-1458898363d9 - - - - -] api_database.backend = sqlalchemy log_opt_values /usr/lib/python3/dist-packages/oslo_config/cfg.py:2609
2025-07-10 00:40:14.327 142708 DEBUG oslo_service.service [req-1499762f-37ff-4614-b20d-1458898363d9 - - - - -] api_database.connection = **** log_opt_values /usr/lib/python3/dist-packages/oslo_config/cfg.py:2609
2025-07-10 00:40:14.327 142708 DEBUG oslo_service.service [req-1499762f-37ff-4614-b20d-1458898363d9 - - - - -] api_database.connection_debug = 0 log_opt_values /usr/lib/python3/dist-packages/oslo_config/cfg.py:2609
2025-07-10 00:40:14.327 142708 DEBUG oslo_service.service [req-1499762f-37ff-4614-b20d-1458898363d9 - - - - -] api_database.connection_parameters = log_opt_values /usr/lib/python3/dist-packages/oslo_config/cfg.py:2609
2025-07-10 00:40:14.328 142708 DEBUG oslo_service.service [req-1499762f-37ff-4614-b20d-1458898363d9 - - - - -] api_database.connection_recycle_time = 3600 log_opt_values /usr/lib/python3/dist-packages/oslo_config/cfg.py:2609
2025-07-10 00:40:14.328 142708 DEBUG oslo_service.service [req-1499762f-37ff-4614-b20d-1458898363d9 - - - - -] api_database.connection_trace = False log_opt_values /usr/lib/python3/dist-packages/oslo_config/cfg.py:2609
2025-07-10 00:40:14.329 142708 DEBUG oslo_service.service [req-1499762f-37ff-4614-b20d-1458898363d9 - - - - -] api_database.db_inc_retry_interval = True log_opt_values /usr/lib/python3/dist-packages/oslo_config/cfg.py:2609
2025-07-10 00:40:14.329 142708 DEBUG oslo_service.service [req-1499762f-37ff-4614-b20d-1458898363d9 - - - - -] api_database.db_max_retries = 20 log_opt_values /usr/lib/python3/dist-packages/oslo_config/cfg.py:2609
2025-07-10 00:40:14.329 142708 DEBUG oslo_service.service [req-1499762f-37ff-4614-b20d-1458898363d9 - - - - -] api_database.db_max_retry_interval = 10 log_opt_values /usr/lib/python3/dist-packages/oslo_config/cfg.py:2609
2025-07-10 00:40:14.329 142708 DEBUG oslo_service.service [req-1499762f-37ff-4614-b20d-1458898363d9 - - - - -] api_database.db_retry_interval = 1 log_opt_values /usr/lib/python3/dist-packages/oslo_config/cfg.py:2609
2025-07-10 00:40:14.330 142708 DEBUG oslo_service.service [req-1499762f-37ff-4614-b20d-1458898363d9 - - - - -] api_database.max_overflow = 50 log_opt_values /usr/lib/python3/dist-packages/oslo_config/cfg.py:2609
2025-07-10 00:40:14.330 142708 DEBUG oslo_service.service [req-1499762f-37ff-4614-b20d-1458898363d9 - - - - -] api_database.max_pool_size = 4 log_opt_values /usr/lib/python3/dist-packages/oslo_config/cfg.py:2609
2025-07-10 00:40:14.330 142708 DEBUG oslo_service.service [req-1499762f-37ff-4614-b20d-1458898363d9 - - - - -] api_database.max_retries = 10 log_opt_values /usr/lib/python3/dist-packages/oslo_config/cfg.py:2609
2025-07-10 00:40:14.330 142708 DEBUG oslo_service.service [req-1499762f-37ff-4614-b20d-1458898363d9 - - - - -] api_database.mysql_enable_ndb = False log_opt_values /usr/lib/python3/dist-packages/oslo_config/cfg.py:2609
2025-07-10 00:40:14.330 142708 DEBUG oslo_service.service [req-1499762f-37ff-4614-b20d-1458898363d9 - - - - -] api_database.mysql_sql_mode = TRADITIONAL log_opt_values /usr/lib/python3/dist-packages/oslo_config/cfg.py:2609
2025-07-10 00:40:14.330 142708 DEBUG oslo_service.service [req-1499762f-37ff-4614-b20d-1458898363d9 - - - - -] api_database.pool_timeout = None log_opt_values /usr/lib/python3/dist-packages/oslo_config/cfg.py:2609
2025-07-10 00:40:14.331 142708 DEBUG oslo_service.service [req-1499762f-37ff-4614-b20d-1458898363d9 - - - - -] api_database.retry_interval = 10 log_opt_values /usr/lib/python3/dist-packages/oslo_config/cfg.py:2609
2025-07-10 00:40:14.331 142708 DEBUG oslo_service.service [req-1499762f-37ff-4614-b20d-1458898363d9 - - - - -] api_database.slave_connection = **** log_opt_values /usr/lib/python3/dist-packages/oslo_config/cfg.py:2609
2025-07-10 00:40:14.331 142708 DEBUG oslo_service.service [req-1499762f-37ff-4614-b20d-1458898363d9 - - - - -] api_database.sqlite_synchronous = True log_opt_values /usr/lib/python3/dist-packages/oslo_config/cfg.py:2609
2025-07-10 00:40:14.331 142708 DEBUG oslo_service.service [req-1499762f-37ff-4614-b20d-1458898363d9 - - - - -] devices.enabled_mdev_types = [] log_opt_values /usr/lib/python3/dist-packages/oslo_config/cfg.py:2609
2025-07-10 00:40:14.332 142708 DEBUG oslo_service.service [req-1499762f-37ff-4614-b20d-1458898363d9 - - - - -] ephemeral_storage_encryption.cipher = aes-xts-plain64 log_opt_values /usr/lib/python3/dist-packages/oslo_config/cfg.py:2609
2025-07-10 00:40:14.332 142708 DEBUG oslo_service.service [req-1499762f-37ff-4614-b20d-1458898363d9 - - - - -] ephemeral_storage_encryption.enabled = False log_opt_values /usr/lib/python3/dist-packages/oslo_config/cfg.py:2609
2025-07-10 00:40:14.332 142708 DEBUG oslo_service.service [req-1499762f-37ff-4614-b20d-1458898363d9 - - - - -] ephemeral_storage_encryption.key_size = 512 log_opt_values /usr/lib/python3/dist-packages/oslo_config/cfg.py:2609
2025-07-10 00:40:14.333 142708 WARNING oslo_config.cfg [req-1499762f-37ff-4614-b20d-1458898363d9 - - - - -] Deprecated: Option "api_servers" from group "glance" is deprecated for removal ( Support for image service configuration via standard keystoneauth1 Adapter options was added in the 17.0.0 Queens release. The api_servers option was retained temporarily to allow consumers time to cut over to a real load balancing solution. ). Its value may be silently ignored in the future.
2025-07-10 00:40:14.333 142708 DEBUG oslo_service.service [req-1499762f-37ff-4614-b20d-1458898363d9 - - - - -] glance.api_servers = ['http://252.249.140.115:9292'] log_opt_values /usr/lib/python3/dist-packages/oslo_config/cfg.py:2609
2025-07-10 00:40:14.333 142708 DEBUG oslo_service.service [req-1499762f-37ff-4614-b20d-1458898363d9 - - - - -] glance.cafile = None log_opt_values /usr/lib/python3/dist-packages/oslo_config/cfg.py:2609
2025-07-10 00:40:14.333 142708 DEBUG oslo_service.service [req-1499762f-37ff-4614-b20d-1458898363d9 - - - - -] glance.certfile = None log_opt_values /usr/lib/python3/dist-packages/oslo_config/cfg.py:2609
2025-07-10 00:40:14.333 142708 DEBUG oslo_service.service [req-1499762f-37ff-4614-b20d-1458898363d9 - - - - -] glance.collect_timing = False log_opt_values /usr/lib/python3/dist-packages/oslo_config/cfg.py:2609
2025-07-10 00:40:14.334 142708 DEBUG oslo_service.service [req-1499762f-37ff-4614-b20d-1458898363d9 - - - - -] glance.connect_retries = None log_opt_values /usr/lib/python3/dist-packages/oslo_config/cfg.py:2609
2025-07-10 00:40:14.334 142708 DEBUG oslo_service.service [req-1499762f-37ff-4614-b20d-1458898363d9 - - - - -] glance.connect_retry_delay = None log_opt_values /usr/lib/python3/dist-packages/oslo_config/cfg.py:2609
2025-07-10 00:40:14.334 142708 DEBUG oslo_service.service [req-1499762f-37ff-4614-b20d-1458898363d9 - - - - -] glance.debug = False log_opt_values /usr/lib/python3/dist-packages/oslo_config/cfg.py:2609
2025-07-10 00:40:14.334 143154 DEBUG oslo_messaging._drivers.amqpdriver [-] Listener is running poll /usr/lib/python3/dist-packages/oslo_messaging/_drivers/amqpdriver.py:343
2025-07-10 00:40:14.334 142708 DEBUG oslo_service.service [req-1499762f-37ff-4614-b20d-1458898363d9 - - - - -] glance.default_trusted_certificate_ids = [] log_opt_values /usr/lib/python3/dist-packages/oslo_config/cfg.py:2609
2025-07-10 00:40:14.334 143154 DEBUG oslo_messaging._drivers.amqpdriver [-] AMQPListener connection consume poll /usr/lib/python3/dist-packages/oslo_messaging/_drivers/amqpdriver.py:357
2025-07-10 00:40:14.334 142708 DEBUG oslo_service.service [req-1499762f-37ff-4614-b20d-1458898363d9 - - - - -] glance.enable_certificate_validation = False log_opt_values /usr/lib/python3/dist-packages/oslo_config/cfg.py:2609
2025-07-10 00:40:14.334 142708 DEBUG oslo_service.service [req-1499762f-37ff-4614-b20d-1458898363d9 - - - - -] glance.enable_rbd_download = False log_opt_values /usr/lib/python3/dist-packages/oslo_config/cfg.py:2609
2025-07-10 00:40:14.335 142708 DEBUG oslo_service.service [req-1499762f-37ff-4614-b20d-1458898363d9 - - - - -] glance.endpoint_override = None log_opt_values /usr/lib/python3/dist-packages/oslo_config/cfg.py:2609
2025-07-10 00:40:14.335 142708 DEBUG oslo_service.service [req-1499762f-37ff-4614-b20d-1458898363d9 - - - - -] glance.insecure = False log_opt_values /usr/lib/python3/dist-packages/oslo_config/cfg.py:2609
2025-07-10 00:40:14.335 143154 DEBUG nova.service [req-7a4294a7-8dc3-4e89-8fd1-246377d4a53f - - - - -] Join ServiceGroup membership for this service conductor start /usr/lib/python3/dist-packages/nova/service.py:199
2025-07-10 00:40:14.335 142708 DEBUG oslo_service.service [req-1499762f-37ff-4614-b20d-1458898363d9 - - - - -] glance.keyfile = None log_opt_values /usr/lib/python3/dist-packages/oslo_config/cfg.py:2609
2025-07-10 00:40:14.335 143153 DEBUG oslo_messaging._drivers.amqpdriver [-] Listener is running poll /usr/lib/python3/dist-packages/oslo_messaging/_drivers/amqpdriver.py:343
2025-07-10 00:40:14.335 142708 DEBUG oslo_service.service [req-1499762f-37ff-4614-b20d-1458898363d9 - - - - -] glance.max_version = None log_opt_values /usr/lib/python3/dist-packages/oslo_config/cfg.py:2609
2025-07-10 00:40:14.335 143154 DEBUG nova.servicegroup.drivers.db [req-7a4294a7-8dc3-4e89-8fd1-246377d4a53f - - - - -] DB_Driver: join new ServiceGroup member juju-f91a76-0-lxd-7 to the conductor group, service = join /usr/lib/python3/dist-packages/nova/servicegroup/drivers/db.py:44
2025-07-10 00:40:14.335 142708 DEBUG oslo_service.service [req-1499762f-37ff-4614-b20d-1458898363d9 - - - - -] glance.min_version = None log_opt_values /usr/lib/python3/dist-packages/oslo_config/cfg.py:2609
2025-07-10 00:40:14.335 142708 DEBUG oslo_service.service [req-1499762f-37ff-4614-b20d-1458898363d9 - - - - -] glance.num_retries = 3 log_opt_values /usr/lib/python3/dist-packages/oslo_config/cfg.py:2609
2025-07-10 00:40:14.335 143153 DEBUG oslo_messaging._drivers.amqpdriver [-] AMQPListener connection consume poll /usr/lib/python3/dist-packages/oslo_messaging/_drivers/amqpdriver.py:357
2025-07-10 00:40:14.336 142708 DEBUG oslo_service.service [req-1499762f-37ff-4614-b20d-1458898363d9 - - - - -] glance.rbd_ceph_conf = log_opt_values /usr/lib/python3/dist-packages/oslo_config/cfg.py:2609
2025-07-10 00:40:14.336 142708 DEBUG oslo_service.service [req-1499762f-37ff-4614-b20d-1458898363d9 - - - - -] glance.rbd_connect_timeout = 5 log_opt_values /usr/lib/python3/dist-packages/oslo_config/cfg.py:2609
2025-07-10 00:40:14.336 142708 DEBUG oslo_service.service [req-1499762f-37ff-4614-b20d-1458898363d9 - - - - -] glance.rbd_pool = log_opt_values /usr/lib/python3/dist-packages/oslo_config/cfg.py:2609
2025-07-10 00:40:14.336 142708 DEBUG oslo_service.service [req-1499762f-37ff-4614-b20d-1458898363d9 - - - - -] glance.rbd_user = log_opt_values /usr/lib/python3/dist-packages/oslo_config/cfg.py:2609
2025-07-10 00:40:14.336 142708 DEBUG oslo_service.service [req-1499762f-37ff-4614-b20d-1458898363d9 - - - - -] glance.region_name = None log_opt_values /usr/lib/python3/dist-packages/oslo_config/cfg.py:2609
2025-07-10 00:40:14.336 143154 DEBUG oslo_messaging._drivers.amqpdriver [-] received message msg_id: 847a651e78aa4af1a096dc02e442c1f4 reply to reply_d897f945b952446289070c725a85e9c6 __call__ /usr/lib/python3/dist-packages/oslo_messaging/_drivers/amqpdriver.py:320
2025-07-10 00:40:14.336 142708 DEBUG oslo_service.service [req-1499762f-37ff-4614-b20d-1458898363d9 - - - - -] glance.service_name = None log_opt_values /usr/lib/python3/dist-packages/oslo_config/cfg.py:2609
2025-07-10 00:40:14.337 142708 DEBUG oslo_service.service [req-1499762f-37ff-4614-b20d-1458898363d9 - - - - -] glance.service_type = image log_opt_values /usr/lib/python3/dist-packages/oslo_config/cfg.py:2609
2025-07-10 00:40:14.337 142708 DEBUG oslo_service.service [req-1499762f-37ff-4614-b20d-1458898363d9 - - - - -] glance.split_loggers = False log_opt_values /usr/lib/python3/dist-packages/oslo_config/cfg.py:2609
2025-07-10 00:40:14.337 142708 DEBUG oslo_service.service [req-1499762f-37ff-4614-b20d-1458898363d9 - - - - -] glance.status_code_retries = None log_opt_values /usr/lib/python3/dist-packages/oslo_config/cfg.py:2609
2025-07-10 00:40:14.337 142708 DEBUG oslo_service.service [req-1499762f-37ff-4614-b20d-1458898363d9 - - - - -] glance.status_code_retry_delay = None log_opt_values /usr/lib/python3/dist-packages/oslo_config/cfg.py:2609
2025-07-10 00:40:14.336 143153 DEBUG nova.service [req-0bb580d7-7a32-4129-a6c2-b6664b0b0b9e - - - - -] Join ServiceGroup membership for this service conductor start /usr/lib/python3/dist-packages/nova/service.py:199
2025-07-10 00:40:14.337 142708 DEBUG oslo_service.service [req-1499762f-37ff-4614-b20d-1458898363d9 - - - - -] glance.timeout = None log_opt_values /usr/lib/python3/dist-packages/oslo_config/cfg.py:2609
2025-07-10 00:40:14.337 142708 DEBUG oslo_service.service [req-1499762f-37ff-4614-b20d-1458898363d9 - - - - -] glance.valid_interfaces = ['internal', 'public'] log_opt_values /usr/lib/python3/dist-packages/oslo_config/cfg.py:2609
2025-07-10 00:40:14.337 142708 DEBUG oslo_service.service [req-1499762f-37ff-4614-b20d-1458898363d9 - - - - -] glance.verify_glance_signatures = False log_opt_values /usr/lib/python3/dist-packages/oslo_config/cfg.py:2609
2025-07-10 00:40:14.338 142708 DEBUG oslo_service.service [req-1499762f-37ff-4614-b20d-1458898363d9 - - - - -] glance.version = None log_opt_values /usr/lib/python3/dist-packages/oslo_config/cfg.py:2609
2025-07-10 00:40:14.338 142708 DEBUG oslo_service.service [req-1499762f-37ff-4614-b20d-1458898363d9 - - - - -] guestfs.debug = False log_opt_values /usr/lib/python3/dist-packages/oslo_config/cfg.py:2609
2025-07-10 00:40:14.338 142708 DEBUG oslo_service.service [req-1499762f-37ff-4614-b20d-1458898363d9 - - - - -] hyperv.config_drive_cdrom = False log_opt_values /usr/lib/python3/dist-packages/oslo_config/cfg.py:2609
2025-07-10 00:40:14.338 142708 DEBUG oslo_service.service [req-1499762f-37ff-4614-b20d-1458898363d9 - - - - -] hyperv.config_drive_inject_password = False log_opt_values /usr/lib/python3/dist-packages/oslo_config/cfg.py:2609
2025-07-10 00:40:14.338 143154 DEBUG oslo_messaging._drivers.amqpdriver [-] AMQPListener connection timeout poll /usr/lib/python3/dist-packages/oslo_messaging/_drivers/amqpdriver.py:360
2025-07-10 00:40:14.338 142708 DEBUG oslo_service.service [req-1499762f-37ff-4614-b20d-1458898363d9 - - - - -] hyperv.dynamic_memory_ratio = 1.0 log_opt_values /usr/lib/python3/dist-packages/oslo_config/cfg.py:2609
2025-07-10 00:40:14.337 143153 DEBUG nova.servicegroup.drivers.db [req-0bb580d7-7a32-4129-a6c2-b6664b0b0b9e - - - - -] DB_Driver: join new ServiceGroup member juju-f91a76-0-lxd-7 to the conductor group, service = join /usr/lib/python3/dist-packages/nova/servicegroup/drivers/db.py:44
2025-07-10 00:40:14.338 142708 DEBUG oslo_service.service [req-1499762f-37ff-4614-b20d-1458898363d9 - - - - -] hyperv.enable_instance_metrics_collection = False log_opt_values /usr/lib/python3/dist-packages/oslo_config/cfg.py:2609
2025-07-10 00:40:14.338 143154 DEBUG oslo_messaging._drivers.amqpdriver [-] Listener is running poll /usr/lib/python3/dist-packages/oslo_messaging/_drivers/amqpdriver.py:343
2025-07-10 00:40:14.339 143154 DEBUG oslo_messaging._drivers.amqpdriver [-] Poll the incoming message with unique_id: 4148ce181ff646a29f094216c323ce7e poll /usr/lib/python3/dist-packages/oslo_messaging/_drivers/amqpdriver.py:346
2025-07-10 00:40:14.339 142708 DEBUG oslo_service.service [req-1499762f-37ff-4614-b20d-1458898363d9 - - - - -] hyperv.enable_remotefx = False log_opt_values /usr/lib/python3/dist-packages/oslo_config/cfg.py:2609
2025-07-10 00:40:14.339 142708 DEBUG oslo_service.service [req-1499762f-37ff-4614-b20d-1458898363d9 - - - - -] hyperv.instances_path_share = log_opt_values /usr/lib/python3/dist-packages/oslo_config/cfg.py:2609
2025-07-10 00:40:14.339 142708 DEBUG oslo_service.service [req-1499762f-37ff-4614-b20d-1458898363d9 - - - - -] hyperv.iscsi_initiator_list = [] log_opt_values /usr/lib/python3/dist-packages/oslo_config/cfg.py:2609
2025-07-10 00:40:14.339 143154 DEBUG oslo_messaging._drivers.amqpdriver [-] Listener is running poll /usr/lib/python3/dist-packages/oslo_messaging/_drivers/amqpdriver.py:343
2025-07-10 00:40:14.339 142708 DEBUG oslo_service.service [req-1499762f-37ff-4614-b20d-1458898363d9 - - - - -] hyperv.limit_cpu_features = False log_opt_values /usr/lib/python3/dist-packages/oslo_config/cfg.py:2609
2025-07-10 00:40:14.339 143154 DEBUG oslo_messaging._drivers.amqpdriver [-] AMQPListener connection consume poll /usr/lib/python3/dist-packages/oslo_messaging/_drivers/amqpdriver.py:357
2025-07-10 00:40:14.339 142708 DEBUG oslo_service.service [req-1499762f-37ff-4614-b20d-1458898363d9 - - - - -] hyperv.mounted_disk_query_retry_count = 10 log_opt_values /usr/lib/python3/dist-packages/oslo_config/cfg.py:2609
2025-07-10 00:40:14.339 142708 DEBUG oslo_service.service [req-1499762f-37ff-4614-b20d-1458898363d9 - - - - -] hyperv.mounted_disk_query_retry_interval = 5 log_opt_values /usr/lib/python3/dist-packages/oslo_config/cfg.py:2609
2025-07-10 00:40:14.340 142708 DEBUG oslo_service.service [req-1499762f-37ff-4614-b20d-1458898363d9 - - - - -] hyperv.power_state_check_timeframe = 60 log_opt_values /usr/lib/python3/dist-packages/oslo_config/cfg.py:2609
2025-07-10 00:40:14.340 142708 DEBUG oslo_service.service [req-1499762f-37ff-4614-b20d-1458898363d9 - - - - -] hyperv.power_state_event_polling_interval = 2 log_opt_values /usr/lib/python3/dist-packages/oslo_config/cfg.py:2609
2025-07-10 00:40:14.340 142708 DEBUG oslo_service.service [req-1499762f-37ff-4614-b20d-1458898363d9 - - - - -] hyperv.qemu_img_cmd = qemu-img.exe log_opt_values /usr/lib/python3/dist-packages/oslo_config/cfg.py:2609
2025-07-10 00:40:14.340 142708 DEBUG oslo_service.service [req-1499762f-37ff-4614-b20d-1458898363d9 - - - - -] hyperv.use_multipath_io = False log_opt_values /usr/lib/python3/dist-packages/oslo_config/cfg.py:2609
2025-07-10 00:40:14.340 142708 DEBUG oslo_service.service [req-1499762f-37ff-4614-b20d-1458898363d9 - - - - -] hyperv.volume_attach_retry_count = 10 log_opt_values /usr/lib/python3/dist-packages/oslo_config/cfg.py:2609
2025-07-10 00:40:14.340 142708 DEBUG oslo_service.service [req-1499762f-37ff-4614-b20d-1458898363d9 - - - - -] hyperv.volume_attach_retry_interval = 5 log_opt_values /usr/lib/python3/dist-packages/oslo_config/cfg.py:2609
2025-07-10 00:40:14.340 142708 DEBUG oslo_service.service [req-1499762f-37ff-4614-b20d-1458898363d9 - - - - -] hyperv.vswitch_name = None log_opt_values /usr/lib/python3/dist-packages/oslo_config/cfg.py:2609
2025-07-10 00:40:14.341 142708 DEBUG oslo_service.service [req-1499762f-37ff-4614-b20d-1458898363d9 - - - - -] hyperv.wait_soft_reboot_seconds = 60 log_opt_values /usr/lib/python3/dist-packages/oslo_config/cfg.py:2609
2025-07-10 00:40:14.341 142708 DEBUG oslo_service.service [req-1499762f-37ff-4614-b20d-1458898363d9 - - - - -] mks.enabled = False log_opt_values /usr/lib/python3/dist-packages/oslo_config/cfg.py:2609
2025-07-10 00:40:14.341 143153 DEBUG oslo_messaging._drivers.amqpdriver [-] AMQPListener connection timeout poll /usr/lib/python3/dist-packages/oslo_messaging/_drivers/amqpdriver.py:360
2025-07-10 00:40:14.341 143153 DEBUG oslo_messaging._drivers.amqpdriver [-] Listener is running poll /usr/lib/python3/dist-packages/oslo_messaging/_drivers/amqpdriver.py:343
2025-07-10 00:40:14.341 143153 DEBUG oslo_messaging._drivers.amqpdriver [-] AMQPListener connection consume poll /usr/lib/python3/dist-packages/oslo_messaging/_drivers/amqpdriver.py:357
2025-07-10 00:40:14.341 142708 DEBUG oslo_service.service [req-1499762f-37ff-4614-b20d-1458898363d9 - - - - -] mks.mksproxy_base_url = http://127.0.0.1:6090/ log_opt_values /usr/lib/python3/dist-packages/oslo_config/cfg.py:2609
2025-07-10 00:40:14.342 142708 DEBUG oslo_service.service [req-1499762f-37ff-4614-b20d-1458898363d9 - - - - -] image_cache.manager_interval = 2400 log_opt_values /usr/lib/python3/dist-packages/oslo_config/cfg.py:2609
2025-07-10 00:40:14.342 142708 DEBUG oslo_service.service [req-1499762f-37ff-4614-b20d-1458898363d9 - - - - -] image_cache.precache_concurrency = 1 log_opt_values /usr/lib/python3/dist-packages/oslo_config/cfg.py:2609
2025-07-10 00:40:14.342 142708 DEBUG oslo_service.service [req-1499762f-37ff-4614-b20d-1458898363d9 - - - - -] image_cache.remove_unused_base_images = True log_opt_values /usr/lib/python3/dist-packages/oslo_config/cfg.py:2609
2025-07-10 00:40:14.343 142708 DEBUG oslo_service.service [req-1499762f-37ff-4614-b20d-1458898363d9 - - - - -] image_cache.remove_unused_original_minimum_age_seconds = 86400 log_opt_values /usr/lib/python3/dist-packages/oslo_config/cfg.py:2609
2025-07-10 00:40:14.343 142708 DEBUG oslo_service.service [req-1499762f-37ff-4614-b20d-1458898363d9 - - - - -] image_cache.remove_unused_resized_minimum_age_seconds = 3600 log_opt_values /usr/lib/python3/dist-packages/oslo_config/cfg.py:2609
2025-07-10 00:40:14.343 142708 DEBUG oslo_service.service [req-1499762f-37ff-4614-b20d-1458898363d9 - - - - -] image_cache.subdirectory_name = _base log_opt_values /usr/lib/python3/dist-packages/oslo_config/cfg.py:2609
2025-07-10 00:40:14.343 142708 DEBUG oslo_service.service [req-1499762f-37ff-4614-b20d-1458898363d9 - - - - -] ironic.api_max_retries = 60 log_opt_values /usr/lib/python3/dist-packages/oslo_config/cfg.py:2609
2025-07-10 00:40:14.343 142708 DEBUG oslo_service.service [req-1499762f-37ff-4614-b20d-1458898363d9 - - - - -] ironic.api_retry_interval = 2 log_opt_values /usr/lib/python3/dist-packages/oslo_config/cfg.py:2609
2025-07-10 00:40:14.343 142708 DEBUG oslo_service.service [req-1499762f-37ff-4614-b20d-1458898363d9 - - - - -] ironic.auth_section = None log_opt_values /usr/lib/python3/dist-packages/oslo_config/cfg.py:2609
2025-07-10 00:40:14.344 142708 DEBUG oslo_service.service [req-1499762f-37ff-4614-b20d-1458898363d9 - - - - -] ironic.auth_type = None log_opt_values /usr/lib/python3/dist-packages/oslo_config/cfg.py:2609
2025-07-10 00:40:14.344 142708 DEBUG oslo_service.service [req-1499762f-37ff-4614-b20d-1458898363d9 - - - - -] ironic.cafile = None log_opt_values /usr/lib/python3/dist-packages/oslo_config/cfg.py:2609
2025-07-10 00:40:14.344 142708 DEBUG oslo_service.service [req-1499762f-37ff-4614-b20d-1458898363d9 - - - - -] ironic.certfile = None log_opt_values /usr/lib/python3/dist-packages/oslo_config/cfg.py:2609
2025-07-10 00:40:14.344 142708 DEBUG oslo_service.service [req-1499762f-37ff-4614-b20d-1458898363d9 - - - - -] ironic.collect_timing = False log_opt_values /usr/lib/python3/dist-packages/oslo_config/cfg.py:2609
2025-07-10 00:40:14.344 142708 DEBUG oslo_service.service [req-1499762f-37ff-4614-b20d-1458898363d9 - - - - -] ironic.connect_retries = None log_opt_values /usr/lib/python3/dist-packages/oslo_config/cfg.py:2609
2025-07-10 00:40:14.344 142708 DEBUG oslo_service.service [req-1499762f-37ff-4614-b20d-1458898363d9 - - - - -] ironic.connect_retry_delay = None log_opt_values /usr/lib/python3/dist-packages/oslo_config/cfg.py:2609
2025-07-10 00:40:14.344 142708 DEBUG oslo_service.service [req-1499762f-37ff-4614-b20d-1458898363d9 - - - - -] ironic.endpoint_override = None log_opt_values /usr/lib/python3/dist-packages/oslo_config/cfg.py:2609
2025-07-10 00:40:14.345 142708 DEBUG oslo_service.service [req-1499762f-37ff-4614-b20d-1458898363d9 - - - - -] ironic.insecure = False log_opt_values /usr/lib/python3/dist-packages/oslo_config/cfg.py:2609
2025-07-10 00:40:14.344 143156 DEBUG oslo_messaging._drivers.amqpdriver [-] Listener is running poll /usr/lib/python3/dist-packages/oslo_messaging/_drivers/amqpdriver.py:343
2025-07-10 00:40:14.345 142708 DEBUG oslo_service.service [req-1499762f-37ff-4614-b20d-1458898363d9 - - - - -] ironic.keyfile = None log_opt_values /usr/lib/python3/dist-packages/oslo_config/cfg.py:2609
2025-07-10 00:40:14.345 142708 DEBUG oslo_service.service [req-1499762f-37ff-4614-b20d-1458898363d9 - - - - -] ironic.max_version = None log_opt_values /usr/lib/python3/dist-packages/oslo_config/cfg.py:2609
2025-07-10 00:40:14.345 143156 DEBUG oslo_messaging._drivers.amqpdriver [-] AMQPListener connection consume poll /usr/lib/python3/dist-packages/oslo_messaging/_drivers/amqpdriver.py:357
2025-07-10 00:40:14.345 142708 DEBUG oslo_service.service [req-1499762f-37ff-4614-b20d-1458898363d9 - - - - -] ironic.min_version = None log_opt_values /usr/lib/python3/dist-packages/oslo_config/cfg.py:2609
2025-07-10 00:40:14.345 142708 DEBUG oslo_service.service [req-1499762f-37ff-4614-b20d-1458898363d9 - - - - -] ironic.partition_key = None log_opt_values /usr/lib/python3/dist-packages/oslo_config/cfg.py:2609
2025-07-10 00:40:14.345 142708 DEBUG oslo_service.service [req-1499762f-37ff-4614-b20d-1458898363d9 - - - - -] ironic.peer_list = [] log_opt_values /usr/lib/python3/dist-packages/oslo_config/cfg.py:2609
2025-07-10 00:40:14.346 142708 DEBUG oslo_service.service [req-1499762f-37ff-4614-b20d-1458898363d9 - - - - -] ironic.region_name = None log_opt_values /usr/lib/python3/dist-packages/oslo_config/cfg.py:2609
2025-07-10 00:40:14.346 142708 DEBUG oslo_service.service [req-1499762f-37ff-4614-b20d-1458898363d9 - - - - -] ironic.serial_console_state_timeout = 10 log_opt_values /usr/lib/python3/dist-packages/oslo_config/cfg.py:2609
2025-07-10 00:40:14.346 142708 DEBUG oslo_service.service [req-1499762f-37ff-4614-b20d-1458898363d9 - - - - -] ironic.service_name = None log_opt_values /usr/lib/python3/dist-packages/oslo_config/cfg.py:2609
2025-07-10 00:40:14.346 142708 DEBUG oslo_service.service [req-1499762f-37ff-4614-b20d-1458898363d9 - - - - -] ironic.service_type = baremetal log_opt_values /usr/lib/python3/dist-packages/oslo_config/cfg.py:2609
2025-07-10 00:40:14.346 142708 DEBUG oslo_service.service [req-1499762f-37ff-4614-b20d-1458898363d9 - - - - -] ironic.split_loggers = False log_opt_values /usr/lib/python3/dist-packages/oslo_config/cfg.py:2609
2025-07-10 00:40:14.345 143156 DEBUG nova.service [req-04ae47dc-392e-4345-8872-676a298fe7d6 - - - - -] Join ServiceGroup membership for this service conductor start /usr/lib/python3/dist-packages/nova/service.py:199
2025-07-10 00:40:14.346 142708 DEBUG oslo_service.service [req-1499762f-37ff-4614-b20d-1458898363d9 - - - - -] ironic.status_code_retries = None log_opt_values /usr/lib/python3/dist-packages/oslo_config/cfg.py:2609
2025-07-10 00:40:14.346 142708 DEBUG oslo_service.service [req-1499762f-37ff-4614-b20d-1458898363d9 - - - - -] ironic.status_code_retry_delay = None log_opt_values /usr/lib/python3/dist-packages/oslo_config/cfg.py:2609
2025-07-10 00:40:14.347 142708 DEBUG oslo_service.service [req-1499762f-37ff-4614-b20d-1458898363d9 - - - - -] ironic.timeout = None log_opt_values /usr/lib/python3/dist-packages/oslo_config/cfg.py:2609
2025-07-10 00:40:14.347 142708 DEBUG oslo_service.service [req-1499762f-37ff-4614-b20d-1458898363d9 - - - - -] ironic.valid_interfaces = ['internal', 'public'] log_opt_values /usr/lib/python3/dist-packages/oslo_config/cfg.py:2609
2025-07-10 00:40:14.347 143156 DEBUG nova.servicegroup.drivers.db [req-04ae47dc-392e-4345-8872-676a298fe7d6 - - - - -] DB_Driver: join new ServiceGroup member juju-f91a76-0-lxd-7 to the conductor group, service = join /usr/lib/python3/dist-packages/nova/servicegroup/drivers/db.py:44
2025-07-10 00:40:14.347 142708 DEBUG oslo_service.service [req-1499762f-37ff-4614-b20d-1458898363d9 - - - - -] ironic.version = None log_opt_values /usr/lib/python3/dist-packages/oslo_config/cfg.py:2609
2025-07-10 00:40:14.347 142708 DEBUG oslo_service.service [req-1499762f-37ff-4614-b20d-1458898363d9 - - - - -] key_manager.backend = barbican log_opt_values /usr/lib/python3/dist-packages/oslo_config/cfg.py:2609
2025-07-10 00:40:14.347 142708 DEBUG oslo_service.service [req-1499762f-37ff-4614-b20d-1458898363d9 - - - - -] key_manager.fixed_key = **** log_opt_values /usr/lib/python3/dist-packages/oslo_config/cfg.py:2609
2025-07-10 00:40:14.348 142708 DEBUG oslo_service.service [req-1499762f-37ff-4614-b20d-1458898363d9 - - - - -] barbican.auth_endpoint = http://localhost/identity/v3 log_opt_values /usr/lib/python3/dist-packages/oslo_config/cfg.py:2609
2025-07-10 00:40:14.348 142708 DEBUG oslo_service.service [req-1499762f-37ff-4614-b20d-1458898363d9 - - - - -] barbican.barbican_api_version = None log_opt_values /usr/lib/python3/dist-packages/oslo_config/cfg.py:2609
2025-07-10 00:40:14.348 142708 DEBUG oslo_service.service [req-1499762f-37ff-4614-b20d-1458898363d9 - - - - -] barbican.barbican_endpoint = None log_opt_values /usr/lib/python3/dist-packages/oslo_config/cfg.py:2609
2025-07-10 00:40:14.348 142708 DEBUG oslo_service.service [req-1499762f-37ff-4614-b20d-1458898363d9 - - - - -] barbican.barbican_endpoint_type = public log_opt_values /usr/lib/python3/dist-packages/oslo_config/cfg.py:2609
2025-07-10 00:40:14.348 142708 DEBUG oslo_service.service [req-1499762f-37ff-4614-b20d-1458898363d9 - - - - -] barbican.barbican_region_name = None log_opt_values /usr/lib/python3/dist-packages/oslo_config/cfg.py:2609
2025-07-10 00:40:14.349 142708 DEBUG oslo_service.service [req-1499762f-37ff-4614-b20d-1458898363d9 - - - - -] barbican.cafile = None log_opt_values /usr/lib/python3/dist-packages/oslo_config/cfg.py:2609
2025-07-10 00:40:14.349 142708 DEBUG oslo_service.service [req-1499762f-37ff-4614-b20d-1458898363d9 - - - - -] barbican.certfile = None log_opt_values /usr/lib/python3/dist-packages/oslo_config/cfg.py:2609
2025-07-10 00:40:14.349 142708 DEBUG oslo_service.service [req-1499762f-37ff-4614-b20d-1458898363d9 - - - - -] barbican.collect_timing = False log_opt_values /usr/lib/python3/dist-packages/oslo_config/cfg.py:2609
2025-07-10 00:40:14.349 142708 DEBUG oslo_service.service [req-1499762f-37ff-4614-b20d-1458898363d9 - - - - -] barbican.insecure = False log_opt_values /usr/lib/python3/dist-packages/oslo_config/cfg.py:2609
2025-07-10 00:40:14.349 142708 DEBUG oslo_service.service [req-1499762f-37ff-4614-b20d-1458898363d9 - - - - -] barbican.keyfile = None log_opt_values /usr/lib/python3/dist-packages/oslo_config/cfg.py:2609
2025-07-10 00:40:14.349 142708 DEBUG oslo_service.service [req-1499762f-37ff-4614-b20d-1458898363d9 - - - - -] barbican.number_of_retries = 60 log_opt_values /usr/lib/python3/dist-packages/oslo_config/cfg.py:2609
2025-07-10 00:40:14.350 142708 DEBUG oslo_service.service [req-1499762f-37ff-4614-b20d-1458898363d9 - - - - -] barbican.retry_delay = 1 log_opt_values /usr/lib/python3/dist-packages/oslo_config/cfg.py:2609
2025-07-10 00:40:14.350 142708 DEBUG oslo_service.service [req-1499762f-37ff-4614-b20d-1458898363d9 - - - - -] barbican.send_service_user_token = False log_opt_values /usr/lib/python3/dist-packages/oslo_config/cfg.py:2609
2025-07-10 00:40:14.350 143156 DEBUG oslo_messaging._drivers.amqpdriver [-] AMQPListener connection timeout poll /usr/lib/python3/dist-packages/oslo_messaging/_drivers/amqpdriver.py:360
2025-07-10 00:40:14.350 143156 DEBUG oslo_messaging._drivers.amqpdriver [-] Listener is running poll /usr/lib/python3/dist-packages/oslo_messaging/_drivers/amqpdriver.py:343
2025-07-10 00:40:14.350 142708 DEBUG oslo_service.service [req-1499762f-37ff-4614-b20d-1458898363d9 - - - - -] barbican.split_loggers = False log_opt_values /usr/lib/python3/dist-packages/oslo_config/cfg.py:2609
2025-07-10 00:40:14.350 143156 DEBUG oslo_messaging._drivers.amqpdriver [-] AMQPListener connection consume poll /usr/lib/python3/dist-packages/oslo_messaging/_drivers/amqpdriver.py:357
2025-07-10 00:40:14.350 142708 DEBUG oslo_service.service [req-1499762f-37ff-4614-b20d-1458898363d9 - - - - -] barbican.timeout = None log_opt_values /usr/lib/python3/dist-packages/oslo_config/cfg.py:2609
2025-07-10 00:40:14.350 142708 DEBUG oslo_service.service [req-1499762f-37ff-4614-b20d-1458898363d9 - - - - -] barbican.verify_ssl = True log_opt_values /usr/lib/python3/dist-packages/oslo_config/cfg.py:2609
2025-07-10 00:40:14.350 142708 DEBUG oslo_service.service [req-1499762f-37ff-4614-b20d-1458898363d9 - - - - -] barbican.verify_ssl_path = None log_opt_values /usr/lib/python3/dist-packages/oslo_config/cfg.py:2609
2025-07-10 00:40:14.351 142708 DEBUG oslo_service.service [req-1499762f-37ff-4614-b20d-1458898363d9 - - - - -] barbican_service_user.auth_section = None log_opt_values /usr/lib/python3/dist-packages/oslo_config/cfg.py:2609
2025-07-10 00:40:14.351 142708 DEBUG oslo_service.service [req-1499762f-37ff-4614-b20d-1458898363d9 - - - - -] barbican_service_user.auth_type = None log_opt_values /usr/lib/python3/dist-packages/oslo_config/cfg.py:2609
2025-07-10 00:40:14.351 142708 DEBUG oslo_service.service [req-1499762f-37ff-4614-b20d-1458898363d9 - - - - -] barbican_service_user.cafile = None log_opt_values /usr/lib/python3/dist-packages/oslo_config/cfg.py:2609
2025-07-10 00:40:14.351 142708 DEBUG oslo_service.service [req-1499762f-37ff-4614-b20d-1458898363d9 - - - - -] barbican_service_user.certfile = None log_opt_values /usr/lib/python3/dist-packages/oslo_config/cfg.py:2609
2025-07-10 00:40:14.351 142708 DEBUG oslo_service.service [req-1499762f-37ff-4614-b20d-1458898363d9 - - - - -] barbican_service_user.collect_timing = False log_opt_values /usr/lib/python3/dist-packages/oslo_config/cfg.py:2609
2025-07-10 00:40:14.351 142708 DEBUG oslo_service.service [req-1499762f-37ff-4614-b20d-1458898363d9 - - - - -] barbican_service_user.insecure = False log_opt_values /usr/lib/python3/dist-packages/oslo_config/cfg.py:2609
2025-07-10 00:40:14.351 142708 DEBUG oslo_service.service [req-1499762f-37ff-4614-b20d-1458898363d9 - - - - -] barbican_service_user.keyfile = None log_opt_values /usr/lib/python3/dist-packages/oslo_config/cfg.py:2609
2025-07-10 00:40:14.352 142708 DEBUG oslo_service.service [req-1499762f-37ff-4614-b20d-1458898363d9 - - - - -] barbican_service_user.split_loggers = False log_opt_values /usr/lib/python3/dist-packages/oslo_config/cfg.py:2609
2025-07-10 00:40:14.352 142708 DEBUG oslo_service.service [req-1499762f-37ff-4614-b20d-1458898363d9 - - - - -] barbican_service_user.timeout = None log_opt_values /usr/lib/python3/dist-packages/oslo_config/cfg.py:2609
2025-07-10 00:40:14.352 142708 DEBUG oslo_service.service [req-1499762f-37ff-4614-b20d-1458898363d9 - - - - -] vault.approle_role_id = None log_opt_values /usr/lib/python3/dist-packages/oslo_config/cfg.py:2609
2025-07-10 00:40:14.352 142708 DEBUG oslo_service.service [req-1499762f-37ff-4614-b20d-1458898363d9 - - - - -] vault.approle_secret_id = None log_opt_values /usr/lib/python3/dist-packages/oslo_config/cfg.py:2609
2025-07-10 00:40:14.352 142708 DEBUG oslo_service.service [req-1499762f-37ff-4614-b20d-1458898363d9 - - - - -] vault.cafile = None log_opt_values /usr/lib/python3/dist-packages/oslo_config/cfg.py:2609
2025-07-10 00:40:14.352 142708 DEBUG oslo_service.service [req-1499762f-37ff-4614-b20d-1458898363d9 - - - - -] vault.certfile = None log_opt_values /usr/lib/python3/dist-packages/oslo_config/cfg.py:2609
2025-07-10 00:40:14.353 142708 DEBUG oslo_service.service [req-1499762f-37ff-4614-b20d-1458898363d9 - - - - -] vault.collect_timing = False log_opt_values /usr/lib/python3/dist-packages/oslo_config/cfg.py:2609
2025-07-10 00:40:14.353 142708 DEBUG oslo_service.service [req-1499762f-37ff-4614-b20d-1458898363d9 - - - - -] vault.insecure = False log_opt_values /usr/lib/python3/dist-packages/oslo_config/cfg.py:2609
2025-07-10 00:40:14.353 142708 DEBUG oslo_service.service [req-1499762f-37ff-4614-b20d-1458898363d9 - - - - -] vault.keyfile = None log_opt_values /usr/lib/python3/dist-packages/oslo_config/cfg.py:2609
2025-07-10 00:40:14.353 142708 DEBUG oslo_service.service [req-1499762f-37ff-4614-b20d-1458898363d9 - - - - -] vault.kv_mountpoint = secret log_opt_values /usr/lib/python3/dist-packages/oslo_config/cfg.py:2609
2025-07-10 00:40:14.353 142708 DEBUG oslo_service.service [req-1499762f-37ff-4614-b20d-1458898363d9 - - - - -] vault.kv_version = 2 log_opt_values /usr/lib/python3/dist-packages/oslo_config/cfg.py:2609
2025-07-10 00:40:14.353 142708 DEBUG oslo_service.service [req-1499762f-37ff-4614-b20d-1458898363d9 - - - - -] vault.namespace = None log_opt_values /usr/lib/python3/dist-packages/oslo_config/cfg.py:2609
2025-07-10 00:40:14.353 142708 DEBUG oslo_service.service [req-1499762f-37ff-4614-b20d-1458898363d9 - - - - -] vault.root_token_id = None log_opt_values /usr/lib/python3/dist-packages/oslo_config/cfg.py:2609
2025-07-10 00:40:14.354 142708 DEBUG oslo_service.service [req-1499762f-37ff-4614-b20d-1458898363d9 - - - - -] vault.split_loggers = False log_opt_values /usr/lib/python3/dist-packages/oslo_config/cfg.py:2609
2025-07-10 00:40:14.354 142708 DEBUG oslo_service.service [req-1499762f-37ff-4614-b20d-1458898363d9 - - - - -] vault.ssl_ca_crt_file = None log_opt_values /usr/lib/python3/dist-packages/oslo_config/cfg.py:2609
2025-07-10 00:40:14.354 142708 DEBUG oslo_service.service [req-1499762f-37ff-4614-b20d-1458898363d9 - - - - -] vault.timeout = None log_opt_values /usr/lib/python3/dist-packages/oslo_config/cfg.py:2609
2025-07-10 00:40:14.354 142708 DEBUG oslo_service.service [req-1499762f-37ff-4614-b20d-1458898363d9 - - - - -] vault.use_ssl = False log_opt_values /usr/lib/python3/dist-packages/oslo_config/cfg.py:2609
2025-07-10 00:40:14.354 142708 DEBUG oslo_service.service [req-1499762f-37ff-4614-b20d-1458898363d9 - - - - -] vault.vault_url = http://127.0.0.1:8200 log_opt_values /usr/lib/python3/dist-packages/oslo_config/cfg.py:2609
2025-07-10 00:40:14.354 142708 DEBUG oslo_service.service [req-1499762f-37ff-4614-b20d-1458898363d9 - - - - -] keystone.cafile = None log_opt_values /usr/lib/python3/dist-packages/oslo_config/cfg.py:2609
2025-07-10 00:40:14.355 142708 DEBUG oslo_service.service [req-1499762f-37ff-4614-b20d-1458898363d9 - - - - -] keystone.certfile = None log_opt_values /usr/lib/python3/dist-packages/oslo_config/cfg.py:2609
2025-07-10 00:40:14.355 142708 DEBUG oslo_service.service [req-1499762f-37ff-4614-b20d-1458898363d9 - - - - -] keystone.collect_timing = False log_opt_values /usr/lib/python3/dist-packages/oslo_config/cfg.py:2609
2025-07-10 00:40:14.355 142708 DEBUG oslo_service.service [req-1499762f-37ff-4614-b20d-1458898363d9 - - - - -] keystone.connect_retries = None log_opt_values /usr/lib/python3/dist-packages/oslo_config/cfg.py:2609
2025-07-10 00:40:14.355 142708 DEBUG oslo_service.service [req-1499762f-37ff-4614-b20d-1458898363d9 - - - - -] keystone.connect_retry_delay = None log_opt_values /usr/lib/python3/dist-packages/oslo_config/cfg.py:2609
2025-07-10 00:40:14.355 142708 DEBUG oslo_service.service [req-1499762f-37ff-4614-b20d-1458898363d9 - - - - -] keystone.endpoint_override = None log_opt_values /usr/lib/python3/dist-packages/oslo_config/cfg.py:2609
2025-07-10 00:40:14.355 142708 DEBUG oslo_service.service [req-1499762f-37ff-4614-b20d-1458898363d9 - - - - -] keystone.insecure = False log_opt_values /usr/lib/python3/dist-packages/oslo_config/cfg.py:2609
2025-07-10 00:40:14.356 142708 DEBUG oslo_service.service [req-1499762f-37ff-4614-b20d-1458898363d9 - - - - -] keystone.keyfile = None log_opt_values /usr/lib/python3/dist-packages/oslo_config/cfg.py:2609
2025-07-10 00:40:14.356 142708 DEBUG oslo_service.service [req-1499762f-37ff-4614-b20d-1458898363d9 - - - - -] keystone.max_version = None log_opt_values /usr/lib/python3/dist-packages/oslo_config/cfg.py:2609
2025-07-10 00:40:14.356 142708 DEBUG oslo_service.service [req-1499762f-37ff-4614-b20d-1458898363d9 - - - - -] keystone.min_version = None log_opt_values /usr/lib/python3/dist-packages/oslo_config/cfg.py:2609
2025-07-10 00:40:14.356 142708 DEBUG oslo_service.service [req-1499762f-37ff-4614-b20d-1458898363d9 - - - - -] keystone.region_name = None log_opt_values /usr/lib/python3/dist-packages/oslo_config/cfg.py:2609
2025-07-10 00:40:14.356 142708 DEBUG oslo_service.service [req-1499762f-37ff-4614-b20d-1458898363d9 - - - - -] keystone.service_name = None log_opt_values /usr/lib/python3/dist-packages/oslo_config/cfg.py:2609
2025-07-10 00:40:14.356 142708 DEBUG oslo_service.service [req-1499762f-37ff-4614-b20d-1458898363d9 - - - - -] keystone.service_type = identity log_opt_values /usr/lib/python3/dist-packages/oslo_config/cfg.py:2609
2025-07-10 00:40:14.357 142708 DEBUG oslo_service.service [req-1499762f-37ff-4614-b20d-1458898363d9 - - - - -] keystone.split_loggers = False log_opt_values /usr/lib/python3/dist-packages/oslo_config/cfg.py:2609
2025-07-10 00:40:14.357 142708 DEBUG oslo_service.service [req-1499762f-37ff-4614-b20d-1458898363d9 - - - - -] keystone.status_code_retries = None log_opt_values /usr/lib/python3/dist-packages/oslo_config/cfg.py:2609
2025-07-10 00:40:14.357 142708 DEBUG oslo_service.service [req-1499762f-37ff-4614-b20d-1458898363d9 - - - - -] keystone.status_code_retry_delay = None log_opt_values /usr/lib/python3/dist-packages/oslo_config/cfg.py:2609
2025-07-10 00:40:14.357 142708 DEBUG oslo_service.service [req-1499762f-37ff-4614-b20d-1458898363d9 - - - - -] keystone.timeout = None log_opt_values /usr/lib/python3/dist-packages/oslo_config/cfg.py:2609
2025-07-10 00:40:14.357 142708 DEBUG oslo_service.service [req-1499762f-37ff-4614-b20d-1458898363d9 - - - - -] keystone.valid_interfaces = ['internal', 'public'] log_opt_values /usr/lib/python3/dist-packages/oslo_config/cfg.py:2609
2025-07-10 00:40:14.357 142708 DEBUG oslo_service.service [req-1499762f-37ff-4614-b20d-1458898363d9 - - - - -] keystone.version = None log_opt_values /usr/lib/python3/dist-packages/oslo_config/cfg.py:2609
2025-07-10 00:40:14.359 142708 DEBUG oslo_service.service [req-1499762f-37ff-4614-b20d-1458898363d9 - - - - -] libvirt.connection_uri = log_opt_values /usr/lib/python3/dist-packages/oslo_config/cfg.py:2609
2025-07-10 00:40:14.359 142708 DEBUG oslo_service.service [req-1499762f-37ff-4614-b20d-1458898363d9 - - - - -] libvirt.cpu_mode = None log_opt_values /usr/lib/python3/dist-packages/oslo_config/cfg.py:2609
2025-07-10 00:40:14.359 142708 DEBUG oslo_service.service [req-1499762f-37ff-4614-b20d-1458898363d9 - - - - -] libvirt.cpu_model_extra_flags = [] log_opt_values /usr/lib/python3/dist-packages/oslo_config/cfg.py:2609
2025-07-10 00:40:14.359 142708 DEBUG oslo_service.service [req-1499762f-37ff-4614-b20d-1458898363d9 - - - - -] libvirt.cpu_models = [] log_opt_values /usr/lib/python3/dist-packages/oslo_config/cfg.py:2609
2025-07-10 00:40:14.360 142708 DEBUG oslo_service.service [req-1499762f-37ff-4614-b20d-1458898363d9 - - - - -] libvirt.device_detach_attempts = 8 log_opt_values /usr/lib/python3/dist-packages/oslo_config/cfg.py:2609
2025-07-10 00:40:14.360 142708 DEBUG oslo_service.service [req-1499762f-37ff-4614-b20d-1458898363d9 - - - - -] libvirt.device_detach_timeout = 20 log_opt_values /usr/lib/python3/dist-packages/oslo_config/cfg.py:2609
2025-07-10 00:40:14.360 142708 DEBUG oslo_service.service [req-1499762f-37ff-4614-b20d-1458898363d9 - - - - -] libvirt.disk_cachemodes = [] log_opt_values /usr/lib/python3/dist-packages/oslo_config/cfg.py:2609
2025-07-10 00:40:14.360 142708 DEBUG oslo_service.service [req-1499762f-37ff-4614-b20d-1458898363d9 - - - - -] libvirt.disk_prefix = None log_opt_values /usr/lib/python3/dist-packages/oslo_config/cfg.py:2609
2025-07-10 00:40:14.360 142708 DEBUG oslo_service.service [req-1499762f-37ff-4614-b20d-1458898363d9 - - - - -] libvirt.enabled_perf_events = [] log_opt_values /usr/lib/python3/dist-packages/oslo_config/cfg.py:2609
2025-07-10 00:40:14.360 142708 DEBUG oslo_service.service [req-1499762f-37ff-4614-b20d-1458898363d9 - - - - -] libvirt.file_backed_memory = 0 log_opt_values /usr/lib/python3/dist-packages/oslo_config/cfg.py:2609
2025-07-10 00:40:14.361 142708 DEBUG oslo_service.service [req-1499762f-37ff-4614-b20d-1458898363d9 - - - - -] libvirt.gid_maps = [] log_opt_values /usr/lib/python3/dist-packages/oslo_config/cfg.py:2609
2025-07-10 00:40:14.361 142708 DEBUG oslo_service.service [req-1499762f-37ff-4614-b20d-1458898363d9 - - - - -] libvirt.hw_disk_discard = None log_opt_values /usr/lib/python3/dist-packages/oslo_config/cfg.py:2609
2025-07-10 00:40:14.361 142708 DEBUG oslo_service.service [req-1499762f-37ff-4614-b20d-1458898363d9 - - - - -] libvirt.hw_machine_type = None log_opt_values /usr/lib/python3/dist-packages/oslo_config/cfg.py:2609
2025-07-10 00:40:14.361 142708 DEBUG oslo_service.service [req-1499762f-37ff-4614-b20d-1458898363d9 - - - - -] libvirt.images_rbd_ceph_conf = log_opt_values /usr/lib/python3/dist-packages/oslo_config/cfg.py:2609
2025-07-10 00:40:14.361 142708 DEBUG oslo_service.service [req-1499762f-37ff-4614-b20d-1458898363d9 - - - - -] libvirt.images_rbd_glance_copy_poll_interval = 15 log_opt_values /usr/lib/python3/dist-packages/oslo_config/cfg.py:2609
2025-07-10 00:40:14.361 142708 DEBUG oslo_service.service [req-1499762f-37ff-4614-b20d-1458898363d9 - - - - -] libvirt.images_rbd_glance_copy_timeout = 600 log_opt_values /usr/lib/python3/dist-packages/oslo_config/cfg.py:2609
2025-07-10 00:40:14.361 142708 DEBUG oslo_service.service [req-1499762f-37ff-4614-b20d-1458898363d9 - - - - -] libvirt.images_rbd_glance_store_name = log_opt_values /usr/lib/python3/dist-packages/oslo_config/cfg.py:2609
2025-07-10 00:40:14.362 142708 DEBUG oslo_service.service [req-1499762f-37ff-4614-b20d-1458898363d9 - - - - -] libvirt.images_rbd_pool = rbd log_opt_values /usr/lib/python3/dist-packages/oslo_config/cfg.py:2609
2025-07-10 00:40:14.361 143155 DEBUG oslo_messaging._drivers.amqpdriver [-] Listener is running poll /usr/lib/python3/dist-packages/oslo_messaging/_drivers/amqpdriver.py:343
2025-07-10 00:40:14.362 142708 DEBUG oslo_service.service [req-1499762f-37ff-4614-b20d-1458898363d9 - - - - -] libvirt.images_type = default log_opt_values /usr/lib/python3/dist-packages/oslo_config/cfg.py:2609
2025-07-10 00:40:14.362 143155 DEBUG oslo_messaging._drivers.amqpdriver [-] AMQPListener connection consume poll /usr/lib/python3/dist-packages/oslo_messaging/_drivers/amqpdriver.py:357
2025-07-10 00:40:14.362 142708 DEBUG oslo_service.service [req-1499762f-37ff-4614-b20d-1458898363d9 - - - - -] libvirt.images_volume_group = None log_opt_values /usr/lib/python3/dist-packages/oslo_config/cfg.py:2609
2025-07-10 00:40:14.362 142708 DEBUG oslo_service.service [req-1499762f-37ff-4614-b20d-1458898363d9 - - - - -] libvirt.inject_key = False log_opt_values /usr/lib/python3/dist-packages/oslo_config/cfg.py:2609
2025-07-10 00:40:14.362 142708 DEBUG oslo_service.service [req-1499762f-37ff-4614-b20d-1458898363d9 - - - - -] libvirt.inject_partition = -2 log_opt_values /usr/lib/python3/dist-packages/oslo_config/cfg.py:2609
2025-07-10 00:40:14.362 142708 DEBUG oslo_service.service [req-1499762f-37ff-4614-b20d-1458898363d9 - - - - -] libvirt.inject_password = False log_opt_values /usr/lib/python3/dist-packages/oslo_config/cfg.py:2609
2025-07-10 00:40:14.363 142708 DEBUG oslo_service.service [req-1499762f-37ff-4614-b20d-1458898363d9 - - - - -] libvirt.iscsi_iface = None log_opt_values /usr/lib/python3/dist-packages/oslo_config/cfg.py:2609
