2025-07-10 00:38:08.783 37364 DEBUG oslo_service.service [-] clients_barbican.cert_file = None log_opt_values /usr/lib/python3/dist-packages/oslo_config/cfg.py:2609
2025-07-10 00:38:08.783 37364 DEBUG oslo_service.service [-] clients_barbican.endpoint_type = None log_opt_values /usr/lib/python3/dist-packages/oslo_config/cfg.py:2609
2025-07-10 00:38:08.783 37364 DEBUG oslo_service.service [-] clients_barbican.insecure = None log_opt_values /usr/lib/python3/dist-packages/oslo_config/cfg.py:2609
2025-07-10 00:38:08.783 37364 DEBUG oslo_service.service [-] clients_barbican.key_file = None log_opt_values /usr/lib/python3/dist-packages/oslo_config/cfg.py:2609
2025-07-10 00:38:08.784 37364 DEBUG oslo_service.service [-] clients_cinder.ca_file = None log_opt_values /usr/lib/python3/dist-packages/oslo_config/cfg.py:2609
2025-07-10 00:38:08.784 37364 DEBUG oslo_service.service [-] clients_cinder.cert_file = None log_opt_values /usr/lib/python3/dist-packages/oslo_config/cfg.py:2609
2025-07-10 00:38:08.784 37364 DEBUG oslo_service.service [-] clients_cinder.endpoint_type = None log_opt_values /usr/lib/python3/dist-packages/oslo_config/cfg.py:2609
2025-07-10 00:38:08.784 37364 DEBUG oslo_service.service [-] clients_cinder.http_log_debug = False log_opt_values /usr/lib/python3/dist-packages/oslo_config/cfg.py:2609
2025-07-10 00:38:08.784 37364 DEBUG oslo_service.service [-] clients_cinder.insecure = None log_opt_values /usr/lib/python3/dist-packages/oslo_config/cfg.py:2609
2025-07-10 00:38:08.784 37364 DEBUG oslo_service.service [-] clients_cinder.key_file = None log_opt_values /usr/lib/python3/dist-packages/oslo_config/cfg.py:2609
2025-07-10 00:38:08.784 37364 DEBUG oslo_service.service [-] clients_designate.ca_file = None log_opt_values /usr/lib/python3/dist-packages/oslo_config/cfg.py:2609
2025-07-10 00:38:08.784 37364 DEBUG oslo_service.service [-] clients_designate.cert_file = None log_opt_values /usr/lib/python3/dist-packages/oslo_config/cfg.py:2609
2025-07-10 00:38:08.784 37364 DEBUG oslo_service.service [-] clients_designate.endpoint_type = None log_opt_values /usr/lib/python3/dist-packages/oslo_config/cfg.py:2609
2025-07-10 00:38:08.784 37364 DEBUG oslo_service.service [-] clients_designate.insecure = None log_opt_values /usr/lib/python3/dist-packages/oslo_config/cfg.py:2609
2025-07-10 00:38:08.785 37364 DEBUG oslo_service.service [-] clients_designate.key_file = None log_opt_values /usr/lib/python3/dist-packages/oslo_config/cfg.py:2609
2025-07-10 00:38:08.785 37364 DEBUG oslo_service.service [-] clients_glance.ca_file = None log_opt_values /usr/lib/python3/dist-packages/oslo_config/cfg.py:2609
2025-07-10 00:38:08.785 37364 DEBUG oslo_service.service [-] clients_glance.cert_file = None log_opt_values /usr/lib/python3/dist-packages/oslo_config/cfg.py:2609
2025-07-10 00:38:08.785 37364 DEBUG oslo_service.service [-] clients_glance.endpoint_type = None log_opt_values /usr/lib/python3/dist-packages/oslo_config/cfg.py:2609
2025-07-10 00:38:08.785 37364 DEBUG oslo_service.service [-] clients_glance.insecure = None log_opt_values /usr/lib/python3/dist-packages/oslo_config/cfg.py:2609
2025-07-10 00:38:08.785 37364 DEBUG oslo_service.service [-] clients_glance.key_file = None log_opt_values /usr/lib/python3/dist-packages/oslo_config/cfg.py:2609
2025-07-10 00:38:08.785 37364 DEBUG oslo_service.service [-] clients_heat.ca_file = None log_opt_values /usr/lib/python3/dist-packages/oslo_config/cfg.py:2609
2025-07-10 00:38:08.788 37364 DEBUG oslo_service.service [-] clients_heat.cert_file = None log_opt_values /usr/lib/python3/dist-packages/oslo_config/cfg.py:2609
2025-07-10 00:38:08.789 37364 DEBUG oslo_service.service [-] clients_heat.endpoint_type = None log_opt_values /usr/lib/python3/dist-packages/oslo_config/cfg.py:2609
2025-07-10 00:38:08.789 37364 DEBUG oslo_service.service [-] clients_heat.insecure = None log_opt_values /usr/lib/python3/dist-packages/oslo_config/cfg.py:2609
2025-07-10 00:38:08.789 37364 DEBUG oslo_service.service [-] clients_heat.key_file = None log_opt_values /usr/lib/python3/dist-packages/oslo_config/cfg.py:2609
2025-07-10 00:38:08.789 37364 DEBUG oslo_service.service [-] clients_heat.url = log_opt_values /usr/lib/python3/dist-packages/oslo_config/cfg.py:2609
2025-07-10 00:38:08.789 37364 DEBUG oslo_service.service [-] clients_keystone.auth_uri = http://252.249.249.132:5050 log_opt_values /usr/lib/python3/dist-packages/oslo_config/cfg.py:2609
2025-07-10 00:38:08.789 37364 DEBUG oslo_service.service [-] clients_keystone.ca_file = None log_opt_values /usr/lib/python3/dist-packages/oslo_config/cfg.py:2609
2025-07-10 00:38:08.790 37364 DEBUG oslo_service.service [-] clients_keystone.cert_file = None log_opt_values /usr/lib/python3/dist-packages/oslo_config/cfg.py:2609
2025-07-10 00:38:08.790 37364 DEBUG oslo_service.service [-] clients_keystone.endpoint_type = None log_opt_values /usr/lib/python3/dist-packages/oslo_config/cfg.py:2609
2025-07-10 00:38:08.790 37364 DEBUG oslo_service.service [-] clients_keystone.insecure = None log_opt_values /usr/lib/python3/dist-packages/oslo_config/cfg.py:2609
2025-07-10 00:38:08.791 37364 DEBUG oslo_service.service [-] clients_keystone.key_file = None log_opt_values /usr/lib/python3/dist-packages/oslo_config/cfg.py:2609
2025-07-10 00:38:08.791 37364 DEBUG oslo_service.service [-] clients_magnum.ca_file = None log_opt_values /usr/lib/python3/dist-packages/oslo_config/cfg.py:2609
2025-07-10 00:38:08.791 37364 DEBUG oslo_service.service [-] clients_magnum.cert_file = None log_opt_values /usr/lib/python3/dist-packages/oslo_config/cfg.py:2609
2025-07-10 00:38:08.794 37364 DEBUG oslo_service.service [-] clients_magnum.endpoint_type = None log_opt_values /usr/lib/python3/dist-packages/oslo_config/cfg.py:2609
2025-07-10 00:38:08.794 37364 DEBUG oslo_service.service [-] clients_magnum.insecure = None log_opt_values /usr/lib/python3/dist-packages/oslo_config/cfg.py:2609
2025-07-10 00:38:08.794 37364 DEBUG oslo_service.service [-] clients_magnum.key_file = None log_opt_values /usr/lib/python3/dist-packages/oslo_config/cfg.py:2609
2025-07-10 00:38:08.795 37364 DEBUG oslo_service.service [-] clients_manila.ca_file = None log_opt_values /usr/lib/python3/dist-packages/oslo_config/cfg.py:2609
2025-07-10 00:38:08.795 37364 DEBUG oslo_service.service [-] clients_manila.cert_file = None log_opt_values /usr/lib/python3/dist-packages/oslo_config/cfg.py:2609
2025-07-10 00:38:08.795 37364 DEBUG oslo_service.service [-] clients_manila.endpoint_type = None log_opt_values /usr/lib/python3/dist-packages/oslo_config/cfg.py:2609
2025-07-10 00:38:08.796 37364 DEBUG oslo_service.service [-] clients_manila.insecure = None log_opt_values /usr/lib/python3/dist-packages/oslo_config/cfg.py:2609
2025-07-10 00:38:08.796 37364 DEBUG oslo_service.service [-] clients_manila.key_file = None log_opt_values /usr/lib/python3/dist-packages/oslo_config/cfg.py:2609
2025-07-10 00:38:08.796 37364 DEBUG oslo_service.service [-] clients_mistral.ca_file = None log_opt_values /usr/lib/python3/dist-packages/oslo_config/cfg.py:2609
2025-07-10 00:38:08.796 37364 DEBUG oslo_service.service [-] clients_mistral.cert_file = None log_opt_values /usr/lib/python3/dist-packages/oslo_config/cfg.py:2609
2025-07-10 00:38:08.796 37364 DEBUG oslo_service.service [-] clients_mistral.endpoint_type = None log_opt_values /usr/lib/python3/dist-packages/oslo_config/cfg.py:2609
2025-07-10 00:38:08.797 37364 DEBUG oslo_service.service [-] clients_mistral.insecure = None log_opt_values /usr/lib/python3/dist-packages/oslo_config/cfg.py:2609
2025-07-10 00:38:08.797 37364 DEBUG oslo_service.service [-] clients_mistral.key_file = None log_opt_values /usr/lib/python3/dist-packages/oslo_config/cfg.py:2609
2025-07-10 00:38:08.797 37364 DEBUG oslo_service.service [-] clients_monasca.ca_file = None log_opt_values /usr/lib/python3/dist-packages/oslo_config/cfg.py:2609
2025-07-10 00:38:08.797 37364 DEBUG oslo_service.service [-] clients_monasca.cert_file = None log_opt_values /usr/lib/python3/dist-packages/oslo_config/cfg.py:2609
2025-07-10 00:38:08.797 37364 DEBUG oslo_service.service [-] clients_monasca.endpoint_type = None log_opt_values /usr/lib/python3/dist-packages/oslo_config/cfg.py:2609
2025-07-10 00:38:08.797 37364 DEBUG oslo_service.service [-] clients_monasca.insecure = None log_opt_values /usr/lib/python3/dist-packages/oslo_config/cfg.py:2609
2025-07-10 00:38:08.797 37364 DEBUG oslo_service.service [-] clients_monasca.key_file = None log_opt_values /usr/lib/python3/dist-packages/oslo_config/cfg.py:2609
2025-07-10 00:38:08.797 37364 DEBUG oslo_service.service [-] clients_neutron.ca_file = None log_opt_values /usr/lib/python3/dist-packages/oslo_config/cfg.py:2609
2025-07-10 00:38:08.798 37364 DEBUG oslo_service.service [-] clients_neutron.cert_file = None log_opt_values /usr/lib/python3/dist-packages/oslo_config/cfg.py:2609
2025-07-10 00:38:08.798 37364 DEBUG oslo_service.service [-] clients_neutron.endpoint_type = None log_opt_values /usr/lib/python3/dist-packages/oslo_config/cfg.py:2609
2025-07-10 00:38:08.798 37364 DEBUG oslo_service.service [-] clients_neutron.insecure = None log_opt_values /usr/lib/python3/dist-packages/oslo_config/cfg.py:2609
2025-07-10 00:38:08.798 37364 DEBUG oslo_service.service [-] clients_neutron.key_file = None log_opt_values /usr/lib/python3/dist-packages/oslo_config/cfg.py:2609
2025-07-10 00:38:08.798 37364 DEBUG oslo_service.service [-] clients_nova.ca_file = None log_opt_values /usr/lib/python3/dist-packages/oslo_config/cfg.py:2609
2025-07-10 00:38:08.798 37364 DEBUG oslo_service.service [-] clients_nova.cert_file = None log_opt_values /usr/lib/python3/dist-packages/oslo_config/cfg.py:2609
2025-07-10 00:38:08.798 37364 DEBUG oslo_service.service [-] clients_nova.endpoint_type = None log_opt_values /usr/lib/python3/dist-packages/oslo_config/cfg.py:2609
2025-07-10 00:38:08.798 37364 DEBUG oslo_service.service [-] clients_nova.http_log_debug = False log_opt_values /usr/lib/python3/dist-packages/oslo_config/cfg.py:2609
2025-07-10 00:38:08.798 37364 DEBUG oslo_service.service [-] clients_nova.insecure = None log_opt_values /usr/lib/python3/dist-packages/oslo_config/cfg.py:2609
2025-07-10 00:38:08.799 37364 DEBUG oslo_service.service [-] clients_nova.key_file = None log_opt_values /usr/lib/python3/dist-packages/oslo_config/cfg.py:2609
2025-07-10 00:38:08.799 37364 DEBUG oslo_service.service [-] clients_octavia.ca_file = None log_opt_values /usr/lib/python3/dist-packages/oslo_config/cfg.py:2609
2025-07-10 00:38:08.799 37364 DEBUG oslo_service.service [-] clients_octavia.cert_file = None log_opt_values /usr/lib/python3/dist-packages/oslo_config/cfg.py:2609
2025-07-10 00:38:08.799 37364 DEBUG oslo_service.service [-] clients_octavia.endpoint_type = None log_opt_values /usr/lib/python3/dist-packages/oslo_config/cfg.py:2609
2025-07-10 00:38:08.799 37364 DEBUG oslo_service.service [-] clients_octavia.insecure = None log_opt_values /usr/lib/python3/dist-packages/oslo_config/cfg.py:2609
2025-07-10 00:38:08.799 37364 DEBUG oslo_service.service [-] clients_octavia.key_file = None log_opt_values /usr/lib/python3/dist-packages/oslo_config/cfg.py:2609
2025-07-10 00:38:08.810 37364 DEBUG oslo_service.service [-] clients_sahara.ca_file = None log_opt_values /usr/lib/python3/dist-packages/oslo_config/cfg.py:2609
2025-07-10 00:38:08.810 37364 DEBUG oslo_service.service [-] clients_sahara.cert_file = None log_opt_values /usr/lib/python3/dist-packages/oslo_config/cfg.py:2609
2025-07-10 00:38:08.810 37364 DEBUG oslo_service.service [-] clients_sahara.endpoint_type = None log_opt_values /usr/lib/python3/dist-packages/oslo_config/cfg.py:2609
2025-07-10 00:38:08.811 37364 DEBUG oslo_service.service [-] clients_sahara.insecure = None log_opt_values /usr/lib/python3/dist-packages/oslo_config/cfg.py:2609
2025-07-10 00:38:08.812 37364 DEBUG oslo_service.service [-] clients_sahara.key_file = None log_opt_values /usr/lib/python3/dist-packages/oslo_config/cfg.py:2609
2025-07-10 00:38:08.812 37364 DEBUG oslo_service.service [-] clients_senlin.ca_file = None log_opt_values /usr/lib/python3/dist-packages/oslo_config/cfg.py:2609
2025-07-10 00:38:08.812 37364 DEBUG oslo_service.service [-] clients_senlin.cert_file = None log_opt_values /usr/lib/python3/dist-packages/oslo_config/cfg.py:2609
2025-07-10 00:38:08.812 37364 DEBUG oslo_service.service [-] clients_senlin.endpoint_type = None log_opt_values /usr/lib/python3/dist-packages/oslo_config/cfg.py:2609
2025-07-10 00:38:08.812 37364 DEBUG oslo_service.service [-] clients_senlin.insecure = None log_opt_values /usr/lib/python3/dist-packages/oslo_config/cfg.py:2609
2025-07-10 00:38:08.812 37364 DEBUG oslo_service.service [-] clients_senlin.key_file = None log_opt_values /usr/lib/python3/dist-packages/oslo_config/cfg.py:2609
2025-07-10 00:38:08.812 37364 DEBUG oslo_service.service [-] clients_swift.ca_file = None log_opt_values /usr/lib/python3/dist-packages/oslo_config/cfg.py:2609
2025-07-10 00:38:08.812 37364 DEBUG oslo_service.service [-] clients_swift.cert_file = None log_opt_values /usr/lib/python3/dist-packages/oslo_config/cfg.py:2609
2025-07-10 00:38:08.813 37364 DEBUG oslo_service.service [-] clients_swift.endpoint_type = None log_opt_values /usr/lib/python3/dist-packages/oslo_config/cfg.py:2609
2025-07-10 00:38:08.813 37364 DEBUG oslo_service.service [-] clients_swift.insecure = None log_opt_values /usr/lib/python3/dist-packages/oslo_config/cfg.py:2609
2025-07-10 00:38:08.813 37364 DEBUG oslo_service.service [-] clients_swift.key_file = None log_opt_values /usr/lib/python3/dist-packages/oslo_config/cfg.py:2609
2025-07-10 00:38:08.816 37364 DEBUG oslo_service.service [-] clients_trove.ca_file = None log_opt_values /usr/lib/python3/dist-packages/oslo_config/cfg.py:2609
2025-07-10 00:38:08.816 37364 DEBUG oslo_service.service [-] clients_trove.cert_file = None log_opt_values /usr/lib/python3/dist-packages/oslo_config/cfg.py:2609
2025-07-10 00:38:08.816 37364 DEBUG oslo_service.service [-] clients_trove.endpoint_type = None log_opt_values /usr/lib/python3/dist-packages/oslo_config/cfg.py:2609
2025-07-10 00:38:08.816 37364 DEBUG oslo_service.service [-] clients_trove.insecure = None log_opt_values /usr/lib/python3/dist-packages/oslo_config/cfg.py:2609
2025-07-10 00:38:08.821 37578 INFO heat.engine.worker [-] Starting engine_worker (1.4) in engine 9b23f726-5d45-4f49-92af-077dfe397308.
2025-07-10 00:38:08.824 37364 DEBUG oslo_service.service [-] clients_trove.key_file = None log_opt_values /usr/lib/python3/dist-packages/oslo_config/cfg.py:2609
2025-07-10 00:38:08.826 37364 DEBUG oslo_service.service [-] clients_vitrage.ca_file = None log_opt_values /usr/lib/python3/dist-packages/oslo_config/cfg.py:2609
2025-07-10 00:38:08.826 37575 DEBUG oslo_db.sqlalchemy.engines [req-0fd144d4-a42e-4712-a139-0f316c992ab4 - - - - -] MySQL server mode set to STRICT_TRANS_TABLES,STRICT_ALL_TABLES,NO_ZERO_IN_DATE,NO_ZERO_DATE,ERROR_FOR_DIVISION_BY_ZERO,TRADITIONAL,NO_ENGINE_SUBSTITUTION _check_effective_sql_mode /usr/lib/python3/dist-packages/oslo_db/sqlalchemy/engines.py:314
2025-07-10 00:38:08.827 37364 DEBUG oslo_service.service [-] clients_vitrage.cert_file = None log_opt_values /usr/lib/python3/dist-packages/oslo_config/cfg.py:2609
2025-07-10 00:38:08.827 37364 DEBUG oslo_service.service [-] clients_vitrage.endpoint_type = None log_opt_values /usr/lib/python3/dist-packages/oslo_config/cfg.py:2609
2025-07-10 00:38:08.827 37364 DEBUG oslo_service.service [-] clients_vitrage.insecure = None log_opt_values /usr/lib/python3/dist-packages/oslo_config/cfg.py:2609
2025-07-10 00:38:08.828 37364 DEBUG oslo_service.service [-] clients_vitrage.key_file = None log_opt_values /usr/lib/python3/dist-packages/oslo_config/cfg.py:2609
2025-07-10 00:38:08.828 37364 DEBUG oslo_service.service [-] clients_zaqar.ca_file = None log_opt_values /usr/lib/python3/dist-packages/oslo_config/cfg.py:2609
2025-07-10 00:38:08.828 37364 DEBUG oslo_service.service [-] clients_zaqar.cert_file = None log_opt_values /usr/lib/python3/dist-packages/oslo_config/cfg.py:2609
2025-07-10 00:38:08.828 37364 DEBUG oslo_service.service [-] clients_zaqar.endpoint_type = None log_opt_values /usr/lib/python3/dist-packages/oslo_config/cfg.py:2609
2025-07-10 00:38:08.828 37364 DEBUG oslo_service.service [-] clients_zaqar.insecure = None log_opt_values /usr/lib/python3/dist-packages/oslo_config/cfg.py:2609
2025-07-10 00:38:08.828 37364 DEBUG oslo_service.service [-] clients_zaqar.key_file = None log_opt_values /usr/lib/python3/dist-packages/oslo_config/cfg.py:2609
2025-07-10 00:38:08.829 37364 DEBUG oslo_service.service [-] database.backend = sqlalchemy log_opt_values /usr/lib/python3/dist-packages/oslo_config/cfg.py:2609
2025-07-10 00:38:08.829 37364 DEBUG oslo_service.service [-] database.connection = **** log_opt_values /usr/lib/python3/dist-packages/oslo_config/cfg.py:2609
2025-07-10 00:38:08.829 37364 DEBUG oslo_service.service [-] database.connection_debug = 0 log_opt_values /usr/lib/python3/dist-packages/oslo_config/cfg.py:2609
2025-07-10 00:38:08.829 37364 DEBUG oslo_service.service [-] database.connection_parameters = log_opt_values /usr/lib/python3/dist-packages/oslo_config/cfg.py:2609
2025-07-10 00:38:08.830 37364 DEBUG oslo_service.service [-] database.connection_recycle_time = 3600 log_opt_values /usr/lib/python3/dist-packages/oslo_config/cfg.py:2609
2025-07-10 00:38:08.830 37364 DEBUG oslo_service.service [-] database.connection_trace = False log_opt_values /usr/lib/python3/dist-packages/oslo_config/cfg.py:2609
2025-07-10 00:38:08.830 37364 DEBUG oslo_service.service [-] database.db_inc_retry_interval = True log_opt_values /usr/lib/python3/dist-packages/oslo_config/cfg.py:2609
2025-07-10 00:38:08.830 37364 DEBUG oslo_service.service [-] database.db_max_retries = 20 log_opt_values /usr/lib/python3/dist-packages/oslo_config/cfg.py:2609
2025-07-10 00:38:08.830 37364 DEBUG oslo_service.service [-] database.db_max_retry_interval = 10 log_opt_values /usr/lib/python3/dist-packages/oslo_config/cfg.py:2609
2025-07-10 00:38:08.830 37364 DEBUG oslo_service.service [-] database.db_retry_interval = 1 log_opt_values /usr/lib/python3/dist-packages/oslo_config/cfg.py:2609
2025-07-10 00:38:08.831 37364 DEBUG oslo_service.service [-] database.max_overflow = 50 log_opt_values /usr/lib/python3/dist-packages/oslo_config/cfg.py:2609
2025-07-10 00:38:08.831 37364 DEBUG oslo_service.service [-] database.max_pool_size = 5 log_opt_values /usr/lib/python3/dist-packages/oslo_config/cfg.py:2609
2025-07-10 00:38:08.831 37364 DEBUG oslo_service.service [-] database.max_retries = 10 log_opt_values /usr/lib/python3/dist-packages/oslo_config/cfg.py:2609
2025-07-10 00:38:08.831 37364 DEBUG oslo_service.service [-] database.mysql_enable_ndb = False log_opt_values /usr/lib/python3/dist-packages/oslo_config/cfg.py:2609
2025-07-10 00:38:08.831 37364 DEBUG oslo_service.service [-] database.mysql_sql_mode = TRADITIONAL log_opt_values /usr/lib/python3/dist-packages/oslo_config/cfg.py:2609
2025-07-10 00:38:08.831 37364 DEBUG oslo_service.service [-] database.pool_timeout = None log_opt_values /usr/lib/python3/dist-packages/oslo_config/cfg.py:2609
2025-07-10 00:38:08.831 37364 DEBUG oslo_service.service [-] database.retry_interval = 10 log_opt_values /usr/lib/python3/dist-packages/oslo_config/cfg.py:2609
2025-07-10 00:38:08.832 37364 DEBUG oslo_service.service [-] database.slave_connection = **** log_opt_values /usr/lib/python3/dist-packages/oslo_config/cfg.py:2609
2025-07-10 00:38:08.832 37364 DEBUG oslo_service.service [-] database.sqlite_synchronous = True log_opt_values /usr/lib/python3/dist-packages/oslo_config/cfg.py:2609
2025-07-10 00:38:08.832 37364 DEBUG oslo_service.service [-] database.use_db_reconnect = False log_opt_values /usr/lib/python3/dist-packages/oslo_config/cfg.py:2609
2025-07-10 00:38:08.833 37364 DEBUG oslo_service.service [-] oslo_messaging_metrics.metrics_buffer_size = 1000 log_opt_values /usr/lib/python3/dist-packages/oslo_config/cfg.py:2609
2025-07-10 00:38:08.833 37364 DEBUG oslo_service.service [-] oslo_messaging_metrics.metrics_enabled = False log_opt_values /usr/lib/python3/dist-packages/oslo_config/cfg.py:2609
2025-07-10 00:38:08.833 37364 DEBUG oslo_service.service [-] oslo_messaging_metrics.metrics_process_name = log_opt_values /usr/lib/python3/dist-packages/oslo_config/cfg.py:2609
2025-07-10 00:38:08.833 37364 DEBUG oslo_service.service [-] oslo_messaging_metrics.metrics_socket_file = /var/tmp/metrics_collector.sock log_opt_values /usr/lib/python3/dist-packages/oslo_config/cfg.py:2609
2025-07-10 00:38:08.833 37364 DEBUG oslo_service.service [-] oslo_messaging_metrics.metrics_thread_stop_timeout = 10 log_opt_values /usr/lib/python3/dist-packages/oslo_config/cfg.py:2609
2025-07-10 00:38:08.833 37364 DEBUG oslo_service.service [-] oslo_policy.enforce_new_defaults = False log_opt_values /usr/lib/python3/dist-packages/oslo_config/cfg.py:2609
2025-07-10 00:38:08.834 37364 DEBUG oslo_service.service [-] oslo_policy.enforce_scope = False log_opt_values /usr/lib/python3/dist-packages/oslo_config/cfg.py:2609
2025-07-10 00:38:08.834 37364 DEBUG oslo_service.service [-] oslo_policy.policy_default_rule = default log_opt_values /usr/lib/python3/dist-packages/oslo_config/cfg.py:2609
2025-07-10 00:38:08.834 37364 DEBUG oslo_service.service [-] oslo_policy.policy_dirs = ['policy.d'] log_opt_values /usr/lib/python3/dist-packages/oslo_config/cfg.py:2609
2025-07-10 00:38:08.834 37364 DEBUG oslo_service.service [-] oslo_policy.policy_file = policy.yaml log_opt_values /usr/lib/python3/dist-packages/oslo_config/cfg.py:2609
2025-07-10 00:38:08.834 37364 DEBUG oslo_service.service [-] oslo_policy.remote_content_type = application/x-www-form-urlencoded log_opt_values /usr/lib/python3/dist-packages/oslo_config/cfg.py:2609
2025-07-10 00:38:08.834 37364 DEBUG oslo_service.service [-] oslo_policy.remote_ssl_ca_crt_file = None log_opt_values /usr/lib/python3/dist-packages/oslo_config/cfg.py:2609
2025-07-10 00:38:08.835 37364 DEBUG oslo_service.service [-] oslo_policy.remote_ssl_client_crt_file = None log_opt_values /usr/lib/python3/dist-packages/oslo_config/cfg.py:2609
2025-07-10 00:38:08.835 37364 DEBUG oslo_service.service [-] oslo_policy.remote_ssl_client_key_file = None log_opt_values /usr/lib/python3/dist-packages/oslo_config/cfg.py:2609
2025-07-10 00:38:08.835 37364 DEBUG oslo_service.service [-] oslo_policy.remote_ssl_verify_server_crt = False log_opt_values /usr/lib/python3/dist-packages/oslo_config/cfg.py:2609
2025-07-10 00:38:08.835 37364 DEBUG oslo_service.service [-] trustee.auth_section = None log_opt_values /usr/lib/python3/dist-packages/oslo_config/cfg.py:2609
2025-07-10 00:38:08.835 37364 WARNING oslo_config.cfg [-] Deprecated: Option "auth_plugin" from group "trustee" is deprecated. Use option "auth_type" from group "trustee".
2025-07-10 00:38:08.835 37364 DEBUG oslo_service.service [-] trustee.auth_type = password log_opt_values /usr/lib/python3/dist-packages/oslo_config/cfg.py:2609
2025-07-10 00:38:08.836 37364 DEBUG oslo_service.service [-] oslo_versionedobjects.fatal_exception_format_errors = False log_opt_values /usr/lib/python3/dist-packages/oslo_config/cfg.py:2609
2025-07-10 00:38:08.836 37364 DEBUG oslo_service.service [-] oslo_messaging_rabbit.amqp_auto_delete = False log_opt_values /usr/lib/python3/dist-packages/oslo_config/cfg.py:2609
2025-07-10 00:38:08.836 37364 DEBUG oslo_service.service [-] oslo_messaging_rabbit.amqp_durable_queues = False log_opt_values /usr/lib/python3/dist-packages/oslo_config/cfg.py:2609
2025-07-10 00:38:08.836 37364 DEBUG oslo_service.service [-] oslo_messaging_rabbit.conn_pool_min_size = 2 log_opt_values /usr/lib/python3/dist-packages/oslo_config/cfg.py:2609
2025-07-10 00:38:08.836 37364 DEBUG oslo_service.service [-] oslo_messaging_rabbit.conn_pool_ttl = 1200 log_opt_values /usr/lib/python3/dist-packages/oslo_config/cfg.py:2609
2025-07-10 00:38:08.836 37364 DEBUG oslo_service.service [-] oslo_messaging_rabbit.direct_mandatory_flag = True log_opt_values /usr/lib/python3/dist-packages/oslo_config/cfg.py:2609
2025-07-10 00:38:08.837 37364 DEBUG oslo_service.service [-] oslo_messaging_rabbit.enable_cancel_on_failover = False log_opt_values /usr/lib/python3/dist-packages/oslo_config/cfg.py:2609
2025-07-10 00:38:08.837 37364 DEBUG oslo_service.service [-] oslo_messaging_rabbit.heartbeat_in_pthread = False log_opt_values /usr/lib/python3/dist-packages/oslo_config/cfg.py:2609
2025-07-10 00:38:08.837 37364 DEBUG oslo_service.service [-] oslo_messaging_rabbit.heartbeat_rate = 2 log_opt_values /usr/lib/python3/dist-packages/oslo_config/cfg.py:2609
2025-07-10 00:38:08.837 37364 DEBUG oslo_service.service [-] oslo_messaging_rabbit.heartbeat_timeout_threshold = 60 log_opt_values /usr/lib/python3/dist-packages/oslo_config/cfg.py:2609
2025-07-10 00:38:08.837 37364 DEBUG oslo_service.service [-] oslo_messaging_rabbit.kombu_compression = None log_opt_values /usr/lib/python3/dist-packages/oslo_config/cfg.py:2609
2025-07-10 00:38:08.837 37364 DEBUG oslo_service.service [-] oslo_messaging_rabbit.kombu_failover_strategy = round-robin log_opt_values /usr/lib/python3/dist-packages/oslo_config/cfg.py:2609
2025-07-10 00:38:08.838 37364 DEBUG oslo_service.service [-] oslo_messaging_rabbit.kombu_missing_consumer_retry_timeout = 60 log_opt_values /usr/lib/python3/dist-packages/oslo_config/cfg.py:2609
2025-07-10 00:38:08.838 37364 DEBUG oslo_service.service [-] oslo_messaging_rabbit.kombu_reconnect_delay = 1.0 log_opt_values /usr/lib/python3/dist-packages/oslo_config/cfg.py:2609
2025-07-10 00:38:08.838 37364 DEBUG oslo_service.service [-] oslo_messaging_rabbit.rabbit_ha_queues = False log_opt_values /usr/lib/python3/dist-packages/oslo_config/cfg.py:2609
2025-07-10 00:38:08.838 37364 DEBUG oslo_service.service [-] oslo_messaging_rabbit.rabbit_interval_max = 30 log_opt_values /usr/lib/python3/dist-packages/oslo_config/cfg.py:2609
2025-07-10 00:38:08.838 37364 DEBUG oslo_service.service [-] oslo_messaging_rabbit.rabbit_login_method = AMQPLAIN log_opt_values /usr/lib/python3/dist-packages/oslo_config/cfg.py:2609
2025-07-10 00:38:08.839 37364 DEBUG oslo_service.service [-] oslo_messaging_rabbit.rabbit_qos_prefetch_count = 0 log_opt_values /usr/lib/python3/dist-packages/oslo_config/cfg.py:2609
2025-07-10 00:38:08.839 37364 DEBUG oslo_service.service [-] oslo_messaging_rabbit.rabbit_quorum_queue = False log_opt_values /usr/lib/python3/dist-packages/oslo_config/cfg.py:2609
2025-07-10 00:38:08.839 37364 DEBUG oslo_service.service [-] oslo_messaging_rabbit.rabbit_retry_backoff = 2 log_opt_values /usr/lib/python3/dist-packages/oslo_config/cfg.py:2609
2025-07-10 00:38:08.839 37364 DEBUG oslo_service.service [-] oslo_messaging_rabbit.rabbit_retry_interval = 1 log_opt_values /usr/lib/python3/dist-packages/oslo_config/cfg.py:2609
2025-07-10 00:38:08.839 37364 DEBUG oslo_service.service [-] oslo_messaging_rabbit.rabbit_transient_queues_ttl = 1800 log_opt_values /usr/lib/python3/dist-packages/oslo_config/cfg.py:2609
2025-07-10 00:38:08.839 37364 DEBUG oslo_service.service [-] oslo_messaging_rabbit.rpc_conn_pool_size = 30 log_opt_values /usr/lib/python3/dist-packages/oslo_config/cfg.py:2609
2025-07-10 00:38:08.839 37364 DEBUG oslo_service.service [-] oslo_messaging_rabbit.ssl = False log_opt_values /usr/lib/python3/dist-packages/oslo_config/cfg.py:2609
2025-07-10 00:38:08.839 37364 DEBUG oslo_service.service [-] oslo_messaging_rabbit.ssl_ca_file = log_opt_values /usr/lib/python3/dist-packages/oslo_config/cfg.py:2609
2025-07-10 00:38:08.839 37364 DEBUG oslo_service.service [-] oslo_messaging_rabbit.ssl_cert_file = log_opt_values /usr/lib/python3/dist-packages/oslo_config/cfg.py:2609
2025-07-10 00:38:08.840 37364 DEBUG oslo_service.service [-] oslo_messaging_rabbit.ssl_key_file = log_opt_values /usr/lib/python3/dist-packages/oslo_config/cfg.py:2609
2025-07-10 00:38:08.840 37364 DEBUG oslo_service.service [-] oslo_messaging_rabbit.ssl_version = log_opt_values /usr/lib/python3/dist-packages/oslo_config/cfg.py:2609
2025-07-10 00:38:08.840 37364 DEBUG oslo_service.service [-] oslo_messaging_notifications.driver = [] log_opt_values /usr/lib/python3/dist-packages/oslo_config/cfg.py:2609
2025-07-10 00:38:08.840 37364 DEBUG oslo_service.service [-] oslo_messaging_notifications.retry = -1 log_opt_values /usr/lib/python3/dist-packages/oslo_config/cfg.py:2609
2025-07-10 00:38:08.840 37364 DEBUG oslo_service.service [-] oslo_messaging_notifications.topics = ['notifications'] log_opt_values /usr/lib/python3/dist-packages/oslo_config/cfg.py:2609
2025-07-10 00:38:08.840 37364 DEBUG oslo_service.service [-] oslo_messaging_notifications.transport_url = **** log_opt_values /usr/lib/python3/dist-packages/oslo_config/cfg.py:2609
2025-07-10 00:38:08.840 37364 DEBUG oslo_service.service [-] cache.backend = dogpile.cache.null log_opt_values /usr/lib/python3/dist-packages/oslo_config/cfg.py:2609
2025-07-10 00:38:08.841 37364 DEBUG oslo_service.service [-] cache.backend_argument = **** log_opt_values /usr/lib/python3/dist-packages/oslo_config/cfg.py:2609
2025-07-10 00:38:08.841 37364 DEBUG oslo_service.service [-] cache.config_prefix = cache.oslo log_opt_values /usr/lib/python3/dist-packages/oslo_config/cfg.py:2609
2025-07-10 00:38:08.841 37364 DEBUG oslo_service.service [-] cache.debug_cache_backend = False log_opt_values /usr/lib/python3/dist-packages/oslo_config/cfg.py:2609
2025-07-10 00:38:08.841 37364 DEBUG oslo_service.service [-] cache.enabled = False log_opt_values /usr/lib/python3/dist-packages/oslo_config/cfg.py:2609
2025-07-10 00:38:08.841 37364 DEBUG oslo_service.service [-] cache.expiration_time = 600 log_opt_values /usr/lib/python3/dist-packages/oslo_config/cfg.py:2609
2025-07-10 00:38:08.841 37364 DEBUG oslo_service.service [-] cache.memcache_dead_retry = 300 log_opt_values /usr/lib/python3/dist-packages/oslo_config/cfg.py:2609
2025-07-10 00:38:08.841 37364 DEBUG oslo_service.service [-] cache.memcache_pool_connection_get_timeout = 10 log_opt_values /usr/lib/python3/dist-packages/oslo_config/cfg.py:2609
2025-07-10 00:38:08.841 37364 DEBUG oslo_service.service [-] cache.memcache_pool_flush_on_reconnect = False log_opt_values /usr/lib/python3/dist-packages/oslo_config/cfg.py:2609
2025-07-10 00:38:08.841 37364 DEBUG oslo_service.service [-] cache.memcache_pool_maxsize = 10 log_opt_values /usr/lib/python3/dist-packages/oslo_config/cfg.py:2609
2025-07-10 00:38:08.842 37364 DEBUG oslo_service.service [-] cache.memcache_pool_unused_timeout = 60 log_opt_values /usr/lib/python3/dist-packages/oslo_config/cfg.py:2609
2025-07-10 00:38:08.842 37364 DEBUG oslo_service.service [-] cache.memcache_servers = ['localhost:11211'] log_opt_values /usr/lib/python3/dist-packages/oslo_config/cfg.py:2609
2025-07-10 00:38:08.842 37364 DEBUG oslo_service.service [-] cache.memcache_socket_timeout = 1.0 log_opt_values /usr/lib/python3/dist-packages/oslo_config/cfg.py:2609
2025-07-10 00:38:08.842 37364 DEBUG oslo_service.service [-] cache.proxies = [] log_opt_values /usr/lib/python3/dist-packages/oslo_config/cfg.py:2609
2025-07-10 00:38:08.842 37364 DEBUG oslo_service.service [-] cache.tls_allowed_ciphers = None log_opt_values /usr/lib/python3/dist-packages/oslo_config/cfg.py:2609
2025-07-10 00:38:08.842 37364 DEBUG oslo_service.service [-] cache.tls_cafile = None log_opt_values /usr/lib/python3/dist-packages/oslo_config/cfg.py:2609
2025-07-10 00:38:08.842 37364 DEBUG oslo_service.service [-] cache.tls_certfile = None log_opt_values /usr/lib/python3/dist-packages/oslo_config/cfg.py:2609
2025-07-10 00:38:08.842 37364 DEBUG oslo_service.service [-] cache.tls_enabled = False log_opt_values /usr/lib/python3/dist-packages/oslo_config/cfg.py:2609
2025-07-10 00:38:08.843 37364 DEBUG oslo_service.service [-] cache.tls_keyfile = None log_opt_values /usr/lib/python3/dist-packages/oslo_config/cfg.py:2609
2025-07-10 00:38:08.843 37364 DEBUG oslo_service.service [-] constraint_validation_cache.caching = True log_opt_values /usr/lib/python3/dist-packages/oslo_config/cfg.py:2609
2025-07-10 00:38:08.843 37364 DEBUG oslo_service.service [-] constraint_validation_cache.expiration_time = 60 log_opt_values /usr/lib/python3/dist-packages/oslo_config/cfg.py:2609
2025-07-10 00:38:08.843 37364 DEBUG oslo_service.service [-] service_extension_cache.caching = True log_opt_values /usr/lib/python3/dist-packages/oslo_config/cfg.py:2609
2025-07-10 00:38:08.843 37364 DEBUG oslo_service.service [-] service_extension_cache.expiration_time = 3600 log_opt_values /usr/lib/python3/dist-packages/oslo_config/cfg.py:2609
2025-07-10 00:38:08.844 37364 DEBUG oslo_service.service [-] resource_finder_cache.caching = True log_opt_values /usr/lib/python3/dist-packages/oslo_config/cfg.py:2609
2025-07-10 00:38:08.844 37364 DEBUG oslo_service.service [-] resource_finder_cache.expiration_time = 3600 log_opt_values /usr/lib/python3/dist-packages/oslo_config/cfg.py:2609
2025-07-10 00:38:08.844 37364 DEBUG oslo_service.service [-] yaql.limit_iterators = 200 log_opt_values /usr/lib/python3/dist-packages/oslo_config/cfg.py:2609
2025-07-10 00:38:08.844 37364 DEBUG oslo_service.service [-] yaql.memory_quota = 10000 log_opt_values /usr/lib/python3/dist-packages/oslo_config/cfg.py:2609
2025-07-10 00:38:08.844 37364 DEBUG oslo_service.service [-] ******************************************************************************** log_opt_values /usr/lib/python3/dist-packages/oslo_config/cfg.py:2613
2025-07-10 00:38:08.846 37576 DEBUG oslo_db.sqlalchemy.engines [req-9490f826-0b19-4e68-97a9-5698325bad89 - - - - -] MySQL server mode set to STRICT_TRANS_TABLES,STRICT_ALL_TABLES,NO_ZERO_IN_DATE,NO_ZERO_DATE,ERROR_FOR_DIVISION_BY_ZERO,TRADITIONAL,NO_ENGINE_SUBSTITUTION _check_effective_sql_mode /usr/lib/python3/dist-packages/oslo_db/sqlalchemy/engines.py:314
2025-07-10 00:38:08.850 37577 DEBUG oslo_db.sqlalchemy.engines [req-b0247af7-4199-48df-b798-7cc27e9fc0de - - - - -] MySQL server mode set to STRICT_TRANS_TABLES,STRICT_ALL_TABLES,NO_ZERO_IN_DATE,NO_ZERO_DATE,ERROR_FOR_DIVISION_BY_ZERO,TRADITIONAL,NO_ENGINE_SUBSTITUTION _check_effective_sql_mode /usr/lib/python3/dist-packages/oslo_db/sqlalchemy/engines.py:314
2025-07-10 00:38:08.904 37578 DEBUG oslo_db.sqlalchemy.engines [req-01ce59c8-0953-4413-af60-13f7516d4c37 - - - - -] MySQL server mode set to STRICT_TRANS_TABLES,STRICT_ALL_TABLES,NO_ZERO_IN_DATE,NO_ZERO_DATE,ERROR_FOR_DIVISION_BY_ZERO,TRADITIONAL,NO_ENGINE_SUBSTITUTION _check_effective_sql_mode /usr/lib/python3/dist-packages/oslo_db/sqlalchemy/engines.py:314
2025-07-10 00:38:08.925 37575 DEBUG heat.engine.service [req-03574c7c-0c72-477e-9c34-34ac0a45b7d4 - - - - -] Service 543ee3b8-67e1-4df3-a771-4aa292165447 is started service_manage_report /usr/lib/python3/dist-packages/heat/engine/service.py:2363
2025-07-10 00:38:08.933 37576 DEBUG heat.engine.service [req-5c09729f-8ace-4bb1-9d3d-a30f91cc6eaf - - - - -] Service 40d1d285-f922-4239-b19e-e5aa8f186467 is started service_manage_report /usr/lib/python3/dist-packages/heat/engine/service.py:2363
2025-07-10 00:38:08.944 37577 DEBUG heat.engine.service [req-4dc1eeb7-8d91-4d89-ab49-9acb9c90695e - - - - -] Service d09f5b49-77f3-47bf-be05-63c2f10192fa is started service_manage_report /usr/lib/python3/dist-packages/heat/engine/service.py:2363
2025-07-10 00:38:08.946 37575 DEBUG heat.engine.service [req-03574c7c-0c72-477e-9c34-34ac0a45b7d4 - - - - -] Service 543ee3b8-67e1-4df3-a771-4aa292165447 is updated service_manage_report /usr/lib/python3/dist-packages/heat/engine/service.py:2370
2025-07-10 00:38:08.964 37576 DEBUG heat.engine.service [req-5c09729f-8ace-4bb1-9d3d-a30f91cc6eaf - - - - -] Service 40d1d285-f922-4239-b19e-e5aa8f186467 is updated service_manage_report /usr/lib/python3/dist-packages/heat/engine/service.py:2370
2025-07-10 00:38:08.999 37577 DEBUG heat.engine.service [req-4dc1eeb7-8d91-4d89-ab49-9acb9c90695e - - - - -] Service d09f5b49-77f3-47bf-be05-63c2f10192fa is updated service_manage_report /usr/lib/python3/dist-packages/heat/engine/service.py:2370
2025-07-10 00:38:09.008 37578 DEBUG heat.engine.service [req-190f5bc4-b45f-43cc-8f83-7e61a9dacc9f - - - - -] Service bff5e759-8682-4f7b-ab32-a91c022652f7 is started service_manage_report /usr/lib/python3/dist-packages/heat/engine/service.py:2363
2025-07-10 00:38:09.031 37578 DEBUG heat.engine.service [req-190f5bc4-b45f-43cc-8f83-7e61a9dacc9f - - - - -] Service bff5e759-8682-4f7b-ab32-a91c022652f7 is updated service_manage_report /usr/lib/python3/dist-packages/heat/engine/service.py:2370
2025-07-10 00:39:08.913 37575 DEBUG heat.engine.service [req-7986d853-ff2d-46bb-ad08-24e2586f76ee - - - - -] Service 543ee3b8-67e1-4df3-a771-4aa292165447 is updated service_manage_report /usr/lib/python3/dist-packages/heat/engine/service.py:2370
2025-07-10 00:39:08.924 37577 DEBUG heat.engine.service [req-638efa46-27b6-497f-bbdf-dfe088bbf398 - - - - -] Service d09f5b49-77f3-47bf-be05-63c2f10192fa is updated service_manage_report /usr/lib/python3/dist-packages/heat/engine/service.py:2370
2025-07-10 00:39:08.929 37576 DEBUG heat.engine.service [req-4512dea0-dfda-42f0-98df-fb5712c5f6e2 - - - - -] Service 40d1d285-f922-4239-b19e-e5aa8f186467 is updated service_manage_report /usr/lib/python3/dist-packages/heat/engine/service.py:2370
2025-07-10 00:39:08.995 37578 DEBUG heat.engine.service [req-24971d91-2444-4867-8a68-2a888f31328b - - - - -] Service bff5e759-8682-4f7b-ab32-a91c022652f7 is updated service_manage_report /usr/lib/python3/dist-packages/heat/engine/service.py:2370
2025-07-10 00:40:08.909 37575 DEBUG heat.engine.service [req-af400e5f-2225-4414-a50f-7a7d922676bd - - - - -] Service 543ee3b8-67e1-4df3-a771-4aa292165447 is updated service_manage_report /usr/lib/python3/dist-packages/heat/engine/service.py:2370
2025-07-10 00:40:08.929 37577 DEBUG heat.engine.service [req-a35ab4f0-cdf5-4ae6-ae5c-1107a3410a22 - - - - -] Service d09f5b49-77f3-47bf-be05-63c2f10192fa is updated service_manage_report /usr/lib/python3/dist-packages/heat/engine/service.py:2370
2025-07-10 00:40:08.934 37576 DEBUG heat.engine.service [req-00d5921f-da63-4d16-9d81-d36bf38796fb - - - - -] Service 40d1d285-f922-4239-b19e-e5aa8f186467 is updated service_manage_report /usr/lib/python3/dist-packages/heat/engine/service.py:2370
2025-07-10 00:40:08.999 37578 DEBUG heat.engine.service [req-cfdd1a88-e414-4bf9-8540-541f7dc5e7eb - - - - -] Service bff5e759-8682-4f7b-ab32-a91c022652f7 is updated service_manage_report /usr/lib/python3/dist-packages/heat/engine/service.py:2370
2025-07-10 00:41:08.913 37575 DEBUG heat.engine.service [req-e0723c26-209f-44da-bd8b-076453de5e52 - - - - -] Service 543ee3b8-67e1-4df3-a771-4aa292165447 is updated service_manage_report /usr/lib/python3/dist-packages/heat/engine/service.py:2370
2025-07-10 00:41:08.936 37577 DEBUG heat.engine.service [req-558524f6-1fec-42a0-9c96-2325f202bfec - - - - -] Service d09f5b49-77f3-47bf-be05-63c2f10192fa is updated service_manage_report /usr/lib/python3/dist-packages/heat/engine/service.py:2370
2025-07-10 00:41:08.938 37576 DEBUG heat.engine.service [req-592aaf2d-14ac-4f3a-a9d3-537ee2d42756 - - - - -] Service 40d1d285-f922-4239-b19e-e5aa8f186467 is updated service_manage_report /usr/lib/python3/dist-packages/heat/engine/service.py:2370
2025-07-10 00:41:09.005 37578 DEBUG heat.engine.service [req-2e44d642-d2e3-4b50-970b-09c718723b22 - - - - -] Service bff5e759-8682-4f7b-ab32-a91c022652f7 is updated service_manage_report /usr/lib/python3/dist-packages/heat/engine/service.py:2370
2025-07-10 00:42:08.917 37575 DEBUG heat.engine.service [req-83588240-3952-44f9-a67f-8294b33b90e8 - - - - -] Service 543ee3b8-67e1-4df3-a771-4aa292165447 is updated service_manage_report /usr/lib/python3/dist-packages/heat/engine/service.py:2370
2025-07-10 00:42:08.929 37577 DEBUG heat.engine.service [req-1d0e9329-0129-4c72-a521-ea92bbc78932 - - - - -] Service d09f5b49-77f3-47bf-be05-63c2f10192fa is updated service_manage_report /usr/lib/python3/dist-packages/heat/engine/service.py:2370
2025-07-10 00:42:08.941 37576 DEBUG heat.engine.service [req-55783718-13f3-4c77-b671-bd6c4453e94b - - - - -] Service 40d1d285-f922-4239-b19e-e5aa8f186467 is updated service_manage_report /usr/lib/python3/dist-packages/heat/engine/service.py:2370
2025-07-10 00:42:09.000 37578 DEBUG heat.engine.service [req-821be475-9f1a-4a79-9ecc-a60b3d7e4ea5 - - - - -] Service bff5e759-8682-4f7b-ab32-a91c022652f7 is updated service_manage_report /usr/lib/python3/dist-packages/heat/engine/service.py:2370
2025-07-10 00:43:08.925 37575 DEBUG heat.engine.service [req-d3358cc5-dfe1-4059-9ac5-f77a92fb7391 - - - - -] Service 543ee3b8-67e1-4df3-a771-4aa292165447 is updated service_manage_report /usr/lib/python3/dist-packages/heat/engine/service.py:2370
2025-07-10 00:43:08.931 37577 DEBUG heat.engine.service [req-ca3aa549-6546-45f2-8d70-298c7a782faf - - - - -] Service d09f5b49-77f3-47bf-be05-63c2f10192fa is updated service_manage_report /usr/lib/python3/dist-packages/heat/engine/service.py:2370
2025-07-10 00:43:08.942 37576 DEBUG heat.engine.service [req-724ba6dc-0d88-40c7-a8ce-3951ac5a855f - - - - -] Service 40d1d285-f922-4239-b19e-e5aa8f186467 is updated service_manage_report /usr/lib/python3/dist-packages/heat/engine/service.py:2370
2025-07-10 00:43:09.006 37578 DEBUG heat.engine.service [req-ce5135f3-715d-4c45-b4d0-ec8d13efb6c7 - - - - -] Service bff5e759-8682-4f7b-ab32-a91c022652f7 is updated service_manage_report /usr/lib/python3/dist-packages/heat/engine/service.py:2370
2025-07-10 00:44:08.920 37575 DEBUG heat.engine.service [req-bfe55ea3-7f51-4229-ab48-bef7d4774d0f - - - - -] Service 543ee3b8-67e1-4df3-a771-4aa292165447 is updated service_manage_report /usr/lib/python3/dist-packages/heat/engine/service.py:2370
2025-07-10 00:44:08.934 37577 DEBUG heat.engine.service [req-95bb0cec-700b-4108-8e95-76baeb8e2b7c - - - - -] Service d09f5b49-77f3-47bf-be05-63c2f10192fa is updated service_manage_report /usr/lib/python3/dist-packages/heat/engine/service.py:2370
2025-07-10 00:44:08.947 37576 DEBUG heat.engine.service [req-8b009f32-2eb7-475d-925d-9ba1f06f5a81 - - - - -] Service 40d1d285-f922-4239-b19e-e5aa8f186467 is updated service_manage_report /usr/lib/python3/dist-packages/heat/engine/service.py:2370
2025-07-10 00:44:09.008 37578 DEBUG heat.engine.service [req-7f73e893-fd81-49c0-9161-a1ec32fba447 - - - - -] Service bff5e759-8682-4f7b-ab32-a91c022652f7 is updated service_manage_report /usr/lib/python3/dist-packages/heat/engine/service.py:2370
2025-07-10 00:45:08.926 37575 DEBUG heat.engine.service [req-f8520e54-b70e-49f0-8e59-496b09489c45 - - - - -] Service 543ee3b8-67e1-4df3-a771-4aa292165447 is updated service_manage_report /usr/lib/python3/dist-packages/heat/engine/service.py:2370
2025-07-10 00:45:08.938 37577 DEBUG heat.engine.service [req-4220670b-c941-4b74-b834-2e80a9212148 - - - - -] Service d09f5b49-77f3-47bf-be05-63c2f10192fa is updated service_manage_report /usr/lib/python3/dist-packages/heat/engine/service.py:2370
2025-07-10 00:45:08.953 37576 DEBUG heat.engine.service [req-eb0d96f6-9ed1-4cc5-9b8a-597c6cb0906a - - - - -] Service 40d1d285-f922-4239-b19e-e5aa8f186467 is updated service_manage_report /usr/lib/python3/dist-packages/heat/engine/service.py:2370
2025-07-10 00:45:09.003 37578 DEBUG heat.engine.service [req-5e43803d-a089-4cba-a9b1-1dd22852ebb3 - - - - -] Service bff5e759-8682-4f7b-ab32-a91c022652f7 is updated service_manage_report /usr/lib/python3/dist-packages/heat/engine/service.py:2370
2025-07-10 00:46:08.936 37575 DEBUG heat.engine.service [req-32580fa7-3f88-4b11-84da-a1e20c15cc97 - - - - -] Service 543ee3b8-67e1-4df3-a771-4aa292165447 is updated service_manage_report /usr/lib/python3/dist-packages/heat/engine/service.py:2370
2025-07-10 00:46:08.949 37577 DEBUG heat.engine.service [req-cf5e8894-3878-4877-a4dd-629b439fc782 - - - - -] Service d09f5b49-77f3-47bf-be05-63c2f10192fa is updated service_manage_report /usr/lib/python3/dist-packages/heat/engine/service.py:2370
2025-07-10 00:46:08.969 37576 DEBUG heat.engine.service [req-9e1384fd-a74c-4cc6-bbcd-babe90c92c94 - - - - -] Service 40d1d285-f922-4239-b19e-e5aa8f186467 is updated service_manage_report /usr/lib/python3/dist-packages/heat/engine/service.py:2370
2025-07-10 00:46:09.008 37578 DEBUG heat.engine.service [req-8a3ad0d2-55e8-4227-a691-124e41889433 - - - - -] Service bff5e759-8682-4f7b-ab32-a91c022652f7 is updated service_manage_report /usr/lib/python3/dist-packages/heat/engine/service.py:2370
2025-07-10 00:47:08.932 37575 DEBUG heat.engine.service [req-70d953a8-5455-4828-9b86-e4bfd7e0b75d - - - - -] Service 543ee3b8-67e1-4df3-a771-4aa292165447 is updated service_manage_report /usr/lib/python3/dist-packages/heat/engine/service.py:2370
2025-07-10 00:47:08.943 37577 DEBUG heat.engine.service [req-1627b6b1-63ce-42ad-9a73-efe49c32d7d3 - - - - -] Service d09f5b49-77f3-47bf-be05-63c2f10192fa is updated service_manage_report /usr/lib/python3/dist-packages/heat/engine/service.py:2370
2025-07-10 00:47:08.965 37576 DEBUG heat.engine.service [req-f6edfc0c-8fdb-4dd8-b756-01f541a38a99 - - - - -] Service 40d1d285-f922-4239-b19e-e5aa8f186467 is updated service_manage_report /usr/lib/python3/dist-packages/heat/engine/service.py:2370
2025-07-10 00:47:09.015 37578 DEBUG heat.engine.service [req-a2352a9a-52f9-4ea7-930d-ac28f64a7f08 - - - - -] Service bff5e759-8682-4f7b-ab32-a91c022652f7 is updated service_manage_report /usr/lib/python3/dist-packages/heat/engine/service.py:2370
2025-07-10 00:48:08.931 37575 DEBUG heat.engine.service [req-cbbeaaa3-9d89-45a4-86ac-5d48218af194 - - - - -] Service 543ee3b8-67e1-4df3-a771-4aa292165447 is updated service_manage_report /usr/lib/python3/dist-packages/heat/engine/service.py:2370
2025-07-10 00:48:08.946 37577 DEBUG heat.engine.service [req-6a3671f7-ac6f-46c7-ae67-5b2a57fb6573 - - - - -] Service d09f5b49-77f3-47bf-be05-63c2f10192fa is updated service_manage_report /usr/lib/python3/dist-packages/heat/engine/service.py:2370
2025-07-10 00:48:08.968 37576 DEBUG heat.engine.service [req-e43f6849-455d-42e8-92c3-bbb3a9e4d9e3 - - - - -] Service 40d1d285-f922-4239-b19e-e5aa8f186467 is updated service_manage_report /usr/lib/python3/dist-packages/heat/engine/service.py:2370
2025-07-10 00:48:09.010 37578 DEBUG heat.engine.service [req-7cdbc86c-c40a-4670-bde4-b04be8dfbedb - - - - -] Service bff5e759-8682-4f7b-ab32-a91c022652f7 is updated service_manage_report /usr/lib/python3/dist-packages/heat/engine/service.py:2370
2025-07-10 00:49:08.926 37575 DEBUG heat.engine.service [req-afbc5db9-d958-41f1-9c0c-edfdb14469ea - - - - -] Service 543ee3b8-67e1-4df3-a771-4aa292165447 is updated service_manage_report /usr/lib/python3/dist-packages/heat/engine/service.py:2370
2025-07-10 00:49:08.950 37577 DEBUG heat.engine.service [req-17586aba-6385-420b-8ef8-edffdb9232e6 - - - - -] Service d09f5b49-77f3-47bf-be05-63c2f10192fa is updated service_manage_report /usr/lib/python3/dist-packages/heat/engine/service.py:2370
2025-07-10 00:49:08.972 37576 DEBUG heat.engine.service [req-76bd21c8-8e19-48c9-9bed-03f4691379df - - - - -] Service 40d1d285-f922-4239-b19e-e5aa8f186467 is updated service_manage_report /usr/lib/python3/dist-packages/heat/engine/service.py:2370
2025-07-10 00:49:09.014 37578 DEBUG heat.engine.service [req-df3575cd-bbfe-4001-96d7-2c6eff5611d9 - - - - -] Service bff5e759-8682-4f7b-ab32-a91c022652f7 is updated service_manage_report /usr/lib/python3/dist-packages/heat/engine/service.py:2370
2025-07-10 00:50:08.938 37575 DEBUG heat.engine.service [req-b6d3431e-04cf-4160-96fd-d387478c3426 - - - - -] Service 543ee3b8-67e1-4df3-a771-4aa292165447 is updated service_manage_report /usr/lib/python3/dist-packages/heat/engine/service.py:2370
2025-07-10 00:50:08.957 37577 DEBUG heat.engine.service [req-de3011f0-a8a2-4eca-b671-4ab8550128b0 - - - - -] Service d09f5b49-77f3-47bf-be05-63c2f10192fa is updated service_manage_report /usr/lib/python3/dist-packages/heat/engine/service.py:2370
2025-07-10 00:50:08.977 37576 DEBUG heat.engine.service [req-eb757725-62bb-4754-9f14-f0912dbbb4a5 - - - - -] Service 40d1d285-f922-4239-b19e-e5aa8f186467 is updated service_manage_report /usr/lib/python3/dist-packages/heat/engine/service.py:2370
2025-07-10 00:50:09.019 37578 DEBUG heat.engine.service [req-df38b9e9-9cdc-4d86-9fcc-a83f2795d7ee - - - - -] Service bff5e759-8682-4f7b-ab32-a91c022652f7 is updated service_manage_report /usr/lib/python3/dist-packages/heat/engine/service.py:2370
2025-07-10 00:51:08.933 37575 DEBUG heat.engine.service [req-62ac0537-4274-44a4-bf70-dc5cf275f35b - - - - -] Service 543ee3b8-67e1-4df3-a771-4aa292165447 is updated service_manage_report /usr/lib/python3/dist-packages/heat/engine/service.py:2370
2025-07-10 00:51:08.952 37577 DEBUG heat.engine.service [req-82ef8506-b258-4770-9202-246d1be8edcb - - - - -] Service d09f5b49-77f3-47bf-be05-63c2f10192fa is updated service_manage_report /usr/lib/python3/dist-packages/heat/engine/service.py:2370
2025-07-10 00:51:08.983 37576 DEBUG heat.engine.service [req-705e5496-d5f4-4be4-b5b7-261da87cb021 - - - - -] Service 40d1d285-f922-4239-b19e-e5aa8f186467 is updated service_manage_report /usr/lib/python3/dist-packages/heat/engine/service.py:2370
2025-07-10 00:51:09.015 37578 DEBUG heat.engine.service [req-1289d536-d609-4781-beab-5f80d6350ccb - - - - -] Service bff5e759-8682-4f7b-ab32-a91c022652f7 is updated service_manage_report /usr/lib/python3/dist-packages/heat/engine/service.py:2370
2025-07-10 00:52:08.938 37575 DEBUG heat.engine.service [req-c115ddd4-9467-4be3-80c6-50accad9bdf8 - - - - -] Service 543ee3b8-67e1-4df3-a771-4aa292165447 is updated service_manage_report /usr/lib/python3/dist-packages/heat/engine/service.py:2370
2025-07-10 00:52:08.956 37577 DEBUG heat.engine.service [req-7eb0641b-7a1a-4958-997d-1789fcc5df71 - - - - -] Service d09f5b49-77f3-47bf-be05-63c2f10192fa is updated service_manage_report /usr/lib/python3/dist-packages/heat/engine/service.py:2370
2025-07-10 00:52:08.990 37576 DEBUG heat.engine.service [req-a31f11e3-babd-4da6-bcaa-5cfdef28f69b - - - - -] Service 40d1d285-f922-4239-b19e-e5aa8f186467 is updated service_manage_report /usr/lib/python3/dist-packages/heat/engine/service.py:2370
