2025-07-10 00:30:49.687 31635 DEBUG oslo_service.service [-] clients_keystone.ca_file = None log_opt_values /usr/lib/python3/dist-packages/oslo_config/cfg.py:2609
2025-07-10 00:30:49.695 31635 DEBUG oslo_service.service [-] clients_keystone.cert_file = None log_opt_values /usr/lib/python3/dist-packages/oslo_config/cfg.py:2609
2025-07-10 00:30:49.695 31635 DEBUG oslo_service.service [-] clients_keystone.endpoint_type = None log_opt_values /usr/lib/python3/dist-packages/oslo_config/cfg.py:2609
2025-07-10 00:30:49.696 31635 DEBUG oslo_service.service [-] clients_keystone.insecure = None log_opt_values /usr/lib/python3/dist-packages/oslo_config/cfg.py:2609
2025-07-10 00:30:49.696 31635 DEBUG oslo_service.service [-] clients_keystone.key_file = None log_opt_values /usr/lib/python3/dist-packages/oslo_config/cfg.py:2609
2025-07-10 00:30:49.696 31635 DEBUG oslo_service.service [-] clients_magnum.ca_file = None log_opt_values /usr/lib/python3/dist-packages/oslo_config/cfg.py:2609
2025-07-10 00:30:49.696 31635 DEBUG oslo_service.service [-] clients_magnum.cert_file = None log_opt_values /usr/lib/python3/dist-packages/oslo_config/cfg.py:2609
2025-07-10 00:30:49.696 31635 DEBUG oslo_service.service [-] clients_magnum.endpoint_type = None log_opt_values /usr/lib/python3/dist-packages/oslo_config/cfg.py:2609
2025-07-10 00:30:49.696 31635 DEBUG oslo_service.service [-] clients_magnum.insecure = None log_opt_values /usr/lib/python3/dist-packages/oslo_config/cfg.py:2609
2025-07-10 00:30:49.697 31635 DEBUG oslo_service.service [-] clients_magnum.key_file = None log_opt_values /usr/lib/python3/dist-packages/oslo_config/cfg.py:2609
2025-07-10 00:30:49.697 31635 DEBUG oslo_service.service [-] clients_manila.ca_file = None log_opt_values /usr/lib/python3/dist-packages/oslo_config/cfg.py:2609
2025-07-10 00:30:49.697 31635 DEBUG oslo_service.service [-] clients_manila.cert_file = None log_opt_values /usr/lib/python3/dist-packages/oslo_config/cfg.py:2609
2025-07-10 00:30:49.697 31635 DEBUG oslo_service.service [-] clients_manila.endpoint_type = None log_opt_values /usr/lib/python3/dist-packages/oslo_config/cfg.py:2609
2025-07-10 00:30:49.697 31635 DEBUG oslo_service.service [-] clients_manila.insecure = None log_opt_values /usr/lib/python3/dist-packages/oslo_config/cfg.py:2609
2025-07-10 00:30:49.697 31635 DEBUG oslo_service.service [-] clients_manila.key_file = None log_opt_values /usr/lib/python3/dist-packages/oslo_config/cfg.py:2609
2025-07-10 00:30:49.697 31635 DEBUG oslo_service.service [-] clients_mistral.ca_file = None log_opt_values /usr/lib/python3/dist-packages/oslo_config/cfg.py:2609
2025-07-10 00:30:49.697 31635 DEBUG oslo_service.service [-] clients_mistral.cert_file = None log_opt_values /usr/lib/python3/dist-packages/oslo_config/cfg.py:2609
2025-07-10 00:30:49.698 31635 DEBUG oslo_service.service [-] clients_mistral.endpoint_type = None log_opt_values /usr/lib/python3/dist-packages/oslo_config/cfg.py:2609
2025-07-10 00:30:49.698 31635 DEBUG oslo_service.service [-] clients_mistral.insecure = None log_opt_values /usr/lib/python3/dist-packages/oslo_config/cfg.py:2609
2025-07-10 00:30:49.698 31635 DEBUG oslo_service.service [-] clients_mistral.key_file = None log_opt_values /usr/lib/python3/dist-packages/oslo_config/cfg.py:2609
2025-07-10 00:30:49.698 31635 DEBUG oslo_service.service [-] clients_monasca.ca_file = None log_opt_values /usr/lib/python3/dist-packages/oslo_config/cfg.py:2609
2025-07-10 00:30:49.698 31635 DEBUG oslo_service.service [-] clients_monasca.cert_file = None log_opt_values /usr/lib/python3/dist-packages/oslo_config/cfg.py:2609
2025-07-10 00:30:49.698 31635 DEBUG oslo_service.service [-] clients_monasca.endpoint_type = None log_opt_values /usr/lib/python3/dist-packages/oslo_config/cfg.py:2609
2025-07-10 00:30:49.698 31635 DEBUG oslo_service.service [-] clients_monasca.insecure = None log_opt_values /usr/lib/python3/dist-packages/oslo_config/cfg.py:2609
2025-07-10 00:30:49.699 31635 DEBUG oslo_service.service [-] clients_monasca.key_file = None log_opt_values /usr/lib/python3/dist-packages/oslo_config/cfg.py:2609
2025-07-10 00:30:49.699 31635 DEBUG oslo_service.service [-] clients_neutron.ca_file = None log_opt_values /usr/lib/python3/dist-packages/oslo_config/cfg.py:2609
2025-07-10 00:30:49.699 31635 DEBUG oslo_service.service [-] clients_neutron.cert_file = None log_opt_values /usr/lib/python3/dist-packages/oslo_config/cfg.py:2609
2025-07-10 00:30:49.699 31635 DEBUG oslo_service.service [-] clients_neutron.endpoint_type = None log_opt_values /usr/lib/python3/dist-packages/oslo_config/cfg.py:2609
2025-07-10 00:30:49.699 31635 DEBUG oslo_service.service [-] clients_neutron.insecure = None log_opt_values /usr/lib/python3/dist-packages/oslo_config/cfg.py:2609
2025-07-10 00:30:49.699 31635 DEBUG oslo_service.service [-] clients_neutron.key_file = None log_opt_values /usr/lib/python3/dist-packages/oslo_config/cfg.py:2609
2025-07-10 00:30:49.699 31635 DEBUG oslo_service.service [-] clients_nova.ca_file = None log_opt_values /usr/lib/python3/dist-packages/oslo_config/cfg.py:2609
2025-07-10 00:30:49.700 31635 DEBUG oslo_service.service [-] clients_nova.cert_file = None log_opt_values /usr/lib/python3/dist-packages/oslo_config/cfg.py:2609
2025-07-10 00:30:49.700 31635 DEBUG oslo_service.service [-] clients_nova.endpoint_type = None log_opt_values /usr/lib/python3/dist-packages/oslo_config/cfg.py:2609
2025-07-10 00:30:49.700 31635 DEBUG oslo_service.service [-] clients_nova.http_log_debug = False log_opt_values /usr/lib/python3/dist-packages/oslo_config/cfg.py:2609
2025-07-10 00:30:49.700 31635 DEBUG oslo_service.service [-] clients_nova.insecure = None log_opt_values /usr/lib/python3/dist-packages/oslo_config/cfg.py:2609
2025-07-10 00:30:49.700 31635 DEBUG oslo_service.service [-] clients_nova.key_file = None log_opt_values /usr/lib/python3/dist-packages/oslo_config/cfg.py:2609
2025-07-10 00:30:49.700 31635 DEBUG oslo_service.service [-] clients_octavia.ca_file = None log_opt_values /usr/lib/python3/dist-packages/oslo_config/cfg.py:2609
2025-07-10 00:30:49.701 31635 DEBUG oslo_service.service [-] clients_octavia.cert_file = None log_opt_values /usr/lib/python3/dist-packages/oslo_config/cfg.py:2609
2025-07-10 00:30:49.701 31635 DEBUG oslo_service.service [-] clients_octavia.endpoint_type = None log_opt_values /usr/lib/python3/dist-packages/oslo_config/cfg.py:2609
2025-07-10 00:30:49.701 31635 DEBUG oslo_service.service [-] clients_octavia.insecure = None log_opt_values /usr/lib/python3/dist-packages/oslo_config/cfg.py:2609
2025-07-10 00:30:49.701 31635 DEBUG oslo_service.service [-] clients_octavia.key_file = None log_opt_values /usr/lib/python3/dist-packages/oslo_config/cfg.py:2609
2025-07-10 00:30:49.701 31635 DEBUG oslo_service.service [-] clients_sahara.ca_file = None log_opt_values /usr/lib/python3/dist-packages/oslo_config/cfg.py:2609
2025-07-10 00:30:49.701 31635 DEBUG oslo_service.service [-] clients_sahara.cert_file = None log_opt_values /usr/lib/python3/dist-packages/oslo_config/cfg.py:2609
2025-07-10 00:30:49.701 31635 DEBUG oslo_service.service [-] clients_sahara.endpoint_type = None log_opt_values /usr/lib/python3/dist-packages/oslo_config/cfg.py:2609
2025-07-10 00:30:49.701 31635 DEBUG oslo_service.service [-] clients_sahara.insecure = None log_opt_values /usr/lib/python3/dist-packages/oslo_config/cfg.py:2609
2025-07-10 00:30:49.702 31635 DEBUG oslo_service.service [-] clients_sahara.key_file = None log_opt_values /usr/lib/python3/dist-packages/oslo_config/cfg.py:2609
2025-07-10 00:30:49.702 31635 DEBUG oslo_service.service [-] clients_senlin.ca_file = None log_opt_values /usr/lib/python3/dist-packages/oslo_config/cfg.py:2609
2025-07-10 00:30:49.702 31635 DEBUG oslo_service.service [-] clients_senlin.cert_file = None log_opt_values /usr/lib/python3/dist-packages/oslo_config/cfg.py:2609
2025-07-10 00:30:49.702 31635 DEBUG oslo_service.service [-] clients_senlin.endpoint_type = None log_opt_values /usr/lib/python3/dist-packages/oslo_config/cfg.py:2609
2025-07-10 00:30:49.702 31635 DEBUG oslo_service.service [-] clients_senlin.insecure = None log_opt_values /usr/lib/python3/dist-packages/oslo_config/cfg.py:2609
2025-07-10 00:30:49.702 31635 DEBUG oslo_service.service [-] clients_senlin.key_file = None log_opt_values /usr/lib/python3/dist-packages/oslo_config/cfg.py:2609
2025-07-10 00:30:49.702 31635 DEBUG oslo_service.service [-] clients_swift.ca_file = None log_opt_values /usr/lib/python3/dist-packages/oslo_config/cfg.py:2609
2025-07-10 00:30:49.703 31635 DEBUG oslo_service.service [-] clients_swift.cert_file = None log_opt_values /usr/lib/python3/dist-packages/oslo_config/cfg.py:2609
2025-07-10 00:30:49.705 31635 DEBUG oslo_service.service [-] clients_swift.endpoint_type = None log_opt_values /usr/lib/python3/dist-packages/oslo_config/cfg.py:2609
2025-07-10 00:30:49.705 31635 DEBUG oslo_service.service [-] clients_swift.insecure = None log_opt_values /usr/lib/python3/dist-packages/oslo_config/cfg.py:2609
2025-07-10 00:30:49.705 31635 DEBUG oslo_service.service [-] clients_swift.key_file = None log_opt_values /usr/lib/python3/dist-packages/oslo_config/cfg.py:2609
2025-07-10 00:30:49.705 31635 DEBUG oslo_service.service [-] clients_trove.ca_file = None log_opt_values /usr/lib/python3/dist-packages/oslo_config/cfg.py:2609
2025-07-10 00:30:49.705 31635 DEBUG oslo_service.service [-] clients_trove.cert_file = None log_opt_values /usr/lib/python3/dist-packages/oslo_config/cfg.py:2609
2025-07-10 00:30:49.706 31635 DEBUG oslo_service.service [-] clients_trove.endpoint_type = None log_opt_values /usr/lib/python3/dist-packages/oslo_config/cfg.py:2609
2025-07-10 00:30:49.706 31635 DEBUG oslo_service.service [-] clients_trove.insecure = None log_opt_values /usr/lib/python3/dist-packages/oslo_config/cfg.py:2609
2025-07-10 00:30:49.706 31635 DEBUG oslo_service.service [-] clients_trove.key_file = None log_opt_values /usr/lib/python3/dist-packages/oslo_config/cfg.py:2609
2025-07-10 00:30:49.706 31635 DEBUG oslo_service.service [-] clients_vitrage.ca_file = None log_opt_values /usr/lib/python3/dist-packages/oslo_config/cfg.py:2609
2025-07-10 00:30:49.706 31635 DEBUG oslo_service.service [-] clients_vitrage.cert_file = None log_opt_values /usr/lib/python3/dist-packages/oslo_config/cfg.py:2609
2025-07-10 00:30:49.706 31635 DEBUG oslo_service.service [-] clients_vitrage.endpoint_type = None log_opt_values /usr/lib/python3/dist-packages/oslo_config/cfg.py:2609
2025-07-10 00:30:49.707 31635 DEBUG oslo_service.service [-] clients_vitrage.insecure = None log_opt_values /usr/lib/python3/dist-packages/oslo_config/cfg.py:2609
2025-07-10 00:30:49.707 31635 DEBUG oslo_service.service [-] clients_vitrage.key_file = None log_opt_values /usr/lib/python3/dist-packages/oslo_config/cfg.py:2609
2025-07-10 00:30:49.709 31635 DEBUG oslo_service.service [-] clients_zaqar.ca_file = None log_opt_values /usr/lib/python3/dist-packages/oslo_config/cfg.py:2609
2025-07-10 00:30:49.709 31635 DEBUG oslo_service.service [-] clients_zaqar.cert_file = None log_opt_values /usr/lib/python3/dist-packages/oslo_config/cfg.py:2609
2025-07-10 00:30:49.709 31635 DEBUG oslo_service.service [-] clients_zaqar.endpoint_type = None log_opt_values /usr/lib/python3/dist-packages/oslo_config/cfg.py:2609
2025-07-10 00:30:49.709 31635 DEBUG oslo_service.service [-] clients_zaqar.insecure = None log_opt_values /usr/lib/python3/dist-packages/oslo_config/cfg.py:2609
2025-07-10 00:30:49.709 31635 DEBUG oslo_service.service [-] clients_zaqar.key_file = None log_opt_values /usr/lib/python3/dist-packages/oslo_config/cfg.py:2609
2025-07-10 00:30:49.710 31635 DEBUG oslo_service.service [-] database.backend = sqlalchemy log_opt_values /usr/lib/python3/dist-packages/oslo_config/cfg.py:2609
2025-07-10 00:30:49.710 31635 DEBUG oslo_service.service [-] database.connection = **** log_opt_values /usr/lib/python3/dist-packages/oslo_config/cfg.py:2609
2025-07-10 00:30:49.710 31635 DEBUG oslo_service.service [-] database.connection_debug = 0 log_opt_values /usr/lib/python3/dist-packages/oslo_config/cfg.py:2609
2025-07-10 00:30:49.710 31635 DEBUG oslo_service.service [-] database.connection_parameters = log_opt_values /usr/lib/python3/dist-packages/oslo_config/cfg.py:2609
2025-07-10 00:30:49.710 31635 DEBUG oslo_service.service [-] database.connection_recycle_time = 3600 log_opt_values /usr/lib/python3/dist-packages/oslo_config/cfg.py:2609
2025-07-10 00:30:49.710 31635 DEBUG oslo_service.service [-] database.connection_trace = False log_opt_values /usr/lib/python3/dist-packages/oslo_config/cfg.py:2609
2025-07-10 00:30:49.711 31635 DEBUG oslo_service.service [-] database.db_inc_retry_interval = True log_opt_values /usr/lib/python3/dist-packages/oslo_config/cfg.py:2609
2025-07-10 00:30:49.711 31635 DEBUG oslo_service.service [-] database.db_max_retries = 20 log_opt_values /usr/lib/python3/dist-packages/oslo_config/cfg.py:2609
2025-07-10 00:30:49.711 31635 DEBUG oslo_service.service [-] database.db_max_retry_interval = 10 log_opt_values /usr/lib/python3/dist-packages/oslo_config/cfg.py:2609
2025-07-10 00:30:49.711 31635 DEBUG oslo_service.service [-] database.db_retry_interval = 1 log_opt_values /usr/lib/python3/dist-packages/oslo_config/cfg.py:2609
2025-07-10 00:30:49.711 31635 DEBUG oslo_service.service [-] database.max_overflow = 50 log_opt_values /usr/lib/python3/dist-packages/oslo_config/cfg.py:2609
2025-07-10 00:30:49.711 31635 DEBUG oslo_service.service [-] database.max_pool_size = 5 log_opt_values /usr/lib/python3/dist-packages/oslo_config/cfg.py:2609
2025-07-10 00:30:49.711 31635 DEBUG oslo_service.service [-] database.max_retries = 10 log_opt_values /usr/lib/python3/dist-packages/oslo_config/cfg.py:2609
2025-07-10 00:30:49.711 31635 DEBUG oslo_service.service [-] database.mysql_enable_ndb = False log_opt_values /usr/lib/python3/dist-packages/oslo_config/cfg.py:2609
2025-07-10 00:30:49.712 31635 DEBUG oslo_service.service [-] database.mysql_sql_mode = TRADITIONAL log_opt_values /usr/lib/python3/dist-packages/oslo_config/cfg.py:2609
2025-07-10 00:30:49.712 31635 DEBUG oslo_service.service [-] database.pool_timeout = None log_opt_values /usr/lib/python3/dist-packages/oslo_config/cfg.py:2609
2025-07-10 00:30:49.712 31635 DEBUG oslo_service.service [-] database.retry_interval = 10 log_opt_values /usr/lib/python3/dist-packages/oslo_config/cfg.py:2609
2025-07-10 00:30:49.712 31635 DEBUG oslo_service.service [-] database.slave_connection = **** log_opt_values /usr/lib/python3/dist-packages/oslo_config/cfg.py:2609
2025-07-10 00:30:49.712 31635 DEBUG oslo_service.service [-] database.sqlite_synchronous = True log_opt_values /usr/lib/python3/dist-packages/oslo_config/cfg.py:2609
2025-07-10 00:30:49.712 31635 DEBUG oslo_service.service [-] database.use_db_reconnect = False log_opt_values /usr/lib/python3/dist-packages/oslo_config/cfg.py:2609
2025-07-10 00:30:49.712 31635 DEBUG oslo_service.service [-] oslo_messaging_metrics.metrics_buffer_size = 1000 log_opt_values /usr/lib/python3/dist-packages/oslo_config/cfg.py:2609
2025-07-10 00:30:49.712 31635 DEBUG oslo_service.service [-] oslo_messaging_metrics.metrics_enabled = False log_opt_values /usr/lib/python3/dist-packages/oslo_config/cfg.py:2609
2025-07-10 00:30:49.713 31635 DEBUG oslo_service.service [-] oslo_messaging_metrics.metrics_process_name = log_opt_values /usr/lib/python3/dist-packages/oslo_config/cfg.py:2609
2025-07-10 00:30:49.713 31635 DEBUG oslo_service.service [-] oslo_messaging_metrics.metrics_socket_file = /var/tmp/metrics_collector.sock log_opt_values /usr/lib/python3/dist-packages/oslo_config/cfg.py:2609
2025-07-10 00:30:49.713 31635 DEBUG oslo_service.service [-] oslo_messaging_metrics.metrics_thread_stop_timeout = 10 log_opt_values /usr/lib/python3/dist-packages/oslo_config/cfg.py:2609
2025-07-10 00:30:49.713 31635 DEBUG oslo_service.service [-] oslo_policy.enforce_new_defaults = False log_opt_values /usr/lib/python3/dist-packages/oslo_config/cfg.py:2609
2025-07-10 00:30:49.713 31635 DEBUG oslo_service.service [-] oslo_policy.enforce_scope = False log_opt_values /usr/lib/python3/dist-packages/oslo_config/cfg.py:2609
2025-07-10 00:30:49.713 31635 DEBUG oslo_service.service [-] oslo_policy.policy_default_rule = default log_opt_values /usr/lib/python3/dist-packages/oslo_config/cfg.py:2609
2025-07-10 00:30:49.714 31635 DEBUG oslo_service.service [-] oslo_policy.policy_dirs = ['policy.d'] log_opt_values /usr/lib/python3/dist-packages/oslo_config/cfg.py:2609
2025-07-10 00:30:49.714 31635 DEBUG oslo_service.service [-] oslo_policy.policy_file = policy.yaml log_opt_values /usr/lib/python3/dist-packages/oslo_config/cfg.py:2609
2025-07-10 00:30:49.714 31635 DEBUG oslo_service.service [-] oslo_policy.remote_content_type = application/x-www-form-urlencoded log_opt_values /usr/lib/python3/dist-packages/oslo_config/cfg.py:2609
2025-07-10 00:30:49.714 31635 DEBUG oslo_service.service [-] oslo_policy.remote_ssl_ca_crt_file = None log_opt_values /usr/lib/python3/dist-packages/oslo_config/cfg.py:2609
2025-07-10 00:30:49.714 31635 DEBUG oslo_service.service [-] oslo_policy.remote_ssl_client_crt_file = None log_opt_values /usr/lib/python3/dist-packages/oslo_config/cfg.py:2609
2025-07-10 00:30:49.714 31635 DEBUG oslo_service.service [-] oslo_policy.remote_ssl_client_key_file = None log_opt_values /usr/lib/python3/dist-packages/oslo_config/cfg.py:2609
2025-07-10 00:30:49.714 31635 DEBUG oslo_service.service [-] oslo_policy.remote_ssl_verify_server_crt = False log_opt_values /usr/lib/python3/dist-packages/oslo_config/cfg.py:2609
2025-07-10 00:30:49.714 31635 DEBUG oslo_service.service [-] trustee.auth_section = None log_opt_values /usr/lib/python3/dist-packages/oslo_config/cfg.py:2609
2025-07-10 00:30:49.715 31635 DEBUG oslo_service.service [-] trustee.auth_type = None log_opt_values /usr/lib/python3/dist-packages/oslo_config/cfg.py:2609
2025-07-10 00:30:49.716 31635 DEBUG oslo_service.service [-] oslo_versionedobjects.fatal_exception_format_errors = False log_opt_values /usr/lib/python3/dist-packages/oslo_config/cfg.py:2609
2025-07-10 00:30:49.717 31635 DEBUG oslo_service.service [-] oslo_messaging_rabbit.amqp_auto_delete = False log_opt_values /usr/lib/python3/dist-packages/oslo_config/cfg.py:2609
2025-07-10 00:30:49.717 31635 DEBUG oslo_service.service [-] oslo_messaging_rabbit.amqp_durable_queues = False log_opt_values /usr/lib/python3/dist-packages/oslo_config/cfg.py:2609
2025-07-10 00:30:49.718 31635 DEBUG oslo_service.service [-] oslo_messaging_rabbit.conn_pool_min_size = 2 log_opt_values /usr/lib/python3/dist-packages/oslo_config/cfg.py:2609
2025-07-10 00:30:49.718 31635 DEBUG oslo_service.service [-] oslo_messaging_rabbit.conn_pool_ttl = 1200 log_opt_values /usr/lib/python3/dist-packages/oslo_config/cfg.py:2609
2025-07-10 00:30:49.719 31635 DEBUG oslo_service.service [-] oslo_messaging_rabbit.direct_mandatory_flag = True log_opt_values /usr/lib/python3/dist-packages/oslo_config/cfg.py:2609
2025-07-10 00:30:49.719 31635 DEBUG oslo_service.service [-] oslo_messaging_rabbit.enable_cancel_on_failover = False log_opt_values /usr/lib/python3/dist-packages/oslo_config/cfg.py:2609
2025-07-10 00:30:49.719 31635 DEBUG oslo_service.service [-] oslo_messaging_rabbit.heartbeat_in_pthread = False log_opt_values /usr/lib/python3/dist-packages/oslo_config/cfg.py:2609
2025-07-10 00:30:49.719 31635 DEBUG oslo_service.service [-] oslo_messaging_rabbit.heartbeat_rate = 2 log_opt_values /usr/lib/python3/dist-packages/oslo_config/cfg.py:2609
2025-07-10 00:30:49.719 31635 DEBUG oslo_service.service [-] oslo_messaging_rabbit.heartbeat_timeout_threshold = 60 log_opt_values /usr/lib/python3/dist-packages/oslo_config/cfg.py:2609
2025-07-10 00:30:49.719 31635 DEBUG oslo_service.service [-] oslo_messaging_rabbit.kombu_compression = None log_opt_values /usr/lib/python3/dist-packages/oslo_config/cfg.py:2609
2025-07-10 00:30:49.719 31635 DEBUG oslo_service.service [-] oslo_messaging_rabbit.kombu_failover_strategy = round-robin log_opt_values /usr/lib/python3/dist-packages/oslo_config/cfg.py:2609
2025-07-10 00:30:49.719 31635 DEBUG oslo_service.service [-] oslo_messaging_rabbit.kombu_missing_consumer_retry_timeout = 60 log_opt_values /usr/lib/python3/dist-packages/oslo_config/cfg.py:2609
2025-07-10 00:30:49.720 31635 DEBUG oslo_service.service [-] oslo_messaging_rabbit.kombu_reconnect_delay = 1.0 log_opt_values /usr/lib/python3/dist-packages/oslo_config/cfg.py:2609
2025-07-10 00:30:49.720 31635 DEBUG oslo_service.service [-] oslo_messaging_rabbit.rabbit_ha_queues = False log_opt_values /usr/lib/python3/dist-packages/oslo_config/cfg.py:2609
2025-07-10 00:30:49.720 31635 DEBUG oslo_service.service [-] oslo_messaging_rabbit.rabbit_interval_max = 30 log_opt_values /usr/lib/python3/dist-packages/oslo_config/cfg.py:2609
2025-07-10 00:30:49.720 31635 DEBUG oslo_service.service [-] oslo_messaging_rabbit.rabbit_login_method = AMQPLAIN log_opt_values /usr/lib/python3/dist-packages/oslo_config/cfg.py:2609
2025-07-10 00:30:49.720 31635 DEBUG oslo_service.service [-] oslo_messaging_rabbit.rabbit_qos_prefetch_count = 0 log_opt_values /usr/lib/python3/dist-packages/oslo_config/cfg.py:2609
2025-07-10 00:30:49.720 31635 DEBUG oslo_service.service [-] oslo_messaging_rabbit.rabbit_quorum_queue = False log_opt_values /usr/lib/python3/dist-packages/oslo_config/cfg.py:2609
2025-07-10 00:30:49.721 31635 DEBUG oslo_service.service [-] oslo_messaging_rabbit.rabbit_retry_backoff = 2 log_opt_values /usr/lib/python3/dist-packages/oslo_config/cfg.py:2609
2025-07-10 00:30:49.721 31635 DEBUG oslo_service.service [-] oslo_messaging_rabbit.rabbit_retry_interval = 1 log_opt_values /usr/lib/python3/dist-packages/oslo_config/cfg.py:2609
2025-07-10 00:30:49.722 31635 DEBUG oslo_service.service [-] oslo_messaging_rabbit.rabbit_transient_queues_ttl = 1800 log_opt_values /usr/lib/python3/dist-packages/oslo_config/cfg.py:2609
2025-07-10 00:30:49.722 31635 DEBUG oslo_service.service [-] oslo_messaging_rabbit.rpc_conn_pool_size = 30 log_opt_values /usr/lib/python3/dist-packages/oslo_config/cfg.py:2609
2025-07-10 00:30:49.722 31635 DEBUG oslo_service.service [-] oslo_messaging_rabbit.ssl = False log_opt_values /usr/lib/python3/dist-packages/oslo_config/cfg.py:2609
2025-07-10 00:30:49.722 31635 DEBUG oslo_service.service [-] oslo_messaging_rabbit.ssl_ca_file = log_opt_values /usr/lib/python3/dist-packages/oslo_config/cfg.py:2609
2025-07-10 00:30:49.722 31635 DEBUG oslo_service.service [-] oslo_messaging_rabbit.ssl_cert_file = log_opt_values /usr/lib/python3/dist-packages/oslo_config/cfg.py:2609
2025-07-10 00:30:49.722 31635 DEBUG oslo_service.service [-] oslo_messaging_rabbit.ssl_key_file = log_opt_values /usr/lib/python3/dist-packages/oslo_config/cfg.py:2609
2025-07-10 00:30:49.722 31635 DEBUG oslo_service.service [-] oslo_messaging_rabbit.ssl_version = log_opt_values /usr/lib/python3/dist-packages/oslo_config/cfg.py:2609
2025-07-10 00:30:49.723 31635 DEBUG oslo_service.service [-] oslo_messaging_notifications.driver = [] log_opt_values /usr/lib/python3/dist-packages/oslo_config/cfg.py:2609
2025-07-10 00:30:49.723 31635 DEBUG oslo_service.service [-] oslo_messaging_notifications.retry = -1 log_opt_values /usr/lib/python3/dist-packages/oslo_config/cfg.py:2609
2025-07-10 00:30:49.723 31635 DEBUG oslo_service.service [-] oslo_messaging_notifications.topics = ['notifications'] log_opt_values /usr/lib/python3/dist-packages/oslo_config/cfg.py:2609
2025-07-10 00:30:49.723 31635 DEBUG oslo_service.service [-] oslo_messaging_notifications.transport_url = **** log_opt_values /usr/lib/python3/dist-packages/oslo_config/cfg.py:2609
2025-07-10 00:30:49.723 31635 DEBUG oslo_service.service [-] cache.backend = dogpile.cache.null log_opt_values /usr/lib/python3/dist-packages/oslo_config/cfg.py:2609
2025-07-10 00:30:49.723 31635 DEBUG oslo_service.service [-] cache.backend_argument = **** log_opt_values /usr/lib/python3/dist-packages/oslo_config/cfg.py:2609
2025-07-10 00:30:49.723 31635 DEBUG oslo_service.service [-] cache.config_prefix = cache.oslo log_opt_values /usr/lib/python3/dist-packages/oslo_config/cfg.py:2609
2025-07-10 00:30:49.724 31635 DEBUG oslo_service.service [-] cache.debug_cache_backend = False log_opt_values /usr/lib/python3/dist-packages/oslo_config/cfg.py:2609
2025-07-10 00:30:49.724 31635 DEBUG oslo_service.service [-] cache.enabled = False log_opt_values /usr/lib/python3/dist-packages/oslo_config/cfg.py:2609
2025-07-10 00:30:49.724 31635 DEBUG oslo_service.service [-] cache.expiration_time = 600 log_opt_values /usr/lib/python3/dist-packages/oslo_config/cfg.py:2609
2025-07-10 00:30:49.724 31635 DEBUG oslo_service.service [-] cache.memcache_dead_retry = 300 log_opt_values /usr/lib/python3/dist-packages/oslo_config/cfg.py:2609
2025-07-10 00:30:49.724 31635 DEBUG oslo_service.service [-] cache.memcache_pool_connection_get_timeout = 10 log_opt_values /usr/lib/python3/dist-packages/oslo_config/cfg.py:2609
2025-07-10 00:30:49.726 31891 INFO heat.engine.worker [-] Starting engine_worker (1.4) in engine ea4b4c91-aeb5-431c-a5e4-3bc2c4623e43.
2025-07-10 00:30:49.725 31635 DEBUG oslo_service.service [-] cache.memcache_pool_flush_on_reconnect = False log_opt_values /usr/lib/python3/dist-packages/oslo_config/cfg.py:2609
2025-07-10 00:30:49.729 31635 DEBUG oslo_service.service [-] cache.memcache_pool_maxsize = 10 log_opt_values /usr/lib/python3/dist-packages/oslo_config/cfg.py:2609
2025-07-10 00:30:49.731 31635 DEBUG oslo_service.service [-] cache.memcache_pool_unused_timeout = 60 log_opt_values /usr/lib/python3/dist-packages/oslo_config/cfg.py:2609
2025-07-10 00:30:49.732 31635 DEBUG oslo_service.service [-] cache.memcache_servers = ['localhost:11211'] log_opt_values /usr/lib/python3/dist-packages/oslo_config/cfg.py:2609
2025-07-10 00:30:49.732 31635 DEBUG oslo_service.service [-] cache.memcache_socket_timeout = 1.0 log_opt_values /usr/lib/python3/dist-packages/oslo_config/cfg.py:2609
2025-07-10 00:30:49.733 31635 DEBUG oslo_service.service [-] cache.proxies = [] log_opt_values /usr/lib/python3/dist-packages/oslo_config/cfg.py:2609
2025-07-10 00:30:49.733 31635 DEBUG oslo_service.service [-] cache.tls_allowed_ciphers = None log_opt_values /usr/lib/python3/dist-packages/oslo_config/cfg.py:2609
2025-07-10 00:30:49.733 31635 DEBUG oslo_service.service [-] cache.tls_cafile = None log_opt_values /usr/lib/python3/dist-packages/oslo_config/cfg.py:2609
2025-07-10 00:30:49.733 31635 DEBUG oslo_service.service [-] cache.tls_certfile = None log_opt_values /usr/lib/python3/dist-packages/oslo_config/cfg.py:2609
2025-07-10 00:30:49.733 31635 DEBUG oslo_service.service [-] cache.tls_enabled = False log_opt_values /usr/lib/python3/dist-packages/oslo_config/cfg.py:2609
2025-07-10 00:30:49.733 31635 DEBUG oslo_service.service [-] cache.tls_keyfile = None log_opt_values /usr/lib/python3/dist-packages/oslo_config/cfg.py:2609
2025-07-10 00:30:49.734 31635 DEBUG oslo_service.service [-] constraint_validation_cache.caching = True log_opt_values /usr/lib/python3/dist-packages/oslo_config/cfg.py:2609
2025-07-10 00:30:49.734 31635 DEBUG oslo_service.service [-] constraint_validation_cache.expiration_time = 60 log_opt_values /usr/lib/python3/dist-packages/oslo_config/cfg.py:2609
2025-07-10 00:30:49.734 31635 DEBUG oslo_service.service [-] service_extension_cache.caching = True log_opt_values /usr/lib/python3/dist-packages/oslo_config/cfg.py:2609
2025-07-10 00:30:49.734 31635 DEBUG oslo_service.service [-] service_extension_cache.expiration_time = 3600 log_opt_values /usr/lib/python3/dist-packages/oslo_config/cfg.py:2609
2025-07-10 00:30:49.734 31635 DEBUG oslo_service.service [-] resource_finder_cache.caching = True log_opt_values /usr/lib/python3/dist-packages/oslo_config/cfg.py:2609
2025-07-10 00:30:49.734 31635 DEBUG oslo_service.service [-] resource_finder_cache.expiration_time = 3600 log_opt_values /usr/lib/python3/dist-packages/oslo_config/cfg.py:2609
2025-07-10 00:30:49.735 31635 DEBUG oslo_service.service [-] yaql.limit_iterators = 200 log_opt_values /usr/lib/python3/dist-packages/oslo_config/cfg.py:2609
2025-07-10 00:30:49.735 31635 DEBUG oslo_service.service [-] yaql.memory_quota = 10000 log_opt_values /usr/lib/python3/dist-packages/oslo_config/cfg.py:2609
2025-07-10 00:30:49.735 31635 DEBUG oslo_service.service [-] ******************************************************************************** log_opt_values /usr/lib/python3/dist-packages/oslo_config/cfg.py:2613
2025-07-10 00:30:49.747 31890 DEBUG oslo_db.sqlalchemy.engines [req-cb6c0ff6-4e6e-4489-92ba-1f7eee6f0ae0 - - - - -] MySQL server mode set to STRICT_TRANS_TABLES,STRICT_ALL_TABLES,NO_ZERO_IN_DATE,NO_ZERO_DATE,ERROR_FOR_DIVISION_BY_ZERO,TRADITIONAL,NO_ENGINE_SUBSTITUTION _check_effective_sql_mode /usr/lib/python3/dist-packages/oslo_db/sqlalchemy/engines.py:314
2025-07-10 00:30:49.750 31888 DEBUG oslo_db.sqlalchemy.engines [req-9570567b-fa2a-464a-92e9-6e458e840565 - - - - -] MySQL server mode set to STRICT_TRANS_TABLES,STRICT_ALL_TABLES,NO_ZERO_IN_DATE,NO_ZERO_DATE,ERROR_FOR_DIVISION_BY_ZERO,TRADITIONAL,NO_ENGINE_SUBSTITUTION _check_effective_sql_mode /usr/lib/python3/dist-packages/oslo_db/sqlalchemy/engines.py:314
2025-07-10 00:30:49.767 31892 INFO heat.engine.worker [-] Starting engine_worker (1.4) in engine a979d98e-06ac-4477-b485-f649cf6c0a53.
2025-07-10 00:30:49.808 31891 DEBUG oslo_db.sqlalchemy.engines [req-8b6fcfe4-3e22-4480-be57-8580abab4332 - - - - -] MySQL server mode set to STRICT_TRANS_TABLES,STRICT_ALL_TABLES,NO_ZERO_IN_DATE,NO_ZERO_DATE,ERROR_FOR_DIVISION_BY_ZERO,TRADITIONAL,NO_ENGINE_SUBSTITUTION _check_effective_sql_mode /usr/lib/python3/dist-packages/oslo_db/sqlalchemy/engines.py:314
2025-07-10 00:30:49.853 31890 DEBUG heat.engine.service [req-74d2937b-77b6-40ae-9718-86fe2a8720c3 - - - - -] Service 6bab81f7-668a-473f-b16e-2e55f7e64046 is started service_manage_report /usr/lib/python3/dist-packages/heat/engine/service.py:2363
2025-07-10 00:30:49.856 31892 DEBUG oslo_db.sqlalchemy.engines [req-71fa29ca-f039-4e15-b1bb-2a04ce72444b - - - - -] MySQL server mode set to STRICT_TRANS_TABLES,STRICT_ALL_TABLES,NO_ZERO_IN_DATE,NO_ZERO_DATE,ERROR_FOR_DIVISION_BY_ZERO,TRADITIONAL,NO_ENGINE_SUBSTITUTION _check_effective_sql_mode /usr/lib/python3/dist-packages/oslo_db/sqlalchemy/engines.py:314
2025-07-10 00:30:49.874 31888 DEBUG heat.engine.service [req-96f1b63d-a86b-4c8b-abfc-9e6b99216741 - - - - -] Service 97087867-8c82-4fa6-8e0a-a706767f2e9f is started service_manage_report /usr/lib/python3/dist-packages/heat/engine/service.py:2363
2025-07-10 00:30:49.885 31890 DEBUG heat.engine.service [req-74d2937b-77b6-40ae-9718-86fe2a8720c3 - - - - -] Service 6bab81f7-668a-473f-b16e-2e55f7e64046 is updated service_manage_report /usr/lib/python3/dist-packages/heat/engine/service.py:2370
2025-07-10 00:30:49.895 31888 DEBUG heat.engine.service [req-96f1b63d-a86b-4c8b-abfc-9e6b99216741 - - - - -] Service 97087867-8c82-4fa6-8e0a-a706767f2e9f is updated service_manage_report /usr/lib/python3/dist-packages/heat/engine/service.py:2370
2025-07-10 00:30:49.920 31891 DEBUG heat.engine.service [req-3b663a6b-ae04-42bd-af73-c355c13207ed - - - - -] Service 09bdf2ca-d557-4ec2-9761-e9b2bdd2a066 is started service_manage_report /usr/lib/python3/dist-packages/heat/engine/service.py:2363
2025-07-10 00:30:49.936 31892 DEBUG heat.engine.service [req-fdb27e0e-9f23-41c3-968a-29dccbd39882 - - - - -] Service cc912f0e-184e-4afa-96a4-b1860f842a1b is started service_manage_report /usr/lib/python3/dist-packages/heat/engine/service.py:2363
2025-07-10 00:30:49.938 31891 DEBUG heat.engine.service [req-3b663a6b-ae04-42bd-af73-c355c13207ed - - - - -] Service 09bdf2ca-d557-4ec2-9761-e9b2bdd2a066 is updated service_manage_report /usr/lib/python3/dist-packages/heat/engine/service.py:2370
2025-07-10 00:30:49.961 31892 DEBUG heat.engine.service [req-fdb27e0e-9f23-41c3-968a-29dccbd39882 - - - - -] Service cc912f0e-184e-4afa-96a4-b1860f842a1b is updated service_manage_report /usr/lib/python3/dist-packages/heat/engine/service.py:2370
2025-07-10 00:31:49.859 31890 DEBUG heat.engine.service [req-9af06e5b-f88f-447f-bf4c-9c1656d76028 - - - - -] Service 6bab81f7-668a-473f-b16e-2e55f7e64046 is updated service_manage_report /usr/lib/python3/dist-packages/heat/engine/service.py:2370
2025-07-10 00:31:49.864 31888 DEBUG heat.engine.service [req-65a7820e-95ff-4a00-81b6-d103ff9d8a6b - - - - -] Service 97087867-8c82-4fa6-8e0a-a706767f2e9f is updated service_manage_report /usr/lib/python3/dist-packages/heat/engine/service.py:2370
2025-07-10 00:31:49.915 31891 DEBUG heat.engine.service [req-d2c0e675-f319-453f-82d7-ef15fcb6f954 - - - - -] Service 09bdf2ca-d557-4ec2-9761-e9b2bdd2a066 is updated service_manage_report /usr/lib/python3/dist-packages/heat/engine/service.py:2370
2025-07-10 00:31:49.926 31892 DEBUG heat.engine.service [req-5144c14e-7a97-456a-bf5a-186121b30eca - - - - -] Service cc912f0e-184e-4afa-96a4-b1860f842a1b is updated service_manage_report /usr/lib/python3/dist-packages/heat/engine/service.py:2370
2025-07-10 00:32:49.846 31890 DEBUG heat.engine.service [req-9e9179ab-810b-4965-8778-972bae033f56 - - - - -] Service 6bab81f7-668a-473f-b16e-2e55f7e64046 is updated service_manage_report /usr/lib/python3/dist-packages/heat/engine/service.py:2370
2025-07-10 00:32:49.861 31888 DEBUG heat.engine.service [req-ba98b9e0-e333-48c3-aa0a-9db40babe287 - - - - -] Service 97087867-8c82-4fa6-8e0a-a706767f2e9f is updated service_manage_report /usr/lib/python3/dist-packages/heat/engine/service.py:2370
2025-07-10 00:32:49.915 31891 DEBUG heat.engine.service [req-a34526ed-89ec-4964-83e0-d5c32231c35c - - - - -] Service 09bdf2ca-d557-4ec2-9761-e9b2bdd2a066 is updated service_manage_report /usr/lib/python3/dist-packages/heat/engine/service.py:2370
2025-07-10 00:32:49.935 31892 DEBUG heat.engine.service [req-60c6e080-6cdd-4bcc-ae83-ec99a2728f45 - - - - -] Service cc912f0e-184e-4afa-96a4-b1860f842a1b is updated service_manage_report /usr/lib/python3/dist-packages/heat/engine/service.py:2370
2025-07-10 00:33:49.851 31890 DEBUG heat.engine.service [req-e03e1dc8-6f96-4ffb-8c7f-3b13ea35c183 - - - - -] Service 6bab81f7-668a-473f-b16e-2e55f7e64046 is updated service_manage_report /usr/lib/python3/dist-packages/heat/engine/service.py:2370
2025-07-10 00:33:49.865 31888 DEBUG heat.engine.service [req-b8e93da4-7e89-4f3b-b9ce-24d59667c651 - - - - -] Service 97087867-8c82-4fa6-8e0a-a706767f2e9f is updated service_manage_report /usr/lib/python3/dist-packages/heat/engine/service.py:2370
2025-07-10 00:33:49.918 31891 DEBUG heat.engine.service [req-f4cdc167-f932-4ee6-b8a3-212222e9f522 - - - - -] Service 09bdf2ca-d557-4ec2-9761-e9b2bdd2a066 is updated service_manage_report /usr/lib/python3/dist-packages/heat/engine/service.py:2370
2025-07-10 00:33:49.941 31892 DEBUG heat.engine.service [req-b51f1839-d40f-4185-8c81-afd4fcc40c3f - - - - -] Service cc912f0e-184e-4afa-96a4-b1860f842a1b is updated service_manage_report /usr/lib/python3/dist-packages/heat/engine/service.py:2370
2025-07-10 00:34:49.856 31890 DEBUG heat.engine.service [req-3c4a1e4a-97a2-4a0c-ac5d-b29d6654c5a4 - - - - -] Service 6bab81f7-668a-473f-b16e-2e55f7e64046 is updated service_manage_report /usr/lib/python3/dist-packages/heat/engine/service.py:2370
2025-07-10 00:34:49.877 31888 DEBUG heat.engine.service [req-b96d775e-82f9-4797-ae1e-f72da27b155c - - - - -] Service 97087867-8c82-4fa6-8e0a-a706767f2e9f is updated service_manage_report /usr/lib/python3/dist-packages/heat/engine/service.py:2370
2025-07-10 00:34:49.926 31891 DEBUG heat.engine.service [req-0040e841-0584-4d66-94f1-edda96932eec - - - - -] Service 09bdf2ca-d557-4ec2-9761-e9b2bdd2a066 is updated service_manage_report /usr/lib/python3/dist-packages/heat/engine/service.py:2370
2025-07-10 00:34:49.943 31892 DEBUG heat.engine.service [req-71c44947-fbc7-42b5-81b0-05e0d8cde3c4 - - - - -] Service cc912f0e-184e-4afa-96a4-b1860f842a1b is updated service_manage_report /usr/lib/python3/dist-packages/heat/engine/service.py:2370
2025-07-10 00:35:49.851 31890 DEBUG heat.engine.service [req-34263976-843b-4116-82b1-4f25512be1d6 - - - - -] Service 6bab81f7-668a-473f-b16e-2e55f7e64046 is updated service_manage_report /usr/lib/python3/dist-packages/heat/engine/service.py:2370
2025-07-10 00:35:49.859 31888 DEBUG heat.engine.service [req-695a2b61-0a31-4ed0-a54c-ead19801397b - - - - -] Service 97087867-8c82-4fa6-8e0a-a706767f2e9f is updated service_manage_report /usr/lib/python3/dist-packages/heat/engine/service.py:2370
2025-07-10 00:35:49.911 31891 DEBUG heat.engine.service [req-24051dd7-cdbc-46ee-a363-1f7810d90a23 - - - - -] Service 09bdf2ca-d557-4ec2-9761-e9b2bdd2a066 is updated service_manage_report /usr/lib/python3/dist-packages/heat/engine/service.py:2370
2025-07-10 00:35:49.927 31892 DEBUG heat.engine.service [req-ab0aa3c1-f695-4dbf-bb76-1662da4d9771 - - - - -] Service cc912f0e-184e-4afa-96a4-b1860f842a1b is updated service_manage_report /usr/lib/python3/dist-packages/heat/engine/service.py:2370
2025-07-10 00:36:49.857 31890 DEBUG heat.engine.service [req-494468d7-2ef9-4ef8-94bb-a14c5fbae0a2 - - - - -] Service 6bab81f7-668a-473f-b16e-2e55f7e64046 is updated service_manage_report /usr/lib/python3/dist-packages/heat/engine/service.py:2370
2025-07-10 00:36:49.866 31888 DEBUG heat.engine.service [req-6fb35ff4-e2ea-4b31-b6ae-5593b50d497e - - - - -] Service 97087867-8c82-4fa6-8e0a-a706767f2e9f is updated service_manage_report /usr/lib/python3/dist-packages/heat/engine/service.py:2370
2025-07-10 00:36:49.917 31891 DEBUG heat.engine.service [req-a3c06522-51e8-4728-8994-f1b250c12f31 - - - - -] Service 09bdf2ca-d557-4ec2-9761-e9b2bdd2a066 is updated service_manage_report /usr/lib/python3/dist-packages/heat/engine/service.py:2370
2025-07-10 00:36:49.932 31892 DEBUG heat.engine.service [req-c15d4f4f-26f5-43b9-ba5a-d6267ec69533 - - - - -] Service cc912f0e-184e-4afa-96a4-b1860f842a1b is updated service_manage_report /usr/lib/python3/dist-packages/heat/engine/service.py:2370
2025-07-10 00:37:49.864 31890 DEBUG heat.engine.service [req-9c557009-44f7-4cf5-b801-7dc7342c64d1 - - - - -] Service 6bab81f7-668a-473f-b16e-2e55f7e64046 is updated service_manage_report /usr/lib/python3/dist-packages/heat/engine/service.py:2370
2025-07-10 00:37:49.867 31888 DEBUG heat.engine.service [req-2aedf9ff-c2b9-4f50-aa60-66da641dd78d - - - - -] Service 97087867-8c82-4fa6-8e0a-a706767f2e9f is updated service_manage_report /usr/lib/python3/dist-packages/heat/engine/service.py:2370
2025-07-10 00:37:49.916 31891 DEBUG heat.engine.service [req-bbded66d-e82b-4da3-b05e-a0c4910c9e25 - - - - -] Service 09bdf2ca-d557-4ec2-9761-e9b2bdd2a066 is updated service_manage_report /usr/lib/python3/dist-packages/heat/engine/service.py:2370
2025-07-10 00:37:49.944 31892 DEBUG heat.engine.service [req-6002428d-952d-47cd-b8df-153b39994ee2 - - - - -] Service cc912f0e-184e-4afa-96a4-b1860f842a1b is updated service_manage_report /usr/lib/python3/dist-packages/heat/engine/service.py:2370
2025-07-10 00:37:51.134 31892 DEBUG heat.engine.service [-] Attempting to stop engine service... _stop_rpc_server /usr/lib/python3/dist-packages/heat/engine/service.py:437
2025-07-10 00:37:51.138 31635 INFO oslo_service.service [-] Caught SIGTERM, stopping children
2025-07-10 00:37:51.139 31635 DEBUG oslo_concurrency.lockutils [-] Acquired lock "singleton_lock" lock /usr/lib/python3/dist-packages/oslo_concurrency/lockutils.py:294
2025-07-10 00:37:51.139 31635 DEBUG oslo_concurrency.lockutils [-] Releasing lock "singleton_lock" lock /usr/lib/python3/dist-packages/oslo_concurrency/lockutils.py:312
2025-07-10 00:37:51.139 31635 DEBUG oslo_service.service [-] Stop services. stop /usr/lib/python3/dist-packages/oslo_service/service.py:695
2025-07-10 00:37:51.139 31635 INFO heat.engine.service [-] All threads were gone, terminating engine
2025-07-10 00:37:51.139 31635 DEBUG oslo_service.service [-] Killing children. stop /usr/lib/python3/dist-packages/oslo_service/service.py:700
2025-07-10 00:37:51.140 31635 INFO oslo_service.service [-] Waiting on 4 children to exit
2025-07-10 00:37:51.140 31890 DEBUG heat.engine.service [-] Attempting to stop engine service... _stop_rpc_server /usr/lib/python3/dist-packages/heat/engine/service.py:437
2025-07-10 00:37:51.141 31888 DEBUG heat.engine.service [-] Attempting to stop engine service... _stop_rpc_server /usr/lib/python3/dist-packages/heat/engine/service.py:437
2025-07-10 00:37:51.142 31891 DEBUG heat.engine.service [-] Attempting to stop engine service... _stop_rpc_server /usr/lib/python3/dist-packages/heat/engine/service.py:437
2025-07-10 00:37:51.173 31635 INFO oslo_service.service [-] Child 31892 killed by signal 15
2025-07-10 00:38:04.695 31888 WARNING amqp [-] Received method (60, 30) during closing channel 1. This method will be ignored
2025-07-10 00:38:04.696 31888 INFO heat.engine.service [-] Engine service is stopped successfully
2025-07-10 00:38:04.696 31888 DEBUG heat.engine.service [-] Attempting to stop engine listener... stop /usr/lib/python3/dist-packages/heat/engine/service.py:319
2025-07-10 00:38:04.716 31890 WARNING amqp [-] Received method (60, 30) during closing channel 1. This method will be ignored
2025-07-10 00:38:04.718 31890 INFO heat.engine.service [-] Engine service is stopped successfully
2025-07-10 00:38:04.719 31890 DEBUG heat.engine.service [-] Attempting to stop engine listener... stop /usr/lib/python3/dist-packages/heat/engine/service.py:319
2025-07-10 00:38:04.764 31891 WARNING amqp [-] Received method (60, 30) during closing channel 1. This method will be ignored
2025-07-10 00:38:04.766 31891 INFO heat.engine.service [-] Engine service is stopped successfully
2025-07-10 00:38:04.767 31891 DEBUG heat.engine.service [-] Attempting to stop engine listener... stop /usr/lib/python3/dist-packages/heat/engine/service.py:319
2025-07-10 00:38:08.328 37364 DEBUG oslo_concurrency.lockutils [-] Lock "context-manager" acquired by "neutron_lib.db.api._create_context_manager" :: waited 0.000s inner /usr/lib/python3/dist-packages/oslo_concurrency/lockutils.py:386
2025-07-10 00:38:08.329 37364 DEBUG oslo_concurrency.lockutils [-] Lock "context-manager" "released" by "neutron_lib.db.api._create_context_manager" :: held 0.001s inner /usr/lib/python3/dist-packages/oslo_concurrency/lockutils.py:400
2025-07-10 00:38:08.646 37364 WARNING heat.engine.environment [-] OS::Aodh::Alarm is DEPRECATED. Theshold alarm relies on ceilometer-api and has been deprecated in aodh since Ocata. Use OS::Aodh::GnocchiAggregationByResourcesAlarm instead.
2025-07-10 00:38:08.646 37364 WARNING heat.engine.environment [-] OS::Aodh::CombinationAlarm is HIDDEN. OS::Aodh::CombinationAlarm is deprecated and has been removed from Aodh, use OS::Aodh::CompositeAlarm instead.
2025-07-10 00:38:08.647 37364 WARNING heat.engine.environment [-] OS::Designate::Domain is HIDDEN. This resource has been removed, use OS::Designate::Zone instead.
2025-07-10 00:38:08.647 37364 WARNING heat.engine.environment [-] OS::Designate::Record is HIDDEN. This resource has been removed, use OS::Designate::RecordSet instead.
2025-07-10 00:38:08.647 37364 WARNING heat.engine.environment [-] OS::Glance::Image is DEPRECATED. Creating a Glance Image based on an existing URL location requires the Glance v1 API, which is deprecated.
2025-07-10 00:38:08.648 37364 WARNING heat.engine.environment [-] OS::Heat::HARestarter is HIDDEN. The HARestarter resource type has been removed. Existing stacks containing HARestarter resources can still be used, but the HARestarter resource will be a placeholder that does nothing.
2025-07-10 00:38:08.648 37364 WARNING heat.engine.environment [-] OS::Heat::SoftwareDeployments is HIDDEN. Please use OS::Heat::SoftwareDeploymentGroup instead.
2025-07-10 00:38:08.648 37364 WARNING heat.engine.environment [-] OS::Heat::StructuredDeployments is HIDDEN. Please use OS::Heat::StructuredDeploymentGroup instead.
2025-07-10 00:38:08.649 37364 WARNING heat.engine.environment [-] OS::Magnum::Bay is HIDDEN. Please use OS::Magnum::Cluster instead.
2025-07-10 00:38:08.649 37364 WARNING heat.engine.environment [-] OS::Magnum::BayModel is HIDDEN. Please use OS::Magnum::ClusterTemplate instead.
2025-07-10 00:38:08.650 37364 WARNING heat.engine.environment [-] OS::Neutron::ExtraRoute is UNSUPPORTED. Use this resource at your own risk.
2025-07-10 00:38:08.650 37364 WARNING heat.engine.environment [-] OS::Neutron::HealthMonitor is HIDDEN. Use LBaaS V2 instead.
2025-07-10 00:38:08.650 37364 WARNING heat.engine.environment [-] OS::Neutron::Pool is HIDDEN. Use LBaaS V2 instead.
2025-07-10 00:38:08.650 37364 WARNING heat.engine.environment [-] OS::Neutron::PoolMember is HIDDEN. Use LBaaS V2 instead.
2025-07-10 00:38:08.650 37364 WARNING heat.engine.environment [-] OS::Neutron::LoadBalancer is HIDDEN. Use LBaaS V2 instead.
2025-07-10 00:38:08.651 37364 WARNING heat.engine.environment [-] OS::Neutron::RouterGateway is HIDDEN. Use the `external_gateway_info` property in the router resource to set up the gateway.
2025-07-10 00:38:08.651 37364 WARNING heat.engine.environment [-] OS::Nova::FloatingIP is HIDDEN. Please use OS::Neutron::FloatingIP instead.
2025-07-10 00:38:08.651 37364 WARNING heat.engine.environment [-] OS::Nova::FloatingIPAssociation is HIDDEN. Please use OS::Neutron::FloatingIPAssociation instead.
2025-07-10 00:38:08.653 37364 INFO heat.engine.environment [-] Loading /etc/heat/environment.d/default.yaml
2025-07-10 00:38:08.654 37364 INFO heat.engine.environment [-] Registered: [Plugin](User:False) AWS::AutoScaling::AutoScalingGroup ->
2025-07-10 00:38:08.654 37364 INFO heat.engine.environment [-] Registered: [Plugin](User:False) AWS::AutoScaling::LaunchConfiguration ->
2025-07-10 00:38:08.654 37364 INFO heat.engine.environment [-] Registered: [Plugin](User:False) AWS::AutoScaling::ScalingPolicy ->
2025-07-10 00:38:08.654 37364 INFO heat.engine.environment [-] Registered: [Plugin](User:False) AWS::CloudFormation::Stack ->
2025-07-10 00:38:08.654 37364 INFO heat.engine.environment [-] Registered: [Plugin](User:False) AWS::CloudFormation::WaitCondition ->
2025-07-10 00:38:08.654 37364 INFO heat.engine.environment [-] Registered: [Plugin](User:False) AWS::CloudFormation::WaitConditionHandle ->
2025-07-10 00:38:08.655 37364 INFO heat.engine.environment [-] Registered: [Plugin](User:False) AWS::EC2::EIP ->
2025-07-10 00:38:08.655 37364 INFO heat.engine.environment [-] Registered: [Plugin](User:False) AWS::EC2::EIPAssociation ->
2025-07-10 00:38:08.655 37364 INFO heat.engine.environment [-] Registered: [Plugin](User:False) AWS::EC2::Instance ->
2025-07-10 00:38:08.655 37364 INFO heat.engine.environment [-] Registered: [Plugin](User:False) AWS::EC2::InternetGateway ->
2025-07-10 00:38:08.655 37364 INFO heat.engine.environment [-] Registered: [Plugin](User:False) AWS::EC2::VPCGatewayAttachment ->
2025-07-10 00:38:08.655 37364 INFO heat.engine.environment [-] Registered: [Plugin](User:False) AWS::EC2::NetworkInterface ->
2025-07-10 00:38:08.655 37364 INFO heat.engine.environment [-] Registered: [Plugin](User:False) AWS::EC2::RouteTable ->
2025-07-10 00:38:08.655 37364 INFO heat.engine.environment [-] Registered: [Plugin](User:False) AWS::EC2::SubnetRouteTableAssociation ->
2025-07-10 00:38:08.655 37364 INFO heat.engine.environment [-] Registered: [Plugin](User:False) AWS::EC2::SecurityGroup ->
2025-07-10 00:38:08.655 37364 INFO heat.engine.environment [-] Registered: [Plugin](User:False) AWS::EC2::Subnet ->
2025-07-10 00:38:08.656 37364 INFO heat.engine.environment [-] Registered: [Plugin](User:False) AWS::EC2::Volume ->
2025-07-10 00:38:08.656 37364 INFO heat.engine.environment [-] Registered: [Plugin](User:False) AWS::EC2::VolumeAttachment ->
2025-07-10 00:38:08.656 37364 INFO heat.engine.environment [-] Registered: [Plugin](User:False) AWS::EC2::VPC ->
2025-07-10 00:38:08.656 37364 INFO heat.engine.environment [-] Registered: [Plugin](User:False) AWS::IAM::User ->
2025-07-10 00:38:08.656 37364 INFO heat.engine.environment [-] Registered: [Plugin](User:False) AWS::IAM::AccessKey ->
2025-07-10 00:38:08.656 37364 INFO heat.engine.environment [-] Registered: [Plugin](User:False) AWS::ElasticLoadBalancing::LoadBalancer ->
2025-07-10 00:38:08.656 37364 INFO heat.engine.environment [-] Registered: [Plugin](User:False) AWS::S3::Bucket ->
2025-07-10 00:38:08.656 37364 INFO heat.engine.environment [-] Registered: [Plugin](User:False) OS::Aodh::Alarm ->
2025-07-10 00:38:08.656 37364 INFO heat.engine.environment [-] Registered: [Plugin](User:False) OS::Aodh::CombinationAlarm ->
2025-07-10 00:38:08.656 37364 INFO heat.engine.environment [-] Registered: [Plugin](User:False) OS::Aodh::EventAlarm ->
2025-07-10 00:38:08.656 37364 INFO heat.engine.environment [-] Registered: [Plugin](User:False) OS::Aodh::LBMemberHealthAlarm ->
2025-07-10 00:38:08.657 37364 INFO heat.engine.environment [-] Registered: [Plugin](User:False) OS::Aodh::CompositeAlarm ->
2025-07-10 00:38:08.657 37364 INFO heat.engine.environment [-] Registered: [Plugin](User:False) OS::Aodh::GnocchiResourcesAlarm ->
2025-07-10 00:38:08.657 37364 INFO heat.engine.environment [-] Registered: [Plugin](User:False) OS::Aodh::GnocchiAggregationByMetricsAlarm ->
2025-07-10 00:38:08.657 37364 INFO heat.engine.environment [-] Registered: [Plugin](User:False) OS::Aodh::GnocchiAggregationByResourcesAlarm ->
2025-07-10 00:38:08.657 37364 INFO heat.engine.environment [-] Registered: [Plugin](User:False) OS::Barbican::GenericContainer ->
2025-07-10 00:38:08.657 37364 INFO heat.engine.environment [-] Registered: [Plugin](User:False) OS::Barbican::CertificateContainer ->
2025-07-10 00:38:08.657 37364 INFO heat.engine.environment [-] Registered: [Plugin](User:False) OS::Barbican::RSAContainer ->
2025-07-10 00:38:08.657 37364 INFO heat.engine.environment [-] Registered: [Plugin](User:False) OS::Barbican::Order ->
2025-07-10 00:38:08.657 37364 INFO heat.engine.environment [-] Registered: [Plugin](User:False) OS::Barbican::Secret ->
2025-07-10 00:38:08.657 37364 INFO heat.engine.environment [-] Registered: [Plugin](User:False) OS::Blazar::Host ->
