2025-07-10 02:13:39.369 7 DEBUG oslo_service.service [-] ml2_type_gre.tunnel_id_ranges = [] log_opt_values /var/lib/kolla/venv/lib/python3.6/site-packages/oslo_config/cfg.py:2611
2025-07-10 02:13:39.370 7 DEBUG oslo_service.service [-] ml2_type_vlan.network_vlan_ranges = [] log_opt_values /var/lib/kolla/venv/lib/python3.6/site-packages/oslo_config/cfg.py:2611
2025-07-10 02:13:39.370 7 DEBUG oslo_service.service [-] ml2_type_vxlan.vni_ranges = [] log_opt_values /var/lib/kolla/venv/lib/python3.6/site-packages/oslo_config/cfg.py:2611
2025-07-10 02:13:39.370 7 DEBUG oslo_service.service [-] ml2_type_vxlan.vxlan_group = None log_opt_values /var/lib/kolla/venv/lib/python3.6/site-packages/oslo_config/cfg.py:2611
2025-07-10 02:13:39.370 7 DEBUG oslo_service.service [-] database.backend = sqlalchemy log_opt_values /var/lib/kolla/venv/lib/python3.6/site-packages/oslo_config/cfg.py:2611
2025-07-10 02:13:39.370 7 DEBUG oslo_service.service [-] database.connection = **** log_opt_values /var/lib/kolla/venv/lib/python3.6/site-packages/oslo_config/cfg.py:2611
2025-07-10 02:13:39.370 7 DEBUG oslo_service.service [-] database.connection_debug = 0 log_opt_values /var/lib/kolla/venv/lib/python3.6/site-packages/oslo_config/cfg.py:2611
2025-07-10 02:13:39.370 7 DEBUG oslo_service.service [-] database.connection_parameters = log_opt_values /var/lib/kolla/venv/lib/python3.6/site-packages/oslo_config/cfg.py:2611
2025-07-10 02:13:39.370 7 DEBUG oslo_service.service [-] database.connection_recycle_time = 10 log_opt_values /var/lib/kolla/venv/lib/python3.6/site-packages/oslo_config/cfg.py:2611
2025-07-10 02:13:39.370 7 DEBUG oslo_service.service [-] database.connection_trace = False log_opt_values /var/lib/kolla/venv/lib/python3.6/site-packages/oslo_config/cfg.py:2611
2025-07-10 02:13:39.370 7 DEBUG oslo_service.service [-] database.db_inc_retry_interval = True log_opt_values /var/lib/kolla/venv/lib/python3.6/site-packages/oslo_config/cfg.py:2611
2025-07-10 02:13:39.370 7 DEBUG oslo_service.service [-] database.db_max_retries = 20 log_opt_values /var/lib/kolla/venv/lib/python3.6/site-packages/oslo_config/cfg.py:2611
2025-07-10 02:13:39.370 7 DEBUG oslo_service.service [-] database.db_max_retry_interval = 10 log_opt_values /var/lib/kolla/venv/lib/python3.6/site-packages/oslo_config/cfg.py:2611
2025-07-10 02:13:39.370 7 DEBUG oslo_service.service [-] database.db_retry_interval = 1 log_opt_values /var/lib/kolla/venv/lib/python3.6/site-packages/oslo_config/cfg.py:2611
2025-07-10 02:13:39.370 7 DEBUG oslo_service.service [-] database.max_overflow = 50 log_opt_values /var/lib/kolla/venv/lib/python3.6/site-packages/oslo_config/cfg.py:2611
2025-07-10 02:13:39.370 7 DEBUG oslo_service.service [-] database.max_pool_size = 1 log_opt_values /var/lib/kolla/venv/lib/python3.6/site-packages/oslo_config/cfg.py:2611
2025-07-10 02:13:39.370 7 DEBUG oslo_service.service [-] database.max_retries = -1 log_opt_values /var/lib/kolla/venv/lib/python3.6/site-packages/oslo_config/cfg.py:2611
2025-07-10 02:13:39.371 7 DEBUG oslo_service.service [-] database.mysql_enable_ndb = False log_opt_values /var/lib/kolla/venv/lib/python3.6/site-packages/oslo_config/cfg.py:2611
2025-07-10 02:13:39.371 7 DEBUG oslo_service.service [-] database.mysql_sql_mode = TRADITIONAL log_opt_values /var/lib/kolla/venv/lib/python3.6/site-packages/oslo_config/cfg.py:2611
2025-07-10 02:13:39.371 7 DEBUG oslo_service.service [-] database.pool_timeout = None log_opt_values /var/lib/kolla/venv/lib/python3.6/site-packages/oslo_config/cfg.py:2611
2025-07-10 02:13:39.371 7 DEBUG oslo_service.service [-] database.retry_interval = 10 log_opt_values /var/lib/kolla/venv/lib/python3.6/site-packages/oslo_config/cfg.py:2611
2025-07-10 02:13:39.371 7 DEBUG oslo_service.service [-] database.slave_connection = **** log_opt_values /var/lib/kolla/venv/lib/python3.6/site-packages/oslo_config/cfg.py:2611
2025-07-10 02:13:39.371 7 DEBUG oslo_service.service [-] database.sqlite_synchronous = True log_opt_values /var/lib/kolla/venv/lib/python3.6/site-packages/oslo_config/cfg.py:2611
2025-07-10 02:13:39.371 7 DEBUG oslo_service.service [-] database.use_db_reconnect = False log_opt_values /var/lib/kolla/venv/lib/python3.6/site-packages/oslo_config/cfg.py:2611
2025-07-10 02:13:39.371 7 DEBUG oslo_service.service [-] ******************************************************************************** log_opt_values /var/lib/kolla/venv/lib/python3.6/site-packages/oslo_config/cfg.py:2613
2025-07-10 02:13:40.883 22 DEBUG neutron.wsgi [-] (22) accepted ('10.0.0.22', 33206) server /var/lib/kolla/venv/lib/python3.6/site-packages/eventlet/wsgi.py:1004
2025-07-10 02:13:40.892 22 INFO neutron.wsgi [-] 10.0.0.22 "GET / HTTP/1.1" status: 200 len: 227 time: 0.0076492
2025-07-10 02:13:43.660 23 DEBUG neutron.api.rpc.handlers.dhcp_rpc [req-0cfac8a5-197f-4aab-80ff-a34a46a4c9b9 - - - - -] get_active_networks_info from cn-jenkins-deploy-platform-ansible-os-3624-1 get_active_networks_info /var/lib/kolla/venv/lib/python3.6/site-packages/neutron/api/rpc/handlers/dhcp_rpc.py:159
2025-07-10 02:13:43.689 26 DEBUG neutron_lib.callbacks.manager [req-ff8a4787-bd0d-4fd0-995a-44aca29fbc7b - - - - -] Publish callbacks ['neutron.services.segments.db._update_segment_host_mapping_for_agent-8726607650931', 'neutron.services.l3_router.l3_router_plugin.DVRResourceOperationHandler.create_fip_agent_gw_ports--9223372036854154492'] for agent (e55cc8ae-3f8e-4189-9cf8-36eb07fa21d1), after_create _notify_loop /var/lib/kolla/venv/lib/python3.6/site-packages/neutron_lib/callbacks/manager.py:177
2025-07-10 02:13:43.703 23 DEBUG neutron.scheduler.dhcp_agent_scheduler [req-0cfac8a5-197f-4aab-80ff-a34a46a4c9b9 - - - - -] No non-hosted networks auto_schedule_networks /var/lib/kolla/venv/lib/python3.6/site-packages/neutron/scheduler/dhcp_agent_scheduler.py:60
2025-07-10 02:13:56.075 27 DEBUG neutron_lib.callbacks.manager [req-28694c0f-9441-4756-8c52-04397a89d0d5 - - - - -] Publish callbacks ['neutron.services.segments.db._update_segment_host_mapping_for_agent-8726607650931', 'neutron.services.l3_router.l3_router_plugin.DVRResourceOperationHandler.create_fip_agent_gw_ports--9223372036854154492'] for agent (abe94947-7ea2-4543-bbc2-489328907126), after_create _notify_loop /var/lib/kolla/venv/lib/python3.6/site-packages/neutron_lib/callbacks/manager.py:177
2025-07-10 02:14:10.938 22 DEBUG neutron.wsgi [-] (22) accepted ('10.0.0.22', 40694) server /var/lib/kolla/venv/lib/python3.6/site-packages/eventlet/wsgi.py:1004
2025-07-10 02:14:10.942 22 INFO neutron.wsgi [-] 10.0.0.22 "GET / HTTP/1.1" status: 200 len: 227 time: 0.0033741
2025-07-10 02:14:13.671 28 DEBUG neutron_lib.callbacks.manager [req-ebfa8f53-5a6e-42cc-a343-ee137ad0e316 - - - - -] Publish callbacks ['neutron.services.segments.db._update_segment_host_mapping_for_agent-8726607650931', 'neutron.plugins.ml2.plugin.Ml2Plugin._retry_binding_revived_agents--9223372036851355951'] for agent (e55cc8ae-3f8e-4189-9cf8-36eb07fa21d1), after_update _notify_loop /var/lib/kolla/venv/lib/python3.6/site-packages/neutron_lib/callbacks/manager.py:177
2025-07-10 02:14:24.334 29 DEBUG neutron.db.agents_db [req-a2c655d1-74ef-4e2a-9c2f-34550d803828 - - - - -] Agent healthcheck: found 2 active agents agent_health_check /var/lib/kolla/venv/lib/python3.6/site-packages/neutron/db/agents_db.py:318
2025-07-10 02:14:26.054 24 DEBUG neutron_lib.callbacks.manager [req-28694c0f-9441-4756-8c52-04397a89d0d5 - - - - -] Publish callbacks ['neutron.services.segments.db._update_segment_host_mapping_for_agent-8726607650931', 'neutron.plugins.ml2.plugin.Ml2Plugin._retry_binding_revived_agents--9223372036851355951'] for agent (abe94947-7ea2-4543-bbc2-489328907126), after_update _notify_loop /var/lib/kolla/venv/lib/python3.6/site-packages/neutron_lib/callbacks/manager.py:177
2025-07-10 02:14:40.988 22 DEBUG neutron.wsgi [-] (22) accepted ('10.0.0.22', 46032) server /var/lib/kolla/venv/lib/python3.6/site-packages/eventlet/wsgi.py:1004
2025-07-10 02:14:40.992 22 INFO neutron.wsgi [-] 10.0.0.22 "GET / HTTP/1.1" status: 200 len: 227 time: 0.0030463
2025-07-10 02:14:43.660 23 DEBUG neutron_lib.callbacks.manager [req-247aac04-65c0-4ea8-93c9-164b338d4d9e - - - - -] Publish callbacks ['neutron.services.segments.db._update_segment_host_mapping_for_agent-8726607650931', 'neutron.plugins.ml2.plugin.Ml2Plugin._retry_binding_revived_agents--9223372036851355951'] for agent (e55cc8ae-3f8e-4189-9cf8-36eb07fa21d1), after_update _notify_loop /var/lib/kolla/venv/lib/python3.6/site-packages/neutron_lib/callbacks/manager.py:177
2025-07-10 02:14:56.056 25 DEBUG neutron_lib.callbacks.manager [req-28694c0f-9441-4756-8c52-04397a89d0d5 - - - - -] Publish callbacks ['neutron.services.segments.db._update_segment_host_mapping_for_agent-8726607650931', 'neutron.plugins.ml2.plugin.Ml2Plugin._retry_binding_revived_agents--9223372036851355951'] for agent (abe94947-7ea2-4543-bbc2-489328907126), after_update _notify_loop /var/lib/kolla/venv/lib/python3.6/site-packages/neutron_lib/callbacks/manager.py:177
2025-07-10 02:15:01.321 29 DEBUG neutron.db.agents_db [req-a2c655d1-74ef-4e2a-9c2f-34550d803828 - - - - -] Agent healthcheck: found 2 active agents agent_health_check /var/lib/kolla/venv/lib/python3.6/site-packages/neutron/db/agents_db.py:318
2025-07-10 02:15:11.038 22 DEBUG neutron.wsgi [-] (22) accepted ('10.0.0.22', 49506) server /var/lib/kolla/venv/lib/python3.6/site-packages/eventlet/wsgi.py:1004
2025-07-10 02:15:11.042 22 INFO neutron.wsgi [-] 10.0.0.22 "GET / HTTP/1.1" status: 200 len: 227 time: 0.0031853
2025-07-10 02:15:13.664 26 DEBUG neutron_lib.callbacks.manager [req-6bdbbfc5-714e-4f37-a7fe-265c4ac646c9 - - - - -] Publish callbacks ['neutron.services.segments.db._update_segment_host_mapping_for_agent-8726607650931', 'neutron.plugins.ml2.plugin.Ml2Plugin._retry_binding_revived_agents--9223372036851355951'] for agent (e55cc8ae-3f8e-4189-9cf8-36eb07fa21d1), after_update _notify_loop /var/lib/kolla/venv/lib/python3.6/site-packages/neutron_lib/callbacks/manager.py:177
2025-07-10 02:15:26.049 27 DEBUG neutron_lib.callbacks.manager [req-28694c0f-9441-4756-8c52-04397a89d0d5 - - - - -] Publish callbacks ['neutron.services.segments.db._update_segment_host_mapping_for_agent-8726607650931', 'neutron.plugins.ml2.plugin.Ml2Plugin._retry_binding_revived_agents--9223372036851355951'] for agent (abe94947-7ea2-4543-bbc2-489328907126), after_update _notify_loop /var/lib/kolla/venv/lib/python3.6/site-packages/neutron_lib/callbacks/manager.py:177
2025-07-10 02:15:38.318 29 DEBUG neutron.db.agents_db [req-a2c655d1-74ef-4e2a-9c2f-34550d803828 - - - - -] Agent healthcheck: found 2 active agents agent_health_check /var/lib/kolla/venv/lib/python3.6/site-packages/neutron/db/agents_db.py:318
2025-07-10 02:15:41.087 22 DEBUG neutron.wsgi [-] (22) accepted ('10.0.0.22', 50088) server /var/lib/kolla/venv/lib/python3.6/site-packages/eventlet/wsgi.py:1004
2025-07-10 02:15:41.091 22 INFO neutron.wsgi [-] 10.0.0.22 "GET / HTTP/1.1" status: 200 len: 227 time: 0.0029528
2025-07-10 02:15:43.661 28 DEBUG neutron_lib.callbacks.manager [req-cb661ece-9ad9-4020-8c45-d371620d208c - - - - -] Publish callbacks ['neutron.services.segments.db._update_segment_host_mapping_for_agent-8726607650931', 'neutron.plugins.ml2.plugin.Ml2Plugin._retry_binding_revived_agents--9223372036851355951'] for agent (e55cc8ae-3f8e-4189-9cf8-36eb07fa21d1), after_update _notify_loop /var/lib/kolla/venv/lib/python3.6/site-packages/neutron_lib/callbacks/manager.py:177
2025-07-10 02:15:56.046 24 DEBUG neutron_lib.callbacks.manager [req-28694c0f-9441-4756-8c52-04397a89d0d5 - - - - -] Publish callbacks ['neutron.services.segments.db._update_segment_host_mapping_for_agent-8726607650931', 'neutron.plugins.ml2.plugin.Ml2Plugin._retry_binding_revived_agents--9223372036851355951'] for agent (abe94947-7ea2-4543-bbc2-489328907126), after_update _notify_loop /var/lib/kolla/venv/lib/python3.6/site-packages/neutron_lib/callbacks/manager.py:177
2025-07-10 02:16:11.136 22 DEBUG neutron.wsgi [-] (22) accepted ('10.0.0.22', 42892) server /var/lib/kolla/venv/lib/python3.6/site-packages/eventlet/wsgi.py:1004
2025-07-10 02:16:11.140 22 INFO neutron.wsgi [-] 10.0.0.22 "GET / HTTP/1.1" status: 200 len: 227 time: 0.0031319
2025-07-10 02:16:13.658 23 DEBUG neutron_lib.callbacks.manager [req-1f543b05-c53e-4af1-934e-cee5725f4b1c - - - - -] Publish callbacks ['neutron.services.segments.db._update_segment_host_mapping_for_agent-8726607650931', 'neutron.plugins.ml2.plugin.Ml2Plugin._retry_binding_revived_agents--9223372036851355951'] for agent (e55cc8ae-3f8e-4189-9cf8-36eb07fa21d1), after_update _notify_loop /var/lib/kolla/venv/lib/python3.6/site-packages/neutron_lib/callbacks/manager.py:177
2025-07-10 02:16:15.316 29 DEBUG neutron.db.agents_db [req-a2c655d1-74ef-4e2a-9c2f-34550d803828 - - - - -] Agent healthcheck: found 2 active agents agent_health_check /var/lib/kolla/venv/lib/python3.6/site-packages/neutron/db/agents_db.py:318
2025-07-10 02:16:26.047 25 DEBUG neutron_lib.callbacks.manager [req-28694c0f-9441-4756-8c52-04397a89d0d5 - - - - -] Publish callbacks ['neutron.services.segments.db._update_segment_host_mapping_for_agent-8726607650931', 'neutron.plugins.ml2.plugin.Ml2Plugin._retry_binding_revived_agents--9223372036851355951'] for agent (abe94947-7ea2-4543-bbc2-489328907126), after_update _notify_loop /var/lib/kolla/venv/lib/python3.6/site-packages/neutron_lib/callbacks/manager.py:177
2025-07-10 02:16:41.186 22 DEBUG neutron.wsgi [-] (22) accepted ('10.0.0.22', 48400) server /var/lib/kolla/venv/lib/python3.6/site-packages/eventlet/wsgi.py:1004
2025-07-10 02:16:41.190 22 INFO neutron.wsgi [-] 10.0.0.22 "GET / HTTP/1.1" status: 200 len: 227 time: 0.0031948
2025-07-10 02:16:43.653 26 DEBUG neutron_lib.callbacks.manager [req-a2fcc116-da0e-4337-938b-5fa74d540b8a - - - - -] Publish callbacks ['neutron.services.segments.db._update_segment_host_mapping_for_agent-8726607650931', 'neutron.plugins.ml2.plugin.Ml2Plugin._retry_binding_revived_agents--9223372036851355951'] for agent (e55cc8ae-3f8e-4189-9cf8-36eb07fa21d1), after_update _notify_loop /var/lib/kolla/venv/lib/python3.6/site-packages/neutron_lib/callbacks/manager.py:177
2025-07-10 02:16:52.313 29 DEBUG neutron.db.agents_db [req-a2c655d1-74ef-4e2a-9c2f-34550d803828 - - - - -] Agent healthcheck: found 2 active agents agent_health_check /var/lib/kolla/venv/lib/python3.6/site-packages/neutron/db/agents_db.py:318
2025-07-10 02:16:56.050 27 DEBUG neutron_lib.callbacks.manager [req-28694c0f-9441-4756-8c52-04397a89d0d5 - - - - -] Publish callbacks ['neutron.services.segments.db._update_segment_host_mapping_for_agent-8726607650931', 'neutron.plugins.ml2.plugin.Ml2Plugin._retry_binding_revived_agents--9223372036851355951'] for agent (abe94947-7ea2-4543-bbc2-489328907126), after_update _notify_loop /var/lib/kolla/venv/lib/python3.6/site-packages/neutron_lib/callbacks/manager.py:177
2025-07-10 02:17:11.239 22 DEBUG neutron.wsgi [-] (22) accepted ('10.0.0.22', 42240) server /var/lib/kolla/venv/lib/python3.6/site-packages/eventlet/wsgi.py:1004
2025-07-10 02:17:11.242 22 INFO neutron.wsgi [-] 10.0.0.22 "GET / HTTP/1.1" status: 200 len: 227 time: 0.0028262
2025-07-10 02:17:13.650 28 DEBUG neutron_lib.callbacks.manager [req-cac9783c-76f1-4f43-881d-41b181939d53 - - - - -] Publish callbacks ['neutron.services.segments.db._update_segment_host_mapping_for_agent-8726607650931', 'neutron.plugins.ml2.plugin.Ml2Plugin._retry_binding_revived_agents--9223372036851355951'] for agent (e55cc8ae-3f8e-4189-9cf8-36eb07fa21d1), after_update _notify_loop /var/lib/kolla/venv/lib/python3.6/site-packages/neutron_lib/callbacks/manager.py:177
2025-07-10 02:17:26.073 24 DEBUG neutron_lib.callbacks.manager [req-28694c0f-9441-4756-8c52-04397a89d0d5 - - - - -] Publish callbacks ['neutron.services.segments.db._update_segment_host_mapping_for_agent-8726607650931', 'neutron.plugins.ml2.plugin.Ml2Plugin._retry_binding_revived_agents--9223372036851355951'] for agent (abe94947-7ea2-4543-bbc2-489328907126), after_update _notify_loop /var/lib/kolla/venv/lib/python3.6/site-packages/neutron_lib/callbacks/manager.py:177
2025-07-10 02:17:29.311 29 DEBUG neutron.db.agents_db [req-a2c655d1-74ef-4e2a-9c2f-34550d803828 - - - - -] Agent healthcheck: found 2 active agents agent_health_check /var/lib/kolla/venv/lib/python3.6/site-packages/neutron/db/agents_db.py:318
2025-07-10 02:17:41.298 22 DEBUG neutron.wsgi [-] (22) accepted ('10.0.0.22', 58354) server /var/lib/kolla/venv/lib/python3.6/site-packages/eventlet/wsgi.py:1004
2025-07-10 02:17:41.302 22 INFO neutron.wsgi [-] 10.0.0.22 "GET / HTTP/1.1" status: 200 len: 227 time: 0.0028596
2025-07-10 02:17:43.647 23 DEBUG neutron_lib.callbacks.manager [req-20776d8b-3811-4f20-86d6-3cbc4b502a4e - - - - -] Publish callbacks ['neutron.services.segments.db._update_segment_host_mapping_for_agent-8726607650931', 'neutron.plugins.ml2.plugin.Ml2Plugin._retry_binding_revived_agents--9223372036851355951'] for agent (e55cc8ae-3f8e-4189-9cf8-36eb07fa21d1), after_update _notify_loop /var/lib/kolla/venv/lib/python3.6/site-packages/neutron_lib/callbacks/manager.py:177
2025-07-10 02:17:56.058 25 DEBUG neutron_lib.callbacks.manager [req-28694c0f-9441-4756-8c52-04397a89d0d5 - - - - -] Publish callbacks ['neutron.services.segments.db._update_segment_host_mapping_for_agent-8726607650931', 'neutron.plugins.ml2.plugin.Ml2Plugin._retry_binding_revived_agents--9223372036851355951'] for agent (abe94947-7ea2-4543-bbc2-489328907126), after_update _notify_loop /var/lib/kolla/venv/lib/python3.6/site-packages/neutron_lib/callbacks/manager.py:177
2025-07-10 02:18:06.308 29 DEBUG neutron.db.agents_db [req-a2c655d1-74ef-4e2a-9c2f-34550d803828 - - - - -] Agent healthcheck: found 2 active agents agent_health_check /var/lib/kolla/venv/lib/python3.6/site-packages/neutron/db/agents_db.py:318
2025-07-10 02:18:11.378 22 DEBUG neutron.wsgi [-] (22) accepted ('10.0.0.22', 43700) server /var/lib/kolla/venv/lib/python3.6/site-packages/eventlet/wsgi.py:1004
2025-07-10 02:18:11.393 22 INFO neutron.wsgi [-] 10.0.0.22 "GET / HTTP/1.1" status: 200 len: 227 time: 0.0149381
2025-07-10 02:18:13.644 26 DEBUG neutron_lib.callbacks.manager [req-19395893-7793-4ebc-89f1-61b4a210bcb1 - - - - -] Publish callbacks ['neutron.services.segments.db._update_segment_host_mapping_for_agent-8726607650931', 'neutron.plugins.ml2.plugin.Ml2Plugin._retry_binding_revived_agents--9223372036851355951'] for agent (e55cc8ae-3f8e-4189-9cf8-36eb07fa21d1), after_update _notify_loop /var/lib/kolla/venv/lib/python3.6/site-packages/neutron_lib/callbacks/manager.py:177
2025-07-10 02:18:26.058 27 DEBUG neutron_lib.callbacks.manager [req-28694c0f-9441-4756-8c52-04397a89d0d5 - - - - -] Publish callbacks ['neutron.services.segments.db._update_segment_host_mapping_for_agent-8726607650931', 'neutron.plugins.ml2.plugin.Ml2Plugin._retry_binding_revived_agents--9223372036851355951'] for agent (abe94947-7ea2-4543-bbc2-489328907126), after_update _notify_loop /var/lib/kolla/venv/lib/python3.6/site-packages/neutron_lib/callbacks/manager.py:177
2025-07-10 02:18:41.442 22 DEBUG neutron.wsgi [-] (22) accepted ('10.0.0.22', 59874) server /var/lib/kolla/venv/lib/python3.6/site-packages/eventlet/wsgi.py:1004
2025-07-10 02:18:41.448 22 INFO neutron.wsgi [-] 10.0.0.22 "GET / HTTP/1.1" status: 200 len: 227 time: 0.0042446
2025-07-10 02:18:43.305 29 DEBUG neutron.db.agents_db [req-a2c655d1-74ef-4e2a-9c2f-34550d803828 - - - - -] Agent healthcheck: found 2 active agents agent_health_check /var/lib/kolla/venv/lib/python3.6/site-packages/neutron/db/agents_db.py:318
2025-07-10 02:18:43.641 28 DEBUG neutron_lib.callbacks.manager [req-3fc02352-bf33-4533-bfa5-9b283cd1e9d5 - - - - -] Publish callbacks ['neutron.services.segments.db._update_segment_host_mapping_for_agent-8726607650931', 'neutron.plugins.ml2.plugin.Ml2Plugin._retry_binding_revived_agents--9223372036851355951'] for agent (e55cc8ae-3f8e-4189-9cf8-36eb07fa21d1), after_update _notify_loop /var/lib/kolla/venv/lib/python3.6/site-packages/neutron_lib/callbacks/manager.py:177
2025-07-10 02:18:56.060 24 DEBUG neutron_lib.callbacks.manager [req-28694c0f-9441-4756-8c52-04397a89d0d5 - - - - -] Publish callbacks ['neutron.services.segments.db._update_segment_host_mapping_for_agent-8726607650931', 'neutron.plugins.ml2.plugin.Ml2Plugin._retry_binding_revived_agents--9223372036851355951'] for agent (abe94947-7ea2-4543-bbc2-489328907126), after_update _notify_loop /var/lib/kolla/venv/lib/python3.6/site-packages/neutron_lib/callbacks/manager.py:177
2025-07-10 02:19:11.501 22 DEBUG neutron.wsgi [-] (22) accepted ('10.0.0.22', 38952) server /var/lib/kolla/venv/lib/python3.6/site-packages/eventlet/wsgi.py:1004
2025-07-10 02:19:11.504 22 INFO neutron.wsgi [-] 10.0.0.22 "GET / HTTP/1.1" status: 200 len: 227 time: 0.0029166
2025-07-10 02:19:13.638 23 DEBUG neutron_lib.callbacks.manager [req-13750510-d3c7-4d14-8bbf-03bd089fbc89 - - - - -] Publish callbacks ['neutron.services.segments.db._update_segment_host_mapping_for_agent-8726607650931', 'neutron.plugins.ml2.plugin.Ml2Plugin._retry_binding_revived_agents--9223372036851355951'] for agent (e55cc8ae-3f8e-4189-9cf8-36eb07fa21d1), after_update _notify_loop /var/lib/kolla/venv/lib/python3.6/site-packages/neutron_lib/callbacks/manager.py:177
2025-07-10 02:19:20.302 29 DEBUG neutron.db.agents_db [req-a2c655d1-74ef-4e2a-9c2f-34550d803828 - - - - -] Agent healthcheck: found 2 active agents agent_health_check /var/lib/kolla/venv/lib/python3.6/site-packages/neutron/db/agents_db.py:318
2025-07-10 02:19:26.062 25 DEBUG neutron_lib.callbacks.manager [req-28694c0f-9441-4756-8c52-04397a89d0d5 - - - - -] Publish callbacks ['neutron.services.segments.db._update_segment_host_mapping_for_agent-8726607650931', 'neutron.plugins.ml2.plugin.Ml2Plugin._retry_binding_revived_agents--9223372036851355951'] for agent (abe94947-7ea2-4543-bbc2-489328907126), after_update _notify_loop /var/lib/kolla/venv/lib/python3.6/site-packages/neutron_lib/callbacks/manager.py:177
2025-07-10 02:19:41.553 22 DEBUG neutron.wsgi [-] (22) accepted ('10.0.0.22', 36368) server /var/lib/kolla/venv/lib/python3.6/site-packages/eventlet/wsgi.py:1004
2025-07-10 02:19:41.556 22 INFO neutron.wsgi [-] 10.0.0.22 "GET / HTTP/1.1" status: 200 len: 227 time: 0.0028052
2025-07-10 02:19:43.635 26 DEBUG neutron_lib.callbacks.manager [req-d3f81645-5c3a-4392-b056-8ba110f401d7 - - - - -] Publish callbacks ['neutron.services.segments.db._update_segment_host_mapping_for_agent-8726607650931', 'neutron.plugins.ml2.plugin.Ml2Plugin._retry_binding_revived_agents--9223372036851355951'] for agent (e55cc8ae-3f8e-4189-9cf8-36eb07fa21d1), after_update _notify_loop /var/lib/kolla/venv/lib/python3.6/site-packages/neutron_lib/callbacks/manager.py:177
2025-07-10 02:19:56.064 27 DEBUG neutron_lib.callbacks.manager [req-28694c0f-9441-4756-8c52-04397a89d0d5 - - - - -] Publish callbacks ['neutron.services.segments.db._update_segment_host_mapping_for_agent-8726607650931', 'neutron.plugins.ml2.plugin.Ml2Plugin._retry_binding_revived_agents--9223372036851355951'] for agent (abe94947-7ea2-4543-bbc2-489328907126), after_update _notify_loop /var/lib/kolla/venv/lib/python3.6/site-packages/neutron_lib/callbacks/manager.py:177
2025-07-10 02:19:57.300 29 DEBUG neutron.db.agents_db [req-a2c655d1-74ef-4e2a-9c2f-34550d803828 - - - - -] Agent healthcheck: found 2 active agents agent_health_check /var/lib/kolla/venv/lib/python3.6/site-packages/neutron/db/agents_db.py:318
2025-07-10 02:20:11.608 22 DEBUG neutron.wsgi [-] (22) accepted ('10.0.0.22', 53238) server /var/lib/kolla/venv/lib/python3.6/site-packages/eventlet/wsgi.py:1004
2025-07-10 02:20:11.613 22 INFO neutron.wsgi [-] 10.0.0.22 "GET / HTTP/1.1" status: 200 len: 227 time: 0.0042965
2025-07-10 02:20:13.744 28 DEBUG neutron_lib.callbacks.manager [req-9d031617-b777-4740-9421-b0bd105f0ee7 - - - - -] Publish callbacks ['neutron.services.segments.db._update_segment_host_mapping_for_agent-8726607650931', 'neutron.plugins.ml2.plugin.Ml2Plugin._retry_binding_revived_agents--9223372036851355951'] for agent (e55cc8ae-3f8e-4189-9cf8-36eb07fa21d1), after_update _notify_loop /var/lib/kolla/venv/lib/python3.6/site-packages/neutron_lib/callbacks/manager.py:177
2025-07-10 02:20:26.066 24 DEBUG neutron_lib.callbacks.manager [req-28694c0f-9441-4756-8c52-04397a89d0d5 - - - - -] Publish callbacks ['neutron.services.segments.db._update_segment_host_mapping_for_agent-8726607650931', 'neutron.plugins.ml2.plugin.Ml2Plugin._retry_binding_revived_agents--9223372036851355951'] for agent (abe94947-7ea2-4543-bbc2-489328907126), after_update _notify_loop /var/lib/kolla/venv/lib/python3.6/site-packages/neutron_lib/callbacks/manager.py:177
2025-07-10 02:20:34.298 29 DEBUG neutron.db.agents_db [req-a2c655d1-74ef-4e2a-9c2f-34550d803828 - - - - -] Agent healthcheck: found 2 active agents agent_health_check /var/lib/kolla/venv/lib/python3.6/site-packages/neutron/db/agents_db.py:318
2025-07-10 02:20:41.662 22 DEBUG neutron.wsgi [-] (22) accepted ('10.0.0.22', 44704) server /var/lib/kolla/venv/lib/python3.6/site-packages/eventlet/wsgi.py:1004
2025-07-10 02:20:41.667 22 INFO neutron.wsgi [-] 10.0.0.22 "GET / HTTP/1.1" status: 200 len: 227 time: 0.0037384
2025-07-10 02:20:43.631 23 DEBUG neutron_lib.callbacks.manager [req-39a59994-bacb-404c-9a55-4aba6c53c3be - - - - -] Publish callbacks ['neutron.services.segments.db._update_segment_host_mapping_for_agent-8726607650931', 'neutron.plugins.ml2.plugin.Ml2Plugin._retry_binding_revived_agents--9223372036851355951'] for agent (e55cc8ae-3f8e-4189-9cf8-36eb07fa21d1), after_update _notify_loop /var/lib/kolla/venv/lib/python3.6/site-packages/neutron_lib/callbacks/manager.py:177
2025-07-10 02:20:56.067 25 DEBUG neutron_lib.callbacks.manager [req-28694c0f-9441-4756-8c52-04397a89d0d5 - - - - -] Publish callbacks ['neutron.services.segments.db._update_segment_host_mapping_for_agent-8726607650931', 'neutron.plugins.ml2.plugin.Ml2Plugin._retry_binding_revived_agents--9223372036851355951'] for agent (abe94947-7ea2-4543-bbc2-489328907126), after_update _notify_loop /var/lib/kolla/venv/lib/python3.6/site-packages/neutron_lib/callbacks/manager.py:177
2025-07-10 02:21:11.296 29 DEBUG neutron.db.agents_db [req-a2c655d1-74ef-4e2a-9c2f-34550d803828 - - - - -] Agent healthcheck: found 2 active agents agent_health_check /var/lib/kolla/venv/lib/python3.6/site-packages/neutron/db/agents_db.py:318
2025-07-10 02:21:11.732 22 DEBUG neutron.wsgi [-] (22) accepted ('10.0.0.22', 44424) server /var/lib/kolla/venv/lib/python3.6/site-packages/eventlet/wsgi.py:1004
2025-07-10 02:21:11.736 22 INFO neutron.wsgi [-] 10.0.0.22 "GET / HTTP/1.1" status: 200 len: 227 time: 0.0032504
2025-07-10 02:21:13.628 26 DEBUG neutron_lib.callbacks.manager [req-e4edc519-e773-4ad9-989f-ef4351f2e18c - - - - -] Publish callbacks ['neutron.services.segments.db._update_segment_host_mapping_for_agent-8726607650931', 'neutron.plugins.ml2.plugin.Ml2Plugin._retry_binding_revived_agents--9223372036851355951'] for agent (e55cc8ae-3f8e-4189-9cf8-36eb07fa21d1), after_update _notify_loop /var/lib/kolla/venv/lib/python3.6/site-packages/neutron_lib/callbacks/manager.py:177
2025-07-10 02:21:26.070 27 DEBUG neutron_lib.callbacks.manager [req-28694c0f-9441-4756-8c52-04397a89d0d5 - - - - -] Publish callbacks ['neutron.services.segments.db._update_segment_host_mapping_for_agent-8726607650931', 'neutron.plugins.ml2.plugin.Ml2Plugin._retry_binding_revived_agents--9223372036851355951'] for agent (abe94947-7ea2-4543-bbc2-489328907126), after_update _notify_loop /var/lib/kolla/venv/lib/python3.6/site-packages/neutron_lib/callbacks/manager.py:177
2025-07-10 02:21:41.792 22 DEBUG neutron.wsgi [-] (22) accepted ('10.0.0.22', 44554) server /var/lib/kolla/venv/lib/python3.6/site-packages/eventlet/wsgi.py:1004
2025-07-10 02:21:41.800 22 INFO neutron.wsgi [-] 10.0.0.22 "GET / HTTP/1.1" status: 200 len: 227 time: 0.0060267
2025-07-10 02:21:43.626 28 DEBUG neutron_lib.callbacks.manager [req-38c43bae-bc6b-4dab-a0ab-51ecc780a8eb - - - - -] Publish callbacks ['neutron.services.segments.db._update_segment_host_mapping_for_agent-8726607650931', 'neutron.plugins.ml2.plugin.Ml2Plugin._retry_binding_revived_agents--9223372036851355951'] for agent (e55cc8ae-3f8e-4189-9cf8-36eb07fa21d1), after_update _notify_loop /var/lib/kolla/venv/lib/python3.6/site-packages/neutron_lib/callbacks/manager.py:177
2025-07-10 02:21:48.295 29 DEBUG neutron.db.agents_db [req-a2c655d1-74ef-4e2a-9c2f-34550d803828 - - - - -] Agent healthcheck: found 2 active agents agent_health_check /var/lib/kolla/venv/lib/python3.6/site-packages/neutron/db/agents_db.py:318
2025-07-10 02:21:56.074 24 DEBUG neutron_lib.callbacks.manager [req-28694c0f-9441-4756-8c52-04397a89d0d5 - - - - -] Publish callbacks ['neutron.services.segments.db._update_segment_host_mapping_for_agent-8726607650931', 'neutron.plugins.ml2.plugin.Ml2Plugin._retry_binding_revived_agents--9223372036851355951'] for agent (abe94947-7ea2-4543-bbc2-489328907126), after_update _notify_loop /var/lib/kolla/venv/lib/python3.6/site-packages/neutron_lib/callbacks/manager.py:177
2025-07-10 02:22:11.890 22 DEBUG neutron.wsgi [-] (22) accepted ('10.0.0.22', 50092) server /var/lib/kolla/venv/lib/python3.6/site-packages/eventlet/wsgi.py:1004
2025-07-10 02:22:11.898 22 INFO neutron.wsgi [-] 10.0.0.22 "GET / HTTP/1.1" status: 200 len: 227 time: 0.0064378
2025-07-10 02:22:13.625 23 DEBUG neutron_lib.callbacks.manager [req-8ce3c85e-f106-4023-8360-d90453b65cd0 - - - - -] Publish callbacks ['neutron.services.segments.db._update_segment_host_mapping_for_agent-8726607650931', 'neutron.plugins.ml2.plugin.Ml2Plugin._retry_binding_revived_agents--9223372036851355951'] for agent (e55cc8ae-3f8e-4189-9cf8-36eb07fa21d1), after_update _notify_loop /var/lib/kolla/venv/lib/python3.6/site-packages/neutron_lib/callbacks/manager.py:177
2025-07-10 02:22:17.539 7 INFO oslo_service.service [-] Caught SIGTERM, stopping children
2025-07-10 02:22:17.540 7 DEBUG oslo_concurrency.lockutils [-] Acquired lock "singleton_lock" lock /var/lib/kolla/venv/lib/python3.6/site-packages/oslo_concurrency/lockutils.py:294
2025-07-10 02:22:17.540 7 DEBUG oslo_concurrency.lockutils [-] Releasing lock "singleton_lock" lock /var/lib/kolla/venv/lib/python3.6/site-packages/oslo_concurrency/lockutils.py:312
2025-07-10 02:22:17.540 7 DEBUG oslo_service.service [-] Stop services. stop /var/lib/kolla/venv/lib/python3.6/site-packages/oslo_service/service.py:695
2025-07-10 02:22:17.541 7 DEBUG neutron.service [-] calling RpcWorker stop() stop /var/lib/kolla/venv/lib/python3.6/site-packages/neutron/service.py:138
2025-07-10 02:22:17.541 7 DEBUG neutron.service [-] calling RpcWorker stop() stop /var/lib/kolla/venv/lib/python3.6/site-packages/neutron/service.py:138
2025-07-10 02:22:17.541 7 DEBUG oslo_service.service [-] Killing children. stop /var/lib/kolla/venv/lib/python3.6/site-packages/oslo_service/service.py:700
2025-07-10 02:22:17.541 7 INFO oslo_service.service [-] Waiting on 8 children to exit
2025-07-10 02:22:17.542 22 INFO neutron.wsgi [-] (22) wsgi exited, is_accepting=True
2025-07-10 02:22:17.542 25 DEBUG neutron.service [-] calling RpcWorker stop() stop /var/lib/kolla/venv/lib/python3.6/site-packages/neutron/service.py:138
2025-07-10 02:22:17.542 24 DEBUG neutron.service [-] calling RpcWorker stop() stop /var/lib/kolla/venv/lib/python3.6/site-packages/neutron/service.py:138
2025-07-10 02:22:17.542 22 DEBUG oslo_concurrency.lockutils [req-b1c10d6f-61da-4f6b-aee6-512814f89ce3 - - - - -] Acquired lock "singleton_lock" lock /var/lib/kolla/venv/lib/python3.6/site-packages/oslo_concurrency/lockutils.py:294
2025-07-10 02:22:17.543 22 DEBUG oslo_concurrency.lockutils [req-b1c10d6f-61da-4f6b-aee6-512814f89ce3 - - - - -] Releasing lock "singleton_lock" lock /var/lib/kolla/venv/lib/python3.6/site-packages/oslo_concurrency/lockutils.py:312
2025-07-10 02:22:17.543 27 DEBUG neutron.service [-] calling RpcWorker stop() stop /var/lib/kolla/venv/lib/python3.6/site-packages/neutron/service.py:138
2025-07-10 02:22:17.543 28 DEBUG neutron.service [-] calling RpcWorker stop() stop /var/lib/kolla/venv/lib/python3.6/site-packages/neutron/service.py:138
2025-07-10 02:22:17.542 25 DEBUG neutron.service [-] calling stop on stop /var/lib/kolla/venv/lib/python3.6/site-packages/neutron/service.py:141
2025-07-10 02:22:17.542 24 DEBUG neutron.service [-] calling stop on stop /var/lib/kolla/venv/lib/python3.6/site-packages/neutron/service.py:141
2025-07-10 02:22:17.546 7 INFO oslo_service.service [-] Child 22 exited with status 0
2025-07-10 02:22:17.546 26 DEBUG neutron.service [-] calling RpcWorker stop() stop /var/lib/kolla/venv/lib/python3.6/site-packages/neutron/service.py:138
2025-07-10 02:22:17.547 26 DEBUG neutron.service [-] calling stop on stop /var/lib/kolla/venv/lib/python3.6/site-packages/neutron/service.py:141
2025-07-10 02:22:17.544 27 DEBUG neutron.service [-] calling stop on stop /var/lib/kolla/venv/lib/python3.6/site-packages/neutron/service.py:141
2025-07-10 02:22:17.541 23 DEBUG neutron.service [-] calling RpcWorker stop() stop /var/lib/kolla/venv/lib/python3.6/site-packages/neutron/service.py:138
2025-07-10 02:22:17.545 28 DEBUG neutron.service [-] calling stop on stop /var/lib/kolla/venv/lib/python3.6/site-packages/neutron/service.py:141
2025-07-10 02:22:17.554 23 DEBUG neutron.service [-] calling stop on stop /var/lib/kolla/venv/lib/python3.6/site-packages/neutron/service.py:141
2025-07-10 02:22:17.562 29 DEBUG neutron.service [-] calling RpcWorker stop() stop /var/lib/kolla/venv/lib/python3.6/site-packages/neutron/service.py:138
2025-07-10 02:22:17.562 29 DEBUG neutron.service [-] calling stop on stop /var/lib/kolla/venv/lib/python3.6/site-packages/neutron/service.py:141
2025-07-10 02:22:19.310 23 DEBUG neutron.service [-] calling stop on stop /var/lib/kolla/venv/lib/python3.6/site-packages/neutron/service.py:141
2025-07-10 02:22:19.317 24 DEBUG neutron.service [-] calling stop on stop /var/lib/kolla/venv/lib/python3.6/site-packages/neutron/service.py:141
2025-07-10 02:22:19.322 26 DEBUG oslo_concurrency.lockutils [req-b1c10d6f-61da-4f6b-aee6-512814f89ce3 - - - - -] Acquired lock "singleton_lock" lock /var/lib/kolla/venv/lib/python3.6/site-packages/oslo_concurrency/lockutils.py:294
2025-07-10 02:22:19.323 26 DEBUG oslo_concurrency.lockutils [req-b1c10d6f-61da-4f6b-aee6-512814f89ce3 - - - - -] Releasing lock "singleton_lock" lock /var/lib/kolla/venv/lib/python3.6/site-packages/oslo_concurrency/lockutils.py:312
2025-07-10 02:22:19.323 26 DEBUG neutron.service [req-b1c10d6f-61da-4f6b-aee6-512814f89ce3 - - - - -] calling RpcWorker wait() _wait /var/lib/kolla/venv/lib/python3.6/site-packages/neutron/service.py:128
2025-07-10 02:22:19.323 26 DEBUG neutron.service [req-b1c10d6f-61da-4f6b-aee6-512814f89ce3 - - - - -] calling wait on _wait /var/lib/kolla/venv/lib/python3.6/site-packages/neutron/service.py:131
2025-07-10 02:22:19.330 26 WARNING amqp [req-b1c10d6f-61da-4f6b-aee6-512814f89ce3 - - - - -] Received method (60, 30) during closing channel 1. This method will be ignored
2025-07-10 02:22:19.331 26 DEBUG neutron.service [req-b1c10d6f-61da-4f6b-aee6-512814f89ce3 - - - - -] returning from RpcWorker wait() _wait /var/lib/kolla/venv/lib/python3.6/site-packages/neutron/service.py:135
2025-07-10 02:22:19.331 27 DEBUG oslo_concurrency.lockutils [req-b1c10d6f-61da-4f6b-aee6-512814f89ce3 - - - - -] Acquired lock "singleton_lock" lock /var/lib/kolla/venv/lib/python3.6/site-packages/oslo_concurrency/lockutils.py:294
2025-07-10 02:22:19.332 27 DEBUG oslo_concurrency.lockutils [req-b1c10d6f-61da-4f6b-aee6-512814f89ce3 - - - - -] Releasing lock "singleton_lock" lock /var/lib/kolla/venv/lib/python3.6/site-packages/oslo_concurrency/lockutils.py:312
2025-07-10 02:22:19.332 27 DEBUG neutron.service [req-b1c10d6f-61da-4f6b-aee6-512814f89ce3 - - - - -] calling RpcWorker wait() _wait /var/lib/kolla/venv/lib/python3.6/site-packages/neutron/service.py:128
2025-07-10 02:22:19.332 27 DEBUG neutron.service [req-b1c10d6f-61da-4f6b-aee6-512814f89ce3 - - - - -] calling wait on _wait /var/lib/kolla/venv/lib/python3.6/site-packages/neutron/service.py:131
2025-07-10 02:22:19.333 23 DEBUG neutron.service [-] calling stop on stop /var/lib/kolla/venv/lib/python3.6/site-packages/neutron/service.py:141
2025-07-10 02:22:19.337 27 WARNING amqp [req-b1c10d6f-61da-4f6b-aee6-512814f89ce3 - - - - -] Received method (60, 30) during closing channel 1. This method will be ignored
2025-07-10 02:22:19.338 27 DEBUG neutron.service [req-b1c10d6f-61da-4f6b-aee6-512814f89ce3 - - - - -] returning from RpcWorker wait() _wait /var/lib/kolla/venv/lib/python3.6/site-packages/neutron/service.py:135
2025-07-10 02:22:19.339 7 INFO oslo_service.service [-] Child 26 exited with status 0
2025-07-10 02:22:19.341 29 DEBUG oslo_concurrency.lockutils [req-b1c10d6f-61da-4f6b-aee6-512814f89ce3 - - - - -] Acquired lock "singleton_lock" lock /var/lib/kolla/venv/lib/python3.6/site-packages/oslo_concurrency/lockutils.py:294
2025-07-10 02:22:19.341 29 DEBUG oslo_concurrency.lockutils [req-b1c10d6f-61da-4f6b-aee6-512814f89ce3 - - - - -] Releasing lock "singleton_lock" lock /var/lib/kolla/venv/lib/python3.6/site-packages/oslo_concurrency/lockutils.py:312
2025-07-10 02:22:19.342 29 DEBUG neutron.service [req-b1c10d6f-61da-4f6b-aee6-512814f89ce3 - - - - -] calling RpcWorker wait() _wait /var/lib/kolla/venv/lib/python3.6/site-packages/neutron/service.py:128
2025-07-10 02:22:19.342 29 DEBUG neutron.service [req-b1c10d6f-61da-4f6b-aee6-512814f89ce3 - - - - -] calling wait on _wait /var/lib/kolla/venv/lib/python3.6/site-packages/neutron/service.py:131
2025-07-10 02:22:19.342 24 DEBUG neutron.service [-] calling stop on stop /var/lib/kolla/venv/lib/python3.6/site-packages/neutron/service.py:141
2025-07-10 02:22:19.343 7 INFO oslo_service.service [-] Child 27 exited with status 0
2025-07-10 02:22:19.346 25 DEBUG neutron.service [-] calling stop on stop /var/lib/kolla/venv/lib/python3.6/site-packages/neutron/service.py:141
2025-07-10 02:22:19.350 29 WARNING amqp [req-b1c10d6f-61da-4f6b-aee6-512814f89ce3 - - - - -] Received method (60, 30) during closing channel 1. This method will be ignored
2025-07-10 02:22:19.351 29 DEBUG neutron.service [req-b1c10d6f-61da-4f6b-aee6-512814f89ce3 - - - - -] returning from RpcWorker wait() _wait /var/lib/kolla/venv/lib/python3.6/site-packages/neutron/service.py:135
2025-07-10 02:22:19.354 25 DEBUG neutron.service [-] calling stop on stop /var/lib/kolla/venv/lib/python3.6/site-packages/neutron/service.py:141
2025-07-10 02:22:19.357 7 INFO oslo_service.service [-] Child 29 exited with status 0
2025-07-10 02:22:19.364 25 DEBUG neutron.service [-] calling stop on stop /var/lib/kolla/venv/lib/python3.6/site-packages/neutron/service.py:141
2025-07-10 02:22:19.374 25 DEBUG oslo_concurrency.lockutils [req-b1c10d6f-61da-4f6b-aee6-512814f89ce3 - - - - -] Acquired lock "singleton_lock" lock /var/lib/kolla/venv/lib/python3.6/site-packages/oslo_concurrency/lockutils.py:294
2025-07-10 02:22:19.375 25 DEBUG oslo_concurrency.lockutils [req-b1c10d6f-61da-4f6b-aee6-512814f89ce3 - - - - -] Releasing lock "singleton_lock" lock /var/lib/kolla/venv/lib/python3.6/site-packages/oslo_concurrency/lockutils.py:312
2025-07-10 02:22:19.375 25 DEBUG neutron.service [req-b1c10d6f-61da-4f6b-aee6-512814f89ce3 - - - - -] calling RpcWorker wait() _wait /var/lib/kolla/venv/lib/python3.6/site-packages/neutron/service.py:128
2025-07-10 02:22:19.376 25 DEBUG neutron.service [req-b1c10d6f-61da-4f6b-aee6-512814f89ce3 - - - - -] calling wait on _wait /var/lib/kolla/venv/lib/python3.6/site-packages/neutron/service.py:131
2025-07-10 02:22:19.382 25 WARNING amqp [req-b1c10d6f-61da-4f6b-aee6-512814f89ce3 - - - - -] Received method (60, 30) during closing channel 1. This method will be ignored
2025-07-10 02:22:19.383 25 DEBUG neutron.service [req-b1c10d6f-61da-4f6b-aee6-512814f89ce3 - - - - -] calling wait on _wait /var/lib/kolla/venv/lib/python3.6/site-packages/neutron/service.py:131
2025-07-10 02:22:19.390 25 WARNING amqp [req-b1c10d6f-61da-4f6b-aee6-512814f89ce3 - - - - -] Received method (60, 30) during closing channel 1. This method will be ignored
2025-07-10 02:22:19.391 25 DEBUG neutron.service [req-b1c10d6f-61da-4f6b-aee6-512814f89ce3 - - - - -] calling wait on _wait /var/lib/kolla/venv/lib/python3.6/site-packages/neutron/service.py:131
2025-07-10 02:22:19.396 25 WARNING amqp [req-b1c10d6f-61da-4f6b-aee6-512814f89ce3 - - - - -] Received method (60, 30) during closing channel 1. This method will be ignored
2025-07-10 02:22:19.397 25 DEBUG neutron.service [req-b1c10d6f-61da-4f6b-aee6-512814f89ce3 - - - - -] calling wait on _wait /var/lib/kolla/venv/lib/python3.6/site-packages/neutron/service.py:131
2025-07-10 02:22:19.403 25 WARNING amqp [req-b1c10d6f-61da-4f6b-aee6-512814f89ce3 - - - - -] Received method (60, 30) during closing channel 1. This method will be ignored
2025-07-10 02:22:19.405 25 DEBUG neutron.service [req-b1c10d6f-61da-4f6b-aee6-512814f89ce3 - - - - -] returning from RpcWorker wait() _wait /var/lib/kolla/venv/lib/python3.6/site-packages/neutron/service.py:135
2025-07-10 02:22:19.411 7 INFO oslo_service.service [-] Child 25 exited with status 0
2025-07-10 02:22:21.817 23 DEBUG neutron.service [-] calling stop on stop /var/lib/kolla/venv/lib/python3.6/site-packages/neutron/service.py:141
2025-07-10 02:22:21.826 28 DEBUG oslo_concurrency.lockutils [req-b1c10d6f-61da-4f6b-aee6-512814f89ce3 - - - - -] Acquired lock "singleton_lock" lock /var/lib/kolla/venv/lib/python3.6/site-packages/oslo_concurrency/lockutils.py:294
2025-07-10 02:22:21.826 28 DEBUG oslo_concurrency.lockutils [req-b1c10d6f-61da-4f6b-aee6-512814f89ce3 - - - - -] Releasing lock "singleton_lock" lock /var/lib/kolla/venv/lib/python3.6/site-packages/oslo_concurrency/lockutils.py:312
2025-07-10 02:22:21.827 28 DEBUG neutron.service [req-b1c10d6f-61da-4f6b-aee6-512814f89ce3 - - - - -] calling RpcWorker wait() _wait /var/lib/kolla/venv/lib/python3.6/site-packages/neutron/service.py:128
2025-07-10 02:22:21.827 28 DEBUG neutron.service [req-b1c10d6f-61da-4f6b-aee6-512814f89ce3 - - - - -] calling wait on _wait /var/lib/kolla/venv/lib/python3.6/site-packages/neutron/service.py:131
2025-07-10 02:22:21.834 28 WARNING amqp [req-b1c10d6f-61da-4f6b-aee6-512814f89ce3 - - - - -] Received method (60, 30) during closing channel 1. This method will be ignored
2025-07-10 02:22:21.835 28 DEBUG neutron.service [req-b1c10d6f-61da-4f6b-aee6-512814f89ce3 - - - - -] returning from RpcWorker wait() _wait /var/lib/kolla/venv/lib/python3.6/site-packages/neutron/service.py:135
2025-07-10 02:22:21.841 7 INFO oslo_service.service [-] Child 28 exited with status 0
2025-07-10 02:22:24.299 24 DEBUG neutron.service [-] calling stop on stop /var/lib/kolla/venv/lib/python3.6/site-packages/neutron/service.py:141
2025-07-10 02:22:24.366 23 DEBUG oslo_concurrency.lockutils [req-b1c10d6f-61da-4f6b-aee6-512814f89ce3 - - - - -] Acquired lock "singleton_lock" lock /var/lib/kolla/venv/lib/python3.6/site-packages/oslo_concurrency/lockutils.py:294
2025-07-10 02:22:24.366 24 DEBUG oslo_concurrency.lockutils [req-b1c10d6f-61da-4f6b-aee6-512814f89ce3 - - - - -] Acquired lock "singleton_lock" lock /var/lib/kolla/venv/lib/python3.6/site-packages/oslo_concurrency/lockutils.py:294
2025-07-10 02:22:24.366 23 DEBUG oslo_concurrency.lockutils [req-b1c10d6f-61da-4f6b-aee6-512814f89ce3 - - - - -] Releasing lock "singleton_lock" lock /var/lib/kolla/venv/lib/python3.6/site-packages/oslo_concurrency/lockutils.py:312
2025-07-10 02:22:24.366 24 DEBUG oslo_concurrency.lockutils [req-b1c10d6f-61da-4f6b-aee6-512814f89ce3 - - - - -] Releasing lock "singleton_lock" lock /var/lib/kolla/venv/lib/python3.6/site-packages/oslo_concurrency/lockutils.py:312
2025-07-10 02:22:24.366 23 DEBUG neutron.service [req-b1c10d6f-61da-4f6b-aee6-512814f89ce3 - - - - -] calling RpcWorker wait() _wait /var/lib/kolla/venv/lib/python3.6/site-packages/neutron/service.py:128
2025-07-10 02:22:24.366 24 DEBUG neutron.service [req-b1c10d6f-61da-4f6b-aee6-512814f89ce3 - - - - -] calling RpcWorker wait() _wait /var/lib/kolla/venv/lib/python3.6/site-packages/neutron/service.py:128
2025-07-10 02:22:24.367 23 DEBUG neutron.service [req-b1c10d6f-61da-4f6b-aee6-512814f89ce3 - - - - -] calling wait on _wait /var/lib/kolla/venv/lib/python3.6/site-packages/neutron/service.py:131
2025-07-10 02:22:24.367 24 DEBUG neutron.service [req-b1c10d6f-61da-4f6b-aee6-512814f89ce3 - - - - -] calling wait on _wait /var/lib/kolla/venv/lib/python3.6/site-packages/neutron/service.py:131
2025-07-10 02:22:24.374 23 WARNING amqp [req-b1c10d6f-61da-4f6b-aee6-512814f89ce3 - - - - -] Received method (60, 30) during closing channel 1. This method will be ignored
2025-07-10 02:22:24.375 23 DEBUG neutron.service [req-b1c10d6f-61da-4f6b-aee6-512814f89ce3 - - - - -] calling wait on _wait /var/lib/kolla/venv/lib/python3.6/site-packages/neutron/service.py:131
2025-07-10 02:22:24.380 24 WARNING amqp [req-b1c10d6f-61da-4f6b-aee6-512814f89ce3 - - - - -] Received method (60, 30) during closing channel 1. This method will be ignored
2025-07-10 02:22:24.381 24 DEBUG neutron.service [req-b1c10d6f-61da-4f6b-aee6-512814f89ce3 - - - - -] calling wait on _wait /var/lib/kolla/venv/lib/python3.6/site-packages/neutron/service.py:131
2025-07-10 02:22:24.383 23 WARNING amqp [req-b1c10d6f-61da-4f6b-aee6-512814f89ce3 - - - - -] Received method (60, 30) during closing channel 1. This method will be ignored
2025-07-10 02:22:24.383 23 DEBUG neutron.service [req-b1c10d6f-61da-4f6b-aee6-512814f89ce3 - - - - -] calling wait on _wait /var/lib/kolla/venv/lib/python3.6/site-packages/neutron/service.py:131
2025-07-10 02:22:24.387 24 WARNING amqp [req-b1c10d6f-61da-4f6b-aee6-512814f89ce3 - - - - -] Received method (60, 30) during closing channel 1. This method will be ignored
2025-07-10 02:22:24.388 24 DEBUG neutron.service [req-b1c10d6f-61da-4f6b-aee6-512814f89ce3 - - - - -] calling wait on _wait /var/lib/kolla/venv/lib/python3.6/site-packages/neutron/service.py:131
2025-07-10 02:22:24.389 23 WARNING amqp [req-b1c10d6f-61da-4f6b-aee6-512814f89ce3 - - - - -] Received method (60, 30) during closing channel 1. This method will be ignored
2025-07-10 02:22:24.390 23 DEBUG neutron.service [req-b1c10d6f-61da-4f6b-aee6-512814f89ce3 - - - - -] calling wait on _wait /var/lib/kolla/venv/lib/python3.6/site-packages/neutron/service.py:131
2025-07-10 02:22:24.393 24 WARNING amqp [req-b1c10d6f-61da-4f6b-aee6-512814f89ce3 - - - - -] Received method (60, 30) during closing channel 1. This method will be ignored
2025-07-10 02:22:24.394 24 DEBUG neutron.service [req-b1c10d6f-61da-4f6b-aee6-512814f89ce3 - - - - -] calling wait on _wait /var/lib/kolla/venv/lib/python3.6/site-packages/neutron/service.py:131
2025-07-10 02:22:24.395 23 WARNING amqp [req-b1c10d6f-61da-4f6b-aee6-512814f89ce3 - - - - -] Received method (60, 30) during closing channel 1. This method will be ignored
2025-07-10 02:22:24.396 23 DEBUG neutron.service [req-b1c10d6f-61da-4f6b-aee6-512814f89ce3 - - - - -] returning from RpcWorker wait() _wait /var/lib/kolla/venv/lib/python3.6/site-packages/neutron/service.py:135
2025-07-10 02:22:24.399 24 WARNING amqp [req-b1c10d6f-61da-4f6b-aee6-512814f89ce3 - - - - -] Received method (60, 30) during closing channel 1. This method will be ignored
2025-07-10 02:22:24.399 24 DEBUG neutron.service [req-b1c10d6f-61da-4f6b-aee6-512814f89ce3 - - - - -] returning from RpcWorker wait() _wait /var/lib/kolla/venv/lib/python3.6/site-packages/neutron/service.py:135
2025-07-10 02:22:24.402 7 INFO oslo_service.service [-] Child 23 exited with status 0
2025-07-10 02:22:24.404 7 INFO oslo_service.service [-] Child 24 exited with status 0
2025-07-10 02:22:24.404 7 INFO oslo_service.service [-] Wait called after thread killed. Cleaning up.
2025-07-10 02:22:24.404 7 DEBUG oslo_service.service [-] Stop services. stop /var/lib/kolla/venv/lib/python3.6/site-packages/oslo_service/service.py:695
2025-07-10 02:22:24.405 7 DEBUG oslo_service.service [-] Killing children. stop /var/lib/kolla/venv/lib/python3.6/site-packages/oslo_service/service.py:700
2025-07-10 02:22:28.201 7 INFO neutron.common.config [-] Logging enabled!
2025-07-10 02:22:28.201 7 INFO neutron.common.config [-] /var/lib/kolla/venv/bin/neutron-server version 20.5.1.dev23
2025-07-10 02:22:28.202 7 DEBUG neutron.common.config [-] command line: /var/lib/kolla/venv/bin/neutron-server --config-file /etc/neutron/neutron.conf --config-file /etc/neutron/ContrailPlugin.ini --config-file /etc/neutron/api-paste.ini setup_logging /var/lib/kolla/venv/lib/python3.6/site-packages/neutron/common/config.py:115
2025-07-10 02:22:28.205 7 INFO neutron.common.config [-] Logging enabled!
2025-07-10 02:22:28.206 7 INFO neutron.common.config [-] /var/lib/kolla/venv/bin/neutron-server version 20.5.1.dev23
2025-07-10 02:22:28.206 7 DEBUG neutron.common.config [-] command line: /var/lib/kolla/venv/bin/neutron-server --config-file /etc/neutron/neutron.conf --config-file /etc/neutron/ContrailPlugin.ini --config-file /etc/neutron/api-paste.ini setup_logging /var/lib/kolla/venv/lib/python3.6/site-packages/neutron/common/config.py:115
2025-07-10 02:22:28.206 7 DEBUG neutron.common.config [-] ******************************************************************************** log_opt_values /var/lib/kolla/venv/lib/python3.6/site-packages/oslo_config/cfg.py:2589
2025-07-10 02:22:28.206 7 DEBUG neutron.common.config [-] Configuration options gathered from: log_opt_values /var/lib/kolla/venv/lib/python3.6/site-packages/oslo_config/cfg.py:2590
2025-07-10 02:22:28.206 7 DEBUG neutron.common.config [-] command line args: ['--config-file', '/etc/neutron/neutron.conf', '--config-file', '/etc/neutron/ContrailPlugin.ini', '--config-file', '/etc/neutron/api-paste.ini'] log_opt_values /var/lib/kolla/venv/lib/python3.6/site-packages/oslo_config/cfg.py:2591
2025-07-10 02:22:28.207 7 DEBUG neutron.common.config [-] config files: ['/etc/neutron/neutron.conf', '/etc/neutron/ContrailPlugin.ini', '/etc/neutron/api-paste.ini'] log_opt_values /var/lib/kolla/venv/lib/python3.6/site-packages/oslo_config/cfg.py:2593
