2025-07-07 00:38:17.255 131574 DEBUG oslo_service.service [req-dabc7ff5-cbb4-4d2c-be5b-2b4613498046 - - - - -] cinder.insecure = False log_opt_values /usr/lib/python3/dist-packages/oslo_config/cfg.py:2609
2025-07-07 00:38:17.255 131574 DEBUG oslo_service.service [req-dabc7ff5-cbb4-4d2c-be5b-2b4613498046 - - - - -] cinder.keyfile = None log_opt_values /usr/lib/python3/dist-packages/oslo_config/cfg.py:2609
2025-07-07 00:38:17.255 131574 DEBUG oslo_service.service [req-dabc7ff5-cbb4-4d2c-be5b-2b4613498046 - - - - -] cinder.os_region_name = None log_opt_values /usr/lib/python3/dist-packages/oslo_config/cfg.py:2609
2025-07-07 00:38:17.256 132350 DEBUG nova.service [req-4fca09f5-1e7a-4227-970c-a1dd777928c8 - - - - -] Creating RPC server for service conductor start /usr/lib/python3/dist-packages/nova/service.py:182
2025-07-07 00:38:17.256 131574 DEBUG oslo_service.service [req-dabc7ff5-cbb4-4d2c-be5b-2b4613498046 - - - - -] cinder.split_loggers = False log_opt_values /usr/lib/python3/dist-packages/oslo_config/cfg.py:2609
2025-07-07 00:38:17.257 131574 DEBUG oslo_service.service [req-dabc7ff5-cbb4-4d2c-be5b-2b4613498046 - - - - -] cinder.timeout = None log_opt_values /usr/lib/python3/dist-packages/oslo_config/cfg.py:2609
2025-07-07 00:38:17.257 131574 DEBUG oslo_service.service [req-dabc7ff5-cbb4-4d2c-be5b-2b4613498046 - - - - -] compute.consecutive_build_service_disable_threshold = 10 log_opt_values /usr/lib/python3/dist-packages/oslo_config/cfg.py:2609
2025-07-07 00:38:17.257 131574 DEBUG oslo_service.service [req-dabc7ff5-cbb4-4d2c-be5b-2b4613498046 - - - - -] compute.cpu_dedicated_set = None log_opt_values /usr/lib/python3/dist-packages/oslo_config/cfg.py:2609
2025-07-07 00:38:17.257 131574 DEBUG oslo_service.service [req-dabc7ff5-cbb4-4d2c-be5b-2b4613498046 - - - - -] compute.cpu_shared_set = None log_opt_values /usr/lib/python3/dist-packages/oslo_config/cfg.py:2609
2025-07-07 00:38:17.257 131574 DEBUG oslo_service.service [req-dabc7ff5-cbb4-4d2c-be5b-2b4613498046 - - - - -] compute.image_type_exclude_list = [] log_opt_values /usr/lib/python3/dist-packages/oslo_config/cfg.py:2609
2025-07-07 00:38:17.258 131574 DEBUG oslo_service.service [req-dabc7ff5-cbb4-4d2c-be5b-2b4613498046 - - - - -] compute.live_migration_wait_for_vif_plug = True log_opt_values /usr/lib/python3/dist-packages/oslo_config/cfg.py:2609
2025-07-07 00:38:17.258 131574 DEBUG oslo_service.service [req-dabc7ff5-cbb4-4d2c-be5b-2b4613498046 - - - - -] compute.max_concurrent_disk_ops = 0 log_opt_values /usr/lib/python3/dist-packages/oslo_config/cfg.py:2609
2025-07-07 00:38:17.258 131574 DEBUG oslo_service.service [req-dabc7ff5-cbb4-4d2c-be5b-2b4613498046 - - - - -] compute.max_disk_devices_to_attach = -1 log_opt_values /usr/lib/python3/dist-packages/oslo_config/cfg.py:2609
2025-07-07 00:38:17.258 131574 DEBUG oslo_service.service [req-dabc7ff5-cbb4-4d2c-be5b-2b4613498046 - - - - -] compute.packing_host_numa_cells_allocation_strategy = True log_opt_values /usr/lib/python3/dist-packages/oslo_config/cfg.py:2609
2025-07-07 00:38:17.258 131574 DEBUG oslo_service.service [req-dabc7ff5-cbb4-4d2c-be5b-2b4613498046 - - - - -] compute.provider_config_location = /etc/nova/provider_config/ log_opt_values /usr/lib/python3/dist-packages/oslo_config/cfg.py:2609
2025-07-07 00:38:17.259 131574 DEBUG oslo_service.service [req-dabc7ff5-cbb4-4d2c-be5b-2b4613498046 - - - - -] compute.resource_provider_association_refresh = 300 log_opt_values /usr/lib/python3/dist-packages/oslo_config/cfg.py:2609
2025-07-07 00:38:17.259 131574 DEBUG oslo_service.service [req-dabc7ff5-cbb4-4d2c-be5b-2b4613498046 - - - - -] compute.shutdown_retry_interval = 10 log_opt_values /usr/lib/python3/dist-packages/oslo_config/cfg.py:2609
2025-07-07 00:38:17.259 131574 DEBUG oslo_service.service [req-dabc7ff5-cbb4-4d2c-be5b-2b4613498046 - - - - -] compute.vmdk_allowed_types = ['streamOptimized', 'monolithicSparse'] log_opt_values /usr/lib/python3/dist-packages/oslo_config/cfg.py:2609
2025-07-07 00:38:17.259 131574 DEBUG oslo_service.service [req-dabc7ff5-cbb4-4d2c-be5b-2b4613498046 - - - - -] conductor.workers = 4 log_opt_values /usr/lib/python3/dist-packages/oslo_config/cfg.py:2609
2025-07-07 00:38:17.260 131574 DEBUG oslo_service.service [req-dabc7ff5-cbb4-4d2c-be5b-2b4613498046 - - - - -] console.allowed_origins = [] log_opt_values /usr/lib/python3/dist-packages/oslo_config/cfg.py:2609
2025-07-07 00:38:17.260 131574 DEBUG oslo_service.service [req-dabc7ff5-cbb4-4d2c-be5b-2b4613498046 - - - - -] console.ssl_ciphers = None log_opt_values /usr/lib/python3/dist-packages/oslo_config/cfg.py:2609
2025-07-07 00:38:17.260 131574 DEBUG oslo_service.service [req-dabc7ff5-cbb4-4d2c-be5b-2b4613498046 - - - - -] console.ssl_minimum_version = default log_opt_values /usr/lib/python3/dist-packages/oslo_config/cfg.py:2609
2025-07-07 00:38:17.261 131574 DEBUG oslo_service.service [req-dabc7ff5-cbb4-4d2c-be5b-2b4613498046 - - - - -] consoleauth.token_ttl = 600 log_opt_values /usr/lib/python3/dist-packages/oslo_config/cfg.py:2609
2025-07-07 00:38:17.261 131574 DEBUG oslo_service.service [req-dabc7ff5-cbb4-4d2c-be5b-2b4613498046 - - - - -] cyborg.cafile = None log_opt_values /usr/lib/python3/dist-packages/oslo_config/cfg.py:2609
2025-07-07 00:38:17.261 131574 DEBUG oslo_service.service [req-dabc7ff5-cbb4-4d2c-be5b-2b4613498046 - - - - -] cyborg.certfile = None log_opt_values /usr/lib/python3/dist-packages/oslo_config/cfg.py:2609
2025-07-07 00:38:17.261 131574 DEBUG oslo_service.service [req-dabc7ff5-cbb4-4d2c-be5b-2b4613498046 - - - - -] cyborg.collect_timing = False log_opt_values /usr/lib/python3/dist-packages/oslo_config/cfg.py:2609
2025-07-07 00:38:17.261 131574 DEBUG oslo_service.service [req-dabc7ff5-cbb4-4d2c-be5b-2b4613498046 - - - - -] cyborg.connect_retries = None log_opt_values /usr/lib/python3/dist-packages/oslo_config/cfg.py:2609
2025-07-07 00:38:17.262 131574 DEBUG oslo_service.service [req-dabc7ff5-cbb4-4d2c-be5b-2b4613498046 - - - - -] cyborg.connect_retry_delay = None log_opt_values /usr/lib/python3/dist-packages/oslo_config/cfg.py:2609
2025-07-07 00:38:17.262 131574 DEBUG oslo_service.service [req-dabc7ff5-cbb4-4d2c-be5b-2b4613498046 - - - - -] cyborg.endpoint_override = None log_opt_values /usr/lib/python3/dist-packages/oslo_config/cfg.py:2609
2025-07-07 00:38:17.262 131574 DEBUG oslo_service.service [req-dabc7ff5-cbb4-4d2c-be5b-2b4613498046 - - - - -] cyborg.insecure = False log_opt_values /usr/lib/python3/dist-packages/oslo_config/cfg.py:2609
2025-07-07 00:38:17.262 131574 DEBUG oslo_service.service [req-dabc7ff5-cbb4-4d2c-be5b-2b4613498046 - - - - -] cyborg.keyfile = None log_opt_values /usr/lib/python3/dist-packages/oslo_config/cfg.py:2609
2025-07-07 00:38:17.262 131574 DEBUG oslo_service.service [req-dabc7ff5-cbb4-4d2c-be5b-2b4613498046 - - - - -] cyborg.max_version = None log_opt_values /usr/lib/python3/dist-packages/oslo_config/cfg.py:2609
2025-07-07 00:38:17.262 131574 DEBUG oslo_service.service [req-dabc7ff5-cbb4-4d2c-be5b-2b4613498046 - - - - -] cyborg.min_version = None log_opt_values /usr/lib/python3/dist-packages/oslo_config/cfg.py:2609
2025-07-07 00:38:17.263 131574 DEBUG oslo_service.service [req-dabc7ff5-cbb4-4d2c-be5b-2b4613498046 - - - - -] cyborg.region_name = None log_opt_values /usr/lib/python3/dist-packages/oslo_config/cfg.py:2609
2025-07-07 00:38:17.263 131574 DEBUG oslo_service.service [req-dabc7ff5-cbb4-4d2c-be5b-2b4613498046 - - - - -] cyborg.service_name = None log_opt_values /usr/lib/python3/dist-packages/oslo_config/cfg.py:2609
2025-07-07 00:38:17.263 131574 DEBUG oslo_service.service [req-dabc7ff5-cbb4-4d2c-be5b-2b4613498046 - - - - -] cyborg.service_type = accelerator log_opt_values /usr/lib/python3/dist-packages/oslo_config/cfg.py:2609
2025-07-07 00:38:17.263 131574 DEBUG oslo_service.service [req-dabc7ff5-cbb4-4d2c-be5b-2b4613498046 - - - - -] cyborg.split_loggers = False log_opt_values /usr/lib/python3/dist-packages/oslo_config/cfg.py:2609
2025-07-07 00:38:17.264 131574 DEBUG oslo_service.service [req-dabc7ff5-cbb4-4d2c-be5b-2b4613498046 - - - - -] cyborg.status_code_retries = None log_opt_values /usr/lib/python3/dist-packages/oslo_config/cfg.py:2609
2025-07-07 00:38:17.264 131574 DEBUG oslo_service.service [req-dabc7ff5-cbb4-4d2c-be5b-2b4613498046 - - - - -] cyborg.status_code_retry_delay = None log_opt_values /usr/lib/python3/dist-packages/oslo_config/cfg.py:2609
2025-07-07 00:38:17.264 131574 DEBUG oslo_service.service [req-dabc7ff5-cbb4-4d2c-be5b-2b4613498046 - - - - -] cyborg.timeout = None log_opt_values /usr/lib/python3/dist-packages/oslo_config/cfg.py:2609
2025-07-07 00:38:17.264 131574 DEBUG oslo_service.service [req-dabc7ff5-cbb4-4d2c-be5b-2b4613498046 - - - - -] cyborg.valid_interfaces = ['internal', 'public'] log_opt_values /usr/lib/python3/dist-packages/oslo_config/cfg.py:2609
2025-07-07 00:38:17.265 131574 DEBUG oslo_service.service [req-dabc7ff5-cbb4-4d2c-be5b-2b4613498046 - - - - -] cyborg.version = None log_opt_values /usr/lib/python3/dist-packages/oslo_config/cfg.py:2609
2025-07-07 00:38:17.265 131574 DEBUG oslo_service.service [req-dabc7ff5-cbb4-4d2c-be5b-2b4613498046 - - - - -] database.backend = sqlalchemy log_opt_values /usr/lib/python3/dist-packages/oslo_config/cfg.py:2609
2025-07-07 00:38:17.265 131574 DEBUG oslo_service.service [req-dabc7ff5-cbb4-4d2c-be5b-2b4613498046 - - - - -] database.connection = **** log_opt_values /usr/lib/python3/dist-packages/oslo_config/cfg.py:2609
2025-07-07 00:38:17.265 131574 DEBUG oslo_service.service [req-dabc7ff5-cbb4-4d2c-be5b-2b4613498046 - - - - -] database.connection_debug = 0 log_opt_values /usr/lib/python3/dist-packages/oslo_config/cfg.py:2609
2025-07-07 00:38:17.265 131574 DEBUG oslo_service.service [req-dabc7ff5-cbb4-4d2c-be5b-2b4613498046 - - - - -] database.connection_parameters = log_opt_values /usr/lib/python3/dist-packages/oslo_config/cfg.py:2609
2025-07-07 00:38:17.266 131574 DEBUG oslo_service.service [req-dabc7ff5-cbb4-4d2c-be5b-2b4613498046 - - - - -] database.connection_recycle_time = 3600 log_opt_values /usr/lib/python3/dist-packages/oslo_config/cfg.py:2609
2025-07-07 00:38:17.266 131574 DEBUG oslo_service.service [req-dabc7ff5-cbb4-4d2c-be5b-2b4613498046 - - - - -] database.connection_trace = False log_opt_values /usr/lib/python3/dist-packages/oslo_config/cfg.py:2609
2025-07-07 00:38:17.266 131574 DEBUG oslo_service.service [req-dabc7ff5-cbb4-4d2c-be5b-2b4613498046 - - - - -] database.db_inc_retry_interval = True log_opt_values /usr/lib/python3/dist-packages/oslo_config/cfg.py:2609
2025-07-07 00:38:17.266 131574 DEBUG oslo_service.service [req-dabc7ff5-cbb4-4d2c-be5b-2b4613498046 - - - - -] database.db_max_retries = 20 log_opt_values /usr/lib/python3/dist-packages/oslo_config/cfg.py:2609
2025-07-07 00:38:17.266 131574 DEBUG oslo_service.service [req-dabc7ff5-cbb4-4d2c-be5b-2b4613498046 - - - - -] database.db_max_retry_interval = 10 log_opt_values /usr/lib/python3/dist-packages/oslo_config/cfg.py:2609
2025-07-07 00:38:17.266 131574 DEBUG oslo_service.service [req-dabc7ff5-cbb4-4d2c-be5b-2b4613498046 - - - - -] database.db_retry_interval = 1 log_opt_values /usr/lib/python3/dist-packages/oslo_config/cfg.py:2609
2025-07-07 00:38:17.267 131574 DEBUG oslo_service.service [req-dabc7ff5-cbb4-4d2c-be5b-2b4613498046 - - - - -] database.max_overflow = 50 log_opt_values /usr/lib/python3/dist-packages/oslo_config/cfg.py:2609
2025-07-07 00:38:17.266 132342 DEBUG oslo_messaging._drivers.amqpdriver [-] Listener is running poll /usr/lib/python3/dist-packages/oslo_messaging/_drivers/amqpdriver.py:343
2025-07-07 00:38:17.267 131574 DEBUG oslo_service.service [req-dabc7ff5-cbb4-4d2c-be5b-2b4613498046 - - - - -] database.max_pool_size = 4 log_opt_values /usr/lib/python3/dist-packages/oslo_config/cfg.py:2609
2025-07-07 00:38:17.267 132342 DEBUG oslo_messaging._drivers.amqpdriver [-] AMQPListener connection consume poll /usr/lib/python3/dist-packages/oslo_messaging/_drivers/amqpdriver.py:357
2025-07-07 00:38:17.267 131574 DEBUG oslo_service.service [req-dabc7ff5-cbb4-4d2c-be5b-2b4613498046 - - - - -] database.max_retries = 10 log_opt_values /usr/lib/python3/dist-packages/oslo_config/cfg.py:2609
2025-07-07 00:38:17.267 131574 DEBUG oslo_service.service [req-dabc7ff5-cbb4-4d2c-be5b-2b4613498046 - - - - -] database.mysql_enable_ndb = False log_opt_values /usr/lib/python3/dist-packages/oslo_config/cfg.py:2609
2025-07-07 00:38:17.267 131574 DEBUG oslo_service.service [req-dabc7ff5-cbb4-4d2c-be5b-2b4613498046 - - - - -] database.mysql_sql_mode = TRADITIONAL log_opt_values /usr/lib/python3/dist-packages/oslo_config/cfg.py:2609
2025-07-07 00:38:17.268 132342 DEBUG nova.service [req-40ff30ef-ec35-4641-a097-11b4e6f6ac67 - - - - -] Join ServiceGroup membership for this service conductor start /usr/lib/python3/dist-packages/nova/service.py:199
2025-07-07 00:38:17.268 131574 DEBUG oslo_service.service [req-dabc7ff5-cbb4-4d2c-be5b-2b4613498046 - - - - -] database.pool_timeout = None log_opt_values /usr/lib/python3/dist-packages/oslo_config/cfg.py:2609
2025-07-07 00:38:17.268 132344 DEBUG oslo_messaging._drivers.amqpdriver [-] Listener is running poll /usr/lib/python3/dist-packages/oslo_messaging/_drivers/amqpdriver.py:343
2025-07-07 00:38:17.268 132344 DEBUG oslo_messaging._drivers.amqpdriver [-] AMQPListener connection consume poll /usr/lib/python3/dist-packages/oslo_messaging/_drivers/amqpdriver.py:357
2025-07-07 00:38:17.268 132342 DEBUG nova.servicegroup.drivers.db [req-40ff30ef-ec35-4641-a097-11b4e6f6ac67 - - - - -] DB_Driver: join new ServiceGroup member juju-e8e893-0-lxd-7 to the conductor group, service = join /usr/lib/python3/dist-packages/nova/servicegroup/drivers/db.py:44
2025-07-07 00:38:17.268 131574 DEBUG oslo_service.service [req-dabc7ff5-cbb4-4d2c-be5b-2b4613498046 - - - - -] database.retry_interval = 10 log_opt_values /usr/lib/python3/dist-packages/oslo_config/cfg.py:2609
2025-07-07 00:38:17.268 131574 DEBUG oslo_service.service [req-dabc7ff5-cbb4-4d2c-be5b-2b4613498046 - - - - -] database.slave_connection = **** log_opt_values /usr/lib/python3/dist-packages/oslo_config/cfg.py:2609
2025-07-07 00:38:17.269 132344 DEBUG nova.service [req-0c2403de-51d9-47dc-a6c3-4a3c865f8738 - - - - -] Join ServiceGroup membership for this service conductor start /usr/lib/python3/dist-packages/nova/service.py:199
2025-07-07 00:38:17.269 131574 DEBUG oslo_service.service [req-dabc7ff5-cbb4-4d2c-be5b-2b4613498046 - - - - -] database.sqlite_synchronous = True log_opt_values /usr/lib/python3/dist-packages/oslo_config/cfg.py:2609
2025-07-07 00:38:17.269 132344 DEBUG nova.servicegroup.drivers.db [req-0c2403de-51d9-47dc-a6c3-4a3c865f8738 - - - - -] DB_Driver: join new ServiceGroup member juju-e8e893-0-lxd-7 to the conductor group, service = join /usr/lib/python3/dist-packages/nova/servicegroup/drivers/db.py:44
2025-07-07 00:38:17.269 131574 DEBUG oslo_service.service [req-dabc7ff5-cbb4-4d2c-be5b-2b4613498046 - - - - -] database.use_db_reconnect = False log_opt_values /usr/lib/python3/dist-packages/oslo_config/cfg.py:2609
2025-07-07 00:38:17.269 131574 DEBUG oslo_service.service [req-dabc7ff5-cbb4-4d2c-be5b-2b4613498046 - - - - -] api_database.backend = sqlalchemy log_opt_values /usr/lib/python3/dist-packages/oslo_config/cfg.py:2609
2025-07-07 00:38:17.270 131574 DEBUG oslo_service.service [req-dabc7ff5-cbb4-4d2c-be5b-2b4613498046 - - - - -] api_database.connection = **** log_opt_values /usr/lib/python3/dist-packages/oslo_config/cfg.py:2609
2025-07-07 00:38:17.270 131574 DEBUG oslo_service.service [req-dabc7ff5-cbb4-4d2c-be5b-2b4613498046 - - - - -] api_database.connection_debug = 0 log_opt_values /usr/lib/python3/dist-packages/oslo_config/cfg.py:2609
2025-07-07 00:38:17.270 131574 DEBUG oslo_service.service [req-dabc7ff5-cbb4-4d2c-be5b-2b4613498046 - - - - -] api_database.connection_parameters = log_opt_values /usr/lib/python3/dist-packages/oslo_config/cfg.py:2609
2025-07-07 00:38:17.270 131574 DEBUG oslo_service.service [req-dabc7ff5-cbb4-4d2c-be5b-2b4613498046 - - - - -] api_database.connection_recycle_time = 3600 log_opt_values /usr/lib/python3/dist-packages/oslo_config/cfg.py:2609
2025-07-07 00:38:17.270 131574 DEBUG oslo_service.service [req-dabc7ff5-cbb4-4d2c-be5b-2b4613498046 - - - - -] api_database.connection_trace = False log_opt_values /usr/lib/python3/dist-packages/oslo_config/cfg.py:2609
2025-07-07 00:38:17.270 131574 DEBUG oslo_service.service [req-dabc7ff5-cbb4-4d2c-be5b-2b4613498046 - - - - -] api_database.db_inc_retry_interval = True log_opt_values /usr/lib/python3/dist-packages/oslo_config/cfg.py:2609
2025-07-07 00:38:17.271 131574 DEBUG oslo_service.service [req-dabc7ff5-cbb4-4d2c-be5b-2b4613498046 - - - - -] api_database.db_max_retries = 20 log_opt_values /usr/lib/python3/dist-packages/oslo_config/cfg.py:2609
2025-07-07 00:38:17.271 131574 DEBUG oslo_service.service [req-dabc7ff5-cbb4-4d2c-be5b-2b4613498046 - - - - -] api_database.db_max_retry_interval = 10 log_opt_values /usr/lib/python3/dist-packages/oslo_config/cfg.py:2609
2025-07-07 00:38:17.271 132342 DEBUG oslo_messaging._drivers.amqpdriver [-] AMQPListener connection timeout poll /usr/lib/python3/dist-packages/oslo_messaging/_drivers/amqpdriver.py:360
2025-07-07 00:38:17.271 132342 DEBUG oslo_messaging._drivers.amqpdriver [-] Listener is running poll /usr/lib/python3/dist-packages/oslo_messaging/_drivers/amqpdriver.py:343
2025-07-07 00:38:17.271 131574 DEBUG oslo_service.service [req-dabc7ff5-cbb4-4d2c-be5b-2b4613498046 - - - - -] api_database.db_retry_interval = 1 log_opt_values /usr/lib/python3/dist-packages/oslo_config/cfg.py:2609
2025-07-07 00:38:17.271 132342 DEBUG oslo_messaging._drivers.amqpdriver [-] AMQPListener connection consume poll /usr/lib/python3/dist-packages/oslo_messaging/_drivers/amqpdriver.py:357
2025-07-07 00:38:17.271 131574 DEBUG oslo_service.service [req-dabc7ff5-cbb4-4d2c-be5b-2b4613498046 - - - - -] api_database.max_overflow = 50 log_opt_values /usr/lib/python3/dist-packages/oslo_config/cfg.py:2609
2025-07-07 00:38:17.272 131574 DEBUG oslo_service.service [req-dabc7ff5-cbb4-4d2c-be5b-2b4613498046 - - - - -] api_database.max_pool_size = 4 log_opt_values /usr/lib/python3/dist-packages/oslo_config/cfg.py:2609
2025-07-07 00:38:17.272 131574 DEBUG oslo_service.service [req-dabc7ff5-cbb4-4d2c-be5b-2b4613498046 - - - - -] api_database.max_retries = 10 log_opt_values /usr/lib/python3/dist-packages/oslo_config/cfg.py:2609
2025-07-07 00:38:17.272 131574 DEBUG oslo_service.service [req-dabc7ff5-cbb4-4d2c-be5b-2b4613498046 - - - - -] api_database.mysql_enable_ndb = False log_opt_values /usr/lib/python3/dist-packages/oslo_config/cfg.py:2609
2025-07-07 00:38:17.272 131574 DEBUG oslo_service.service [req-dabc7ff5-cbb4-4d2c-be5b-2b4613498046 - - - - -] api_database.mysql_sql_mode = TRADITIONAL log_opt_values /usr/lib/python3/dist-packages/oslo_config/cfg.py:2609
2025-07-07 00:38:17.273 131574 DEBUG oslo_service.service [req-dabc7ff5-cbb4-4d2c-be5b-2b4613498046 - - - - -] api_database.pool_timeout = None log_opt_values /usr/lib/python3/dist-packages/oslo_config/cfg.py:2609
2025-07-07 00:38:17.273 131574 DEBUG oslo_service.service [req-dabc7ff5-cbb4-4d2c-be5b-2b4613498046 - - - - -] api_database.retry_interval = 10 log_opt_values /usr/lib/python3/dist-packages/oslo_config/cfg.py:2609
2025-07-07 00:38:17.273 131574 DEBUG oslo_service.service [req-dabc7ff5-cbb4-4d2c-be5b-2b4613498046 - - - - -] api_database.slave_connection = **** log_opt_values /usr/lib/python3/dist-packages/oslo_config/cfg.py:2609
2025-07-07 00:38:17.273 131574 DEBUG oslo_service.service [req-dabc7ff5-cbb4-4d2c-be5b-2b4613498046 - - - - -] api_database.sqlite_synchronous = True log_opt_values /usr/lib/python3/dist-packages/oslo_config/cfg.py:2609
2025-07-07 00:38:17.274 131574 DEBUG oslo_service.service [req-dabc7ff5-cbb4-4d2c-be5b-2b4613498046 - - - - -] devices.enabled_mdev_types = [] log_opt_values /usr/lib/python3/dist-packages/oslo_config/cfg.py:2609
2025-07-07 00:38:17.274 131574 DEBUG oslo_service.service [req-dabc7ff5-cbb4-4d2c-be5b-2b4613498046 - - - - -] ephemeral_storage_encryption.cipher = aes-xts-plain64 log_opt_values /usr/lib/python3/dist-packages/oslo_config/cfg.py:2609
2025-07-07 00:38:17.274 131574 DEBUG oslo_service.service [req-dabc7ff5-cbb4-4d2c-be5b-2b4613498046 - - - - -] ephemeral_storage_encryption.enabled = False log_opt_values /usr/lib/python3/dist-packages/oslo_config/cfg.py:2609
2025-07-07 00:38:17.274 131574 DEBUG oslo_service.service [req-dabc7ff5-cbb4-4d2c-be5b-2b4613498046 - - - - -] ephemeral_storage_encryption.key_size = 512 log_opt_values /usr/lib/python3/dist-packages/oslo_config/cfg.py:2609
2025-07-07 00:38:17.274 131574 WARNING oslo_config.cfg [req-dabc7ff5-cbb4-4d2c-be5b-2b4613498046 - - - - -] Deprecated: Option "api_servers" from group "glance" is deprecated for removal ( Support for image service configuration via standard keystoneauth1 Adapter options was added in the 17.0.0 Queens release. The api_servers option was retained temporarily to allow consumers time to cut over to a real load balancing solution. ). Its value may be silently ignored in the future.
2025-07-07 00:38:17.275 131574 DEBUG oslo_service.service [req-dabc7ff5-cbb4-4d2c-be5b-2b4613498046 - - - - -] glance.api_servers = ['http://252.249.67.43:9292'] log_opt_values /usr/lib/python3/dist-packages/oslo_config/cfg.py:2609
2025-07-07 00:38:17.275 131574 DEBUG oslo_service.service [req-dabc7ff5-cbb4-4d2c-be5b-2b4613498046 - - - - -] glance.cafile = None log_opt_values /usr/lib/python3/dist-packages/oslo_config/cfg.py:2609
2025-07-07 00:38:17.275 131574 DEBUG oslo_service.service [req-dabc7ff5-cbb4-4d2c-be5b-2b4613498046 - - - - -] glance.certfile = None log_opt_values /usr/lib/python3/dist-packages/oslo_config/cfg.py:2609
2025-07-07 00:38:17.275 132343 DEBUG oslo_messaging._drivers.amqpdriver [-] Listener is running poll /usr/lib/python3/dist-packages/oslo_messaging/_drivers/amqpdriver.py:343
2025-07-07 00:38:17.275 131574 DEBUG oslo_service.service [req-dabc7ff5-cbb4-4d2c-be5b-2b4613498046 - - - - -] glance.collect_timing = False log_opt_values /usr/lib/python3/dist-packages/oslo_config/cfg.py:2609
2025-07-07 00:38:17.275 132343 DEBUG oslo_messaging._drivers.amqpdriver [-] AMQPListener connection consume poll /usr/lib/python3/dist-packages/oslo_messaging/_drivers/amqpdriver.py:357
2025-07-07 00:38:17.276 131574 DEBUG oslo_service.service [req-dabc7ff5-cbb4-4d2c-be5b-2b4613498046 - - - - -] glance.connect_retries = None log_opt_values /usr/lib/python3/dist-packages/oslo_config/cfg.py:2609
2025-07-07 00:38:17.276 131574 DEBUG oslo_service.service [req-dabc7ff5-cbb4-4d2c-be5b-2b4613498046 - - - - -] glance.connect_retry_delay = None log_opt_values /usr/lib/python3/dist-packages/oslo_config/cfg.py:2609
2025-07-07 00:38:17.276 131574 DEBUG oslo_service.service [req-dabc7ff5-cbb4-4d2c-be5b-2b4613498046 - - - - -] glance.debug = False log_opt_values /usr/lib/python3/dist-packages/oslo_config/cfg.py:2609
2025-07-07 00:38:17.276 131574 DEBUG oslo_service.service [req-dabc7ff5-cbb4-4d2c-be5b-2b4613498046 - - - - -] glance.default_trusted_certificate_ids = [] log_opt_values /usr/lib/python3/dist-packages/oslo_config/cfg.py:2609
2025-07-07 00:38:17.276 132343 DEBUG nova.service [req-a2639f8e-a141-46c9-9ae0-ba86052cbaf9 - - - - -] Join ServiceGroup membership for this service conductor start /usr/lib/python3/dist-packages/nova/service.py:199
2025-07-07 00:38:17.276 131574 DEBUG oslo_service.service [req-dabc7ff5-cbb4-4d2c-be5b-2b4613498046 - - - - -] glance.enable_certificate_validation = False log_opt_values /usr/lib/python3/dist-packages/oslo_config/cfg.py:2609
2025-07-07 00:38:17.276 131574 DEBUG oslo_service.service [req-dabc7ff5-cbb4-4d2c-be5b-2b4613498046 - - - - -] glance.enable_rbd_download = False log_opt_values /usr/lib/python3/dist-packages/oslo_config/cfg.py:2609
2025-07-07 00:38:17.276 132343 DEBUG nova.servicegroup.drivers.db [req-a2639f8e-a141-46c9-9ae0-ba86052cbaf9 - - - - -] DB_Driver: join new ServiceGroup member juju-e8e893-0-lxd-7 to the conductor group, service = join /usr/lib/python3/dist-packages/nova/servicegroup/drivers/db.py:44
2025-07-07 00:38:17.276 131574 DEBUG oslo_service.service [req-dabc7ff5-cbb4-4d2c-be5b-2b4613498046 - - - - -] glance.endpoint_override = None log_opt_values /usr/lib/python3/dist-packages/oslo_config/cfg.py:2609
2025-07-07 00:38:17.277 131574 DEBUG oslo_service.service [req-dabc7ff5-cbb4-4d2c-be5b-2b4613498046 - - - - -] glance.insecure = False log_opt_values /usr/lib/python3/dist-packages/oslo_config/cfg.py:2609
2025-07-07 00:38:17.277 131574 DEBUG oslo_service.service [req-dabc7ff5-cbb4-4d2c-be5b-2b4613498046 - - - - -] glance.keyfile = None log_opt_values /usr/lib/python3/dist-packages/oslo_config/cfg.py:2609
2025-07-07 00:38:17.277 131574 DEBUG oslo_service.service [req-dabc7ff5-cbb4-4d2c-be5b-2b4613498046 - - - - -] glance.max_version = None log_opt_values /usr/lib/python3/dist-packages/oslo_config/cfg.py:2609
2025-07-07 00:38:17.277 131574 DEBUG oslo_service.service [req-dabc7ff5-cbb4-4d2c-be5b-2b4613498046 - - - - -] glance.min_version = None log_opt_values /usr/lib/python3/dist-packages/oslo_config/cfg.py:2609
2025-07-07 00:38:17.277 131574 DEBUG oslo_service.service [req-dabc7ff5-cbb4-4d2c-be5b-2b4613498046 - - - - -] glance.num_retries = 3 log_opt_values /usr/lib/python3/dist-packages/oslo_config/cfg.py:2609
2025-07-07 00:38:17.278 131574 DEBUG oslo_service.service [req-dabc7ff5-cbb4-4d2c-be5b-2b4613498046 - - - - -] glance.rbd_ceph_conf = log_opt_values /usr/lib/python3/dist-packages/oslo_config/cfg.py:2609
2025-07-07 00:38:17.278 131574 DEBUG oslo_service.service [req-dabc7ff5-cbb4-4d2c-be5b-2b4613498046 - - - - -] glance.rbd_connect_timeout = 5 log_opt_values /usr/lib/python3/dist-packages/oslo_config/cfg.py:2609
2025-07-07 00:38:17.278 131574 DEBUG oslo_service.service [req-dabc7ff5-cbb4-4d2c-be5b-2b4613498046 - - - - -] glance.rbd_pool = log_opt_values /usr/lib/python3/dist-packages/oslo_config/cfg.py:2609
2025-07-07 00:38:17.278 131574 DEBUG oslo_service.service [req-dabc7ff5-cbb4-4d2c-be5b-2b4613498046 - - - - -] glance.rbd_user = log_opt_values /usr/lib/python3/dist-packages/oslo_config/cfg.py:2609
2025-07-07 00:38:17.278 131574 DEBUG oslo_service.service [req-dabc7ff5-cbb4-4d2c-be5b-2b4613498046 - - - - -] glance.region_name = None log_opt_values /usr/lib/python3/dist-packages/oslo_config/cfg.py:2609
2025-07-07 00:38:17.279 131574 DEBUG oslo_service.service [req-dabc7ff5-cbb4-4d2c-be5b-2b4613498046 - - - - -] glance.service_name = None log_opt_values /usr/lib/python3/dist-packages/oslo_config/cfg.py:2609
2025-07-07 00:38:17.279 131574 DEBUG oslo_service.service [req-dabc7ff5-cbb4-4d2c-be5b-2b4613498046 - - - - -] glance.service_type = image log_opt_values /usr/lib/python3/dist-packages/oslo_config/cfg.py:2609
2025-07-07 00:38:17.279 131574 DEBUG oslo_service.service [req-dabc7ff5-cbb4-4d2c-be5b-2b4613498046 - - - - -] glance.split_loggers = False log_opt_values /usr/lib/python3/dist-packages/oslo_config/cfg.py:2609
2025-07-07 00:38:17.279 131574 DEBUG oslo_service.service [req-dabc7ff5-cbb4-4d2c-be5b-2b4613498046 - - - - -] glance.status_code_retries = None log_opt_values /usr/lib/python3/dist-packages/oslo_config/cfg.py:2609
2025-07-07 00:38:17.279 131574 DEBUG oslo_service.service [req-dabc7ff5-cbb4-4d2c-be5b-2b4613498046 - - - - -] glance.status_code_retry_delay = None log_opt_values /usr/lib/python3/dist-packages/oslo_config/cfg.py:2609
2025-07-07 00:38:17.280 131574 DEBUG oslo_service.service [req-dabc7ff5-cbb4-4d2c-be5b-2b4613498046 - - - - -] glance.timeout = None log_opt_values /usr/lib/python3/dist-packages/oslo_config/cfg.py:2609
2025-07-07 00:38:17.280 132343 DEBUG oslo_messaging._drivers.amqpdriver [-] AMQPListener connection timeout poll /usr/lib/python3/dist-packages/oslo_messaging/_drivers/amqpdriver.py:360
2025-07-07 00:38:17.280 131574 DEBUG oslo_service.service [req-dabc7ff5-cbb4-4d2c-be5b-2b4613498046 - - - - -] glance.valid_interfaces = ['internal', 'public'] log_opt_values /usr/lib/python3/dist-packages/oslo_config/cfg.py:2609
2025-07-07 00:38:17.280 132343 DEBUG oslo_messaging._drivers.amqpdriver [-] Listener is running poll /usr/lib/python3/dist-packages/oslo_messaging/_drivers/amqpdriver.py:343
2025-07-07 00:38:17.280 132344 DEBUG oslo_messaging._drivers.amqpdriver [-] AMQPListener connection timeout poll /usr/lib/python3/dist-packages/oslo_messaging/_drivers/amqpdriver.py:360
2025-07-07 00:38:17.280 131574 DEBUG oslo_service.service [req-dabc7ff5-cbb4-4d2c-be5b-2b4613498046 - - - - -] glance.verify_glance_signatures = False log_opt_values /usr/lib/python3/dist-packages/oslo_config/cfg.py:2609
2025-07-07 00:38:17.280 132344 DEBUG oslo_messaging._drivers.amqpdriver [-] Listener is running poll /usr/lib/python3/dist-packages/oslo_messaging/_drivers/amqpdriver.py:343
2025-07-07 00:38:17.280 132343 DEBUG oslo_messaging._drivers.amqpdriver [-] AMQPListener connection consume poll /usr/lib/python3/dist-packages/oslo_messaging/_drivers/amqpdriver.py:357
2025-07-07 00:38:17.280 131574 DEBUG oslo_service.service [req-dabc7ff5-cbb4-4d2c-be5b-2b4613498046 - - - - -] glance.version = None log_opt_values /usr/lib/python3/dist-packages/oslo_config/cfg.py:2609
2025-07-07 00:38:17.280 131574 DEBUG oslo_service.service [req-dabc7ff5-cbb4-4d2c-be5b-2b4613498046 - - - - -] guestfs.debug = False log_opt_values /usr/lib/python3/dist-packages/oslo_config/cfg.py:2609
2025-07-07 00:38:17.281 131574 DEBUG oslo_service.service [req-dabc7ff5-cbb4-4d2c-be5b-2b4613498046 - - - - -] hyperv.config_drive_cdrom = False log_opt_values /usr/lib/python3/dist-packages/oslo_config/cfg.py:2609
2025-07-07 00:38:17.281 131574 DEBUG oslo_service.service [req-dabc7ff5-cbb4-4d2c-be5b-2b4613498046 - - - - -] hyperv.config_drive_inject_password = False log_opt_values /usr/lib/python3/dist-packages/oslo_config/cfg.py:2609
2025-07-07 00:38:17.282 131574 DEBUG oslo_service.service [req-dabc7ff5-cbb4-4d2c-be5b-2b4613498046 - - - - -] hyperv.dynamic_memory_ratio = 1.0 log_opt_values /usr/lib/python3/dist-packages/oslo_config/cfg.py:2609
2025-07-07 00:38:17.282 131574 DEBUG oslo_service.service [req-dabc7ff5-cbb4-4d2c-be5b-2b4613498046 - - - - -] hyperv.enable_instance_metrics_collection = False log_opt_values /usr/lib/python3/dist-packages/oslo_config/cfg.py:2609
2025-07-07 00:38:17.282 131574 DEBUG oslo_service.service [req-dabc7ff5-cbb4-4d2c-be5b-2b4613498046 - - - - -] hyperv.enable_remotefx = False log_opt_values /usr/lib/python3/dist-packages/oslo_config/cfg.py:2609
2025-07-07 00:38:17.282 131574 DEBUG oslo_service.service [req-dabc7ff5-cbb4-4d2c-be5b-2b4613498046 - - - - -] hyperv.instances_path_share = log_opt_values /usr/lib/python3/dist-packages/oslo_config/cfg.py:2609
2025-07-07 00:38:17.282 131574 DEBUG oslo_service.service [req-dabc7ff5-cbb4-4d2c-be5b-2b4613498046 - - - - -] hyperv.iscsi_initiator_list = [] log_opt_values /usr/lib/python3/dist-packages/oslo_config/cfg.py:2609
2025-07-07 00:38:17.282 131574 DEBUG oslo_service.service [req-dabc7ff5-cbb4-4d2c-be5b-2b4613498046 - - - - -] hyperv.limit_cpu_features = False log_opt_values /usr/lib/python3/dist-packages/oslo_config/cfg.py:2609
2025-07-07 00:38:17.283 131574 DEBUG oslo_service.service [req-dabc7ff5-cbb4-4d2c-be5b-2b4613498046 - - - - -] hyperv.mounted_disk_query_retry_count = 10 log_opt_values /usr/lib/python3/dist-packages/oslo_config/cfg.py:2609
2025-07-07 00:38:17.283 131574 DEBUG oslo_service.service [req-dabc7ff5-cbb4-4d2c-be5b-2b4613498046 - - - - -] hyperv.mounted_disk_query_retry_interval = 5 log_opt_values /usr/lib/python3/dist-packages/oslo_config/cfg.py:2609
2025-07-07 00:38:17.280 132344 DEBUG oslo_messaging._drivers.amqpdriver [-] AMQPListener connection consume poll /usr/lib/python3/dist-packages/oslo_messaging/_drivers/amqpdriver.py:357
2025-07-07 00:38:17.283 131574 DEBUG oslo_service.service [req-dabc7ff5-cbb4-4d2c-be5b-2b4613498046 - - - - -] hyperv.power_state_check_timeframe = 60 log_opt_values /usr/lib/python3/dist-packages/oslo_config/cfg.py:2609
2025-07-07 00:38:17.284 131574 DEBUG oslo_service.service [req-dabc7ff5-cbb4-4d2c-be5b-2b4613498046 - - - - -] hyperv.power_state_event_polling_interval = 2 log_opt_values /usr/lib/python3/dist-packages/oslo_config/cfg.py:2609
2025-07-07 00:38:17.284 131574 DEBUG oslo_service.service [req-dabc7ff5-cbb4-4d2c-be5b-2b4613498046 - - - - -] hyperv.qemu_img_cmd = qemu-img.exe log_opt_values /usr/lib/python3/dist-packages/oslo_config/cfg.py:2609
2025-07-07 00:38:17.285 131574 DEBUG oslo_service.service [req-dabc7ff5-cbb4-4d2c-be5b-2b4613498046 - - - - -] hyperv.use_multipath_io = False log_opt_values /usr/lib/python3/dist-packages/oslo_config/cfg.py:2609
2025-07-07 00:38:17.285 131574 DEBUG oslo_service.service [req-dabc7ff5-cbb4-4d2c-be5b-2b4613498046 - - - - -] hyperv.volume_attach_retry_count = 10 log_opt_values /usr/lib/python3/dist-packages/oslo_config/cfg.py:2609
2025-07-07 00:38:17.286 131574 DEBUG oslo_service.service [req-dabc7ff5-cbb4-4d2c-be5b-2b4613498046 - - - - -] hyperv.volume_attach_retry_interval = 5 log_opt_values /usr/lib/python3/dist-packages/oslo_config/cfg.py:2609
2025-07-07 00:38:17.286 131574 DEBUG oslo_service.service [req-dabc7ff5-cbb4-4d2c-be5b-2b4613498046 - - - - -] hyperv.vswitch_name = None log_opt_values /usr/lib/python3/dist-packages/oslo_config/cfg.py:2609
2025-07-07 00:38:17.286 131574 DEBUG oslo_service.service [req-dabc7ff5-cbb4-4d2c-be5b-2b4613498046 - - - - -] hyperv.wait_soft_reboot_seconds = 60 log_opt_values /usr/lib/python3/dist-packages/oslo_config/cfg.py:2609
2025-07-07 00:38:17.286 131574 DEBUG oslo_service.service [req-dabc7ff5-cbb4-4d2c-be5b-2b4613498046 - - - - -] mks.enabled = False log_opt_values /usr/lib/python3/dist-packages/oslo_config/cfg.py:2609
2025-07-07 00:38:17.287 131574 DEBUG oslo_service.service [req-dabc7ff5-cbb4-4d2c-be5b-2b4613498046 - - - - -] mks.mksproxy_base_url = http://127.0.0.1:6090/ log_opt_values /usr/lib/python3/dist-packages/oslo_config/cfg.py:2609
2025-07-07 00:38:17.287 131574 DEBUG oslo_service.service [req-dabc7ff5-cbb4-4d2c-be5b-2b4613498046 - - - - -] image_cache.manager_interval = 2400 log_opt_values /usr/lib/python3/dist-packages/oslo_config/cfg.py:2609
2025-07-07 00:38:17.287 131574 DEBUG oslo_service.service [req-dabc7ff5-cbb4-4d2c-be5b-2b4613498046 - - - - -] image_cache.precache_concurrency = 1 log_opt_values /usr/lib/python3/dist-packages/oslo_config/cfg.py:2609
2025-07-07 00:38:17.288 131574 DEBUG oslo_service.service [req-dabc7ff5-cbb4-4d2c-be5b-2b4613498046 - - - - -] image_cache.remove_unused_base_images = True log_opt_values /usr/lib/python3/dist-packages/oslo_config/cfg.py:2609
2025-07-07 00:38:17.288 131574 DEBUG oslo_service.service [req-dabc7ff5-cbb4-4d2c-be5b-2b4613498046 - - - - -] image_cache.remove_unused_original_minimum_age_seconds = 86400 log_opt_values /usr/lib/python3/dist-packages/oslo_config/cfg.py:2609
2025-07-07 00:38:17.288 131574 DEBUG oslo_service.service [req-dabc7ff5-cbb4-4d2c-be5b-2b4613498046 - - - - -] image_cache.remove_unused_resized_minimum_age_seconds = 3600 log_opt_values /usr/lib/python3/dist-packages/oslo_config/cfg.py:2609
2025-07-07 00:38:17.289 131574 DEBUG oslo_service.service [req-dabc7ff5-cbb4-4d2c-be5b-2b4613498046 - - - - -] image_cache.subdirectory_name = _base log_opt_values /usr/lib/python3/dist-packages/oslo_config/cfg.py:2609
2025-07-07 00:38:17.289 131574 DEBUG oslo_service.service [req-dabc7ff5-cbb4-4d2c-be5b-2b4613498046 - - - - -] ironic.api_max_retries = 60 log_opt_values /usr/lib/python3/dist-packages/oslo_config/cfg.py:2609
2025-07-07 00:38:17.289 131574 DEBUG oslo_service.service [req-dabc7ff5-cbb4-4d2c-be5b-2b4613498046 - - - - -] ironic.api_retry_interval = 2 log_opt_values /usr/lib/python3/dist-packages/oslo_config/cfg.py:2609
2025-07-07 00:38:17.290 131574 DEBUG oslo_service.service [req-dabc7ff5-cbb4-4d2c-be5b-2b4613498046 - - - - -] ironic.auth_section = None log_opt_values /usr/lib/python3/dist-packages/oslo_config/cfg.py:2609
2025-07-07 00:38:17.290 131574 DEBUG oslo_service.service [req-dabc7ff5-cbb4-4d2c-be5b-2b4613498046 - - - - -] ironic.auth_type = None log_opt_values /usr/lib/python3/dist-packages/oslo_config/cfg.py:2609
2025-07-07 00:38:17.290 131574 DEBUG oslo_service.service [req-dabc7ff5-cbb4-4d2c-be5b-2b4613498046 - - - - -] ironic.cafile = None log_opt_values /usr/lib/python3/dist-packages/oslo_config/cfg.py:2609
2025-07-07 00:38:17.291 131574 DEBUG oslo_service.service [req-dabc7ff5-cbb4-4d2c-be5b-2b4613498046 - - - - -] ironic.certfile = None log_opt_values /usr/lib/python3/dist-packages/oslo_config/cfg.py:2609
2025-07-07 00:38:17.291 131574 DEBUG oslo_service.service [req-dabc7ff5-cbb4-4d2c-be5b-2b4613498046 - - - - -] ironic.collect_timing = False log_opt_values /usr/lib/python3/dist-packages/oslo_config/cfg.py:2609
2025-07-07 00:38:17.291 131574 DEBUG oslo_service.service [req-dabc7ff5-cbb4-4d2c-be5b-2b4613498046 - - - - -] ironic.connect_retries = None log_opt_values /usr/lib/python3/dist-packages/oslo_config/cfg.py:2609
2025-07-07 00:38:17.292 131574 DEBUG oslo_service.service [req-dabc7ff5-cbb4-4d2c-be5b-2b4613498046 - - - - -] ironic.connect_retry_delay = None log_opt_values /usr/lib/python3/dist-packages/oslo_config/cfg.py:2609
2025-07-07 00:38:17.292 131574 DEBUG oslo_service.service [req-dabc7ff5-cbb4-4d2c-be5b-2b4613498046 - - - - -] ironic.endpoint_override = None log_opt_values /usr/lib/python3/dist-packages/oslo_config/cfg.py:2609
2025-07-07 00:38:17.292 131574 DEBUG oslo_service.service [req-dabc7ff5-cbb4-4d2c-be5b-2b4613498046 - - - - -] ironic.insecure = False log_opt_values /usr/lib/python3/dist-packages/oslo_config/cfg.py:2609
2025-07-07 00:38:17.292 132350 DEBUG oslo_messaging._drivers.amqpdriver [-] Listener is running poll /usr/lib/python3/dist-packages/oslo_messaging/_drivers/amqpdriver.py:343
2025-07-07 00:38:17.292 131574 DEBUG oslo_service.service [req-dabc7ff5-cbb4-4d2c-be5b-2b4613498046 - - - - -] ironic.keyfile = None log_opt_values /usr/lib/python3/dist-packages/oslo_config/cfg.py:2609
2025-07-07 00:38:17.292 132350 DEBUG oslo_messaging._drivers.amqpdriver [-] AMQPListener connection consume poll /usr/lib/python3/dist-packages/oslo_messaging/_drivers/amqpdriver.py:357
2025-07-07 00:38:17.292 131574 DEBUG oslo_service.service [req-dabc7ff5-cbb4-4d2c-be5b-2b4613498046 - - - - -] ironic.max_version = None log_opt_values /usr/lib/python3/dist-packages/oslo_config/cfg.py:2609
2025-07-07 00:38:17.292 131574 DEBUG oslo_service.service [req-dabc7ff5-cbb4-4d2c-be5b-2b4613498046 - - - - -] ironic.min_version = None log_opt_values /usr/lib/python3/dist-packages/oslo_config/cfg.py:2609
2025-07-07 00:38:17.293 131574 DEBUG oslo_service.service [req-dabc7ff5-cbb4-4d2c-be5b-2b4613498046 - - - - -] ironic.partition_key = None log_opt_values /usr/lib/python3/dist-packages/oslo_config/cfg.py:2609
2025-07-07 00:38:17.293 132350 DEBUG nova.service [req-4fca09f5-1e7a-4227-970c-a1dd777928c8 - - - - -] Join ServiceGroup membership for this service conductor start /usr/lib/python3/dist-packages/nova/service.py:199
2025-07-07 00:38:17.293 131574 DEBUG oslo_service.service [req-dabc7ff5-cbb4-4d2c-be5b-2b4613498046 - - - - -] ironic.peer_list = [] log_opt_values /usr/lib/python3/dist-packages/oslo_config/cfg.py:2609
2025-07-07 00:38:17.293 131574 DEBUG oslo_service.service [req-dabc7ff5-cbb4-4d2c-be5b-2b4613498046 - - - - -] ironic.region_name = None log_opt_values /usr/lib/python3/dist-packages/oslo_config/cfg.py:2609
2025-07-07 00:38:17.293 132350 DEBUG nova.servicegroup.drivers.db [req-4fca09f5-1e7a-4227-970c-a1dd777928c8 - - - - -] DB_Driver: join new ServiceGroup member juju-e8e893-0-lxd-7 to the conductor group, service = join /usr/lib/python3/dist-packages/nova/servicegroup/drivers/db.py:44
2025-07-07 00:38:17.293 131574 DEBUG oslo_service.service [req-dabc7ff5-cbb4-4d2c-be5b-2b4613498046 - - - - -] ironic.serial_console_state_timeout = 10 log_opt_values /usr/lib/python3/dist-packages/oslo_config/cfg.py:2609
2025-07-07 00:38:17.294 131574 DEBUG oslo_service.service [req-dabc7ff5-cbb4-4d2c-be5b-2b4613498046 - - - - -] ironic.service_name = None log_opt_values /usr/lib/python3/dist-packages/oslo_config/cfg.py:2609
2025-07-07 00:38:17.294 131574 DEBUG oslo_service.service [req-dabc7ff5-cbb4-4d2c-be5b-2b4613498046 - - - - -] ironic.service_type = baremetal log_opt_values /usr/lib/python3/dist-packages/oslo_config/cfg.py:2609
2025-07-07 00:38:17.294 131574 DEBUG oslo_service.service [req-dabc7ff5-cbb4-4d2c-be5b-2b4613498046 - - - - -] ironic.split_loggers = False log_opt_values /usr/lib/python3/dist-packages/oslo_config/cfg.py:2609
2025-07-07 00:38:17.294 131574 DEBUG oslo_service.service [req-dabc7ff5-cbb4-4d2c-be5b-2b4613498046 - - - - -] ironic.status_code_retries = None log_opt_values /usr/lib/python3/dist-packages/oslo_config/cfg.py:2609
2025-07-07 00:38:17.294 131574 DEBUG oslo_service.service [req-dabc7ff5-cbb4-4d2c-be5b-2b4613498046 - - - - -] ironic.status_code_retry_delay = None log_opt_values /usr/lib/python3/dist-packages/oslo_config/cfg.py:2609
2025-07-07 00:38:17.295 131574 DEBUG oslo_service.service [req-dabc7ff5-cbb4-4d2c-be5b-2b4613498046 - - - - -] ironic.timeout = None log_opt_values /usr/lib/python3/dist-packages/oslo_config/cfg.py:2609
2025-07-07 00:38:17.295 131574 DEBUG oslo_service.service [req-dabc7ff5-cbb4-4d2c-be5b-2b4613498046 - - - - -] ironic.valid_interfaces = ['internal', 'public'] log_opt_values /usr/lib/python3/dist-packages/oslo_config/cfg.py:2609
2025-07-07 00:38:17.295 131574 DEBUG oslo_service.service [req-dabc7ff5-cbb4-4d2c-be5b-2b4613498046 - - - - -] ironic.version = None log_opt_values /usr/lib/python3/dist-packages/oslo_config/cfg.py:2609
2025-07-07 00:38:17.295 131574 DEBUG oslo_service.service [req-dabc7ff5-cbb4-4d2c-be5b-2b4613498046 - - - - -] key_manager.backend = barbican log_opt_values /usr/lib/python3/dist-packages/oslo_config/cfg.py:2609
2025-07-07 00:38:17.296 131574 DEBUG oslo_service.service [req-dabc7ff5-cbb4-4d2c-be5b-2b4613498046 - - - - -] key_manager.fixed_key = **** log_opt_values /usr/lib/python3/dist-packages/oslo_config/cfg.py:2609
2025-07-07 00:38:17.296 131574 DEBUG oslo_service.service [req-dabc7ff5-cbb4-4d2c-be5b-2b4613498046 - - - - -] barbican.auth_endpoint = http://localhost/identity/v3 log_opt_values /usr/lib/python3/dist-packages/oslo_config/cfg.py:2609
2025-07-07 00:38:17.297 131574 DEBUG oslo_service.service [req-dabc7ff5-cbb4-4d2c-be5b-2b4613498046 - - - - -] barbican.barbican_api_version = None log_opt_values /usr/lib/python3/dist-packages/oslo_config/cfg.py:2609
2025-07-07 00:38:17.297 131574 DEBUG oslo_service.service [req-dabc7ff5-cbb4-4d2c-be5b-2b4613498046 - - - - -] barbican.barbican_endpoint = None log_opt_values /usr/lib/python3/dist-packages/oslo_config/cfg.py:2609
2025-07-07 00:38:17.298 131574 DEBUG oslo_service.service [req-dabc7ff5-cbb4-4d2c-be5b-2b4613498046 - - - - -] barbican.barbican_endpoint_type = public log_opt_values /usr/lib/python3/dist-packages/oslo_config/cfg.py:2609
2025-07-07 00:38:17.298 131574 DEBUG oslo_service.service [req-dabc7ff5-cbb4-4d2c-be5b-2b4613498046 - - - - -] barbican.barbican_region_name = None log_opt_values /usr/lib/python3/dist-packages/oslo_config/cfg.py:2609
2025-07-07 00:38:17.298 132350 DEBUG oslo_messaging._drivers.amqpdriver [-] AMQPListener connection timeout poll /usr/lib/python3/dist-packages/oslo_messaging/_drivers/amqpdriver.py:360
2025-07-07 00:38:17.298 131574 DEBUG oslo_service.service [req-dabc7ff5-cbb4-4d2c-be5b-2b4613498046 - - - - -] barbican.cafile = None log_opt_values /usr/lib/python3/dist-packages/oslo_config/cfg.py:2609
2025-07-07 00:38:17.298 132350 DEBUG oslo_messaging._drivers.amqpdriver [-] Listener is running poll /usr/lib/python3/dist-packages/oslo_messaging/_drivers/amqpdriver.py:343
2025-07-07 00:38:17.298 132350 DEBUG oslo_messaging._drivers.amqpdriver [-] AMQPListener connection consume poll /usr/lib/python3/dist-packages/oslo_messaging/_drivers/amqpdriver.py:357
2025-07-07 00:38:17.298 131574 DEBUG oslo_service.service [req-dabc7ff5-cbb4-4d2c-be5b-2b4613498046 - - - - -] barbican.certfile = None log_opt_values /usr/lib/python3/dist-packages/oslo_config/cfg.py:2609
2025-07-07 00:38:17.298 131574 DEBUG oslo_service.service [req-dabc7ff5-cbb4-4d2c-be5b-2b4613498046 - - - - -] barbican.collect_timing = False log_opt_values /usr/lib/python3/dist-packages/oslo_config/cfg.py:2609
2025-07-07 00:38:17.299 131574 DEBUG oslo_service.service [req-dabc7ff5-cbb4-4d2c-be5b-2b4613498046 - - - - -] barbican.insecure = False log_opt_values /usr/lib/python3/dist-packages/oslo_config/cfg.py:2609
2025-07-07 00:38:17.299 131574 DEBUG oslo_service.service [req-dabc7ff5-cbb4-4d2c-be5b-2b4613498046 - - - - -] barbican.keyfile = None log_opt_values /usr/lib/python3/dist-packages/oslo_config/cfg.py:2609
2025-07-07 00:38:17.299 131574 DEBUG oslo_service.service [req-dabc7ff5-cbb4-4d2c-be5b-2b4613498046 - - - - -] barbican.number_of_retries = 60 log_opt_values /usr/lib/python3/dist-packages/oslo_config/cfg.py:2609
2025-07-07 00:38:17.299 131574 DEBUG oslo_service.service [req-dabc7ff5-cbb4-4d2c-be5b-2b4613498046 - - - - -] barbican.retry_delay = 1 log_opt_values /usr/lib/python3/dist-packages/oslo_config/cfg.py:2609
2025-07-07 00:38:17.299 131574 DEBUG oslo_service.service [req-dabc7ff5-cbb4-4d2c-be5b-2b4613498046 - - - - -] barbican.send_service_user_token = False log_opt_values /usr/lib/python3/dist-packages/oslo_config/cfg.py:2609
2025-07-07 00:38:17.299 131574 DEBUG oslo_service.service [req-dabc7ff5-cbb4-4d2c-be5b-2b4613498046 - - - - -] barbican.split_loggers = False log_opt_values /usr/lib/python3/dist-packages/oslo_config/cfg.py:2609
2025-07-07 00:38:17.300 131574 DEBUG oslo_service.service [req-dabc7ff5-cbb4-4d2c-be5b-2b4613498046 - - - - -] barbican.timeout = None log_opt_values /usr/lib/python3/dist-packages/oslo_config/cfg.py:2609
2025-07-07 00:38:17.300 131574 DEBUG oslo_service.service [req-dabc7ff5-cbb4-4d2c-be5b-2b4613498046 - - - - -] barbican.verify_ssl = True log_opt_values /usr/lib/python3/dist-packages/oslo_config/cfg.py:2609
2025-07-07 00:38:17.300 131574 DEBUG oslo_service.service [req-dabc7ff5-cbb4-4d2c-be5b-2b4613498046 - - - - -] barbican.verify_ssl_path = None log_opt_values /usr/lib/python3/dist-packages/oslo_config/cfg.py:2609
2025-07-07 00:38:17.300 131574 DEBUG oslo_service.service [req-dabc7ff5-cbb4-4d2c-be5b-2b4613498046 - - - - -] barbican_service_user.auth_section = None log_opt_values /usr/lib/python3/dist-packages/oslo_config/cfg.py:2609
2025-07-07 00:38:17.301 131574 DEBUG oslo_service.service [req-dabc7ff5-cbb4-4d2c-be5b-2b4613498046 - - - - -] barbican_service_user.auth_type = None log_opt_values /usr/lib/python3/dist-packages/oslo_config/cfg.py:2609
2025-07-07 00:38:17.301 131574 DEBUG oslo_service.service [req-dabc7ff5-cbb4-4d2c-be5b-2b4613498046 - - - - -] barbican_service_user.cafile = None log_opt_values /usr/lib/python3/dist-packages/oslo_config/cfg.py:2609
2025-07-07 00:38:17.301 131574 DEBUG oslo_service.service [req-dabc7ff5-cbb4-4d2c-be5b-2b4613498046 - - - - -] barbican_service_user.certfile = None log_opt_values /usr/lib/python3/dist-packages/oslo_config/cfg.py:2609
2025-07-07 00:38:17.302 131574 DEBUG oslo_service.service [req-dabc7ff5-cbb4-4d2c-be5b-2b4613498046 - - - - -] barbican_service_user.collect_timing = False log_opt_values /usr/lib/python3/dist-packages/oslo_config/cfg.py:2609
2025-07-07 00:38:17.302 131574 DEBUG oslo_service.service [req-dabc7ff5-cbb4-4d2c-be5b-2b4613498046 - - - - -] barbican_service_user.insecure = False log_opt_values /usr/lib/python3/dist-packages/oslo_config/cfg.py:2609
2025-07-07 00:38:17.303 131574 DEBUG oslo_service.service [req-dabc7ff5-cbb4-4d2c-be5b-2b4613498046 - - - - -] barbican_service_user.keyfile = None log_opt_values /usr/lib/python3/dist-packages/oslo_config/cfg.py:2609
2025-07-07 00:38:17.303 131574 DEBUG oslo_service.service [req-dabc7ff5-cbb4-4d2c-be5b-2b4613498046 - - - - -] barbican_service_user.split_loggers = False log_opt_values /usr/lib/python3/dist-packages/oslo_config/cfg.py:2609
2025-07-07 00:38:17.303 131574 DEBUG oslo_service.service [req-dabc7ff5-cbb4-4d2c-be5b-2b4613498046 - - - - -] barbican_service_user.timeout = None log_opt_values /usr/lib/python3/dist-packages/oslo_config/cfg.py:2609
2025-07-07 00:38:17.303 131574 DEBUG oslo_service.service [req-dabc7ff5-cbb4-4d2c-be5b-2b4613498046 - - - - -] vault.approle_role_id = None log_opt_values /usr/lib/python3/dist-packages/oslo_config/cfg.py:2609
2025-07-07 00:38:17.303 131574 DEBUG oslo_service.service [req-dabc7ff5-cbb4-4d2c-be5b-2b4613498046 - - - - -] vault.approle_secret_id = None log_opt_values /usr/lib/python3/dist-packages/oslo_config/cfg.py:2609
2025-07-07 00:38:17.303 131574 DEBUG oslo_service.service [req-dabc7ff5-cbb4-4d2c-be5b-2b4613498046 - - - - -] vault.cafile = None log_opt_values /usr/lib/python3/dist-packages/oslo_config/cfg.py:2609
2025-07-07 00:38:17.304 131574 DEBUG oslo_service.service [req-dabc7ff5-cbb4-4d2c-be5b-2b4613498046 - - - - -] vault.certfile = None log_opt_values /usr/lib/python3/dist-packages/oslo_config/cfg.py:2609
2025-07-07 00:38:17.304 131574 DEBUG oslo_service.service [req-dabc7ff5-cbb4-4d2c-be5b-2b4613498046 - - - - -] vault.collect_timing = False log_opt_values /usr/lib/python3/dist-packages/oslo_config/cfg.py:2609
2025-07-07 00:38:17.305 131574 DEBUG oslo_service.service [req-dabc7ff5-cbb4-4d2c-be5b-2b4613498046 - - - - -] vault.insecure = False log_opt_values /usr/lib/python3/dist-packages/oslo_config/cfg.py:2609
2025-07-07 00:38:17.305 131574 DEBUG oslo_service.service [req-dabc7ff5-cbb4-4d2c-be5b-2b4613498046 - - - - -] vault.keyfile = None log_opt_values /usr/lib/python3/dist-packages/oslo_config/cfg.py:2609
2025-07-07 00:38:17.305 131574 DEBUG oslo_service.service [req-dabc7ff5-cbb4-4d2c-be5b-2b4613498046 - - - - -] vault.kv_mountpoint = secret log_opt_values /usr/lib/python3/dist-packages/oslo_config/cfg.py:2609
2025-07-07 00:38:17.305 131574 DEBUG oslo_service.service [req-dabc7ff5-cbb4-4d2c-be5b-2b4613498046 - - - - -] vault.kv_version = 2 log_opt_values /usr/lib/python3/dist-packages/oslo_config/cfg.py:2609
