2025-07-07 01:57:25.653 7 DEBUG oslo_service.service [-] ml2_type_gre.tunnel_id_ranges = [] log_opt_values /var/lib/kolla/venv/lib/python3.6/site-packages/oslo_config/cfg.py:2611
2025-07-07 01:57:25.653 7 DEBUG oslo_service.service [-] ml2_type_vlan.network_vlan_ranges = [] log_opt_values /var/lib/kolla/venv/lib/python3.6/site-packages/oslo_config/cfg.py:2611
2025-07-07 01:57:25.653 7 DEBUG oslo_service.service [-] ml2_type_vxlan.vni_ranges = [] log_opt_values /var/lib/kolla/venv/lib/python3.6/site-packages/oslo_config/cfg.py:2611
2025-07-07 01:57:25.653 7 DEBUG oslo_service.service [-] ml2_type_vxlan.vxlan_group = None log_opt_values /var/lib/kolla/venv/lib/python3.6/site-packages/oslo_config/cfg.py:2611
2025-07-07 01:57:25.653 7 DEBUG oslo_service.service [-] database.backend = sqlalchemy log_opt_values /var/lib/kolla/venv/lib/python3.6/site-packages/oslo_config/cfg.py:2611
2025-07-07 01:57:25.653 7 DEBUG oslo_service.service [-] database.connection = **** log_opt_values /var/lib/kolla/venv/lib/python3.6/site-packages/oslo_config/cfg.py:2611
2025-07-07 01:57:25.653 7 DEBUG oslo_service.service [-] database.connection_debug = 0 log_opt_values /var/lib/kolla/venv/lib/python3.6/site-packages/oslo_config/cfg.py:2611
2025-07-07 01:57:25.653 7 DEBUG oslo_service.service [-] database.connection_parameters = log_opt_values /var/lib/kolla/venv/lib/python3.6/site-packages/oslo_config/cfg.py:2611
2025-07-07 01:57:25.653 7 DEBUG oslo_service.service [-] database.connection_recycle_time = 10 log_opt_values /var/lib/kolla/venv/lib/python3.6/site-packages/oslo_config/cfg.py:2611
2025-07-07 01:57:25.653 7 DEBUG oslo_service.service [-] database.connection_trace = False log_opt_values /var/lib/kolla/venv/lib/python3.6/site-packages/oslo_config/cfg.py:2611
2025-07-07 01:57:25.653 7 DEBUG oslo_service.service [-] database.db_inc_retry_interval = True log_opt_values /var/lib/kolla/venv/lib/python3.6/site-packages/oslo_config/cfg.py:2611
2025-07-07 01:57:25.653 7 DEBUG oslo_service.service [-] database.db_max_retries = 20 log_opt_values /var/lib/kolla/venv/lib/python3.6/site-packages/oslo_config/cfg.py:2611
2025-07-07 01:57:25.653 7 DEBUG oslo_service.service [-] database.db_max_retry_interval = 10 log_opt_values /var/lib/kolla/venv/lib/python3.6/site-packages/oslo_config/cfg.py:2611
2025-07-07 01:57:25.653 7 DEBUG oslo_service.service [-] database.db_retry_interval = 1 log_opt_values /var/lib/kolla/venv/lib/python3.6/site-packages/oslo_config/cfg.py:2611
2025-07-07 01:57:25.654 7 DEBUG oslo_service.service [-] database.max_overflow = 50 log_opt_values /var/lib/kolla/venv/lib/python3.6/site-packages/oslo_config/cfg.py:2611
2025-07-07 01:57:25.654 7 DEBUG oslo_service.service [-] database.max_pool_size = 1 log_opt_values /var/lib/kolla/venv/lib/python3.6/site-packages/oslo_config/cfg.py:2611
2025-07-07 01:57:25.654 7 DEBUG oslo_service.service [-] database.max_retries = -1 log_opt_values /var/lib/kolla/venv/lib/python3.6/site-packages/oslo_config/cfg.py:2611
2025-07-07 01:57:25.654 7 DEBUG oslo_service.service [-] database.mysql_enable_ndb = False log_opt_values /var/lib/kolla/venv/lib/python3.6/site-packages/oslo_config/cfg.py:2611
2025-07-07 01:57:25.654 7 DEBUG oslo_service.service [-] database.mysql_sql_mode = TRADITIONAL log_opt_values /var/lib/kolla/venv/lib/python3.6/site-packages/oslo_config/cfg.py:2611
2025-07-07 01:57:25.654 7 DEBUG oslo_service.service [-] database.pool_timeout = None log_opt_values /var/lib/kolla/venv/lib/python3.6/site-packages/oslo_config/cfg.py:2611
2025-07-07 01:57:25.654 7 DEBUG oslo_service.service [-] database.retry_interval = 10 log_opt_values /var/lib/kolla/venv/lib/python3.6/site-packages/oslo_config/cfg.py:2611
2025-07-07 01:57:25.654 7 DEBUG oslo_service.service [-] database.slave_connection = **** log_opt_values /var/lib/kolla/venv/lib/python3.6/site-packages/oslo_config/cfg.py:2611
2025-07-07 01:57:25.654 7 DEBUG oslo_service.service [-] database.sqlite_synchronous = True log_opt_values /var/lib/kolla/venv/lib/python3.6/site-packages/oslo_config/cfg.py:2611
2025-07-07 01:57:25.654 7 DEBUG oslo_service.service [-] database.use_db_reconnect = False log_opt_values /var/lib/kolla/venv/lib/python3.6/site-packages/oslo_config/cfg.py:2611
2025-07-07 01:57:25.654 7 DEBUG oslo_service.service [-] ******************************************************************************** log_opt_values /var/lib/kolla/venv/lib/python3.6/site-packages/oslo_config/cfg.py:2613
2025-07-07 01:57:27.207 22 DEBUG neutron.wsgi [-] (22) accepted ('10.0.0.65', 56106) server /var/lib/kolla/venv/lib/python3.6/site-packages/eventlet/wsgi.py:1004
2025-07-07 01:57:27.215 22 INFO neutron.wsgi [-] 10.0.0.65 "GET / HTTP/1.1" status: 200 len: 227 time: 0.0060773
2025-07-07 01:57:29.755 23 DEBUG neutron.api.rpc.handlers.dhcp_rpc [req-d4053710-f4ab-4c80-80d0-882af541c30f - - - - -] get_active_networks_info from cn-jenkins-deploy-platform-ansible-os-3604-1 get_active_networks_info /var/lib/kolla/venv/lib/python3.6/site-packages/neutron/api/rpc/handlers/dhcp_rpc.py:159
2025-07-07 01:57:29.782 28 DEBUG neutron_lib.callbacks.manager [req-80581173-5406-4801-8bde-b10b28a04ee0 - - - - -] Publish callbacks ['neutron.services.segments.db._update_segment_host_mapping_for_agent-8780679309888', 'neutron.services.l3_router.l3_router_plugin.DVRResourceOperationHandler.create_fip_agent_gw_ports-7978173'] for agent (bedf1edb-965a-4cea-b72b-663ffb3be9fc), after_create _notify_loop /var/lib/kolla/venv/lib/python3.6/site-packages/neutron_lib/callbacks/manager.py:177
2025-07-07 01:57:29.812 23 DEBUG neutron.scheduler.dhcp_agent_scheduler [req-d4053710-f4ab-4c80-80d0-882af541c30f - - - - -] No non-hosted networks auto_schedule_networks /var/lib/kolla/venv/lib/python3.6/site-packages/neutron/scheduler/dhcp_agent_scheduler.py:60
2025-07-07 01:57:48.596 25 DEBUG neutron_lib.callbacks.manager [req-8ad7e94d-78bd-4500-8249-c95dc48cf3af - - - - -] Publish callbacks ['neutron.services.segments.db._update_segment_host_mapping_for_agent-8780679309888', 'neutron.services.l3_router.l3_router_plugin.DVRResourceOperationHandler.create_fip_agent_gw_ports-7978173'] for agent (99c48ff6-3b71-46dc-bbee-9c5af6a5a2cd), after_create _notify_loop /var/lib/kolla/venv/lib/python3.6/site-packages/neutron_lib/callbacks/manager.py:177
2025-07-07 01:57:57.260 22 DEBUG neutron.wsgi [-] (22) accepted ('10.0.0.65', 47930) server /var/lib/kolla/venv/lib/python3.6/site-packages/eventlet/wsgi.py:1004
2025-07-07 01:57:57.265 22 INFO neutron.wsgi [-] 10.0.0.65 "GET / HTTP/1.1" status: 200 len: 227 time: 0.0034981
2025-07-07 01:57:59.762 26 DEBUG neutron_lib.callbacks.manager [req-62366b3a-6da8-452f-b010-ca23debe1010 - - - - -] Publish callbacks ['neutron.services.segments.db._update_segment_host_mapping_for_agent-8780679309888', 'neutron.plugins.ml2.plugin.Ml2Plugin._retry_binding_revived_agents--9223372036853978181'] for agent (bedf1edb-965a-4cea-b72b-663ffb3be9fc), after_update _notify_loop /var/lib/kolla/venv/lib/python3.6/site-packages/neutron_lib/callbacks/manager.py:177
2025-07-07 01:58:11.621 29 DEBUG neutron.db.agents_db [req-eb56981b-0b75-4cdd-87e6-e3fd3b32b521 - - - - -] Agent healthcheck: found 2 active agents agent_health_check /var/lib/kolla/venv/lib/python3.6/site-packages/neutron/db/agents_db.py:318
2025-07-07 01:58:18.565 24 DEBUG neutron_lib.callbacks.manager [req-8ad7e94d-78bd-4500-8249-c95dc48cf3af - - - - -] Publish callbacks ['neutron.services.segments.db._update_segment_host_mapping_for_agent-8780679309888', 'neutron.plugins.ml2.plugin.Ml2Plugin._retry_binding_revived_agents--9223372036853978181'] for agent (99c48ff6-3b71-46dc-bbee-9c5af6a5a2cd), after_update _notify_loop /var/lib/kolla/venv/lib/python3.6/site-packages/neutron_lib/callbacks/manager.py:177
2025-07-07 01:58:27.313 22 DEBUG neutron.wsgi [-] (22) accepted ('10.0.0.65', 34568) server /var/lib/kolla/venv/lib/python3.6/site-packages/eventlet/wsgi.py:1004
2025-07-07 01:58:27.317 22 INFO neutron.wsgi [-] 10.0.0.65 "GET / HTTP/1.1" status: 200 len: 227 time: 0.0029483
2025-07-07 01:58:29.750 23 DEBUG neutron_lib.callbacks.manager [req-0d7afd56-7ce1-4ff7-a9be-7ff355c93b09 - - - - -] Publish callbacks ['neutron.services.segments.db._update_segment_host_mapping_for_agent-8780679309888', 'neutron.plugins.ml2.plugin.Ml2Plugin._retry_binding_revived_agents--9223372036853978181'] for agent (bedf1edb-965a-4cea-b72b-663ffb3be9fc), after_update _notify_loop /var/lib/kolla/venv/lib/python3.6/site-packages/neutron_lib/callbacks/manager.py:177
2025-07-07 01:58:48.569 27 DEBUG neutron_lib.callbacks.manager [req-8ad7e94d-78bd-4500-8249-c95dc48cf3af - - - - -] Publish callbacks ['neutron.services.segments.db._update_segment_host_mapping_for_agent-8780679309888', 'neutron.plugins.ml2.plugin.Ml2Plugin._retry_binding_revived_agents--9223372036853978181'] for agent (99c48ff6-3b71-46dc-bbee-9c5af6a5a2cd), after_update _notify_loop /var/lib/kolla/venv/lib/python3.6/site-packages/neutron_lib/callbacks/manager.py:177
2025-07-07 01:58:48.624 29 DEBUG neutron.db.agents_db [req-eb56981b-0b75-4cdd-87e6-e3fd3b32b521 - - - - -] Agent healthcheck: found 2 active agents agent_health_check /var/lib/kolla/venv/lib/python3.6/site-packages/neutron/db/agents_db.py:318
2025-07-07 01:58:57.371 22 DEBUG neutron.wsgi [-] (22) accepted ('10.0.0.65', 43810) server /var/lib/kolla/venv/lib/python3.6/site-packages/eventlet/wsgi.py:1004
2025-07-07 01:58:57.376 22 INFO neutron.wsgi [-] 10.0.0.65 "GET / HTTP/1.1" status: 200 len: 227 time: 0.0040205
2025-07-07 01:58:59.750 28 DEBUG neutron_lib.callbacks.manager [req-a9e68d59-c0e4-43c9-80d3-1027118f4049 - - - - -] Publish callbacks ['neutron.services.segments.db._update_segment_host_mapping_for_agent-8780679309888', 'neutron.plugins.ml2.plugin.Ml2Plugin._retry_binding_revived_agents--9223372036853978181'] for agent (bedf1edb-965a-4cea-b72b-663ffb3be9fc), after_update _notify_loop /var/lib/kolla/venv/lib/python3.6/site-packages/neutron_lib/callbacks/manager.py:177
2025-07-07 01:59:18.557 25 DEBUG neutron_lib.callbacks.manager [req-8ad7e94d-78bd-4500-8249-c95dc48cf3af - - - - -] Publish callbacks ['neutron.services.segments.db._update_segment_host_mapping_for_agent-8780679309888', 'neutron.plugins.ml2.plugin.Ml2Plugin._retry_binding_revived_agents--9223372036853978181'] for agent (99c48ff6-3b71-46dc-bbee-9c5af6a5a2cd), after_update _notify_loop /var/lib/kolla/venv/lib/python3.6/site-packages/neutron_lib/callbacks/manager.py:177
2025-07-07 01:59:25.622 29 DEBUG neutron.db.agents_db [req-eb56981b-0b75-4cdd-87e6-e3fd3b32b521 - - - - -] Agent healthcheck: found 2 active agents agent_health_check /var/lib/kolla/venv/lib/python3.6/site-packages/neutron/db/agents_db.py:318
2025-07-07 01:59:27.424 22 DEBUG neutron.wsgi [-] (22) accepted ('10.0.0.65', 50518) server /var/lib/kolla/venv/lib/python3.6/site-packages/eventlet/wsgi.py:1004
2025-07-07 01:59:27.428 22 INFO neutron.wsgi [-] 10.0.0.65 "GET / HTTP/1.1" status: 200 len: 227 time: 0.0028789
2025-07-07 01:59:29.747 26 DEBUG neutron_lib.callbacks.manager [req-a99bd89e-49b3-4981-b015-802f3d247b85 - - - - -] Publish callbacks ['neutron.services.segments.db._update_segment_host_mapping_for_agent-8780679309888', 'neutron.plugins.ml2.plugin.Ml2Plugin._retry_binding_revived_agents--9223372036853978181'] for agent (bedf1edb-965a-4cea-b72b-663ffb3be9fc), after_update _notify_loop /var/lib/kolla/venv/lib/python3.6/site-packages/neutron_lib/callbacks/manager.py:177
2025-07-07 01:59:48.557 24 DEBUG neutron_lib.callbacks.manager [req-8ad7e94d-78bd-4500-8249-c95dc48cf3af - - - - -] Publish callbacks ['neutron.services.segments.db._update_segment_host_mapping_for_agent-8780679309888', 'neutron.plugins.ml2.plugin.Ml2Plugin._retry_binding_revived_agents--9223372036853978181'] for agent (99c48ff6-3b71-46dc-bbee-9c5af6a5a2cd), after_update _notify_loop /var/lib/kolla/venv/lib/python3.6/site-packages/neutron_lib/callbacks/manager.py:177
2025-07-07 01:59:57.475 22 DEBUG neutron.wsgi [-] (22) accepted ('10.0.0.65', 39508) server /var/lib/kolla/venv/lib/python3.6/site-packages/eventlet/wsgi.py:1004
2025-07-07 01:59:57.480 22 INFO neutron.wsgi [-] 10.0.0.65 "GET / HTTP/1.1" status: 200 len: 227 time: 0.0049770
2025-07-07 01:59:59.744 23 DEBUG neutron_lib.callbacks.manager [req-fd4752f0-6750-47e1-95f0-5c63134ff36f - - - - -] Publish callbacks ['neutron.services.segments.db._update_segment_host_mapping_for_agent-8780679309888', 'neutron.plugins.ml2.plugin.Ml2Plugin._retry_binding_revived_agents--9223372036853978181'] for agent (bedf1edb-965a-4cea-b72b-663ffb3be9fc), after_update _notify_loop /var/lib/kolla/venv/lib/python3.6/site-packages/neutron_lib/callbacks/manager.py:177
2025-07-07 02:00:02.622 29 DEBUG neutron.db.agents_db [req-eb56981b-0b75-4cdd-87e6-e3fd3b32b521 - - - - -] Agent healthcheck: found 2 active agents agent_health_check /var/lib/kolla/venv/lib/python3.6/site-packages/neutron/db/agents_db.py:318
2025-07-07 02:00:18.559 27 DEBUG neutron_lib.callbacks.manager [req-8ad7e94d-78bd-4500-8249-c95dc48cf3af - - - - -] Publish callbacks ['neutron.services.segments.db._update_segment_host_mapping_for_agent-8780679309888', 'neutron.plugins.ml2.plugin.Ml2Plugin._retry_binding_revived_agents--9223372036853978181'] for agent (99c48ff6-3b71-46dc-bbee-9c5af6a5a2cd), after_update _notify_loop /var/lib/kolla/venv/lib/python3.6/site-packages/neutron_lib/callbacks/manager.py:177
2025-07-07 02:00:27.534 22 DEBUG neutron.wsgi [-] (22) accepted ('10.0.0.65', 38038) server /var/lib/kolla/venv/lib/python3.6/site-packages/eventlet/wsgi.py:1004
2025-07-07 02:00:27.539 22 INFO neutron.wsgi [-] 10.0.0.65 "GET / HTTP/1.1" status: 200 len: 227 time: 0.0043507
2025-07-07 02:00:29.742 28 DEBUG neutron_lib.callbacks.manager [req-cced325a-67c5-4a54-a2ea-cbcbe25ed801 - - - - -] Publish callbacks ['neutron.services.segments.db._update_segment_host_mapping_for_agent-8780679309888', 'neutron.plugins.ml2.plugin.Ml2Plugin._retry_binding_revived_agents--9223372036853978181'] for agent (bedf1edb-965a-4cea-b72b-663ffb3be9fc), after_update _notify_loop /var/lib/kolla/venv/lib/python3.6/site-packages/neutron_lib/callbacks/manager.py:177
2025-07-07 02:00:39.624 29 DEBUG neutron.db.agents_db [req-eb56981b-0b75-4cdd-87e6-e3fd3b32b521 - - - - -] Agent healthcheck: found 2 active agents agent_health_check /var/lib/kolla/venv/lib/python3.6/site-packages/neutron/db/agents_db.py:318
2025-07-07 02:00:48.563 25 DEBUG neutron_lib.callbacks.manager [req-8ad7e94d-78bd-4500-8249-c95dc48cf3af - - - - -] Publish callbacks ['neutron.services.segments.db._update_segment_host_mapping_for_agent-8780679309888', 'neutron.plugins.ml2.plugin.Ml2Plugin._retry_binding_revived_agents--9223372036853978181'] for agent (99c48ff6-3b71-46dc-bbee-9c5af6a5a2cd), after_update _notify_loop /var/lib/kolla/venv/lib/python3.6/site-packages/neutron_lib/callbacks/manager.py:177
2025-07-07 02:00:57.587 22 DEBUG neutron.wsgi [-] (22) accepted ('10.0.0.65', 34326) server /var/lib/kolla/venv/lib/python3.6/site-packages/eventlet/wsgi.py:1004
2025-07-07 02:00:57.591 22 INFO neutron.wsgi [-] 10.0.0.65 "GET / HTTP/1.1" status: 200 len: 227 time: 0.0029519
2025-07-07 02:00:59.737 26 DEBUG neutron_lib.callbacks.manager [req-bd162f66-3b9c-4145-a05f-1b1010fa562e - - - - -] Publish callbacks ['neutron.services.segments.db._update_segment_host_mapping_for_agent-8780679309888', 'neutron.plugins.ml2.plugin.Ml2Plugin._retry_binding_revived_agents--9223372036853978181'] for agent (bedf1edb-965a-4cea-b72b-663ffb3be9fc), after_update _notify_loop /var/lib/kolla/venv/lib/python3.6/site-packages/neutron_lib/callbacks/manager.py:177
2025-07-07 02:01:16.622 29 DEBUG neutron.db.agents_db [req-eb56981b-0b75-4cdd-87e6-e3fd3b32b521 - - - - -] Agent healthcheck: found 2 active agents agent_health_check /var/lib/kolla/venv/lib/python3.6/site-packages/neutron/db/agents_db.py:318
2025-07-07 02:01:18.565 24 DEBUG neutron_lib.callbacks.manager [req-8ad7e94d-78bd-4500-8249-c95dc48cf3af - - - - -] Publish callbacks ['neutron.services.segments.db._update_segment_host_mapping_for_agent-8780679309888', 'neutron.plugins.ml2.plugin.Ml2Plugin._retry_binding_revived_agents--9223372036853978181'] for agent (99c48ff6-3b71-46dc-bbee-9c5af6a5a2cd), after_update _notify_loop /var/lib/kolla/venv/lib/python3.6/site-packages/neutron_lib/callbacks/manager.py:177
2025-07-07 02:01:27.638 22 DEBUG neutron.wsgi [-] (22) accepted ('10.0.0.65', 42572) server /var/lib/kolla/venv/lib/python3.6/site-packages/eventlet/wsgi.py:1004
2025-07-07 02:01:27.641 22 INFO neutron.wsgi [-] 10.0.0.65 "GET / HTTP/1.1" status: 200 len: 227 time: 0.0027776
2025-07-07 02:01:29.734 23 DEBUG neutron_lib.callbacks.manager [req-c1e19823-0e1e-4fc7-b2b2-620e2a10f236 - - - - -] Publish callbacks ['neutron.services.segments.db._update_segment_host_mapping_for_agent-8780679309888', 'neutron.plugins.ml2.plugin.Ml2Plugin._retry_binding_revived_agents--9223372036853978181'] for agent (bedf1edb-965a-4cea-b72b-663ffb3be9fc), after_update _notify_loop /var/lib/kolla/venv/lib/python3.6/site-packages/neutron_lib/callbacks/manager.py:177
2025-07-07 02:01:48.604 27 DEBUG neutron_lib.callbacks.manager [req-8ad7e94d-78bd-4500-8249-c95dc48cf3af - - - - -] Publish callbacks ['neutron.services.segments.db._update_segment_host_mapping_for_agent-8780679309888', 'neutron.plugins.ml2.plugin.Ml2Plugin._retry_binding_revived_agents--9223372036853978181'] for agent (99c48ff6-3b71-46dc-bbee-9c5af6a5a2cd), after_update _notify_loop /var/lib/kolla/venv/lib/python3.6/site-packages/neutron_lib/callbacks/manager.py:177
2025-07-07 02:01:53.624 29 DEBUG neutron.db.agents_db [req-eb56981b-0b75-4cdd-87e6-e3fd3b32b521 - - - - -] Agent healthcheck: found 2 active agents agent_health_check /var/lib/kolla/venv/lib/python3.6/site-packages/neutron/db/agents_db.py:318
2025-07-07 02:01:57.687 22 DEBUG neutron.wsgi [-] (22) accepted ('10.0.0.65', 49050) server /var/lib/kolla/venv/lib/python3.6/site-packages/eventlet/wsgi.py:1004
2025-07-07 02:01:57.691 22 INFO neutron.wsgi [-] 10.0.0.65 "GET / HTTP/1.1" status: 200 len: 227 time: 0.0029333
2025-07-07 02:01:59.733 28 DEBUG neutron_lib.callbacks.manager [req-3495fba5-54ec-4586-b950-a4b703dd6466 - - - - -] Publish callbacks ['neutron.services.segments.db._update_segment_host_mapping_for_agent-8780679309888', 'neutron.plugins.ml2.plugin.Ml2Plugin._retry_binding_revived_agents--9223372036853978181'] for agent (bedf1edb-965a-4cea-b72b-663ffb3be9fc), after_update _notify_loop /var/lib/kolla/venv/lib/python3.6/site-packages/neutron_lib/callbacks/manager.py:177
2025-07-07 02:02:18.568 25 DEBUG neutron_lib.callbacks.manager [req-8ad7e94d-78bd-4500-8249-c95dc48cf3af - - - - -] Publish callbacks ['neutron.services.segments.db._update_segment_host_mapping_for_agent-8780679309888', 'neutron.plugins.ml2.plugin.Ml2Plugin._retry_binding_revived_agents--9223372036853978181'] for agent (99c48ff6-3b71-46dc-bbee-9c5af6a5a2cd), after_update _notify_loop /var/lib/kolla/venv/lib/python3.6/site-packages/neutron_lib/callbacks/manager.py:177
2025-07-07 02:02:27.746 22 DEBUG neutron.wsgi [-] (22) accepted ('10.0.0.65', 57296) server /var/lib/kolla/venv/lib/python3.6/site-packages/eventlet/wsgi.py:1004
2025-07-07 02:02:27.750 22 INFO neutron.wsgi [-] 10.0.0.65 "GET / HTTP/1.1" status: 200 len: 227 time: 0.0031550
2025-07-07 02:02:29.741 26 DEBUG neutron_lib.callbacks.manager [req-1b038cea-cf2d-49f7-a725-69f7addb072b - - - - -] Publish callbacks ['neutron.services.segments.db._update_segment_host_mapping_for_agent-8780679309888', 'neutron.plugins.ml2.plugin.Ml2Plugin._retry_binding_revived_agents--9223372036853978181'] for agent (bedf1edb-965a-4cea-b72b-663ffb3be9fc), after_update _notify_loop /var/lib/kolla/venv/lib/python3.6/site-packages/neutron_lib/callbacks/manager.py:177
2025-07-07 02:02:30.622 29 DEBUG neutron.db.agents_db [req-eb56981b-0b75-4cdd-87e6-e3fd3b32b521 - - - - -] Agent healthcheck: found 2 active agents agent_health_check /var/lib/kolla/venv/lib/python3.6/site-packages/neutron/db/agents_db.py:318
2025-07-07 02:02:48.570 24 DEBUG neutron_lib.callbacks.manager [req-8ad7e94d-78bd-4500-8249-c95dc48cf3af - - - - -] Publish callbacks ['neutron.services.segments.db._update_segment_host_mapping_for_agent-8780679309888', 'neutron.plugins.ml2.plugin.Ml2Plugin._retry_binding_revived_agents--9223372036853978181'] for agent (99c48ff6-3b71-46dc-bbee-9c5af6a5a2cd), after_update _notify_loop /var/lib/kolla/venv/lib/python3.6/site-packages/neutron_lib/callbacks/manager.py:177
2025-07-07 02:02:57.796 22 DEBUG neutron.wsgi [-] (22) accepted ('10.0.0.65', 53606) server /var/lib/kolla/venv/lib/python3.6/site-packages/eventlet/wsgi.py:1004
2025-07-07 02:02:57.799 22 INFO neutron.wsgi [-] 10.0.0.65 "GET / HTTP/1.1" status: 200 len: 227 time: 0.0028508
2025-07-07 02:02:59.728 23 DEBUG neutron_lib.callbacks.manager [req-e8d16e85-4c0c-4df0-9894-7508612d8393 - - - - -] Publish callbacks ['neutron.services.segments.db._update_segment_host_mapping_for_agent-8780679309888', 'neutron.plugins.ml2.plugin.Ml2Plugin._retry_binding_revived_agents--9223372036853978181'] for agent (bedf1edb-965a-4cea-b72b-663ffb3be9fc), after_update _notify_loop /var/lib/kolla/venv/lib/python3.6/site-packages/neutron_lib/callbacks/manager.py:177
2025-07-07 02:03:07.618 29 DEBUG neutron.db.agents_db [req-eb56981b-0b75-4cdd-87e6-e3fd3b32b521 - - - - -] Agent healthcheck: found 2 active agents agent_health_check /var/lib/kolla/venv/lib/python3.6/site-packages/neutron/db/agents_db.py:318
2025-07-07 02:03:18.573 27 DEBUG neutron_lib.callbacks.manager [req-8ad7e94d-78bd-4500-8249-c95dc48cf3af - - - - -] Publish callbacks ['neutron.services.segments.db._update_segment_host_mapping_for_agent-8780679309888', 'neutron.plugins.ml2.plugin.Ml2Plugin._retry_binding_revived_agents--9223372036853978181'] for agent (99c48ff6-3b71-46dc-bbee-9c5af6a5a2cd), after_update _notify_loop /var/lib/kolla/venv/lib/python3.6/site-packages/neutron_lib/callbacks/manager.py:177
2025-07-07 02:03:27.848 22 DEBUG neutron.wsgi [-] (22) accepted ('10.0.0.65', 37856) server /var/lib/kolla/venv/lib/python3.6/site-packages/eventlet/wsgi.py:1004
2025-07-07 02:03:27.852 22 INFO neutron.wsgi [-] 10.0.0.65 "GET / HTTP/1.1" status: 200 len: 227 time: 0.0035455
2025-07-07 02:03:29.724 28 DEBUG neutron_lib.callbacks.manager [req-de50737e-449d-48d5-b6f7-1ac6025de478 - - - - -] Publish callbacks ['neutron.services.segments.db._update_segment_host_mapping_for_agent-8780679309888', 'neutron.plugins.ml2.plugin.Ml2Plugin._retry_binding_revived_agents--9223372036853978181'] for agent (bedf1edb-965a-4cea-b72b-663ffb3be9fc), after_update _notify_loop /var/lib/kolla/venv/lib/python3.6/site-packages/neutron_lib/callbacks/manager.py:177
2025-07-07 02:03:44.618 29 DEBUG neutron.db.agents_db [req-eb56981b-0b75-4cdd-87e6-e3fd3b32b521 - - - - -] Agent healthcheck: found 2 active agents agent_health_check /var/lib/kolla/venv/lib/python3.6/site-packages/neutron/db/agents_db.py:318
2025-07-07 02:03:48.575 25 DEBUG neutron_lib.callbacks.manager [req-8ad7e94d-78bd-4500-8249-c95dc48cf3af - - - - -] Publish callbacks ['neutron.services.segments.db._update_segment_host_mapping_for_agent-8780679309888', 'neutron.plugins.ml2.plugin.Ml2Plugin._retry_binding_revived_agents--9223372036853978181'] for agent (99c48ff6-3b71-46dc-bbee-9c5af6a5a2cd), after_update _notify_loop /var/lib/kolla/venv/lib/python3.6/site-packages/neutron_lib/callbacks/manager.py:177
2025-07-07 02:03:57.898 22 DEBUG neutron.wsgi [-] (22) accepted ('10.0.0.65', 41342) server /var/lib/kolla/venv/lib/python3.6/site-packages/eventlet/wsgi.py:1004
2025-07-07 02:03:57.901 22 INFO neutron.wsgi [-] 10.0.0.65 "GET / HTTP/1.1" status: 200 len: 227 time: 0.0029631
2025-07-07 02:03:59.721 26 DEBUG neutron_lib.callbacks.manager [req-1e9a107d-5aec-47cf-9758-d5e4a8f1ec1c - - - - -] Publish callbacks ['neutron.services.segments.db._update_segment_host_mapping_for_agent-8780679309888', 'neutron.plugins.ml2.plugin.Ml2Plugin._retry_binding_revived_agents--9223372036853978181'] for agent (bedf1edb-965a-4cea-b72b-663ffb3be9fc), after_update _notify_loop /var/lib/kolla/venv/lib/python3.6/site-packages/neutron_lib/callbacks/manager.py:177
2025-07-07 02:04:18.580 24 DEBUG neutron_lib.callbacks.manager [req-8ad7e94d-78bd-4500-8249-c95dc48cf3af - - - - -] Publish callbacks ['neutron.services.segments.db._update_segment_host_mapping_for_agent-8780679309888', 'neutron.plugins.ml2.plugin.Ml2Plugin._retry_binding_revived_agents--9223372036853978181'] for agent (99c48ff6-3b71-46dc-bbee-9c5af6a5a2cd), after_update _notify_loop /var/lib/kolla/venv/lib/python3.6/site-packages/neutron_lib/callbacks/manager.py:177
2025-07-07 02:04:21.616 29 DEBUG neutron.db.agents_db [req-eb56981b-0b75-4cdd-87e6-e3fd3b32b521 - - - - -] Agent healthcheck: found 2 active agents agent_health_check /var/lib/kolla/venv/lib/python3.6/site-packages/neutron/db/agents_db.py:318
2025-07-07 02:04:27.948 22 DEBUG neutron.wsgi [-] (22) accepted ('10.0.0.65', 48386) server /var/lib/kolla/venv/lib/python3.6/site-packages/eventlet/wsgi.py:1004
2025-07-07 02:04:27.952 22 INFO neutron.wsgi [-] 10.0.0.65 "GET / HTTP/1.1" status: 200 len: 227 time: 0.0028727
2025-07-07 02:04:29.717 23 DEBUG neutron_lib.callbacks.manager [req-62fafcdd-14d5-41e7-b016-9f59c216b3f3 - - - - -] Publish callbacks ['neutron.services.segments.db._update_segment_host_mapping_for_agent-8780679309888', 'neutron.plugins.ml2.plugin.Ml2Plugin._retry_binding_revived_agents--9223372036853978181'] for agent (bedf1edb-965a-4cea-b72b-663ffb3be9fc), after_update _notify_loop /var/lib/kolla/venv/lib/python3.6/site-packages/neutron_lib/callbacks/manager.py:177
2025-07-07 02:04:48.579 27 DEBUG neutron_lib.callbacks.manager [req-8ad7e94d-78bd-4500-8249-c95dc48cf3af - - - - -] Publish callbacks ['neutron.services.segments.db._update_segment_host_mapping_for_agent-8780679309888', 'neutron.plugins.ml2.plugin.Ml2Plugin._retry_binding_revived_agents--9223372036853978181'] for agent (99c48ff6-3b71-46dc-bbee-9c5af6a5a2cd), after_update _notify_loop /var/lib/kolla/venv/lib/python3.6/site-packages/neutron_lib/callbacks/manager.py:177
2025-07-07 02:04:58.008 22 DEBUG neutron.wsgi [-] (22) accepted ('10.0.0.65', 56948) server /var/lib/kolla/venv/lib/python3.6/site-packages/eventlet/wsgi.py:1004
2025-07-07 02:04:58.012 22 INFO neutron.wsgi [-] 10.0.0.65 "GET / HTTP/1.1" status: 200 len: 227 time: 0.0032656
2025-07-07 02:04:58.617 29 DEBUG neutron.db.agents_db [req-eb56981b-0b75-4cdd-87e6-e3fd3b32b521 - - - - -] Agent healthcheck: found 2 active agents agent_health_check /var/lib/kolla/venv/lib/python3.6/site-packages/neutron/db/agents_db.py:318
2025-07-07 02:04:59.714 28 DEBUG neutron_lib.callbacks.manager [req-dea3fd74-65f2-42cf-97a8-a8ffa1d76267 - - - - -] Publish callbacks ['neutron.services.segments.db._update_segment_host_mapping_for_agent-8780679309888', 'neutron.plugins.ml2.plugin.Ml2Plugin._retry_binding_revived_agents--9223372036853978181'] for agent (bedf1edb-965a-4cea-b72b-663ffb3be9fc), after_update _notify_loop /var/lib/kolla/venv/lib/python3.6/site-packages/neutron_lib/callbacks/manager.py:177
2025-07-07 02:05:18.585 25 DEBUG neutron_lib.callbacks.manager [req-8ad7e94d-78bd-4500-8249-c95dc48cf3af - - - - -] Publish callbacks ['neutron.services.segments.db._update_segment_host_mapping_for_agent-8780679309888', 'neutron.plugins.ml2.plugin.Ml2Plugin._retry_binding_revived_agents--9223372036853978181'] for agent (99c48ff6-3b71-46dc-bbee-9c5af6a5a2cd), after_update _notify_loop /var/lib/kolla/venv/lib/python3.6/site-packages/neutron_lib/callbacks/manager.py:177
2025-07-07 02:05:28.069 22 DEBUG neutron.wsgi [-] (22) accepted ('10.0.0.65', 51886) server /var/lib/kolla/venv/lib/python3.6/site-packages/eventlet/wsgi.py:1004
2025-07-07 02:05:28.072 22 INFO neutron.wsgi [-] 10.0.0.65 "GET / HTTP/1.1" status: 200 len: 227 time: 0.0028229
2025-07-07 02:05:29.711 26 DEBUG neutron_lib.callbacks.manager [req-2d0447f9-ba25-49df-90a2-b29eac347db9 - - - - -] Publish callbacks ['neutron.services.segments.db._update_segment_host_mapping_for_agent-8780679309888', 'neutron.plugins.ml2.plugin.Ml2Plugin._retry_binding_revived_agents--9223372036853978181'] for agent (bedf1edb-965a-4cea-b72b-663ffb3be9fc), after_update _notify_loop /var/lib/kolla/venv/lib/python3.6/site-packages/neutron_lib/callbacks/manager.py:177
2025-07-07 02:05:35.617 29 DEBUG neutron.db.agents_db [req-eb56981b-0b75-4cdd-87e6-e3fd3b32b521 - - - - -] Agent healthcheck: found 2 active agents agent_health_check /var/lib/kolla/venv/lib/python3.6/site-packages/neutron/db/agents_db.py:318
2025-07-07 02:05:48.586 24 DEBUG neutron_lib.callbacks.manager [req-8ad7e94d-78bd-4500-8249-c95dc48cf3af - - - - -] Publish callbacks ['neutron.services.segments.db._update_segment_host_mapping_for_agent-8780679309888', 'neutron.plugins.ml2.plugin.Ml2Plugin._retry_binding_revived_agents--9223372036853978181'] for agent (99c48ff6-3b71-46dc-bbee-9c5af6a5a2cd), after_update _notify_loop /var/lib/kolla/venv/lib/python3.6/site-packages/neutron_lib/callbacks/manager.py:177
2025-07-07 02:05:58.131 22 DEBUG neutron.wsgi [-] (22) accepted ('10.0.0.65', 47548) server /var/lib/kolla/venv/lib/python3.6/site-packages/eventlet/wsgi.py:1004
2025-07-07 02:05:58.135 22 INFO neutron.wsgi [-] 10.0.0.65 "GET / HTTP/1.1" status: 200 len: 227 time: 0.0029309
2025-07-07 02:05:59.709 23 DEBUG neutron_lib.callbacks.manager [req-2a04f808-7f9c-46e4-abaf-9855ff053804 - - - - -] Publish callbacks ['neutron.services.segments.db._update_segment_host_mapping_for_agent-8780679309888', 'neutron.plugins.ml2.plugin.Ml2Plugin._retry_binding_revived_agents--9223372036853978181'] for agent (bedf1edb-965a-4cea-b72b-663ffb3be9fc), after_update _notify_loop /var/lib/kolla/venv/lib/python3.6/site-packages/neutron_lib/callbacks/manager.py:177
2025-07-07 02:06:07.867 7 INFO oslo_service.service [-] Caught SIGTERM, stopping children
2025-07-07 02:06:07.868 7 DEBUG oslo_concurrency.lockutils [-] Acquired lock "singleton_lock" lock /var/lib/kolla/venv/lib/python3.6/site-packages/oslo_concurrency/lockutils.py:294
2025-07-07 02:06:07.868 7 DEBUG oslo_concurrency.lockutils [-] Releasing lock "singleton_lock" lock /var/lib/kolla/venv/lib/python3.6/site-packages/oslo_concurrency/lockutils.py:312
2025-07-07 02:06:07.868 7 DEBUG oslo_service.service [-] Stop services. stop /var/lib/kolla/venv/lib/python3.6/site-packages/oslo_service/service.py:695
2025-07-07 02:06:07.868 7 DEBUG neutron.service [-] calling RpcWorker stop() stop /var/lib/kolla/venv/lib/python3.6/site-packages/neutron/service.py:138
2025-07-07 02:06:07.868 7 DEBUG neutron.service [-] calling RpcWorker stop() stop /var/lib/kolla/venv/lib/python3.6/site-packages/neutron/service.py:138
2025-07-07 02:06:07.869 7 DEBUG oslo_service.service [-] Killing children. stop /var/lib/kolla/venv/lib/python3.6/site-packages/oslo_service/service.py:700
2025-07-07 02:06:07.869 7 INFO oslo_service.service [-] Waiting on 8 children to exit
2025-07-07 02:06:07.869 22 INFO neutron.wsgi [-] (22) wsgi exited, is_accepting=True
2025-07-07 02:06:07.869 23 DEBUG neutron.service [-] calling RpcWorker stop() stop /var/lib/kolla/venv/lib/python3.6/site-packages/neutron/service.py:138
2025-07-07 02:06:07.869 24 DEBUG neutron.service [-] calling RpcWorker stop() stop /var/lib/kolla/venv/lib/python3.6/site-packages/neutron/service.py:138
2025-07-07 02:06:07.870 27 DEBUG neutron.service [-] calling RpcWorker stop() stop /var/lib/kolla/venv/lib/python3.6/site-packages/neutron/service.py:138
2025-07-07 02:06:07.870 25 DEBUG neutron.service [-] calling RpcWorker stop() stop /var/lib/kolla/venv/lib/python3.6/site-packages/neutron/service.py:138
2025-07-07 02:06:07.870 22 DEBUG oslo_concurrency.lockutils [req-f43cfab0-7a55-40db-9740-912f76c46284 - - - - -] Acquired lock "singleton_lock" lock /var/lib/kolla/venv/lib/python3.6/site-packages/oslo_concurrency/lockutils.py:294
2025-07-07 02:06:07.870 23 DEBUG neutron.service [-] calling stop on stop /var/lib/kolla/venv/lib/python3.6/site-packages/neutron/service.py:141
2025-07-07 02:06:07.871 22 DEBUG oslo_concurrency.lockutils [req-f43cfab0-7a55-40db-9740-912f76c46284 - - - - -] Releasing lock "singleton_lock" lock /var/lib/kolla/venv/lib/python3.6/site-packages/oslo_concurrency/lockutils.py:312
2025-07-07 02:06:07.870 24 DEBUG neutron.service [-] calling stop on stop /var/lib/kolla/venv/lib/python3.6/site-packages/neutron/service.py:141
2025-07-07 02:06:07.870 27 DEBUG neutron.service [-] calling stop on stop /var/lib/kolla/venv/lib/python3.6/site-packages/neutron/service.py:141
2025-07-07 02:06:07.870 25 DEBUG neutron.service [-] calling stop on stop /var/lib/kolla/venv/lib/python3.6/site-packages/neutron/service.py:141
2025-07-07 02:06:07.873 28 DEBUG neutron.service [-] calling RpcWorker stop() stop /var/lib/kolla/venv/lib/python3.6/site-packages/neutron/service.py:138
2025-07-07 02:06:07.875 7 INFO oslo_service.service [-] Child 22 exited with status 0
2025-07-07 02:06:07.874 28 DEBUG neutron.service [-] calling stop on stop /var/lib/kolla/venv/lib/python3.6/site-packages/neutron/service.py:141
2025-07-07 02:06:07.877 26 DEBUG neutron.service [-] calling RpcWorker stop() stop /var/lib/kolla/venv/lib/python3.6/site-packages/neutron/service.py:138
2025-07-07 02:06:07.877 26 DEBUG neutron.service [-] calling stop on stop /var/lib/kolla/venv/lib/python3.6/site-packages/neutron/service.py:141
2025-07-07 02:06:07.881 29 DEBUG neutron.service [-] calling RpcWorker stop() stop /var/lib/kolla/venv/lib/python3.6/site-packages/neutron/service.py:138
2025-07-07 02:06:07.881 29 DEBUG neutron.service [-] calling stop on stop /var/lib/kolla/venv/lib/python3.6/site-packages/neutron/service.py:141
2025-07-07 02:06:07.913 26 DEBUG oslo_concurrency.lockutils [req-f43cfab0-7a55-40db-9740-912f76c46284 - - - - -] Acquired lock "singleton_lock" lock /var/lib/kolla/venv/lib/python3.6/site-packages/oslo_concurrency/lockutils.py:294
2025-07-07 02:06:07.913 26 DEBUG oslo_concurrency.lockutils [req-f43cfab0-7a55-40db-9740-912f76c46284 - - - - -] Releasing lock "singleton_lock" lock /var/lib/kolla/venv/lib/python3.6/site-packages/oslo_concurrency/lockutils.py:312
2025-07-07 02:06:07.914 26 DEBUG neutron.service [req-f43cfab0-7a55-40db-9740-912f76c46284 - - - - -] calling RpcWorker wait() _wait /var/lib/kolla/venv/lib/python3.6/site-packages/neutron/service.py:128
2025-07-07 02:06:07.914 26 DEBUG neutron.service [req-f43cfab0-7a55-40db-9740-912f76c46284 - - - - -] calling wait on _wait /var/lib/kolla/venv/lib/python3.6/site-packages/neutron/service.py:131
2025-07-07 02:06:07.920 26 WARNING amqp [req-f43cfab0-7a55-40db-9740-912f76c46284 - - - - -] Received method (60, 30) during closing channel 1. This method will be ignored
2025-07-07 02:06:07.921 26 DEBUG neutron.service [req-f43cfab0-7a55-40db-9740-912f76c46284 - - - - -] returning from RpcWorker wait() _wait /var/lib/kolla/venv/lib/python3.6/site-packages/neutron/service.py:135
2025-07-07 02:06:07.927 7 INFO oslo_service.service [-] Child 26 exited with status 0
2025-07-07 02:06:10.596 23 DEBUG neutron.service [-] calling stop on stop /var/lib/kolla/venv/lib/python3.6/site-packages/neutron/service.py:141
2025-07-07 02:06:10.602 25 DEBUG neutron.service [-] calling stop on stop /var/lib/kolla/venv/lib/python3.6/site-packages/neutron/service.py:141
2025-07-07 02:06:10.605 24 DEBUG neutron.service [-] calling stop on stop /var/lib/kolla/venv/lib/python3.6/site-packages/neutron/service.py:141
2025-07-07 02:06:10.612 23 DEBUG neutron.service [-] calling stop on stop /var/lib/kolla/venv/lib/python3.6/site-packages/neutron/service.py:141
2025-07-07 02:06:10.612 24 DEBUG neutron.service [-] calling stop on stop /var/lib/kolla/venv/lib/python3.6/site-packages/neutron/service.py:141
2025-07-07 02:06:10.613 25 DEBUG neutron.service [-] calling stop on stop /var/lib/kolla/venv/lib/python3.6/site-packages/neutron/service.py:141
2025-07-07 02:06:10.616 28 DEBUG oslo_concurrency.lockutils [req-f43cfab0-7a55-40db-9740-912f76c46284 - - - - -] Acquired lock "singleton_lock" lock /var/lib/kolla/venv/lib/python3.6/site-packages/oslo_concurrency/lockutils.py:294
2025-07-07 02:06:10.616 28 DEBUG oslo_concurrency.lockutils [req-f43cfab0-7a55-40db-9740-912f76c46284 - - - - -] Releasing lock "singleton_lock" lock /var/lib/kolla/venv/lib/python3.6/site-packages/oslo_concurrency/lockutils.py:312
2025-07-07 02:06:10.616 28 DEBUG neutron.service [req-f43cfab0-7a55-40db-9740-912f76c46284 - - - - -] calling RpcWorker wait() _wait /var/lib/kolla/venv/lib/python3.6/site-packages/neutron/service.py:128
2025-07-07 02:06:10.616 28 DEBUG neutron.service [req-f43cfab0-7a55-40db-9740-912f76c46284 - - - - -] calling wait on _wait /var/lib/kolla/venv/lib/python3.6/site-packages/neutron/service.py:131
2025-07-07 02:06:10.622 28 WARNING amqp [req-f43cfab0-7a55-40db-9740-912f76c46284 - - - - -] Received method (60, 30) during closing channel 1. This method will be ignored
2025-07-07 02:06:10.623 28 DEBUG neutron.service [req-f43cfab0-7a55-40db-9740-912f76c46284 - - - - -] returning from RpcWorker wait() _wait /var/lib/kolla/venv/lib/python3.6/site-packages/neutron/service.py:135
2025-07-07 02:06:10.627 7 INFO oslo_service.service [-] Child 28 exited with status 0
2025-07-07 02:06:10.634 25 DEBUG neutron.service [-] calling stop on stop /var/lib/kolla/venv/lib/python3.6/site-packages/neutron/service.py:141
2025-07-07 02:06:10.637 29 DEBUG oslo_concurrency.lockutils [req-f43cfab0-7a55-40db-9740-912f76c46284 - - - - -] Acquired lock "singleton_lock" lock /var/lib/kolla/venv/lib/python3.6/site-packages/oslo_concurrency/lockutils.py:294
2025-07-07 02:06:10.637 29 DEBUG oslo_concurrency.lockutils [req-f43cfab0-7a55-40db-9740-912f76c46284 - - - - -] Releasing lock "singleton_lock" lock /var/lib/kolla/venv/lib/python3.6/site-packages/oslo_concurrency/lockutils.py:312
2025-07-07 02:06:10.638 29 DEBUG neutron.service [req-f43cfab0-7a55-40db-9740-912f76c46284 - - - - -] calling RpcWorker wait() _wait /var/lib/kolla/venv/lib/python3.6/site-packages/neutron/service.py:128
2025-07-07 02:06:10.638 29 DEBUG neutron.service [req-f43cfab0-7a55-40db-9740-912f76c46284 - - - - -] calling wait on _wait /var/lib/kolla/venv/lib/python3.6/site-packages/neutron/service.py:131
2025-07-07 02:06:10.643 29 WARNING amqp [req-f43cfab0-7a55-40db-9740-912f76c46284 - - - - -] Received method (60, 30) during closing channel 1. This method will be ignored
2025-07-07 02:06:10.643 29 DEBUG neutron.service [req-f43cfab0-7a55-40db-9740-912f76c46284 - - - - -] returning from RpcWorker wait() _wait /var/lib/kolla/venv/lib/python3.6/site-packages/neutron/service.py:135
2025-07-07 02:06:10.649 7 INFO oslo_service.service [-] Child 29 exited with status 0
2025-07-07 02:06:10.652 25 DEBUG oslo_concurrency.lockutils [req-f43cfab0-7a55-40db-9740-912f76c46284 - - - - -] Acquired lock "singleton_lock" lock /var/lib/kolla/venv/lib/python3.6/site-packages/oslo_concurrency/lockutils.py:294
2025-07-07 02:06:10.653 25 DEBUG oslo_concurrency.lockutils [req-f43cfab0-7a55-40db-9740-912f76c46284 - - - - -] Releasing lock "singleton_lock" lock /var/lib/kolla/venv/lib/python3.6/site-packages/oslo_concurrency/lockutils.py:312
2025-07-07 02:06:10.653 27 DEBUG oslo_concurrency.lockutils [req-f43cfab0-7a55-40db-9740-912f76c46284 - - - - -] Acquired lock "singleton_lock" lock /var/lib/kolla/venv/lib/python3.6/site-packages/oslo_concurrency/lockutils.py:294
2025-07-07 02:06:10.653 25 DEBUG neutron.service [req-f43cfab0-7a55-40db-9740-912f76c46284 - - - - -] calling RpcWorker wait() _wait /var/lib/kolla/venv/lib/python3.6/site-packages/neutron/service.py:128
2025-07-07 02:06:10.653 25 DEBUG neutron.service [req-f43cfab0-7a55-40db-9740-912f76c46284 - - - - -] calling wait on _wait /var/lib/kolla/venv/lib/python3.6/site-packages/neutron/service.py:131
2025-07-07 02:06:10.653 27 DEBUG oslo_concurrency.lockutils [req-f43cfab0-7a55-40db-9740-912f76c46284 - - - - -] Releasing lock "singleton_lock" lock /var/lib/kolla/venv/lib/python3.6/site-packages/oslo_concurrency/lockutils.py:312
2025-07-07 02:06:10.653 27 DEBUG neutron.service [req-f43cfab0-7a55-40db-9740-912f76c46284 - - - - -] calling RpcWorker wait() _wait /var/lib/kolla/venv/lib/python3.6/site-packages/neutron/service.py:128
2025-07-07 02:06:10.653 27 DEBUG neutron.service [req-f43cfab0-7a55-40db-9740-912f76c46284 - - - - -] calling wait on _wait /var/lib/kolla/venv/lib/python3.6/site-packages/neutron/service.py:131
2025-07-07 02:06:10.658 25 WARNING amqp [req-f43cfab0-7a55-40db-9740-912f76c46284 - - - - -] Received method (60, 30) during closing channel 1. This method will be ignored
2025-07-07 02:06:10.660 25 DEBUG neutron.service [req-f43cfab0-7a55-40db-9740-912f76c46284 - - - - -] calling wait on _wait /var/lib/kolla/venv/lib/python3.6/site-packages/neutron/service.py:131
2025-07-07 02:06:10.664 27 WARNING amqp [req-f43cfab0-7a55-40db-9740-912f76c46284 - - - - -] Received method (60, 30) during closing channel 1. This method will be ignored
2025-07-07 02:06:10.664 27 DEBUG neutron.service [req-f43cfab0-7a55-40db-9740-912f76c46284 - - - - -] returning from RpcWorker wait() _wait /var/lib/kolla/venv/lib/python3.6/site-packages/neutron/service.py:135
2025-07-07 02:06:10.666 25 WARNING amqp [req-f43cfab0-7a55-40db-9740-912f76c46284 - - - - -] Received method (60, 30) during closing channel 1. This method will be ignored
2025-07-07 02:06:10.667 25 DEBUG neutron.service [req-f43cfab0-7a55-40db-9740-912f76c46284 - - - - -] calling wait on _wait /var/lib/kolla/venv/lib/python3.6/site-packages/neutron/service.py:131
2025-07-07 02:06:10.670 7 INFO oslo_service.service [-] Child 27 exited with status 0
2025-07-07 02:06:10.672 25 WARNING amqp [req-f43cfab0-7a55-40db-9740-912f76c46284 - - - - -] Received method (60, 30) during closing channel 1. This method will be ignored
2025-07-07 02:06:10.673 25 DEBUG neutron.service [req-f43cfab0-7a55-40db-9740-912f76c46284 - - - - -] calling wait on _wait /var/lib/kolla/venv/lib/python3.6/site-packages/neutron/service.py:131
2025-07-07 02:06:10.678 25 WARNING amqp [req-f43cfab0-7a55-40db-9740-912f76c46284 - - - - -] Received method (60, 30) during closing channel 1. This method will be ignored
2025-07-07 02:06:10.678 25 DEBUG neutron.service [req-f43cfab0-7a55-40db-9740-912f76c46284 - - - - -] returning from RpcWorker wait() _wait /var/lib/kolla/venv/lib/python3.6/site-packages/neutron/service.py:135
2025-07-07 02:06:10.683 7 INFO oslo_service.service [-] Child 25 exited with status 0
2025-07-07 02:06:11.786 24 DEBUG neutron.service [-] calling stop on stop /var/lib/kolla/venv/lib/python3.6/site-packages/neutron/service.py:141
2025-07-07 02:06:12.902 23 DEBUG neutron.service [-] calling stop on stop /var/lib/kolla/venv/lib/python3.6/site-packages/neutron/service.py:141
2025-07-07 02:06:15.656 23 DEBUG oslo_concurrency.lockutils [req-f43cfab0-7a55-40db-9740-912f76c46284 - - - - -] Acquired lock "singleton_lock" lock /var/lib/kolla/venv/lib/python3.6/site-packages/oslo_concurrency/lockutils.py:294
2025-07-07 02:06:15.657 23 DEBUG oslo_concurrency.lockutils [req-f43cfab0-7a55-40db-9740-912f76c46284 - - - - -] Releasing lock "singleton_lock" lock /var/lib/kolla/venv/lib/python3.6/site-packages/oslo_concurrency/lockutils.py:312
2025-07-07 02:06:15.657 23 DEBUG neutron.service [req-f43cfab0-7a55-40db-9740-912f76c46284 - - - - -] calling RpcWorker wait() _wait /var/lib/kolla/venv/lib/python3.6/site-packages/neutron/service.py:128
2025-07-07 02:06:15.657 23 DEBUG neutron.service [req-f43cfab0-7a55-40db-9740-912f76c46284 - - - - -] calling wait on _wait /var/lib/kolla/venv/lib/python3.6/site-packages/neutron/service.py:131
2025-07-07 02:06:15.660 24 DEBUG oslo_concurrency.lockutils [req-f43cfab0-7a55-40db-9740-912f76c46284 - - - - -] Acquired lock "singleton_lock" lock /var/lib/kolla/venv/lib/python3.6/site-packages/oslo_concurrency/lockutils.py:294
2025-07-07 02:06:15.660 24 DEBUG oslo_concurrency.lockutils [req-f43cfab0-7a55-40db-9740-912f76c46284 - - - - -] Releasing lock "singleton_lock" lock /var/lib/kolla/venv/lib/python3.6/site-packages/oslo_concurrency/lockutils.py:312
2025-07-07 02:06:15.661 24 DEBUG neutron.service [req-f43cfab0-7a55-40db-9740-912f76c46284 - - - - -] calling RpcWorker wait() _wait /var/lib/kolla/venv/lib/python3.6/site-packages/neutron/service.py:128
2025-07-07 02:06:15.661 24 DEBUG neutron.service [req-f43cfab0-7a55-40db-9740-912f76c46284 - - - - -] calling wait on _wait /var/lib/kolla/venv/lib/python3.6/site-packages/neutron/service.py:131
2025-07-07 02:06:15.665 23 WARNING amqp [req-f43cfab0-7a55-40db-9740-912f76c46284 - - - - -] Received method (60, 30) during closing channel 1. This method will be ignored
2025-07-07 02:06:15.665 23 DEBUG neutron.service [req-f43cfab0-7a55-40db-9740-912f76c46284 - - - - -] calling wait on _wait /var/lib/kolla/venv/lib/python3.6/site-packages/neutron/service.py:131
2025-07-07 02:06:15.667 24 WARNING amqp [req-f43cfab0-7a55-40db-9740-912f76c46284 - - - - -] Received method (60, 30) during closing channel 1. This method will be ignored
2025-07-07 02:06:15.668 24 DEBUG neutron.service [req-f43cfab0-7a55-40db-9740-912f76c46284 - - - - -] calling wait on _wait /var/lib/kolla/venv/lib/python3.6/site-packages/neutron/service.py:131
2025-07-07 02:06:15.670 23 WARNING amqp [req-f43cfab0-7a55-40db-9740-912f76c46284 - - - - -] Received method (60, 30) during closing channel 1. This method will be ignored
2025-07-07 02:06:15.671 23 DEBUG neutron.service [req-f43cfab0-7a55-40db-9740-912f76c46284 - - - - -] calling wait on _wait /var/lib/kolla/venv/lib/python3.6/site-packages/neutron/service.py:131
2025-07-07 02:06:15.673 24 WARNING amqp [req-f43cfab0-7a55-40db-9740-912f76c46284 - - - - -] Received method (60, 30) during closing channel 1. This method will be ignored
2025-07-07 02:06:15.674 24 DEBUG neutron.service [req-f43cfab0-7a55-40db-9740-912f76c46284 - - - - -] calling wait on _wait /var/lib/kolla/venv/lib/python3.6/site-packages/neutron/service.py:131
2025-07-07 02:06:15.677 23 WARNING amqp [req-f43cfab0-7a55-40db-9740-912f76c46284 - - - - -] Received method (60, 30) during closing channel 1. This method will be ignored
2025-07-07 02:06:15.677 23 DEBUG neutron.service [req-f43cfab0-7a55-40db-9740-912f76c46284 - - - - -] calling wait on _wait /var/lib/kolla/venv/lib/python3.6/site-packages/neutron/service.py:131
2025-07-07 02:06:15.680 24 WARNING amqp [req-f43cfab0-7a55-40db-9740-912f76c46284 - - - - -] Received method (60, 30) during closing channel 1. This method will be ignored
2025-07-07 02:06:15.681 24 DEBUG neutron.service [req-f43cfab0-7a55-40db-9740-912f76c46284 - - - - -] calling wait on _wait /var/lib/kolla/venv/lib/python3.6/site-packages/neutron/service.py:131
2025-07-07 02:06:15.683 23 WARNING amqp [req-f43cfab0-7a55-40db-9740-912f76c46284 - - - - -] Received method (60, 30) during closing channel 1. This method will be ignored
2025-07-07 02:06:15.683 23 DEBUG neutron.service [req-f43cfab0-7a55-40db-9740-912f76c46284 - - - - -] returning from RpcWorker wait() _wait /var/lib/kolla/venv/lib/python3.6/site-packages/neutron/service.py:135
2025-07-07 02:06:15.686 24 WARNING amqp [req-f43cfab0-7a55-40db-9740-912f76c46284 - - - - -] Received method (60, 30) during closing channel 1. This method will be ignored
2025-07-07 02:06:15.687 24 DEBUG neutron.service [req-f43cfab0-7a55-40db-9740-912f76c46284 - - - - -] returning from RpcWorker wait() _wait /var/lib/kolla/venv/lib/python3.6/site-packages/neutron/service.py:135
2025-07-07 02:06:15.689 7 INFO oslo_service.service [-] Child 23 exited with status 0
2025-07-07 02:06:15.692 7 INFO oslo_service.service [-] Child 24 exited with status 0
2025-07-07 02:06:15.692 7 INFO oslo_service.service [-] Wait called after thread killed. Cleaning up.
2025-07-07 02:06:15.692 7 DEBUG oslo_service.service [-] Stop services. stop /var/lib/kolla/venv/lib/python3.6/site-packages/oslo_service/service.py:695
2025-07-07 02:06:15.692 7 DEBUG oslo_service.service [-] Killing children. stop /var/lib/kolla/venv/lib/python3.6/site-packages/oslo_service/service.py:700
2025-07-07 02:06:19.149 6 INFO neutron.common.config [-] Logging enabled!
2025-07-07 02:06:19.149 6 INFO neutron.common.config [-] /var/lib/kolla/venv/bin/neutron-server version 20.5.1.dev23
2025-07-07 02:06:19.149 6 DEBUG neutron.common.config [-] command line: /var/lib/kolla/venv/bin/neutron-server --config-file /etc/neutron/neutron.conf --config-file /etc/neutron/ContrailPlugin.ini --config-file /etc/neutron/api-paste.ini setup_logging /var/lib/kolla/venv/lib/python3.6/site-packages/neutron/common/config.py:115
2025-07-07 02:06:19.153 6 INFO neutron.common.config [-] Logging enabled!
2025-07-07 02:06:19.153 6 INFO neutron.common.config [-] /var/lib/kolla/venv/bin/neutron-server version 20.5.1.dev23
2025-07-07 02:06:19.153 6 DEBUG neutron.common.config [-] command line: /var/lib/kolla/venv/bin/neutron-server --config-file /etc/neutron/neutron.conf --config-file /etc/neutron/ContrailPlugin.ini --config-file /etc/neutron/api-paste.ini setup_logging /var/lib/kolla/venv/lib/python3.6/site-packages/neutron/common/config.py:115
2025-07-07 02:06:19.154 6 DEBUG neutron.common.config [-] ******************************************************************************** log_opt_values /var/lib/kolla/venv/lib/python3.6/site-packages/oslo_config/cfg.py:2589
2025-07-07 02:06:19.154 6 DEBUG neutron.common.config [-] Configuration options gathered from: log_opt_values /var/lib/kolla/venv/lib/python3.6/site-packages/oslo_config/cfg.py:2590
2025-07-07 02:06:19.154 6 DEBUG neutron.common.config [-] command line args: ['--config-file', '/etc/neutron/neutron.conf', '--config-file', '/etc/neutron/ContrailPlugin.ini', '--config-file', '/etc/neutron/api-paste.ini'] log_opt_values /var/lib/kolla/venv/lib/python3.6/site-packages/oslo_config/cfg.py:2591
2025-07-07 02:06:19.155 6 DEBUG neutron.common.config [-] config files: ['/etc/neutron/neutron.conf', '/etc/neutron/ContrailPlugin.ini', '/etc/neutron/api-paste.ini'] log_opt_values /var/lib/kolla/venv/lib/python3.6/site-packages/oslo_config/cfg.py:2593
