2025-07-03 00:37:31.722 135359 DEBUG oslo_service.service [req-6b17795c-e484-4c79-8e21-bfbd47044485 - - - - -] rescue_timeout = 0 log_opt_values /usr/lib/python3/dist-packages/oslo_config/cfg.py:2602
2025-07-03 00:37:31.722 135359 DEBUG oslo_service.service [req-6b17795c-e484-4c79-8e21-bfbd47044485 - - - - -] reserved_host_cpus = 0 log_opt_values /usr/lib/python3/dist-packages/oslo_config/cfg.py:2602
2025-07-03 00:37:31.724 135359 DEBUG oslo_service.service [req-6b17795c-e484-4c79-8e21-bfbd47044485 - - - - -] reserved_host_disk_mb = 0 log_opt_values /usr/lib/python3/dist-packages/oslo_config/cfg.py:2602
2025-07-03 00:37:31.724 135359 DEBUG oslo_service.service [req-6b17795c-e484-4c79-8e21-bfbd47044485 - - - - -] reserved_host_memory_mb = 512 log_opt_values /usr/lib/python3/dist-packages/oslo_config/cfg.py:2602
2025-07-03 00:37:31.724 135359 DEBUG oslo_service.service [req-6b17795c-e484-4c79-8e21-bfbd47044485 - - - - -] reserved_huge_pages = None log_opt_values /usr/lib/python3/dist-packages/oslo_config/cfg.py:2602
2025-07-03 00:37:31.725 135359 DEBUG oslo_service.service [req-6b17795c-e484-4c79-8e21-bfbd47044485 - - - - -] resize_confirm_window = 0 log_opt_values /usr/lib/python3/dist-packages/oslo_config/cfg.py:2602
2025-07-03 00:37:31.725 135359 DEBUG oslo_service.service [req-6b17795c-e484-4c79-8e21-bfbd47044485 - - - - -] resize_fs_using_block_device = False log_opt_values /usr/lib/python3/dist-packages/oslo_config/cfg.py:2602
2025-07-03 00:37:31.727 135359 DEBUG oslo_service.service [req-6b17795c-e484-4c79-8e21-bfbd47044485 - - - - -] resume_guests_state_on_host_boot = False log_opt_values /usr/lib/python3/dist-packages/oslo_config/cfg.py:2602
2025-07-03 00:37:31.727 135359 DEBUG oslo_service.service [req-6b17795c-e484-4c79-8e21-bfbd47044485 - - - - -] rootwrap_config = /etc/nova/rootwrap.conf log_opt_values /usr/lib/python3/dist-packages/oslo_config/cfg.py:2602
2025-07-03 00:37:31.727 135359 DEBUG oslo_service.service [req-6b17795c-e484-4c79-8e21-bfbd47044485 - - - - -] rpc_response_timeout = 60 log_opt_values /usr/lib/python3/dist-packages/oslo_config/cfg.py:2602
2025-07-03 00:37:31.728 135359 DEBUG oslo_service.service [req-6b17795c-e484-4c79-8e21-bfbd47044485 - - - - -] run_external_periodic_tasks = True log_opt_values /usr/lib/python3/dist-packages/oslo_config/cfg.py:2602
2025-07-03 00:37:31.729 135359 DEBUG oslo_service.service [req-6b17795c-e484-4c79-8e21-bfbd47044485 - - - - -] running_deleted_instance_action = reap log_opt_values /usr/lib/python3/dist-packages/oslo_config/cfg.py:2602
2025-07-03 00:37:31.729 135359 DEBUG oslo_service.service [req-6b17795c-e484-4c79-8e21-bfbd47044485 - - - - -] running_deleted_instance_poll_interval = 1800 log_opt_values /usr/lib/python3/dist-packages/oslo_config/cfg.py:2602
2025-07-03 00:37:31.729 135359 DEBUG oslo_service.service [req-6b17795c-e484-4c79-8e21-bfbd47044485 - - - - -] running_deleted_instance_timeout = 0 log_opt_values /usr/lib/python3/dist-packages/oslo_config/cfg.py:2602
2025-07-03 00:37:31.729 135359 DEBUG oslo_service.service [req-6b17795c-e484-4c79-8e21-bfbd47044485 - - - - -] scheduler_instance_sync_interval = 120 log_opt_values /usr/lib/python3/dist-packages/oslo_config/cfg.py:2602
2025-07-03 00:37:31.730 135359 DEBUG oslo_service.service [req-6b17795c-e484-4c79-8e21-bfbd47044485 - - - - -] service_down_time = 60 log_opt_values /usr/lib/python3/dist-packages/oslo_config/cfg.py:2602
2025-07-03 00:37:31.730 135359 DEBUG oslo_service.service [req-6b17795c-e484-4c79-8e21-bfbd47044485 - - - - -] servicegroup_driver = db log_opt_values /usr/lib/python3/dist-packages/oslo_config/cfg.py:2602
2025-07-03 00:37:31.730 136709 DEBUG nova.service [req-67c55e9f-5c96-451c-9a9d-82bd7393e280 - - - - -] Creating RPC server for service conductor start /usr/lib/python3/dist-packages/nova/service.py:182
2025-07-03 00:37:31.731 135359 DEBUG oslo_service.service [req-6b17795c-e484-4c79-8e21-bfbd47044485 - - - - -] shelved_offload_time = 0 log_opt_values /usr/lib/python3/dist-packages/oslo_config/cfg.py:2602
2025-07-03 00:37:31.731 135359 DEBUG oslo_service.service [req-6b17795c-e484-4c79-8e21-bfbd47044485 - - - - -] shelved_poll_interval = 3600 log_opt_values /usr/lib/python3/dist-packages/oslo_config/cfg.py:2602
2025-07-03 00:37:31.731 135359 DEBUG oslo_service.service [req-6b17795c-e484-4c79-8e21-bfbd47044485 - - - - -] shutdown_timeout = 60 log_opt_values /usr/lib/python3/dist-packages/oslo_config/cfg.py:2602
2025-07-03 00:37:31.732 135359 DEBUG oslo_service.service [req-6b17795c-e484-4c79-8e21-bfbd47044485 - - - - -] source_is_ipv6 = False log_opt_values /usr/lib/python3/dist-packages/oslo_config/cfg.py:2602
2025-07-03 00:37:31.732 135359 DEBUG oslo_service.service [req-6b17795c-e484-4c79-8e21-bfbd47044485 - - - - -] ssl_only = False log_opt_values /usr/lib/python3/dist-packages/oslo_config/cfg.py:2602
2025-07-03 00:37:31.732 135359 DEBUG oslo_service.service [req-6b17795c-e484-4c79-8e21-bfbd47044485 - - - - -] state_path = /var/lib/nova log_opt_values /usr/lib/python3/dist-packages/oslo_config/cfg.py:2602
2025-07-03 00:37:31.732 135359 DEBUG oslo_service.service [req-6b17795c-e484-4c79-8e21-bfbd47044485 - - - - -] sync_power_state_interval = 600 log_opt_values /usr/lib/python3/dist-packages/oslo_config/cfg.py:2602
2025-07-03 00:37:31.733 135359 DEBUG oslo_service.service [req-6b17795c-e484-4c79-8e21-bfbd47044485 - - - - -] sync_power_state_pool_size = 1000 log_opt_values /usr/lib/python3/dist-packages/oslo_config/cfg.py:2602
2025-07-03 00:37:31.734 135359 DEBUG oslo_service.service [req-6b17795c-e484-4c79-8e21-bfbd47044485 - - - - -] syslog_log_facility = LOG_USER log_opt_values /usr/lib/python3/dist-packages/oslo_config/cfg.py:2602
2025-07-03 00:37:31.734 135359 DEBUG oslo_service.service [req-6b17795c-e484-4c79-8e21-bfbd47044485 - - - - -] tempdir = None log_opt_values /usr/lib/python3/dist-packages/oslo_config/cfg.py:2602
2025-07-03 00:37:31.734 135359 DEBUG oslo_service.service [req-6b17795c-e484-4c79-8e21-bfbd47044485 - - - - -] timeout_nbd = 10 log_opt_values /usr/lib/python3/dist-packages/oslo_config/cfg.py:2602
2025-07-03 00:37:31.735 135359 DEBUG oslo_service.service [req-6b17795c-e484-4c79-8e21-bfbd47044485 - - - - -] transport_url = **** log_opt_values /usr/lib/python3/dist-packages/oslo_config/cfg.py:2602
2025-07-03 00:37:31.735 135359 DEBUG oslo_service.service [req-6b17795c-e484-4c79-8e21-bfbd47044485 - - - - -] update_resources_interval = 0 log_opt_values /usr/lib/python3/dist-packages/oslo_config/cfg.py:2602
2025-07-03 00:37:31.737 135359 DEBUG oslo_service.service [req-6b17795c-e484-4c79-8e21-bfbd47044485 - - - - -] use_cow_images = True log_opt_values /usr/lib/python3/dist-packages/oslo_config/cfg.py:2602
2025-07-03 00:37:31.737 135359 DEBUG oslo_service.service [req-6b17795c-e484-4c79-8e21-bfbd47044485 - - - - -] use_eventlog = False log_opt_values /usr/lib/python3/dist-packages/oslo_config/cfg.py:2602
2025-07-03 00:37:31.737 135359 DEBUG oslo_service.service [req-6b17795c-e484-4c79-8e21-bfbd47044485 - - - - -] use_journal = False log_opt_values /usr/lib/python3/dist-packages/oslo_config/cfg.py:2602
2025-07-03 00:37:31.737 135359 DEBUG oslo_service.service [req-6b17795c-e484-4c79-8e21-bfbd47044485 - - - - -] use_json = False log_opt_values /usr/lib/python3/dist-packages/oslo_config/cfg.py:2602
2025-07-03 00:37:31.738 135359 DEBUG oslo_service.service [req-6b17795c-e484-4c79-8e21-bfbd47044485 - - - - -] use_rootwrap_daemon = False log_opt_values /usr/lib/python3/dist-packages/oslo_config/cfg.py:2602
2025-07-03 00:37:31.738 135359 DEBUG oslo_service.service [req-6b17795c-e484-4c79-8e21-bfbd47044485 - - - - -] use_stderr = False log_opt_values /usr/lib/python3/dist-packages/oslo_config/cfg.py:2602
2025-07-03 00:37:31.738 135359 DEBUG oslo_service.service [req-6b17795c-e484-4c79-8e21-bfbd47044485 - - - - -] use_syslog = False log_opt_values /usr/lib/python3/dist-packages/oslo_config/cfg.py:2602
2025-07-03 00:37:31.738 135359 DEBUG oslo_service.service [req-6b17795c-e484-4c79-8e21-bfbd47044485 - - - - -] vcpu_pin_set = None log_opt_values /usr/lib/python3/dist-packages/oslo_config/cfg.py:2602
2025-07-03 00:37:31.738 136711 DEBUG nova.service [req-ebaa80f9-4854-43e8-a614-f913fa140f95 - - - - -] Creating RPC server for service conductor start /usr/lib/python3/dist-packages/nova/service.py:182
2025-07-03 00:37:31.738 135359 DEBUG oslo_service.service [req-6b17795c-e484-4c79-8e21-bfbd47044485 - - - - -] vif_plugging_is_fatal = True log_opt_values /usr/lib/python3/dist-packages/oslo_config/cfg.py:2602
2025-07-03 00:37:31.739 135359 DEBUG oslo_service.service [req-6b17795c-e484-4c79-8e21-bfbd47044485 - - - - -] vif_plugging_timeout = 300 log_opt_values /usr/lib/python3/dist-packages/oslo_config/cfg.py:2602
2025-07-03 00:37:31.739 135359 DEBUG oslo_service.service [req-6b17795c-e484-4c79-8e21-bfbd47044485 - - - - -] virt_mkfs = [] log_opt_values /usr/lib/python3/dist-packages/oslo_config/cfg.py:2602
2025-07-03 00:37:31.739 135359 DEBUG oslo_service.service [req-6b17795c-e484-4c79-8e21-bfbd47044485 - - - - -] volume_usage_poll_interval = 0 log_opt_values /usr/lib/python3/dist-packages/oslo_config/cfg.py:2602
2025-07-03 00:37:31.739 135359 DEBUG oslo_service.service [req-6b17795c-e484-4c79-8e21-bfbd47044485 - - - - -] watch_log_file = False log_opt_values /usr/lib/python3/dist-packages/oslo_config/cfg.py:2602
2025-07-03 00:37:31.739 135359 DEBUG oslo_service.service [req-6b17795c-e484-4c79-8e21-bfbd47044485 - - - - -] web = /usr/share/spice-html5 log_opt_values /usr/lib/python3/dist-packages/oslo_config/cfg.py:2602
2025-07-03 00:37:31.740 135359 DEBUG oslo_service.service [req-6b17795c-e484-4c79-8e21-bfbd47044485 - - - - -] oslo_concurrency.disable_process_locking = False log_opt_values /usr/lib/python3/dist-packages/oslo_config/cfg.py:2609
2025-07-03 00:37:31.740 135359 DEBUG oslo_service.service [req-6b17795c-e484-4c79-8e21-bfbd47044485 - - - - -] oslo_concurrency.lock_path = /var/lock/nova log_opt_values /usr/lib/python3/dist-packages/oslo_config/cfg.py:2609
2025-07-03 00:37:31.741 135359 DEBUG oslo_service.service [req-6b17795c-e484-4c79-8e21-bfbd47044485 - - - - -] oslo_messaging_metrics.metrics_buffer_size = 1000 log_opt_values /usr/lib/python3/dist-packages/oslo_config/cfg.py:2609
2025-07-03 00:37:31.741 135359 DEBUG oslo_service.service [req-6b17795c-e484-4c79-8e21-bfbd47044485 - - - - -] oslo_messaging_metrics.metrics_enabled = False log_opt_values /usr/lib/python3/dist-packages/oslo_config/cfg.py:2609
2025-07-03 00:37:31.741 135359 DEBUG oslo_service.service [req-6b17795c-e484-4c79-8e21-bfbd47044485 - - - - -] oslo_messaging_metrics.metrics_process_name = log_opt_values /usr/lib/python3/dist-packages/oslo_config/cfg.py:2609
2025-07-03 00:37:31.741 135359 DEBUG oslo_service.service [req-6b17795c-e484-4c79-8e21-bfbd47044485 - - - - -] oslo_messaging_metrics.metrics_socket_file = /var/tmp/metrics_collector.sock log_opt_values /usr/lib/python3/dist-packages/oslo_config/cfg.py:2609
2025-07-03 00:37:31.742 135359 DEBUG oslo_service.service [req-6b17795c-e484-4c79-8e21-bfbd47044485 - - - - -] oslo_messaging_metrics.metrics_thread_stop_timeout = 10 log_opt_values /usr/lib/python3/dist-packages/oslo_config/cfg.py:2609
2025-07-03 00:37:31.742 136710 DEBUG nova.service [req-44e9d4e0-0faa-4487-9b08-7a42cd7a3620 - - - - -] Creating RPC server for service conductor start /usr/lib/python3/dist-packages/nova/service.py:182
2025-07-03 00:37:31.742 136708 DEBUG nova.service [req-05e8d5c2-b77e-4fe5-904d-17e0de486ac8 - - - - -] Creating RPC server for service conductor start /usr/lib/python3/dist-packages/nova/service.py:182
2025-07-03 00:37:31.742 135359 WARNING oslo_config.cfg [req-6b17795c-e484-4c79-8e21-bfbd47044485 - - - - -] Deprecated: Option "auth_strategy" from group "api" is deprecated for removal ( The only non-default choice, ``noauth2``, is for internal development and testing purposes only and should not be used in deployments. This option and its middleware, NoAuthMiddleware[V2_18], will be removed in a future release. ). Its value may be silently ignored in the future.
2025-07-03 00:37:31.743 135359 DEBUG oslo_service.service [req-6b17795c-e484-4c79-8e21-bfbd47044485 - - - - -] api.auth_strategy = keystone log_opt_values /usr/lib/python3/dist-packages/oslo_config/cfg.py:2609
2025-07-03 00:37:31.743 135359 DEBUG oslo_service.service [req-6b17795c-e484-4c79-8e21-bfbd47044485 - - - - -] api.compute_link_prefix = None log_opt_values /usr/lib/python3/dist-packages/oslo_config/cfg.py:2609
2025-07-03 00:37:31.743 135359 DEBUG oslo_service.service [req-6b17795c-e484-4c79-8e21-bfbd47044485 - - - - -] api.config_drive_skip_versions = 1.0 2007-01-19 2007-03-01 2007-08-29 2007-10-10 2007-12-15 2008-02-01 2008-09-01 log_opt_values /usr/lib/python3/dist-packages/oslo_config/cfg.py:2609
2025-07-03 00:37:31.743 135359 DEBUG oslo_service.service [req-6b17795c-e484-4c79-8e21-bfbd47044485 - - - - -] api.dhcp_domain = novalocal log_opt_values /usr/lib/python3/dist-packages/oslo_config/cfg.py:2609
2025-07-03 00:37:31.744 135359 DEBUG oslo_service.service [req-6b17795c-e484-4c79-8e21-bfbd47044485 - - - - -] api.enable_instance_password = True log_opt_values /usr/lib/python3/dist-packages/oslo_config/cfg.py:2609
2025-07-03 00:37:31.744 135359 DEBUG oslo_service.service [req-6b17795c-e484-4c79-8e21-bfbd47044485 - - - - -] api.glance_link_prefix = None log_opt_values /usr/lib/python3/dist-packages/oslo_config/cfg.py:2609
2025-07-03 00:37:31.744 135359 DEBUG oslo_service.service [req-6b17795c-e484-4c79-8e21-bfbd47044485 - - - - -] api.instance_list_cells_batch_fixed_size = 100 log_opt_values /usr/lib/python3/dist-packages/oslo_config/cfg.py:2609
2025-07-03 00:37:31.744 135359 DEBUG oslo_service.service [req-6b17795c-e484-4c79-8e21-bfbd47044485 - - - - -] api.instance_list_cells_batch_strategy = distributed log_opt_values /usr/lib/python3/dist-packages/oslo_config/cfg.py:2609
2025-07-03 00:37:31.745 135359 DEBUG oslo_service.service [req-6b17795c-e484-4c79-8e21-bfbd47044485 - - - - -] api.instance_list_per_project_cells = False log_opt_values /usr/lib/python3/dist-packages/oslo_config/cfg.py:2609
2025-07-03 00:37:31.745 135359 DEBUG oslo_service.service [req-6b17795c-e484-4c79-8e21-bfbd47044485 - - - - -] api.list_records_by_skipping_down_cells = True log_opt_values /usr/lib/python3/dist-packages/oslo_config/cfg.py:2609
2025-07-03 00:37:31.745 135359 DEBUG oslo_service.service [req-6b17795c-e484-4c79-8e21-bfbd47044485 - - - - -] api.local_metadata_per_cell = False log_opt_values /usr/lib/python3/dist-packages/oslo_config/cfg.py:2609
2025-07-03 00:37:31.746 135359 DEBUG oslo_service.service [req-6b17795c-e484-4c79-8e21-bfbd47044485 - - - - -] api.max_limit = 1000 log_opt_values /usr/lib/python3/dist-packages/oslo_config/cfg.py:2609
2025-07-03 00:37:31.746 135359 DEBUG oslo_service.service [req-6b17795c-e484-4c79-8e21-bfbd47044485 - - - - -] api.metadata_cache_expiration = 15 log_opt_values /usr/lib/python3/dist-packages/oslo_config/cfg.py:2609
2025-07-03 00:37:31.746 135359 DEBUG oslo_service.service [req-6b17795c-e484-4c79-8e21-bfbd47044485 - - - - -] api.neutron_default_tenant_id = default log_opt_values /usr/lib/python3/dist-packages/oslo_config/cfg.py:2609
2025-07-03 00:37:31.747 135359 DEBUG oslo_service.service [req-6b17795c-e484-4c79-8e21-bfbd47044485 - - - - -] api.use_forwarded_for = False log_opt_values /usr/lib/python3/dist-packages/oslo_config/cfg.py:2609
2025-07-03 00:37:31.747 135359 DEBUG oslo_service.service [req-6b17795c-e484-4c79-8e21-bfbd47044485 - - - - -] api.use_neutron_default_nets = False log_opt_values /usr/lib/python3/dist-packages/oslo_config/cfg.py:2609
2025-07-03 00:37:31.747 135359 DEBUG oslo_service.service [req-6b17795c-e484-4c79-8e21-bfbd47044485 - - - - -] api.vendordata_dynamic_connect_timeout = 5 log_opt_values /usr/lib/python3/dist-packages/oslo_config/cfg.py:2609
2025-07-03 00:37:31.747 135359 DEBUG oslo_service.service [req-6b17795c-e484-4c79-8e21-bfbd47044485 - - - - -] api.vendordata_dynamic_failure_fatal = False log_opt_values /usr/lib/python3/dist-packages/oslo_config/cfg.py:2609
2025-07-03 00:37:31.747 135359 DEBUG oslo_service.service [req-6b17795c-e484-4c79-8e21-bfbd47044485 - - - - -] api.vendordata_dynamic_read_timeout = 5 log_opt_values /usr/lib/python3/dist-packages/oslo_config/cfg.py:2609
2025-07-03 00:37:31.748 135359 DEBUG oslo_service.service [req-6b17795c-e484-4c79-8e21-bfbd47044485 - - - - -] api.vendordata_dynamic_ssl_certfile = log_opt_values /usr/lib/python3/dist-packages/oslo_config/cfg.py:2609
2025-07-03 00:37:31.748 135359 DEBUG oslo_service.service [req-6b17795c-e484-4c79-8e21-bfbd47044485 - - - - -] api.vendordata_dynamic_targets = [] log_opt_values /usr/lib/python3/dist-packages/oslo_config/cfg.py:2609
2025-07-03 00:37:31.748 135359 DEBUG oslo_service.service [req-6b17795c-e484-4c79-8e21-bfbd47044485 - - - - -] api.vendordata_jsonfile_path = None log_opt_values /usr/lib/python3/dist-packages/oslo_config/cfg.py:2609
2025-07-03 00:37:31.748 135359 DEBUG oslo_service.service [req-6b17795c-e484-4c79-8e21-bfbd47044485 - - - - -] api.vendordata_providers = ['StaticJSON'] log_opt_values /usr/lib/python3/dist-packages/oslo_config/cfg.py:2609
2025-07-03 00:37:31.749 135359 DEBUG oslo_service.service [req-6b17795c-e484-4c79-8e21-bfbd47044485 - - - - -] cache.backend = dogpile.cache.null log_opt_values /usr/lib/python3/dist-packages/oslo_config/cfg.py:2609
2025-07-03 00:37:31.749 135359 DEBUG oslo_service.service [req-6b17795c-e484-4c79-8e21-bfbd47044485 - - - - -] cache.backend_argument = **** log_opt_values /usr/lib/python3/dist-packages/oslo_config/cfg.py:2609
2025-07-03 00:37:31.749 135359 DEBUG oslo_service.service [req-6b17795c-e484-4c79-8e21-bfbd47044485 - - - - -] cache.config_prefix = cache.oslo log_opt_values /usr/lib/python3/dist-packages/oslo_config/cfg.py:2609
2025-07-03 00:37:31.749 135359 DEBUG oslo_service.service [req-6b17795c-e484-4c79-8e21-bfbd47044485 - - - - -] cache.debug_cache_backend = False log_opt_values /usr/lib/python3/dist-packages/oslo_config/cfg.py:2609
2025-07-03 00:37:31.750 135359 DEBUG oslo_service.service [req-6b17795c-e484-4c79-8e21-bfbd47044485 - - - - -] cache.enabled = False log_opt_values /usr/lib/python3/dist-packages/oslo_config/cfg.py:2609
2025-07-03 00:37:31.750 135359 DEBUG oslo_service.service [req-6b17795c-e484-4c79-8e21-bfbd47044485 - - - - -] cache.expiration_time = 600 log_opt_values /usr/lib/python3/dist-packages/oslo_config/cfg.py:2609
2025-07-03 00:37:31.750 135359 DEBUG oslo_service.service [req-6b17795c-e484-4c79-8e21-bfbd47044485 - - - - -] cache.memcache_dead_retry = 300 log_opt_values /usr/lib/python3/dist-packages/oslo_config/cfg.py:2609
2025-07-03 00:37:31.751 135359 DEBUG oslo_service.service [req-6b17795c-e484-4c79-8e21-bfbd47044485 - - - - -] cache.memcache_pool_connection_get_timeout = 10 log_opt_values /usr/lib/python3/dist-packages/oslo_config/cfg.py:2609
2025-07-03 00:37:31.751 135359 DEBUG oslo_service.service [req-6b17795c-e484-4c79-8e21-bfbd47044485 - - - - -] cache.memcache_pool_flush_on_reconnect = False log_opt_values /usr/lib/python3/dist-packages/oslo_config/cfg.py:2609
2025-07-03 00:37:31.751 135359 DEBUG oslo_service.service [req-6b17795c-e484-4c79-8e21-bfbd47044485 - - - - -] cache.memcache_pool_maxsize = 10 log_opt_values /usr/lib/python3/dist-packages/oslo_config/cfg.py:2609
2025-07-03 00:37:31.751 135359 DEBUG oslo_service.service [req-6b17795c-e484-4c79-8e21-bfbd47044485 - - - - -] cache.memcache_pool_unused_timeout = 60 log_opt_values /usr/lib/python3/dist-packages/oslo_config/cfg.py:2609
2025-07-03 00:37:31.751 135359 DEBUG oslo_service.service [req-6b17795c-e484-4c79-8e21-bfbd47044485 - - - - -] cache.memcache_servers = ['localhost:11211'] log_opt_values /usr/lib/python3/dist-packages/oslo_config/cfg.py:2609
2025-07-03 00:37:31.752 135359 DEBUG oslo_service.service [req-6b17795c-e484-4c79-8e21-bfbd47044485 - - - - -] cache.memcache_socket_timeout = 1.0 log_opt_values /usr/lib/python3/dist-packages/oslo_config/cfg.py:2609
2025-07-03 00:37:31.752 135359 DEBUG oslo_service.service [req-6b17795c-e484-4c79-8e21-bfbd47044485 - - - - -] cache.proxies = [] log_opt_values /usr/lib/python3/dist-packages/oslo_config/cfg.py:2609
2025-07-03 00:37:31.752 135359 DEBUG oslo_service.service [req-6b17795c-e484-4c79-8e21-bfbd47044485 - - - - -] cache.tls_allowed_ciphers = None log_opt_values /usr/lib/python3/dist-packages/oslo_config/cfg.py:2609
2025-07-03 00:37:31.752 135359 DEBUG oslo_service.service [req-6b17795c-e484-4c79-8e21-bfbd47044485 - - - - -] cache.tls_cafile = None log_opt_values /usr/lib/python3/dist-packages/oslo_config/cfg.py:2609
2025-07-03 00:37:31.753 135359 DEBUG oslo_service.service [req-6b17795c-e484-4c79-8e21-bfbd47044485 - - - - -] cache.tls_certfile = None log_opt_values /usr/lib/python3/dist-packages/oslo_config/cfg.py:2609
2025-07-03 00:37:31.753 135359 DEBUG oslo_service.service [req-6b17795c-e484-4c79-8e21-bfbd47044485 - - - - -] cache.tls_enabled = False log_opt_values /usr/lib/python3/dist-packages/oslo_config/cfg.py:2609
2025-07-03 00:37:31.753 135359 DEBUG oslo_service.service [req-6b17795c-e484-4c79-8e21-bfbd47044485 - - - - -] cache.tls_keyfile = None log_opt_values /usr/lib/python3/dist-packages/oslo_config/cfg.py:2609
2025-07-03 00:37:31.753 135359 DEBUG oslo_service.service [req-6b17795c-e484-4c79-8e21-bfbd47044485 - - - - -] cinder.auth_section = None log_opt_values /usr/lib/python3/dist-packages/oslo_config/cfg.py:2609
2025-07-03 00:37:31.753 135359 DEBUG oslo_service.service [req-6b17795c-e484-4c79-8e21-bfbd47044485 - - - - -] cinder.auth_type = None log_opt_values /usr/lib/python3/dist-packages/oslo_config/cfg.py:2609
2025-07-03 00:37:31.753 135359 DEBUG oslo_service.service [req-6b17795c-e484-4c79-8e21-bfbd47044485 - - - - -] cinder.cafile = None log_opt_values /usr/lib/python3/dist-packages/oslo_config/cfg.py:2609
2025-07-03 00:37:31.754 135359 DEBUG oslo_service.service [req-6b17795c-e484-4c79-8e21-bfbd47044485 - - - - -] cinder.catalog_info = volumev3::publicURL log_opt_values /usr/lib/python3/dist-packages/oslo_config/cfg.py:2609
2025-07-03 00:37:31.754 135359 DEBUG oslo_service.service [req-6b17795c-e484-4c79-8e21-bfbd47044485 - - - - -] cinder.certfile = None log_opt_values /usr/lib/python3/dist-packages/oslo_config/cfg.py:2609
2025-07-03 00:37:31.754 135359 DEBUG oslo_service.service [req-6b17795c-e484-4c79-8e21-bfbd47044485 - - - - -] cinder.collect_timing = False log_opt_values /usr/lib/python3/dist-packages/oslo_config/cfg.py:2609
2025-07-03 00:37:31.754 135359 DEBUG oslo_service.service [req-6b17795c-e484-4c79-8e21-bfbd47044485 - - - - -] cinder.cross_az_attach = True log_opt_values /usr/lib/python3/dist-packages/oslo_config/cfg.py:2609
2025-07-03 00:37:31.754 135359 DEBUG oslo_service.service [req-6b17795c-e484-4c79-8e21-bfbd47044485 - - - - -] cinder.debug = False log_opt_values /usr/lib/python3/dist-packages/oslo_config/cfg.py:2609
2025-07-03 00:37:31.755 135359 DEBUG oslo_service.service [req-6b17795c-e484-4c79-8e21-bfbd47044485 - - - - -] cinder.endpoint_template = None log_opt_values /usr/lib/python3/dist-packages/oslo_config/cfg.py:2609
2025-07-03 00:37:31.755 135359 DEBUG oslo_service.service [req-6b17795c-e484-4c79-8e21-bfbd47044485 - - - - -] cinder.http_retries = 3 log_opt_values /usr/lib/python3/dist-packages/oslo_config/cfg.py:2609
2025-07-03 00:37:31.755 135359 DEBUG oslo_service.service [req-6b17795c-e484-4c79-8e21-bfbd47044485 - - - - -] cinder.insecure = False log_opt_values /usr/lib/python3/dist-packages/oslo_config/cfg.py:2609
2025-07-03 00:37:31.755 135359 DEBUG oslo_service.service [req-6b17795c-e484-4c79-8e21-bfbd47044485 - - - - -] cinder.keyfile = None log_opt_values /usr/lib/python3/dist-packages/oslo_config/cfg.py:2609
2025-07-03 00:37:31.756 135359 DEBUG oslo_service.service [req-6b17795c-e484-4c79-8e21-bfbd47044485 - - - - -] cinder.os_region_name = None log_opt_values /usr/lib/python3/dist-packages/oslo_config/cfg.py:2609
2025-07-03 00:37:31.756 135359 DEBUG oslo_service.service [req-6b17795c-e484-4c79-8e21-bfbd47044485 - - - - -] cinder.split_loggers = False log_opt_values /usr/lib/python3/dist-packages/oslo_config/cfg.py:2609
2025-07-03 00:37:31.756 135359 DEBUG oslo_service.service [req-6b17795c-e484-4c79-8e21-bfbd47044485 - - - - -] cinder.timeout = None log_opt_values /usr/lib/python3/dist-packages/oslo_config/cfg.py:2609
2025-07-03 00:37:31.756 135359 DEBUG oslo_service.service [req-6b17795c-e484-4c79-8e21-bfbd47044485 - - - - -] compute.consecutive_build_service_disable_threshold = 10 log_opt_values /usr/lib/python3/dist-packages/oslo_config/cfg.py:2609
2025-07-03 00:37:31.756 135359 DEBUG oslo_service.service [req-6b17795c-e484-4c79-8e21-bfbd47044485 - - - - -] compute.cpu_dedicated_set = None log_opt_values /usr/lib/python3/dist-packages/oslo_config/cfg.py:2609
2025-07-03 00:37:31.757 135359 DEBUG oslo_service.service [req-6b17795c-e484-4c79-8e21-bfbd47044485 - - - - -] compute.cpu_shared_set = None log_opt_values /usr/lib/python3/dist-packages/oslo_config/cfg.py:2609
2025-07-03 00:37:31.757 135359 DEBUG oslo_service.service [req-6b17795c-e484-4c79-8e21-bfbd47044485 - - - - -] compute.image_type_exclude_list = [] log_opt_values /usr/lib/python3/dist-packages/oslo_config/cfg.py:2609
2025-07-03 00:37:31.757 135359 DEBUG oslo_service.service [req-6b17795c-e484-4c79-8e21-bfbd47044485 - - - - -] compute.live_migration_wait_for_vif_plug = True log_opt_values /usr/lib/python3/dist-packages/oslo_config/cfg.py:2609
2025-07-03 00:37:31.757 135359 DEBUG oslo_service.service [req-6b17795c-e484-4c79-8e21-bfbd47044485 - - - - -] compute.max_concurrent_disk_ops = 0 log_opt_values /usr/lib/python3/dist-packages/oslo_config/cfg.py:2609
2025-07-03 00:37:31.758 135359 DEBUG oslo_service.service [req-6b17795c-e484-4c79-8e21-bfbd47044485 - - - - -] compute.max_disk_devices_to_attach = -1 log_opt_values /usr/lib/python3/dist-packages/oslo_config/cfg.py:2609
2025-07-03 00:37:31.758 135359 DEBUG oslo_service.service [req-6b17795c-e484-4c79-8e21-bfbd47044485 - - - - -] compute.packing_host_numa_cells_allocation_strategy = True log_opt_values /usr/lib/python3/dist-packages/oslo_config/cfg.py:2609
2025-07-03 00:37:31.758 135359 DEBUG oslo_service.service [req-6b17795c-e484-4c79-8e21-bfbd47044485 - - - - -] compute.provider_config_location = /etc/nova/provider_config/ log_opt_values /usr/lib/python3/dist-packages/oslo_config/cfg.py:2609
2025-07-03 00:37:31.758 135359 DEBUG oslo_service.service [req-6b17795c-e484-4c79-8e21-bfbd47044485 - - - - -] compute.resource_provider_association_refresh = 300 log_opt_values /usr/lib/python3/dist-packages/oslo_config/cfg.py:2609
2025-07-03 00:37:31.759 135359 DEBUG oslo_service.service [req-6b17795c-e484-4c79-8e21-bfbd47044485 - - - - -] compute.shutdown_retry_interval = 10 log_opt_values /usr/lib/python3/dist-packages/oslo_config/cfg.py:2609
2025-07-03 00:37:31.759 135359 DEBUG oslo_service.service [req-6b17795c-e484-4c79-8e21-bfbd47044485 - - - - -] compute.vmdk_allowed_types = ['streamOptimized', 'monolithicSparse'] log_opt_values /usr/lib/python3/dist-packages/oslo_config/cfg.py:2609
2025-07-03 00:37:31.759 135359 DEBUG oslo_service.service [req-6b17795c-e484-4c79-8e21-bfbd47044485 - - - - -] conductor.workers = 4 log_opt_values /usr/lib/python3/dist-packages/oslo_config/cfg.py:2609
2025-07-03 00:37:31.759 135359 DEBUG oslo_service.service [req-6b17795c-e484-4c79-8e21-bfbd47044485 - - - - -] console.allowed_origins = [] log_opt_values /usr/lib/python3/dist-packages/oslo_config/cfg.py:2609
2025-07-03 00:37:31.760 135359 DEBUG oslo_service.service [req-6b17795c-e484-4c79-8e21-bfbd47044485 - - - - -] console.ssl_ciphers = None log_opt_values /usr/lib/python3/dist-packages/oslo_config/cfg.py:2609
2025-07-03 00:37:31.760 135359 DEBUG oslo_service.service [req-6b17795c-e484-4c79-8e21-bfbd47044485 - - - - -] console.ssl_minimum_version = default log_opt_values /usr/lib/python3/dist-packages/oslo_config/cfg.py:2609
2025-07-03 00:37:31.760 135359 DEBUG oslo_service.service [req-6b17795c-e484-4c79-8e21-bfbd47044485 - - - - -] consoleauth.token_ttl = 600 log_opt_values /usr/lib/python3/dist-packages/oslo_config/cfg.py:2609
2025-07-03 00:37:31.760 135359 DEBUG oslo_service.service [req-6b17795c-e484-4c79-8e21-bfbd47044485 - - - - -] cyborg.cafile = None log_opt_values /usr/lib/python3/dist-packages/oslo_config/cfg.py:2609
2025-07-03 00:37:31.761 135359 DEBUG oslo_service.service [req-6b17795c-e484-4c79-8e21-bfbd47044485 - - - - -] cyborg.certfile = None log_opt_values /usr/lib/python3/dist-packages/oslo_config/cfg.py:2609
2025-07-03 00:37:31.761 135359 DEBUG oslo_service.service [req-6b17795c-e484-4c79-8e21-bfbd47044485 - - - - -] cyborg.collect_timing = False log_opt_values /usr/lib/python3/dist-packages/oslo_config/cfg.py:2609
2025-07-03 00:37:31.761 135359 DEBUG oslo_service.service [req-6b17795c-e484-4c79-8e21-bfbd47044485 - - - - -] cyborg.connect_retries = None log_opt_values /usr/lib/python3/dist-packages/oslo_config/cfg.py:2609
2025-07-03 00:37:31.762 135359 DEBUG oslo_service.service [req-6b17795c-e484-4c79-8e21-bfbd47044485 - - - - -] cyborg.connect_retry_delay = None log_opt_values /usr/lib/python3/dist-packages/oslo_config/cfg.py:2609
2025-07-03 00:37:31.762 135359 DEBUG oslo_service.service [req-6b17795c-e484-4c79-8e21-bfbd47044485 - - - - -] cyborg.endpoint_override = None log_opt_values /usr/lib/python3/dist-packages/oslo_config/cfg.py:2609
2025-07-03 00:37:31.762 135359 DEBUG oslo_service.service [req-6b17795c-e484-4c79-8e21-bfbd47044485 - - - - -] cyborg.insecure = False log_opt_values /usr/lib/python3/dist-packages/oslo_config/cfg.py:2609
2025-07-03 00:37:31.762 135359 DEBUG oslo_service.service [req-6b17795c-e484-4c79-8e21-bfbd47044485 - - - - -] cyborg.keyfile = None log_opt_values /usr/lib/python3/dist-packages/oslo_config/cfg.py:2609
2025-07-03 00:37:31.763 135359 DEBUG oslo_service.service [req-6b17795c-e484-4c79-8e21-bfbd47044485 - - - - -] cyborg.max_version = None log_opt_values /usr/lib/python3/dist-packages/oslo_config/cfg.py:2609
2025-07-03 00:37:31.763 135359 DEBUG oslo_service.service [req-6b17795c-e484-4c79-8e21-bfbd47044485 - - - - -] cyborg.min_version = None log_opt_values /usr/lib/python3/dist-packages/oslo_config/cfg.py:2609
2025-07-03 00:37:31.763 136711 DEBUG oslo_messaging._drivers.amqpdriver [-] Listener is running poll /usr/lib/python3/dist-packages/oslo_messaging/_drivers/amqpdriver.py:343
2025-07-03 00:37:31.763 135359 DEBUG oslo_service.service [req-6b17795c-e484-4c79-8e21-bfbd47044485 - - - - -] cyborg.region_name = None log_opt_values /usr/lib/python3/dist-packages/oslo_config/cfg.py:2609
2025-07-03 00:37:31.763 136711 DEBUG oslo_messaging._drivers.amqpdriver [-] AMQPListener connection consume poll /usr/lib/python3/dist-packages/oslo_messaging/_drivers/amqpdriver.py:357
2025-07-03 00:37:31.763 135359 DEBUG oslo_service.service [req-6b17795c-e484-4c79-8e21-bfbd47044485 - - - - -] cyborg.service_name = None log_opt_values /usr/lib/python3/dist-packages/oslo_config/cfg.py:2609
2025-07-03 00:37:31.763 135359 DEBUG oslo_service.service [req-6b17795c-e484-4c79-8e21-bfbd47044485 - - - - -] cyborg.service_type = accelerator log_opt_values /usr/lib/python3/dist-packages/oslo_config/cfg.py:2609
2025-07-03 00:37:31.763 135359 DEBUG oslo_service.service [req-6b17795c-e484-4c79-8e21-bfbd47044485 - - - - -] cyborg.split_loggers = False log_opt_values /usr/lib/python3/dist-packages/oslo_config/cfg.py:2609
2025-07-03 00:37:31.764 135359 DEBUG oslo_service.service [req-6b17795c-e484-4c79-8e21-bfbd47044485 - - - - -] cyborg.status_code_retries = None log_opt_values /usr/lib/python3/dist-packages/oslo_config/cfg.py:2609
2025-07-03 00:37:31.763 136711 DEBUG nova.service [req-ebaa80f9-4854-43e8-a614-f913fa140f95 - - - - -] Join ServiceGroup membership for this service conductor start /usr/lib/python3/dist-packages/nova/service.py:199
2025-07-03 00:37:31.764 135359 DEBUG oslo_service.service [req-6b17795c-e484-4c79-8e21-bfbd47044485 - - - - -] cyborg.status_code_retry_delay = None log_opt_values /usr/lib/python3/dist-packages/oslo_config/cfg.py:2609
2025-07-03 00:37:31.764 136711 DEBUG nova.servicegroup.drivers.db [req-ebaa80f9-4854-43e8-a614-f913fa140f95 - - - - -] DB_Driver: join new ServiceGroup member juju-ef25f2-0-lxd-7 to the conductor group, service = join /usr/lib/python3/dist-packages/nova/servicegroup/drivers/db.py:44
2025-07-03 00:37:31.764 135359 DEBUG oslo_service.service [req-6b17795c-e484-4c79-8e21-bfbd47044485 - - - - -] cyborg.timeout = None log_opt_values /usr/lib/python3/dist-packages/oslo_config/cfg.py:2609
2025-07-03 00:37:31.764 135359 DEBUG oslo_service.service [req-6b17795c-e484-4c79-8e21-bfbd47044485 - - - - -] cyborg.valid_interfaces = ['internal', 'public'] log_opt_values /usr/lib/python3/dist-packages/oslo_config/cfg.py:2609
2025-07-03 00:37:31.765 135359 DEBUG oslo_service.service [req-6b17795c-e484-4c79-8e21-bfbd47044485 - - - - -] cyborg.version = None log_opt_values /usr/lib/python3/dist-packages/oslo_config/cfg.py:2609
2025-07-03 00:37:31.765 135359 DEBUG oslo_service.service [req-6b17795c-e484-4c79-8e21-bfbd47044485 - - - - -] database.backend = sqlalchemy log_opt_values /usr/lib/python3/dist-packages/oslo_config/cfg.py:2609
2025-07-03 00:37:31.765 135359 DEBUG oslo_service.service [req-6b17795c-e484-4c79-8e21-bfbd47044485 - - - - -] database.connection = **** log_opt_values /usr/lib/python3/dist-packages/oslo_config/cfg.py:2609
2025-07-03 00:37:31.766 135359 DEBUG oslo_service.service [req-6b17795c-e484-4c79-8e21-bfbd47044485 - - - - -] database.connection_debug = 0 log_opt_values /usr/lib/python3/dist-packages/oslo_config/cfg.py:2609
2025-07-03 00:37:31.766 135359 DEBUG oslo_service.service [req-6b17795c-e484-4c79-8e21-bfbd47044485 - - - - -] database.connection_parameters = log_opt_values /usr/lib/python3/dist-packages/oslo_config/cfg.py:2609
2025-07-03 00:37:31.766 135359 DEBUG oslo_service.service [req-6b17795c-e484-4c79-8e21-bfbd47044485 - - - - -] database.connection_recycle_time = 3600 log_opt_values /usr/lib/python3/dist-packages/oslo_config/cfg.py:2609
2025-07-03 00:37:31.766 135359 DEBUG oslo_service.service [req-6b17795c-e484-4c79-8e21-bfbd47044485 - - - - -] database.connection_trace = False log_opt_values /usr/lib/python3/dist-packages/oslo_config/cfg.py:2609
2025-07-03 00:37:31.766 135359 DEBUG oslo_service.service [req-6b17795c-e484-4c79-8e21-bfbd47044485 - - - - -] database.db_inc_retry_interval = True log_opt_values /usr/lib/python3/dist-packages/oslo_config/cfg.py:2609
2025-07-03 00:37:31.766 136711 DEBUG oslo_messaging._drivers.amqpdriver [-] AMQPListener connection timeout poll /usr/lib/python3/dist-packages/oslo_messaging/_drivers/amqpdriver.py:360
2025-07-03 00:37:31.767 136711 DEBUG oslo_messaging._drivers.amqpdriver [-] Listener is running poll /usr/lib/python3/dist-packages/oslo_messaging/_drivers/amqpdriver.py:343
2025-07-03 00:37:31.767 136711 DEBUG oslo_messaging._drivers.amqpdriver [-] AMQPListener connection consume poll /usr/lib/python3/dist-packages/oslo_messaging/_drivers/amqpdriver.py:357
2025-07-03 00:37:31.767 135359 DEBUG oslo_service.service [req-6b17795c-e484-4c79-8e21-bfbd47044485 - - - - -] database.db_max_retries = 20 log_opt_values /usr/lib/python3/dist-packages/oslo_config/cfg.py:2609
2025-07-03 00:37:31.767 135359 DEBUG oslo_service.service [req-6b17795c-e484-4c79-8e21-bfbd47044485 - - - - -] database.db_max_retry_interval = 10 log_opt_values /usr/lib/python3/dist-packages/oslo_config/cfg.py:2609
2025-07-03 00:37:31.767 135359 DEBUG oslo_service.service [req-6b17795c-e484-4c79-8e21-bfbd47044485 - - - - -] database.db_retry_interval = 1 log_opt_values /usr/lib/python3/dist-packages/oslo_config/cfg.py:2609
2025-07-03 00:37:31.767 135359 DEBUG oslo_service.service [req-6b17795c-e484-4c79-8e21-bfbd47044485 - - - - -] database.max_overflow = 50 log_opt_values /usr/lib/python3/dist-packages/oslo_config/cfg.py:2609
2025-07-03 00:37:31.768 136708 DEBUG oslo_messaging._drivers.amqpdriver [-] Listener is running poll /usr/lib/python3/dist-packages/oslo_messaging/_drivers/amqpdriver.py:343
2025-07-03 00:37:31.768 135359 DEBUG oslo_service.service [req-6b17795c-e484-4c79-8e21-bfbd47044485 - - - - -] database.max_pool_size = 4 log_opt_values /usr/lib/python3/dist-packages/oslo_config/cfg.py:2609
2025-07-03 00:37:31.768 136708 DEBUG oslo_messaging._drivers.amqpdriver [-] AMQPListener connection consume poll /usr/lib/python3/dist-packages/oslo_messaging/_drivers/amqpdriver.py:357
2025-07-03 00:37:31.768 135359 DEBUG oslo_service.service [req-6b17795c-e484-4c79-8e21-bfbd47044485 - - - - -] database.max_retries = 10 log_opt_values /usr/lib/python3/dist-packages/oslo_config/cfg.py:2609
2025-07-03 00:37:31.768 136709 DEBUG oslo_messaging._drivers.amqpdriver [-] Listener is running poll /usr/lib/python3/dist-packages/oslo_messaging/_drivers/amqpdriver.py:343
2025-07-03 00:37:31.768 136709 DEBUG oslo_messaging._drivers.amqpdriver [-] AMQPListener connection consume poll /usr/lib/python3/dist-packages/oslo_messaging/_drivers/amqpdriver.py:357
2025-07-03 00:37:31.768 135359 DEBUG oslo_service.service [req-6b17795c-e484-4c79-8e21-bfbd47044485 - - - - -] database.mysql_enable_ndb = False log_opt_values /usr/lib/python3/dist-packages/oslo_config/cfg.py:2609
2025-07-03 00:37:31.768 135359 DEBUG oslo_service.service [req-6b17795c-e484-4c79-8e21-bfbd47044485 - - - - -] database.mysql_sql_mode = TRADITIONAL log_opt_values /usr/lib/python3/dist-packages/oslo_config/cfg.py:2609
2025-07-03 00:37:31.768 135359 DEBUG oslo_service.service [req-6b17795c-e484-4c79-8e21-bfbd47044485 - - - - -] database.pool_timeout = None log_opt_values /usr/lib/python3/dist-packages/oslo_config/cfg.py:2609
2025-07-03 00:37:31.768 136708 DEBUG nova.service [req-05e8d5c2-b77e-4fe5-904d-17e0de486ac8 - - - - -] Join ServiceGroup membership for this service conductor start /usr/lib/python3/dist-packages/nova/service.py:199
2025-07-03 00:37:31.769 135359 DEBUG oslo_service.service [req-6b17795c-e484-4c79-8e21-bfbd47044485 - - - - -] database.retry_interval = 10 log_opt_values /usr/lib/python3/dist-packages/oslo_config/cfg.py:2609
2025-07-03 00:37:31.769 136708 DEBUG nova.servicegroup.drivers.db [req-05e8d5c2-b77e-4fe5-904d-17e0de486ac8 - - - - -] DB_Driver: join new ServiceGroup member juju-ef25f2-0-lxd-7 to the conductor group, service = join /usr/lib/python3/dist-packages/nova/servicegroup/drivers/db.py:44
2025-07-03 00:37:31.769 136709 DEBUG nova.service [req-67c55e9f-5c96-451c-9a9d-82bd7393e280 - - - - -] Join ServiceGroup membership for this service conductor start /usr/lib/python3/dist-packages/nova/service.py:199
2025-07-03 00:37:31.769 135359 DEBUG oslo_service.service [req-6b17795c-e484-4c79-8e21-bfbd47044485 - - - - -] database.slave_connection = **** log_opt_values /usr/lib/python3/dist-packages/oslo_config/cfg.py:2609
2025-07-03 00:37:31.769 135359 DEBUG oslo_service.service [req-6b17795c-e484-4c79-8e21-bfbd47044485 - - - - -] database.sqlite_synchronous = True log_opt_values /usr/lib/python3/dist-packages/oslo_config/cfg.py:2609
2025-07-03 00:37:31.769 136709 DEBUG nova.servicegroup.drivers.db [req-67c55e9f-5c96-451c-9a9d-82bd7393e280 - - - - -] DB_Driver: join new ServiceGroup member juju-ef25f2-0-lxd-7 to the conductor group, service = join /usr/lib/python3/dist-packages/nova/servicegroup/drivers/db.py:44
2025-07-03 00:37:31.770 135359 DEBUG oslo_service.service [req-6b17795c-e484-4c79-8e21-bfbd47044485 - - - - -] database.use_db_reconnect = False log_opt_values /usr/lib/python3/dist-packages/oslo_config/cfg.py:2609
2025-07-03 00:37:31.770 135359 DEBUG oslo_service.service [req-6b17795c-e484-4c79-8e21-bfbd47044485 - - - - -] api_database.backend = sqlalchemy log_opt_values /usr/lib/python3/dist-packages/oslo_config/cfg.py:2609
2025-07-03 00:37:31.770 135359 DEBUG oslo_service.service [req-6b17795c-e484-4c79-8e21-bfbd47044485 - - - - -] api_database.connection = **** log_opt_values /usr/lib/python3/dist-packages/oslo_config/cfg.py:2609
2025-07-03 00:37:31.770 135359 DEBUG oslo_service.service [req-6b17795c-e484-4c79-8e21-bfbd47044485 - - - - -] api_database.connection_debug = 0 log_opt_values /usr/lib/python3/dist-packages/oslo_config/cfg.py:2609
2025-07-03 00:37:31.770 135359 DEBUG oslo_service.service [req-6b17795c-e484-4c79-8e21-bfbd47044485 - - - - -] api_database.connection_parameters = log_opt_values /usr/lib/python3/dist-packages/oslo_config/cfg.py:2609
2025-07-03 00:37:31.771 135359 DEBUG oslo_service.service [req-6b17795c-e484-4c79-8e21-bfbd47044485 - - - - -] api_database.connection_recycle_time = 3600 log_opt_values /usr/lib/python3/dist-packages/oslo_config/cfg.py:2609
2025-07-03 00:37:31.771 135359 DEBUG oslo_service.service [req-6b17795c-e484-4c79-8e21-bfbd47044485 - - - - -] api_database.connection_trace = False log_opt_values /usr/lib/python3/dist-packages/oslo_config/cfg.py:2609
2025-07-03 00:37:31.771 136708 DEBUG oslo_messaging._drivers.amqpdriver [-] AMQPListener connection timeout poll /usr/lib/python3/dist-packages/oslo_messaging/_drivers/amqpdriver.py:360
2025-07-03 00:37:31.771 135359 DEBUG oslo_service.service [req-6b17795c-e484-4c79-8e21-bfbd47044485 - - - - -] api_database.db_inc_retry_interval = True log_opt_values /usr/lib/python3/dist-packages/oslo_config/cfg.py:2609
2025-07-03 00:37:31.771 136708 DEBUG oslo_messaging._drivers.amqpdriver [-] Listener is running poll /usr/lib/python3/dist-packages/oslo_messaging/_drivers/amqpdriver.py:343
2025-07-03 00:37:31.771 135359 DEBUG oslo_service.service [req-6b17795c-e484-4c79-8e21-bfbd47044485 - - - - -] api_database.db_max_retries = 20 log_opt_values /usr/lib/python3/dist-packages/oslo_config/cfg.py:2609
2025-07-03 00:37:31.771 136708 DEBUG oslo_messaging._drivers.amqpdriver [-] AMQPListener connection consume poll /usr/lib/python3/dist-packages/oslo_messaging/_drivers/amqpdriver.py:357
2025-07-03 00:37:31.771 135359 DEBUG oslo_service.service [req-6b17795c-e484-4c79-8e21-bfbd47044485 - - - - -] api_database.db_max_retry_interval = 10 log_opt_values /usr/lib/python3/dist-packages/oslo_config/cfg.py:2609
2025-07-03 00:37:31.772 135359 DEBUG oslo_service.service [req-6b17795c-e484-4c79-8e21-bfbd47044485 - - - - -] api_database.db_retry_interval = 1 log_opt_values /usr/lib/python3/dist-packages/oslo_config/cfg.py:2609
2025-07-03 00:37:31.772 135359 DEBUG oslo_service.service [req-6b17795c-e484-4c79-8e21-bfbd47044485 - - - - -] api_database.max_overflow = 50 log_opt_values /usr/lib/python3/dist-packages/oslo_config/cfg.py:2609
2025-07-03 00:37:31.772 136709 DEBUG oslo_messaging._drivers.amqpdriver [-] AMQPListener connection timeout poll /usr/lib/python3/dist-packages/oslo_messaging/_drivers/amqpdriver.py:360
2025-07-03 00:37:31.772 136709 DEBUG oslo_messaging._drivers.amqpdriver [-] Listener is running poll /usr/lib/python3/dist-packages/oslo_messaging/_drivers/amqpdriver.py:343
2025-07-03 00:37:31.772 135359 DEBUG oslo_service.service [req-6b17795c-e484-4c79-8e21-bfbd47044485 - - - - -] api_database.max_pool_size = 4 log_opt_values /usr/lib/python3/dist-packages/oslo_config/cfg.py:2609
2025-07-03 00:37:31.772 136709 DEBUG oslo_messaging._drivers.amqpdriver [-] AMQPListener connection consume poll /usr/lib/python3/dist-packages/oslo_messaging/_drivers/amqpdriver.py:357
2025-07-03 00:37:31.772 135359 DEBUG oslo_service.service [req-6b17795c-e484-4c79-8e21-bfbd47044485 - - - - -] api_database.max_retries = 10 log_opt_values /usr/lib/python3/dist-packages/oslo_config/cfg.py:2609
2025-07-03 00:37:31.772 135359 DEBUG oslo_service.service [req-6b17795c-e484-4c79-8e21-bfbd47044485 - - - - -] api_database.mysql_enable_ndb = False log_opt_values /usr/lib/python3/dist-packages/oslo_config/cfg.py:2609
2025-07-03 00:37:31.772 135359 DEBUG oslo_service.service [req-6b17795c-e484-4c79-8e21-bfbd47044485 - - - - -] api_database.mysql_sql_mode = TRADITIONAL log_opt_values /usr/lib/python3/dist-packages/oslo_config/cfg.py:2609
2025-07-03 00:37:31.773 135359 DEBUG oslo_service.service [req-6b17795c-e484-4c79-8e21-bfbd47044485 - - - - -] api_database.pool_timeout = None log_opt_values /usr/lib/python3/dist-packages/oslo_config/cfg.py:2609
2025-07-03 00:37:31.773 135359 DEBUG oslo_service.service [req-6b17795c-e484-4c79-8e21-bfbd47044485 - - - - -] api_database.retry_interval = 10 log_opt_values /usr/lib/python3/dist-packages/oslo_config/cfg.py:2609
2025-07-03 00:37:31.773 135359 DEBUG oslo_service.service [req-6b17795c-e484-4c79-8e21-bfbd47044485 - - - - -] api_database.slave_connection = **** log_opt_values /usr/lib/python3/dist-packages/oslo_config/cfg.py:2609
2025-07-03 00:37:31.773 135359 DEBUG oslo_service.service [req-6b17795c-e484-4c79-8e21-bfbd47044485 - - - - -] api_database.sqlite_synchronous = True log_opt_values /usr/lib/python3/dist-packages/oslo_config/cfg.py:2609
2025-07-03 00:37:31.773 135359 DEBUG oslo_service.service [req-6b17795c-e484-4c79-8e21-bfbd47044485 - - - - -] devices.enabled_mdev_types = [] log_opt_values /usr/lib/python3/dist-packages/oslo_config/cfg.py:2609
2025-07-03 00:37:31.774 135359 DEBUG oslo_service.service [req-6b17795c-e484-4c79-8e21-bfbd47044485 - - - - -] ephemeral_storage_encryption.cipher = aes-xts-plain64 log_opt_values /usr/lib/python3/dist-packages/oslo_config/cfg.py:2609
2025-07-03 00:37:31.774 135359 DEBUG oslo_service.service [req-6b17795c-e484-4c79-8e21-bfbd47044485 - - - - -] ephemeral_storage_encryption.enabled = False log_opt_values /usr/lib/python3/dist-packages/oslo_config/cfg.py:2609
2025-07-03 00:37:31.775 135359 DEBUG oslo_service.service [req-6b17795c-e484-4c79-8e21-bfbd47044485 - - - - -] ephemeral_storage_encryption.key_size = 512 log_opt_values /usr/lib/python3/dist-packages/oslo_config/cfg.py:2609
2025-07-03 00:37:31.776 135359 WARNING oslo_config.cfg [req-6b17795c-e484-4c79-8e21-bfbd47044485 - - - - -] Deprecated: Option "api_servers" from group "glance" is deprecated for removal ( Support for image service configuration via standard keystoneauth1 Adapter options was added in the 17.0.0 Queens release. The api_servers option was retained temporarily to allow consumers time to cut over to a real load balancing solution. ). Its value may be silently ignored in the future.
2025-07-03 00:37:31.776 135359 DEBUG oslo_service.service [req-6b17795c-e484-4c79-8e21-bfbd47044485 - - - - -] glance.api_servers = ['http://252.249.158.126:9292'] log_opt_values /usr/lib/python3/dist-packages/oslo_config/cfg.py:2609
2025-07-03 00:37:31.776 135359 DEBUG oslo_service.service [req-6b17795c-e484-4c79-8e21-bfbd47044485 - - - - -] glance.cafile = None log_opt_values /usr/lib/python3/dist-packages/oslo_config/cfg.py:2609
2025-07-03 00:37:31.776 135359 DEBUG oslo_service.service [req-6b17795c-e484-4c79-8e21-bfbd47044485 - - - - -] glance.certfile = None log_opt_values /usr/lib/python3/dist-packages/oslo_config/cfg.py:2609
2025-07-03 00:37:31.777 135359 DEBUG oslo_service.service [req-6b17795c-e484-4c79-8e21-bfbd47044485 - - - - -] glance.collect_timing = False log_opt_values /usr/lib/python3/dist-packages/oslo_config/cfg.py:2609
2025-07-03 00:37:31.777 136710 DEBUG oslo_messaging._drivers.amqpdriver [-] Listener is running poll /usr/lib/python3/dist-packages/oslo_messaging/_drivers/amqpdriver.py:343
2025-07-03 00:37:31.778 136710 DEBUG oslo_messaging._drivers.amqpdriver [-] AMQPListener connection consume poll /usr/lib/python3/dist-packages/oslo_messaging/_drivers/amqpdriver.py:357
2025-07-03 00:37:31.778 135359 DEBUG oslo_service.service [req-6b17795c-e484-4c79-8e21-bfbd47044485 - - - - -] glance.connect_retries = None log_opt_values /usr/lib/python3/dist-packages/oslo_config/cfg.py:2609
2025-07-03 00:37:31.778 135359 DEBUG oslo_service.service [req-6b17795c-e484-4c79-8e21-bfbd47044485 - - - - -] glance.connect_retry_delay = None log_opt_values /usr/lib/python3/dist-packages/oslo_config/cfg.py:2609
2025-07-03 00:37:31.778 135359 DEBUG oslo_service.service [req-6b17795c-e484-4c79-8e21-bfbd47044485 - - - - -] glance.debug = False log_opt_values /usr/lib/python3/dist-packages/oslo_config/cfg.py:2609
2025-07-03 00:37:31.778 136710 DEBUG nova.service [req-44e9d4e0-0faa-4487-9b08-7a42cd7a3620 - - - - -] Join ServiceGroup membership for this service conductor start /usr/lib/python3/dist-packages/nova/service.py:199
2025-07-03 00:37:31.779 136710 DEBUG nova.servicegroup.drivers.db [req-44e9d4e0-0faa-4487-9b08-7a42cd7a3620 - - - - -] DB_Driver: join new ServiceGroup member juju-ef25f2-0-lxd-7 to the conductor group, service = join /usr/lib/python3/dist-packages/nova/servicegroup/drivers/db.py:44
2025-07-03 00:37:31.779 135359 DEBUG oslo_service.service [req-6b17795c-e484-4c79-8e21-bfbd47044485 - - - - -] glance.default_trusted_certificate_ids = [] log_opt_values /usr/lib/python3/dist-packages/oslo_config/cfg.py:2609
2025-07-03 00:37:31.780 135359 DEBUG oslo_service.service [req-6b17795c-e484-4c79-8e21-bfbd47044485 - - - - -] glance.enable_certificate_validation = False log_opt_values /usr/lib/python3/dist-packages/oslo_config/cfg.py:2609
2025-07-03 00:37:31.780 135359 DEBUG oslo_service.service [req-6b17795c-e484-4c79-8e21-bfbd47044485 - - - - -] glance.enable_rbd_download = False log_opt_values /usr/lib/python3/dist-packages/oslo_config/cfg.py:2609
2025-07-03 00:37:31.780 135359 DEBUG oslo_service.service [req-6b17795c-e484-4c79-8e21-bfbd47044485 - - - - -] glance.endpoint_override = None log_opt_values /usr/lib/python3/dist-packages/oslo_config/cfg.py:2609
2025-07-03 00:37:31.781 135359 DEBUG oslo_service.service [req-6b17795c-e484-4c79-8e21-bfbd47044485 - - - - -] glance.insecure = False log_opt_values /usr/lib/python3/dist-packages/oslo_config/cfg.py:2609
2025-07-03 00:37:31.781 135359 DEBUG oslo_service.service [req-6b17795c-e484-4c79-8e21-bfbd47044485 - - - - -] glance.keyfile = None log_opt_values /usr/lib/python3/dist-packages/oslo_config/cfg.py:2609
2025-07-03 00:37:31.781 135359 DEBUG oslo_service.service [req-6b17795c-e484-4c79-8e21-bfbd47044485 - - - - -] glance.max_version = None log_opt_values /usr/lib/python3/dist-packages/oslo_config/cfg.py:2609
