2025-07-03 00:38:44.734 140821 DEBUG oslo_service.service [req-dc0f46c0-771c-43fb-be53-55d06cbe7cc3 - - - - -] run_external_periodic_tasks = True log_opt_values /usr/lib/python3/dist-packages/oslo_config/cfg.py:2602
2025-07-03 00:38:44.734 140821 DEBUG oslo_service.service [req-dc0f46c0-771c-43fb-be53-55d06cbe7cc3 - - - - -] running_deleted_instance_action = reap log_opt_values /usr/lib/python3/dist-packages/oslo_config/cfg.py:2602
2025-07-03 00:38:44.735 140821 DEBUG oslo_service.service [req-dc0f46c0-771c-43fb-be53-55d06cbe7cc3 - - - - -] running_deleted_instance_poll_interval = 1800 log_opt_values /usr/lib/python3/dist-packages/oslo_config/cfg.py:2602
2025-07-03 00:38:44.735 140821 DEBUG oslo_service.service [req-dc0f46c0-771c-43fb-be53-55d06cbe7cc3 - - - - -] running_deleted_instance_timeout = 0 log_opt_values /usr/lib/python3/dist-packages/oslo_config/cfg.py:2602
2025-07-03 00:38:44.735 141538 DEBUG nova.service [req-b99ede99-80ef-4e64-9425-a1683ff076d9 - - - - -] Creating RPC server for service conductor start /usr/lib/python3/dist-packages/nova/service.py:182
2025-07-03 00:38:44.735 140821 DEBUG oslo_service.service [req-dc0f46c0-771c-43fb-be53-55d06cbe7cc3 - - - - -] scheduler_instance_sync_interval = 120 log_opt_values /usr/lib/python3/dist-packages/oslo_config/cfg.py:2602
2025-07-03 00:38:44.735 140821 DEBUG oslo_service.service [req-dc0f46c0-771c-43fb-be53-55d06cbe7cc3 - - - - -] service_down_time = 60 log_opt_values /usr/lib/python3/dist-packages/oslo_config/cfg.py:2602
2025-07-03 00:38:44.735 140821 DEBUG oslo_service.service [req-dc0f46c0-771c-43fb-be53-55d06cbe7cc3 - - - - -] servicegroup_driver = db log_opt_values /usr/lib/python3/dist-packages/oslo_config/cfg.py:2602
2025-07-03 00:38:44.736 140821 DEBUG oslo_service.service [req-dc0f46c0-771c-43fb-be53-55d06cbe7cc3 - - - - -] shelved_offload_time = 0 log_opt_values /usr/lib/python3/dist-packages/oslo_config/cfg.py:2602
2025-07-03 00:38:44.736 140821 DEBUG oslo_service.service [req-dc0f46c0-771c-43fb-be53-55d06cbe7cc3 - - - - -] shelved_poll_interval = 3600 log_opt_values /usr/lib/python3/dist-packages/oslo_config/cfg.py:2602
2025-07-03 00:38:44.736 140821 DEBUG oslo_service.service [req-dc0f46c0-771c-43fb-be53-55d06cbe7cc3 - - - - -] shutdown_timeout = 60 log_opt_values /usr/lib/python3/dist-packages/oslo_config/cfg.py:2602
2025-07-03 00:38:44.737 140821 DEBUG oslo_service.service [req-dc0f46c0-771c-43fb-be53-55d06cbe7cc3 - - - - -] source_is_ipv6 = False log_opt_values /usr/lib/python3/dist-packages/oslo_config/cfg.py:2602
2025-07-03 00:38:44.737 140821 DEBUG oslo_service.service [req-dc0f46c0-771c-43fb-be53-55d06cbe7cc3 - - - - -] ssl_only = False log_opt_values /usr/lib/python3/dist-packages/oslo_config/cfg.py:2602
2025-07-03 00:38:44.737 140821 DEBUG oslo_service.service [req-dc0f46c0-771c-43fb-be53-55d06cbe7cc3 - - - - -] state_path = /var/lib/nova log_opt_values /usr/lib/python3/dist-packages/oslo_config/cfg.py:2602
2025-07-03 00:38:44.737 140821 DEBUG oslo_service.service [req-dc0f46c0-771c-43fb-be53-55d06cbe7cc3 - - - - -] sync_power_state_interval = 600 log_opt_values /usr/lib/python3/dist-packages/oslo_config/cfg.py:2602
2025-07-03 00:38:44.737 140821 DEBUG oslo_service.service [req-dc0f46c0-771c-43fb-be53-55d06cbe7cc3 - - - - -] sync_power_state_pool_size = 1000 log_opt_values /usr/lib/python3/dist-packages/oslo_config/cfg.py:2602
2025-07-03 00:38:44.737 140821 DEBUG oslo_service.service [req-dc0f46c0-771c-43fb-be53-55d06cbe7cc3 - - - - -] syslog_log_facility = LOG_USER log_opt_values /usr/lib/python3/dist-packages/oslo_config/cfg.py:2602
2025-07-03 00:38:44.738 140821 DEBUG oslo_service.service [req-dc0f46c0-771c-43fb-be53-55d06cbe7cc3 - - - - -] tempdir = None log_opt_values /usr/lib/python3/dist-packages/oslo_config/cfg.py:2602
2025-07-03 00:38:44.738 140821 DEBUG oslo_service.service [req-dc0f46c0-771c-43fb-be53-55d06cbe7cc3 - - - - -] timeout_nbd = 10 log_opt_values /usr/lib/python3/dist-packages/oslo_config/cfg.py:2602
2025-07-03 00:38:44.738 140821 DEBUG oslo_service.service [req-dc0f46c0-771c-43fb-be53-55d06cbe7cc3 - - - - -] transport_url = **** log_opt_values /usr/lib/python3/dist-packages/oslo_config/cfg.py:2602
2025-07-03 00:38:44.738 140821 DEBUG oslo_service.service [req-dc0f46c0-771c-43fb-be53-55d06cbe7cc3 - - - - -] update_resources_interval = 0 log_opt_values /usr/lib/python3/dist-packages/oslo_config/cfg.py:2602
2025-07-03 00:38:44.738 140821 DEBUG oslo_service.service [req-dc0f46c0-771c-43fb-be53-55d06cbe7cc3 - - - - -] use_cow_images = True log_opt_values /usr/lib/python3/dist-packages/oslo_config/cfg.py:2602
2025-07-03 00:38:44.738 140821 DEBUG oslo_service.service [req-dc0f46c0-771c-43fb-be53-55d06cbe7cc3 - - - - -] use_eventlog = False log_opt_values /usr/lib/python3/dist-packages/oslo_config/cfg.py:2602
2025-07-03 00:38:44.739 140821 DEBUG oslo_service.service [req-dc0f46c0-771c-43fb-be53-55d06cbe7cc3 - - - - -] use_journal = False log_opt_values /usr/lib/python3/dist-packages/oslo_config/cfg.py:2602
2025-07-03 00:38:44.739 140821 DEBUG oslo_service.service [req-dc0f46c0-771c-43fb-be53-55d06cbe7cc3 - - - - -] use_json = False log_opt_values /usr/lib/python3/dist-packages/oslo_config/cfg.py:2602
2025-07-03 00:38:44.739 140821 DEBUG oslo_service.service [req-dc0f46c0-771c-43fb-be53-55d06cbe7cc3 - - - - -] use_rootwrap_daemon = False log_opt_values /usr/lib/python3/dist-packages/oslo_config/cfg.py:2602
2025-07-03 00:38:44.739 140821 DEBUG oslo_service.service [req-dc0f46c0-771c-43fb-be53-55d06cbe7cc3 - - - - -] use_stderr = False log_opt_values /usr/lib/python3/dist-packages/oslo_config/cfg.py:2602
2025-07-03 00:38:44.740 140821 DEBUG oslo_service.service [req-dc0f46c0-771c-43fb-be53-55d06cbe7cc3 - - - - -] use_syslog = False log_opt_values /usr/lib/python3/dist-packages/oslo_config/cfg.py:2602
2025-07-03 00:38:44.740 140821 DEBUG oslo_service.service [req-dc0f46c0-771c-43fb-be53-55d06cbe7cc3 - - - - -] vcpu_pin_set = None log_opt_values /usr/lib/python3/dist-packages/oslo_config/cfg.py:2602
2025-07-03 00:38:44.740 140821 DEBUG oslo_service.service [req-dc0f46c0-771c-43fb-be53-55d06cbe7cc3 - - - - -] vif_plugging_is_fatal = True log_opt_values /usr/lib/python3/dist-packages/oslo_config/cfg.py:2602
2025-07-03 00:38:44.740 140821 DEBUG oslo_service.service [req-dc0f46c0-771c-43fb-be53-55d06cbe7cc3 - - - - -] vif_plugging_timeout = 300 log_opt_values /usr/lib/python3/dist-packages/oslo_config/cfg.py:2602
2025-07-03 00:38:44.741 140821 DEBUG oslo_service.service [req-dc0f46c0-771c-43fb-be53-55d06cbe7cc3 - - - - -] virt_mkfs = [] log_opt_values /usr/lib/python3/dist-packages/oslo_config/cfg.py:2602
2025-07-03 00:38:44.741 140821 DEBUG oslo_service.service [req-dc0f46c0-771c-43fb-be53-55d06cbe7cc3 - - - - -] volume_usage_poll_interval = 0 log_opt_values /usr/lib/python3/dist-packages/oslo_config/cfg.py:2602
2025-07-03 00:38:44.741 140821 DEBUG oslo_service.service [req-dc0f46c0-771c-43fb-be53-55d06cbe7cc3 - - - - -] watch_log_file = False log_opt_values /usr/lib/python3/dist-packages/oslo_config/cfg.py:2602
2025-07-03 00:38:44.741 140821 DEBUG oslo_service.service [req-dc0f46c0-771c-43fb-be53-55d06cbe7cc3 - - - - -] web = /usr/share/spice-html5 log_opt_values /usr/lib/python3/dist-packages/oslo_config/cfg.py:2602
2025-07-03 00:38:44.742 140821 DEBUG oslo_service.service [req-dc0f46c0-771c-43fb-be53-55d06cbe7cc3 - - - - -] oslo_concurrency.disable_process_locking = False log_opt_values /usr/lib/python3/dist-packages/oslo_config/cfg.py:2609
2025-07-03 00:38:44.742 140821 DEBUG oslo_service.service [req-dc0f46c0-771c-43fb-be53-55d06cbe7cc3 - - - - -] oslo_concurrency.lock_path = /var/lock/nova log_opt_values /usr/lib/python3/dist-packages/oslo_config/cfg.py:2609
2025-07-03 00:38:44.742 141539 DEBUG nova.service [req-013c35d8-2f96-4509-9206-645635cd5e68 - - - - -] Creating RPC server for service conductor start /usr/lib/python3/dist-packages/nova/service.py:182
2025-07-03 00:38:44.742 140821 DEBUG oslo_service.service [req-dc0f46c0-771c-43fb-be53-55d06cbe7cc3 - - - - -] oslo_messaging_metrics.metrics_buffer_size = 1000 log_opt_values /usr/lib/python3/dist-packages/oslo_config/cfg.py:2609
2025-07-03 00:38:44.742 140821 DEBUG oslo_service.service [req-dc0f46c0-771c-43fb-be53-55d06cbe7cc3 - - - - -] oslo_messaging_metrics.metrics_enabled = False log_opt_values /usr/lib/python3/dist-packages/oslo_config/cfg.py:2609
2025-07-03 00:38:44.743 140821 DEBUG oslo_service.service [req-dc0f46c0-771c-43fb-be53-55d06cbe7cc3 - - - - -] oslo_messaging_metrics.metrics_process_name = log_opt_values /usr/lib/python3/dist-packages/oslo_config/cfg.py:2609
2025-07-03 00:38:44.743 140821 DEBUG oslo_service.service [req-dc0f46c0-771c-43fb-be53-55d06cbe7cc3 - - - - -] oslo_messaging_metrics.metrics_socket_file = /var/tmp/metrics_collector.sock log_opt_values /usr/lib/python3/dist-packages/oslo_config/cfg.py:2609
2025-07-03 00:38:44.743 140821 DEBUG oslo_service.service [req-dc0f46c0-771c-43fb-be53-55d06cbe7cc3 - - - - -] oslo_messaging_metrics.metrics_thread_stop_timeout = 10 log_opt_values /usr/lib/python3/dist-packages/oslo_config/cfg.py:2609
2025-07-03 00:38:44.744 140821 WARNING oslo_config.cfg [req-dc0f46c0-771c-43fb-be53-55d06cbe7cc3 - - - - -] Deprecated: Option "auth_strategy" from group "api" is deprecated for removal ( The only non-default choice, ``noauth2``, is for internal development and testing purposes only and should not be used in deployments. This option and its middleware, NoAuthMiddleware[V2_18], will be removed in a future release. ). Its value may be silently ignored in the future.
2025-07-03 00:38:44.744 140821 DEBUG oslo_service.service [req-dc0f46c0-771c-43fb-be53-55d06cbe7cc3 - - - - -] api.auth_strategy = keystone log_opt_values /usr/lib/python3/dist-packages/oslo_config/cfg.py:2609
2025-07-03 00:38:44.744 140821 DEBUG oslo_service.service [req-dc0f46c0-771c-43fb-be53-55d06cbe7cc3 - - - - -] api.compute_link_prefix = None log_opt_values /usr/lib/python3/dist-packages/oslo_config/cfg.py:2609
2025-07-03 00:38:44.744 140821 DEBUG oslo_service.service [req-dc0f46c0-771c-43fb-be53-55d06cbe7cc3 - - - - -] api.config_drive_skip_versions = 1.0 2007-01-19 2007-03-01 2007-08-29 2007-10-10 2007-12-15 2008-02-01 2008-09-01 log_opt_values /usr/lib/python3/dist-packages/oslo_config/cfg.py:2609
2025-07-03 00:38:44.744 140821 DEBUG oslo_service.service [req-dc0f46c0-771c-43fb-be53-55d06cbe7cc3 - - - - -] api.dhcp_domain = novalocal log_opt_values /usr/lib/python3/dist-packages/oslo_config/cfg.py:2609
2025-07-03 00:38:44.745 140821 DEBUG oslo_service.service [req-dc0f46c0-771c-43fb-be53-55d06cbe7cc3 - - - - -] api.enable_instance_password = True log_opt_values /usr/lib/python3/dist-packages/oslo_config/cfg.py:2609
2025-07-03 00:38:44.745 140821 DEBUG oslo_service.service [req-dc0f46c0-771c-43fb-be53-55d06cbe7cc3 - - - - -] api.glance_link_prefix = None log_opt_values /usr/lib/python3/dist-packages/oslo_config/cfg.py:2609
2025-07-03 00:38:44.745 140821 DEBUG oslo_service.service [req-dc0f46c0-771c-43fb-be53-55d06cbe7cc3 - - - - -] api.instance_list_cells_batch_fixed_size = 100 log_opt_values /usr/lib/python3/dist-packages/oslo_config/cfg.py:2609
2025-07-03 00:38:44.745 140821 DEBUG oslo_service.service [req-dc0f46c0-771c-43fb-be53-55d06cbe7cc3 - - - - -] api.instance_list_cells_batch_strategy = distributed log_opt_values /usr/lib/python3/dist-packages/oslo_config/cfg.py:2609
2025-07-03 00:38:44.745 140821 DEBUG oslo_service.service [req-dc0f46c0-771c-43fb-be53-55d06cbe7cc3 - - - - -] api.instance_list_per_project_cells = False log_opt_values /usr/lib/python3/dist-packages/oslo_config/cfg.py:2609
2025-07-03 00:38:44.745 140821 DEBUG oslo_service.service [req-dc0f46c0-771c-43fb-be53-55d06cbe7cc3 - - - - -] api.list_records_by_skipping_down_cells = True log_opt_values /usr/lib/python3/dist-packages/oslo_config/cfg.py:2609
2025-07-03 00:38:44.745 140821 DEBUG oslo_service.service [req-dc0f46c0-771c-43fb-be53-55d06cbe7cc3 - - - - -] api.local_metadata_per_cell = False log_opt_values /usr/lib/python3/dist-packages/oslo_config/cfg.py:2609
2025-07-03 00:38:44.746 140821 DEBUG oslo_service.service [req-dc0f46c0-771c-43fb-be53-55d06cbe7cc3 - - - - -] api.max_limit = 1000 log_opt_values /usr/lib/python3/dist-packages/oslo_config/cfg.py:2609
2025-07-03 00:38:44.746 140821 DEBUG oslo_service.service [req-dc0f46c0-771c-43fb-be53-55d06cbe7cc3 - - - - -] api.metadata_cache_expiration = 15 log_opt_values /usr/lib/python3/dist-packages/oslo_config/cfg.py:2609
2025-07-03 00:38:44.746 140821 DEBUG oslo_service.service [req-dc0f46c0-771c-43fb-be53-55d06cbe7cc3 - - - - -] api.neutron_default_tenant_id = default log_opt_values /usr/lib/python3/dist-packages/oslo_config/cfg.py:2609
2025-07-03 00:38:44.746 140821 DEBUG oslo_service.service [req-dc0f46c0-771c-43fb-be53-55d06cbe7cc3 - - - - -] api.use_forwarded_for = False log_opt_values /usr/lib/python3/dist-packages/oslo_config/cfg.py:2609
2025-07-03 00:38:44.746 140821 DEBUG oslo_service.service [req-dc0f46c0-771c-43fb-be53-55d06cbe7cc3 - - - - -] api.use_neutron_default_nets = False log_opt_values /usr/lib/python3/dist-packages/oslo_config/cfg.py:2609
2025-07-03 00:38:44.747 140821 DEBUG oslo_service.service [req-dc0f46c0-771c-43fb-be53-55d06cbe7cc3 - - - - -] api.vendordata_dynamic_connect_timeout = 5 log_opt_values /usr/lib/python3/dist-packages/oslo_config/cfg.py:2609
2025-07-03 00:38:44.747 140821 DEBUG oslo_service.service [req-dc0f46c0-771c-43fb-be53-55d06cbe7cc3 - - - - -] api.vendordata_dynamic_failure_fatal = False log_opt_values /usr/lib/python3/dist-packages/oslo_config/cfg.py:2609
2025-07-03 00:38:44.747 140821 DEBUG oslo_service.service [req-dc0f46c0-771c-43fb-be53-55d06cbe7cc3 - - - - -] api.vendordata_dynamic_read_timeout = 5 log_opt_values /usr/lib/python3/dist-packages/oslo_config/cfg.py:2609
2025-07-03 00:38:44.747 141540 DEBUG nova.service [req-46c20beb-3670-4e73-8929-7ec10a1500df - - - - -] Creating RPC server for service conductor start /usr/lib/python3/dist-packages/nova/service.py:182
2025-07-03 00:38:44.748 140821 DEBUG oslo_service.service [req-dc0f46c0-771c-43fb-be53-55d06cbe7cc3 - - - - -] api.vendordata_dynamic_ssl_certfile = log_opt_values /usr/lib/python3/dist-packages/oslo_config/cfg.py:2609
2025-07-03 00:38:44.748 140821 DEBUG oslo_service.service [req-dc0f46c0-771c-43fb-be53-55d06cbe7cc3 - - - - -] api.vendordata_dynamic_targets = [] log_opt_values /usr/lib/python3/dist-packages/oslo_config/cfg.py:2609
2025-07-03 00:38:44.748 140821 DEBUG oslo_service.service [req-dc0f46c0-771c-43fb-be53-55d06cbe7cc3 - - - - -] api.vendordata_jsonfile_path = None log_opt_values /usr/lib/python3/dist-packages/oslo_config/cfg.py:2609
2025-07-03 00:38:44.748 140821 DEBUG oslo_service.service [req-dc0f46c0-771c-43fb-be53-55d06cbe7cc3 - - - - -] api.vendordata_providers = ['StaticJSON'] log_opt_values /usr/lib/python3/dist-packages/oslo_config/cfg.py:2609
2025-07-03 00:38:44.748 140821 DEBUG oslo_service.service [req-dc0f46c0-771c-43fb-be53-55d06cbe7cc3 - - - - -] cache.backend = dogpile.cache.null log_opt_values /usr/lib/python3/dist-packages/oslo_config/cfg.py:2609
2025-07-03 00:38:44.749 140821 DEBUG oslo_service.service [req-dc0f46c0-771c-43fb-be53-55d06cbe7cc3 - - - - -] cache.backend_argument = **** log_opt_values /usr/lib/python3/dist-packages/oslo_config/cfg.py:2609
2025-07-03 00:38:44.749 140821 DEBUG oslo_service.service [req-dc0f46c0-771c-43fb-be53-55d06cbe7cc3 - - - - -] cache.config_prefix = cache.oslo log_opt_values /usr/lib/python3/dist-packages/oslo_config/cfg.py:2609
2025-07-03 00:38:44.749 140821 DEBUG oslo_service.service [req-dc0f46c0-771c-43fb-be53-55d06cbe7cc3 - - - - -] cache.debug_cache_backend = False log_opt_values /usr/lib/python3/dist-packages/oslo_config/cfg.py:2609
2025-07-03 00:38:44.749 140821 DEBUG oslo_service.service [req-dc0f46c0-771c-43fb-be53-55d06cbe7cc3 - - - - -] cache.enabled = False log_opt_values /usr/lib/python3/dist-packages/oslo_config/cfg.py:2609
2025-07-03 00:38:44.749 140821 DEBUG oslo_service.service [req-dc0f46c0-771c-43fb-be53-55d06cbe7cc3 - - - - -] cache.expiration_time = 600 log_opt_values /usr/lib/python3/dist-packages/oslo_config/cfg.py:2609
2025-07-03 00:38:44.749 140821 DEBUG oslo_service.service [req-dc0f46c0-771c-43fb-be53-55d06cbe7cc3 - - - - -] cache.memcache_dead_retry = 300 log_opt_values /usr/lib/python3/dist-packages/oslo_config/cfg.py:2609
2025-07-03 00:38:44.750 140821 DEBUG oslo_service.service [req-dc0f46c0-771c-43fb-be53-55d06cbe7cc3 - - - - -] cache.memcache_pool_connection_get_timeout = 10 log_opt_values /usr/lib/python3/dist-packages/oslo_config/cfg.py:2609
2025-07-03 00:38:44.750 140821 DEBUG oslo_service.service [req-dc0f46c0-771c-43fb-be53-55d06cbe7cc3 - - - - -] cache.memcache_pool_flush_on_reconnect = False log_opt_values /usr/lib/python3/dist-packages/oslo_config/cfg.py:2609
2025-07-03 00:38:44.750 140821 DEBUG oslo_service.service [req-dc0f46c0-771c-43fb-be53-55d06cbe7cc3 - - - - -] cache.memcache_pool_maxsize = 10 log_opt_values /usr/lib/python3/dist-packages/oslo_config/cfg.py:2609
2025-07-03 00:38:44.750 140821 DEBUG oslo_service.service [req-dc0f46c0-771c-43fb-be53-55d06cbe7cc3 - - - - -] cache.memcache_pool_unused_timeout = 60 log_opt_values /usr/lib/python3/dist-packages/oslo_config/cfg.py:2609
2025-07-03 00:38:44.750 140821 DEBUG oslo_service.service [req-dc0f46c0-771c-43fb-be53-55d06cbe7cc3 - - - - -] cache.memcache_servers = ['localhost:11211'] log_opt_values /usr/lib/python3/dist-packages/oslo_config/cfg.py:2609
2025-07-03 00:38:44.750 140821 DEBUG oslo_service.service [req-dc0f46c0-771c-43fb-be53-55d06cbe7cc3 - - - - -] cache.memcache_socket_timeout = 1.0 log_opt_values /usr/lib/python3/dist-packages/oslo_config/cfg.py:2609
2025-07-03 00:38:44.750 141537 DEBUG oslo_messaging._drivers.amqpdriver [-] Listener is running poll /usr/lib/python3/dist-packages/oslo_messaging/_drivers/amqpdriver.py:343
2025-07-03 00:38:44.751 141537 DEBUG oslo_messaging._drivers.amqpdriver [-] AMQPListener connection consume poll /usr/lib/python3/dist-packages/oslo_messaging/_drivers/amqpdriver.py:357
2025-07-03 00:38:44.751 140821 DEBUG oslo_service.service [req-dc0f46c0-771c-43fb-be53-55d06cbe7cc3 - - - - -] cache.proxies = [] log_opt_values /usr/lib/python3/dist-packages/oslo_config/cfg.py:2609
2025-07-03 00:38:44.751 140821 DEBUG oslo_service.service [req-dc0f46c0-771c-43fb-be53-55d06cbe7cc3 - - - - -] cache.tls_allowed_ciphers = None log_opt_values /usr/lib/python3/dist-packages/oslo_config/cfg.py:2609
2025-07-03 00:38:44.751 140821 DEBUG oslo_service.service [req-dc0f46c0-771c-43fb-be53-55d06cbe7cc3 - - - - -] cache.tls_cafile = None log_opt_values /usr/lib/python3/dist-packages/oslo_config/cfg.py:2609
2025-07-03 00:38:44.751 140821 DEBUG oslo_service.service [req-dc0f46c0-771c-43fb-be53-55d06cbe7cc3 - - - - -] cache.tls_certfile = None log_opt_values /usr/lib/python3/dist-packages/oslo_config/cfg.py:2609
2025-07-03 00:38:44.751 140821 DEBUG oslo_service.service [req-dc0f46c0-771c-43fb-be53-55d06cbe7cc3 - - - - -] cache.tls_enabled = False log_opt_values /usr/lib/python3/dist-packages/oslo_config/cfg.py:2609
2025-07-03 00:38:44.751 141537 DEBUG nova.service [req-a2ecb83b-b318-4fd6-bda3-369a4c537159 - - - - -] Join ServiceGroup membership for this service conductor start /usr/lib/python3/dist-packages/nova/service.py:199
2025-07-03 00:38:44.751 140821 DEBUG oslo_service.service [req-dc0f46c0-771c-43fb-be53-55d06cbe7cc3 - - - - -] cache.tls_keyfile = None log_opt_values /usr/lib/python3/dist-packages/oslo_config/cfg.py:2609
2025-07-03 00:38:44.751 141537 DEBUG nova.servicegroup.drivers.db [req-a2ecb83b-b318-4fd6-bda3-369a4c537159 - - - - -] DB_Driver: join new ServiceGroup member juju-ef25f2-0-lxd-7 to the conductor group, service = join /usr/lib/python3/dist-packages/nova/servicegroup/drivers/db.py:44
2025-07-03 00:38:44.751 140821 DEBUG oslo_service.service [req-dc0f46c0-771c-43fb-be53-55d06cbe7cc3 - - - - -] cinder.auth_section = None log_opt_values /usr/lib/python3/dist-packages/oslo_config/cfg.py:2609
2025-07-03 00:38:44.752 140821 DEBUG oslo_service.service [req-dc0f46c0-771c-43fb-be53-55d06cbe7cc3 - - - - -] cinder.auth_type = None log_opt_values /usr/lib/python3/dist-packages/oslo_config/cfg.py:2609
2025-07-03 00:38:44.752 140821 DEBUG oslo_service.service [req-dc0f46c0-771c-43fb-be53-55d06cbe7cc3 - - - - -] cinder.cafile = None log_opt_values /usr/lib/python3/dist-packages/oslo_config/cfg.py:2609
2025-07-03 00:38:44.752 140821 DEBUG oslo_service.service [req-dc0f46c0-771c-43fb-be53-55d06cbe7cc3 - - - - -] cinder.catalog_info = volumev3::publicURL log_opt_values /usr/lib/python3/dist-packages/oslo_config/cfg.py:2609
2025-07-03 00:38:44.752 140821 DEBUG oslo_service.service [req-dc0f46c0-771c-43fb-be53-55d06cbe7cc3 - - - - -] cinder.certfile = None log_opt_values /usr/lib/python3/dist-packages/oslo_config/cfg.py:2609
2025-07-03 00:38:44.752 140821 DEBUG oslo_service.service [req-dc0f46c0-771c-43fb-be53-55d06cbe7cc3 - - - - -] cinder.collect_timing = False log_opt_values /usr/lib/python3/dist-packages/oslo_config/cfg.py:2609
2025-07-03 00:38:44.753 140821 DEBUG oslo_service.service [req-dc0f46c0-771c-43fb-be53-55d06cbe7cc3 - - - - -] cinder.cross_az_attach = True log_opt_values /usr/lib/python3/dist-packages/oslo_config/cfg.py:2609
2025-07-03 00:38:44.753 140821 DEBUG oslo_service.service [req-dc0f46c0-771c-43fb-be53-55d06cbe7cc3 - - - - -] cinder.debug = False log_opt_values /usr/lib/python3/dist-packages/oslo_config/cfg.py:2609
2025-07-03 00:38:44.753 140821 DEBUG oslo_service.service [req-dc0f46c0-771c-43fb-be53-55d06cbe7cc3 - - - - -] cinder.endpoint_template = None log_opt_values /usr/lib/python3/dist-packages/oslo_config/cfg.py:2609
2025-07-03 00:38:44.753 140821 DEBUG oslo_service.service [req-dc0f46c0-771c-43fb-be53-55d06cbe7cc3 - - - - -] cinder.http_retries = 3 log_opt_values /usr/lib/python3/dist-packages/oslo_config/cfg.py:2609
2025-07-03 00:38:44.753 140821 DEBUG oslo_service.service [req-dc0f46c0-771c-43fb-be53-55d06cbe7cc3 - - - - -] cinder.insecure = False log_opt_values /usr/lib/python3/dist-packages/oslo_config/cfg.py:2609
2025-07-03 00:38:44.753 140821 DEBUG oslo_service.service [req-dc0f46c0-771c-43fb-be53-55d06cbe7cc3 - - - - -] cinder.keyfile = None log_opt_values /usr/lib/python3/dist-packages/oslo_config/cfg.py:2609
2025-07-03 00:38:44.754 140821 DEBUG oslo_service.service [req-dc0f46c0-771c-43fb-be53-55d06cbe7cc3 - - - - -] cinder.os_region_name = None log_opt_values /usr/lib/python3/dist-packages/oslo_config/cfg.py:2609
2025-07-03 00:38:44.754 140821 DEBUG oslo_service.service [req-dc0f46c0-771c-43fb-be53-55d06cbe7cc3 - - - - -] cinder.split_loggers = False log_opt_values /usr/lib/python3/dist-packages/oslo_config/cfg.py:2609
2025-07-03 00:38:44.754 140821 DEBUG oslo_service.service [req-dc0f46c0-771c-43fb-be53-55d06cbe7cc3 - - - - -] cinder.timeout = None log_opt_values /usr/lib/python3/dist-packages/oslo_config/cfg.py:2609
2025-07-03 00:38:44.754 140821 DEBUG oslo_service.service [req-dc0f46c0-771c-43fb-be53-55d06cbe7cc3 - - - - -] compute.consecutive_build_service_disable_threshold = 10 log_opt_values /usr/lib/python3/dist-packages/oslo_config/cfg.py:2609
2025-07-03 00:38:44.755 140821 DEBUG oslo_service.service [req-dc0f46c0-771c-43fb-be53-55d06cbe7cc3 - - - - -] compute.cpu_dedicated_set = None log_opt_values /usr/lib/python3/dist-packages/oslo_config/cfg.py:2609
2025-07-03 00:38:44.755 140821 DEBUG oslo_service.service [req-dc0f46c0-771c-43fb-be53-55d06cbe7cc3 - - - - -] compute.cpu_shared_set = None log_opt_values /usr/lib/python3/dist-packages/oslo_config/cfg.py:2609
2025-07-03 00:38:44.755 140821 DEBUG oslo_service.service [req-dc0f46c0-771c-43fb-be53-55d06cbe7cc3 - - - - -] compute.image_type_exclude_list = [] log_opt_values /usr/lib/python3/dist-packages/oslo_config/cfg.py:2609
2025-07-03 00:38:44.755 140821 DEBUG oslo_service.service [req-dc0f46c0-771c-43fb-be53-55d06cbe7cc3 - - - - -] compute.live_migration_wait_for_vif_plug = True log_opt_values /usr/lib/python3/dist-packages/oslo_config/cfg.py:2609
2025-07-03 00:38:44.756 140821 DEBUG oslo_service.service [req-dc0f46c0-771c-43fb-be53-55d06cbe7cc3 - - - - -] compute.max_concurrent_disk_ops = 0 log_opt_values /usr/lib/python3/dist-packages/oslo_config/cfg.py:2609
2025-07-03 00:38:44.756 140821 DEBUG oslo_service.service [req-dc0f46c0-771c-43fb-be53-55d06cbe7cc3 - - - - -] compute.max_disk_devices_to_attach = -1 log_opt_values /usr/lib/python3/dist-packages/oslo_config/cfg.py:2609
2025-07-03 00:38:44.756 141537 DEBUG oslo_messaging._drivers.amqpdriver [-] received message msg_id: ec4b879305b04b4d8bfec1b5272dd3e0 reply to reply_ffc7975bdebd4bbea8a9710b4feefe96 __call__ /usr/lib/python3/dist-packages/oslo_messaging/_drivers/amqpdriver.py:320
2025-07-03 00:38:44.756 140821 DEBUG oslo_service.service [req-dc0f46c0-771c-43fb-be53-55d06cbe7cc3 - - - - -] compute.packing_host_numa_cells_allocation_strategy = True log_opt_values /usr/lib/python3/dist-packages/oslo_config/cfg.py:2609
2025-07-03 00:38:44.756 140821 DEBUG oslo_service.service [req-dc0f46c0-771c-43fb-be53-55d06cbe7cc3 - - - - -] compute.provider_config_location = /etc/nova/provider_config/ log_opt_values /usr/lib/python3/dist-packages/oslo_config/cfg.py:2609
2025-07-03 00:38:44.756 140821 DEBUG oslo_service.service [req-dc0f46c0-771c-43fb-be53-55d06cbe7cc3 - - - - -] compute.resource_provider_association_refresh = 300 log_opt_values /usr/lib/python3/dist-packages/oslo_config/cfg.py:2609
2025-07-03 00:38:44.757 140821 DEBUG oslo_service.service [req-dc0f46c0-771c-43fb-be53-55d06cbe7cc3 - - - - -] compute.shutdown_retry_interval = 10 log_opt_values /usr/lib/python3/dist-packages/oslo_config/cfg.py:2609
2025-07-03 00:38:44.757 140821 DEBUG oslo_service.service [req-dc0f46c0-771c-43fb-be53-55d06cbe7cc3 - - - - -] compute.vmdk_allowed_types = ['streamOptimized', 'monolithicSparse'] log_opt_values /usr/lib/python3/dist-packages/oslo_config/cfg.py:2609
2025-07-03 00:38:44.757 140821 DEBUG oslo_service.service [req-dc0f46c0-771c-43fb-be53-55d06cbe7cc3 - - - - -] conductor.workers = 4 log_opt_values /usr/lib/python3/dist-packages/oslo_config/cfg.py:2609
2025-07-03 00:38:44.757 141538 DEBUG oslo_messaging._drivers.amqpdriver [-] Listener is running poll /usr/lib/python3/dist-packages/oslo_messaging/_drivers/amqpdriver.py:343
2025-07-03 00:38:44.757 140821 DEBUG oslo_service.service [req-dc0f46c0-771c-43fb-be53-55d06cbe7cc3 - - - - -] console.allowed_origins = [] log_opt_values /usr/lib/python3/dist-packages/oslo_config/cfg.py:2609
2025-07-03 00:38:44.758 141538 DEBUG oslo_messaging._drivers.amqpdriver [-] AMQPListener connection consume poll /usr/lib/python3/dist-packages/oslo_messaging/_drivers/amqpdriver.py:357
2025-07-03 00:38:44.758 140821 DEBUG oslo_service.service [req-dc0f46c0-771c-43fb-be53-55d06cbe7cc3 - - - - -] console.ssl_ciphers = None log_opt_values /usr/lib/python3/dist-packages/oslo_config/cfg.py:2609
2025-07-03 00:38:44.758 140821 DEBUG oslo_service.service [req-dc0f46c0-771c-43fb-be53-55d06cbe7cc3 - - - - -] console.ssl_minimum_version = default log_opt_values /usr/lib/python3/dist-packages/oslo_config/cfg.py:2609
2025-07-03 00:38:44.758 141537 DEBUG oslo_messaging._drivers.amqpdriver [-] AMQPListener connection timeout poll /usr/lib/python3/dist-packages/oslo_messaging/_drivers/amqpdriver.py:360
2025-07-03 00:38:44.758 141538 DEBUG nova.service [req-b99ede99-80ef-4e64-9425-a1683ff076d9 - - - - -] Join ServiceGroup membership for this service conductor start /usr/lib/python3/dist-packages/nova/service.py:199
2025-07-03 00:38:44.758 141537 DEBUG oslo_messaging._drivers.amqpdriver [-] Listener is running poll /usr/lib/python3/dist-packages/oslo_messaging/_drivers/amqpdriver.py:343
2025-07-03 00:38:44.758 140821 DEBUG oslo_service.service [req-dc0f46c0-771c-43fb-be53-55d06cbe7cc3 - - - - -] consoleauth.token_ttl = 600 log_opt_values /usr/lib/python3/dist-packages/oslo_config/cfg.py:2609
2025-07-03 00:38:44.758 141537 DEBUG oslo_messaging._drivers.amqpdriver [-] Poll the incoming message with unique_id: f3718005633b48ecbca3bed243f4c56b poll /usr/lib/python3/dist-packages/oslo_messaging/_drivers/amqpdriver.py:346
2025-07-03 00:38:44.758 141538 DEBUG nova.servicegroup.drivers.db [req-b99ede99-80ef-4e64-9425-a1683ff076d9 - - - - -] DB_Driver: join new ServiceGroup member juju-ef25f2-0-lxd-7 to the conductor group, service = join /usr/lib/python3/dist-packages/nova/servicegroup/drivers/db.py:44
2025-07-03 00:38:44.758 140821 DEBUG oslo_service.service [req-dc0f46c0-771c-43fb-be53-55d06cbe7cc3 - - - - -] cyborg.cafile = None log_opt_values /usr/lib/python3/dist-packages/oslo_config/cfg.py:2609
2025-07-03 00:38:44.759 141537 DEBUG oslo_messaging._drivers.amqpdriver [-] Listener is running poll /usr/lib/python3/dist-packages/oslo_messaging/_drivers/amqpdriver.py:343
2025-07-03 00:38:44.759 140821 DEBUG oslo_service.service [req-dc0f46c0-771c-43fb-be53-55d06cbe7cc3 - - - - -] cyborg.certfile = None log_opt_values /usr/lib/python3/dist-packages/oslo_config/cfg.py:2609
2025-07-03 00:38:44.759 141537 DEBUG oslo_messaging._drivers.amqpdriver [-] AMQPListener connection consume poll /usr/lib/python3/dist-packages/oslo_messaging/_drivers/amqpdriver.py:357
2025-07-03 00:38:44.759 140821 DEBUG oslo_service.service [req-dc0f46c0-771c-43fb-be53-55d06cbe7cc3 - - - - -] cyborg.collect_timing = False log_opt_values /usr/lib/python3/dist-packages/oslo_config/cfg.py:2609
2025-07-03 00:38:44.759 140821 DEBUG oslo_service.service [req-dc0f46c0-771c-43fb-be53-55d06cbe7cc3 - - - - -] cyborg.connect_retries = None log_opt_values /usr/lib/python3/dist-packages/oslo_config/cfg.py:2609
2025-07-03 00:38:44.760 140821 DEBUG oslo_service.service [req-dc0f46c0-771c-43fb-be53-55d06cbe7cc3 - - - - -] cyborg.connect_retry_delay = None log_opt_values /usr/lib/python3/dist-packages/oslo_config/cfg.py:2609
2025-07-03 00:38:44.760 140821 DEBUG oslo_service.service [req-dc0f46c0-771c-43fb-be53-55d06cbe7cc3 - - - - -] cyborg.endpoint_override = None log_opt_values /usr/lib/python3/dist-packages/oslo_config/cfg.py:2609
2025-07-03 00:38:44.760 140821 DEBUG oslo_service.service [req-dc0f46c0-771c-43fb-be53-55d06cbe7cc3 - - - - -] cyborg.insecure = False log_opt_values /usr/lib/python3/dist-packages/oslo_config/cfg.py:2609
2025-07-03 00:38:44.760 140821 DEBUG oslo_service.service [req-dc0f46c0-771c-43fb-be53-55d06cbe7cc3 - - - - -] cyborg.keyfile = None log_opt_values /usr/lib/python3/dist-packages/oslo_config/cfg.py:2609
2025-07-03 00:38:44.760 141538 DEBUG oslo_messaging._drivers.amqpdriver [-] AMQPListener connection timeout poll /usr/lib/python3/dist-packages/oslo_messaging/_drivers/amqpdriver.py:360
2025-07-03 00:38:44.761 140821 DEBUG oslo_service.service [req-dc0f46c0-771c-43fb-be53-55d06cbe7cc3 - - - - -] cyborg.max_version = None log_opt_values /usr/lib/python3/dist-packages/oslo_config/cfg.py:2609
2025-07-03 00:38:44.761 141538 DEBUG oslo_messaging._drivers.amqpdriver [-] Listener is running poll /usr/lib/python3/dist-packages/oslo_messaging/_drivers/amqpdriver.py:343
2025-07-03 00:38:44.761 141538 DEBUG oslo_messaging._drivers.amqpdriver [-] AMQPListener connection consume poll /usr/lib/python3/dist-packages/oslo_messaging/_drivers/amqpdriver.py:357
2025-07-03 00:38:44.761 140821 DEBUG oslo_service.service [req-dc0f46c0-771c-43fb-be53-55d06cbe7cc3 - - - - -] cyborg.min_version = None log_opt_values /usr/lib/python3/dist-packages/oslo_config/cfg.py:2609
2025-07-03 00:38:44.761 140821 DEBUG oslo_service.service [req-dc0f46c0-771c-43fb-be53-55d06cbe7cc3 - - - - -] cyborg.region_name = None log_opt_values /usr/lib/python3/dist-packages/oslo_config/cfg.py:2609
2025-07-03 00:38:44.761 140821 DEBUG oslo_service.service [req-dc0f46c0-771c-43fb-be53-55d06cbe7cc3 - - - - -] cyborg.service_name = None log_opt_values /usr/lib/python3/dist-packages/oslo_config/cfg.py:2609
2025-07-03 00:38:44.762 140821 DEBUG oslo_service.service [req-dc0f46c0-771c-43fb-be53-55d06cbe7cc3 - - - - -] cyborg.service_type = accelerator log_opt_values /usr/lib/python3/dist-packages/oslo_config/cfg.py:2609
2025-07-03 00:38:44.762 140821 DEBUG oslo_service.service [req-dc0f46c0-771c-43fb-be53-55d06cbe7cc3 - - - - -] cyborg.split_loggers = False log_opt_values /usr/lib/python3/dist-packages/oslo_config/cfg.py:2609
2025-07-03 00:38:44.762 140821 DEBUG oslo_service.service [req-dc0f46c0-771c-43fb-be53-55d06cbe7cc3 - - - - -] cyborg.status_code_retries = None log_opt_values /usr/lib/python3/dist-packages/oslo_config/cfg.py:2609
2025-07-03 00:38:44.762 140821 DEBUG oslo_service.service [req-dc0f46c0-771c-43fb-be53-55d06cbe7cc3 - - - - -] cyborg.status_code_retry_delay = None log_opt_values /usr/lib/python3/dist-packages/oslo_config/cfg.py:2609
2025-07-03 00:38:44.763 140821 DEBUG oslo_service.service [req-dc0f46c0-771c-43fb-be53-55d06cbe7cc3 - - - - -] cyborg.timeout = None log_opt_values /usr/lib/python3/dist-packages/oslo_config/cfg.py:2609
2025-07-03 00:38:44.763 140821 DEBUG oslo_service.service [req-dc0f46c0-771c-43fb-be53-55d06cbe7cc3 - - - - -] cyborg.valid_interfaces = ['internal', 'public'] log_opt_values /usr/lib/python3/dist-packages/oslo_config/cfg.py:2609
2025-07-03 00:38:44.763 140821 DEBUG oslo_service.service [req-dc0f46c0-771c-43fb-be53-55d06cbe7cc3 - - - - -] cyborg.version = None log_opt_values /usr/lib/python3/dist-packages/oslo_config/cfg.py:2609
2025-07-03 00:38:44.763 140821 DEBUG oslo_service.service [req-dc0f46c0-771c-43fb-be53-55d06cbe7cc3 - - - - -] database.backend = sqlalchemy log_opt_values /usr/lib/python3/dist-packages/oslo_config/cfg.py:2609
2025-07-03 00:38:44.764 140821 DEBUG oslo_service.service [req-dc0f46c0-771c-43fb-be53-55d06cbe7cc3 - - - - -] database.connection = **** log_opt_values /usr/lib/python3/dist-packages/oslo_config/cfg.py:2609
2025-07-03 00:38:44.764 140821 DEBUG oslo_service.service [req-dc0f46c0-771c-43fb-be53-55d06cbe7cc3 - - - - -] database.connection_debug = 0 log_opt_values /usr/lib/python3/dist-packages/oslo_config/cfg.py:2609
2025-07-03 00:38:44.764 140821 DEBUG oslo_service.service [req-dc0f46c0-771c-43fb-be53-55d06cbe7cc3 - - - - -] database.connection_parameters = log_opt_values /usr/lib/python3/dist-packages/oslo_config/cfg.py:2609
2025-07-03 00:38:44.764 140821 DEBUG oslo_service.service [req-dc0f46c0-771c-43fb-be53-55d06cbe7cc3 - - - - -] database.connection_recycle_time = 3600 log_opt_values /usr/lib/python3/dist-packages/oslo_config/cfg.py:2609
2025-07-03 00:38:44.764 141539 DEBUG oslo_messaging._drivers.amqpdriver [-] Listener is running poll /usr/lib/python3/dist-packages/oslo_messaging/_drivers/amqpdriver.py:343
2025-07-03 00:38:44.765 141539 DEBUG oslo_messaging._drivers.amqpdriver [-] AMQPListener connection consume poll /usr/lib/python3/dist-packages/oslo_messaging/_drivers/amqpdriver.py:357
2025-07-03 00:38:44.765 140821 DEBUG oslo_service.service [req-dc0f46c0-771c-43fb-be53-55d06cbe7cc3 - - - - -] database.connection_trace = False log_opt_values /usr/lib/python3/dist-packages/oslo_config/cfg.py:2609
2025-07-03 00:38:44.765 140821 DEBUG oslo_service.service [req-dc0f46c0-771c-43fb-be53-55d06cbe7cc3 - - - - -] database.db_inc_retry_interval = True log_opt_values /usr/lib/python3/dist-packages/oslo_config/cfg.py:2609
2025-07-03 00:38:44.765 140821 DEBUG oslo_service.service [req-dc0f46c0-771c-43fb-be53-55d06cbe7cc3 - - - - -] database.db_max_retries = 20 log_opt_values /usr/lib/python3/dist-packages/oslo_config/cfg.py:2609
2025-07-03 00:38:44.765 141539 DEBUG nova.service [req-013c35d8-2f96-4509-9206-645635cd5e68 - - - - -] Join ServiceGroup membership for this service conductor start /usr/lib/python3/dist-packages/nova/service.py:199
2025-07-03 00:38:44.765 141537 DEBUG oslo_messaging._drivers.amqpdriver [req-177883bf-4c46-45d3-8e20-68be1cfbdc61 - - - - -] sending reply msg_id: ec4b879305b04b4d8bfec1b5272dd3e0 reply queue: reply_ffc7975bdebd4bbea8a9710b4feefe96 time elapsed: 0.009149585000159277s _send_reply /usr/lib/python3/dist-packages/oslo_messaging/_drivers/amqpdriver.py:118
2025-07-03 00:38:44.765 140821 DEBUG oslo_service.service [req-dc0f46c0-771c-43fb-be53-55d06cbe7cc3 - - - - -] database.db_max_retry_interval = 10 log_opt_values /usr/lib/python3/dist-packages/oslo_config/cfg.py:2609
2025-07-03 00:38:44.765 141539 DEBUG nova.servicegroup.drivers.db [req-013c35d8-2f96-4509-9206-645635cd5e68 - - - - -] DB_Driver: join new ServiceGroup member juju-ef25f2-0-lxd-7 to the conductor group, service = join /usr/lib/python3/dist-packages/nova/servicegroup/drivers/db.py:44
2025-07-03 00:38:44.766 140821 DEBUG oslo_service.service [req-dc0f46c0-771c-43fb-be53-55d06cbe7cc3 - - - - -] database.db_retry_interval = 1 log_opt_values /usr/lib/python3/dist-packages/oslo_config/cfg.py:2609
2025-07-03 00:38:44.766 140821 DEBUG oslo_service.service [req-dc0f46c0-771c-43fb-be53-55d06cbe7cc3 - - - - -] database.max_overflow = 50 log_opt_values /usr/lib/python3/dist-packages/oslo_config/cfg.py:2609
2025-07-03 00:38:44.766 140821 DEBUG oslo_service.service [req-dc0f46c0-771c-43fb-be53-55d06cbe7cc3 - - - - -] database.max_pool_size = 4 log_opt_values /usr/lib/python3/dist-packages/oslo_config/cfg.py:2609
2025-07-03 00:38:44.766 140821 DEBUG oslo_service.service [req-dc0f46c0-771c-43fb-be53-55d06cbe7cc3 - - - - -] database.max_retries = 10 log_opt_values /usr/lib/python3/dist-packages/oslo_config/cfg.py:2609
2025-07-03 00:38:44.767 140821 DEBUG oslo_service.service [req-dc0f46c0-771c-43fb-be53-55d06cbe7cc3 - - - - -] database.mysql_enable_ndb = False log_opt_values /usr/lib/python3/dist-packages/oslo_config/cfg.py:2609
2025-07-03 00:38:44.767 140821 DEBUG oslo_service.service [req-dc0f46c0-771c-43fb-be53-55d06cbe7cc3 - - - - -] database.mysql_sql_mode = TRADITIONAL log_opt_values /usr/lib/python3/dist-packages/oslo_config/cfg.py:2609
2025-07-03 00:38:44.767 140821 DEBUG oslo_service.service [req-dc0f46c0-771c-43fb-be53-55d06cbe7cc3 - - - - -] database.pool_timeout = None log_opt_values /usr/lib/python3/dist-packages/oslo_config/cfg.py:2609
2025-07-03 00:38:44.767 140821 DEBUG oslo_service.service [req-dc0f46c0-771c-43fb-be53-55d06cbe7cc3 - - - - -] database.retry_interval = 10 log_opt_values /usr/lib/python3/dist-packages/oslo_config/cfg.py:2609
2025-07-03 00:38:44.768 140821 DEBUG oslo_service.service [req-dc0f46c0-771c-43fb-be53-55d06cbe7cc3 - - - - -] database.slave_connection = **** log_opt_values /usr/lib/python3/dist-packages/oslo_config/cfg.py:2609
2025-07-03 00:38:44.768 140821 DEBUG oslo_service.service [req-dc0f46c0-771c-43fb-be53-55d06cbe7cc3 - - - - -] database.sqlite_synchronous = True log_opt_values /usr/lib/python3/dist-packages/oslo_config/cfg.py:2609
2025-07-03 00:38:44.768 141539 DEBUG oslo_messaging._drivers.amqpdriver [-] AMQPListener connection timeout poll /usr/lib/python3/dist-packages/oslo_messaging/_drivers/amqpdriver.py:360
2025-07-03 00:38:44.768 140821 DEBUG oslo_service.service [req-dc0f46c0-771c-43fb-be53-55d06cbe7cc3 - - - - -] database.use_db_reconnect = False log_opt_values /usr/lib/python3/dist-packages/oslo_config/cfg.py:2609
2025-07-03 00:38:44.768 141539 DEBUG oslo_messaging._drivers.amqpdriver [-] Listener is running poll /usr/lib/python3/dist-packages/oslo_messaging/_drivers/amqpdriver.py:343
2025-07-03 00:38:44.768 141539 DEBUG oslo_messaging._drivers.amqpdriver [-] AMQPListener connection consume poll /usr/lib/python3/dist-packages/oslo_messaging/_drivers/amqpdriver.py:357
2025-07-03 00:38:44.768 140821 DEBUG oslo_service.service [req-dc0f46c0-771c-43fb-be53-55d06cbe7cc3 - - - - -] api_database.backend = sqlalchemy log_opt_values /usr/lib/python3/dist-packages/oslo_config/cfg.py:2609
2025-07-03 00:38:44.768 140821 DEBUG oslo_service.service [req-dc0f46c0-771c-43fb-be53-55d06cbe7cc3 - - - - -] api_database.connection = **** log_opt_values /usr/lib/python3/dist-packages/oslo_config/cfg.py:2609
2025-07-03 00:38:44.769 140821 DEBUG oslo_service.service [req-dc0f46c0-771c-43fb-be53-55d06cbe7cc3 - - - - -] api_database.connection_debug = 0 log_opt_values /usr/lib/python3/dist-packages/oslo_config/cfg.py:2609
2025-07-03 00:38:44.769 140821 DEBUG oslo_service.service [req-dc0f46c0-771c-43fb-be53-55d06cbe7cc3 - - - - -] api_database.connection_parameters = log_opt_values /usr/lib/python3/dist-packages/oslo_config/cfg.py:2609
2025-07-03 00:38:44.769 140821 DEBUG oslo_service.service [req-dc0f46c0-771c-43fb-be53-55d06cbe7cc3 - - - - -] api_database.connection_recycle_time = 3600 log_opt_values /usr/lib/python3/dist-packages/oslo_config/cfg.py:2609
2025-07-03 00:38:44.769 140821 DEBUG oslo_service.service [req-dc0f46c0-771c-43fb-be53-55d06cbe7cc3 - - - - -] api_database.connection_trace = False log_opt_values /usr/lib/python3/dist-packages/oslo_config/cfg.py:2609
2025-07-03 00:38:44.770 140821 DEBUG oslo_service.service [req-dc0f46c0-771c-43fb-be53-55d06cbe7cc3 - - - - -] api_database.db_inc_retry_interval = True log_opt_values /usr/lib/python3/dist-packages/oslo_config/cfg.py:2609
2025-07-03 00:38:44.770 140821 DEBUG oslo_service.service [req-dc0f46c0-771c-43fb-be53-55d06cbe7cc3 - - - - -] api_database.db_max_retries = 20 log_opt_values /usr/lib/python3/dist-packages/oslo_config/cfg.py:2609
2025-07-03 00:38:44.770 140821 DEBUG oslo_service.service [req-dc0f46c0-771c-43fb-be53-55d06cbe7cc3 - - - - -] api_database.db_max_retry_interval = 10 log_opt_values /usr/lib/python3/dist-packages/oslo_config/cfg.py:2609
2025-07-03 00:38:44.770 140821 DEBUG oslo_service.service [req-dc0f46c0-771c-43fb-be53-55d06cbe7cc3 - - - - -] api_database.db_retry_interval = 1 log_opt_values /usr/lib/python3/dist-packages/oslo_config/cfg.py:2609
2025-07-03 00:38:44.771 140821 DEBUG oslo_service.service [req-dc0f46c0-771c-43fb-be53-55d06cbe7cc3 - - - - -] api_database.max_overflow = 50 log_opt_values /usr/lib/python3/dist-packages/oslo_config/cfg.py:2609
2025-07-03 00:38:44.771 140821 DEBUG oslo_service.service [req-dc0f46c0-771c-43fb-be53-55d06cbe7cc3 - - - - -] api_database.max_pool_size = 4 log_opt_values /usr/lib/python3/dist-packages/oslo_config/cfg.py:2609
2025-07-03 00:38:44.771 140821 DEBUG oslo_service.service [req-dc0f46c0-771c-43fb-be53-55d06cbe7cc3 - - - - -] api_database.max_retries = 10 log_opt_values /usr/lib/python3/dist-packages/oslo_config/cfg.py:2609
2025-07-03 00:38:44.771 140821 DEBUG oslo_service.service [req-dc0f46c0-771c-43fb-be53-55d06cbe7cc3 - - - - -] api_database.mysql_enable_ndb = False log_opt_values /usr/lib/python3/dist-packages/oslo_config/cfg.py:2609
2025-07-03 00:38:44.772 140821 DEBUG oslo_service.service [req-dc0f46c0-771c-43fb-be53-55d06cbe7cc3 - - - - -] api_database.mysql_sql_mode = TRADITIONAL log_opt_values /usr/lib/python3/dist-packages/oslo_config/cfg.py:2609
2025-07-03 00:38:44.772 140821 DEBUG oslo_service.service [req-dc0f46c0-771c-43fb-be53-55d06cbe7cc3 - - - - -] api_database.pool_timeout = None log_opt_values /usr/lib/python3/dist-packages/oslo_config/cfg.py:2609
2025-07-03 00:38:44.772 140821 DEBUG oslo_service.service [req-dc0f46c0-771c-43fb-be53-55d06cbe7cc3 - - - - -] api_database.retry_interval = 10 log_opt_values /usr/lib/python3/dist-packages/oslo_config/cfg.py:2609
2025-07-03 00:38:44.772 140821 DEBUG oslo_service.service [req-dc0f46c0-771c-43fb-be53-55d06cbe7cc3 - - - - -] api_database.slave_connection = **** log_opt_values /usr/lib/python3/dist-packages/oslo_config/cfg.py:2609
2025-07-03 00:38:44.773 140821 DEBUG oslo_service.service [req-dc0f46c0-771c-43fb-be53-55d06cbe7cc3 - - - - -] api_database.sqlite_synchronous = True log_opt_values /usr/lib/python3/dist-packages/oslo_config/cfg.py:2609
2025-07-03 00:38:44.773 140821 DEBUG oslo_service.service [req-dc0f46c0-771c-43fb-be53-55d06cbe7cc3 - - - - -] devices.enabled_mdev_types = [] log_opt_values /usr/lib/python3/dist-packages/oslo_config/cfg.py:2609
2025-07-03 00:38:44.773 140821 DEBUG oslo_service.service [req-dc0f46c0-771c-43fb-be53-55d06cbe7cc3 - - - - -] ephemeral_storage_encryption.cipher = aes-xts-plain64 log_opt_values /usr/lib/python3/dist-packages/oslo_config/cfg.py:2609
2025-07-03 00:38:44.774 140821 DEBUG oslo_service.service [req-dc0f46c0-771c-43fb-be53-55d06cbe7cc3 - - - - -] ephemeral_storage_encryption.enabled = False log_opt_values /usr/lib/python3/dist-packages/oslo_config/cfg.py:2609
2025-07-03 00:38:44.774 140821 DEBUG oslo_service.service [req-dc0f46c0-771c-43fb-be53-55d06cbe7cc3 - - - - -] ephemeral_storage_encryption.key_size = 512 log_opt_values /usr/lib/python3/dist-packages/oslo_config/cfg.py:2609
2025-07-03 00:38:44.774 140821 WARNING oslo_config.cfg [req-dc0f46c0-771c-43fb-be53-55d06cbe7cc3 - - - - -] Deprecated: Option "api_servers" from group "glance" is deprecated for removal ( Support for image service configuration via standard keystoneauth1 Adapter options was added in the 17.0.0 Queens release. The api_servers option was retained temporarily to allow consumers time to cut over to a real load balancing solution. ). Its value may be silently ignored in the future.
2025-07-03 00:38:44.774 140821 DEBUG oslo_service.service [req-dc0f46c0-771c-43fb-be53-55d06cbe7cc3 - - - - -] glance.api_servers = ['http://252.249.158.126:9292'] log_opt_values /usr/lib/python3/dist-packages/oslo_config/cfg.py:2609
2025-07-03 00:38:44.775 140821 DEBUG oslo_service.service [req-dc0f46c0-771c-43fb-be53-55d06cbe7cc3 - - - - -] glance.cafile = None log_opt_values /usr/lib/python3/dist-packages/oslo_config/cfg.py:2609
2025-07-03 00:38:44.775 140821 DEBUG oslo_service.service [req-dc0f46c0-771c-43fb-be53-55d06cbe7cc3 - - - - -] glance.certfile = None log_opt_values /usr/lib/python3/dist-packages/oslo_config/cfg.py:2609
2025-07-03 00:38:44.775 140821 DEBUG oslo_service.service [req-dc0f46c0-771c-43fb-be53-55d06cbe7cc3 - - - - -] glance.collect_timing = False log_opt_values /usr/lib/python3/dist-packages/oslo_config/cfg.py:2609
2025-07-03 00:38:44.776 140821 DEBUG oslo_service.service [req-dc0f46c0-771c-43fb-be53-55d06cbe7cc3 - - - - -] glance.connect_retries = None log_opt_values /usr/lib/python3/dist-packages/oslo_config/cfg.py:2609
2025-07-03 00:38:44.776 140821 DEBUG oslo_service.service [req-dc0f46c0-771c-43fb-be53-55d06cbe7cc3 - - - - -] glance.connect_retry_delay = None log_opt_values /usr/lib/python3/dist-packages/oslo_config/cfg.py:2609
2025-07-03 00:38:44.776 140821 DEBUG oslo_service.service [req-dc0f46c0-771c-43fb-be53-55d06cbe7cc3 - - - - -] glance.debug = False log_opt_values /usr/lib/python3/dist-packages/oslo_config/cfg.py:2609
2025-07-03 00:38:44.776 140821 DEBUG oslo_service.service [req-dc0f46c0-771c-43fb-be53-55d06cbe7cc3 - - - - -] glance.default_trusted_certificate_ids = [] log_opt_values /usr/lib/python3/dist-packages/oslo_config/cfg.py:2609
2025-07-03 00:38:44.777 140821 DEBUG oslo_service.service [req-dc0f46c0-771c-43fb-be53-55d06cbe7cc3 - - - - -] glance.enable_certificate_validation = False log_opt_values /usr/lib/python3/dist-packages/oslo_config/cfg.py:2609
2025-07-03 00:38:44.777 140821 DEBUG oslo_service.service [req-dc0f46c0-771c-43fb-be53-55d06cbe7cc3 - - - - -] glance.enable_rbd_download = False log_opt_values /usr/lib/python3/dist-packages/oslo_config/cfg.py:2609
2025-07-03 00:38:44.777 140821 DEBUG oslo_service.service [req-dc0f46c0-771c-43fb-be53-55d06cbe7cc3 - - - - -] glance.endpoint_override = None log_opt_values /usr/lib/python3/dist-packages/oslo_config/cfg.py:2609
2025-07-03 00:38:44.777 140821 DEBUG oslo_service.service [req-dc0f46c0-771c-43fb-be53-55d06cbe7cc3 - - - - -] glance.insecure = False log_opt_values /usr/lib/python3/dist-packages/oslo_config/cfg.py:2609
2025-07-03 00:38:44.778 140821 DEBUG oslo_service.service [req-dc0f46c0-771c-43fb-be53-55d06cbe7cc3 - - - - -] glance.keyfile = None log_opt_values /usr/lib/python3/dist-packages/oslo_config/cfg.py:2609
2025-07-03 00:38:44.778 140821 DEBUG oslo_service.service [req-dc0f46c0-771c-43fb-be53-55d06cbe7cc3 - - - - -] glance.max_version = None log_opt_values /usr/lib/python3/dist-packages/oslo_config/cfg.py:2609
2025-07-03 00:38:44.778 140821 DEBUG oslo_service.service [req-dc0f46c0-771c-43fb-be53-55d06cbe7cc3 - - - - -] glance.min_version = None log_opt_values /usr/lib/python3/dist-packages/oslo_config/cfg.py:2609
2025-07-03 00:38:44.779 140821 DEBUG oslo_service.service [req-dc0f46c0-771c-43fb-be53-55d06cbe7cc3 - - - - -] glance.num_retries = 3 log_opt_values /usr/lib/python3/dist-packages/oslo_config/cfg.py:2609
2025-07-03 00:38:44.779 140821 DEBUG oslo_service.service [req-dc0f46c0-771c-43fb-be53-55d06cbe7cc3 - - - - -] glance.rbd_ceph_conf = log_opt_values /usr/lib/python3/dist-packages/oslo_config/cfg.py:2609
2025-07-03 00:38:44.779 140821 DEBUG oslo_service.service [req-dc0f46c0-771c-43fb-be53-55d06cbe7cc3 - - - - -] glance.rbd_connect_timeout = 5 log_opt_values /usr/lib/python3/dist-packages/oslo_config/cfg.py:2609
2025-07-03 00:38:44.779 140821 DEBUG oslo_service.service [req-dc0f46c0-771c-43fb-be53-55d06cbe7cc3 - - - - -] glance.rbd_pool = log_opt_values /usr/lib/python3/dist-packages/oslo_config/cfg.py:2609
2025-07-03 00:38:44.780 140821 DEBUG oslo_service.service [req-dc0f46c0-771c-43fb-be53-55d06cbe7cc3 - - - - -] glance.rbd_user = log_opt_values /usr/lib/python3/dist-packages/oslo_config/cfg.py:2609
2025-07-03 00:38:44.780 140821 DEBUG oslo_service.service [req-dc0f46c0-771c-43fb-be53-55d06cbe7cc3 - - - - -] glance.region_name = None log_opt_values /usr/lib/python3/dist-packages/oslo_config/cfg.py:2609
2025-07-03 00:38:44.780 140821 DEBUG oslo_service.service [req-dc0f46c0-771c-43fb-be53-55d06cbe7cc3 - - - - -] glance.service_name = None log_opt_values /usr/lib/python3/dist-packages/oslo_config/cfg.py:2609
2025-07-03 00:38:44.780 140821 DEBUG oslo_service.service [req-dc0f46c0-771c-43fb-be53-55d06cbe7cc3 - - - - -] glance.service_type = image log_opt_values /usr/lib/python3/dist-packages/oslo_config/cfg.py:2609
2025-07-03 00:38:44.781 140821 DEBUG oslo_service.service [req-dc0f46c0-771c-43fb-be53-55d06cbe7cc3 - - - - -] glance.split_loggers = False log_opt_values /usr/lib/python3/dist-packages/oslo_config/cfg.py:2609
