2025-07-03 02:04:01.699 7 DEBUG oslo_service.service [-] ml2_type_gre.tunnel_id_ranges = [] log_opt_values /var/lib/kolla/venv/lib/python3.6/site-packages/oslo_config/cfg.py:2611
2025-07-03 02:04:01.700 7 DEBUG oslo_service.service [-] ml2_type_vlan.network_vlan_ranges = [] log_opt_values /var/lib/kolla/venv/lib/python3.6/site-packages/oslo_config/cfg.py:2611
2025-07-03 02:04:01.700 7 DEBUG oslo_service.service [-] ml2_type_vxlan.vni_ranges = [] log_opt_values /var/lib/kolla/venv/lib/python3.6/site-packages/oslo_config/cfg.py:2611
2025-07-03 02:04:01.700 7 DEBUG oslo_service.service [-] ml2_type_vxlan.vxlan_group = None log_opt_values /var/lib/kolla/venv/lib/python3.6/site-packages/oslo_config/cfg.py:2611
2025-07-03 02:04:01.700 7 DEBUG oslo_service.service [-] database.backend = sqlalchemy log_opt_values /var/lib/kolla/venv/lib/python3.6/site-packages/oslo_config/cfg.py:2611
2025-07-03 02:04:01.700 7 DEBUG oslo_service.service [-] database.connection = **** log_opt_values /var/lib/kolla/venv/lib/python3.6/site-packages/oslo_config/cfg.py:2611
2025-07-03 02:04:01.700 7 DEBUG oslo_service.service [-] database.connection_debug = 0 log_opt_values /var/lib/kolla/venv/lib/python3.6/site-packages/oslo_config/cfg.py:2611
2025-07-03 02:04:01.700 7 DEBUG oslo_service.service [-] database.connection_parameters = log_opt_values /var/lib/kolla/venv/lib/python3.6/site-packages/oslo_config/cfg.py:2611
2025-07-03 02:04:01.700 7 DEBUG oslo_service.service [-] database.connection_recycle_time = 10 log_opt_values /var/lib/kolla/venv/lib/python3.6/site-packages/oslo_config/cfg.py:2611
2025-07-03 02:04:01.700 7 DEBUG oslo_service.service [-] database.connection_trace = False log_opt_values /var/lib/kolla/venv/lib/python3.6/site-packages/oslo_config/cfg.py:2611
2025-07-03 02:04:01.700 7 DEBUG oslo_service.service [-] database.db_inc_retry_interval = True log_opt_values /var/lib/kolla/venv/lib/python3.6/site-packages/oslo_config/cfg.py:2611
2025-07-03 02:04:01.700 7 DEBUG oslo_service.service [-] database.db_max_retries = 20 log_opt_values /var/lib/kolla/venv/lib/python3.6/site-packages/oslo_config/cfg.py:2611
2025-07-03 02:04:01.700 7 DEBUG oslo_service.service [-] database.db_max_retry_interval = 10 log_opt_values /var/lib/kolla/venv/lib/python3.6/site-packages/oslo_config/cfg.py:2611
2025-07-03 02:04:01.700 7 DEBUG oslo_service.service [-] database.db_retry_interval = 1 log_opt_values /var/lib/kolla/venv/lib/python3.6/site-packages/oslo_config/cfg.py:2611
2025-07-03 02:04:01.700 7 DEBUG oslo_service.service [-] database.max_overflow = 50 log_opt_values /var/lib/kolla/venv/lib/python3.6/site-packages/oslo_config/cfg.py:2611
2025-07-03 02:04:01.700 7 DEBUG oslo_service.service [-] database.max_pool_size = 1 log_opt_values /var/lib/kolla/venv/lib/python3.6/site-packages/oslo_config/cfg.py:2611
2025-07-03 02:04:01.700 7 DEBUG oslo_service.service [-] database.max_retries = -1 log_opt_values /var/lib/kolla/venv/lib/python3.6/site-packages/oslo_config/cfg.py:2611
2025-07-03 02:04:01.701 7 DEBUG oslo_service.service [-] database.mysql_enable_ndb = False log_opt_values /var/lib/kolla/venv/lib/python3.6/site-packages/oslo_config/cfg.py:2611
2025-07-03 02:04:01.701 7 DEBUG oslo_service.service [-] database.mysql_sql_mode = TRADITIONAL log_opt_values /var/lib/kolla/venv/lib/python3.6/site-packages/oslo_config/cfg.py:2611
2025-07-03 02:04:01.701 7 DEBUG oslo_service.service [-] database.pool_timeout = None log_opt_values /var/lib/kolla/venv/lib/python3.6/site-packages/oslo_config/cfg.py:2611
2025-07-03 02:04:01.701 7 DEBUG oslo_service.service [-] database.retry_interval = 10 log_opt_values /var/lib/kolla/venv/lib/python3.6/site-packages/oslo_config/cfg.py:2611
2025-07-03 02:04:01.701 7 DEBUG oslo_service.service [-] database.slave_connection = **** log_opt_values /var/lib/kolla/venv/lib/python3.6/site-packages/oslo_config/cfg.py:2611
2025-07-03 02:04:01.701 7 DEBUG oslo_service.service [-] database.sqlite_synchronous = True log_opt_values /var/lib/kolla/venv/lib/python3.6/site-packages/oslo_config/cfg.py:2611
2025-07-03 02:04:01.701 7 DEBUG oslo_service.service [-] database.use_db_reconnect = False log_opt_values /var/lib/kolla/venv/lib/python3.6/site-packages/oslo_config/cfg.py:2611
2025-07-03 02:04:01.701 7 DEBUG oslo_service.service [-] ******************************************************************************** log_opt_values /var/lib/kolla/venv/lib/python3.6/site-packages/oslo_config/cfg.py:2613
2025-07-03 02:04:02.964 22 DEBUG neutron.wsgi [-] (22) accepted ('10.0.0.130', 55304) server /var/lib/kolla/venv/lib/python3.6/site-packages/eventlet/wsgi.py:1004
2025-07-03 02:04:02.971 22 INFO neutron.wsgi [-] 10.0.0.130 "GET / HTTP/1.1" status: 200 len: 228 time: 0.0054424
2025-07-03 02:04:05.797 23 DEBUG neutron.api.rpc.handlers.dhcp_rpc [req-c3aaacac-cc20-44fa-89da-4361f0cc76e4 - - - - -] get_active_networks_info from cn-jenkins-deploy-platform-ansible-os-3592-1 get_active_networks_info /var/lib/kolla/venv/lib/python3.6/site-packages/neutron/api/rpc/handlers/dhcp_rpc.py:159
2025-07-03 02:04:05.823 27 DEBUG neutron_lib.callbacks.manager [req-729d5327-6e5d-4a39-aa8a-08ca20765a09 - - - - -] Publish callbacks ['neutron.services.segments.db._update_segment_host_mapping_for_agent-8774869911411', 'neutron.services.l3_router.l3_router_plugin.DVRResourceOperationHandler.create_fip_agent_gw_ports-33139971'] for agent (b0c450f1-5799-41b4-80cc-699c9ef6a175), after_create _notify_loop /var/lib/kolla/venv/lib/python3.6/site-packages/neutron_lib/callbacks/manager.py:177
2025-07-03 02:04:05.839 23 DEBUG neutron.scheduler.dhcp_agent_scheduler [req-c3aaacac-cc20-44fa-89da-4361f0cc76e4 - - - - -] No non-hosted networks auto_schedule_networks /var/lib/kolla/venv/lib/python3.6/site-packages/neutron/scheduler/dhcp_agent_scheduler.py:60
2025-07-03 02:04:24.079 28 DEBUG neutron_lib.callbacks.manager [req-7f43e64f-a91f-4aca-b05e-51caf90914ee - - - - -] Publish callbacks ['neutron.services.segments.db._update_segment_host_mapping_for_agent-8774869911411', 'neutron.services.l3_router.l3_router_plugin.DVRResourceOperationHandler.create_fip_agent_gw_ports-33139971'] for agent (6f52e072-e6c1-4fe6-b5e9-b21744fc9582), after_create _notify_loop /var/lib/kolla/venv/lib/python3.6/site-packages/neutron_lib/callbacks/manager.py:177
2025-07-03 02:04:33.020 22 DEBUG neutron.wsgi [-] (22) accepted ('10.0.0.130', 56972) server /var/lib/kolla/venv/lib/python3.6/site-packages/eventlet/wsgi.py:1004
2025-07-03 02:04:33.024 22 INFO neutron.wsgi [-] 10.0.0.130 "GET / HTTP/1.1" status: 200 len: 228 time: 0.0032418
2025-07-03 02:04:35.814 26 DEBUG neutron_lib.callbacks.manager [req-5e258dc9-e701-464f-8f5f-eb4809872907 - - - - -] Publish callbacks ['neutron.services.segments.db._update_segment_host_mapping_for_agent-8774869911411', 'neutron.plugins.ml2.plugin.Ml2Plugin._retry_binding_revived_agents-32778167'] for agent (b0c450f1-5799-41b4-80cc-699c9ef6a175), after_update _notify_loop /var/lib/kolla/venv/lib/python3.6/site-packages/neutron_lib/callbacks/manager.py:177
2025-07-03 02:04:38.687 29 DEBUG neutron.db.agents_db [req-0f2b5cee-88c8-4b4e-95ab-82b5ada0d792 - - - - -] Agent healthcheck: found 2 active agents agent_health_check /var/lib/kolla/venv/lib/python3.6/site-packages/neutron/db/agents_db.py:318
2025-07-03 02:04:54.062 25 DEBUG neutron_lib.callbacks.manager [req-7f43e64f-a91f-4aca-b05e-51caf90914ee - - - - -] Publish callbacks ['neutron.services.segments.db._update_segment_host_mapping_for_agent-8774869911411', 'neutron.plugins.ml2.plugin.Ml2Plugin._retry_binding_revived_agents-32778167'] for agent (6f52e072-e6c1-4fe6-b5e9-b21744fc9582), after_update _notify_loop /var/lib/kolla/venv/lib/python3.6/site-packages/neutron_lib/callbacks/manager.py:177
2025-07-03 02:05:03.072 22 DEBUG neutron.wsgi [-] (22) accepted ('10.0.0.130', 50486) server /var/lib/kolla/venv/lib/python3.6/site-packages/eventlet/wsgi.py:1004
2025-07-03 02:05:03.075 22 INFO neutron.wsgi [-] 10.0.0.130 "GET / HTTP/1.1" status: 200 len: 228 time: 0.0029726
2025-07-03 02:05:05.804 23 DEBUG neutron_lib.callbacks.manager [req-4528ea41-620f-4da1-be86-a4c50dc7da65 - - - - -] Publish callbacks ['neutron.services.segments.db._update_segment_host_mapping_for_agent-8774869911411', 'neutron.plugins.ml2.plugin.Ml2Plugin._retry_binding_revived_agents-32778167'] for agent (b0c450f1-5799-41b4-80cc-699c9ef6a175), after_update _notify_loop /var/lib/kolla/venv/lib/python3.6/site-packages/neutron_lib/callbacks/manager.py:177
2025-07-03 02:05:15.676 29 DEBUG neutron.db.agents_db [req-0f2b5cee-88c8-4b4e-95ab-82b5ada0d792 - - - - -] Agent healthcheck: found 2 active agents agent_health_check /var/lib/kolla/venv/lib/python3.6/site-packages/neutron/db/agents_db.py:318
2025-07-03 02:05:24.063 24 DEBUG neutron_lib.callbacks.manager [req-7f43e64f-a91f-4aca-b05e-51caf90914ee - - - - -] Publish callbacks ['neutron.services.segments.db._update_segment_host_mapping_for_agent-8774869911411', 'neutron.plugins.ml2.plugin.Ml2Plugin._retry_binding_revived_agents-32778167'] for agent (6f52e072-e6c1-4fe6-b5e9-b21744fc9582), after_update _notify_loop /var/lib/kolla/venv/lib/python3.6/site-packages/neutron_lib/callbacks/manager.py:177
2025-07-03 02:05:33.122 22 DEBUG neutron.wsgi [-] (22) accepted ('10.0.0.130', 50142) server /var/lib/kolla/venv/lib/python3.6/site-packages/eventlet/wsgi.py:1004
2025-07-03 02:05:33.126 22 INFO neutron.wsgi [-] 10.0.0.130 "GET / HTTP/1.1" status: 200 len: 228 time: 0.0029111
2025-07-03 02:05:35.804 27 DEBUG neutron_lib.callbacks.manager [req-17ad3243-0168-416c-93d9-87e731d0a748 - - - - -] Publish callbacks ['neutron.services.segments.db._update_segment_host_mapping_for_agent-8774869911411', 'neutron.plugins.ml2.plugin.Ml2Plugin._retry_binding_revived_agents-32778167'] for agent (b0c450f1-5799-41b4-80cc-699c9ef6a175), after_update _notify_loop /var/lib/kolla/venv/lib/python3.6/site-packages/neutron_lib/callbacks/manager.py:177
2025-07-03 02:05:52.672 29 DEBUG neutron.db.agents_db [req-0f2b5cee-88c8-4b4e-95ab-82b5ada0d792 - - - - -] Agent healthcheck: found 2 active agents agent_health_check /var/lib/kolla/venv/lib/python3.6/site-packages/neutron/db/agents_db.py:318
2025-07-03 02:05:54.057 28 DEBUG neutron_lib.callbacks.manager [req-7f43e64f-a91f-4aca-b05e-51caf90914ee - - - - -] Publish callbacks ['neutron.services.segments.db._update_segment_host_mapping_for_agent-8774869911411', 'neutron.plugins.ml2.plugin.Ml2Plugin._retry_binding_revived_agents-32778167'] for agent (6f52e072-e6c1-4fe6-b5e9-b21744fc9582), after_update _notify_loop /var/lib/kolla/venv/lib/python3.6/site-packages/neutron_lib/callbacks/manager.py:177
2025-07-03 02:06:03.178 22 DEBUG neutron.wsgi [-] (22) accepted ('10.0.0.130', 39572) server /var/lib/kolla/venv/lib/python3.6/site-packages/eventlet/wsgi.py:1004
2025-07-03 02:06:03.184 22 INFO neutron.wsgi [-] 10.0.0.130 "GET / HTTP/1.1" status: 200 len: 228 time: 0.0039184
2025-07-03 02:06:05.801 26 DEBUG neutron_lib.callbacks.manager [req-de3e9fe3-133a-4de2-9d63-dff6af5ec1a6 - - - - -] Publish callbacks ['neutron.services.segments.db._update_segment_host_mapping_for_agent-8774869911411', 'neutron.plugins.ml2.plugin.Ml2Plugin._retry_binding_revived_agents-32778167'] for agent (b0c450f1-5799-41b4-80cc-699c9ef6a175), after_update _notify_loop /var/lib/kolla/venv/lib/python3.6/site-packages/neutron_lib/callbacks/manager.py:177
2025-07-03 02:06:24.053 25 DEBUG neutron_lib.callbacks.manager [req-7f43e64f-a91f-4aca-b05e-51caf90914ee - - - - -] Publish callbacks ['neutron.services.segments.db._update_segment_host_mapping_for_agent-8774869911411', 'neutron.plugins.ml2.plugin.Ml2Plugin._retry_binding_revived_agents-32778167'] for agent (6f52e072-e6c1-4fe6-b5e9-b21744fc9582), after_update _notify_loop /var/lib/kolla/venv/lib/python3.6/site-packages/neutron_lib/callbacks/manager.py:177
2025-07-03 02:06:29.671 29 DEBUG neutron.db.agents_db [req-0f2b5cee-88c8-4b4e-95ab-82b5ada0d792 - - - - -] Agent healthcheck: found 2 active agents agent_health_check /var/lib/kolla/venv/lib/python3.6/site-packages/neutron/db/agents_db.py:318
2025-07-03 02:06:33.233 22 DEBUG neutron.wsgi [-] (22) accepted ('10.0.0.130', 60378) server /var/lib/kolla/venv/lib/python3.6/site-packages/eventlet/wsgi.py:1004
2025-07-03 02:06:33.237 22 INFO neutron.wsgi [-] 10.0.0.130 "GET / HTTP/1.1" status: 200 len: 228 time: 0.0033669
2025-07-03 02:06:35.798 23 DEBUG neutron_lib.callbacks.manager [req-6f1ad7e6-c502-4518-b3ae-e4f207f4e69e - - - - -] Publish callbacks ['neutron.services.segments.db._update_segment_host_mapping_for_agent-8774869911411', 'neutron.plugins.ml2.plugin.Ml2Plugin._retry_binding_revived_agents-32778167'] for agent (b0c450f1-5799-41b4-80cc-699c9ef6a175), after_update _notify_loop /var/lib/kolla/venv/lib/python3.6/site-packages/neutron_lib/callbacks/manager.py:177
2025-07-03 02:06:54.055 24 DEBUG neutron_lib.callbacks.manager [req-7f43e64f-a91f-4aca-b05e-51caf90914ee - - - - -] Publish callbacks ['neutron.services.segments.db._update_segment_host_mapping_for_agent-8774869911411', 'neutron.plugins.ml2.plugin.Ml2Plugin._retry_binding_revived_agents-32778167'] for agent (6f52e072-e6c1-4fe6-b5e9-b21744fc9582), after_update _notify_loop /var/lib/kolla/venv/lib/python3.6/site-packages/neutron_lib/callbacks/manager.py:177
2025-07-03 02:07:03.285 22 DEBUG neutron.wsgi [-] (22) accepted ('10.0.0.130', 57556) server /var/lib/kolla/venv/lib/python3.6/site-packages/eventlet/wsgi.py:1004
2025-07-03 02:07:03.288 22 INFO neutron.wsgi [-] 10.0.0.130 "GET / HTTP/1.1" status: 200 len: 228 time: 0.0030062
2025-07-03 02:07:05.795 27 DEBUG neutron_lib.callbacks.manager [req-b3c7e00a-4cb3-43af-9c09-e037406b533a - - - - -] Publish callbacks ['neutron.services.segments.db._update_segment_host_mapping_for_agent-8774869911411', 'neutron.plugins.ml2.plugin.Ml2Plugin._retry_binding_revived_agents-32778167'] for agent (b0c450f1-5799-41b4-80cc-699c9ef6a175), after_update _notify_loop /var/lib/kolla/venv/lib/python3.6/site-packages/neutron_lib/callbacks/manager.py:177
2025-07-03 02:07:06.669 29 DEBUG neutron.db.agents_db [req-0f2b5cee-88c8-4b4e-95ab-82b5ada0d792 - - - - -] Agent healthcheck: found 2 active agents agent_health_check /var/lib/kolla/venv/lib/python3.6/site-packages/neutron/db/agents_db.py:318
2025-07-03 02:07:24.057 28 DEBUG neutron_lib.callbacks.manager [req-7f43e64f-a91f-4aca-b05e-51caf90914ee - - - - -] Publish callbacks ['neutron.services.segments.db._update_segment_host_mapping_for_agent-8774869911411', 'neutron.plugins.ml2.plugin.Ml2Plugin._retry_binding_revived_agents-32778167'] for agent (6f52e072-e6c1-4fe6-b5e9-b21744fc9582), after_update _notify_loop /var/lib/kolla/venv/lib/python3.6/site-packages/neutron_lib/callbacks/manager.py:177
2025-07-03 02:07:33.338 22 DEBUG neutron.wsgi [-] (22) accepted ('10.0.0.130', 44132) server /var/lib/kolla/venv/lib/python3.6/site-packages/eventlet/wsgi.py:1004
2025-07-03 02:07:33.342 22 INFO neutron.wsgi [-] 10.0.0.130 "GET / HTTP/1.1" status: 200 len: 228 time: 0.0032635
2025-07-03 02:07:35.792 26 DEBUG neutron_lib.callbacks.manager [req-b9b71dd2-489c-4b2b-98d7-70dca04b66c3 - - - - -] Publish callbacks ['neutron.services.segments.db._update_segment_host_mapping_for_agent-8774869911411', 'neutron.plugins.ml2.plugin.Ml2Plugin._retry_binding_revived_agents-32778167'] for agent (b0c450f1-5799-41b4-80cc-699c9ef6a175), after_update _notify_loop /var/lib/kolla/venv/lib/python3.6/site-packages/neutron_lib/callbacks/manager.py:177
2025-07-03 02:07:43.665 29 DEBUG neutron.db.agents_db [req-0f2b5cee-88c8-4b4e-95ab-82b5ada0d792 - - - - -] Agent healthcheck: found 2 active agents agent_health_check /var/lib/kolla/venv/lib/python3.6/site-packages/neutron/db/agents_db.py:318
2025-07-03 02:07:54.061 25 DEBUG neutron_lib.callbacks.manager [req-7f43e64f-a91f-4aca-b05e-51caf90914ee - - - - -] Publish callbacks ['neutron.services.segments.db._update_segment_host_mapping_for_agent-8774869911411', 'neutron.plugins.ml2.plugin.Ml2Plugin._retry_binding_revived_agents-32778167'] for agent (6f52e072-e6c1-4fe6-b5e9-b21744fc9582), after_update _notify_loop /var/lib/kolla/venv/lib/python3.6/site-packages/neutron_lib/callbacks/manager.py:177
2025-07-03 02:08:03.392 22 DEBUG neutron.wsgi [-] (22) accepted ('10.0.0.130', 47642) server /var/lib/kolla/venv/lib/python3.6/site-packages/eventlet/wsgi.py:1004
2025-07-03 02:08:03.396 22 INFO neutron.wsgi [-] 10.0.0.130 "GET / HTTP/1.1" status: 200 len: 228 time: 0.0029397
2025-07-03 02:08:05.789 23 DEBUG neutron_lib.callbacks.manager [req-de539bf4-9671-4d96-a176-1386663fb8b9 - - - - -] Publish callbacks ['neutron.services.segments.db._update_segment_host_mapping_for_agent-8774869911411', 'neutron.plugins.ml2.plugin.Ml2Plugin._retry_binding_revived_agents-32778167'] for agent (b0c450f1-5799-41b4-80cc-699c9ef6a175), after_update _notify_loop /var/lib/kolla/venv/lib/python3.6/site-packages/neutron_lib/callbacks/manager.py:177
2025-07-03 02:08:20.672 29 DEBUG neutron.db.agents_db [req-0f2b5cee-88c8-4b4e-95ab-82b5ada0d792 - - - - -] Agent healthcheck: found 2 active agents agent_health_check /var/lib/kolla/venv/lib/python3.6/site-packages/neutron/db/agents_db.py:318
2025-07-03 02:08:24.062 24 DEBUG neutron_lib.callbacks.manager [req-7f43e64f-a91f-4aca-b05e-51caf90914ee - - - - -] Publish callbacks ['neutron.services.segments.db._update_segment_host_mapping_for_agent-8774869911411', 'neutron.plugins.ml2.plugin.Ml2Plugin._retry_binding_revived_agents-32778167'] for agent (6f52e072-e6c1-4fe6-b5e9-b21744fc9582), after_update _notify_loop /var/lib/kolla/venv/lib/python3.6/site-packages/neutron_lib/callbacks/manager.py:177
2025-07-03 02:08:33.443 22 DEBUG neutron.wsgi [-] (22) accepted ('10.0.0.130', 45066) server /var/lib/kolla/venv/lib/python3.6/site-packages/eventlet/wsgi.py:1004
2025-07-03 02:08:33.449 22 INFO neutron.wsgi [-] 10.0.0.130 "GET / HTTP/1.1" status: 200 len: 228 time: 0.0048194
2025-07-03 02:08:35.792 27 DEBUG neutron_lib.callbacks.manager [req-1efe5b4f-bcd4-4d23-be72-d1a4ad280acf - - - - -] Publish callbacks ['neutron.services.segments.db._update_segment_host_mapping_for_agent-8774869911411', 'neutron.plugins.ml2.plugin.Ml2Plugin._retry_binding_revived_agents-32778167'] for agent (b0c450f1-5799-41b4-80cc-699c9ef6a175), after_update _notify_loop /var/lib/kolla/venv/lib/python3.6/site-packages/neutron_lib/callbacks/manager.py:177
2025-07-03 02:08:54.065 28 DEBUG neutron_lib.callbacks.manager [req-7f43e64f-a91f-4aca-b05e-51caf90914ee - - - - -] Publish callbacks ['neutron.services.segments.db._update_segment_host_mapping_for_agent-8774869911411', 'neutron.plugins.ml2.plugin.Ml2Plugin._retry_binding_revived_agents-32778167'] for agent (6f52e072-e6c1-4fe6-b5e9-b21744fc9582), after_update _notify_loop /var/lib/kolla/venv/lib/python3.6/site-packages/neutron_lib/callbacks/manager.py:177
2025-07-03 02:08:57.669 29 DEBUG neutron.db.agents_db [req-0f2b5cee-88c8-4b4e-95ab-82b5ada0d792 - - - - -] Agent healthcheck: found 2 active agents agent_health_check /var/lib/kolla/venv/lib/python3.6/site-packages/neutron/db/agents_db.py:318
2025-07-03 02:09:03.495 22 DEBUG neutron.wsgi [-] (22) accepted ('10.0.0.130', 53400) server /var/lib/kolla/venv/lib/python3.6/site-packages/eventlet/wsgi.py:1004
2025-07-03 02:09:03.499 22 INFO neutron.wsgi [-] 10.0.0.130 "GET / HTTP/1.1" status: 200 len: 228 time: 0.0029409
2025-07-03 02:09:05.790 26 DEBUG neutron_lib.callbacks.manager [req-d52e5533-1030-41c4-a671-56b32278c719 - - - - -] Publish callbacks ['neutron.services.segments.db._update_segment_host_mapping_for_agent-8774869911411', 'neutron.plugins.ml2.plugin.Ml2Plugin._retry_binding_revived_agents-32778167'] for agent (b0c450f1-5799-41b4-80cc-699c9ef6a175), after_update _notify_loop /var/lib/kolla/venv/lib/python3.6/site-packages/neutron_lib/callbacks/manager.py:177
2025-07-03 02:09:24.079 25 DEBUG neutron_lib.callbacks.manager [req-7f43e64f-a91f-4aca-b05e-51caf90914ee - - - - -] Publish callbacks ['neutron.services.segments.db._update_segment_host_mapping_for_agent-8774869911411', 'neutron.plugins.ml2.plugin.Ml2Plugin._retry_binding_revived_agents-32778167'] for agent (6f52e072-e6c1-4fe6-b5e9-b21744fc9582), after_update _notify_loop /var/lib/kolla/venv/lib/python3.6/site-packages/neutron_lib/callbacks/manager.py:177
2025-07-03 02:09:33.563 22 DEBUG neutron.wsgi [-] (22) accepted ('10.0.0.130', 49144) server /var/lib/kolla/venv/lib/python3.6/site-packages/eventlet/wsgi.py:1004
2025-07-03 02:09:33.567 22 INFO neutron.wsgi [-] 10.0.0.130 "GET / HTTP/1.1" status: 200 len: 228 time: 0.0033722
2025-07-03 02:09:34.668 29 DEBUG neutron.db.agents_db [req-0f2b5cee-88c8-4b4e-95ab-82b5ada0d792 - - - - -] Agent healthcheck: found 2 active agents agent_health_check /var/lib/kolla/venv/lib/python3.6/site-packages/neutron/db/agents_db.py:318
2025-07-03 02:09:35.791 23 DEBUG neutron_lib.callbacks.manager [req-62cb2213-e299-4cca-8aa2-65525592cda4 - - - - -] Publish callbacks ['neutron.services.segments.db._update_segment_host_mapping_for_agent-8774869911411', 'neutron.plugins.ml2.plugin.Ml2Plugin._retry_binding_revived_agents-32778167'] for agent (b0c450f1-5799-41b4-80cc-699c9ef6a175), after_update _notify_loop /var/lib/kolla/venv/lib/python3.6/site-packages/neutron_lib/callbacks/manager.py:177
2025-07-03 02:09:54.070 24 DEBUG neutron_lib.callbacks.manager [req-7f43e64f-a91f-4aca-b05e-51caf90914ee - - - - -] Publish callbacks ['neutron.services.segments.db._update_segment_host_mapping_for_agent-8774869911411', 'neutron.plugins.ml2.plugin.Ml2Plugin._retry_binding_revived_agents-32778167'] for agent (6f52e072-e6c1-4fe6-b5e9-b21744fc9582), after_update _notify_loop /var/lib/kolla/venv/lib/python3.6/site-packages/neutron_lib/callbacks/manager.py:177
2025-07-03 02:10:03.615 22 DEBUG neutron.wsgi [-] (22) accepted ('10.0.0.130', 37772) server /var/lib/kolla/venv/lib/python3.6/site-packages/eventlet/wsgi.py:1004
2025-07-03 02:10:03.619 22 INFO neutron.wsgi [-] 10.0.0.130 "GET / HTTP/1.1" status: 200 len: 228 time: 0.0031245
2025-07-03 02:10:05.789 27 DEBUG neutron_lib.callbacks.manager [req-8ce30c68-dc74-4ed5-ac19-0869156b8aaa - - - - -] Publish callbacks ['neutron.services.segments.db._update_segment_host_mapping_for_agent-8774869911411', 'neutron.plugins.ml2.plugin.Ml2Plugin._retry_binding_revived_agents-32778167'] for agent (b0c450f1-5799-41b4-80cc-699c9ef6a175), after_update _notify_loop /var/lib/kolla/venv/lib/python3.6/site-packages/neutron_lib/callbacks/manager.py:177
2025-07-03 02:10:11.668 29 DEBUG neutron.db.agents_db [req-0f2b5cee-88c8-4b4e-95ab-82b5ada0d792 - - - - -] Agent healthcheck: found 2 active agents agent_health_check /var/lib/kolla/venv/lib/python3.6/site-packages/neutron/db/agents_db.py:318
2025-07-03 02:10:24.070 28 DEBUG neutron_lib.callbacks.manager [req-7f43e64f-a91f-4aca-b05e-51caf90914ee - - - - -] Publish callbacks ['neutron.services.segments.db._update_segment_host_mapping_for_agent-8774869911411', 'neutron.plugins.ml2.plugin.Ml2Plugin._retry_binding_revived_agents-32778167'] for agent (6f52e072-e6c1-4fe6-b5e9-b21744fc9582), after_update _notify_loop /var/lib/kolla/venv/lib/python3.6/site-packages/neutron_lib/callbacks/manager.py:177
2025-07-03 02:10:33.667 22 DEBUG neutron.wsgi [-] (22) accepted ('10.0.0.130', 57324) server /var/lib/kolla/venv/lib/python3.6/site-packages/eventlet/wsgi.py:1004
2025-07-03 02:10:33.671 22 INFO neutron.wsgi [-] 10.0.0.130 "GET / HTTP/1.1" status: 200 len: 228 time: 0.0032024
2025-07-03 02:10:35.787 26 DEBUG neutron_lib.callbacks.manager [req-0d050963-d886-4137-af89-8c5edb19b95c - - - - -] Publish callbacks ['neutron.services.segments.db._update_segment_host_mapping_for_agent-8774869911411', 'neutron.plugins.ml2.plugin.Ml2Plugin._retry_binding_revived_agents-32778167'] for agent (b0c450f1-5799-41b4-80cc-699c9ef6a175), after_update _notify_loop /var/lib/kolla/venv/lib/python3.6/site-packages/neutron_lib/callbacks/manager.py:177
2025-07-03 02:10:48.665 29 DEBUG neutron.db.agents_db [req-0f2b5cee-88c8-4b4e-95ab-82b5ada0d792 - - - - -] Agent healthcheck: found 2 active agents agent_health_check /var/lib/kolla/venv/lib/python3.6/site-packages/neutron/db/agents_db.py:318
2025-07-03 02:10:54.076 25 DEBUG neutron_lib.callbacks.manager [req-7f43e64f-a91f-4aca-b05e-51caf90914ee - - - - -] Publish callbacks ['neutron.services.segments.db._update_segment_host_mapping_for_agent-8774869911411', 'neutron.plugins.ml2.plugin.Ml2Plugin._retry_binding_revived_agents-32778167'] for agent (6f52e072-e6c1-4fe6-b5e9-b21744fc9582), after_update _notify_loop /var/lib/kolla/venv/lib/python3.6/site-packages/neutron_lib/callbacks/manager.py:177
2025-07-03 02:11:03.723 22 DEBUG neutron.wsgi [-] (22) accepted ('10.0.0.130', 60778) server /var/lib/kolla/venv/lib/python3.6/site-packages/eventlet/wsgi.py:1004
2025-07-03 02:11:03.729 22 INFO neutron.wsgi [-] 10.0.0.130 "GET / HTTP/1.1" status: 200 len: 228 time: 0.0045748
2025-07-03 02:11:05.784 23 DEBUG neutron_lib.callbacks.manager [req-ee0d20b3-5444-4054-aec4-e3c69adbc4ca - - - - -] Publish callbacks ['neutron.services.segments.db._update_segment_host_mapping_for_agent-8774869911411', 'neutron.plugins.ml2.plugin.Ml2Plugin._retry_binding_revived_agents-32778167'] for agent (b0c450f1-5799-41b4-80cc-699c9ef6a175), after_update _notify_loop /var/lib/kolla/venv/lib/python3.6/site-packages/neutron_lib/callbacks/manager.py:177
2025-07-03 02:11:24.078 24 DEBUG neutron_lib.callbacks.manager [req-7f43e64f-a91f-4aca-b05e-51caf90914ee - - - - -] Publish callbacks ['neutron.services.segments.db._update_segment_host_mapping_for_agent-8774869911411', 'neutron.plugins.ml2.plugin.Ml2Plugin._retry_binding_revived_agents-32778167'] for agent (6f52e072-e6c1-4fe6-b5e9-b21744fc9582), after_update _notify_loop /var/lib/kolla/venv/lib/python3.6/site-packages/neutron_lib/callbacks/manager.py:177
2025-07-03 02:11:25.664 29 DEBUG neutron.db.agents_db [req-0f2b5cee-88c8-4b4e-95ab-82b5ada0d792 - - - - -] Agent healthcheck: found 2 active agents agent_health_check /var/lib/kolla/venv/lib/python3.6/site-packages/neutron/db/agents_db.py:318
2025-07-03 02:11:33.791 22 DEBUG neutron.wsgi [-] (22) accepted ('10.0.0.130', 57412) server /var/lib/kolla/venv/lib/python3.6/site-packages/eventlet/wsgi.py:1004
2025-07-03 02:11:33.798 22 INFO neutron.wsgi [-] 10.0.0.130 "GET / HTTP/1.1" status: 200 len: 228 time: 0.0032039
2025-07-03 02:11:35.784 27 DEBUG neutron_lib.callbacks.manager [req-bade0db5-52d4-4a20-a62d-e976bc60a7f3 - - - - -] Publish callbacks ['neutron.services.segments.db._update_segment_host_mapping_for_agent-8774869911411', 'neutron.plugins.ml2.plugin.Ml2Plugin._retry_binding_revived_agents-32778167'] for agent (b0c450f1-5799-41b4-80cc-699c9ef6a175), after_update _notify_loop /var/lib/kolla/venv/lib/python3.6/site-packages/neutron_lib/callbacks/manager.py:177
2025-07-03 02:11:54.085 28 DEBUG neutron_lib.callbacks.manager [req-7f43e64f-a91f-4aca-b05e-51caf90914ee - - - - -] Publish callbacks ['neutron.services.segments.db._update_segment_host_mapping_for_agent-8774869911411', 'neutron.plugins.ml2.plugin.Ml2Plugin._retry_binding_revived_agents-32778167'] for agent (6f52e072-e6c1-4fe6-b5e9-b21744fc9582), after_update _notify_loop /var/lib/kolla/venv/lib/python3.6/site-packages/neutron_lib/callbacks/manager.py:177
2025-07-03 02:12:02.660 29 DEBUG neutron.db.agents_db [req-0f2b5cee-88c8-4b4e-95ab-82b5ada0d792 - - - - -] Agent healthcheck: found 2 active agents agent_health_check /var/lib/kolla/venv/lib/python3.6/site-packages/neutron/db/agents_db.py:318
2025-07-03 02:12:03.876 22 DEBUG neutron.wsgi [-] (22) accepted ('10.0.0.130', 34300) server /var/lib/kolla/venv/lib/python3.6/site-packages/eventlet/wsgi.py:1004
2025-07-03 02:12:03.881 22 INFO neutron.wsgi [-] 10.0.0.130 "GET / HTTP/1.1" status: 200 len: 228 time: 0.0038924
2025-07-03 02:12:05.781 26 DEBUG neutron_lib.callbacks.manager [req-aec4a2ce-5718-4ce3-8c74-df767b134b4f - - - - -] Publish callbacks ['neutron.services.segments.db._update_segment_host_mapping_for_agent-8774869911411', 'neutron.plugins.ml2.plugin.Ml2Plugin._retry_binding_revived_agents-32778167'] for agent (b0c450f1-5799-41b4-80cc-699c9ef6a175), after_update _notify_loop /var/lib/kolla/venv/lib/python3.6/site-packages/neutron_lib/callbacks/manager.py:177
2025-07-03 02:12:24.084 25 DEBUG neutron_lib.callbacks.manager [req-7f43e64f-a91f-4aca-b05e-51caf90914ee - - - - -] Publish callbacks ['neutron.services.segments.db._update_segment_host_mapping_for_agent-8774869911411', 'neutron.plugins.ml2.plugin.Ml2Plugin._retry_binding_revived_agents-32778167'] for agent (6f52e072-e6c1-4fe6-b5e9-b21744fc9582), after_update _notify_loop /var/lib/kolla/venv/lib/python3.6/site-packages/neutron_lib/callbacks/manager.py:177
2025-07-03 02:12:34.310 22 DEBUG neutron.wsgi [-] (22) accepted ('10.0.0.130', 53566) server /var/lib/kolla/venv/lib/python3.6/site-packages/eventlet/wsgi.py:1004
2025-07-03 02:12:34.313 22 INFO neutron.wsgi [-] 10.0.0.130 "GET / HTTP/1.1" status: 200 len: 228 time: 0.0028081
2025-07-03 02:12:35.786 23 DEBUG neutron_lib.callbacks.manager [req-cd1c060a-85ba-4be1-90e8-383355f16dc0 - - - - -] Publish callbacks ['neutron.services.segments.db._update_segment_host_mapping_for_agent-8774869911411', 'neutron.plugins.ml2.plugin.Ml2Plugin._retry_binding_revived_agents-32778167'] for agent (b0c450f1-5799-41b4-80cc-699c9ef6a175), after_update _notify_loop /var/lib/kolla/venv/lib/python3.6/site-packages/neutron_lib/callbacks/manager.py:177
2025-07-03 02:12:39.667 29 DEBUG neutron.db.agents_db [req-0f2b5cee-88c8-4b4e-95ab-82b5ada0d792 - - - - -] Agent healthcheck: found 2 active agents agent_health_check /var/lib/kolla/venv/lib/python3.6/site-packages/neutron/db/agents_db.py:318
2025-07-03 02:12:50.938 7 INFO oslo_service.service [-] Caught SIGTERM, stopping children
2025-07-03 02:12:50.938 7 DEBUG oslo_concurrency.lockutils [-] Acquired lock "singleton_lock" lock /var/lib/kolla/venv/lib/python3.6/site-packages/oslo_concurrency/lockutils.py:294
2025-07-03 02:12:50.938 7 DEBUG oslo_concurrency.lockutils [-] Releasing lock "singleton_lock" lock /var/lib/kolla/venv/lib/python3.6/site-packages/oslo_concurrency/lockutils.py:312
2025-07-03 02:12:50.939 7 DEBUG oslo_service.service [-] Stop services. stop /var/lib/kolla/venv/lib/python3.6/site-packages/oslo_service/service.py:695
2025-07-03 02:12:50.939 7 DEBUG neutron.service [-] calling RpcWorker stop() stop /var/lib/kolla/venv/lib/python3.6/site-packages/neutron/service.py:138
2025-07-03 02:12:50.939 7 DEBUG neutron.service [-] calling RpcWorker stop() stop /var/lib/kolla/venv/lib/python3.6/site-packages/neutron/service.py:138
2025-07-03 02:12:50.939 7 DEBUG oslo_service.service [-] Killing children. stop /var/lib/kolla/venv/lib/python3.6/site-packages/oslo_service/service.py:700
2025-07-03 02:12:50.939 7 INFO oslo_service.service [-] Waiting on 8 children to exit
2025-07-03 02:12:50.940 24 DEBUG neutron.service [-] calling RpcWorker stop() stop /var/lib/kolla/venv/lib/python3.6/site-packages/neutron/service.py:138
2025-07-03 02:12:50.940 23 DEBUG neutron.service [-] calling RpcWorker stop() stop /var/lib/kolla/venv/lib/python3.6/site-packages/neutron/service.py:138
2025-07-03 02:12:50.940 22 INFO neutron.wsgi [-] (22) wsgi exited, is_accepting=True
2025-07-03 02:12:50.940 25 DEBUG neutron.service [-] calling RpcWorker stop() stop /var/lib/kolla/venv/lib/python3.6/site-packages/neutron/service.py:138
2025-07-03 02:12:50.940 23 DEBUG neutron.service [-] calling stop on stop /var/lib/kolla/venv/lib/python3.6/site-packages/neutron/service.py:141
2025-07-03 02:12:50.941 22 DEBUG oslo_concurrency.lockutils [req-fbfc98b2-ed22-4fee-96cf-560e6a12cc81 - - - - -] Acquired lock "singleton_lock" lock /var/lib/kolla/venv/lib/python3.6/site-packages/oslo_concurrency/lockutils.py:294
2025-07-03 02:12:50.941 22 DEBUG oslo_concurrency.lockutils [req-fbfc98b2-ed22-4fee-96cf-560e6a12cc81 - - - - -] Releasing lock "singleton_lock" lock /var/lib/kolla/venv/lib/python3.6/site-packages/oslo_concurrency/lockutils.py:312
2025-07-03 02:12:50.940 24 DEBUG neutron.service [-] calling stop on stop /var/lib/kolla/venv/lib/python3.6/site-packages/neutron/service.py:141
2025-07-03 02:12:50.941 25 DEBUG neutron.service [-] calling stop on stop /var/lib/kolla/venv/lib/python3.6/site-packages/neutron/service.py:141
2025-07-03 02:12:50.945 27 DEBUG neutron.service [-] calling RpcWorker stop() stop /var/lib/kolla/venv/lib/python3.6/site-packages/neutron/service.py:138
2025-07-03 02:12:50.947 29 DEBUG neutron.service [-] calling RpcWorker stop() stop /var/lib/kolla/venv/lib/python3.6/site-packages/neutron/service.py:138
2025-07-03 02:12:50.947 29 DEBUG neutron.service [-] calling stop on stop /var/lib/kolla/venv/lib/python3.6/site-packages/neutron/service.py:141
2025-07-03 02:12:50.948 28 DEBUG neutron.service [-] calling RpcWorker stop() stop /var/lib/kolla/venv/lib/python3.6/site-packages/neutron/service.py:138
2025-07-03 02:12:50.948 7 INFO oslo_service.service [-] Child 22 exited with status 0
2025-07-03 02:12:50.945 27 DEBUG neutron.service [-] calling stop on stop /var/lib/kolla/venv/lib/python3.6/site-packages/neutron/service.py:141
2025-07-03 02:12:50.948 28 DEBUG neutron.service [-] calling stop on stop /var/lib/kolla/venv/lib/python3.6/site-packages/neutron/service.py:141
2025-07-03 02:12:50.962 26 DEBUG neutron.service [-] calling RpcWorker stop() stop /var/lib/kolla/venv/lib/python3.6/site-packages/neutron/service.py:138
2025-07-03 02:12:50.963 26 DEBUG neutron.service [-] calling stop on stop /var/lib/kolla/venv/lib/python3.6/site-packages/neutron/service.py:141
2025-07-03 02:12:51.651 23 DEBUG neutron.service [-] calling stop on stop /var/lib/kolla/venv/lib/python3.6/site-packages/neutron/service.py:141
2025-07-03 02:12:51.656 24 DEBUG neutron.service [-] calling stop on stop /var/lib/kolla/venv/lib/python3.6/site-packages/neutron/service.py:141
2025-07-03 02:12:51.659 27 DEBUG oslo_concurrency.lockutils [req-fbfc98b2-ed22-4fee-96cf-560e6a12cc81 - - - - -] Acquired lock "singleton_lock" lock /var/lib/kolla/venv/lib/python3.6/site-packages/oslo_concurrency/lockutils.py:294
2025-07-03 02:12:51.659 27 DEBUG oslo_concurrency.lockutils [req-fbfc98b2-ed22-4fee-96cf-560e6a12cc81 - - - - -] Releasing lock "singleton_lock" lock /var/lib/kolla/venv/lib/python3.6/site-packages/oslo_concurrency/lockutils.py:312
2025-07-03 02:12:51.659 27 DEBUG neutron.service [req-fbfc98b2-ed22-4fee-96cf-560e6a12cc81 - - - - -] calling RpcWorker wait() _wait /var/lib/kolla/venv/lib/python3.6/site-packages/neutron/service.py:128
2025-07-03 02:12:51.659 27 DEBUG neutron.service [req-fbfc98b2-ed22-4fee-96cf-560e6a12cc81 - - - - -] calling wait on _wait /var/lib/kolla/venv/lib/python3.6/site-packages/neutron/service.py:131
2025-07-03 02:12:51.667 27 WARNING amqp [req-fbfc98b2-ed22-4fee-96cf-560e6a12cc81 - - - - -] Received method (60, 30) during closing channel 1. This method will be ignored
2025-07-03 02:12:51.669 25 DEBUG neutron.service [-] calling stop on stop /var/lib/kolla/venv/lib/python3.6/site-packages/neutron/service.py:141
2025-07-03 02:12:51.669 27 DEBUG neutron.service [req-fbfc98b2-ed22-4fee-96cf-560e6a12cc81 - - - - -] returning from RpcWorker wait() _wait /var/lib/kolla/venv/lib/python3.6/site-packages/neutron/service.py:135
2025-07-03 02:12:51.676 28 DEBUG oslo_concurrency.lockutils [req-fbfc98b2-ed22-4fee-96cf-560e6a12cc81 - - - - -] Acquired lock "singleton_lock" lock /var/lib/kolla/venv/lib/python3.6/site-packages/oslo_concurrency/lockutils.py:294
2025-07-03 02:12:51.676 28 DEBUG oslo_concurrency.lockutils [req-fbfc98b2-ed22-4fee-96cf-560e6a12cc81 - - - - -] Releasing lock "singleton_lock" lock /var/lib/kolla/venv/lib/python3.6/site-packages/oslo_concurrency/lockutils.py:312
2025-07-03 02:12:51.676 28 DEBUG neutron.service [req-fbfc98b2-ed22-4fee-96cf-560e6a12cc81 - - - - -] calling RpcWorker wait() _wait /var/lib/kolla/venv/lib/python3.6/site-packages/neutron/service.py:128
2025-07-03 02:12:51.676 28 DEBUG neutron.service [req-fbfc98b2-ed22-4fee-96cf-560e6a12cc81 - - - - -] calling wait on _wait /var/lib/kolla/venv/lib/python3.6/site-packages/neutron/service.py:131
2025-07-03 02:12:51.676 25 DEBUG neutron.service [-] calling stop on stop /var/lib/kolla/venv/lib/python3.6/site-packages/neutron/service.py:141
2025-07-03 02:12:51.676 23 DEBUG neutron.service [-] calling stop on stop /var/lib/kolla/venv/lib/python3.6/site-packages/neutron/service.py:141
2025-07-03 02:12:51.678 24 DEBUG neutron.service [-] calling stop on stop /var/lib/kolla/venv/lib/python3.6/site-packages/neutron/service.py:141
2025-07-03 02:12:51.680 7 INFO oslo_service.service [-] Child 27 exited with status 0
2025-07-03 02:12:51.683 28 WARNING amqp [req-fbfc98b2-ed22-4fee-96cf-560e6a12cc81 - - - - -] Received method (60, 30) during closing channel 1. This method will be ignored
2025-07-03 02:12:51.685 28 DEBUG neutron.service [req-fbfc98b2-ed22-4fee-96cf-560e6a12cc81 - - - - -] returning from RpcWorker wait() _wait /var/lib/kolla/venv/lib/python3.6/site-packages/neutron/service.py:135
2025-07-03 02:12:51.691 7 INFO oslo_service.service [-] Child 28 exited with status 0
2025-07-03 02:12:51.702 24 DEBUG neutron.service [-] calling stop on stop /var/lib/kolla/venv/lib/python3.6/site-packages/neutron/service.py:141
2025-07-03 02:12:51.709 29 DEBUG oslo_concurrency.lockutils [req-fbfc98b2-ed22-4fee-96cf-560e6a12cc81 - - - - -] Acquired lock "singleton_lock" lock /var/lib/kolla/venv/lib/python3.6/site-packages/oslo_concurrency/lockutils.py:294
2025-07-03 02:12:51.710 29 DEBUG oslo_concurrency.lockutils [req-fbfc98b2-ed22-4fee-96cf-560e6a12cc81 - - - - -] Releasing lock "singleton_lock" lock /var/lib/kolla/venv/lib/python3.6/site-packages/oslo_concurrency/lockutils.py:312
2025-07-03 02:12:51.710 29 DEBUG neutron.service [req-fbfc98b2-ed22-4fee-96cf-560e6a12cc81 - - - - -] calling RpcWorker wait() _wait /var/lib/kolla/venv/lib/python3.6/site-packages/neutron/service.py:128
2025-07-03 02:12:51.711 29 DEBUG neutron.service [req-fbfc98b2-ed22-4fee-96cf-560e6a12cc81 - - - - -] calling wait on _wait /var/lib/kolla/venv/lib/python3.6/site-packages/neutron/service.py:131
2025-07-03 02:12:51.719 29 WARNING amqp [req-fbfc98b2-ed22-4fee-96cf-560e6a12cc81 - - - - -] Received method (60, 30) during closing channel 1. This method will be ignored
2025-07-03 02:12:51.720 29 DEBUG neutron.service [req-fbfc98b2-ed22-4fee-96cf-560e6a12cc81 - - - - -] returning from RpcWorker wait() _wait /var/lib/kolla/venv/lib/python3.6/site-packages/neutron/service.py:135
2025-07-03 02:12:51.724 24 DEBUG oslo_concurrency.lockutils [req-fbfc98b2-ed22-4fee-96cf-560e6a12cc81 - - - - -] Acquired lock "singleton_lock" lock /var/lib/kolla/venv/lib/python3.6/site-packages/oslo_concurrency/lockutils.py:294
2025-07-03 02:12:51.725 24 DEBUG oslo_concurrency.lockutils [req-fbfc98b2-ed22-4fee-96cf-560e6a12cc81 - - - - -] Releasing lock "singleton_lock" lock /var/lib/kolla/venv/lib/python3.6/site-packages/oslo_concurrency/lockutils.py:312
2025-07-03 02:12:51.725 24 DEBUG neutron.service [req-fbfc98b2-ed22-4fee-96cf-560e6a12cc81 - - - - -] calling RpcWorker wait() _wait /var/lib/kolla/venv/lib/python3.6/site-packages/neutron/service.py:128
2025-07-03 02:12:51.725 24 DEBUG neutron.service [req-fbfc98b2-ed22-4fee-96cf-560e6a12cc81 - - - - -] calling wait on _wait /var/lib/kolla/venv/lib/python3.6/site-packages/neutron/service.py:131
2025-07-03 02:12:51.726 7 INFO oslo_service.service [-] Child 29 exited with status 0
2025-07-03 02:12:51.732 24 WARNING amqp [req-fbfc98b2-ed22-4fee-96cf-560e6a12cc81 - - - - -] Received method (60, 30) during closing channel 1. This method will be ignored
2025-07-03 02:12:51.733 24 DEBUG neutron.service [req-fbfc98b2-ed22-4fee-96cf-560e6a12cc81 - - - - -] calling wait on _wait /var/lib/kolla/venv/lib/python3.6/site-packages/neutron/service.py:131
2025-07-03 02:12:51.743 24 WARNING amqp [req-fbfc98b2-ed22-4fee-96cf-560e6a12cc81 - - - - -] Received method (60, 30) during closing channel 1. This method will be ignored
2025-07-03 02:12:51.745 24 DEBUG neutron.service [req-fbfc98b2-ed22-4fee-96cf-560e6a12cc81 - - - - -] calling wait on _wait /var/lib/kolla/venv/lib/python3.6/site-packages/neutron/service.py:131
2025-07-03 02:12:51.751 24 WARNING amqp [req-fbfc98b2-ed22-4fee-96cf-560e6a12cc81 - - - - -] Received method (60, 30) during closing channel 1. This method will be ignored
2025-07-03 02:12:51.752 24 DEBUG neutron.service [req-fbfc98b2-ed22-4fee-96cf-560e6a12cc81 - - - - -] calling wait on _wait /var/lib/kolla/venv/lib/python3.6/site-packages/neutron/service.py:131
2025-07-03 02:12:51.757 24 WARNING amqp [req-fbfc98b2-ed22-4fee-96cf-560e6a12cc81 - - - - -] Received method (60, 30) during closing channel 1. This method will be ignored
2025-07-03 02:12:51.758 24 DEBUG neutron.service [req-fbfc98b2-ed22-4fee-96cf-560e6a12cc81 - - - - -] returning from RpcWorker wait() _wait /var/lib/kolla/venv/lib/python3.6/site-packages/neutron/service.py:135
2025-07-03 02:12:51.763 7 INFO oslo_service.service [-] Child 24 exited with status 0
2025-07-03 02:12:52.280 25 DEBUG neutron.service [-] calling stop on stop /var/lib/kolla/venv/lib/python3.6/site-packages/neutron/service.py:141
2025-07-03 02:12:53.978 23 DEBUG neutron.service [-] calling stop on stop /var/lib/kolla/venv/lib/python3.6/site-packages/neutron/service.py:141
2025-07-03 02:12:53.983 26 DEBUG oslo_concurrency.lockutils [req-fbfc98b2-ed22-4fee-96cf-560e6a12cc81 - - - - -] Acquired lock "singleton_lock" lock /var/lib/kolla/venv/lib/python3.6/site-packages/oslo_concurrency/lockutils.py:294
2025-07-03 02:12:53.983 26 DEBUG oslo_concurrency.lockutils [req-fbfc98b2-ed22-4fee-96cf-560e6a12cc81 - - - - -] Releasing lock "singleton_lock" lock /var/lib/kolla/venv/lib/python3.6/site-packages/oslo_concurrency/lockutils.py:312
2025-07-03 02:12:53.983 26 DEBUG neutron.service [req-fbfc98b2-ed22-4fee-96cf-560e6a12cc81 - - - - -] calling RpcWorker wait() _wait /var/lib/kolla/venv/lib/python3.6/site-packages/neutron/service.py:128
2025-07-03 02:12:53.984 26 DEBUG neutron.service [req-fbfc98b2-ed22-4fee-96cf-560e6a12cc81 - - - - -] calling wait on _wait /var/lib/kolla/venv/lib/python3.6/site-packages/neutron/service.py:131
2025-07-03 02:12:53.991 26 WARNING amqp [req-fbfc98b2-ed22-4fee-96cf-560e6a12cc81 - - - - -] Received method (60, 30) during closing channel 1. This method will be ignored
2025-07-03 02:12:53.992 26 DEBUG neutron.service [req-fbfc98b2-ed22-4fee-96cf-560e6a12cc81 - - - - -] returning from RpcWorker wait() _wait /var/lib/kolla/venv/lib/python3.6/site-packages/neutron/service.py:135
2025-07-03 02:12:53.997 7 INFO oslo_service.service [-] Child 26 exited with status 0
2025-07-03 02:12:56.717 25 DEBUG oslo_concurrency.lockutils [req-fbfc98b2-ed22-4fee-96cf-560e6a12cc81 - - - - -] Acquired lock "singleton_lock" lock /var/lib/kolla/venv/lib/python3.6/site-packages/oslo_concurrency/lockutils.py:294
2025-07-03 02:12:56.717 25 DEBUG oslo_concurrency.lockutils [req-fbfc98b2-ed22-4fee-96cf-560e6a12cc81 - - - - -] Releasing lock "singleton_lock" lock /var/lib/kolla/venv/lib/python3.6/site-packages/oslo_concurrency/lockutils.py:312
2025-07-03 02:12:56.717 25 DEBUG neutron.service [req-fbfc98b2-ed22-4fee-96cf-560e6a12cc81 - - - - -] calling RpcWorker wait() _wait /var/lib/kolla/venv/lib/python3.6/site-packages/neutron/service.py:128
2025-07-03 02:12:56.718 25 DEBUG neutron.service [req-fbfc98b2-ed22-4fee-96cf-560e6a12cc81 - - - - -] calling wait on _wait /var/lib/kolla/venv/lib/python3.6/site-packages/neutron/service.py:131
2025-07-03 02:12:56.723 23 DEBUG oslo_concurrency.lockutils [req-fbfc98b2-ed22-4fee-96cf-560e6a12cc81 - - - - -] Acquired lock "singleton_lock" lock /var/lib/kolla/venv/lib/python3.6/site-packages/oslo_concurrency/lockutils.py:294
2025-07-03 02:12:56.725 23 DEBUG oslo_concurrency.lockutils [req-fbfc98b2-ed22-4fee-96cf-560e6a12cc81 - - - - -] Releasing lock "singleton_lock" lock /var/lib/kolla/venv/lib/python3.6/site-packages/oslo_concurrency/lockutils.py:312
2025-07-03 02:12:56.725 23 DEBUG neutron.service [req-fbfc98b2-ed22-4fee-96cf-560e6a12cc81 - - - - -] calling RpcWorker wait() _wait /var/lib/kolla/venv/lib/python3.6/site-packages/neutron/service.py:128
2025-07-03 02:12:56.725 23 DEBUG neutron.service [req-fbfc98b2-ed22-4fee-96cf-560e6a12cc81 - - - - -] calling wait on _wait /var/lib/kolla/venv/lib/python3.6/site-packages/neutron/service.py:131
2025-07-03 02:12:56.726 25 WARNING amqp [req-fbfc98b2-ed22-4fee-96cf-560e6a12cc81 - - - - -] Received method (60, 30) during closing channel 1. This method will be ignored
2025-07-03 02:12:56.727 25 DEBUG neutron.service [req-fbfc98b2-ed22-4fee-96cf-560e6a12cc81 - - - - -] calling wait on _wait /var/lib/kolla/venv/lib/python3.6/site-packages/neutron/service.py:131
2025-07-03 02:12:56.733 23 WARNING amqp [req-fbfc98b2-ed22-4fee-96cf-560e6a12cc81 - - - - -] Received method (60, 30) during closing channel 1. This method will be ignored
2025-07-03 02:12:56.734 23 DEBUG neutron.service [req-fbfc98b2-ed22-4fee-96cf-560e6a12cc81 - - - - -] calling wait on _wait /var/lib/kolla/venv/lib/python3.6/site-packages/neutron/service.py:131
2025-07-03 02:12:56.736 25 WARNING amqp [req-fbfc98b2-ed22-4fee-96cf-560e6a12cc81 - - - - -] Received method (60, 30) during closing channel 1. This method will be ignored
2025-07-03 02:12:56.736 25 DEBUG neutron.service [req-fbfc98b2-ed22-4fee-96cf-560e6a12cc81 - - - - -] calling wait on _wait /var/lib/kolla/venv/lib/python3.6/site-packages/neutron/service.py:131
2025-07-03 02:12:56.739 23 WARNING amqp [req-fbfc98b2-ed22-4fee-96cf-560e6a12cc81 - - - - -] Received method (60, 30) during closing channel 1. This method will be ignored
2025-07-03 02:12:56.740 23 DEBUG neutron.service [req-fbfc98b2-ed22-4fee-96cf-560e6a12cc81 - - - - -] calling wait on _wait /var/lib/kolla/venv/lib/python3.6/site-packages/neutron/service.py:131
2025-07-03 02:12:56.742 25 WARNING amqp [req-fbfc98b2-ed22-4fee-96cf-560e6a12cc81 - - - - -] Received method (60, 30) during closing channel 1. This method will be ignored
2025-07-03 02:12:56.743 25 DEBUG neutron.service [req-fbfc98b2-ed22-4fee-96cf-560e6a12cc81 - - - - -] calling wait on _wait /var/lib/kolla/venv/lib/python3.6/site-packages/neutron/service.py:131
2025-07-03 02:12:56.745 23 WARNING amqp [req-fbfc98b2-ed22-4fee-96cf-560e6a12cc81 - - - - -] Received method (60, 30) during closing channel 1. This method will be ignored
2025-07-03 02:12:56.746 23 DEBUG neutron.service [req-fbfc98b2-ed22-4fee-96cf-560e6a12cc81 - - - - -] calling wait on _wait /var/lib/kolla/venv/lib/python3.6/site-packages/neutron/service.py:131
2025-07-03 02:12:56.748 25 WARNING amqp [req-fbfc98b2-ed22-4fee-96cf-560e6a12cc81 - - - - -] Received method (60, 30) during closing channel 1. This method will be ignored
2025-07-03 02:12:56.749 25 DEBUG neutron.service [req-fbfc98b2-ed22-4fee-96cf-560e6a12cc81 - - - - -] returning from RpcWorker wait() _wait /var/lib/kolla/venv/lib/python3.6/site-packages/neutron/service.py:135
2025-07-03 02:12:56.753 23 WARNING amqp [req-fbfc98b2-ed22-4fee-96cf-560e6a12cc81 - - - - -] Received method (60, 30) during closing channel 1. This method will be ignored
2025-07-03 02:12:56.754 23 DEBUG neutron.service [req-fbfc98b2-ed22-4fee-96cf-560e6a12cc81 - - - - -] returning from RpcWorker wait() _wait /var/lib/kolla/venv/lib/python3.6/site-packages/neutron/service.py:135
2025-07-03 02:12:56.758 7 INFO oslo_service.service [-] Child 25 exited with status 0
2025-07-03 02:12:56.759 7 INFO oslo_service.service [-] Child 23 exited with status 0
2025-07-03 02:12:56.759 7 INFO oslo_service.service [-] Wait called after thread killed. Cleaning up.
2025-07-03 02:12:56.759 7 DEBUG oslo_service.service [-] Stop services. stop /var/lib/kolla/venv/lib/python3.6/site-packages/oslo_service/service.py:695
2025-07-03 02:12:56.759 7 DEBUG oslo_service.service [-] Killing children. stop /var/lib/kolla/venv/lib/python3.6/site-packages/oslo_service/service.py:700
2025-07-03 02:13:01.175 7 INFO neutron.common.config [-] Logging enabled!
2025-07-03 02:13:01.176 7 INFO neutron.common.config [-] /var/lib/kolla/venv/bin/neutron-server version 20.5.1.dev23
2025-07-03 02:13:01.176 7 DEBUG neutron.common.config [-] command line: /var/lib/kolla/venv/bin/neutron-server --config-file /etc/neutron/neutron.conf --config-file /etc/neutron/ContrailPlugin.ini --config-file /etc/neutron/api-paste.ini setup_logging /var/lib/kolla/venv/lib/python3.6/site-packages/neutron/common/config.py:115
2025-07-03 02:13:01.183 7 INFO neutron.common.config [-] Logging enabled!
2025-07-03 02:13:01.184 7 INFO neutron.common.config [-] /var/lib/kolla/venv/bin/neutron-server version 20.5.1.dev23
2025-07-03 02:13:01.184 7 DEBUG neutron.common.config [-] command line: /var/lib/kolla/venv/bin/neutron-server --config-file /etc/neutron/neutron.conf --config-file /etc/neutron/ContrailPlugin.ini --config-file /etc/neutron/api-paste.ini setup_logging /var/lib/kolla/venv/lib/python3.6/site-packages/neutron/common/config.py:115
2025-07-03 02:13:01.185 7 DEBUG neutron.common.config [-] ******************************************************************************** log_opt_values /var/lib/kolla/venv/lib/python3.6/site-packages/oslo_config/cfg.py:2589
2025-07-03 02:13:01.185 7 DEBUG neutron.common.config [-] Configuration options gathered from: log_opt_values /var/lib/kolla/venv/lib/python3.6/site-packages/oslo_config/cfg.py:2590
2025-07-03 02:13:01.185 7 DEBUG neutron.common.config [-] command line args: ['--config-file', '/etc/neutron/neutron.conf', '--config-file', '/etc/neutron/ContrailPlugin.ini', '--config-file', '/etc/neutron/api-paste.ini'] log_opt_values /var/lib/kolla/venv/lib/python3.6/site-packages/oslo_config/cfg.py:2591
2025-07-03 02:13:01.186 7 DEBUG neutron.common.config [-] config files: ['/etc/neutron/neutron.conf', '/etc/neutron/ContrailPlugin.ini', '/etc/neutron/api-paste.ini'] log_opt_values /var/lib/kolla/venv/lib/python3.6/site-packages/oslo_config/cfg.py:2593
