2025-06-30 02:22:15.800 7 DEBUG oslo_service.service [-] ml2_type_gre.tunnel_id_ranges = [] log_opt_values /var/lib/kolla/venv/lib/python3.6/site-packages/oslo_config/cfg.py:2611
2025-06-30 02:22:15.800 7 DEBUG oslo_service.service [-] ml2_type_vlan.network_vlan_ranges = [] log_opt_values /var/lib/kolla/venv/lib/python3.6/site-packages/oslo_config/cfg.py:2611
2025-06-30 02:22:15.801 7 DEBUG oslo_service.service [-] ml2_type_vxlan.vni_ranges = [] log_opt_values /var/lib/kolla/venv/lib/python3.6/site-packages/oslo_config/cfg.py:2611
2025-06-30 02:22:15.801 7 DEBUG oslo_service.service [-] ml2_type_vxlan.vxlan_group = None log_opt_values /var/lib/kolla/venv/lib/python3.6/site-packages/oslo_config/cfg.py:2611
2025-06-30 02:22:15.801 7 DEBUG oslo_service.service [-] database.backend = sqlalchemy log_opt_values /var/lib/kolla/venv/lib/python3.6/site-packages/oslo_config/cfg.py:2611
2025-06-30 02:22:15.801 7 DEBUG oslo_service.service [-] database.connection = **** log_opt_values /var/lib/kolla/venv/lib/python3.6/site-packages/oslo_config/cfg.py:2611
2025-06-30 02:22:15.801 7 DEBUG oslo_service.service [-] database.connection_debug = 0 log_opt_values /var/lib/kolla/venv/lib/python3.6/site-packages/oslo_config/cfg.py:2611
2025-06-30 02:22:15.801 7 DEBUG oslo_service.service [-] database.connection_parameters = log_opt_values /var/lib/kolla/venv/lib/python3.6/site-packages/oslo_config/cfg.py:2611
2025-06-30 02:22:15.801 7 DEBUG oslo_service.service [-] database.connection_recycle_time = 10 log_opt_values /var/lib/kolla/venv/lib/python3.6/site-packages/oslo_config/cfg.py:2611
2025-06-30 02:22:15.801 7 DEBUG oslo_service.service [-] database.connection_trace = False log_opt_values /var/lib/kolla/venv/lib/python3.6/site-packages/oslo_config/cfg.py:2611
2025-06-30 02:22:15.801 7 DEBUG oslo_service.service [-] database.db_inc_retry_interval = True log_opt_values /var/lib/kolla/venv/lib/python3.6/site-packages/oslo_config/cfg.py:2611
2025-06-30 02:22:15.802 7 DEBUG oslo_service.service [-] database.db_max_retries = 20 log_opt_values /var/lib/kolla/venv/lib/python3.6/site-packages/oslo_config/cfg.py:2611
2025-06-30 02:22:15.802 7 DEBUG oslo_service.service [-] database.db_max_retry_interval = 10 log_opt_values /var/lib/kolla/venv/lib/python3.6/site-packages/oslo_config/cfg.py:2611
2025-06-30 02:22:15.802 7 DEBUG oslo_service.service [-] database.db_retry_interval = 1 log_opt_values /var/lib/kolla/venv/lib/python3.6/site-packages/oslo_config/cfg.py:2611
2025-06-30 02:22:15.803 7 DEBUG oslo_service.service [-] database.max_overflow = 50 log_opt_values /var/lib/kolla/venv/lib/python3.6/site-packages/oslo_config/cfg.py:2611
2025-06-30 02:22:15.803 7 DEBUG oslo_service.service [-] database.max_pool_size = 1 log_opt_values /var/lib/kolla/venv/lib/python3.6/site-packages/oslo_config/cfg.py:2611
2025-06-30 02:22:15.803 7 DEBUG oslo_service.service [-] database.max_retries = -1 log_opt_values /var/lib/kolla/venv/lib/python3.6/site-packages/oslo_config/cfg.py:2611
2025-06-30 02:22:15.803 7 DEBUG oslo_service.service [-] database.mysql_enable_ndb = False log_opt_values /var/lib/kolla/venv/lib/python3.6/site-packages/oslo_config/cfg.py:2611
2025-06-30 02:22:15.803 7 DEBUG oslo_service.service [-] database.mysql_sql_mode = TRADITIONAL log_opt_values /var/lib/kolla/venv/lib/python3.6/site-packages/oslo_config/cfg.py:2611
2025-06-30 02:22:15.803 7 DEBUG oslo_service.service [-] database.pool_timeout = None log_opt_values /var/lib/kolla/venv/lib/python3.6/site-packages/oslo_config/cfg.py:2611
2025-06-30 02:22:15.803 7 DEBUG oslo_service.service [-] database.retry_interval = 10 log_opt_values /var/lib/kolla/venv/lib/python3.6/site-packages/oslo_config/cfg.py:2611
2025-06-30 02:22:15.803 7 DEBUG oslo_service.service [-] database.slave_connection = **** log_opt_values /var/lib/kolla/venv/lib/python3.6/site-packages/oslo_config/cfg.py:2611
2025-06-30 02:22:15.803 7 DEBUG oslo_service.service [-] database.sqlite_synchronous = True log_opt_values /var/lib/kolla/venv/lib/python3.6/site-packages/oslo_config/cfg.py:2611
2025-06-30 02:22:15.803 7 DEBUG oslo_service.service [-] database.use_db_reconnect = False log_opt_values /var/lib/kolla/venv/lib/python3.6/site-packages/oslo_config/cfg.py:2611
2025-06-30 02:22:15.803 7 DEBUG oslo_service.service [-] ******************************************************************************** log_opt_values /var/lib/kolla/venv/lib/python3.6/site-packages/oslo_config/cfg.py:2613
2025-06-30 02:22:17.624 22 DEBUG neutron.wsgi [-] (22) accepted ('10.0.0.19', 35898) server /var/lib/kolla/venv/lib/python3.6/site-packages/eventlet/wsgi.py:1004
2025-06-30 02:22:17.630 22 INFO neutron.wsgi [-] 10.0.0.19 "GET / HTTP/1.1" status: 200 len: 227 time: 0.0045242
2025-06-30 02:22:19.727 24 DEBUG neutron.api.rpc.handlers.dhcp_rpc [req-8dcd014c-7a7d-457c-84c0-600dcc822af4 - - - - -] get_active_networks_info from cn-jenkins-deploy-platform-ansible-os-3570-1 get_active_networks_info /var/lib/kolla/venv/lib/python3.6/site-packages/neutron/api/rpc/handlers/dhcp_rpc.py:159
2025-06-30 02:22:19.749 26 DEBUG neutron_lib.callbacks.manager [req-1c8aaaef-837b-47f5-8836-1e9548ea8bb4 - - - - -] Publish callbacks ['neutron.services.segments.db._update_segment_host_mapping_for_agent-8779902292595', 'neutron.services.l3_router.l3_router_plugin.DVRResourceOperationHandler.create_fip_agent_gw_ports-1697795'] for agent (6558277e-f97a-431c-96d6-6d02b7e9cd87), after_create _notify_loop /var/lib/kolla/venv/lib/python3.6/site-packages/neutron_lib/callbacks/manager.py:177
2025-06-30 02:22:19.761 24 DEBUG neutron.scheduler.dhcp_agent_scheduler [req-8dcd014c-7a7d-457c-84c0-600dcc822af4 - - - - -] No non-hosted networks auto_schedule_networks /var/lib/kolla/venv/lib/python3.6/site-packages/neutron/scheduler/dhcp_agent_scheduler.py:60
2025-06-30 02:22:37.505 27 DEBUG neutron_lib.callbacks.manager [req-bfb26c70-dedf-4310-8245-4ecb4f9937ff - - - - -] Publish callbacks ['neutron.services.segments.db._update_segment_host_mapping_for_agent-8779902292595', 'neutron.services.l3_router.l3_router_plugin.DVRResourceOperationHandler.create_fip_agent_gw_ports-1697795'] for agent (3a8e9c62-acba-4997-a13f-a46d79c29a20), after_create _notify_loop /var/lib/kolla/venv/lib/python3.6/site-packages/neutron_lib/callbacks/manager.py:177
2025-06-30 02:22:47.678 22 DEBUG neutron.wsgi [-] (22) accepted ('10.0.0.19', 46780) server /var/lib/kolla/venv/lib/python3.6/site-packages/eventlet/wsgi.py:1004
2025-06-30 02:22:47.681 22 INFO neutron.wsgi [-] 10.0.0.19 "GET / HTTP/1.1" status: 200 len: 227 time: 0.0028150
2025-06-30 02:22:49.734 28 DEBUG neutron_lib.callbacks.manager [req-13166f5f-0ff3-4b20-a2df-eb7e804daa0b - - - - -] Publish callbacks ['neutron.services.segments.db._update_segment_host_mapping_for_agent-8779902292595', 'neutron.plugins.ml2.plugin.Ml2Plugin._retry_binding_revived_agents--9223372036853931120'] for agent (6558277e-f97a-431c-96d6-6d02b7e9cd87), after_update _notify_loop /var/lib/kolla/venv/lib/python3.6/site-packages/neutron_lib/callbacks/manager.py:177
2025-06-30 02:22:53.747 29 DEBUG neutron.db.agents_db [req-108453ee-7d1b-43ec-bc41-ffc7a4cee06d - - - - -] Agent healthcheck: found 2 active agents agent_health_check /var/lib/kolla/venv/lib/python3.6/site-packages/neutron/db/agents_db.py:318
2025-06-30 02:23:07.484 24 DEBUG neutron_lib.callbacks.manager [req-bfb26c70-dedf-4310-8245-4ecb4f9937ff - - - - -] Publish callbacks ['neutron.services.segments.db._update_segment_host_mapping_for_agent-8779902292595', 'neutron.plugins.ml2.plugin.Ml2Plugin._retry_binding_revived_agents--9223372036853931120'] for agent (3a8e9c62-acba-4997-a13f-a46d79c29a20), after_update _notify_loop /var/lib/kolla/venv/lib/python3.6/site-packages/neutron_lib/callbacks/manager.py:177
2025-06-30 02:23:17.723 22 DEBUG neutron.wsgi [-] (22) accepted ('10.0.0.19', 50156) server /var/lib/kolla/venv/lib/python3.6/site-packages/eventlet/wsgi.py:1004
2025-06-30 02:23:17.727 22 INFO neutron.wsgi [-] 10.0.0.19 "GET / HTTP/1.1" status: 200 len: 227 time: 0.0026214
2025-06-30 02:23:19.729 23 DEBUG neutron_lib.callbacks.manager [req-69e7efc3-db7f-4b59-8751-062746b2e27d - - - - -] Publish callbacks ['neutron.services.segments.db._update_segment_host_mapping_for_agent-8779902292595', 'neutron.plugins.ml2.plugin.Ml2Plugin._retry_binding_revived_agents--9223372036853931120'] for agent (6558277e-f97a-431c-96d6-6d02b7e9cd87), after_update _notify_loop /var/lib/kolla/venv/lib/python3.6/site-packages/neutron_lib/callbacks/manager.py:177
2025-06-30 02:23:30.746 29 DEBUG neutron.db.agents_db [req-108453ee-7d1b-43ec-bc41-ffc7a4cee06d - - - - -] Agent healthcheck: found 2 active agents agent_health_check /var/lib/kolla/venv/lib/python3.6/site-packages/neutron/db/agents_db.py:318
2025-06-30 02:23:37.490 25 DEBUG neutron_lib.callbacks.manager [req-bfb26c70-dedf-4310-8245-4ecb4f9937ff - - - - -] Publish callbacks ['neutron.services.segments.db._update_segment_host_mapping_for_agent-8779902292595', 'neutron.plugins.ml2.plugin.Ml2Plugin._retry_binding_revived_agents--9223372036853931120'] for agent (3a8e9c62-acba-4997-a13f-a46d79c29a20), after_update _notify_loop /var/lib/kolla/venv/lib/python3.6/site-packages/neutron_lib/callbacks/manager.py:177
2025-06-30 02:23:47.767 22 DEBUG neutron.wsgi [-] (22) accepted ('10.0.0.19', 45792) server /var/lib/kolla/venv/lib/python3.6/site-packages/eventlet/wsgi.py:1004
2025-06-30 02:23:47.771 22 INFO neutron.wsgi [-] 10.0.0.19 "GET / HTTP/1.1" status: 200 len: 227 time: 0.0029514
2025-06-30 02:23:49.725 26 DEBUG neutron_lib.callbacks.manager [req-643e460b-9bdc-4068-8914-25faf6a8a0f8 - - - - -] Publish callbacks ['neutron.services.segments.db._update_segment_host_mapping_for_agent-8779902292595', 'neutron.plugins.ml2.plugin.Ml2Plugin._retry_binding_revived_agents--9223372036853931120'] for agent (6558277e-f97a-431c-96d6-6d02b7e9cd87), after_update _notify_loop /var/lib/kolla/venv/lib/python3.6/site-packages/neutron_lib/callbacks/manager.py:177
2025-06-30 02:24:07.481 27 DEBUG neutron_lib.callbacks.manager [req-bfb26c70-dedf-4310-8245-4ecb4f9937ff - - - - -] Publish callbacks ['neutron.services.segments.db._update_segment_host_mapping_for_agent-8779902292595', 'neutron.plugins.ml2.plugin.Ml2Plugin._retry_binding_revived_agents--9223372036853931120'] for agent (3a8e9c62-acba-4997-a13f-a46d79c29a20), after_update _notify_loop /var/lib/kolla/venv/lib/python3.6/site-packages/neutron_lib/callbacks/manager.py:177
2025-06-30 02:24:07.754 29 DEBUG neutron.db.agents_db [req-108453ee-7d1b-43ec-bc41-ffc7a4cee06d - - - - -] Agent healthcheck: found 2 active agents agent_health_check /var/lib/kolla/venv/lib/python3.6/site-packages/neutron/db/agents_db.py:318
2025-06-30 02:24:17.812 22 DEBUG neutron.wsgi [-] (22) accepted ('10.0.0.19', 49190) server /var/lib/kolla/venv/lib/python3.6/site-packages/eventlet/wsgi.py:1004
2025-06-30 02:24:17.815 22 INFO neutron.wsgi [-] 10.0.0.19 "GET / HTTP/1.1" status: 200 len: 227 time: 0.0024781
2025-06-30 02:24:19.719 28 DEBUG neutron_lib.callbacks.manager [req-2099e7f4-4ab2-4ce2-9ea3-ba18ea22dccf - - - - -] Publish callbacks ['neutron.services.segments.db._update_segment_host_mapping_for_agent-8779902292595', 'neutron.plugins.ml2.plugin.Ml2Plugin._retry_binding_revived_agents--9223372036853931120'] for agent (6558277e-f97a-431c-96d6-6d02b7e9cd87), after_update _notify_loop /var/lib/kolla/venv/lib/python3.6/site-packages/neutron_lib/callbacks/manager.py:177
2025-06-30 02:24:37.482 24 DEBUG neutron_lib.callbacks.manager [req-bfb26c70-dedf-4310-8245-4ecb4f9937ff - - - - -] Publish callbacks ['neutron.services.segments.db._update_segment_host_mapping_for_agent-8779902292595', 'neutron.plugins.ml2.plugin.Ml2Plugin._retry_binding_revived_agents--9223372036853931120'] for agent (3a8e9c62-acba-4997-a13f-a46d79c29a20), after_update _notify_loop /var/lib/kolla/venv/lib/python3.6/site-packages/neutron_lib/callbacks/manager.py:177
2025-06-30 02:24:44.754 29 DEBUG neutron.db.agents_db [req-108453ee-7d1b-43ec-bc41-ffc7a4cee06d - - - - -] Agent healthcheck: found 2 active agents agent_health_check /var/lib/kolla/venv/lib/python3.6/site-packages/neutron/db/agents_db.py:318
2025-06-30 02:24:47.857 22 DEBUG neutron.wsgi [-] (22) accepted ('10.0.0.19', 40758) server /var/lib/kolla/venv/lib/python3.6/site-packages/eventlet/wsgi.py:1004
2025-06-30 02:24:47.860 22 INFO neutron.wsgi [-] 10.0.0.19 "GET / HTTP/1.1" status: 200 len: 227 time: 0.0028012
2025-06-30 02:24:49.726 23 DEBUG neutron_lib.callbacks.manager [req-5fb27383-650c-4e9d-a3ad-b9fb50bbd321 - - - - -] Publish callbacks ['neutron.services.segments.db._update_segment_host_mapping_for_agent-8779902292595', 'neutron.plugins.ml2.plugin.Ml2Plugin._retry_binding_revived_agents--9223372036853931120'] for agent (6558277e-f97a-431c-96d6-6d02b7e9cd87), after_update _notify_loop /var/lib/kolla/venv/lib/python3.6/site-packages/neutron_lib/callbacks/manager.py:177
2025-06-30 02:25:07.484 25 DEBUG neutron_lib.callbacks.manager [req-bfb26c70-dedf-4310-8245-4ecb4f9937ff - - - - -] Publish callbacks ['neutron.services.segments.db._update_segment_host_mapping_for_agent-8779902292595', 'neutron.plugins.ml2.plugin.Ml2Plugin._retry_binding_revived_agents--9223372036853931120'] for agent (3a8e9c62-acba-4997-a13f-a46d79c29a20), after_update _notify_loop /var/lib/kolla/venv/lib/python3.6/site-packages/neutron_lib/callbacks/manager.py:177
2025-06-30 02:25:17.902 22 DEBUG neutron.wsgi [-] (22) accepted ('10.0.0.19', 60126) server /var/lib/kolla/venv/lib/python3.6/site-packages/eventlet/wsgi.py:1004
2025-06-30 02:25:17.906 22 INFO neutron.wsgi [-] 10.0.0.19 "GET / HTTP/1.1" status: 200 len: 227 time: 0.0025880
2025-06-30 02:25:19.724 26 DEBUG neutron_lib.callbacks.manager [req-465b7ec9-7748-41ac-b3a0-b03181f61b66 - - - - -] Publish callbacks ['neutron.services.segments.db._update_segment_host_mapping_for_agent-8779902292595', 'neutron.plugins.ml2.plugin.Ml2Plugin._retry_binding_revived_agents--9223372036853931120'] for agent (6558277e-f97a-431c-96d6-6d02b7e9cd87), after_update _notify_loop /var/lib/kolla/venv/lib/python3.6/site-packages/neutron_lib/callbacks/manager.py:177
2025-06-30 02:25:21.763 29 DEBUG neutron.db.agents_db [req-108453ee-7d1b-43ec-bc41-ffc7a4cee06d - - - - -] Agent healthcheck: found 2 active agents agent_health_check /var/lib/kolla/venv/lib/python3.6/site-packages/neutron/db/agents_db.py:318
2025-06-30 02:25:37.485 27 DEBUG neutron_lib.callbacks.manager [req-bfb26c70-dedf-4310-8245-4ecb4f9937ff - - - - -] Publish callbacks ['neutron.services.segments.db._update_segment_host_mapping_for_agent-8779902292595', 'neutron.plugins.ml2.plugin.Ml2Plugin._retry_binding_revived_agents--9223372036853931120'] for agent (3a8e9c62-acba-4997-a13f-a46d79c29a20), after_update _notify_loop /var/lib/kolla/venv/lib/python3.6/site-packages/neutron_lib/callbacks/manager.py:177
2025-06-30 02:25:47.946 22 DEBUG neutron.wsgi [-] (22) accepted ('10.0.0.19', 34402) server /var/lib/kolla/venv/lib/python3.6/site-packages/eventlet/wsgi.py:1004
2025-06-30 02:25:47.950 22 INFO neutron.wsgi [-] 10.0.0.19 "GET / HTTP/1.1" status: 200 len: 227 time: 0.0024915
2025-06-30 02:25:49.720 28 DEBUG neutron_lib.callbacks.manager [req-f1adcf32-1c09-4f4b-9fc7-677bbd99d7dc - - - - -] Publish callbacks ['neutron.services.segments.db._update_segment_host_mapping_for_agent-8779902292595', 'neutron.plugins.ml2.plugin.Ml2Plugin._retry_binding_revived_agents--9223372036853931120'] for agent (6558277e-f97a-431c-96d6-6d02b7e9cd87), after_update _notify_loop /var/lib/kolla/venv/lib/python3.6/site-packages/neutron_lib/callbacks/manager.py:177
2025-06-30 02:25:58.762 29 DEBUG neutron.db.agents_db [req-108453ee-7d1b-43ec-bc41-ffc7a4cee06d - - - - -] Agent healthcheck: found 2 active agents agent_health_check /var/lib/kolla/venv/lib/python3.6/site-packages/neutron/db/agents_db.py:318
2025-06-30 02:26:07.487 24 DEBUG neutron_lib.callbacks.manager [req-bfb26c70-dedf-4310-8245-4ecb4f9937ff - - - - -] Publish callbacks ['neutron.services.segments.db._update_segment_host_mapping_for_agent-8779902292595', 'neutron.plugins.ml2.plugin.Ml2Plugin._retry_binding_revived_agents--9223372036853931120'] for agent (3a8e9c62-acba-4997-a13f-a46d79c29a20), after_update _notify_loop /var/lib/kolla/venv/lib/python3.6/site-packages/neutron_lib/callbacks/manager.py:177
2025-06-30 02:26:17.996 22 DEBUG neutron.wsgi [-] (22) accepted ('10.0.0.19', 41126) server /var/lib/kolla/venv/lib/python3.6/site-packages/eventlet/wsgi.py:1004
2025-06-30 02:26:18.000 22 INFO neutron.wsgi [-] 10.0.0.19 "GET / HTTP/1.1" status: 200 len: 227 time: 0.0024829
2025-06-30 02:26:19.716 23 DEBUG neutron_lib.callbacks.manager [req-bd9bdf4e-76b3-436c-a1a4-b682b1bc9ad4 - - - - -] Publish callbacks ['neutron.services.segments.db._update_segment_host_mapping_for_agent-8779902292595', 'neutron.plugins.ml2.plugin.Ml2Plugin._retry_binding_revived_agents--9223372036853931120'] for agent (6558277e-f97a-431c-96d6-6d02b7e9cd87), after_update _notify_loop /var/lib/kolla/venv/lib/python3.6/site-packages/neutron_lib/callbacks/manager.py:177
2025-06-30 02:26:35.767 29 DEBUG neutron.db.agents_db [req-108453ee-7d1b-43ec-bc41-ffc7a4cee06d - - - - -] Agent healthcheck: found 2 active agents agent_health_check /var/lib/kolla/venv/lib/python3.6/site-packages/neutron/db/agents_db.py:318
2025-06-30 02:26:37.493 25 DEBUG neutron_lib.callbacks.manager [req-bfb26c70-dedf-4310-8245-4ecb4f9937ff - - - - -] Publish callbacks ['neutron.services.segments.db._update_segment_host_mapping_for_agent-8779902292595', 'neutron.plugins.ml2.plugin.Ml2Plugin._retry_binding_revived_agents--9223372036853931120'] for agent (3a8e9c62-acba-4997-a13f-a46d79c29a20), after_update _notify_loop /var/lib/kolla/venv/lib/python3.6/site-packages/neutron_lib/callbacks/manager.py:177
2025-06-30 02:26:48.052 22 DEBUG neutron.wsgi [-] (22) accepted ('10.0.0.19', 40604) server /var/lib/kolla/venv/lib/python3.6/site-packages/eventlet/wsgi.py:1004
2025-06-30 02:26:48.059 22 INFO neutron.wsgi [-] 10.0.0.19 "GET / HTTP/1.1" status: 200 len: 227 time: 0.0061181
2025-06-30 02:26:49.711 26 DEBUG neutron_lib.callbacks.manager [req-3ee516e6-41ef-480c-a7fd-1bec950a3ea2 - - - - -] Publish callbacks ['neutron.services.segments.db._update_segment_host_mapping_for_agent-8779902292595', 'neutron.plugins.ml2.plugin.Ml2Plugin._retry_binding_revived_agents--9223372036853931120'] for agent (6558277e-f97a-431c-96d6-6d02b7e9cd87), after_update _notify_loop /var/lib/kolla/venv/lib/python3.6/site-packages/neutron_lib/callbacks/manager.py:177
2025-06-30 02:27:07.493 27 DEBUG neutron_lib.callbacks.manager [req-bfb26c70-dedf-4310-8245-4ecb4f9937ff - - - - -] Publish callbacks ['neutron.services.segments.db._update_segment_host_mapping_for_agent-8779902292595', 'neutron.plugins.ml2.plugin.Ml2Plugin._retry_binding_revived_agents--9223372036853931120'] for agent (3a8e9c62-acba-4997-a13f-a46d79c29a20), after_update _notify_loop /var/lib/kolla/venv/lib/python3.6/site-packages/neutron_lib/callbacks/manager.py:177
2025-06-30 02:27:12.774 29 DEBUG neutron.db.agents_db [req-108453ee-7d1b-43ec-bc41-ffc7a4cee06d - - - - -] Agent healthcheck: found 2 active agents agent_health_check /var/lib/kolla/venv/lib/python3.6/site-packages/neutron/db/agents_db.py:318
2025-06-30 02:27:18.099 22 DEBUG neutron.wsgi [-] (22) accepted ('10.0.0.19', 59558) server /var/lib/kolla/venv/lib/python3.6/site-packages/eventlet/wsgi.py:1004
2025-06-30 02:27:18.103 22 INFO neutron.wsgi [-] 10.0.0.19 "GET / HTTP/1.1" status: 200 len: 227 time: 0.0026360
2025-06-30 02:27:19.718 28 DEBUG neutron_lib.callbacks.manager [req-ffde3651-fb93-451c-bb56-bc55319c1213 - - - - -] Publish callbacks ['neutron.services.segments.db._update_segment_host_mapping_for_agent-8779902292595', 'neutron.plugins.ml2.plugin.Ml2Plugin._retry_binding_revived_agents--9223372036853931120'] for agent (6558277e-f97a-431c-96d6-6d02b7e9cd87), after_update _notify_loop /var/lib/kolla/venv/lib/python3.6/site-packages/neutron_lib/callbacks/manager.py:177
2025-06-30 02:27:37.493 24 DEBUG neutron_lib.callbacks.manager [req-bfb26c70-dedf-4310-8245-4ecb4f9937ff - - - - -] Publish callbacks ['neutron.services.segments.db._update_segment_host_mapping_for_agent-8779902292595', 'neutron.plugins.ml2.plugin.Ml2Plugin._retry_binding_revived_agents--9223372036853931120'] for agent (3a8e9c62-acba-4997-a13f-a46d79c29a20), after_update _notify_loop /var/lib/kolla/venv/lib/python3.6/site-packages/neutron_lib/callbacks/manager.py:177
2025-06-30 02:27:48.144 22 DEBUG neutron.wsgi [-] (22) accepted ('10.0.0.19', 56210) server /var/lib/kolla/venv/lib/python3.6/site-packages/eventlet/wsgi.py:1004
2025-06-30 02:27:48.148 22 INFO neutron.wsgi [-] 10.0.0.19 "GET / HTTP/1.1" status: 200 len: 227 time: 0.0024326
2025-06-30 02:27:49.714 23 DEBUG neutron_lib.callbacks.manager [req-ada67af8-6484-4ec9-b364-5222deb38c29 - - - - -] Publish callbacks ['neutron.services.segments.db._update_segment_host_mapping_for_agent-8779902292595', 'neutron.plugins.ml2.plugin.Ml2Plugin._retry_binding_revived_agents--9223372036853931120'] for agent (6558277e-f97a-431c-96d6-6d02b7e9cd87), after_update _notify_loop /var/lib/kolla/venv/lib/python3.6/site-packages/neutron_lib/callbacks/manager.py:177
2025-06-30 02:27:49.775 29 DEBUG neutron.db.agents_db [req-108453ee-7d1b-43ec-bc41-ffc7a4cee06d - - - - -] Agent healthcheck: found 2 active agents agent_health_check /var/lib/kolla/venv/lib/python3.6/site-packages/neutron/db/agents_db.py:318
2025-06-30 02:28:07.495 25 DEBUG neutron_lib.callbacks.manager [req-bfb26c70-dedf-4310-8245-4ecb4f9937ff - - - - -] Publish callbacks ['neutron.services.segments.db._update_segment_host_mapping_for_agent-8779902292595', 'neutron.plugins.ml2.plugin.Ml2Plugin._retry_binding_revived_agents--9223372036853931120'] for agent (3a8e9c62-acba-4997-a13f-a46d79c29a20), after_update _notify_loop /var/lib/kolla/venv/lib/python3.6/site-packages/neutron_lib/callbacks/manager.py:177
2025-06-30 02:28:18.196 22 DEBUG neutron.wsgi [-] (22) accepted ('10.0.0.19', 60712) server /var/lib/kolla/venv/lib/python3.6/site-packages/eventlet/wsgi.py:1004
2025-06-30 02:28:18.200 22 INFO neutron.wsgi [-] 10.0.0.19 "GET / HTTP/1.1" status: 200 len: 227 time: 0.0035193
2025-06-30 02:28:19.729 26 DEBUG neutron_lib.callbacks.manager [req-c89c2220-dfd9-4312-afd4-c231cb6d3d3c - - - - -] Publish callbacks ['neutron.services.segments.db._update_segment_host_mapping_for_agent-8779902292595', 'neutron.plugins.ml2.plugin.Ml2Plugin._retry_binding_revived_agents--9223372036853931120'] for agent (6558277e-f97a-431c-96d6-6d02b7e9cd87), after_update _notify_loop /var/lib/kolla/venv/lib/python3.6/site-packages/neutron_lib/callbacks/manager.py:177
2025-06-30 02:28:26.771 29 DEBUG neutron.db.agents_db [req-108453ee-7d1b-43ec-bc41-ffc7a4cee06d - - - - -] Agent healthcheck: found 2 active agents agent_health_check /var/lib/kolla/venv/lib/python3.6/site-packages/neutron/db/agents_db.py:318
2025-06-30 02:28:37.498 27 DEBUG neutron_lib.callbacks.manager [req-bfb26c70-dedf-4310-8245-4ecb4f9937ff - - - - -] Publish callbacks ['neutron.services.segments.db._update_segment_host_mapping_for_agent-8779902292595', 'neutron.plugins.ml2.plugin.Ml2Plugin._retry_binding_revived_agents--9223372036853931120'] for agent (3a8e9c62-acba-4997-a13f-a46d79c29a20), after_update _notify_loop /var/lib/kolla/venv/lib/python3.6/site-packages/neutron_lib/callbacks/manager.py:177
2025-06-30 02:28:48.242 22 DEBUG neutron.wsgi [-] (22) accepted ('10.0.0.19', 52204) server /var/lib/kolla/venv/lib/python3.6/site-packages/eventlet/wsgi.py:1004
2025-06-30 02:28:48.246 22 INFO neutron.wsgi [-] 10.0.0.19 "GET / HTTP/1.1" status: 200 len: 227 time: 0.0034583
2025-06-30 02:28:49.726 28 DEBUG neutron_lib.callbacks.manager [req-49dfe2cb-f514-42a2-9d0b-9f4d889b57b5 - - - - -] Publish callbacks ['neutron.services.segments.db._update_segment_host_mapping_for_agent-8779902292595', 'neutron.plugins.ml2.plugin.Ml2Plugin._retry_binding_revived_agents--9223372036853931120'] for agent (6558277e-f97a-431c-96d6-6d02b7e9cd87), after_update _notify_loop /var/lib/kolla/venv/lib/python3.6/site-packages/neutron_lib/callbacks/manager.py:177
2025-06-30 02:29:03.779 29 DEBUG neutron.db.agents_db [req-108453ee-7d1b-43ec-bc41-ffc7a4cee06d - - - - -] Agent healthcheck: found 2 active agents agent_health_check /var/lib/kolla/venv/lib/python3.6/site-packages/neutron/db/agents_db.py:318
2025-06-30 02:29:07.503 24 DEBUG neutron_lib.callbacks.manager [req-bfb26c70-dedf-4310-8245-4ecb4f9937ff - - - - -] Publish callbacks ['neutron.services.segments.db._update_segment_host_mapping_for_agent-8779902292595', 'neutron.plugins.ml2.plugin.Ml2Plugin._retry_binding_revived_agents--9223372036853931120'] for agent (3a8e9c62-acba-4997-a13f-a46d79c29a20), after_update _notify_loop /var/lib/kolla/venv/lib/python3.6/site-packages/neutron_lib/callbacks/manager.py:177
2025-06-30 02:29:18.289 22 DEBUG neutron.wsgi [-] (22) accepted ('10.0.0.19', 57106) server /var/lib/kolla/venv/lib/python3.6/site-packages/eventlet/wsgi.py:1004
2025-06-30 02:29:18.294 22 INFO neutron.wsgi [-] 10.0.0.19 "GET / HTTP/1.1" status: 200 len: 227 time: 0.0039468
2025-06-30 02:29:19.729 23 DEBUG neutron_lib.callbacks.manager [req-6a6f690d-03e4-42c0-93ec-ec8fa564431a - - - - -] Publish callbacks ['neutron.services.segments.db._update_segment_host_mapping_for_agent-8779902292595', 'neutron.plugins.ml2.plugin.Ml2Plugin._retry_binding_revived_agents--9223372036853931120'] for agent (6558277e-f97a-431c-96d6-6d02b7e9cd87), after_update _notify_loop /var/lib/kolla/venv/lib/python3.6/site-packages/neutron_lib/callbacks/manager.py:177
2025-06-30 02:29:37.503 25 DEBUG neutron_lib.callbacks.manager [req-bfb26c70-dedf-4310-8245-4ecb4f9937ff - - - - -] Publish callbacks ['neutron.services.segments.db._update_segment_host_mapping_for_agent-8779902292595', 'neutron.plugins.ml2.plugin.Ml2Plugin._retry_binding_revived_agents--9223372036853931120'] for agent (3a8e9c62-acba-4997-a13f-a46d79c29a20), after_update _notify_loop /var/lib/kolla/venv/lib/python3.6/site-packages/neutron_lib/callbacks/manager.py:177
2025-06-30 02:29:40.776 29 DEBUG neutron.db.agents_db [req-108453ee-7d1b-43ec-bc41-ffc7a4cee06d - - - - -] Agent healthcheck: found 2 active agents agent_health_check /var/lib/kolla/venv/lib/python3.6/site-packages/neutron/db/agents_db.py:318
2025-06-30 02:29:48.514 22 DEBUG neutron.wsgi [-] (22) accepted ('10.0.0.19', 40902) server /var/lib/kolla/venv/lib/python3.6/site-packages/eventlet/wsgi.py:1004
2025-06-30 02:29:48.517 22 INFO neutron.wsgi [-] 10.0.0.19 "GET / HTTP/1.1" status: 200 len: 227 time: 0.0025139
2025-06-30 02:29:49.725 26 DEBUG neutron_lib.callbacks.manager [req-33e8cdbc-09b9-4b2a-88d1-d659ae496f0d - - - - -] Publish callbacks ['neutron.services.segments.db._update_segment_host_mapping_for_agent-8779902292595', 'neutron.plugins.ml2.plugin.Ml2Plugin._retry_binding_revived_agents--9223372036853931120'] for agent (6558277e-f97a-431c-96d6-6d02b7e9cd87), after_update _notify_loop /var/lib/kolla/venv/lib/python3.6/site-packages/neutron_lib/callbacks/manager.py:177
2025-06-30 02:30:02.946 7 INFO oslo_service.service [-] Caught SIGTERM, stopping children
2025-06-30 02:30:02.946 7 DEBUG oslo_concurrency.lockutils [-] Acquired lock "singleton_lock" lock /var/lib/kolla/venv/lib/python3.6/site-packages/oslo_concurrency/lockutils.py:294
2025-06-30 02:30:02.947 7 DEBUG oslo_concurrency.lockutils [-] Releasing lock "singleton_lock" lock /var/lib/kolla/venv/lib/python3.6/site-packages/oslo_concurrency/lockutils.py:312
2025-06-30 02:30:02.947 7 DEBUG oslo_service.service [-] Stop services. stop /var/lib/kolla/venv/lib/python3.6/site-packages/oslo_service/service.py:695
2025-06-30 02:30:02.947 7 DEBUG neutron.service [-] calling RpcWorker stop() stop /var/lib/kolla/venv/lib/python3.6/site-packages/neutron/service.py:138
2025-06-30 02:30:02.947 7 DEBUG neutron.service [-] calling RpcWorker stop() stop /var/lib/kolla/venv/lib/python3.6/site-packages/neutron/service.py:138
2025-06-30 02:30:02.947 7 DEBUG oslo_service.service [-] Killing children. stop /var/lib/kolla/venv/lib/python3.6/site-packages/oslo_service/service.py:700
2025-06-30 02:30:02.947 7 INFO oslo_service.service [-] Waiting on 8 children to exit
2025-06-30 02:30:02.948 22 INFO neutron.wsgi [-] (22) wsgi exited, is_accepting=True
2025-06-30 02:30:02.948 25 DEBUG neutron.service [-] calling RpcWorker stop() stop /var/lib/kolla/venv/lib/python3.6/site-packages/neutron/service.py:138
2025-06-30 02:30:02.948 24 DEBUG neutron.service [-] calling RpcWorker stop() stop /var/lib/kolla/venv/lib/python3.6/site-packages/neutron/service.py:138
2025-06-30 02:30:02.948 27 DEBUG neutron.service [-] calling RpcWorker stop() stop /var/lib/kolla/venv/lib/python3.6/site-packages/neutron/service.py:138
2025-06-30 02:30:02.948 22 DEBUG oslo_concurrency.lockutils [req-10f6cbde-ad44-40c0-a1e8-e296f8082b0a - - - - -] Acquired lock "singleton_lock" lock /var/lib/kolla/venv/lib/python3.6/site-packages/oslo_concurrency/lockutils.py:294
2025-06-30 02:30:02.949 22 DEBUG oslo_concurrency.lockutils [req-10f6cbde-ad44-40c0-a1e8-e296f8082b0a - - - - -] Releasing lock "singleton_lock" lock /var/lib/kolla/venv/lib/python3.6/site-packages/oslo_concurrency/lockutils.py:312
2025-06-30 02:30:02.948 24 DEBUG neutron.service [-] calling stop on stop /var/lib/kolla/venv/lib/python3.6/site-packages/neutron/service.py:141
2025-06-30 02:30:02.948 25 DEBUG neutron.service [-] calling stop on stop /var/lib/kolla/venv/lib/python3.6/site-packages/neutron/service.py:141
2025-06-30 02:30:02.948 27 DEBUG neutron.service [-] calling stop on stop /var/lib/kolla/venv/lib/python3.6/site-packages/neutron/service.py:141
2025-06-30 02:30:02.951 23 DEBUG neutron.service [-] calling RpcWorker stop() stop /var/lib/kolla/venv/lib/python3.6/site-packages/neutron/service.py:138
2025-06-30 02:30:02.952 7 INFO oslo_service.service [-] Child 22 exited with status 0
2025-06-30 02:30:02.953 28 DEBUG neutron.service [-] calling RpcWorker stop() stop /var/lib/kolla/venv/lib/python3.6/site-packages/neutron/service.py:138
2025-06-30 02:30:02.951 23 DEBUG neutron.service [-] calling stop on stop /var/lib/kolla/venv/lib/python3.6/site-packages/neutron/service.py:141
2025-06-30 02:30:02.954 29 DEBUG neutron.service [-] calling RpcWorker stop() stop /var/lib/kolla/venv/lib/python3.6/site-packages/neutron/service.py:138
2025-06-30 02:30:02.954 29 DEBUG neutron.service [-] calling stop on stop /var/lib/kolla/venv/lib/python3.6/site-packages/neutron/service.py:141
2025-06-30 02:30:02.953 28 DEBUG neutron.service [-] calling stop on stop /var/lib/kolla/venv/lib/python3.6/site-packages/neutron/service.py:141
2025-06-30 02:30:02.970 26 DEBUG neutron.service [-] calling RpcWorker stop() stop /var/lib/kolla/venv/lib/python3.6/site-packages/neutron/service.py:138
2025-06-30 02:30:02.971 26 DEBUG neutron.service [-] calling stop on stop /var/lib/kolla/venv/lib/python3.6/site-packages/neutron/service.py:141
2025-06-30 02:30:05.705 23 DEBUG neutron.service [-] calling stop on stop /var/lib/kolla/venv/lib/python3.6/site-packages/neutron/service.py:141
2025-06-30 02:30:05.714 24 DEBUG neutron.service [-] calling stop on stop /var/lib/kolla/venv/lib/python3.6/site-packages/neutron/service.py:141
2025-06-30 02:30:05.717 25 DEBUG neutron.service [-] calling stop on stop /var/lib/kolla/venv/lib/python3.6/site-packages/neutron/service.py:141
2025-06-30 02:30:05.734 23 DEBUG neutron.service [-] calling stop on stop /var/lib/kolla/venv/lib/python3.6/site-packages/neutron/service.py:141
2025-06-30 02:30:05.735 24 DEBUG neutron.service [-] calling stop on stop /var/lib/kolla/venv/lib/python3.6/site-packages/neutron/service.py:141
2025-06-30 02:30:05.735 27 DEBUG oslo_concurrency.lockutils [req-10f6cbde-ad44-40c0-a1e8-e296f8082b0a - - - - -] Acquired lock "singleton_lock" lock /var/lib/kolla/venv/lib/python3.6/site-packages/oslo_concurrency/lockutils.py:294
2025-06-30 02:30:05.735 27 DEBUG oslo_concurrency.lockutils [req-10f6cbde-ad44-40c0-a1e8-e296f8082b0a - - - - -] Releasing lock "singleton_lock" lock /var/lib/kolla/venv/lib/python3.6/site-packages/oslo_concurrency/lockutils.py:312
2025-06-30 02:30:05.735 27 DEBUG neutron.service [req-10f6cbde-ad44-40c0-a1e8-e296f8082b0a - - - - -] calling RpcWorker wait() _wait /var/lib/kolla/venv/lib/python3.6/site-packages/neutron/service.py:128
2025-06-30 02:30:05.736 27 DEBUG neutron.service [req-10f6cbde-ad44-40c0-a1e8-e296f8082b0a - - - - -] calling wait on _wait /var/lib/kolla/venv/lib/python3.6/site-packages/neutron/service.py:131
2025-06-30 02:30:05.736 28 DEBUG oslo_concurrency.lockutils [req-10f6cbde-ad44-40c0-a1e8-e296f8082b0a - - - - -] Acquired lock "singleton_lock" lock /var/lib/kolla/venv/lib/python3.6/site-packages/oslo_concurrency/lockutils.py:294
2025-06-30 02:30:05.736 28 DEBUG oslo_concurrency.lockutils [req-10f6cbde-ad44-40c0-a1e8-e296f8082b0a - - - - -] Releasing lock "singleton_lock" lock /var/lib/kolla/venv/lib/python3.6/site-packages/oslo_concurrency/lockutils.py:312
2025-06-30 02:30:05.736 28 DEBUG neutron.service [req-10f6cbde-ad44-40c0-a1e8-e296f8082b0a - - - - -] calling RpcWorker wait() _wait /var/lib/kolla/venv/lib/python3.6/site-packages/neutron/service.py:128
2025-06-30 02:30:05.737 28 DEBUG neutron.service [req-10f6cbde-ad44-40c0-a1e8-e296f8082b0a - - - - -] calling wait on _wait /var/lib/kolla/venv/lib/python3.6/site-packages/neutron/service.py:131
2025-06-30 02:30:05.741 25 DEBUG neutron.service [-] calling stop on stop /var/lib/kolla/venv/lib/python3.6/site-packages/neutron/service.py:141
2025-06-30 02:30:05.741 24 DEBUG neutron.service [-] calling stop on stop /var/lib/kolla/venv/lib/python3.6/site-packages/neutron/service.py:141
2025-06-30 02:30:05.750 27 WARNING amqp [req-10f6cbde-ad44-40c0-a1e8-e296f8082b0a - - - - -] Received method (60, 30) during closing channel 1. This method will be ignored
2025-06-30 02:30:05.751 27 DEBUG neutron.service [req-10f6cbde-ad44-40c0-a1e8-e296f8082b0a - - - - -] returning from RpcWorker wait() _wait /var/lib/kolla/venv/lib/python3.6/site-packages/neutron/service.py:135
2025-06-30 02:30:05.753 24 DEBUG oslo_concurrency.lockutils [req-10f6cbde-ad44-40c0-a1e8-e296f8082b0a - - - - -] Acquired lock "singleton_lock" lock /var/lib/kolla/venv/lib/python3.6/site-packages/oslo_concurrency/lockutils.py:294
2025-06-30 02:30:05.754 24 DEBUG oslo_concurrency.lockutils [req-10f6cbde-ad44-40c0-a1e8-e296f8082b0a - - - - -] Releasing lock "singleton_lock" lock /var/lib/kolla/venv/lib/python3.6/site-packages/oslo_concurrency/lockutils.py:312
2025-06-30 02:30:05.754 24 DEBUG neutron.service [req-10f6cbde-ad44-40c0-a1e8-e296f8082b0a - - - - -] calling RpcWorker wait() _wait /var/lib/kolla/venv/lib/python3.6/site-packages/neutron/service.py:128
2025-06-30 02:30:05.754 24 DEBUG neutron.service [req-10f6cbde-ad44-40c0-a1e8-e296f8082b0a - - - - -] calling wait on _wait /var/lib/kolla/venv/lib/python3.6/site-packages/neutron/service.py:131
2025-06-30 02:30:05.756 7 INFO oslo_service.service [-] Child 27 exited with status 0
2025-06-30 02:30:05.767 29 DEBUG oslo_concurrency.lockutils [req-10f6cbde-ad44-40c0-a1e8-e296f8082b0a - - - - -] Acquired lock "singleton_lock" lock /var/lib/kolla/venv/lib/python3.6/site-packages/oslo_concurrency/lockutils.py:294
2025-06-30 02:30:05.767 29 DEBUG oslo_concurrency.lockutils [req-10f6cbde-ad44-40c0-a1e8-e296f8082b0a - - - - -] Releasing lock "singleton_lock" lock /var/lib/kolla/venv/lib/python3.6/site-packages/oslo_concurrency/lockutils.py:312
2025-06-30 02:30:05.767 29 DEBUG neutron.service [req-10f6cbde-ad44-40c0-a1e8-e296f8082b0a - - - - -] calling RpcWorker wait() _wait /var/lib/kolla/venv/lib/python3.6/site-packages/neutron/service.py:128
2025-06-30 02:30:05.772 29 DEBUG neutron.service [req-10f6cbde-ad44-40c0-a1e8-e296f8082b0a - - - - -] calling wait on _wait /var/lib/kolla/venv/lib/python3.6/site-packages/neutron/service.py:131
2025-06-30 02:30:05.785 28 WARNING amqp [req-10f6cbde-ad44-40c0-a1e8-e296f8082b0a - - - - -] Received method (60, 30) during closing channel 1. This method will be ignored
2025-06-30 02:30:05.786 28 DEBUG neutron.service [req-10f6cbde-ad44-40c0-a1e8-e296f8082b0a - - - - -] returning from RpcWorker wait() _wait /var/lib/kolla/venv/lib/python3.6/site-packages/neutron/service.py:135
2025-06-30 02:30:05.791 24 WARNING amqp [req-10f6cbde-ad44-40c0-a1e8-e296f8082b0a - - - - -] Received method (60, 30) during closing channel 1. This method will be ignored
2025-06-30 02:30:05.791 29 WARNING amqp [req-10f6cbde-ad44-40c0-a1e8-e296f8082b0a - - - - -] Received method (60, 30) during closing channel 1. This method will be ignored
2025-06-30 02:30:05.792 7 INFO oslo_service.service [-] Child 28 exited with status 0
2025-06-30 02:30:05.793 29 DEBUG neutron.service [req-10f6cbde-ad44-40c0-a1e8-e296f8082b0a - - - - -] returning from RpcWorker wait() _wait /var/lib/kolla/venv/lib/python3.6/site-packages/neutron/service.py:135
2025-06-30 02:30:05.794 24 DEBUG neutron.service [req-10f6cbde-ad44-40c0-a1e8-e296f8082b0a - - - - -] calling wait on _wait /var/lib/kolla/venv/lib/python3.6/site-packages/neutron/service.py:131
2025-06-30 02:30:05.799 7 INFO oslo_service.service [-] Child 29 exited with status 0
2025-06-30 02:30:05.799 24 WARNING amqp [req-10f6cbde-ad44-40c0-a1e8-e296f8082b0a - - - - -] Received method (60, 30) during closing channel 1. This method will be ignored
2025-06-30 02:30:05.800 24 DEBUG neutron.service [req-10f6cbde-ad44-40c0-a1e8-e296f8082b0a - - - - -] calling wait on _wait /var/lib/kolla/venv/lib/python3.6/site-packages/neutron/service.py:131
2025-06-30 02:30:05.804 24 WARNING amqp [req-10f6cbde-ad44-40c0-a1e8-e296f8082b0a - - - - -] Received method (60, 30) during closing channel 1. This method will be ignored
2025-06-30 02:30:05.805 24 DEBUG neutron.service [req-10f6cbde-ad44-40c0-a1e8-e296f8082b0a - - - - -] calling wait on _wait /var/lib/kolla/venv/lib/python3.6/site-packages/neutron/service.py:131
2025-06-30 02:30:05.810 24 WARNING amqp [req-10f6cbde-ad44-40c0-a1e8-e296f8082b0a - - - - -] Received method (60, 30) during closing channel 1. This method will be ignored
2025-06-30 02:30:05.811 24 DEBUG neutron.service [req-10f6cbde-ad44-40c0-a1e8-e296f8082b0a - - - - -] returning from RpcWorker wait() _wait /var/lib/kolla/venv/lib/python3.6/site-packages/neutron/service.py:135
2025-06-30 02:30:05.816 7 INFO oslo_service.service [-] Child 24 exited with status 0
2025-06-30 02:30:07.497 23 DEBUG neutron.service [-] calling stop on stop /var/lib/kolla/venv/lib/python3.6/site-packages/neutron/service.py:141
2025-06-30 02:30:07.508 23 DEBUG neutron_lib.callbacks.manager [req-bfb26c70-dedf-4310-8245-4ecb4f9937ff - - - - -] Publish callbacks ['neutron.services.segments.db._update_segment_host_mapping_for_agent-8779902292595', 'neutron.plugins.ml2.plugin.Ml2Plugin._retry_binding_revived_agents--9223372036853931120'] for agent (3a8e9c62-acba-4997-a13f-a46d79c29a20), after_update _notify_loop /var/lib/kolla/venv/lib/python3.6/site-packages/neutron_lib/callbacks/manager.py:177
2025-06-30 02:30:07.920 26 DEBUG oslo_concurrency.lockutils [req-10f6cbde-ad44-40c0-a1e8-e296f8082b0a - - - - -] Acquired lock "singleton_lock" lock /var/lib/kolla/venv/lib/python3.6/site-packages/oslo_concurrency/lockutils.py:294
2025-06-30 02:30:07.921 26 DEBUG oslo_concurrency.lockutils [req-10f6cbde-ad44-40c0-a1e8-e296f8082b0a - - - - -] Releasing lock "singleton_lock" lock /var/lib/kolla/venv/lib/python3.6/site-packages/oslo_concurrency/lockutils.py:312
2025-06-30 02:30:07.921 26 DEBUG neutron.service [req-10f6cbde-ad44-40c0-a1e8-e296f8082b0a - - - - -] calling RpcWorker wait() _wait /var/lib/kolla/venv/lib/python3.6/site-packages/neutron/service.py:128
2025-06-30 02:30:07.921 26 DEBUG neutron.service [req-10f6cbde-ad44-40c0-a1e8-e296f8082b0a - - - - -] calling wait on _wait /var/lib/kolla/venv/lib/python3.6/site-packages/neutron/service.py:131
2025-06-30 02:30:07.927 26 WARNING amqp [req-10f6cbde-ad44-40c0-a1e8-e296f8082b0a - - - - -] Received method (60, 30) during closing channel 1. This method will be ignored
2025-06-30 02:30:07.929 26 DEBUG neutron.service [req-10f6cbde-ad44-40c0-a1e8-e296f8082b0a - - - - -] returning from RpcWorker wait() _wait /var/lib/kolla/venv/lib/python3.6/site-packages/neutron/service.py:135
2025-06-30 02:30:07.933 7 INFO oslo_service.service [-] Child 26 exited with status 0
2025-06-30 02:30:10.714 25 DEBUG neutron.service [-] calling stop on stop /var/lib/kolla/venv/lib/python3.6/site-packages/neutron/service.py:141
2025-06-30 02:30:10.760 23 DEBUG oslo_concurrency.lockutils [req-10f6cbde-ad44-40c0-a1e8-e296f8082b0a - - - - -] Acquired lock "singleton_lock" lock /var/lib/kolla/venv/lib/python3.6/site-packages/oslo_concurrency/lockutils.py:294
2025-06-30 02:30:10.761 23 DEBUG oslo_concurrency.lockutils [req-10f6cbde-ad44-40c0-a1e8-e296f8082b0a - - - - -] Releasing lock "singleton_lock" lock /var/lib/kolla/venv/lib/python3.6/site-packages/oslo_concurrency/lockutils.py:312
2025-06-30 02:30:10.761 23 DEBUG neutron.service [req-10f6cbde-ad44-40c0-a1e8-e296f8082b0a - - - - -] calling RpcWorker wait() _wait /var/lib/kolla/venv/lib/python3.6/site-packages/neutron/service.py:128
2025-06-30 02:30:10.762 23 DEBUG neutron.service [req-10f6cbde-ad44-40c0-a1e8-e296f8082b0a - - - - -] calling wait on _wait /var/lib/kolla/venv/lib/python3.6/site-packages/neutron/service.py:131
2025-06-30 02:30:10.768 23 WARNING amqp [req-10f6cbde-ad44-40c0-a1e8-e296f8082b0a - - - - -] Received method (60, 30) during closing channel 1. This method will be ignored
2025-06-30 02:30:10.769 23 DEBUG neutron.service [req-10f6cbde-ad44-40c0-a1e8-e296f8082b0a - - - - -] calling wait on _wait /var/lib/kolla/venv/lib/python3.6/site-packages/neutron/service.py:131
2025-06-30 02:30:10.770 25 DEBUG oslo_concurrency.lockutils [req-10f6cbde-ad44-40c0-a1e8-e296f8082b0a - - - - -] Acquired lock "singleton_lock" lock /var/lib/kolla/venv/lib/python3.6/site-packages/oslo_concurrency/lockutils.py:294
2025-06-30 02:30:10.770 25 DEBUG oslo_concurrency.lockutils [req-10f6cbde-ad44-40c0-a1e8-e296f8082b0a - - - - -] Releasing lock "singleton_lock" lock /var/lib/kolla/venv/lib/python3.6/site-packages/oslo_concurrency/lockutils.py:312
2025-06-30 02:30:10.770 25 DEBUG neutron.service [req-10f6cbde-ad44-40c0-a1e8-e296f8082b0a - - - - -] calling RpcWorker wait() _wait /var/lib/kolla/venv/lib/python3.6/site-packages/neutron/service.py:128
2025-06-30 02:30:10.770 25 DEBUG neutron.service [req-10f6cbde-ad44-40c0-a1e8-e296f8082b0a - - - - -] calling wait on _wait /var/lib/kolla/venv/lib/python3.6/site-packages/neutron/service.py:131
2025-06-30 02:30:10.774 23 WARNING amqp [req-10f6cbde-ad44-40c0-a1e8-e296f8082b0a - - - - -] Received method (60, 30) during closing channel 1. This method will be ignored
2025-06-30 02:30:10.775 23 DEBUG neutron.service [req-10f6cbde-ad44-40c0-a1e8-e296f8082b0a - - - - -] calling wait on _wait /var/lib/kolla/venv/lib/python3.6/site-packages/neutron/service.py:131
2025-06-30 02:30:10.776 25 WARNING amqp [req-10f6cbde-ad44-40c0-a1e8-e296f8082b0a - - - - -] Received method (60, 30) during closing channel 1. This method will be ignored
2025-06-30 02:30:10.777 25 DEBUG neutron.service [req-10f6cbde-ad44-40c0-a1e8-e296f8082b0a - - - - -] calling wait on _wait /var/lib/kolla/venv/lib/python3.6/site-packages/neutron/service.py:131
2025-06-30 02:30:10.780 23 WARNING amqp [req-10f6cbde-ad44-40c0-a1e8-e296f8082b0a - - - - -] Received method (60, 30) during closing channel 1. This method will be ignored
2025-06-30 02:30:10.780 23 DEBUG neutron.service [req-10f6cbde-ad44-40c0-a1e8-e296f8082b0a - - - - -] calling wait on _wait /var/lib/kolla/venv/lib/python3.6/site-packages/neutron/service.py:131
2025-06-30 02:30:10.783 25 WARNING amqp [req-10f6cbde-ad44-40c0-a1e8-e296f8082b0a - - - - -] Received method (60, 30) during closing channel 1. This method will be ignored
2025-06-30 02:30:10.783 25 DEBUG neutron.service [req-10f6cbde-ad44-40c0-a1e8-e296f8082b0a - - - - -] calling wait on _wait /var/lib/kolla/venv/lib/python3.6/site-packages/neutron/service.py:131
2025-06-30 02:30:10.786 23 WARNING amqp [req-10f6cbde-ad44-40c0-a1e8-e296f8082b0a - - - - -] Received method (60, 30) during closing channel 1. This method will be ignored
2025-06-30 02:30:10.786 23 DEBUG neutron.service [req-10f6cbde-ad44-40c0-a1e8-e296f8082b0a - - - - -] returning from RpcWorker wait() _wait /var/lib/kolla/venv/lib/python3.6/site-packages/neutron/service.py:135
2025-06-30 02:30:10.791 25 WARNING amqp [req-10f6cbde-ad44-40c0-a1e8-e296f8082b0a - - - - -] Received method (60, 30) during closing channel 1. This method will be ignored
2025-06-30 02:30:10.792 7 INFO oslo_service.service [-] Child 23 exited with status 0
2025-06-30 02:30:10.793 25 DEBUG neutron.service [req-10f6cbde-ad44-40c0-a1e8-e296f8082b0a - - - - -] calling wait on _wait /var/lib/kolla/venv/lib/python3.6/site-packages/neutron/service.py:131
2025-06-30 02:30:10.799 25 WARNING amqp [req-10f6cbde-ad44-40c0-a1e8-e296f8082b0a - - - - -] Received method (60, 30) during closing channel 1. This method will be ignored
2025-06-30 02:30:10.800 25 DEBUG neutron.service [req-10f6cbde-ad44-40c0-a1e8-e296f8082b0a - - - - -] returning from RpcWorker wait() _wait /var/lib/kolla/venv/lib/python3.6/site-packages/neutron/service.py:135
2025-06-30 02:30:10.805 7 INFO oslo_service.service [-] Child 25 exited with status 0
2025-06-30 02:30:10.805 7 INFO oslo_service.service [-] Wait called after thread killed. Cleaning up.
2025-06-30 02:30:10.805 7 DEBUG oslo_service.service [-] Stop services. stop /var/lib/kolla/venv/lib/python3.6/site-packages/oslo_service/service.py:695
2025-06-30 02:30:10.806 7 DEBUG oslo_service.service [-] Killing children. stop /var/lib/kolla/venv/lib/python3.6/site-packages/oslo_service/service.py:700
2025-06-30 02:30:14.658 7 INFO neutron.common.config [-] Logging enabled!
2025-06-30 02:30:14.658 7 INFO neutron.common.config [-] /var/lib/kolla/venv/bin/neutron-server version 20.5.1.dev23
2025-06-30 02:30:14.658 7 DEBUG neutron.common.config [-] command line: /var/lib/kolla/venv/bin/neutron-server --config-file /etc/neutron/neutron.conf --config-file /etc/neutron/ContrailPlugin.ini --config-file /etc/neutron/api-paste.ini setup_logging /var/lib/kolla/venv/lib/python3.6/site-packages/neutron/common/config.py:115
2025-06-30 02:30:14.662 7 INFO neutron.common.config [-] Logging enabled!
2025-06-30 02:30:14.662 7 INFO neutron.common.config [-] /var/lib/kolla/venv/bin/neutron-server version 20.5.1.dev23
2025-06-30 02:30:14.662 7 DEBUG neutron.common.config [-] command line: /var/lib/kolla/venv/bin/neutron-server --config-file /etc/neutron/neutron.conf --config-file /etc/neutron/ContrailPlugin.ini --config-file /etc/neutron/api-paste.ini setup_logging /var/lib/kolla/venv/lib/python3.6/site-packages/neutron/common/config.py:115
2025-06-30 02:30:14.662 7 DEBUG neutron.common.config [-] ******************************************************************************** log_opt_values /var/lib/kolla/venv/lib/python3.6/site-packages/oslo_config/cfg.py:2589
2025-06-30 02:30:14.662 7 DEBUG neutron.common.config [-] Configuration options gathered from: log_opt_values /var/lib/kolla/venv/lib/python3.6/site-packages/oslo_config/cfg.py:2590
2025-06-30 02:30:14.663 7 DEBUG neutron.common.config [-] command line args: ['--config-file', '/etc/neutron/neutron.conf', '--config-file', '/etc/neutron/ContrailPlugin.ini', '--config-file', '/etc/neutron/api-paste.ini'] log_opt_values /var/lib/kolla/venv/lib/python3.6/site-packages/oslo_config/cfg.py:2591
2025-06-30 02:30:14.663 7 DEBUG neutron.common.config [-] config files: ['/etc/neutron/neutron.conf', '/etc/neutron/ContrailPlugin.ini', '/etc/neutron/api-paste.ini'] log_opt_values /var/lib/kolla/venv/lib/python3.6/site-packages/oslo_config/cfg.py:2593
2025-06-30 02:30:14.663 7 DEBUG neutron.common.config [-] ================================================================================ log_opt_values /var/lib/kolla/venv/lib/python3.6/site-packages/oslo_config/cfg.py:2594
2025-06-30 02:30:14.663 7 DEBUG neutron.common.config [-] allow_bulk = True log_opt_values /var/lib/kolla/venv/lib/python3.6/site-packages/oslo_config/cfg.py:2603
2025-06-30 02:30:14.664 7 WARNING oslo_config.cfg [-] Deprecated: Option "allow_overlapping_ips" from group "DEFAULT" is deprecated for removal. Its value may be silently ignored in the future.
2025-06-30 02:30:14.664 7 DEBUG neutron.common.config [-] allow_overlapping_ips = True log_opt_values /var/lib/kolla/venv/lib/python3.6/site-packages/oslo_config/cfg.py:2603
2025-06-30 02:30:14.664 7 DEBUG neutron.common.config [-] api_extensions_path = /opt/plugin/site-packages/neutron_plugin_contrail/extensions:/opt/plugin/site-packages/neutron_lbaas/extensions log_opt_values /var/lib/kolla/venv/lib/python3.6/site-packages/oslo_config/cfg.py:2603
2025-06-30 02:30:14.664 7 DEBUG neutron.common.config [-] api_paste_config = /etc/neutron/api-paste.ini log_opt_values /var/lib/kolla/venv/lib/python3.6/site-packages/oslo_config/cfg.py:2603
2025-06-30 02:30:14.664 7 DEBUG neutron.common.config [-] api_workers = 1 log_opt_values /var/lib/kolla/venv/lib/python3.6/site-packages/oslo_config/cfg.py:2603
2025-06-30 02:30:14.664 7 DEBUG neutron.common.config [-] auth_strategy = keystone log_opt_values /var/lib/kolla/venv/lib/python3.6/site-packages/oslo_config/cfg.py:2603
2025-06-30 02:30:14.664 7 DEBUG neutron.common.config [-] backlog = 4096 log_opt_values /var/lib/kolla/venv/lib/python3.6/site-packages/oslo_config/cfg.py:2603
2025-06-30 02:30:14.664 7 DEBUG neutron.common.config [-] base_mac = fa:16:3e:00:00:00 log_opt_values /var/lib/kolla/venv/lib/python3.6/site-packages/oslo_config/cfg.py:2603
2025-06-30 02:30:14.665 7 DEBUG neutron.common.config [-] bind_host = 10.0.0.19 log_opt_values /var/lib/kolla/venv/lib/python3.6/site-packages/oslo_config/cfg.py:2603
2025-06-30 02:30:14.665 7 DEBUG neutron.common.config [-] bind_port = 9696 log_opt_values /var/lib/kolla/venv/lib/python3.6/site-packages/oslo_config/cfg.py:2603
