2025-06-26 00:36:54.603 135103 DEBUG oslo_service.service [req-e528a025-3675-4ff7-a576-ed6a9e25bf23 - - - - -] hyperv.wait_soft_reboot_seconds = 60 log_opt_values /usr/lib/python3/dist-packages/oslo_config/cfg.py:2609
2025-06-26 00:36:54.603 135103 DEBUG oslo_service.service [req-e528a025-3675-4ff7-a576-ed6a9e25bf23 - - - - -] mks.enabled = False log_opt_values /usr/lib/python3/dist-packages/oslo_config/cfg.py:2609
2025-06-26 00:36:54.604 135103 DEBUG oslo_service.service [req-e528a025-3675-4ff7-a576-ed6a9e25bf23 - - - - -] mks.mksproxy_base_url = http://127.0.0.1:6090/ log_opt_values /usr/lib/python3/dist-packages/oslo_config/cfg.py:2609
2025-06-26 00:36:54.604 135103 DEBUG oslo_service.service [req-e528a025-3675-4ff7-a576-ed6a9e25bf23 - - - - -] image_cache.manager_interval = 2400 log_opt_values /usr/lib/python3/dist-packages/oslo_config/cfg.py:2609
2025-06-26 00:36:54.604 135103 DEBUG oslo_service.service [req-e528a025-3675-4ff7-a576-ed6a9e25bf23 - - - - -] image_cache.precache_concurrency = 1 log_opt_values /usr/lib/python3/dist-packages/oslo_config/cfg.py:2609
2025-06-26 00:36:54.605 135103 DEBUG oslo_service.service [req-e528a025-3675-4ff7-a576-ed6a9e25bf23 - - - - -] image_cache.remove_unused_base_images = True log_opt_values /usr/lib/python3/dist-packages/oslo_config/cfg.py:2609
2025-06-26 00:36:54.605 135103 DEBUG oslo_service.service [req-e528a025-3675-4ff7-a576-ed6a9e25bf23 - - - - -] image_cache.remove_unused_original_minimum_age_seconds = 86400 log_opt_values /usr/lib/python3/dist-packages/oslo_config/cfg.py:2609
2025-06-26 00:36:54.605 135103 DEBUG oslo_service.service [req-e528a025-3675-4ff7-a576-ed6a9e25bf23 - - - - -] image_cache.remove_unused_resized_minimum_age_seconds = 3600 log_opt_values /usr/lib/python3/dist-packages/oslo_config/cfg.py:2609
2025-06-26 00:36:54.605 135103 DEBUG oslo_service.service [req-e528a025-3675-4ff7-a576-ed6a9e25bf23 - - - - -] image_cache.subdirectory_name = _base log_opt_values /usr/lib/python3/dist-packages/oslo_config/cfg.py:2609
2025-06-26 00:36:54.605 135103 DEBUG oslo_service.service [req-e528a025-3675-4ff7-a576-ed6a9e25bf23 - - - - -] ironic.api_max_retries = 60 log_opt_values /usr/lib/python3/dist-packages/oslo_config/cfg.py:2609
2025-06-26 00:36:54.606 135103 DEBUG oslo_service.service [req-e528a025-3675-4ff7-a576-ed6a9e25bf23 - - - - -] ironic.api_retry_interval = 2 log_opt_values /usr/lib/python3/dist-packages/oslo_config/cfg.py:2609
2025-06-26 00:36:54.606 135103 DEBUG oslo_service.service [req-e528a025-3675-4ff7-a576-ed6a9e25bf23 - - - - -] ironic.auth_section = None log_opt_values /usr/lib/python3/dist-packages/oslo_config/cfg.py:2609
2025-06-26 00:36:54.606 135103 DEBUG oslo_service.service [req-e528a025-3675-4ff7-a576-ed6a9e25bf23 - - - - -] ironic.auth_type = None log_opt_values /usr/lib/python3/dist-packages/oslo_config/cfg.py:2609
2025-06-26 00:36:54.606 135103 DEBUG oslo_service.service [req-e528a025-3675-4ff7-a576-ed6a9e25bf23 - - - - -] ironic.cafile = None log_opt_values /usr/lib/python3/dist-packages/oslo_config/cfg.py:2609
2025-06-26 00:36:54.606 135103 DEBUG oslo_service.service [req-e528a025-3675-4ff7-a576-ed6a9e25bf23 - - - - -] ironic.certfile = None log_opt_values /usr/lib/python3/dist-packages/oslo_config/cfg.py:2609
2025-06-26 00:36:54.607 135103 DEBUG oslo_service.service [req-e528a025-3675-4ff7-a576-ed6a9e25bf23 - - - - -] ironic.collect_timing = False log_opt_values /usr/lib/python3/dist-packages/oslo_config/cfg.py:2609
2025-06-26 00:36:54.607 135103 DEBUG oslo_service.service [req-e528a025-3675-4ff7-a576-ed6a9e25bf23 - - - - -] ironic.connect_retries = None log_opt_values /usr/lib/python3/dist-packages/oslo_config/cfg.py:2609
2025-06-26 00:36:54.607 135103 DEBUG oslo_service.service [req-e528a025-3675-4ff7-a576-ed6a9e25bf23 - - - - -] ironic.connect_retry_delay = None log_opt_values /usr/lib/python3/dist-packages/oslo_config/cfg.py:2609
2025-06-26 00:36:54.607 135103 DEBUG oslo_service.service [req-e528a025-3675-4ff7-a576-ed6a9e25bf23 - - - - -] ironic.endpoint_override = None log_opt_values /usr/lib/python3/dist-packages/oslo_config/cfg.py:2609
2025-06-26 00:36:54.607 135103 DEBUG oslo_service.service [req-e528a025-3675-4ff7-a576-ed6a9e25bf23 - - - - -] ironic.insecure = False log_opt_values /usr/lib/python3/dist-packages/oslo_config/cfg.py:2609
2025-06-26 00:36:54.607 135103 DEBUG oslo_service.service [req-e528a025-3675-4ff7-a576-ed6a9e25bf23 - - - - -] ironic.keyfile = None log_opt_values /usr/lib/python3/dist-packages/oslo_config/cfg.py:2609
2025-06-26 00:36:54.607 135103 DEBUG oslo_service.service [req-e528a025-3675-4ff7-a576-ed6a9e25bf23 - - - - -] ironic.max_version = None log_opt_values /usr/lib/python3/dist-packages/oslo_config/cfg.py:2609
2025-06-26 00:36:54.608 135103 DEBUG oslo_service.service [req-e528a025-3675-4ff7-a576-ed6a9e25bf23 - - - - -] ironic.min_version = None log_opt_values /usr/lib/python3/dist-packages/oslo_config/cfg.py:2609
2025-06-26 00:36:54.608 135103 DEBUG oslo_service.service [req-e528a025-3675-4ff7-a576-ed6a9e25bf23 - - - - -] ironic.partition_key = None log_opt_values /usr/lib/python3/dist-packages/oslo_config/cfg.py:2609
2025-06-26 00:36:54.608 135103 DEBUG oslo_service.service [req-e528a025-3675-4ff7-a576-ed6a9e25bf23 - - - - -] ironic.peer_list = [] log_opt_values /usr/lib/python3/dist-packages/oslo_config/cfg.py:2609
2025-06-26 00:36:54.608 135103 DEBUG oslo_service.service [req-e528a025-3675-4ff7-a576-ed6a9e25bf23 - - - - -] ironic.region_name = None log_opt_values /usr/lib/python3/dist-packages/oslo_config/cfg.py:2609
2025-06-26 00:36:54.608 135103 DEBUG oslo_service.service [req-e528a025-3675-4ff7-a576-ed6a9e25bf23 - - - - -] ironic.serial_console_state_timeout = 10 log_opt_values /usr/lib/python3/dist-packages/oslo_config/cfg.py:2609
2025-06-26 00:36:54.608 135103 DEBUG oslo_service.service [req-e528a025-3675-4ff7-a576-ed6a9e25bf23 - - - - -] ironic.service_name = None log_opt_values /usr/lib/python3/dist-packages/oslo_config/cfg.py:2609
2025-06-26 00:36:54.609 135103 DEBUG oslo_service.service [req-e528a025-3675-4ff7-a576-ed6a9e25bf23 - - - - -] ironic.service_type = baremetal log_opt_values /usr/lib/python3/dist-packages/oslo_config/cfg.py:2609
2025-06-26 00:36:54.605 135820 DEBUG nova.service [req-5d64be16-91e2-4299-9493-a1716533fca1 - - - - -] Creating RPC server for service conductor start /usr/lib/python3/dist-packages/nova/service.py:182
2025-06-26 00:36:54.609 135103 DEBUG oslo_service.service [req-e528a025-3675-4ff7-a576-ed6a9e25bf23 - - - - -] ironic.split_loggers = False log_opt_values /usr/lib/python3/dist-packages/oslo_config/cfg.py:2609
2025-06-26 00:36:54.609 135103 DEBUG oslo_service.service [req-e528a025-3675-4ff7-a576-ed6a9e25bf23 - - - - -] ironic.status_code_retries = None log_opt_values /usr/lib/python3/dist-packages/oslo_config/cfg.py:2609
2025-06-26 00:36:54.609 135103 DEBUG oslo_service.service [req-e528a025-3675-4ff7-a576-ed6a9e25bf23 - - - - -] ironic.status_code_retry_delay = None log_opt_values /usr/lib/python3/dist-packages/oslo_config/cfg.py:2609
2025-06-26 00:36:54.609 135103 DEBUG oslo_service.service [req-e528a025-3675-4ff7-a576-ed6a9e25bf23 - - - - -] ironic.timeout = None log_opt_values /usr/lib/python3/dist-packages/oslo_config/cfg.py:2609
2025-06-26 00:36:54.609 135103 DEBUG oslo_service.service [req-e528a025-3675-4ff7-a576-ed6a9e25bf23 - - - - -] ironic.valid_interfaces = ['internal', 'public'] log_opt_values /usr/lib/python3/dist-packages/oslo_config/cfg.py:2609
2025-06-26 00:36:54.610 135103 DEBUG oslo_service.service [req-e528a025-3675-4ff7-a576-ed6a9e25bf23 - - - - -] ironic.version = None log_opt_values /usr/lib/python3/dist-packages/oslo_config/cfg.py:2609
2025-06-26 00:36:54.610 135103 DEBUG oslo_service.service [req-e528a025-3675-4ff7-a576-ed6a9e25bf23 - - - - -] key_manager.backend = barbican log_opt_values /usr/lib/python3/dist-packages/oslo_config/cfg.py:2609
2025-06-26 00:36:54.610 135103 DEBUG oslo_service.service [req-e528a025-3675-4ff7-a576-ed6a9e25bf23 - - - - -] key_manager.fixed_key = **** log_opt_values /usr/lib/python3/dist-packages/oslo_config/cfg.py:2609
2025-06-26 00:36:54.610 135103 DEBUG oslo_service.service [req-e528a025-3675-4ff7-a576-ed6a9e25bf23 - - - - -] barbican.auth_endpoint = http://localhost/identity/v3 log_opt_values /usr/lib/python3/dist-packages/oslo_config/cfg.py:2609
2025-06-26 00:36:54.610 135103 DEBUG oslo_service.service [req-e528a025-3675-4ff7-a576-ed6a9e25bf23 - - - - -] barbican.barbican_api_version = None log_opt_values /usr/lib/python3/dist-packages/oslo_config/cfg.py:2609
2025-06-26 00:36:54.610 135103 DEBUG oslo_service.service [req-e528a025-3675-4ff7-a576-ed6a9e25bf23 - - - - -] barbican.barbican_endpoint = None log_opt_values /usr/lib/python3/dist-packages/oslo_config/cfg.py:2609
2025-06-26 00:36:54.611 135103 DEBUG oslo_service.service [req-e528a025-3675-4ff7-a576-ed6a9e25bf23 - - - - -] barbican.barbican_endpoint_type = public log_opt_values /usr/lib/python3/dist-packages/oslo_config/cfg.py:2609
2025-06-26 00:36:54.611 135103 DEBUG oslo_service.service [req-e528a025-3675-4ff7-a576-ed6a9e25bf23 - - - - -] barbican.barbican_region_name = None log_opt_values /usr/lib/python3/dist-packages/oslo_config/cfg.py:2609
2025-06-26 00:36:54.611 135823 DEBUG nova.service [req-74ff01c1-c5be-4eb5-ba33-465b0faf1934 - - - - -] Creating RPC server for service conductor start /usr/lib/python3/dist-packages/nova/service.py:182
2025-06-26 00:36:54.611 135103 DEBUG oslo_service.service [req-e528a025-3675-4ff7-a576-ed6a9e25bf23 - - - - -] barbican.cafile = None log_opt_values /usr/lib/python3/dist-packages/oslo_config/cfg.py:2609
2025-06-26 00:36:54.611 135103 DEBUG oslo_service.service [req-e528a025-3675-4ff7-a576-ed6a9e25bf23 - - - - -] barbican.certfile = None log_opt_values /usr/lib/python3/dist-packages/oslo_config/cfg.py:2609
2025-06-26 00:36:54.611 135103 DEBUG oslo_service.service [req-e528a025-3675-4ff7-a576-ed6a9e25bf23 - - - - -] barbican.collect_timing = False log_opt_values /usr/lib/python3/dist-packages/oslo_config/cfg.py:2609
2025-06-26 00:36:54.612 135103 DEBUG oslo_service.service [req-e528a025-3675-4ff7-a576-ed6a9e25bf23 - - - - -] barbican.insecure = False log_opt_values /usr/lib/python3/dist-packages/oslo_config/cfg.py:2609
2025-06-26 00:36:54.612 135103 DEBUG oslo_service.service [req-e528a025-3675-4ff7-a576-ed6a9e25bf23 - - - - -] barbican.keyfile = None log_opt_values /usr/lib/python3/dist-packages/oslo_config/cfg.py:2609
2025-06-26 00:36:54.612 135103 DEBUG oslo_service.service [req-e528a025-3675-4ff7-a576-ed6a9e25bf23 - - - - -] barbican.number_of_retries = 60 log_opt_values /usr/lib/python3/dist-packages/oslo_config/cfg.py:2609
2025-06-26 00:36:54.612 135103 DEBUG oslo_service.service [req-e528a025-3675-4ff7-a576-ed6a9e25bf23 - - - - -] barbican.retry_delay = 1 log_opt_values /usr/lib/python3/dist-packages/oslo_config/cfg.py:2609
2025-06-26 00:36:54.612 135103 DEBUG oslo_service.service [req-e528a025-3675-4ff7-a576-ed6a9e25bf23 - - - - -] barbican.send_service_user_token = False log_opt_values /usr/lib/python3/dist-packages/oslo_config/cfg.py:2609
2025-06-26 00:36:54.612 135103 DEBUG oslo_service.service [req-e528a025-3675-4ff7-a576-ed6a9e25bf23 - - - - -] barbican.split_loggers = False log_opt_values /usr/lib/python3/dist-packages/oslo_config/cfg.py:2609
2025-06-26 00:36:54.613 135103 DEBUG oslo_service.service [req-e528a025-3675-4ff7-a576-ed6a9e25bf23 - - - - -] barbican.timeout = None log_opt_values /usr/lib/python3/dist-packages/oslo_config/cfg.py:2609
2025-06-26 00:36:54.613 135103 DEBUG oslo_service.service [req-e528a025-3675-4ff7-a576-ed6a9e25bf23 - - - - -] barbican.verify_ssl = True log_opt_values /usr/lib/python3/dist-packages/oslo_config/cfg.py:2609
2025-06-26 00:36:54.613 135103 DEBUG oslo_service.service [req-e528a025-3675-4ff7-a576-ed6a9e25bf23 - - - - -] barbican.verify_ssl_path = None log_opt_values /usr/lib/python3/dist-packages/oslo_config/cfg.py:2609
2025-06-26 00:36:54.613 135103 DEBUG oslo_service.service [req-e528a025-3675-4ff7-a576-ed6a9e25bf23 - - - - -] barbican_service_user.auth_section = None log_opt_values /usr/lib/python3/dist-packages/oslo_config/cfg.py:2609
2025-06-26 00:36:54.613 135103 DEBUG oslo_service.service [req-e528a025-3675-4ff7-a576-ed6a9e25bf23 - - - - -] barbican_service_user.auth_type = None log_opt_values /usr/lib/python3/dist-packages/oslo_config/cfg.py:2609
2025-06-26 00:36:54.613 135103 DEBUG oslo_service.service [req-e528a025-3675-4ff7-a576-ed6a9e25bf23 - - - - -] barbican_service_user.cafile = None log_opt_values /usr/lib/python3/dist-packages/oslo_config/cfg.py:2609
2025-06-26 00:36:54.614 135103 DEBUG oslo_service.service [req-e528a025-3675-4ff7-a576-ed6a9e25bf23 - - - - -] barbican_service_user.certfile = None log_opt_values /usr/lib/python3/dist-packages/oslo_config/cfg.py:2609
2025-06-26 00:36:54.614 135103 DEBUG oslo_service.service [req-e528a025-3675-4ff7-a576-ed6a9e25bf23 - - - - -] barbican_service_user.collect_timing = False log_opt_values /usr/lib/python3/dist-packages/oslo_config/cfg.py:2609
2025-06-26 00:36:54.614 135103 DEBUG oslo_service.service [req-e528a025-3675-4ff7-a576-ed6a9e25bf23 - - - - -] barbican_service_user.insecure = False log_opt_values /usr/lib/python3/dist-packages/oslo_config/cfg.py:2609
2025-06-26 00:36:54.614 135103 DEBUG oslo_service.service [req-e528a025-3675-4ff7-a576-ed6a9e25bf23 - - - - -] barbican_service_user.keyfile = None log_opt_values /usr/lib/python3/dist-packages/oslo_config/cfg.py:2609
2025-06-26 00:36:54.614 135103 DEBUG oslo_service.service [req-e528a025-3675-4ff7-a576-ed6a9e25bf23 - - - - -] barbican_service_user.split_loggers = False log_opt_values /usr/lib/python3/dist-packages/oslo_config/cfg.py:2609
2025-06-26 00:36:54.614 135103 DEBUG oslo_service.service [req-e528a025-3675-4ff7-a576-ed6a9e25bf23 - - - - -] barbican_service_user.timeout = None log_opt_values /usr/lib/python3/dist-packages/oslo_config/cfg.py:2609
2025-06-26 00:36:54.614 135103 DEBUG oslo_service.service [req-e528a025-3675-4ff7-a576-ed6a9e25bf23 - - - - -] vault.approle_role_id = None log_opt_values /usr/lib/python3/dist-packages/oslo_config/cfg.py:2609
2025-06-26 00:36:54.615 135103 DEBUG oslo_service.service [req-e528a025-3675-4ff7-a576-ed6a9e25bf23 - - - - -] vault.approle_secret_id = None log_opt_values /usr/lib/python3/dist-packages/oslo_config/cfg.py:2609
2025-06-26 00:36:54.615 135103 DEBUG oslo_service.service [req-e528a025-3675-4ff7-a576-ed6a9e25bf23 - - - - -] vault.cafile = None log_opt_values /usr/lib/python3/dist-packages/oslo_config/cfg.py:2609
2025-06-26 00:36:54.615 135103 DEBUG oslo_service.service [req-e528a025-3675-4ff7-a576-ed6a9e25bf23 - - - - -] vault.certfile = None log_opt_values /usr/lib/python3/dist-packages/oslo_config/cfg.py:2609
2025-06-26 00:36:54.615 135103 DEBUG oslo_service.service [req-e528a025-3675-4ff7-a576-ed6a9e25bf23 - - - - -] vault.collect_timing = False log_opt_values /usr/lib/python3/dist-packages/oslo_config/cfg.py:2609
2025-06-26 00:36:54.615 135103 DEBUG oslo_service.service [req-e528a025-3675-4ff7-a576-ed6a9e25bf23 - - - - -] vault.insecure = False log_opt_values /usr/lib/python3/dist-packages/oslo_config/cfg.py:2609
2025-06-26 00:36:54.615 135103 DEBUG oslo_service.service [req-e528a025-3675-4ff7-a576-ed6a9e25bf23 - - - - -] vault.keyfile = None log_opt_values /usr/lib/python3/dist-packages/oslo_config/cfg.py:2609
2025-06-26 00:36:54.616 135103 DEBUG oslo_service.service [req-e528a025-3675-4ff7-a576-ed6a9e25bf23 - - - - -] vault.kv_mountpoint = secret log_opt_values /usr/lib/python3/dist-packages/oslo_config/cfg.py:2609
2025-06-26 00:36:54.616 135103 DEBUG oslo_service.service [req-e528a025-3675-4ff7-a576-ed6a9e25bf23 - - - - -] vault.kv_version = 2 log_opt_values /usr/lib/python3/dist-packages/oslo_config/cfg.py:2609
2025-06-26 00:36:54.616 135103 DEBUG oslo_service.service [req-e528a025-3675-4ff7-a576-ed6a9e25bf23 - - - - -] vault.namespace = None log_opt_values /usr/lib/python3/dist-packages/oslo_config/cfg.py:2609
2025-06-26 00:36:54.616 135103 DEBUG oslo_service.service [req-e528a025-3675-4ff7-a576-ed6a9e25bf23 - - - - -] vault.root_token_id = None log_opt_values /usr/lib/python3/dist-packages/oslo_config/cfg.py:2609
2025-06-26 00:36:54.616 135103 DEBUG oslo_service.service [req-e528a025-3675-4ff7-a576-ed6a9e25bf23 - - - - -] vault.split_loggers = False log_opt_values /usr/lib/python3/dist-packages/oslo_config/cfg.py:2609
2025-06-26 00:36:54.617 135103 DEBUG oslo_service.service [req-e528a025-3675-4ff7-a576-ed6a9e25bf23 - - - - -] vault.ssl_ca_crt_file = None log_opt_values /usr/lib/python3/dist-packages/oslo_config/cfg.py:2609
2025-06-26 00:36:54.617 135103 DEBUG oslo_service.service [req-e528a025-3675-4ff7-a576-ed6a9e25bf23 - - - - -] vault.timeout = None log_opt_values /usr/lib/python3/dist-packages/oslo_config/cfg.py:2609
2025-06-26 00:36:54.617 135103 DEBUG oslo_service.service [req-e528a025-3675-4ff7-a576-ed6a9e25bf23 - - - - -] vault.use_ssl = False log_opt_values /usr/lib/python3/dist-packages/oslo_config/cfg.py:2609
2025-06-26 00:36:54.617 135103 DEBUG oslo_service.service [req-e528a025-3675-4ff7-a576-ed6a9e25bf23 - - - - -] vault.vault_url = http://127.0.0.1:8200 log_opt_values /usr/lib/python3/dist-packages/oslo_config/cfg.py:2609
2025-06-26 00:36:54.617 135103 DEBUG oslo_service.service [req-e528a025-3675-4ff7-a576-ed6a9e25bf23 - - - - -] keystone.cafile = None log_opt_values /usr/lib/python3/dist-packages/oslo_config/cfg.py:2609
2025-06-26 00:36:54.617 135103 DEBUG oslo_service.service [req-e528a025-3675-4ff7-a576-ed6a9e25bf23 - - - - -] keystone.certfile = None log_opt_values /usr/lib/python3/dist-packages/oslo_config/cfg.py:2609
2025-06-26 00:36:54.618 135103 DEBUG oslo_service.service [req-e528a025-3675-4ff7-a576-ed6a9e25bf23 - - - - -] keystone.collect_timing = False log_opt_values /usr/lib/python3/dist-packages/oslo_config/cfg.py:2609
2025-06-26 00:36:54.618 135103 DEBUG oslo_service.service [req-e528a025-3675-4ff7-a576-ed6a9e25bf23 - - - - -] keystone.connect_retries = None log_opt_values /usr/lib/python3/dist-packages/oslo_config/cfg.py:2609
2025-06-26 00:36:54.618 135103 DEBUG oslo_service.service [req-e528a025-3675-4ff7-a576-ed6a9e25bf23 - - - - -] keystone.connect_retry_delay = None log_opt_values /usr/lib/python3/dist-packages/oslo_config/cfg.py:2609
2025-06-26 00:36:54.618 135103 DEBUG oslo_service.service [req-e528a025-3675-4ff7-a576-ed6a9e25bf23 - - - - -] keystone.endpoint_override = None log_opt_values /usr/lib/python3/dist-packages/oslo_config/cfg.py:2609
2025-06-26 00:36:54.618 135103 DEBUG oslo_service.service [req-e528a025-3675-4ff7-a576-ed6a9e25bf23 - - - - -] keystone.insecure = False log_opt_values /usr/lib/python3/dist-packages/oslo_config/cfg.py:2609
2025-06-26 00:36:54.618 135103 DEBUG oslo_service.service [req-e528a025-3675-4ff7-a576-ed6a9e25bf23 - - - - -] keystone.keyfile = None log_opt_values /usr/lib/python3/dist-packages/oslo_config/cfg.py:2609
2025-06-26 00:36:54.618 135103 DEBUG oslo_service.service [req-e528a025-3675-4ff7-a576-ed6a9e25bf23 - - - - -] keystone.max_version = None log_opt_values /usr/lib/python3/dist-packages/oslo_config/cfg.py:2609
2025-06-26 00:36:54.619 135103 DEBUG oslo_service.service [req-e528a025-3675-4ff7-a576-ed6a9e25bf23 - - - - -] keystone.min_version = None log_opt_values /usr/lib/python3/dist-packages/oslo_config/cfg.py:2609
2025-06-26 00:36:54.619 135103 DEBUG oslo_service.service [req-e528a025-3675-4ff7-a576-ed6a9e25bf23 - - - - -] keystone.region_name = None log_opt_values /usr/lib/python3/dist-packages/oslo_config/cfg.py:2609
2025-06-26 00:36:54.619 135103 DEBUG oslo_service.service [req-e528a025-3675-4ff7-a576-ed6a9e25bf23 - - - - -] keystone.service_name = None log_opt_values /usr/lib/python3/dist-packages/oslo_config/cfg.py:2609
2025-06-26 00:36:54.619 135103 DEBUG oslo_service.service [req-e528a025-3675-4ff7-a576-ed6a9e25bf23 - - - - -] keystone.service_type = identity log_opt_values /usr/lib/python3/dist-packages/oslo_config/cfg.py:2609
2025-06-26 00:36:54.619 135103 DEBUG oslo_service.service [req-e528a025-3675-4ff7-a576-ed6a9e25bf23 - - - - -] keystone.split_loggers = False log_opt_values /usr/lib/python3/dist-packages/oslo_config/cfg.py:2609
2025-06-26 00:36:54.619 135103 DEBUG oslo_service.service [req-e528a025-3675-4ff7-a576-ed6a9e25bf23 - - - - -] keystone.status_code_retries = None log_opt_values /usr/lib/python3/dist-packages/oslo_config/cfg.py:2609
2025-06-26 00:36:54.619 135103 DEBUG oslo_service.service [req-e528a025-3675-4ff7-a576-ed6a9e25bf23 - - - - -] keystone.status_code_retry_delay = None log_opt_values /usr/lib/python3/dist-packages/oslo_config/cfg.py:2609
2025-06-26 00:36:54.620 135103 DEBUG oslo_service.service [req-e528a025-3675-4ff7-a576-ed6a9e25bf23 - - - - -] keystone.timeout = None log_opt_values /usr/lib/python3/dist-packages/oslo_config/cfg.py:2609
2025-06-26 00:36:54.620 135103 DEBUG oslo_service.service [req-e528a025-3675-4ff7-a576-ed6a9e25bf23 - - - - -] keystone.valid_interfaces = ['internal', 'public'] log_opt_values /usr/lib/python3/dist-packages/oslo_config/cfg.py:2609
2025-06-26 00:36:54.620 135103 DEBUG oslo_service.service [req-e528a025-3675-4ff7-a576-ed6a9e25bf23 - - - - -] keystone.version = None log_opt_values /usr/lib/python3/dist-packages/oslo_config/cfg.py:2609
2025-06-26 00:36:54.620 135103 DEBUG oslo_service.service [req-e528a025-3675-4ff7-a576-ed6a9e25bf23 - - - - -] libvirt.connection_uri = log_opt_values /usr/lib/python3/dist-packages/oslo_config/cfg.py:2609
2025-06-26 00:36:54.620 135103 DEBUG oslo_service.service [req-e528a025-3675-4ff7-a576-ed6a9e25bf23 - - - - -] libvirt.cpu_mode = None log_opt_values /usr/lib/python3/dist-packages/oslo_config/cfg.py:2609
2025-06-26 00:36:54.621 135103 DEBUG oslo_service.service [req-e528a025-3675-4ff7-a576-ed6a9e25bf23 - - - - -] libvirt.cpu_model_extra_flags = [] log_opt_values /usr/lib/python3/dist-packages/oslo_config/cfg.py:2609
2025-06-26 00:36:54.621 135103 DEBUG oslo_service.service [req-e528a025-3675-4ff7-a576-ed6a9e25bf23 - - - - -] libvirt.cpu_models = [] log_opt_values /usr/lib/python3/dist-packages/oslo_config/cfg.py:2609
2025-06-26 00:36:54.621 135103 DEBUG oslo_service.service [req-e528a025-3675-4ff7-a576-ed6a9e25bf23 - - - - -] libvirt.device_detach_attempts = 8 log_opt_values /usr/lib/python3/dist-packages/oslo_config/cfg.py:2609
2025-06-26 00:36:54.621 135103 DEBUG oslo_service.service [req-e528a025-3675-4ff7-a576-ed6a9e25bf23 - - - - -] libvirt.device_detach_timeout = 20 log_opt_values /usr/lib/python3/dist-packages/oslo_config/cfg.py:2609
2025-06-26 00:36:54.621 135103 DEBUG oslo_service.service [req-e528a025-3675-4ff7-a576-ed6a9e25bf23 - - - - -] libvirt.disk_cachemodes = [] log_opt_values /usr/lib/python3/dist-packages/oslo_config/cfg.py:2609
2025-06-26 00:36:54.622 135103 DEBUG oslo_service.service [req-e528a025-3675-4ff7-a576-ed6a9e25bf23 - - - - -] libvirt.disk_prefix = None log_opt_values /usr/lib/python3/dist-packages/oslo_config/cfg.py:2609
2025-06-26 00:36:54.622 135103 DEBUG oslo_service.service [req-e528a025-3675-4ff7-a576-ed6a9e25bf23 - - - - -] libvirt.enabled_perf_events = [] log_opt_values /usr/lib/python3/dist-packages/oslo_config/cfg.py:2609
2025-06-26 00:36:54.622 135103 DEBUG oslo_service.service [req-e528a025-3675-4ff7-a576-ed6a9e25bf23 - - - - -] libvirt.file_backed_memory = 0 log_opt_values /usr/lib/python3/dist-packages/oslo_config/cfg.py:2609
2025-06-26 00:36:54.622 135103 DEBUG oslo_service.service [req-e528a025-3675-4ff7-a576-ed6a9e25bf23 - - - - -] libvirt.gid_maps = [] log_opt_values /usr/lib/python3/dist-packages/oslo_config/cfg.py:2609
2025-06-26 00:36:54.622 135103 DEBUG oslo_service.service [req-e528a025-3675-4ff7-a576-ed6a9e25bf23 - - - - -] libvirt.hw_disk_discard = None log_opt_values /usr/lib/python3/dist-packages/oslo_config/cfg.py:2609
2025-06-26 00:36:54.622 135103 DEBUG oslo_service.service [req-e528a025-3675-4ff7-a576-ed6a9e25bf23 - - - - -] libvirt.hw_machine_type = None log_opt_values /usr/lib/python3/dist-packages/oslo_config/cfg.py:2609
2025-06-26 00:36:54.623 135103 DEBUG oslo_service.service [req-e528a025-3675-4ff7-a576-ed6a9e25bf23 - - - - -] libvirt.images_rbd_ceph_conf = log_opt_values /usr/lib/python3/dist-packages/oslo_config/cfg.py:2609
2025-06-26 00:36:54.623 135103 DEBUG oslo_service.service [req-e528a025-3675-4ff7-a576-ed6a9e25bf23 - - - - -] libvirt.images_rbd_glance_copy_poll_interval = 15 log_opt_values /usr/lib/python3/dist-packages/oslo_config/cfg.py:2609
2025-06-26 00:36:54.623 135103 DEBUG oslo_service.service [req-e528a025-3675-4ff7-a576-ed6a9e25bf23 - - - - -] libvirt.images_rbd_glance_copy_timeout = 600 log_opt_values /usr/lib/python3/dist-packages/oslo_config/cfg.py:2609
2025-06-26 00:36:54.623 135103 DEBUG oslo_service.service [req-e528a025-3675-4ff7-a576-ed6a9e25bf23 - - - - -] libvirt.images_rbd_glance_store_name = log_opt_values /usr/lib/python3/dist-packages/oslo_config/cfg.py:2609
2025-06-26 00:36:54.623 135103 DEBUG oslo_service.service [req-e528a025-3675-4ff7-a576-ed6a9e25bf23 - - - - -] libvirt.images_rbd_pool = rbd log_opt_values /usr/lib/python3/dist-packages/oslo_config/cfg.py:2609
2025-06-26 00:36:54.623 135103 DEBUG oslo_service.service [req-e528a025-3675-4ff7-a576-ed6a9e25bf23 - - - - -] libvirt.images_type = default log_opt_values /usr/lib/python3/dist-packages/oslo_config/cfg.py:2609
2025-06-26 00:36:54.624 135103 DEBUG oslo_service.service [req-e528a025-3675-4ff7-a576-ed6a9e25bf23 - - - - -] libvirt.images_volume_group = None log_opt_values /usr/lib/python3/dist-packages/oslo_config/cfg.py:2609
2025-06-26 00:36:54.624 135103 DEBUG oslo_service.service [req-e528a025-3675-4ff7-a576-ed6a9e25bf23 - - - - -] libvirt.inject_key = False log_opt_values /usr/lib/python3/dist-packages/oslo_config/cfg.py:2609
2025-06-26 00:36:54.624 135103 DEBUG oslo_service.service [req-e528a025-3675-4ff7-a576-ed6a9e25bf23 - - - - -] libvirt.inject_partition = -2 log_opt_values /usr/lib/python3/dist-packages/oslo_config/cfg.py:2609
2025-06-26 00:36:54.624 135103 DEBUG oslo_service.service [req-e528a025-3675-4ff7-a576-ed6a9e25bf23 - - - - -] libvirt.inject_password = False log_opt_values /usr/lib/python3/dist-packages/oslo_config/cfg.py:2609
2025-06-26 00:36:54.624 135103 DEBUG oslo_service.service [req-e528a025-3675-4ff7-a576-ed6a9e25bf23 - - - - -] libvirt.iscsi_iface = None log_opt_values /usr/lib/python3/dist-packages/oslo_config/cfg.py:2609
2025-06-26 00:36:54.624 135103 DEBUG oslo_service.service [req-e528a025-3675-4ff7-a576-ed6a9e25bf23 - - - - -] libvirt.iser_use_multipath = False log_opt_values /usr/lib/python3/dist-packages/oslo_config/cfg.py:2609
2025-06-26 00:36:54.624 135103 DEBUG oslo_service.service [req-e528a025-3675-4ff7-a576-ed6a9e25bf23 - - - - -] libvirt.live_migration_bandwidth = 0 log_opt_values /usr/lib/python3/dist-packages/oslo_config/cfg.py:2609
2025-06-26 00:36:54.626 135103 DEBUG oslo_service.service [req-e528a025-3675-4ff7-a576-ed6a9e25bf23 - - - - -] libvirt.live_migration_completion_timeout = 800 log_opt_values /usr/lib/python3/dist-packages/oslo_config/cfg.py:2609
2025-06-26 00:36:54.626 135103 DEBUG oslo_service.service [req-e528a025-3675-4ff7-a576-ed6a9e25bf23 - - - - -] libvirt.live_migration_downtime = 500 log_opt_values /usr/lib/python3/dist-packages/oslo_config/cfg.py:2609
2025-06-26 00:36:54.626 135103 DEBUG oslo_service.service [req-e528a025-3675-4ff7-a576-ed6a9e25bf23 - - - - -] libvirt.live_migration_downtime_delay = 75 log_opt_values /usr/lib/python3/dist-packages/oslo_config/cfg.py:2609
2025-06-26 00:36:54.626 135103 DEBUG oslo_service.service [req-e528a025-3675-4ff7-a576-ed6a9e25bf23 - - - - -] libvirt.live_migration_downtime_steps = 10 log_opt_values /usr/lib/python3/dist-packages/oslo_config/cfg.py:2609
2025-06-26 00:36:54.627 135103 DEBUG oslo_service.service [req-e528a025-3675-4ff7-a576-ed6a9e25bf23 - - - - -] libvirt.live_migration_inbound_addr = None log_opt_values /usr/lib/python3/dist-packages/oslo_config/cfg.py:2609
2025-06-26 00:36:54.627 135103 DEBUG oslo_service.service [req-e528a025-3675-4ff7-a576-ed6a9e25bf23 - - - - -] libvirt.live_migration_permit_auto_converge = False log_opt_values /usr/lib/python3/dist-packages/oslo_config/cfg.py:2609
2025-06-26 00:36:54.628 135103 DEBUG oslo_service.service [req-e528a025-3675-4ff7-a576-ed6a9e25bf23 - - - - -] libvirt.live_migration_permit_post_copy = False log_opt_values /usr/lib/python3/dist-packages/oslo_config/cfg.py:2609
2025-06-26 00:36:54.628 135103 DEBUG oslo_service.service [req-e528a025-3675-4ff7-a576-ed6a9e25bf23 - - - - -] libvirt.live_migration_scheme = None log_opt_values /usr/lib/python3/dist-packages/oslo_config/cfg.py:2609
2025-06-26 00:36:54.629 135103 DEBUG oslo_service.service [req-e528a025-3675-4ff7-a576-ed6a9e25bf23 - - - - -] libvirt.live_migration_timeout_action = abort log_opt_values /usr/lib/python3/dist-packages/oslo_config/cfg.py:2609
2025-06-26 00:36:54.629 135103 DEBUG oslo_service.service [req-e528a025-3675-4ff7-a576-ed6a9e25bf23 - - - - -] libvirt.live_migration_tunnelled = False log_opt_values /usr/lib/python3/dist-packages/oslo_config/cfg.py:2609
2025-06-26 00:36:54.630 135103 DEBUG oslo_service.service [req-e528a025-3675-4ff7-a576-ed6a9e25bf23 - - - - -] libvirt.live_migration_uri = None log_opt_values /usr/lib/python3/dist-packages/oslo_config/cfg.py:2609
2025-06-26 00:36:54.631 135103 DEBUG oslo_service.service [req-e528a025-3675-4ff7-a576-ed6a9e25bf23 - - - - -] libvirt.live_migration_with_native_tls = False log_opt_values /usr/lib/python3/dist-packages/oslo_config/cfg.py:2609
2025-06-26 00:36:54.631 135103 DEBUG oslo_service.service [req-e528a025-3675-4ff7-a576-ed6a9e25bf23 - - - - -] libvirt.max_queues = None log_opt_values /usr/lib/python3/dist-packages/oslo_config/cfg.py:2609
2025-06-26 00:36:54.631 135103 DEBUG oslo_service.service [req-e528a025-3675-4ff7-a576-ed6a9e25bf23 - - - - -] libvirt.mem_stats_period_seconds = 10 log_opt_values /usr/lib/python3/dist-packages/oslo_config/cfg.py:2609
2025-06-26 00:36:54.637 135821 DEBUG oslo_messaging._drivers.amqpdriver [-] Listener is running poll /usr/lib/python3/dist-packages/oslo_messaging/_drivers/amqpdriver.py:343
2025-06-26 00:36:54.637 135821 DEBUG oslo_messaging._drivers.amqpdriver [-] AMQPListener connection consume poll /usr/lib/python3/dist-packages/oslo_messaging/_drivers/amqpdriver.py:357
2025-06-26 00:36:54.639 135822 DEBUG oslo_messaging._drivers.amqpdriver [-] Listener is running poll /usr/lib/python3/dist-packages/oslo_messaging/_drivers/amqpdriver.py:343
2025-06-26 00:36:54.640 135822 DEBUG oslo_messaging._drivers.amqpdriver [-] AMQPListener connection consume poll /usr/lib/python3/dist-packages/oslo_messaging/_drivers/amqpdriver.py:357
2025-06-26 00:36:54.633 135103 DEBUG oslo_service.service [req-e528a025-3675-4ff7-a576-ed6a9e25bf23 - - - - -] libvirt.nfs_mount_options = None log_opt_values /usr/lib/python3/dist-packages/oslo_config/cfg.py:2609
2025-06-26 00:36:54.640 135103 DEBUG oslo_service.service [req-e528a025-3675-4ff7-a576-ed6a9e25bf23 - - - - -] libvirt.nfs_mount_point_base = /var/lib/nova/mnt log_opt_values /usr/lib/python3/dist-packages/oslo_config/cfg.py:2609
2025-06-26 00:36:54.640 135822 DEBUG nova.service [req-f70b6aa0-ded4-468d-80bc-127bb1cbf071 - - - - -] Join ServiceGroup membership for this service conductor start /usr/lib/python3/dist-packages/nova/service.py:199
2025-06-26 00:36:54.640 135103 DEBUG oslo_service.service [req-e528a025-3675-4ff7-a576-ed6a9e25bf23 - - - - -] libvirt.num_aoe_discover_tries = 3 log_opt_values /usr/lib/python3/dist-packages/oslo_config/cfg.py:2609
2025-06-26 00:36:54.641 135822 DEBUG nova.servicegroup.drivers.db [req-f70b6aa0-ded4-468d-80bc-127bb1cbf071 - - - - -] DB_Driver: join new ServiceGroup member juju-355f3c-0-lxd-7 to the conductor group, service = join /usr/lib/python3/dist-packages/nova/servicegroup/drivers/db.py:44
2025-06-26 00:36:54.642 135103 DEBUG oslo_service.service [req-e528a025-3675-4ff7-a576-ed6a9e25bf23 - - - - -] libvirt.num_iser_scan_tries = 5 log_opt_values /usr/lib/python3/dist-packages/oslo_config/cfg.py:2609
2025-06-26 00:36:54.642 135103 DEBUG oslo_service.service [req-e528a025-3675-4ff7-a576-ed6a9e25bf23 - - - - -] libvirt.num_memory_encrypted_guests = None log_opt_values /usr/lib/python3/dist-packages/oslo_config/cfg.py:2609
2025-06-26 00:36:54.643 135103 DEBUG oslo_service.service [req-e528a025-3675-4ff7-a576-ed6a9e25bf23 - - - - -] libvirt.num_nvme_discover_tries = 5 log_opt_values /usr/lib/python3/dist-packages/oslo_config/cfg.py:2609
2025-06-26 00:36:54.644 135103 DEBUG oslo_service.service [req-e528a025-3675-4ff7-a576-ed6a9e25bf23 - - - - -] libvirt.num_pcie_ports = 0 log_opt_values /usr/lib/python3/dist-packages/oslo_config/cfg.py:2609
2025-06-26 00:36:54.642 135821 DEBUG nova.service [req-1aa83ab0-41a4-4a37-b318-c47a42e0f524 - - - - -] Join ServiceGroup membership for this service conductor start /usr/lib/python3/dist-packages/nova/service.py:199
2025-06-26 00:36:54.644 135103 DEBUG oslo_service.service [req-e528a025-3675-4ff7-a576-ed6a9e25bf23 - - - - -] libvirt.num_volume_scan_tries = 5 log_opt_values /usr/lib/python3/dist-packages/oslo_config/cfg.py:2609
2025-06-26 00:36:54.644 135103 DEBUG oslo_service.service [req-e528a025-3675-4ff7-a576-ed6a9e25bf23 - - - - -] libvirt.pmem_namespaces = [] log_opt_values /usr/lib/python3/dist-packages/oslo_config/cfg.py:2609
2025-06-26 00:36:54.644 135103 DEBUG oslo_service.service [req-e528a025-3675-4ff7-a576-ed6a9e25bf23 - - - - -] libvirt.quobyte_client_cfg = None log_opt_values /usr/lib/python3/dist-packages/oslo_config/cfg.py:2609
2025-06-26 00:36:54.644 135103 DEBUG oslo_service.service [req-e528a025-3675-4ff7-a576-ed6a9e25bf23 - - - - -] libvirt.quobyte_mount_point_base = /var/lib/nova/mnt log_opt_values /usr/lib/python3/dist-packages/oslo_config/cfg.py:2609
2025-06-26 00:36:54.645 135103 DEBUG oslo_service.service [req-e528a025-3675-4ff7-a576-ed6a9e25bf23 - - - - -] libvirt.rbd_connect_timeout = 5 log_opt_values /usr/lib/python3/dist-packages/oslo_config/cfg.py:2609
2025-06-26 00:36:54.644 135821 DEBUG nova.servicegroup.drivers.db [req-1aa83ab0-41a4-4a37-b318-c47a42e0f524 - - - - -] DB_Driver: join new ServiceGroup member juju-355f3c-0-lxd-7 to the conductor group, service = join /usr/lib/python3/dist-packages/nova/servicegroup/drivers/db.py:44
2025-06-26 00:36:54.645 135103 DEBUG oslo_service.service [req-e528a025-3675-4ff7-a576-ed6a9e25bf23 - - - - -] libvirt.rbd_destroy_volume_retries = 12 log_opt_values /usr/lib/python3/dist-packages/oslo_config/cfg.py:2609
2025-06-26 00:36:54.645 135103 DEBUG oslo_service.service [req-e528a025-3675-4ff7-a576-ed6a9e25bf23 - - - - -] libvirt.rbd_destroy_volume_retry_interval = 5 log_opt_values /usr/lib/python3/dist-packages/oslo_config/cfg.py:2609
2025-06-26 00:36:54.645 135103 DEBUG oslo_service.service [req-e528a025-3675-4ff7-a576-ed6a9e25bf23 - - - - -] libvirt.rbd_secret_uuid = None log_opt_values /usr/lib/python3/dist-packages/oslo_config/cfg.py:2609
2025-06-26 00:36:54.645 135823 DEBUG oslo_messaging._drivers.amqpdriver [-] Listener is running poll /usr/lib/python3/dist-packages/oslo_messaging/_drivers/amqpdriver.py:343
2025-06-26 00:36:54.645 135103 DEBUG oslo_service.service [req-e528a025-3675-4ff7-a576-ed6a9e25bf23 - - - - -] libvirt.rbd_user = None log_opt_values /usr/lib/python3/dist-packages/oslo_config/cfg.py:2609
2025-06-26 00:36:54.645 135823 DEBUG oslo_messaging._drivers.amqpdriver [-] AMQPListener connection consume poll /usr/lib/python3/dist-packages/oslo_messaging/_drivers/amqpdriver.py:357
2025-06-26 00:36:54.645 135103 DEBUG oslo_service.service [req-e528a025-3675-4ff7-a576-ed6a9e25bf23 - - - - -] libvirt.realtime_scheduler_priority = 1 log_opt_values /usr/lib/python3/dist-packages/oslo_config/cfg.py:2609
2025-06-26 00:36:54.645 135103 DEBUG oslo_service.service [req-e528a025-3675-4ff7-a576-ed6a9e25bf23 - - - - -] libvirt.remote_filesystem_transport = ssh log_opt_values /usr/lib/python3/dist-packages/oslo_config/cfg.py:2609
2025-06-26 00:36:54.647 135822 DEBUG oslo_messaging._drivers.amqpdriver [-] AMQPListener connection timeout poll /usr/lib/python3/dist-packages/oslo_messaging/_drivers/amqpdriver.py:360
2025-06-26 00:36:54.647 135822 DEBUG oslo_messaging._drivers.amqpdriver [-] Listener is running poll /usr/lib/python3/dist-packages/oslo_messaging/_drivers/amqpdriver.py:343
2025-06-26 00:36:54.647 135822 DEBUG oslo_messaging._drivers.amqpdriver [-] AMQPListener connection consume poll /usr/lib/python3/dist-packages/oslo_messaging/_drivers/amqpdriver.py:357
2025-06-26 00:36:54.648 135821 DEBUG oslo_messaging._drivers.amqpdriver [-] AMQPListener connection timeout poll /usr/lib/python3/dist-packages/oslo_messaging/_drivers/amqpdriver.py:360
2025-06-26 00:36:54.648 135821 DEBUG oslo_messaging._drivers.amqpdriver [-] Listener is running poll /usr/lib/python3/dist-packages/oslo_messaging/_drivers/amqpdriver.py:343
2025-06-26 00:36:54.648 135821 DEBUG oslo_messaging._drivers.amqpdriver [-] AMQPListener connection consume poll /usr/lib/python3/dist-packages/oslo_messaging/_drivers/amqpdriver.py:357
2025-06-26 00:36:54.646 135103 DEBUG oslo_service.service [req-e528a025-3675-4ff7-a576-ed6a9e25bf23 - - - - -] libvirt.rescue_image_id = None log_opt_values /usr/lib/python3/dist-packages/oslo_config/cfg.py:2609
2025-06-26 00:36:54.649 135103 DEBUG oslo_service.service [req-e528a025-3675-4ff7-a576-ed6a9e25bf23 - - - - -] libvirt.rescue_kernel_id = None log_opt_values /usr/lib/python3/dist-packages/oslo_config/cfg.py:2609
2025-06-26 00:36:54.649 135103 DEBUG oslo_service.service [req-e528a025-3675-4ff7-a576-ed6a9e25bf23 - - - - -] libvirt.rescue_ramdisk_id = None log_opt_values /usr/lib/python3/dist-packages/oslo_config/cfg.py:2609
2025-06-26 00:36:54.649 135103 DEBUG oslo_service.service [req-e528a025-3675-4ff7-a576-ed6a9e25bf23 - - - - -] libvirt.rng_dev_path = /dev/urandom log_opt_values /usr/lib/python3/dist-packages/oslo_config/cfg.py:2609
2025-06-26 00:36:54.650 135103 DEBUG oslo_service.service [req-e528a025-3675-4ff7-a576-ed6a9e25bf23 - - - - -] libvirt.rx_queue_size = None log_opt_values /usr/lib/python3/dist-packages/oslo_config/cfg.py:2609
2025-06-26 00:36:54.650 135103 DEBUG oslo_service.service [req-e528a025-3675-4ff7-a576-ed6a9e25bf23 - - - - -] libvirt.smbfs_mount_options = log_opt_values /usr/lib/python3/dist-packages/oslo_config/cfg.py:2609
2025-06-26 00:36:54.650 135103 DEBUG oslo_service.service [req-e528a025-3675-4ff7-a576-ed6a9e25bf23 - - - - -] libvirt.smbfs_mount_point_base = /var/lib/nova/mnt log_opt_values /usr/lib/python3/dist-packages/oslo_config/cfg.py:2609
2025-06-26 00:36:54.650 135103 DEBUG oslo_service.service [req-e528a025-3675-4ff7-a576-ed6a9e25bf23 - - - - -] libvirt.snapshot_compression = False log_opt_values /usr/lib/python3/dist-packages/oslo_config/cfg.py:2609
2025-06-26 00:36:54.650 135823 DEBUG nova.service [req-74ff01c1-c5be-4eb5-ba33-465b0faf1934 - - - - -] Join ServiceGroup membership for this service conductor start /usr/lib/python3/dist-packages/nova/service.py:199
2025-06-26 00:36:54.650 135103 DEBUG oslo_service.service [req-e528a025-3675-4ff7-a576-ed6a9e25bf23 - - - - -] libvirt.snapshot_image_format = None log_opt_values /usr/lib/python3/dist-packages/oslo_config/cfg.py:2609
2025-06-26 00:36:54.650 135823 DEBUG nova.servicegroup.drivers.db [req-74ff01c1-c5be-4eb5-ba33-465b0faf1934 - - - - -] DB_Driver: join new ServiceGroup member juju-355f3c-0-lxd-7 to the conductor group, service = join /usr/lib/python3/dist-packages/nova/servicegroup/drivers/db.py:44
2025-06-26 00:36:54.651 135103 DEBUG oslo_service.service [req-e528a025-3675-4ff7-a576-ed6a9e25bf23 - - - - -] libvirt.snapshots_directory = /var/lib/nova/instances/snapshots log_opt_values /usr/lib/python3/dist-packages/oslo_config/cfg.py:2609
2025-06-26 00:36:54.651 135103 DEBUG oslo_service.service [req-e528a025-3675-4ff7-a576-ed6a9e25bf23 - - - - -] libvirt.sparse_logical_volumes = False log_opt_values /usr/lib/python3/dist-packages/oslo_config/cfg.py:2609
2025-06-26 00:36:54.652 135103 DEBUG oslo_service.service [req-e528a025-3675-4ff7-a576-ed6a9e25bf23 - - - - -] libvirt.swtpm_enabled = False log_opt_values /usr/lib/python3/dist-packages/oslo_config/cfg.py:2609
2025-06-26 00:36:54.652 135103 DEBUG oslo_service.service [req-e528a025-3675-4ff7-a576-ed6a9e25bf23 - - - - -] libvirt.swtpm_group = tss log_opt_values /usr/lib/python3/dist-packages/oslo_config/cfg.py:2609
2025-06-26 00:36:54.653 135103 DEBUG oslo_service.service [req-e528a025-3675-4ff7-a576-ed6a9e25bf23 - - - - -] libvirt.swtpm_user = tss log_opt_values /usr/lib/python3/dist-packages/oslo_config/cfg.py:2609
2025-06-26 00:36:54.653 135103 DEBUG oslo_service.service [req-e528a025-3675-4ff7-a576-ed6a9e25bf23 - - - - -] libvirt.sysinfo_serial = unique log_opt_values /usr/lib/python3/dist-packages/oslo_config/cfg.py:2609
2025-06-26 00:36:54.653 135103 DEBUG oslo_service.service [req-e528a025-3675-4ff7-a576-ed6a9e25bf23 - - - - -] libvirt.tx_queue_size = None log_opt_values /usr/lib/python3/dist-packages/oslo_config/cfg.py:2609
2025-06-26 00:36:54.653 135103 DEBUG oslo_service.service [req-e528a025-3675-4ff7-a576-ed6a9e25bf23 - - - - -] libvirt.uid_maps = [] log_opt_values /usr/lib/python3/dist-packages/oslo_config/cfg.py:2609
2025-06-26 00:36:54.653 135103 DEBUG oslo_service.service [req-e528a025-3675-4ff7-a576-ed6a9e25bf23 - - - - -] libvirt.use_virtio_for_bridges = True log_opt_values /usr/lib/python3/dist-packages/oslo_config/cfg.py:2609
2025-06-26 00:36:54.654 135103 DEBUG oslo_service.service [req-e528a025-3675-4ff7-a576-ed6a9e25bf23 - - - - -] libvirt.virt_type = kvm log_opt_values /usr/lib/python3/dist-packages/oslo_config/cfg.py:2609
2025-06-26 00:36:54.654 135103 DEBUG oslo_service.service [req-e528a025-3675-4ff7-a576-ed6a9e25bf23 - - - - -] libvirt.volume_clear = zero log_opt_values /usr/lib/python3/dist-packages/oslo_config/cfg.py:2609
2025-06-26 00:36:54.654 135103 DEBUG oslo_service.service [req-e528a025-3675-4ff7-a576-ed6a9e25bf23 - - - - -] libvirt.volume_clear_size = 0 log_opt_values /usr/lib/python3/dist-packages/oslo_config/cfg.py:2609
2025-06-26 00:36:54.654 135103 DEBUG oslo_service.service [req-e528a025-3675-4ff7-a576-ed6a9e25bf23 - - - - -] libvirt.volume_use_multipath = False log_opt_values /usr/lib/python3/dist-packages/oslo_config/cfg.py:2609
2025-06-26 00:36:54.654 135103 DEBUG oslo_service.service [req-e528a025-3675-4ff7-a576-ed6a9e25bf23 - - - - -] libvirt.vzstorage_cache_path = None log_opt_values /usr/lib/python3/dist-packages/oslo_config/cfg.py:2609
2025-06-26 00:36:54.654 135103 DEBUG oslo_service.service [req-e528a025-3675-4ff7-a576-ed6a9e25bf23 - - - - -] libvirt.vzstorage_log_path = /var/log/vstorage/%(cluster_name)s/nova.log.gz log_opt_values /usr/lib/python3/dist-packages/oslo_config/cfg.py:2609
2025-06-26 00:36:54.655 135103 DEBUG oslo_service.service [req-e528a025-3675-4ff7-a576-ed6a9e25bf23 - - - - -] libvirt.vzstorage_mount_group = qemu log_opt_values /usr/lib/python3/dist-packages/oslo_config/cfg.py:2609
2025-06-26 00:36:54.654 135820 DEBUG oslo_messaging._drivers.amqpdriver [-] Listener is running poll /usr/lib/python3/dist-packages/oslo_messaging/_drivers/amqpdriver.py:343
2025-06-26 00:36:54.655 135103 DEBUG oslo_service.service [req-e528a025-3675-4ff7-a576-ed6a9e25bf23 - - - - -] libvirt.vzstorage_mount_opts = [] log_opt_values /usr/lib/python3/dist-packages/oslo_config/cfg.py:2609
2025-06-26 00:36:54.655 135820 DEBUG oslo_messaging._drivers.amqpdriver [-] AMQPListener connection consume poll /usr/lib/python3/dist-packages/oslo_messaging/_drivers/amqpdriver.py:357
2025-06-26 00:36:54.655 135103 DEBUG oslo_service.service [req-e528a025-3675-4ff7-a576-ed6a9e25bf23 - - - - -] libvirt.vzstorage_mount_perms = 0770 log_opt_values /usr/lib/python3/dist-packages/oslo_config/cfg.py:2609
2025-06-26 00:36:54.656 135103 DEBUG oslo_service.service [req-e528a025-3675-4ff7-a576-ed6a9e25bf23 - - - - -] libvirt.vzstorage_mount_point_base = /var/lib/nova/mnt log_opt_values /usr/lib/python3/dist-packages/oslo_config/cfg.py:2609
2025-06-26 00:36:54.656 135820 DEBUG nova.service [req-5d64be16-91e2-4299-9493-a1716533fca1 - - - - -] Join ServiceGroup membership for this service conductor start /usr/lib/python3/dist-packages/nova/service.py:199
2025-06-26 00:36:54.657 135103 DEBUG oslo_service.service [req-e528a025-3675-4ff7-a576-ed6a9e25bf23 - - - - -] libvirt.vzstorage_mount_user = stack log_opt_values /usr/lib/python3/dist-packages/oslo_config/cfg.py:2609
2025-06-26 00:36:54.658 135103 DEBUG oslo_service.service [req-e528a025-3675-4ff7-a576-ed6a9e25bf23 - - - - -] libvirt.wait_soft_reboot_seconds = 120 log_opt_values /usr/lib/python3/dist-packages/oslo_config/cfg.py:2609
2025-06-26 00:36:54.658 135820 DEBUG nova.servicegroup.drivers.db [req-5d64be16-91e2-4299-9493-a1716533fca1 - - - - -] DB_Driver: join new ServiceGroup member juju-355f3c-0-lxd-7 to the conductor group, service = join /usr/lib/python3/dist-packages/nova/servicegroup/drivers/db.py:44
2025-06-26 00:36:54.658 135103 DEBUG oslo_service.service [req-e528a025-3675-4ff7-a576-ed6a9e25bf23 - - - - -] neutron.auth_section = None log_opt_values /usr/lib/python3/dist-packages/oslo_config/cfg.py:2609
2025-06-26 00:36:54.658 135103 DEBUG oslo_service.service [req-e528a025-3675-4ff7-a576-ed6a9e25bf23 - - - - -] neutron.auth_type = password log_opt_values /usr/lib/python3/dist-packages/oslo_config/cfg.py:2609
2025-06-26 00:36:54.658 135820 DEBUG oslo_messaging._drivers.amqpdriver [-] AMQPListener connection timeout poll /usr/lib/python3/dist-packages/oslo_messaging/_drivers/amqpdriver.py:360
2025-06-26 00:36:54.659 135820 DEBUG oslo_messaging._drivers.amqpdriver [-] Listener is running poll /usr/lib/python3/dist-packages/oslo_messaging/_drivers/amqpdriver.py:343
2025-06-26 00:36:54.659 135820 DEBUG oslo_messaging._drivers.amqpdriver [-] AMQPListener connection consume poll /usr/lib/python3/dist-packages/oslo_messaging/_drivers/amqpdriver.py:357
2025-06-26 00:36:54.659 135103 DEBUG oslo_service.service [req-e528a025-3675-4ff7-a576-ed6a9e25bf23 - - - - -] neutron.cafile = None log_opt_values /usr/lib/python3/dist-packages/oslo_config/cfg.py:2609
2025-06-26 00:36:54.659 135103 DEBUG oslo_service.service [req-e528a025-3675-4ff7-a576-ed6a9e25bf23 - - - - -] neutron.certfile = None log_opt_values /usr/lib/python3/dist-packages/oslo_config/cfg.py:2609
2025-06-26 00:36:54.661 135103 DEBUG oslo_service.service [req-e528a025-3675-4ff7-a576-ed6a9e25bf23 - - - - -] neutron.collect_timing = False log_opt_values /usr/lib/python3/dist-packages/oslo_config/cfg.py:2609
2025-06-26 00:36:54.661 135103 DEBUG oslo_service.service [req-e528a025-3675-4ff7-a576-ed6a9e25bf23 - - - - -] neutron.connect_retries = None log_opt_values /usr/lib/python3/dist-packages/oslo_config/cfg.py:2609
2025-06-26 00:36:54.661 135823 DEBUG oslo_messaging._drivers.amqpdriver [-] AMQPListener connection timeout poll /usr/lib/python3/dist-packages/oslo_messaging/_drivers/amqpdriver.py:360
2025-06-26 00:36:54.661 135103 DEBUG oslo_service.service [req-e528a025-3675-4ff7-a576-ed6a9e25bf23 - - - - -] neutron.connect_retry_delay = None log_opt_values /usr/lib/python3/dist-packages/oslo_config/cfg.py:2609
2025-06-26 00:36:54.661 135823 DEBUG oslo_messaging._drivers.amqpdriver [-] Listener is running poll /usr/lib/python3/dist-packages/oslo_messaging/_drivers/amqpdriver.py:343
2025-06-26 00:36:54.662 135823 DEBUG oslo_messaging._drivers.amqpdriver [-] AMQPListener connection consume poll /usr/lib/python3/dist-packages/oslo_messaging/_drivers/amqpdriver.py:357
2025-06-26 00:36:54.662 135103 DEBUG oslo_service.service [req-e528a025-3675-4ff7-a576-ed6a9e25bf23 - - - - -] neutron.default_floating_pool = nova log_opt_values /usr/lib/python3/dist-packages/oslo_config/cfg.py:2609
2025-06-26 00:36:54.663 135103 DEBUG oslo_service.service [req-e528a025-3675-4ff7-a576-ed6a9e25bf23 - - - - -] neutron.endpoint_override = None log_opt_values /usr/lib/python3/dist-packages/oslo_config/cfg.py:2609
2025-06-26 00:36:54.663 135103 DEBUG oslo_service.service [req-e528a025-3675-4ff7-a576-ed6a9e25bf23 - - - - -] neutron.extension_sync_interval = 600 log_opt_values /usr/lib/python3/dist-packages/oslo_config/cfg.py:2609
2025-06-26 00:36:54.663 135103 DEBUG oslo_service.service [req-e528a025-3675-4ff7-a576-ed6a9e25bf23 - - - - -] neutron.http_retries = 3 log_opt_values /usr/lib/python3/dist-packages/oslo_config/cfg.py:2609
2025-06-26 00:36:54.664 135103 DEBUG oslo_service.service [req-e528a025-3675-4ff7-a576-ed6a9e25bf23 - - - - -] neutron.insecure = False log_opt_values /usr/lib/python3/dist-packages/oslo_config/cfg.py:2609
2025-06-26 00:36:54.664 135103 DEBUG oslo_service.service [req-e528a025-3675-4ff7-a576-ed6a9e25bf23 - - - - -] neutron.keyfile = None log_opt_values /usr/lib/python3/dist-packages/oslo_config/cfg.py:2609
2025-06-26 00:36:54.664 135103 DEBUG oslo_service.service [req-e528a025-3675-4ff7-a576-ed6a9e25bf23 - - - - -] neutron.max_version = None log_opt_values /usr/lib/python3/dist-packages/oslo_config/cfg.py:2609
2025-06-26 00:36:54.664 135103 DEBUG oslo_service.service [req-e528a025-3675-4ff7-a576-ed6a9e25bf23 - - - - -] neutron.metadata_proxy_shared_secret = **** log_opt_values /usr/lib/python3/dist-packages/oslo_config/cfg.py:2609
2025-06-26 00:36:54.665 135103 DEBUG oslo_service.service [req-e528a025-3675-4ff7-a576-ed6a9e25bf23 - - - - -] neutron.min_version = None log_opt_values /usr/lib/python3/dist-packages/oslo_config/cfg.py:2609
2025-06-26 00:36:54.665 135103 DEBUG oslo_service.service [req-e528a025-3675-4ff7-a576-ed6a9e25bf23 - - - - -] neutron.ovs_bridge = br-int log_opt_values /usr/lib/python3/dist-packages/oslo_config/cfg.py:2609
2025-06-26 00:36:54.665 135103 DEBUG oslo_service.service [req-e528a025-3675-4ff7-a576-ed6a9e25bf23 - - - - -] neutron.physnets = [] log_opt_values /usr/lib/python3/dist-packages/oslo_config/cfg.py:2609
2025-06-26 00:36:54.666 135103 DEBUG oslo_service.service [req-e528a025-3675-4ff7-a576-ed6a9e25bf23 - - - - -] neutron.region_name = RegionOne log_opt_values /usr/lib/python3/dist-packages/oslo_config/cfg.py:2609
