2025-06-23 00:40:34.945 137350 DEBUG oslo_service.service [req-05b46998-328c-40c3-9096-2074547abe23 - - - - -] block_device_allocate_retries = 60 log_opt_values /usr/lib/python3/dist-packages/oslo_config/cfg.py:2602
2025-06-23 00:40:34.945 137350 DEBUG oslo_service.service [req-05b46998-328c-40c3-9096-2074547abe23 - - - - -] block_device_allocate_retries_interval = 3 log_opt_values /usr/lib/python3/dist-packages/oslo_config/cfg.py:2602
2025-06-23 00:40:34.946 137350 DEBUG oslo_service.service [req-05b46998-328c-40c3-9096-2074547abe23 - - - - -] cert = self.pem log_opt_values /usr/lib/python3/dist-packages/oslo_config/cfg.py:2602
2025-06-23 00:40:34.946 137350 DEBUG oslo_service.service [req-05b46998-328c-40c3-9096-2074547abe23 - - - - -] compute_driver = libvirt.LibvirtDriver log_opt_values /usr/lib/python3/dist-packages/oslo_config/cfg.py:2602
2025-06-23 00:40:34.947 138258 DEBUG oslo_db.sqlalchemy.engines [req-9cf50be6-cb4a-4b94-8695-f96af1f7e385 - - - - -] MySQL server mode set to STRICT_TRANS_TABLES,STRICT_ALL_TABLES,NO_ZERO_IN_DATE,NO_ZERO_DATE,ERROR_FOR_DIVISION_BY_ZERO,TRADITIONAL,NO_ENGINE_SUBSTITUTION _check_effective_sql_mode /usr/lib/python3/dist-packages/oslo_db/sqlalchemy/engines.py:314
2025-06-23 00:40:34.948 138259 DEBUG oslo_db.sqlalchemy.engines [req-f20f6d24-ccb6-48e1-ad40-59fbc36a4022 - - - - -] MySQL server mode set to STRICT_TRANS_TABLES,STRICT_ALL_TABLES,NO_ZERO_IN_DATE,NO_ZERO_DATE,ERROR_FOR_DIVISION_BY_ZERO,TRADITIONAL,NO_ENGINE_SUBSTITUTION _check_effective_sql_mode /usr/lib/python3/dist-packages/oslo_db/sqlalchemy/engines.py:314
2025-06-23 00:40:34.947 137350 DEBUG oslo_service.service [req-05b46998-328c-40c3-9096-2074547abe23 - - - - -] compute_monitors = [] log_opt_values /usr/lib/python3/dist-packages/oslo_config/cfg.py:2602
2025-06-23 00:40:34.950 137350 DEBUG oslo_service.service [req-05b46998-328c-40c3-9096-2074547abe23 - - - - -] config_dir = [] log_opt_values /usr/lib/python3/dist-packages/oslo_config/cfg.py:2602
2025-06-23 00:40:34.951 137350 DEBUG oslo_service.service [req-05b46998-328c-40c3-9096-2074547abe23 - - - - -] config_drive_format = iso9660 log_opt_values /usr/lib/python3/dist-packages/oslo_config/cfg.py:2602
2025-06-23 00:40:34.942 138262 INFO nova.service [-] Starting scheduler node (version 25.2.1)
2025-06-23 00:40:34.952 137350 DEBUG oslo_service.service [req-05b46998-328c-40c3-9096-2074547abe23 - - - - -] config_file = ['/etc/nova/nova.conf'] log_opt_values /usr/lib/python3/dist-packages/oslo_config/cfg.py:2602
2025-06-23 00:40:34.953 137350 DEBUG oslo_service.service [req-05b46998-328c-40c3-9096-2074547abe23 - - - - -] config_source = [] log_opt_values /usr/lib/python3/dist-packages/oslo_config/cfg.py:2602
2025-06-23 00:40:34.953 137350 DEBUG oslo_service.service [req-05b46998-328c-40c3-9096-2074547abe23 - - - - -] console_host = juju-9b47ba-0-lxd-7 log_opt_values /usr/lib/python3/dist-packages/oslo_config/cfg.py:2602
2025-06-23 00:40:34.956 137350 DEBUG oslo_service.service [req-05b46998-328c-40c3-9096-2074547abe23 - - - - -] control_exchange = nova log_opt_values /usr/lib/python3/dist-packages/oslo_config/cfg.py:2602
2025-06-23 00:40:34.958 137350 DEBUG oslo_service.service [req-05b46998-328c-40c3-9096-2074547abe23 - - - - -] cpu_allocation_ratio = 2.0 log_opt_values /usr/lib/python3/dist-packages/oslo_config/cfg.py:2602
2025-06-23 00:40:34.959 137350 DEBUG oslo_service.service [req-05b46998-328c-40c3-9096-2074547abe23 - - - - -] daemon = False log_opt_values /usr/lib/python3/dist-packages/oslo_config/cfg.py:2602
2025-06-23 00:40:34.959 137350 DEBUG oslo_service.service [req-05b46998-328c-40c3-9096-2074547abe23 - - - - -] debug = True log_opt_values /usr/lib/python3/dist-packages/oslo_config/cfg.py:2602
2025-06-23 00:40:34.960 137350 DEBUG oslo_service.service [req-05b46998-328c-40c3-9096-2074547abe23 - - - - -] default_access_ip_network_name = None log_opt_values /usr/lib/python3/dist-packages/oslo_config/cfg.py:2602
2025-06-23 00:40:34.961 137350 DEBUG oslo_service.service [req-05b46998-328c-40c3-9096-2074547abe23 - - - - -] default_availability_zone = nova log_opt_values /usr/lib/python3/dist-packages/oslo_config/cfg.py:2602
2025-06-23 00:40:34.962 137350 DEBUG oslo_service.service [req-05b46998-328c-40c3-9096-2074547abe23 - - - - -] default_ephemeral_format = None log_opt_values /usr/lib/python3/dist-packages/oslo_config/cfg.py:2602
2025-06-23 00:40:34.962 137350 DEBUG oslo_service.service [req-05b46998-328c-40c3-9096-2074547abe23 - - - - -] default_log_levels = ['amqp=WARN', 'amqplib=WARN', 'boto=WARN', 'qpid=WARN', 'sqlalchemy=WARN', 'suds=INFO', 'oslo.messaging=INFO', 'oslo_messaging=DEBUG', 'iso8601=WARN', 'requests.packages.urllib3.connectionpool=WARN', 'urllib3.connectionpool=WARN', 'websocket=WARN', 'requests.packages.urllib3.util.retry=WARN', 'urllib3.util.retry=WARN', 'keystonemiddleware=WARN', 'routes.middleware=WARN', 'stevedore=WARN', 'taskflow=WARN', 'keystoneauth=WARN', 'oslo.cache=INFO', 'dogpile.core.dogpile=INFO', 'glanceclient=WARN', 'oslo.privsep.daemon=INFO'] log_opt_values /usr/lib/python3/dist-packages/oslo_config/cfg.py:2602
2025-06-23 00:40:34.963 137350 DEBUG oslo_service.service [req-05b46998-328c-40c3-9096-2074547abe23 - - - - -] default_schedule_zone = None log_opt_values /usr/lib/python3/dist-packages/oslo_config/cfg.py:2602
2025-06-23 00:40:34.963 137350 DEBUG oslo_service.service [req-05b46998-328c-40c3-9096-2074547abe23 - - - - -] disk_allocation_ratio = 1.0 log_opt_values /usr/lib/python3/dist-packages/oslo_config/cfg.py:2602
2025-06-23 00:40:34.963 137350 DEBUG oslo_service.service [req-05b46998-328c-40c3-9096-2074547abe23 - - - - -] enable_new_services = True log_opt_values /usr/lib/python3/dist-packages/oslo_config/cfg.py:2602
2025-06-23 00:40:34.963 137350 DEBUG oslo_service.service [req-05b46998-328c-40c3-9096-2074547abe23 - - - - -] enabled_apis = ['osapi_compute', 'metadata'] log_opt_values /usr/lib/python3/dist-packages/oslo_config/cfg.py:2602
2025-06-23 00:40:34.963 137350 DEBUG oslo_service.service [req-05b46998-328c-40c3-9096-2074547abe23 - - - - -] enabled_ssl_apis = [] log_opt_values /usr/lib/python3/dist-packages/oslo_config/cfg.py:2602
2025-06-23 00:40:34.965 138260 INFO nova.service [-] Starting scheduler node (version 25.2.1)
2025-06-23 00:40:34.969 138259 DEBUG nova.service [req-f20f6d24-ccb6-48e1-ad40-59fbc36a4022 - - - - -] Creating RPC server for service scheduler start /usr/lib/python3/dist-packages/nova/service.py:182
2025-06-23 00:40:34.964 137350 DEBUG oslo_service.service [req-05b46998-328c-40c3-9096-2074547abe23 - - - - -] fatal_deprecations = False log_opt_values /usr/lib/python3/dist-packages/oslo_config/cfg.py:2602
2025-06-23 00:40:34.969 137350 DEBUG oslo_service.service [req-05b46998-328c-40c3-9096-2074547abe23 - - - - -] flat_injected = False log_opt_values /usr/lib/python3/dist-packages/oslo_config/cfg.py:2602
2025-06-23 00:40:34.970 137350 DEBUG oslo_service.service [req-05b46998-328c-40c3-9096-2074547abe23 - - - - -] force_config_drive = False log_opt_values /usr/lib/python3/dist-packages/oslo_config/cfg.py:2602
2025-06-23 00:40:34.970 137350 DEBUG oslo_service.service [req-05b46998-328c-40c3-9096-2074547abe23 - - - - -] force_raw_images = True log_opt_values /usr/lib/python3/dist-packages/oslo_config/cfg.py:2602
2025-06-23 00:40:34.972 137350 DEBUG oslo_service.service [req-05b46998-328c-40c3-9096-2074547abe23 - - - - -] graceful_shutdown_timeout = 60 log_opt_values /usr/lib/python3/dist-packages/oslo_config/cfg.py:2602
2025-06-23 00:40:34.972 137350 DEBUG oslo_service.service [req-05b46998-328c-40c3-9096-2074547abe23 - - - - -] heal_instance_info_cache_interval = 60 log_opt_values /usr/lib/python3/dist-packages/oslo_config/cfg.py:2602
2025-06-23 00:40:34.973 137350 DEBUG oslo_service.service [req-05b46998-328c-40c3-9096-2074547abe23 - - - - -] host = juju-9b47ba-0-lxd-7 log_opt_values /usr/lib/python3/dist-packages/oslo_config/cfg.py:2602
2025-06-23 00:40:34.974 137350 DEBUG oslo_service.service [req-05b46998-328c-40c3-9096-2074547abe23 - - - - -] initial_cpu_allocation_ratio = 16.0 log_opt_values /usr/lib/python3/dist-packages/oslo_config/cfg.py:2602
2025-06-23 00:40:34.974 137350 DEBUG oslo_service.service [req-05b46998-328c-40c3-9096-2074547abe23 - - - - -] initial_disk_allocation_ratio = 1.0 log_opt_values /usr/lib/python3/dist-packages/oslo_config/cfg.py:2602
2025-06-23 00:40:34.974 137350 DEBUG oslo_service.service [req-05b46998-328c-40c3-9096-2074547abe23 - - - - -] initial_ram_allocation_ratio = 1.5 log_opt_values /usr/lib/python3/dist-packages/oslo_config/cfg.py:2602
2025-06-23 00:40:34.976 137350 DEBUG oslo_service.service [req-05b46998-328c-40c3-9096-2074547abe23 - - - - -] injected_network_template = /usr/lib/python3/dist-packages/nova/virt/interfaces.template log_opt_values /usr/lib/python3/dist-packages/oslo_config/cfg.py:2602
2025-06-23 00:40:34.976 138262 DEBUG oslo_db.sqlalchemy.engines [req-6a4dde52-fade-4175-a928-7a29f584af41 - - - - -] MySQL server mode set to STRICT_TRANS_TABLES,STRICT_ALL_TABLES,NO_ZERO_IN_DATE,NO_ZERO_DATE,ERROR_FOR_DIVISION_BY_ZERO,TRADITIONAL,NO_ENGINE_SUBSTITUTION _check_effective_sql_mode /usr/lib/python3/dist-packages/oslo_db/sqlalchemy/engines.py:314
2025-06-23 00:40:34.977 137350 DEBUG oslo_service.service [req-05b46998-328c-40c3-9096-2074547abe23 - - - - -] instance_build_timeout = 0 log_opt_values /usr/lib/python3/dist-packages/oslo_config/cfg.py:2602
2025-06-23 00:40:34.979 137350 DEBUG oslo_service.service [req-05b46998-328c-40c3-9096-2074547abe23 - - - - -] instance_delete_interval = 300 log_opt_values /usr/lib/python3/dist-packages/oslo_config/cfg.py:2602
2025-06-23 00:40:34.979 137350 DEBUG oslo_service.service [req-05b46998-328c-40c3-9096-2074547abe23 - - - - -] instance_format = [instance: %(uuid)s] log_opt_values /usr/lib/python3/dist-packages/oslo_config/cfg.py:2602
2025-06-23 00:40:34.980 137350 DEBUG oslo_service.service [req-05b46998-328c-40c3-9096-2074547abe23 - - - - -] instance_name_template = instance-%08x log_opt_values /usr/lib/python3/dist-packages/oslo_config/cfg.py:2602
2025-06-23 00:40:34.980 137350 DEBUG oslo_service.service [req-05b46998-328c-40c3-9096-2074547abe23 - - - - -] instance_usage_audit = False log_opt_values /usr/lib/python3/dist-packages/oslo_config/cfg.py:2602
2025-06-23 00:40:34.980 137350 DEBUG oslo_service.service [req-05b46998-328c-40c3-9096-2074547abe23 - - - - -] instance_usage_audit_period = month log_opt_values /usr/lib/python3/dist-packages/oslo_config/cfg.py:2602
2025-06-23 00:40:34.980 137350 DEBUG oslo_service.service [req-05b46998-328c-40c3-9096-2074547abe23 - - - - -] instance_uuid_format = [instance: %(uuid)s] log_opt_values /usr/lib/python3/dist-packages/oslo_config/cfg.py:2602
2025-06-23 00:40:34.981 137350 DEBUG oslo_service.service [req-05b46998-328c-40c3-9096-2074547abe23 - - - - -] instances_path = /var/lib/nova/instances log_opt_values /usr/lib/python3/dist-packages/oslo_config/cfg.py:2602
2025-06-23 00:40:34.981 137350 DEBUG oslo_service.service [req-05b46998-328c-40c3-9096-2074547abe23 - - - - -] internal_service_availability_zone = internal log_opt_values /usr/lib/python3/dist-packages/oslo_config/cfg.py:2602
2025-06-23 00:40:34.981 137350 DEBUG oslo_service.service [req-05b46998-328c-40c3-9096-2074547abe23 - - - - -] key = None log_opt_values /usr/lib/python3/dist-packages/oslo_config/cfg.py:2602
2025-06-23 00:40:34.981 137350 DEBUG oslo_service.service [req-05b46998-328c-40c3-9096-2074547abe23 - - - - -] live_migration_retry_count = 30 log_opt_values /usr/lib/python3/dist-packages/oslo_config/cfg.py:2602
2025-06-23 00:40:34.981 137350 DEBUG oslo_service.service [req-05b46998-328c-40c3-9096-2074547abe23 - - - - -] log_config_append = None log_opt_values /usr/lib/python3/dist-packages/oslo_config/cfg.py:2602
2025-06-23 00:40:34.981 137350 DEBUG oslo_service.service [req-05b46998-328c-40c3-9096-2074547abe23 - - - - -] log_date_format = %Y-%m-%d %H:%M:%S log_opt_values /usr/lib/python3/dist-packages/oslo_config/cfg.py:2602
2025-06-23 00:40:34.982 137350 DEBUG oslo_service.service [req-05b46998-328c-40c3-9096-2074547abe23 - - - - -] log_dir = /var/log/nova log_opt_values /usr/lib/python3/dist-packages/oslo_config/cfg.py:2602
2025-06-23 00:40:34.982 137350 DEBUG oslo_service.service [req-05b46998-328c-40c3-9096-2074547abe23 - - - - -] log_file = /var/log/nova/nova-scheduler.log log_opt_values /usr/lib/python3/dist-packages/oslo_config/cfg.py:2602
2025-06-23 00:40:34.982 137350 DEBUG oslo_service.service [req-05b46998-328c-40c3-9096-2074547abe23 - - - - -] log_options = True log_opt_values /usr/lib/python3/dist-packages/oslo_config/cfg.py:2602
2025-06-23 00:40:34.982 137350 DEBUG oslo_service.service [req-05b46998-328c-40c3-9096-2074547abe23 - - - - -] log_rotate_interval = 1 log_opt_values /usr/lib/python3/dist-packages/oslo_config/cfg.py:2602
2025-06-23 00:40:34.982 137350 DEBUG oslo_service.service [req-05b46998-328c-40c3-9096-2074547abe23 - - - - -] log_rotate_interval_type = days log_opt_values /usr/lib/python3/dist-packages/oslo_config/cfg.py:2602
2025-06-23 00:40:34.983 137350 DEBUG oslo_service.service [req-05b46998-328c-40c3-9096-2074547abe23 - - - - -] log_rotation_type = none log_opt_values /usr/lib/python3/dist-packages/oslo_config/cfg.py:2602
2025-06-23 00:40:34.983 137350 DEBUG oslo_service.service [req-05b46998-328c-40c3-9096-2074547abe23 - - - - -] logging_context_format_string = %(asctime)s.%(msecs)03d %(process)d %(levelname)s %(name)s [%(request_id)s %(user_identity)s] %(instance)s%(message)s log_opt_values /usr/lib/python3/dist-packages/oslo_config/cfg.py:2602
2025-06-23 00:40:34.983 137350 DEBUG oslo_service.service [req-05b46998-328c-40c3-9096-2074547abe23 - - - - -] logging_debug_format_suffix = %(funcName)s %(pathname)s:%(lineno)d log_opt_values /usr/lib/python3/dist-packages/oslo_config/cfg.py:2602
2025-06-23 00:40:34.983 137350 DEBUG oslo_service.service [req-05b46998-328c-40c3-9096-2074547abe23 - - - - -] logging_default_format_string = %(asctime)s.%(msecs)03d %(process)d %(levelname)s %(name)s [-] %(instance)s%(message)s log_opt_values /usr/lib/python3/dist-packages/oslo_config/cfg.py:2602
2025-06-23 00:40:34.983 137350 DEBUG oslo_service.service [req-05b46998-328c-40c3-9096-2074547abe23 - - - - -] logging_exception_prefix = %(asctime)s.%(msecs)03d %(process)d ERROR %(name)s %(instance)s log_opt_values /usr/lib/python3/dist-packages/oslo_config/cfg.py:2602
2025-06-23 00:40:34.983 137350 DEBUG oslo_service.service [req-05b46998-328c-40c3-9096-2074547abe23 - - - - -] logging_user_identity_format = %(user)s %(project)s %(domain)s %(user_domain)s %(project_domain)s log_opt_values /usr/lib/python3/dist-packages/oslo_config/cfg.py:2602
2025-06-23 00:40:34.984 137350 DEBUG oslo_service.service [req-05b46998-328c-40c3-9096-2074547abe23 - - - - -] long_rpc_timeout = 1800 log_opt_values /usr/lib/python3/dist-packages/oslo_config/cfg.py:2602
2025-06-23 00:40:34.983 138258 DEBUG nova.service [req-9cf50be6-cb4a-4b94-8695-f96af1f7e385 - - - - -] Creating RPC server for service scheduler start /usr/lib/python3/dist-packages/nova/service.py:182
2025-06-23 00:40:34.984 137350 DEBUG oslo_service.service [req-05b46998-328c-40c3-9096-2074547abe23 - - - - -] max_concurrent_builds = 10 log_opt_values /usr/lib/python3/dist-packages/oslo_config/cfg.py:2602
2025-06-23 00:40:34.984 137350 DEBUG oslo_service.service [req-05b46998-328c-40c3-9096-2074547abe23 - - - - -] max_concurrent_live_migrations = 1 log_opt_values /usr/lib/python3/dist-packages/oslo_config/cfg.py:2602
2025-06-23 00:40:34.991 137350 DEBUG oslo_service.service [req-05b46998-328c-40c3-9096-2074547abe23 - - - - -] max_concurrent_snapshots = 5 log_opt_values /usr/lib/python3/dist-packages/oslo_config/cfg.py:2602
2025-06-23 00:40:34.992 137350 DEBUG oslo_service.service [req-05b46998-328c-40c3-9096-2074547abe23 - - - - -] max_local_block_devices = 3 log_opt_values /usr/lib/python3/dist-packages/oslo_config/cfg.py:2602
2025-06-23 00:40:34.993 137350 DEBUG oslo_service.service [req-05b46998-328c-40c3-9096-2074547abe23 - - - - -] max_logfile_count = 30 log_opt_values /usr/lib/python3/dist-packages/oslo_config/cfg.py:2602
2025-06-23 00:40:34.993 137350 DEBUG oslo_service.service [req-05b46998-328c-40c3-9096-2074547abe23 - - - - -] max_logfile_size_mb = 200 log_opt_values /usr/lib/python3/dist-packages/oslo_config/cfg.py:2602
2025-06-23 00:40:34.993 137350 DEBUG oslo_service.service [req-05b46998-328c-40c3-9096-2074547abe23 - - - - -] maximum_instance_delete_attempts = 5 log_opt_values /usr/lib/python3/dist-packages/oslo_config/cfg.py:2602
2025-06-23 00:40:34.993 138260 DEBUG oslo_db.sqlalchemy.engines [req-3b9f5b55-3019-4cfb-a0e5-ff21587a8228 - - - - -] MySQL server mode set to STRICT_TRANS_TABLES,STRICT_ALL_TABLES,NO_ZERO_IN_DATE,NO_ZERO_DATE,ERROR_FOR_DIVISION_BY_ZERO,TRADITIONAL,NO_ENGINE_SUBSTITUTION _check_effective_sql_mode /usr/lib/python3/dist-packages/oslo_db/sqlalchemy/engines.py:314
2025-06-23 00:40:34.993 137350 DEBUG oslo_service.service [req-05b46998-328c-40c3-9096-2074547abe23 - - - - -] metadata_listen = 0.0.0.0 log_opt_values /usr/lib/python3/dist-packages/oslo_config/cfg.py:2602
2025-06-23 00:40:34.994 137350 DEBUG oslo_service.service [req-05b46998-328c-40c3-9096-2074547abe23 - - - - -] metadata_listen_port = 8765 log_opt_values /usr/lib/python3/dist-packages/oslo_config/cfg.py:2602
2025-06-23 00:40:34.994 137350 DEBUG oslo_service.service [req-05b46998-328c-40c3-9096-2074547abe23 - - - - -] metadata_workers = None log_opt_values /usr/lib/python3/dist-packages/oslo_config/cfg.py:2602
2025-06-23 00:40:34.994 137350 DEBUG oslo_service.service [req-05b46998-328c-40c3-9096-2074547abe23 - - - - -] migrate_max_retries = -1 log_opt_values /usr/lib/python3/dist-packages/oslo_config/cfg.py:2602
2025-06-23 00:40:34.994 137350 DEBUG oslo_service.service [req-05b46998-328c-40c3-9096-2074547abe23 - - - - -] mkisofs_cmd = genisoimage log_opt_values /usr/lib/python3/dist-packages/oslo_config/cfg.py:2602
2025-06-23 00:40:34.994 137350 DEBUG oslo_service.service [req-05b46998-328c-40c3-9096-2074547abe23 - - - - -] my_block_storage_ip = 252.22.87.100 log_opt_values /usr/lib/python3/dist-packages/oslo_config/cfg.py:2602
2025-06-23 00:40:34.995 137350 DEBUG oslo_service.service [req-05b46998-328c-40c3-9096-2074547abe23 - - - - -] my_ip = 252.22.87.100 log_opt_values /usr/lib/python3/dist-packages/oslo_config/cfg.py:2602
2025-06-23 00:40:34.995 137350 DEBUG oslo_service.service [req-05b46998-328c-40c3-9096-2074547abe23 - - - - -] network_allocate_retries = 0 log_opt_values /usr/lib/python3/dist-packages/oslo_config/cfg.py:2602
2025-06-23 00:40:34.995 137350 DEBUG oslo_service.service [req-05b46998-328c-40c3-9096-2074547abe23 - - - - -] non_inheritable_image_properties = ['cache_in_nova', 'bittorrent'] log_opt_values /usr/lib/python3/dist-packages/oslo_config/cfg.py:2602
2025-06-23 00:40:34.995 137350 DEBUG oslo_service.service [req-05b46998-328c-40c3-9096-2074547abe23 - - - - -] osapi_compute_listen = 0.0.0.0 log_opt_values /usr/lib/python3/dist-packages/oslo_config/cfg.py:2602
2025-06-23 00:40:34.995 137350 DEBUG oslo_service.service [req-05b46998-328c-40c3-9096-2074547abe23 - - - - -] osapi_compute_listen_port = 8764 log_opt_values /usr/lib/python3/dist-packages/oslo_config/cfg.py:2602
2025-06-23 00:40:34.999 137350 DEBUG oslo_service.service [req-05b46998-328c-40c3-9096-2074547abe23 - - - - -] osapi_compute_unique_server_name_scope = log_opt_values /usr/lib/python3/dist-packages/oslo_config/cfg.py:2602
2025-06-23 00:40:34.999 137350 DEBUG oslo_service.service [req-05b46998-328c-40c3-9096-2074547abe23 - - - - -] osapi_compute_workers = 4 log_opt_values /usr/lib/python3/dist-packages/oslo_config/cfg.py:2602
2025-06-23 00:40:34.999 137350 DEBUG oslo_service.service [req-05b46998-328c-40c3-9096-2074547abe23 - - - - -] password_length = 12 log_opt_values /usr/lib/python3/dist-packages/oslo_config/cfg.py:2602
2025-06-23 00:40:34.999 137350 DEBUG oslo_service.service [req-05b46998-328c-40c3-9096-2074547abe23 - - - - -] periodic_enable = True log_opt_values /usr/lib/python3/dist-packages/oslo_config/cfg.py:2602
2025-06-23 00:40:35.000 137350 DEBUG oslo_service.service [req-05b46998-328c-40c3-9096-2074547abe23 - - - - -] periodic_fuzzy_delay = 60 log_opt_values /usr/lib/python3/dist-packages/oslo_config/cfg.py:2602
2025-06-23 00:40:35.000 137350 DEBUG oslo_service.service [req-05b46998-328c-40c3-9096-2074547abe23 - - - - -] pointer_model = usbtablet log_opt_values /usr/lib/python3/dist-packages/oslo_config/cfg.py:2602
2025-06-23 00:40:35.000 137350 DEBUG oslo_service.service [req-05b46998-328c-40c3-9096-2074547abe23 - - - - -] preallocate_images = none log_opt_values /usr/lib/python3/dist-packages/oslo_config/cfg.py:2602
2025-06-23 00:40:35.000 137350 DEBUG oslo_service.service [req-05b46998-328c-40c3-9096-2074547abe23 - - - - -] publish_errors = False log_opt_values /usr/lib/python3/dist-packages/oslo_config/cfg.py:2602
2025-06-23 00:40:35.001 137350 DEBUG oslo_service.service [req-05b46998-328c-40c3-9096-2074547abe23 - - - - -] pybasedir = /usr/lib/python3/dist-packages log_opt_values /usr/lib/python3/dist-packages/oslo_config/cfg.py:2602
2025-06-23 00:40:35.001 137350 DEBUG oslo_service.service [req-05b46998-328c-40c3-9096-2074547abe23 - - - - -] ram_allocation_ratio = 0.98 log_opt_values /usr/lib/python3/dist-packages/oslo_config/cfg.py:2602
2025-06-23 00:40:35.001 137350 DEBUG oslo_service.service [req-05b46998-328c-40c3-9096-2074547abe23 - - - - -] rate_limit_burst = 0 log_opt_values /usr/lib/python3/dist-packages/oslo_config/cfg.py:2602
2025-06-23 00:40:35.001 137350 DEBUG oslo_service.service [req-05b46998-328c-40c3-9096-2074547abe23 - - - - -] rate_limit_except_level = CRITICAL log_opt_values /usr/lib/python3/dist-packages/oslo_config/cfg.py:2602
2025-06-23 00:40:35.001 137350 DEBUG oslo_service.service [req-05b46998-328c-40c3-9096-2074547abe23 - - - - -] rate_limit_interval = 0 log_opt_values /usr/lib/python3/dist-packages/oslo_config/cfg.py:2602
2025-06-23 00:40:35.001 137350 DEBUG oslo_service.service [req-05b46998-328c-40c3-9096-2074547abe23 - - - - -] reboot_timeout = 0 log_opt_values /usr/lib/python3/dist-packages/oslo_config/cfg.py:2602
2025-06-23 00:40:35.002 137350 DEBUG oslo_service.service [req-05b46998-328c-40c3-9096-2074547abe23 - - - - -] reclaim_instance_interval = 0 log_opt_values /usr/lib/python3/dist-packages/oslo_config/cfg.py:2602
2025-06-23 00:40:35.002 137350 DEBUG oslo_service.service [req-05b46998-328c-40c3-9096-2074547abe23 - - - - -] record = None log_opt_values /usr/lib/python3/dist-packages/oslo_config/cfg.py:2602
2025-06-23 00:40:35.002 137350 DEBUG oslo_service.service [req-05b46998-328c-40c3-9096-2074547abe23 - - - - -] report_interval = 10 log_opt_values /usr/lib/python3/dist-packages/oslo_config/cfg.py:2602
2025-06-23 00:40:35.002 137350 DEBUG oslo_service.service [req-05b46998-328c-40c3-9096-2074547abe23 - - - - -] rescue_timeout = 0 log_opt_values /usr/lib/python3/dist-packages/oslo_config/cfg.py:2602
2025-06-23 00:40:35.002 137350 DEBUG oslo_service.service [req-05b46998-328c-40c3-9096-2074547abe23 - - - - -] reserved_host_cpus = 0 log_opt_values /usr/lib/python3/dist-packages/oslo_config/cfg.py:2602
2025-06-23 00:40:35.003 137350 DEBUG oslo_service.service [req-05b46998-328c-40c3-9096-2074547abe23 - - - - -] reserved_host_disk_mb = 0 log_opt_values /usr/lib/python3/dist-packages/oslo_config/cfg.py:2602
2025-06-23 00:40:35.003 137350 DEBUG oslo_service.service [req-05b46998-328c-40c3-9096-2074547abe23 - - - - -] reserved_host_memory_mb = 512 log_opt_values /usr/lib/python3/dist-packages/oslo_config/cfg.py:2602
2025-06-23 00:40:35.003 137350 DEBUG oslo_service.service [req-05b46998-328c-40c3-9096-2074547abe23 - - - - -] reserved_huge_pages = None log_opt_values /usr/lib/python3/dist-packages/oslo_config/cfg.py:2602
2025-06-23 00:40:35.003 137350 DEBUG oslo_service.service [req-05b46998-328c-40c3-9096-2074547abe23 - - - - -] resize_confirm_window = 0 log_opt_values /usr/lib/python3/dist-packages/oslo_config/cfg.py:2602
2025-06-23 00:40:35.003 137350 DEBUG oslo_service.service [req-05b46998-328c-40c3-9096-2074547abe23 - - - - -] resize_fs_using_block_device = False log_opt_values /usr/lib/python3/dist-packages/oslo_config/cfg.py:2602
2025-06-23 00:40:35.003 137350 DEBUG oslo_service.service [req-05b46998-328c-40c3-9096-2074547abe23 - - - - -] resume_guests_state_on_host_boot = False log_opt_values /usr/lib/python3/dist-packages/oslo_config/cfg.py:2602
2025-06-23 00:40:35.004 137350 DEBUG oslo_service.service [req-05b46998-328c-40c3-9096-2074547abe23 - - - - -] rootwrap_config = /etc/nova/rootwrap.conf log_opt_values /usr/lib/python3/dist-packages/oslo_config/cfg.py:2602
2025-06-23 00:40:35.004 137350 DEBUG oslo_service.service [req-05b46998-328c-40c3-9096-2074547abe23 - - - - -] run_external_periodic_tasks = True log_opt_values /usr/lib/python3/dist-packages/oslo_config/cfg.py:2602
2025-06-23 00:40:35.004 137350 DEBUG oslo_service.service [req-05b46998-328c-40c3-9096-2074547abe23 - - - - -] running_deleted_instance_action = reap log_opt_values /usr/lib/python3/dist-packages/oslo_config/cfg.py:2602
2025-06-23 00:40:35.004 137350 DEBUG oslo_service.service [req-05b46998-328c-40c3-9096-2074547abe23 - - - - -] running_deleted_instance_poll_interval = 1800 log_opt_values /usr/lib/python3/dist-packages/oslo_config/cfg.py:2602
2025-06-23 00:40:35.004 137350 DEBUG oslo_service.service [req-05b46998-328c-40c3-9096-2074547abe23 - - - - -] running_deleted_instance_timeout = 0 log_opt_values /usr/lib/python3/dist-packages/oslo_config/cfg.py:2602
2025-06-23 00:40:35.005 137350 DEBUG oslo_service.service [req-05b46998-328c-40c3-9096-2074547abe23 - - - - -] scheduler_instance_sync_interval = 120 log_opt_values /usr/lib/python3/dist-packages/oslo_config/cfg.py:2602
2025-06-23 00:40:35.005 137350 DEBUG oslo_service.service [req-05b46998-328c-40c3-9096-2074547abe23 - - - - -] service_down_time = 60 log_opt_values /usr/lib/python3/dist-packages/oslo_config/cfg.py:2602
2025-06-23 00:40:35.005 137350 DEBUG oslo_service.service [req-05b46998-328c-40c3-9096-2074547abe23 - - - - -] servicegroup_driver = db log_opt_values /usr/lib/python3/dist-packages/oslo_config/cfg.py:2602
2025-06-23 00:40:35.005 137350 DEBUG oslo_service.service [req-05b46998-328c-40c3-9096-2074547abe23 - - - - -] shelved_offload_time = 0 log_opt_values /usr/lib/python3/dist-packages/oslo_config/cfg.py:2602
2025-06-23 00:40:35.005 137350 DEBUG oslo_service.service [req-05b46998-328c-40c3-9096-2074547abe23 - - - - -] shelved_poll_interval = 3600 log_opt_values /usr/lib/python3/dist-packages/oslo_config/cfg.py:2602
2025-06-23 00:40:35.006 137350 DEBUG oslo_service.service [req-05b46998-328c-40c3-9096-2074547abe23 - - - - -] shutdown_timeout = 60 log_opt_values /usr/lib/python3/dist-packages/oslo_config/cfg.py:2602
2025-06-23 00:40:35.006 137350 DEBUG oslo_service.service [req-05b46998-328c-40c3-9096-2074547abe23 - - - - -] source_is_ipv6 = False log_opt_values /usr/lib/python3/dist-packages/oslo_config/cfg.py:2602
2025-06-23 00:40:35.006 137350 DEBUG oslo_service.service [req-05b46998-328c-40c3-9096-2074547abe23 - - - - -] ssl_only = False log_opt_values /usr/lib/python3/dist-packages/oslo_config/cfg.py:2602
2025-06-23 00:40:35.006 137350 DEBUG oslo_service.service [req-05b46998-328c-40c3-9096-2074547abe23 - - - - -] state_path = /var/lib/nova log_opt_values /usr/lib/python3/dist-packages/oslo_config/cfg.py:2602
2025-06-23 00:40:35.007 137350 DEBUG oslo_service.service [req-05b46998-328c-40c3-9096-2074547abe23 - - - - -] sync_power_state_interval = 600 log_opt_values /usr/lib/python3/dist-packages/oslo_config/cfg.py:2602
2025-06-23 00:40:35.007 137350 DEBUG oslo_service.service [req-05b46998-328c-40c3-9096-2074547abe23 - - - - -] sync_power_state_pool_size = 1000 log_opt_values /usr/lib/python3/dist-packages/oslo_config/cfg.py:2602
2025-06-23 00:40:35.007 137350 DEBUG oslo_service.service [req-05b46998-328c-40c3-9096-2074547abe23 - - - - -] syslog_log_facility = LOG_USER log_opt_values /usr/lib/python3/dist-packages/oslo_config/cfg.py:2602
2025-06-23 00:40:35.007 137350 DEBUG oslo_service.service [req-05b46998-328c-40c3-9096-2074547abe23 - - - - -] tempdir = None log_opt_values /usr/lib/python3/dist-packages/oslo_config/cfg.py:2602
2025-06-23 00:40:35.007 137350 DEBUG oslo_service.service [req-05b46998-328c-40c3-9096-2074547abe23 - - - - -] timeout_nbd = 10 log_opt_values /usr/lib/python3/dist-packages/oslo_config/cfg.py:2602
2025-06-23 00:40:35.008 137350 DEBUG oslo_service.service [req-05b46998-328c-40c3-9096-2074547abe23 - - - - -] transport_url = **** log_opt_values /usr/lib/python3/dist-packages/oslo_config/cfg.py:2602
2025-06-23 00:40:35.008 137350 DEBUG oslo_service.service [req-05b46998-328c-40c3-9096-2074547abe23 - - - - -] update_resources_interval = 0 log_opt_values /usr/lib/python3/dist-packages/oslo_config/cfg.py:2602
2025-06-23 00:40:35.008 137350 DEBUG oslo_service.service [req-05b46998-328c-40c3-9096-2074547abe23 - - - - -] use_cow_images = True log_opt_values /usr/lib/python3/dist-packages/oslo_config/cfg.py:2602
2025-06-23 00:40:35.008 137350 DEBUG oslo_service.service [req-05b46998-328c-40c3-9096-2074547abe23 - - - - -] use_eventlog = False log_opt_values /usr/lib/python3/dist-packages/oslo_config/cfg.py:2602
2025-06-23 00:40:35.008 137350 DEBUG oslo_service.service [req-05b46998-328c-40c3-9096-2074547abe23 - - - - -] use_journal = False log_opt_values /usr/lib/python3/dist-packages/oslo_config/cfg.py:2602
2025-06-23 00:40:35.009 137350 DEBUG oslo_service.service [req-05b46998-328c-40c3-9096-2074547abe23 - - - - -] use_json = False log_opt_values /usr/lib/python3/dist-packages/oslo_config/cfg.py:2602
2025-06-23 00:40:35.009 137350 DEBUG oslo_service.service [req-05b46998-328c-40c3-9096-2074547abe23 - - - - -] use_rootwrap_daemon = False log_opt_values /usr/lib/python3/dist-packages/oslo_config/cfg.py:2602
2025-06-23 00:40:35.009 137350 DEBUG oslo_service.service [req-05b46998-328c-40c3-9096-2074547abe23 - - - - -] use_stderr = False log_opt_values /usr/lib/python3/dist-packages/oslo_config/cfg.py:2602
2025-06-23 00:40:35.009 137350 DEBUG oslo_service.service [req-05b46998-328c-40c3-9096-2074547abe23 - - - - -] use_syslog = False log_opt_values /usr/lib/python3/dist-packages/oslo_config/cfg.py:2602
2025-06-23 00:40:35.009 137350 DEBUG oslo_service.service [req-05b46998-328c-40c3-9096-2074547abe23 - - - - -] vcpu_pin_set = None log_opt_values /usr/lib/python3/dist-packages/oslo_config/cfg.py:2602
2025-06-23 00:40:35.010 137350 DEBUG oslo_service.service [req-05b46998-328c-40c3-9096-2074547abe23 - - - - -] vif_plugging_is_fatal = True log_opt_values /usr/lib/python3/dist-packages/oslo_config/cfg.py:2602
2025-06-23 00:40:35.010 137350 DEBUG oslo_service.service [req-05b46998-328c-40c3-9096-2074547abe23 - - - - -] vif_plugging_timeout = 300 log_opt_values /usr/lib/python3/dist-packages/oslo_config/cfg.py:2602
2025-06-23 00:40:35.010 137350 DEBUG oslo_service.service [req-05b46998-328c-40c3-9096-2074547abe23 - - - - -] virt_mkfs = [] log_opt_values /usr/lib/python3/dist-packages/oslo_config/cfg.py:2602
2025-06-23 00:40:35.010 137350 DEBUG oslo_service.service [req-05b46998-328c-40c3-9096-2074547abe23 - - - - -] volume_usage_poll_interval = 0 log_opt_values /usr/lib/python3/dist-packages/oslo_config/cfg.py:2602
2025-06-23 00:40:35.010 138259 DEBUG oslo_messaging._drivers.amqpdriver [-] Listener is running poll /usr/lib/python3/dist-packages/oslo_messaging/_drivers/amqpdriver.py:343
2025-06-23 00:40:35.011 137350 DEBUG oslo_service.service [req-05b46998-328c-40c3-9096-2074547abe23 - - - - -] watch_log_file = False log_opt_values /usr/lib/python3/dist-packages/oslo_config/cfg.py:2602
2025-06-23 00:40:35.011 138259 DEBUG oslo_messaging._drivers.amqpdriver [-] AMQPListener connection consume poll /usr/lib/python3/dist-packages/oslo_messaging/_drivers/amqpdriver.py:357
2025-06-23 00:40:35.011 137350 DEBUG oslo_service.service [req-05b46998-328c-40c3-9096-2074547abe23 - - - - -] web = /usr/share/spice-html5 log_opt_values /usr/lib/python3/dist-packages/oslo_config/cfg.py:2602
2025-06-23 00:40:35.011 137350 DEBUG oslo_service.service [req-05b46998-328c-40c3-9096-2074547abe23 - - - - -] oslo_concurrency.disable_process_locking = False log_opt_values /usr/lib/python3/dist-packages/oslo_config/cfg.py:2609
2025-06-23 00:40:35.011 137350 DEBUG oslo_service.service [req-05b46998-328c-40c3-9096-2074547abe23 - - - - -] oslo_concurrency.lock_path = /var/lock/nova log_opt_values /usr/lib/python3/dist-packages/oslo_config/cfg.py:2609
2025-06-23 00:40:35.012 137350 WARNING oslo_config.cfg [req-05b46998-328c-40c3-9096-2074547abe23 - - - - -] Deprecated: Option "auth_strategy" from group "api" is deprecated for removal ( The only non-default choice, ``noauth2``, is for internal development and testing purposes only and should not be used in deployments. This option and its middleware, NoAuthMiddleware[V2_18], will be removed in a future release. ). Its value may be silently ignored in the future.
2025-06-23 00:40:35.012 137350 DEBUG oslo_service.service [req-05b46998-328c-40c3-9096-2074547abe23 - - - - -] api.auth_strategy = keystone log_opt_values /usr/lib/python3/dist-packages/oslo_config/cfg.py:2609
2025-06-23 00:40:35.012 137350 DEBUG oslo_service.service [req-05b46998-328c-40c3-9096-2074547abe23 - - - - -] api.compute_link_prefix = None log_opt_values /usr/lib/python3/dist-packages/oslo_config/cfg.py:2609
2025-06-23 00:40:35.013 137350 DEBUG oslo_service.service [req-05b46998-328c-40c3-9096-2074547abe23 - - - - -] api.config_drive_skip_versions = 1.0 2007-01-19 2007-03-01 2007-08-29 2007-10-10 2007-12-15 2008-02-01 2008-09-01 log_opt_values /usr/lib/python3/dist-packages/oslo_config/cfg.py:2609
2025-06-23 00:40:35.013 137350 DEBUG oslo_service.service [req-05b46998-328c-40c3-9096-2074547abe23 - - - - -] api.dhcp_domain = novalocal log_opt_values /usr/lib/python3/dist-packages/oslo_config/cfg.py:2609
2025-06-23 00:40:35.013 137350 DEBUG oslo_service.service [req-05b46998-328c-40c3-9096-2074547abe23 - - - - -] api.enable_instance_password = True log_opt_values /usr/lib/python3/dist-packages/oslo_config/cfg.py:2609
2025-06-23 00:40:35.013 137350 DEBUG oslo_service.service [req-05b46998-328c-40c3-9096-2074547abe23 - - - - -] api.glance_link_prefix = None log_opt_values /usr/lib/python3/dist-packages/oslo_config/cfg.py:2609
2025-06-23 00:40:35.013 137350 DEBUG oslo_service.service [req-05b46998-328c-40c3-9096-2074547abe23 - - - - -] api.instance_list_cells_batch_fixed_size = 100 log_opt_values /usr/lib/python3/dist-packages/oslo_config/cfg.py:2609
2025-06-23 00:40:35.013 137350 DEBUG oslo_service.service [req-05b46998-328c-40c3-9096-2074547abe23 - - - - -] api.instance_list_cells_batch_strategy = distributed log_opt_values /usr/lib/python3/dist-packages/oslo_config/cfg.py:2609
2025-06-23 00:40:35.014 137350 DEBUG oslo_service.service [req-05b46998-328c-40c3-9096-2074547abe23 - - - - -] api.instance_list_per_project_cells = False log_opt_values /usr/lib/python3/dist-packages/oslo_config/cfg.py:2609
2025-06-23 00:40:35.014 137350 DEBUG oslo_service.service [req-05b46998-328c-40c3-9096-2074547abe23 - - - - -] api.list_records_by_skipping_down_cells = True log_opt_values /usr/lib/python3/dist-packages/oslo_config/cfg.py:2609
2025-06-23 00:40:35.014 137350 DEBUG oslo_service.service [req-05b46998-328c-40c3-9096-2074547abe23 - - - - -] api.local_metadata_per_cell = False log_opt_values /usr/lib/python3/dist-packages/oslo_config/cfg.py:2609
2025-06-23 00:40:35.014 137350 DEBUG oslo_service.service [req-05b46998-328c-40c3-9096-2074547abe23 - - - - -] api.max_limit = 1000 log_opt_values /usr/lib/python3/dist-packages/oslo_config/cfg.py:2609
2025-06-23 00:40:35.014 137350 DEBUG oslo_service.service [req-05b46998-328c-40c3-9096-2074547abe23 - - - - -] api.metadata_cache_expiration = 15 log_opt_values /usr/lib/python3/dist-packages/oslo_config/cfg.py:2609
2025-06-23 00:40:35.015 137350 DEBUG oslo_service.service [req-05b46998-328c-40c3-9096-2074547abe23 - - - - -] api.neutron_default_tenant_id = default log_opt_values /usr/lib/python3/dist-packages/oslo_config/cfg.py:2609
2025-06-23 00:40:35.015 137350 DEBUG oslo_service.service [req-05b46998-328c-40c3-9096-2074547abe23 - - - - -] api.use_forwarded_for = False log_opt_values /usr/lib/python3/dist-packages/oslo_config/cfg.py:2609
2025-06-23 00:40:35.015 138258 DEBUG oslo_messaging._drivers.amqpdriver [-] Listener is running poll /usr/lib/python3/dist-packages/oslo_messaging/_drivers/amqpdriver.py:343
2025-06-23 00:40:35.015 137350 DEBUG oslo_service.service [req-05b46998-328c-40c3-9096-2074547abe23 - - - - -] api.use_neutron_default_nets = False log_opt_values /usr/lib/python3/dist-packages/oslo_config/cfg.py:2609
2025-06-23 00:40:35.015 138258 DEBUG oslo_messaging._drivers.amqpdriver [-] AMQPListener connection consume poll /usr/lib/python3/dist-packages/oslo_messaging/_drivers/amqpdriver.py:357
2025-06-23 00:40:35.015 137350 DEBUG oslo_service.service [req-05b46998-328c-40c3-9096-2074547abe23 - - - - -] api.vendordata_dynamic_connect_timeout = 5 log_opt_values /usr/lib/python3/dist-packages/oslo_config/cfg.py:2609
2025-06-23 00:40:35.015 137350 DEBUG oslo_service.service [req-05b46998-328c-40c3-9096-2074547abe23 - - - - -] api.vendordata_dynamic_failure_fatal = False log_opt_values /usr/lib/python3/dist-packages/oslo_config/cfg.py:2609
2025-06-23 00:40:35.016 137350 DEBUG oslo_service.service [req-05b46998-328c-40c3-9096-2074547abe23 - - - - -] api.vendordata_dynamic_read_timeout = 5 log_opt_values /usr/lib/python3/dist-packages/oslo_config/cfg.py:2609
2025-06-23 00:40:35.016 138258 DEBUG nova.service [req-9cf50be6-cb4a-4b94-8695-f96af1f7e385 - - - - -] Join ServiceGroup membership for this service scheduler start /usr/lib/python3/dist-packages/nova/service.py:199
2025-06-23 00:40:35.016 137350 DEBUG oslo_service.service [req-05b46998-328c-40c3-9096-2074547abe23 - - - - -] api.vendordata_dynamic_ssl_certfile = log_opt_values /usr/lib/python3/dist-packages/oslo_config/cfg.py:2609
2025-06-23 00:40:35.016 138258 DEBUG nova.servicegroup.drivers.db [req-9cf50be6-cb4a-4b94-8695-f96af1f7e385 - - - - -] DB_Driver: join new ServiceGroup member juju-9b47ba-0-lxd-7 to the scheduler group, service = join /usr/lib/python3/dist-packages/nova/servicegroup/drivers/db.py:44
2025-06-23 00:40:35.016 138259 DEBUG nova.service [req-f20f6d24-ccb6-48e1-ad40-59fbc36a4022 - - - - -] Join ServiceGroup membership for this service scheduler start /usr/lib/python3/dist-packages/nova/service.py:199
2025-06-23 00:40:35.016 137350 DEBUG oslo_service.service [req-05b46998-328c-40c3-9096-2074547abe23 - - - - -] api.vendordata_dynamic_targets = [] log_opt_values /usr/lib/python3/dist-packages/oslo_config/cfg.py:2609
2025-06-23 00:40:35.016 138259 DEBUG nova.servicegroup.drivers.db [req-f20f6d24-ccb6-48e1-ad40-59fbc36a4022 - - - - -] DB_Driver: join new ServiceGroup member juju-9b47ba-0-lxd-7 to the scheduler group, service = join /usr/lib/python3/dist-packages/nova/servicegroup/drivers/db.py:44
2025-06-23 00:40:35.017 137350 DEBUG oslo_service.service [req-05b46998-328c-40c3-9096-2074547abe23 - - - - -] api.vendordata_jsonfile_path = None log_opt_values /usr/lib/python3/dist-packages/oslo_config/cfg.py:2609
2025-06-23 00:40:35.017 137350 DEBUG oslo_service.service [req-05b46998-328c-40c3-9096-2074547abe23 - - - - -] api.vendordata_providers = ['StaticJSON'] log_opt_values /usr/lib/python3/dist-packages/oslo_config/cfg.py:2609
2025-06-23 00:40:35.017 137350 DEBUG oslo_service.service [req-05b46998-328c-40c3-9096-2074547abe23 - - - - -] cache.backend = dogpile.cache.null log_opt_values /usr/lib/python3/dist-packages/oslo_config/cfg.py:2609
2025-06-23 00:40:35.017 137350 DEBUG oslo_service.service [req-05b46998-328c-40c3-9096-2074547abe23 - - - - -] cache.backend_argument = **** log_opt_values /usr/lib/python3/dist-packages/oslo_config/cfg.py:2609
2025-06-23 00:40:35.017 137350 DEBUG oslo_service.service [req-05b46998-328c-40c3-9096-2074547abe23 - - - - -] cache.config_prefix = cache.oslo log_opt_values /usr/lib/python3/dist-packages/oslo_config/cfg.py:2609
2025-06-23 00:40:35.017 138259 DEBUG oslo_messaging._drivers.amqpdriver [-] AMQPListener connection timeout poll /usr/lib/python3/dist-packages/oslo_messaging/_drivers/amqpdriver.py:360
2025-06-23 00:40:35.018 137350 DEBUG oslo_service.service [req-05b46998-328c-40c3-9096-2074547abe23 - - - - -] cache.debug_cache_backend = False log_opt_values /usr/lib/python3/dist-packages/oslo_config/cfg.py:2609
2025-06-23 00:40:35.018 137350 DEBUG oslo_service.service [req-05b46998-328c-40c3-9096-2074547abe23 - - - - -] cache.enabled = False log_opt_values /usr/lib/python3/dist-packages/oslo_config/cfg.py:2609
2025-06-23 00:40:35.018 138259 DEBUG oslo_messaging._drivers.amqpdriver [-] Listener is running poll /usr/lib/python3/dist-packages/oslo_messaging/_drivers/amqpdriver.py:343
2025-06-23 00:40:35.018 137350 DEBUG oslo_service.service [req-05b46998-328c-40c3-9096-2074547abe23 - - - - -] cache.expiration_time = 600 log_opt_values /usr/lib/python3/dist-packages/oslo_config/cfg.py:2609
2025-06-23 00:40:35.018 138259 DEBUG oslo_messaging._drivers.amqpdriver [-] AMQPListener connection consume poll /usr/lib/python3/dist-packages/oslo_messaging/_drivers/amqpdriver.py:357
2025-06-23 00:40:35.018 137350 DEBUG oslo_service.service [req-05b46998-328c-40c3-9096-2074547abe23 - - - - -] cache.memcache_dead_retry = 300 log_opt_values /usr/lib/python3/dist-packages/oslo_config/cfg.py:2609
2025-06-23 00:40:35.018 137350 DEBUG oslo_service.service [req-05b46998-328c-40c3-9096-2074547abe23 - - - - -] cache.memcache_pool_connection_get_timeout = 10 log_opt_values /usr/lib/python3/dist-packages/oslo_config/cfg.py:2609
2025-06-23 00:40:35.019 137350 DEBUG oslo_service.service [req-05b46998-328c-40c3-9096-2074547abe23 - - - - -] cache.memcache_pool_flush_on_reconnect = False log_opt_values /usr/lib/python3/dist-packages/oslo_config/cfg.py:2609
2025-06-23 00:40:35.019 137350 DEBUG oslo_service.service [req-05b46998-328c-40c3-9096-2074547abe23 - - - - -] cache.memcache_pool_maxsize = 10 log_opt_values /usr/lib/python3/dist-packages/oslo_config/cfg.py:2609
2025-06-23 00:40:35.019 138258 DEBUG oslo_messaging._drivers.amqpdriver [-] AMQPListener connection timeout poll /usr/lib/python3/dist-packages/oslo_messaging/_drivers/amqpdriver.py:360
2025-06-23 00:40:35.019 137350 DEBUG oslo_service.service [req-05b46998-328c-40c3-9096-2074547abe23 - - - - -] cache.memcache_pool_unused_timeout = 60 log_opt_values /usr/lib/python3/dist-packages/oslo_config/cfg.py:2609
2025-06-23 00:40:35.019 138258 DEBUG oslo_messaging._drivers.amqpdriver [-] Listener is running poll /usr/lib/python3/dist-packages/oslo_messaging/_drivers/amqpdriver.py:343
2025-06-23 00:40:35.019 138258 DEBUG oslo_messaging._drivers.amqpdriver [-] AMQPListener connection consume poll /usr/lib/python3/dist-packages/oslo_messaging/_drivers/amqpdriver.py:357
2025-06-23 00:40:35.019 137350 DEBUG oslo_service.service [req-05b46998-328c-40c3-9096-2074547abe23 - - - - -] cache.memcache_servers = ['localhost:11211'] log_opt_values /usr/lib/python3/dist-packages/oslo_config/cfg.py:2609
2025-06-23 00:40:35.019 137350 DEBUG oslo_service.service [req-05b46998-328c-40c3-9096-2074547abe23 - - - - -] cache.memcache_socket_timeout = 1.0 log_opt_values /usr/lib/python3/dist-packages/oslo_config/cfg.py:2609
2025-06-23 00:40:35.020 137350 DEBUG oslo_service.service [req-05b46998-328c-40c3-9096-2074547abe23 - - - - -] cache.proxies = [] log_opt_values /usr/lib/python3/dist-packages/oslo_config/cfg.py:2609
2025-06-23 00:40:35.019 138262 DEBUG nova.service [req-6a4dde52-fade-4175-a928-7a29f584af41 - - - - -] Creating RPC server for service scheduler start /usr/lib/python3/dist-packages/nova/service.py:182
2025-06-23 00:40:35.020 137350 DEBUG oslo_service.service [req-05b46998-328c-40c3-9096-2074547abe23 - - - - -] cache.tls_allowed_ciphers = None log_opt_values /usr/lib/python3/dist-packages/oslo_config/cfg.py:2609
2025-06-23 00:40:35.020 137350 DEBUG oslo_service.service [req-05b46998-328c-40c3-9096-2074547abe23 - - - - -] cache.tls_cafile = None log_opt_values /usr/lib/python3/dist-packages/oslo_config/cfg.py:2609
2025-06-23 00:40:35.020 137350 DEBUG oslo_service.service [req-05b46998-328c-40c3-9096-2074547abe23 - - - - -] cache.tls_certfile = None log_opt_values /usr/lib/python3/dist-packages/oslo_config/cfg.py:2609
2025-06-23 00:40:35.020 137350 DEBUG oslo_service.service [req-05b46998-328c-40c3-9096-2074547abe23 - - - - -] cache.tls_enabled = False log_opt_values /usr/lib/python3/dist-packages/oslo_config/cfg.py:2609
2025-06-23 00:40:35.021 137350 DEBUG oslo_service.service [req-05b46998-328c-40c3-9096-2074547abe23 - - - - -] cache.tls_keyfile = None log_opt_values /usr/lib/python3/dist-packages/oslo_config/cfg.py:2609
2025-06-23 00:40:35.021 137350 DEBUG oslo_service.service [req-05b46998-328c-40c3-9096-2074547abe23 - - - - -] cinder.auth_section = None log_opt_values /usr/lib/python3/dist-packages/oslo_config/cfg.py:2609
2025-06-23 00:40:35.021 137350 DEBUG oslo_service.service [req-05b46998-328c-40c3-9096-2074547abe23 - - - - -] cinder.auth_type = None log_opt_values /usr/lib/python3/dist-packages/oslo_config/cfg.py:2609
2025-06-23 00:40:35.021 137350 DEBUG oslo_service.service [req-05b46998-328c-40c3-9096-2074547abe23 - - - - -] cinder.cafile = None log_opt_values /usr/lib/python3/dist-packages/oslo_config/cfg.py:2609
2025-06-23 00:40:35.022 137350 DEBUG oslo_service.service [req-05b46998-328c-40c3-9096-2074547abe23 - - - - -] cinder.catalog_info = volumev3::publicURL log_opt_values /usr/lib/python3/dist-packages/oslo_config/cfg.py:2609
2025-06-23 00:40:35.022 137350 DEBUG oslo_service.service [req-05b46998-328c-40c3-9096-2074547abe23 - - - - -] cinder.certfile = None log_opt_values /usr/lib/python3/dist-packages/oslo_config/cfg.py:2609
2025-06-23 00:40:35.022 137350 DEBUG oslo_service.service [req-05b46998-328c-40c3-9096-2074547abe23 - - - - -] cinder.collect_timing = False log_opt_values /usr/lib/python3/dist-packages/oslo_config/cfg.py:2609
2025-06-23 00:40:35.022 137350 DEBUG oslo_service.service [req-05b46998-328c-40c3-9096-2074547abe23 - - - - -] cinder.cross_az_attach = True log_opt_values /usr/lib/python3/dist-packages/oslo_config/cfg.py:2609
2025-06-23 00:40:35.022 137350 DEBUG oslo_service.service [req-05b46998-328c-40c3-9096-2074547abe23 - - - - -] cinder.debug = False log_opt_values /usr/lib/python3/dist-packages/oslo_config/cfg.py:2609
2025-06-23 00:40:35.022 137350 DEBUG oslo_service.service [req-05b46998-328c-40c3-9096-2074547abe23 - - - - -] cinder.endpoint_template = None log_opt_values /usr/lib/python3/dist-packages/oslo_config/cfg.py:2609
2025-06-23 00:40:35.023 137350 DEBUG oslo_service.service [req-05b46998-328c-40c3-9096-2074547abe23 - - - - -] cinder.http_retries = 3 log_opt_values /usr/lib/python3/dist-packages/oslo_config/cfg.py:2609
2025-06-23 00:40:35.023 137350 DEBUG oslo_service.service [req-05b46998-328c-40c3-9096-2074547abe23 - - - - -] cinder.insecure = False log_opt_values /usr/lib/python3/dist-packages/oslo_config/cfg.py:2609
2025-06-23 00:40:35.023 137350 DEBUG oslo_service.service [req-05b46998-328c-40c3-9096-2074547abe23 - - - - -] cinder.keyfile = None log_opt_values /usr/lib/python3/dist-packages/oslo_config/cfg.py:2609
2025-06-23 00:40:35.023 137350 DEBUG oslo_service.service [req-05b46998-328c-40c3-9096-2074547abe23 - - - - -] cinder.os_region_name = None log_opt_values /usr/lib/python3/dist-packages/oslo_config/cfg.py:2609
2025-06-23 00:40:35.023 137350 DEBUG oslo_service.service [req-05b46998-328c-40c3-9096-2074547abe23 - - - - -] cinder.split_loggers = False log_opt_values /usr/lib/python3/dist-packages/oslo_config/cfg.py:2609
2025-06-23 00:40:35.024 137350 DEBUG oslo_service.service [req-05b46998-328c-40c3-9096-2074547abe23 - - - - -] cinder.timeout = None log_opt_values /usr/lib/python3/dist-packages/oslo_config/cfg.py:2609
2025-06-23 00:40:35.024 137350 DEBUG oslo_service.service [req-05b46998-328c-40c3-9096-2074547abe23 - - - - -] compute.consecutive_build_service_disable_threshold = 10 log_opt_values /usr/lib/python3/dist-packages/oslo_config/cfg.py:2609
2025-06-23 00:40:35.024 137350 DEBUG oslo_service.service [req-05b46998-328c-40c3-9096-2074547abe23 - - - - -] compute.cpu_dedicated_set = None log_opt_values /usr/lib/python3/dist-packages/oslo_config/cfg.py:2609
2025-06-23 00:40:35.024 137350 DEBUG oslo_service.service [req-05b46998-328c-40c3-9096-2074547abe23 - - - - -] compute.cpu_shared_set = None log_opt_values /usr/lib/python3/dist-packages/oslo_config/cfg.py:2609
2025-06-23 00:40:35.024 137350 DEBUG oslo_service.service [req-05b46998-328c-40c3-9096-2074547abe23 - - - - -] compute.image_type_exclude_list = [] log_opt_values /usr/lib/python3/dist-packages/oslo_config/cfg.py:2609
2025-06-23 00:40:35.024 137350 DEBUG oslo_service.service [req-05b46998-328c-40c3-9096-2074547abe23 - - - - -] compute.live_migration_wait_for_vif_plug = True log_opt_values /usr/lib/python3/dist-packages/oslo_config/cfg.py:2609
2025-06-23 00:40:35.025 137350 DEBUG oslo_service.service [req-05b46998-328c-40c3-9096-2074547abe23 - - - - -] compute.max_concurrent_disk_ops = 0 log_opt_values /usr/lib/python3/dist-packages/oslo_config/cfg.py:2609
2025-06-23 00:40:35.025 137350 DEBUG oslo_service.service [req-05b46998-328c-40c3-9096-2074547abe23 - - - - -] compute.max_disk_devices_to_attach = -1 log_opt_values /usr/lib/python3/dist-packages/oslo_config/cfg.py:2609
2025-06-23 00:40:35.025 137350 DEBUG oslo_service.service [req-05b46998-328c-40c3-9096-2074547abe23 - - - - -] compute.packing_host_numa_cells_allocation_strategy = True log_opt_values /usr/lib/python3/dist-packages/oslo_config/cfg.py:2609
2025-06-23 00:40:35.025 137350 DEBUG oslo_service.service [req-05b46998-328c-40c3-9096-2074547abe23 - - - - -] compute.provider_config_location = /etc/nova/provider_config/ log_opt_values /usr/lib/python3/dist-packages/oslo_config/cfg.py:2609
