2025-06-23 00:40:34.766 137355 DEBUG oslo_service.service [req-5b872c99-b176-4629-b41a-fce7593b4e11 - - - - -] logging_exception_prefix = %(asctime)s.%(msecs)03d %(process)d ERROR %(name)s %(instance)s log_opt_values /usr/lib/python3/dist-packages/oslo_config/cfg.py:2602
2025-06-23 00:40:34.766 137355 DEBUG oslo_service.service [req-5b872c99-b176-4629-b41a-fce7593b4e11 - - - - -] logging_user_identity_format = %(user)s %(project)s %(domain)s %(user_domain)s %(project_domain)s log_opt_values /usr/lib/python3/dist-packages/oslo_config/cfg.py:2602
2025-06-23 00:40:34.766 137355 DEBUG oslo_service.service [req-5b872c99-b176-4629-b41a-fce7593b4e11 - - - - -] long_rpc_timeout = 1800 log_opt_values /usr/lib/python3/dist-packages/oslo_config/cfg.py:2602
2025-06-23 00:40:34.767 137355 DEBUG oslo_service.service [req-5b872c99-b176-4629-b41a-fce7593b4e11 - - - - -] max_concurrent_builds = 10 log_opt_values /usr/lib/python3/dist-packages/oslo_config/cfg.py:2602
2025-06-23 00:40:34.767 137355 DEBUG oslo_service.service [req-5b872c99-b176-4629-b41a-fce7593b4e11 - - - - -] max_concurrent_live_migrations = 1 log_opt_values /usr/lib/python3/dist-packages/oslo_config/cfg.py:2602
2025-06-23 00:40:34.767 137355 DEBUG oslo_service.service [req-5b872c99-b176-4629-b41a-fce7593b4e11 - - - - -] max_concurrent_snapshots = 5 log_opt_values /usr/lib/python3/dist-packages/oslo_config/cfg.py:2602
2025-06-23 00:40:34.767 137355 DEBUG oslo_service.service [req-5b872c99-b176-4629-b41a-fce7593b4e11 - - - - -] max_local_block_devices = 3 log_opt_values /usr/lib/python3/dist-packages/oslo_config/cfg.py:2602
2025-06-23 00:40:34.767 137355 DEBUG oslo_service.service [req-5b872c99-b176-4629-b41a-fce7593b4e11 - - - - -] max_logfile_count = 30 log_opt_values /usr/lib/python3/dist-packages/oslo_config/cfg.py:2602
2025-06-23 00:40:34.767 137355 DEBUG oslo_service.service [req-5b872c99-b176-4629-b41a-fce7593b4e11 - - - - -] max_logfile_size_mb = 200 log_opt_values /usr/lib/python3/dist-packages/oslo_config/cfg.py:2602
2025-06-23 00:40:34.768 137355 DEBUG oslo_service.service [req-5b872c99-b176-4629-b41a-fce7593b4e11 - - - - -] maximum_instance_delete_attempts = 5 log_opt_values /usr/lib/python3/dist-packages/oslo_config/cfg.py:2602
2025-06-23 00:40:34.770 138191 INFO nova.service [-] Starting conductor node (version 25.2.1)
2025-06-23 00:40:34.768 137355 DEBUG oslo_service.service [req-5b872c99-b176-4629-b41a-fce7593b4e11 - - - - -] metadata_listen = 0.0.0.0 log_opt_values /usr/lib/python3/dist-packages/oslo_config/cfg.py:2602
2025-06-23 00:40:34.772 137355 DEBUG oslo_service.service [req-5b872c99-b176-4629-b41a-fce7593b4e11 - - - - -] metadata_listen_port = 8765 log_opt_values /usr/lib/python3/dist-packages/oslo_config/cfg.py:2602
2025-06-23 00:40:34.773 137355 DEBUG oslo_service.service [req-5b872c99-b176-4629-b41a-fce7593b4e11 - - - - -] metadata_workers = None log_opt_values /usr/lib/python3/dist-packages/oslo_config/cfg.py:2602
2025-06-23 00:40:34.773 137355 DEBUG oslo_service.service [req-5b872c99-b176-4629-b41a-fce7593b4e11 - - - - -] migrate_max_retries = -1 log_opt_values /usr/lib/python3/dist-packages/oslo_config/cfg.py:2602
2025-06-23 00:40:34.774 137355 DEBUG oslo_service.service [req-5b872c99-b176-4629-b41a-fce7593b4e11 - - - - -] mkisofs_cmd = genisoimage log_opt_values /usr/lib/python3/dist-packages/oslo_config/cfg.py:2602
2025-06-23 00:40:34.775 137355 DEBUG oslo_service.service [req-5b872c99-b176-4629-b41a-fce7593b4e11 - - - - -] my_block_storage_ip = 252.22.87.100 log_opt_values /usr/lib/python3/dist-packages/oslo_config/cfg.py:2602
2025-06-23 00:40:34.775 137355 DEBUG oslo_service.service [req-5b872c99-b176-4629-b41a-fce7593b4e11 - - - - -] my_ip = 252.22.87.100 log_opt_values /usr/lib/python3/dist-packages/oslo_config/cfg.py:2602
2025-06-23 00:40:34.775 137355 DEBUG oslo_service.service [req-5b872c99-b176-4629-b41a-fce7593b4e11 - - - - -] network_allocate_retries = 0 log_opt_values /usr/lib/python3/dist-packages/oslo_config/cfg.py:2602
2025-06-23 00:40:34.775 137355 DEBUG oslo_service.service [req-5b872c99-b176-4629-b41a-fce7593b4e11 - - - - -] non_inheritable_image_properties = ['cache_in_nova', 'bittorrent'] log_opt_values /usr/lib/python3/dist-packages/oslo_config/cfg.py:2602
2025-06-23 00:40:34.775 137355 DEBUG oslo_service.service [req-5b872c99-b176-4629-b41a-fce7593b4e11 - - - - -] osapi_compute_listen = 0.0.0.0 log_opt_values /usr/lib/python3/dist-packages/oslo_config/cfg.py:2602
2025-06-23 00:40:34.776 137355 DEBUG oslo_service.service [req-5b872c99-b176-4629-b41a-fce7593b4e11 - - - - -] osapi_compute_listen_port = 8764 log_opt_values /usr/lib/python3/dist-packages/oslo_config/cfg.py:2602
2025-06-23 00:40:34.776 137355 DEBUG oslo_service.service [req-5b872c99-b176-4629-b41a-fce7593b4e11 - - - - -] osapi_compute_unique_server_name_scope = log_opt_values /usr/lib/python3/dist-packages/oslo_config/cfg.py:2602
2025-06-23 00:40:34.776 137355 DEBUG oslo_service.service [req-5b872c99-b176-4629-b41a-fce7593b4e11 - - - - -] osapi_compute_workers = 4 log_opt_values /usr/lib/python3/dist-packages/oslo_config/cfg.py:2602
2025-06-23 00:40:34.776 137355 DEBUG oslo_service.service [req-5b872c99-b176-4629-b41a-fce7593b4e11 - - - - -] password_length = 12 log_opt_values /usr/lib/python3/dist-packages/oslo_config/cfg.py:2602
2025-06-23 00:40:34.776 137355 DEBUG oslo_service.service [req-5b872c99-b176-4629-b41a-fce7593b4e11 - - - - -] periodic_enable = True log_opt_values /usr/lib/python3/dist-packages/oslo_config/cfg.py:2602
2025-06-23 00:40:34.776 137355 DEBUG oslo_service.service [req-5b872c99-b176-4629-b41a-fce7593b4e11 - - - - -] periodic_fuzzy_delay = 60 log_opt_values /usr/lib/python3/dist-packages/oslo_config/cfg.py:2602
2025-06-23 00:40:34.777 137355 DEBUG oslo_service.service [req-5b872c99-b176-4629-b41a-fce7593b4e11 - - - - -] pointer_model = usbtablet log_opt_values /usr/lib/python3/dist-packages/oslo_config/cfg.py:2602
2025-06-23 00:40:34.777 137355 DEBUG oslo_service.service [req-5b872c99-b176-4629-b41a-fce7593b4e11 - - - - -] preallocate_images = none log_opt_values /usr/lib/python3/dist-packages/oslo_config/cfg.py:2602
2025-06-23 00:40:34.777 137355 DEBUG oslo_service.service [req-5b872c99-b176-4629-b41a-fce7593b4e11 - - - - -] publish_errors = False log_opt_values /usr/lib/python3/dist-packages/oslo_config/cfg.py:2602
2025-06-23 00:40:34.777 137355 DEBUG oslo_service.service [req-5b872c99-b176-4629-b41a-fce7593b4e11 - - - - -] pybasedir = /usr/lib/python3/dist-packages log_opt_values /usr/lib/python3/dist-packages/oslo_config/cfg.py:2602
2025-06-23 00:40:34.777 138188 DEBUG nova.service [req-51b2e556-1e1f-4934-8d90-c20714b363b9 - - - - -] Creating RPC server for service conductor start /usr/lib/python3/dist-packages/nova/service.py:182
2025-06-23 00:40:34.777 137355 DEBUG oslo_service.service [req-5b872c99-b176-4629-b41a-fce7593b4e11 - - - - -] ram_allocation_ratio = 0.98 log_opt_values /usr/lib/python3/dist-packages/oslo_config/cfg.py:2602
2025-06-23 00:40:34.778 137355 DEBUG oslo_service.service [req-5b872c99-b176-4629-b41a-fce7593b4e11 - - - - -] rate_limit_burst = 0 log_opt_values /usr/lib/python3/dist-packages/oslo_config/cfg.py:2602
2025-06-23 00:40:34.778 137355 DEBUG oslo_service.service [req-5b872c99-b176-4629-b41a-fce7593b4e11 - - - - -] rate_limit_except_level = CRITICAL log_opt_values /usr/lib/python3/dist-packages/oslo_config/cfg.py:2602
2025-06-23 00:40:34.778 137355 DEBUG oslo_service.service [req-5b872c99-b176-4629-b41a-fce7593b4e11 - - - - -] rate_limit_interval = 0 log_opt_values /usr/lib/python3/dist-packages/oslo_config/cfg.py:2602
2025-06-23 00:40:34.778 137355 DEBUG oslo_service.service [req-5b872c99-b176-4629-b41a-fce7593b4e11 - - - - -] reboot_timeout = 0 log_opt_values /usr/lib/python3/dist-packages/oslo_config/cfg.py:2602
2025-06-23 00:40:34.778 138190 DEBUG oslo_db.sqlalchemy.engines [req-0ab9c27b-dfd4-4879-aa91-50f8f07eb8b0 - - - - -] MySQL server mode set to STRICT_TRANS_TABLES,STRICT_ALL_TABLES,NO_ZERO_IN_DATE,NO_ZERO_DATE,ERROR_FOR_DIVISION_BY_ZERO,TRADITIONAL,NO_ENGINE_SUBSTITUTION _check_effective_sql_mode /usr/lib/python3/dist-packages/oslo_db/sqlalchemy/engines.py:314
2025-06-23 00:40:34.778 137355 DEBUG oslo_service.service [req-5b872c99-b176-4629-b41a-fce7593b4e11 - - - - -] reclaim_instance_interval = 0 log_opt_values /usr/lib/python3/dist-packages/oslo_config/cfg.py:2602
2025-06-23 00:40:34.783 137355 DEBUG oslo_service.service [req-5b872c99-b176-4629-b41a-fce7593b4e11 - - - - -] record = None log_opt_values /usr/lib/python3/dist-packages/oslo_config/cfg.py:2602
2025-06-23 00:40:34.783 137355 DEBUG oslo_service.service [req-5b872c99-b176-4629-b41a-fce7593b4e11 - - - - -] report_interval = 10 log_opt_values /usr/lib/python3/dist-packages/oslo_config/cfg.py:2602
2025-06-23 00:40:34.783 137355 DEBUG oslo_service.service [req-5b872c99-b176-4629-b41a-fce7593b4e11 - - - - -] rescue_timeout = 0 log_opt_values /usr/lib/python3/dist-packages/oslo_config/cfg.py:2602
2025-06-23 00:40:34.783 137355 DEBUG oslo_service.service [req-5b872c99-b176-4629-b41a-fce7593b4e11 - - - - -] reserved_host_cpus = 0 log_opt_values /usr/lib/python3/dist-packages/oslo_config/cfg.py:2602
2025-06-23 00:40:34.784 137355 DEBUG oslo_service.service [req-5b872c99-b176-4629-b41a-fce7593b4e11 - - - - -] reserved_host_disk_mb = 0 log_opt_values /usr/lib/python3/dist-packages/oslo_config/cfg.py:2602
2025-06-23 00:40:34.784 137355 DEBUG oslo_service.service [req-5b872c99-b176-4629-b41a-fce7593b4e11 - - - - -] reserved_host_memory_mb = 512 log_opt_values /usr/lib/python3/dist-packages/oslo_config/cfg.py:2602
2025-06-23 00:40:34.784 137355 DEBUG oslo_service.service [req-5b872c99-b176-4629-b41a-fce7593b4e11 - - - - -] reserved_huge_pages = None log_opt_values /usr/lib/python3/dist-packages/oslo_config/cfg.py:2602
2025-06-23 00:40:34.785 137355 DEBUG oslo_service.service [req-5b872c99-b176-4629-b41a-fce7593b4e11 - - - - -] resize_confirm_window = 0 log_opt_values /usr/lib/python3/dist-packages/oslo_config/cfg.py:2602
2025-06-23 00:40:34.785 137355 DEBUG oslo_service.service [req-5b872c99-b176-4629-b41a-fce7593b4e11 - - - - -] resize_fs_using_block_device = False log_opt_values /usr/lib/python3/dist-packages/oslo_config/cfg.py:2602
2025-06-23 00:40:34.785 137355 DEBUG oslo_service.service [req-5b872c99-b176-4629-b41a-fce7593b4e11 - - - - -] resume_guests_state_on_host_boot = False log_opt_values /usr/lib/python3/dist-packages/oslo_config/cfg.py:2602
2025-06-23 00:40:34.786 137355 DEBUG oslo_service.service [req-5b872c99-b176-4629-b41a-fce7593b4e11 - - - - -] rootwrap_config = /etc/nova/rootwrap.conf log_opt_values /usr/lib/python3/dist-packages/oslo_config/cfg.py:2602
2025-06-23 00:40:34.786 137355 DEBUG oslo_service.service [req-5b872c99-b176-4629-b41a-fce7593b4e11 - - - - -] rpc_response_timeout = 60 log_opt_values /usr/lib/python3/dist-packages/oslo_config/cfg.py:2602
2025-06-23 00:40:34.786 137355 DEBUG oslo_service.service [req-5b872c99-b176-4629-b41a-fce7593b4e11 - - - - -] run_external_periodic_tasks = True log_opt_values /usr/lib/python3/dist-packages/oslo_config/cfg.py:2602
2025-06-23 00:40:34.786 137355 DEBUG oslo_service.service [req-5b872c99-b176-4629-b41a-fce7593b4e11 - - - - -] running_deleted_instance_action = reap log_opt_values /usr/lib/python3/dist-packages/oslo_config/cfg.py:2602
2025-06-23 00:40:34.786 137355 DEBUG oslo_service.service [req-5b872c99-b176-4629-b41a-fce7593b4e11 - - - - -] running_deleted_instance_poll_interval = 1800 log_opt_values /usr/lib/python3/dist-packages/oslo_config/cfg.py:2602
2025-06-23 00:40:34.786 137355 DEBUG oslo_service.service [req-5b872c99-b176-4629-b41a-fce7593b4e11 - - - - -] running_deleted_instance_timeout = 0 log_opt_values /usr/lib/python3/dist-packages/oslo_config/cfg.py:2602
2025-06-23 00:40:34.787 137355 DEBUG oslo_service.service [req-5b872c99-b176-4629-b41a-fce7593b4e11 - - - - -] scheduler_instance_sync_interval = 120 log_opt_values /usr/lib/python3/dist-packages/oslo_config/cfg.py:2602
2025-06-23 00:40:34.787 137355 DEBUG oslo_service.service [req-5b872c99-b176-4629-b41a-fce7593b4e11 - - - - -] service_down_time = 60 log_opt_values /usr/lib/python3/dist-packages/oslo_config/cfg.py:2602
2025-06-23 00:40:34.787 137355 DEBUG oslo_service.service [req-5b872c99-b176-4629-b41a-fce7593b4e11 - - - - -] servicegroup_driver = db log_opt_values /usr/lib/python3/dist-packages/oslo_config/cfg.py:2602
2025-06-23 00:40:34.787 137355 DEBUG oslo_service.service [req-5b872c99-b176-4629-b41a-fce7593b4e11 - - - - -] shelved_offload_time = 0 log_opt_values /usr/lib/python3/dist-packages/oslo_config/cfg.py:2602
2025-06-23 00:40:34.787 137355 DEBUG oslo_service.service [req-5b872c99-b176-4629-b41a-fce7593b4e11 - - - - -] shelved_poll_interval = 3600 log_opt_values /usr/lib/python3/dist-packages/oslo_config/cfg.py:2602
2025-06-23 00:40:34.788 137355 DEBUG oslo_service.service [req-5b872c99-b176-4629-b41a-fce7593b4e11 - - - - -] shutdown_timeout = 60 log_opt_values /usr/lib/python3/dist-packages/oslo_config/cfg.py:2602
2025-06-23 00:40:34.788 137355 DEBUG oslo_service.service [req-5b872c99-b176-4629-b41a-fce7593b4e11 - - - - -] source_is_ipv6 = False log_opt_values /usr/lib/python3/dist-packages/oslo_config/cfg.py:2602
2025-06-23 00:40:34.788 137355 DEBUG oslo_service.service [req-5b872c99-b176-4629-b41a-fce7593b4e11 - - - - -] ssl_only = False log_opt_values /usr/lib/python3/dist-packages/oslo_config/cfg.py:2602
2025-06-23 00:40:34.788 137355 DEBUG oslo_service.service [req-5b872c99-b176-4629-b41a-fce7593b4e11 - - - - -] state_path = /var/lib/nova log_opt_values /usr/lib/python3/dist-packages/oslo_config/cfg.py:2602
2025-06-23 00:40:34.788 137355 DEBUG oslo_service.service [req-5b872c99-b176-4629-b41a-fce7593b4e11 - - - - -] sync_power_state_interval = 600 log_opt_values /usr/lib/python3/dist-packages/oslo_config/cfg.py:2602
2025-06-23 00:40:34.788 137355 DEBUG oslo_service.service [req-5b872c99-b176-4629-b41a-fce7593b4e11 - - - - -] sync_power_state_pool_size = 1000 log_opt_values /usr/lib/python3/dist-packages/oslo_config/cfg.py:2602
2025-06-23 00:40:34.789 137355 DEBUG oslo_service.service [req-5b872c99-b176-4629-b41a-fce7593b4e11 - - - - -] syslog_log_facility = LOG_USER log_opt_values /usr/lib/python3/dist-packages/oslo_config/cfg.py:2602
2025-06-23 00:40:34.789 137355 DEBUG oslo_service.service [req-5b872c99-b176-4629-b41a-fce7593b4e11 - - - - -] tempdir = None log_opt_values /usr/lib/python3/dist-packages/oslo_config/cfg.py:2602
2025-06-23 00:40:34.789 137355 DEBUG oslo_service.service [req-5b872c99-b176-4629-b41a-fce7593b4e11 - - - - -] timeout_nbd = 10 log_opt_values /usr/lib/python3/dist-packages/oslo_config/cfg.py:2602
2025-06-23 00:40:34.790 137355 DEBUG oslo_service.service [req-5b872c99-b176-4629-b41a-fce7593b4e11 - - - - -] transport_url = **** log_opt_values /usr/lib/python3/dist-packages/oslo_config/cfg.py:2602
2025-06-23 00:40:34.790 137355 DEBUG oslo_service.service [req-5b872c99-b176-4629-b41a-fce7593b4e11 - - - - -] update_resources_interval = 0 log_opt_values /usr/lib/python3/dist-packages/oslo_config/cfg.py:2602
2025-06-23 00:40:34.790 137355 DEBUG oslo_service.service [req-5b872c99-b176-4629-b41a-fce7593b4e11 - - - - -] use_cow_images = True log_opt_values /usr/lib/python3/dist-packages/oslo_config/cfg.py:2602
2025-06-23 00:40:34.790 137355 DEBUG oslo_service.service [req-5b872c99-b176-4629-b41a-fce7593b4e11 - - - - -] use_eventlog = False log_opt_values /usr/lib/python3/dist-packages/oslo_config/cfg.py:2602
2025-06-23 00:40:34.791 137355 DEBUG oslo_service.service [req-5b872c99-b176-4629-b41a-fce7593b4e11 - - - - -] use_journal = False log_opt_values /usr/lib/python3/dist-packages/oslo_config/cfg.py:2602
2025-06-23 00:40:34.791 137355 DEBUG oslo_service.service [req-5b872c99-b176-4629-b41a-fce7593b4e11 - - - - -] use_json = False log_opt_values /usr/lib/python3/dist-packages/oslo_config/cfg.py:2602
2025-06-23 00:40:34.791 137355 DEBUG oslo_service.service [req-5b872c99-b176-4629-b41a-fce7593b4e11 - - - - -] use_rootwrap_daemon = False log_opt_values /usr/lib/python3/dist-packages/oslo_config/cfg.py:2602
2025-06-23 00:40:34.791 137355 DEBUG oslo_service.service [req-5b872c99-b176-4629-b41a-fce7593b4e11 - - - - -] use_stderr = False log_opt_values /usr/lib/python3/dist-packages/oslo_config/cfg.py:2602
2025-06-23 00:40:34.791 137355 DEBUG oslo_service.service [req-5b872c99-b176-4629-b41a-fce7593b4e11 - - - - -] use_syslog = False log_opt_values /usr/lib/python3/dist-packages/oslo_config/cfg.py:2602
2025-06-23 00:40:34.792 137355 DEBUG oslo_service.service [req-5b872c99-b176-4629-b41a-fce7593b4e11 - - - - -] vcpu_pin_set = None log_opt_values /usr/lib/python3/dist-packages/oslo_config/cfg.py:2602
2025-06-23 00:40:34.792 138191 DEBUG oslo_db.sqlalchemy.engines [req-be536f46-5f68-4411-9c9a-6abff9a1993c - - - - -] MySQL server mode set to STRICT_TRANS_TABLES,STRICT_ALL_TABLES,NO_ZERO_IN_DATE,NO_ZERO_DATE,ERROR_FOR_DIVISION_BY_ZERO,TRADITIONAL,NO_ENGINE_SUBSTITUTION _check_effective_sql_mode /usr/lib/python3/dist-packages/oslo_db/sqlalchemy/engines.py:314
2025-06-23 00:40:34.792 137355 DEBUG oslo_service.service [req-5b872c99-b176-4629-b41a-fce7593b4e11 - - - - -] vif_plugging_is_fatal = True log_opt_values /usr/lib/python3/dist-packages/oslo_config/cfg.py:2602
2025-06-23 00:40:34.795 137355 DEBUG oslo_service.service [req-5b872c99-b176-4629-b41a-fce7593b4e11 - - - - -] vif_plugging_timeout = 300 log_opt_values /usr/lib/python3/dist-packages/oslo_config/cfg.py:2602
2025-06-23 00:40:34.797 138189 DEBUG oslo_db.sqlalchemy.engines [req-23c02976-b709-4328-aafc-f1f3d7e9be85 - - - - -] MySQL server mode set to STRICT_TRANS_TABLES,STRICT_ALL_TABLES,NO_ZERO_IN_DATE,NO_ZERO_DATE,ERROR_FOR_DIVISION_BY_ZERO,TRADITIONAL,NO_ENGINE_SUBSTITUTION _check_effective_sql_mode /usr/lib/python3/dist-packages/oslo_db/sqlalchemy/engines.py:314
2025-06-23 00:40:34.796 137355 DEBUG oslo_service.service [req-5b872c99-b176-4629-b41a-fce7593b4e11 - - - - -] virt_mkfs = [] log_opt_values /usr/lib/python3/dist-packages/oslo_config/cfg.py:2602
2025-06-23 00:40:34.802 137355 DEBUG oslo_service.service [req-5b872c99-b176-4629-b41a-fce7593b4e11 - - - - -] volume_usage_poll_interval = 0 log_opt_values /usr/lib/python3/dist-packages/oslo_config/cfg.py:2602
2025-06-23 00:40:34.802 137355 DEBUG oslo_service.service [req-5b872c99-b176-4629-b41a-fce7593b4e11 - - - - -] watch_log_file = False log_opt_values /usr/lib/python3/dist-packages/oslo_config/cfg.py:2602
2025-06-23 00:40:34.803 137355 DEBUG oslo_service.service [req-5b872c99-b176-4629-b41a-fce7593b4e11 - - - - -] web = /usr/share/spice-html5 log_opt_values /usr/lib/python3/dist-packages/oslo_config/cfg.py:2602
2025-06-23 00:40:34.805 137355 DEBUG oslo_service.service [req-5b872c99-b176-4629-b41a-fce7593b4e11 - - - - -] oslo_concurrency.disable_process_locking = False log_opt_values /usr/lib/python3/dist-packages/oslo_config/cfg.py:2609
2025-06-23 00:40:34.806 137355 DEBUG oslo_service.service [req-5b872c99-b176-4629-b41a-fce7593b4e11 - - - - -] oslo_concurrency.lock_path = /var/lock/nova log_opt_values /usr/lib/python3/dist-packages/oslo_config/cfg.py:2609
2025-06-23 00:40:34.806 137355 DEBUG oslo_service.service [req-5b872c99-b176-4629-b41a-fce7593b4e11 - - - - -] oslo_messaging_metrics.metrics_buffer_size = 1000 log_opt_values /usr/lib/python3/dist-packages/oslo_config/cfg.py:2609
2025-06-23 00:40:34.806 137355 DEBUG oslo_service.service [req-5b872c99-b176-4629-b41a-fce7593b4e11 - - - - -] oslo_messaging_metrics.metrics_enabled = False log_opt_values /usr/lib/python3/dist-packages/oslo_config/cfg.py:2609
2025-06-23 00:40:34.806 137355 DEBUG oslo_service.service [req-5b872c99-b176-4629-b41a-fce7593b4e11 - - - - -] oslo_messaging_metrics.metrics_process_name = log_opt_values /usr/lib/python3/dist-packages/oslo_config/cfg.py:2609
2025-06-23 00:40:34.807 137355 DEBUG oslo_service.service [req-5b872c99-b176-4629-b41a-fce7593b4e11 - - - - -] oslo_messaging_metrics.metrics_socket_file = /var/tmp/metrics_collector.sock log_opt_values /usr/lib/python3/dist-packages/oslo_config/cfg.py:2609
2025-06-23 00:40:34.807 137355 DEBUG oslo_service.service [req-5b872c99-b176-4629-b41a-fce7593b4e11 - - - - -] oslo_messaging_metrics.metrics_thread_stop_timeout = 10 log_opt_values /usr/lib/python3/dist-packages/oslo_config/cfg.py:2609
2025-06-23 00:40:34.807 137355 WARNING oslo_config.cfg [req-5b872c99-b176-4629-b41a-fce7593b4e11 - - - - -] Deprecated: Option "auth_strategy" from group "api" is deprecated for removal ( The only non-default choice, ``noauth2``, is for internal development and testing purposes only and should not be used in deployments. This option and its middleware, NoAuthMiddleware[V2_18], will be removed in a future release. ). Its value may be silently ignored in the future.
2025-06-23 00:40:34.807 137355 DEBUG oslo_service.service [req-5b872c99-b176-4629-b41a-fce7593b4e11 - - - - -] api.auth_strategy = keystone log_opt_values /usr/lib/python3/dist-packages/oslo_config/cfg.py:2609
2025-06-23 00:40:34.808 137355 DEBUG oslo_service.service [req-5b872c99-b176-4629-b41a-fce7593b4e11 - - - - -] api.compute_link_prefix = None log_opt_values /usr/lib/python3/dist-packages/oslo_config/cfg.py:2609
2025-06-23 00:40:34.808 137355 DEBUG oslo_service.service [req-5b872c99-b176-4629-b41a-fce7593b4e11 - - - - -] api.config_drive_skip_versions = 1.0 2007-01-19 2007-03-01 2007-08-29 2007-10-10 2007-12-15 2008-02-01 2008-09-01 log_opt_values /usr/lib/python3/dist-packages/oslo_config/cfg.py:2609
2025-06-23 00:40:34.808 137355 DEBUG oslo_service.service [req-5b872c99-b176-4629-b41a-fce7593b4e11 - - - - -] api.dhcp_domain = novalocal log_opt_values /usr/lib/python3/dist-packages/oslo_config/cfg.py:2609
2025-06-23 00:40:34.808 137355 DEBUG oslo_service.service [req-5b872c99-b176-4629-b41a-fce7593b4e11 - - - - -] api.enable_instance_password = True log_opt_values /usr/lib/python3/dist-packages/oslo_config/cfg.py:2609
2025-06-23 00:40:34.808 137355 DEBUG oslo_service.service [req-5b872c99-b176-4629-b41a-fce7593b4e11 - - - - -] api.glance_link_prefix = None log_opt_values /usr/lib/python3/dist-packages/oslo_config/cfg.py:2609
2025-06-23 00:40:34.809 137355 DEBUG oslo_service.service [req-5b872c99-b176-4629-b41a-fce7593b4e11 - - - - -] api.instance_list_cells_batch_fixed_size = 100 log_opt_values /usr/lib/python3/dist-packages/oslo_config/cfg.py:2609
2025-06-23 00:40:34.809 137355 DEBUG oslo_service.service [req-5b872c99-b176-4629-b41a-fce7593b4e11 - - - - -] api.instance_list_cells_batch_strategy = distributed log_opt_values /usr/lib/python3/dist-packages/oslo_config/cfg.py:2609
2025-06-23 00:40:34.809 137355 DEBUG oslo_service.service [req-5b872c99-b176-4629-b41a-fce7593b4e11 - - - - -] api.instance_list_per_project_cells = False log_opt_values /usr/lib/python3/dist-packages/oslo_config/cfg.py:2609
2025-06-23 00:40:34.809 137355 DEBUG oslo_service.service [req-5b872c99-b176-4629-b41a-fce7593b4e11 - - - - -] api.list_records_by_skipping_down_cells = True log_opt_values /usr/lib/python3/dist-packages/oslo_config/cfg.py:2609
2025-06-23 00:40:34.809 137355 DEBUG oslo_service.service [req-5b872c99-b176-4629-b41a-fce7593b4e11 - - - - -] api.local_metadata_per_cell = False log_opt_values /usr/lib/python3/dist-packages/oslo_config/cfg.py:2609
2025-06-23 00:40:34.810 137355 DEBUG oslo_service.service [req-5b872c99-b176-4629-b41a-fce7593b4e11 - - - - -] api.max_limit = 1000 log_opt_values /usr/lib/python3/dist-packages/oslo_config/cfg.py:2609
2025-06-23 00:40:34.810 137355 DEBUG oslo_service.service [req-5b872c99-b176-4629-b41a-fce7593b4e11 - - - - -] api.metadata_cache_expiration = 15 log_opt_values /usr/lib/python3/dist-packages/oslo_config/cfg.py:2609
2025-06-23 00:40:34.810 137355 DEBUG oslo_service.service [req-5b872c99-b176-4629-b41a-fce7593b4e11 - - - - -] api.neutron_default_tenant_id = default log_opt_values /usr/lib/python3/dist-packages/oslo_config/cfg.py:2609
2025-06-23 00:40:34.810 137355 DEBUG oslo_service.service [req-5b872c99-b176-4629-b41a-fce7593b4e11 - - - - -] api.use_forwarded_for = False log_opt_values /usr/lib/python3/dist-packages/oslo_config/cfg.py:2609
2025-06-23 00:40:34.810 137355 DEBUG oslo_service.service [req-5b872c99-b176-4629-b41a-fce7593b4e11 - - - - -] api.use_neutron_default_nets = False log_opt_values /usr/lib/python3/dist-packages/oslo_config/cfg.py:2609
2025-06-23 00:40:34.812 137355 DEBUG oslo_service.service [req-5b872c99-b176-4629-b41a-fce7593b4e11 - - - - -] api.vendordata_dynamic_connect_timeout = 5 log_opt_values /usr/lib/python3/dist-packages/oslo_config/cfg.py:2609
2025-06-23 00:40:34.812 137355 DEBUG oslo_service.service [req-5b872c99-b176-4629-b41a-fce7593b4e11 - - - - -] api.vendordata_dynamic_failure_fatal = False log_opt_values /usr/lib/python3/dist-packages/oslo_config/cfg.py:2609
2025-06-23 00:40:34.812 137355 DEBUG oslo_service.service [req-5b872c99-b176-4629-b41a-fce7593b4e11 - - - - -] api.vendordata_dynamic_read_timeout = 5 log_opt_values /usr/lib/python3/dist-packages/oslo_config/cfg.py:2609
2025-06-23 00:40:34.812 137355 DEBUG oslo_service.service [req-5b872c99-b176-4629-b41a-fce7593b4e11 - - - - -] api.vendordata_dynamic_ssl_certfile = log_opt_values /usr/lib/python3/dist-packages/oslo_config/cfg.py:2609
2025-06-23 00:40:34.813 137355 DEBUG oslo_service.service [req-5b872c99-b176-4629-b41a-fce7593b4e11 - - - - -] api.vendordata_dynamic_targets = [] log_opt_values /usr/lib/python3/dist-packages/oslo_config/cfg.py:2609
2025-06-23 00:40:34.813 137355 DEBUG oslo_service.service [req-5b872c99-b176-4629-b41a-fce7593b4e11 - - - - -] api.vendordata_jsonfile_path = None log_opt_values /usr/lib/python3/dist-packages/oslo_config/cfg.py:2609
2025-06-23 00:40:34.813 137355 DEBUG oslo_service.service [req-5b872c99-b176-4629-b41a-fce7593b4e11 - - - - -] api.vendordata_providers = ['StaticJSON'] log_opt_values /usr/lib/python3/dist-packages/oslo_config/cfg.py:2609
2025-06-23 00:40:34.813 138190 DEBUG nova.service [req-0ab9c27b-dfd4-4879-aa91-50f8f07eb8b0 - - - - -] Creating RPC server for service conductor start /usr/lib/python3/dist-packages/nova/service.py:182
2025-06-23 00:40:34.813 137355 DEBUG oslo_service.service [req-5b872c99-b176-4629-b41a-fce7593b4e11 - - - - -] cache.backend = dogpile.cache.null log_opt_values /usr/lib/python3/dist-packages/oslo_config/cfg.py:2609
2025-06-23 00:40:34.816 138189 DEBUG nova.service [req-23c02976-b709-4328-aafc-f1f3d7e9be85 - - - - -] Creating RPC server for service conductor start /usr/lib/python3/dist-packages/nova/service.py:182
2025-06-23 00:40:34.815 137355 DEBUG oslo_service.service [req-5b872c99-b176-4629-b41a-fce7593b4e11 - - - - -] cache.backend_argument = **** log_opt_values /usr/lib/python3/dist-packages/oslo_config/cfg.py:2609
2025-06-23 00:40:34.816 137355 DEBUG oslo_service.service [req-5b872c99-b176-4629-b41a-fce7593b4e11 - - - - -] cache.config_prefix = cache.oslo log_opt_values /usr/lib/python3/dist-packages/oslo_config/cfg.py:2609
2025-06-23 00:40:34.816 138191 DEBUG nova.service [req-be536f46-5f68-4411-9c9a-6abff9a1993c - - - - -] Creating RPC server for service conductor start /usr/lib/python3/dist-packages/nova/service.py:182
2025-06-23 00:40:34.817 137355 DEBUG oslo_service.service [req-5b872c99-b176-4629-b41a-fce7593b4e11 - - - - -] cache.debug_cache_backend = False log_opt_values /usr/lib/python3/dist-packages/oslo_config/cfg.py:2609
2025-06-23 00:40:34.817 137355 DEBUG oslo_service.service [req-5b872c99-b176-4629-b41a-fce7593b4e11 - - - - -] cache.enabled = False log_opt_values /usr/lib/python3/dist-packages/oslo_config/cfg.py:2609
2025-06-23 00:40:34.817 137355 DEBUG oslo_service.service [req-5b872c99-b176-4629-b41a-fce7593b4e11 - - - - -] cache.expiration_time = 600 log_opt_values /usr/lib/python3/dist-packages/oslo_config/cfg.py:2609
2025-06-23 00:40:34.817 137355 DEBUG oslo_service.service [req-5b872c99-b176-4629-b41a-fce7593b4e11 - - - - -] cache.memcache_dead_retry = 300 log_opt_values /usr/lib/python3/dist-packages/oslo_config/cfg.py:2609
2025-06-23 00:40:34.817 137355 DEBUG oslo_service.service [req-5b872c99-b176-4629-b41a-fce7593b4e11 - - - - -] cache.memcache_pool_connection_get_timeout = 10 log_opt_values /usr/lib/python3/dist-packages/oslo_config/cfg.py:2609
2025-06-23 00:40:34.818 137355 DEBUG oslo_service.service [req-5b872c99-b176-4629-b41a-fce7593b4e11 - - - - -] cache.memcache_pool_flush_on_reconnect = False log_opt_values /usr/lib/python3/dist-packages/oslo_config/cfg.py:2609
2025-06-23 00:40:34.818 137355 DEBUG oslo_service.service [req-5b872c99-b176-4629-b41a-fce7593b4e11 - - - - -] cache.memcache_pool_maxsize = 10 log_opt_values /usr/lib/python3/dist-packages/oslo_config/cfg.py:2609
2025-06-23 00:40:34.818 137355 DEBUG oslo_service.service [req-5b872c99-b176-4629-b41a-fce7593b4e11 - - - - -] cache.memcache_pool_unused_timeout = 60 log_opt_values /usr/lib/python3/dist-packages/oslo_config/cfg.py:2609
2025-06-23 00:40:34.818 137355 DEBUG oslo_service.service [req-5b872c99-b176-4629-b41a-fce7593b4e11 - - - - -] cache.memcache_servers = ['localhost:11211'] log_opt_values /usr/lib/python3/dist-packages/oslo_config/cfg.py:2609
2025-06-23 00:40:34.819 137355 DEBUG oslo_service.service [req-5b872c99-b176-4629-b41a-fce7593b4e11 - - - - -] cache.memcache_socket_timeout = 1.0 log_opt_values /usr/lib/python3/dist-packages/oslo_config/cfg.py:2609
2025-06-23 00:40:34.819 137355 DEBUG oslo_service.service [req-5b872c99-b176-4629-b41a-fce7593b4e11 - - - - -] cache.proxies = [] log_opt_values /usr/lib/python3/dist-packages/oslo_config/cfg.py:2609
2025-06-23 00:40:34.819 137355 DEBUG oslo_service.service [req-5b872c99-b176-4629-b41a-fce7593b4e11 - - - - -] cache.tls_allowed_ciphers = None log_opt_values /usr/lib/python3/dist-packages/oslo_config/cfg.py:2609
2025-06-23 00:40:34.819 137355 DEBUG oslo_service.service [req-5b872c99-b176-4629-b41a-fce7593b4e11 - - - - -] cache.tls_cafile = None log_opt_values /usr/lib/python3/dist-packages/oslo_config/cfg.py:2609
2025-06-23 00:40:34.819 137355 DEBUG oslo_service.service [req-5b872c99-b176-4629-b41a-fce7593b4e11 - - - - -] cache.tls_certfile = None log_opt_values /usr/lib/python3/dist-packages/oslo_config/cfg.py:2609
2025-06-23 00:40:34.820 137355 DEBUG oslo_service.service [req-5b872c99-b176-4629-b41a-fce7593b4e11 - - - - -] cache.tls_enabled = False log_opt_values /usr/lib/python3/dist-packages/oslo_config/cfg.py:2609
2025-06-23 00:40:34.820 137355 DEBUG oslo_service.service [req-5b872c99-b176-4629-b41a-fce7593b4e11 - - - - -] cache.tls_keyfile = None log_opt_values /usr/lib/python3/dist-packages/oslo_config/cfg.py:2609
2025-06-23 00:40:34.820 137355 DEBUG oslo_service.service [req-5b872c99-b176-4629-b41a-fce7593b4e11 - - - - -] cinder.auth_section = None log_opt_values /usr/lib/python3/dist-packages/oslo_config/cfg.py:2609
2025-06-23 00:40:34.821 137355 DEBUG oslo_service.service [req-5b872c99-b176-4629-b41a-fce7593b4e11 - - - - -] cinder.auth_type = None log_opt_values /usr/lib/python3/dist-packages/oslo_config/cfg.py:2609
2025-06-23 00:40:34.821 137355 DEBUG oslo_service.service [req-5b872c99-b176-4629-b41a-fce7593b4e11 - - - - -] cinder.cafile = None log_opt_values /usr/lib/python3/dist-packages/oslo_config/cfg.py:2609
2025-06-23 00:40:34.821 137355 DEBUG oslo_service.service [req-5b872c99-b176-4629-b41a-fce7593b4e11 - - - - -] cinder.catalog_info = volumev3::publicURL log_opt_values /usr/lib/python3/dist-packages/oslo_config/cfg.py:2609
2025-06-23 00:40:34.821 137355 DEBUG oslo_service.service [req-5b872c99-b176-4629-b41a-fce7593b4e11 - - - - -] cinder.certfile = None log_opt_values /usr/lib/python3/dist-packages/oslo_config/cfg.py:2609
2025-06-23 00:40:34.821 137355 DEBUG oslo_service.service [req-5b872c99-b176-4629-b41a-fce7593b4e11 - - - - -] cinder.collect_timing = False log_opt_values /usr/lib/python3/dist-packages/oslo_config/cfg.py:2609
2025-06-23 00:40:34.823 137355 DEBUG oslo_service.service [req-5b872c99-b176-4629-b41a-fce7593b4e11 - - - - -] cinder.cross_az_attach = True log_opt_values /usr/lib/python3/dist-packages/oslo_config/cfg.py:2609
2025-06-23 00:40:34.823 137355 DEBUG oslo_service.service [req-5b872c99-b176-4629-b41a-fce7593b4e11 - - - - -] cinder.debug = False log_opt_values /usr/lib/python3/dist-packages/oslo_config/cfg.py:2609
2025-06-23 00:40:34.823 137355 DEBUG oslo_service.service [req-5b872c99-b176-4629-b41a-fce7593b4e11 - - - - -] cinder.endpoint_template = None log_opt_values /usr/lib/python3/dist-packages/oslo_config/cfg.py:2609
2025-06-23 00:40:34.823 137355 DEBUG oslo_service.service [req-5b872c99-b176-4629-b41a-fce7593b4e11 - - - - -] cinder.http_retries = 3 log_opt_values /usr/lib/python3/dist-packages/oslo_config/cfg.py:2609
2025-06-23 00:40:34.823 137355 DEBUG oslo_service.service [req-5b872c99-b176-4629-b41a-fce7593b4e11 - - - - -] cinder.insecure = False log_opt_values /usr/lib/python3/dist-packages/oslo_config/cfg.py:2609
2025-06-23 00:40:34.824 137355 DEBUG oslo_service.service [req-5b872c99-b176-4629-b41a-fce7593b4e11 - - - - -] cinder.keyfile = None log_opt_values /usr/lib/python3/dist-packages/oslo_config/cfg.py:2609
2025-06-23 00:40:34.824 137355 DEBUG oslo_service.service [req-5b872c99-b176-4629-b41a-fce7593b4e11 - - - - -] cinder.os_region_name = None log_opt_values /usr/lib/python3/dist-packages/oslo_config/cfg.py:2609
2025-06-23 00:40:34.824 137355 DEBUG oslo_service.service [req-5b872c99-b176-4629-b41a-fce7593b4e11 - - - - -] cinder.split_loggers = False log_opt_values /usr/lib/python3/dist-packages/oslo_config/cfg.py:2609
2025-06-23 00:40:34.824 137355 DEBUG oslo_service.service [req-5b872c99-b176-4629-b41a-fce7593b4e11 - - - - -] cinder.timeout = None log_opt_values /usr/lib/python3/dist-packages/oslo_config/cfg.py:2609
2025-06-23 00:40:34.825 137355 DEBUG oslo_service.service [req-5b872c99-b176-4629-b41a-fce7593b4e11 - - - - -] compute.consecutive_build_service_disable_threshold = 10 log_opt_values /usr/lib/python3/dist-packages/oslo_config/cfg.py:2609
2025-06-23 00:40:34.825 137355 DEBUG oslo_service.service [req-5b872c99-b176-4629-b41a-fce7593b4e11 - - - - -] compute.cpu_dedicated_set = None log_opt_values /usr/lib/python3/dist-packages/oslo_config/cfg.py:2609
2025-06-23 00:40:34.825 137355 DEBUG oslo_service.service [req-5b872c99-b176-4629-b41a-fce7593b4e11 - - - - -] compute.cpu_shared_set = None log_opt_values /usr/lib/python3/dist-packages/oslo_config/cfg.py:2609
2025-06-23 00:40:34.826 137355 DEBUG oslo_service.service [req-5b872c99-b176-4629-b41a-fce7593b4e11 - - - - -] compute.image_type_exclude_list = [] log_opt_values /usr/lib/python3/dist-packages/oslo_config/cfg.py:2609
2025-06-23 00:40:34.826 137355 DEBUG oslo_service.service [req-5b872c99-b176-4629-b41a-fce7593b4e11 - - - - -] compute.live_migration_wait_for_vif_plug = True log_opt_values /usr/lib/python3/dist-packages/oslo_config/cfg.py:2609
2025-06-23 00:40:34.826 137355 DEBUG oslo_service.service [req-5b872c99-b176-4629-b41a-fce7593b4e11 - - - - -] compute.max_concurrent_disk_ops = 0 log_opt_values /usr/lib/python3/dist-packages/oslo_config/cfg.py:2609
2025-06-23 00:40:34.826 137355 DEBUG oslo_service.service [req-5b872c99-b176-4629-b41a-fce7593b4e11 - - - - -] compute.max_disk_devices_to_attach = -1 log_opt_values /usr/lib/python3/dist-packages/oslo_config/cfg.py:2609
2025-06-23 00:40:34.826 137355 DEBUG oslo_service.service [req-5b872c99-b176-4629-b41a-fce7593b4e11 - - - - -] compute.packing_host_numa_cells_allocation_strategy = True log_opt_values /usr/lib/python3/dist-packages/oslo_config/cfg.py:2609
2025-06-23 00:40:34.827 137355 DEBUG oslo_service.service [req-5b872c99-b176-4629-b41a-fce7593b4e11 - - - - -] compute.provider_config_location = /etc/nova/provider_config/ log_opt_values /usr/lib/python3/dist-packages/oslo_config/cfg.py:2609
2025-06-23 00:40:34.827 137355 DEBUG oslo_service.service [req-5b872c99-b176-4629-b41a-fce7593b4e11 - - - - -] compute.resource_provider_association_refresh = 300 log_opt_values /usr/lib/python3/dist-packages/oslo_config/cfg.py:2609
2025-06-23 00:40:34.827 137355 DEBUG oslo_service.service [req-5b872c99-b176-4629-b41a-fce7593b4e11 - - - - -] compute.shutdown_retry_interval = 10 log_opt_values /usr/lib/python3/dist-packages/oslo_config/cfg.py:2609
2025-06-23 00:40:34.827 137355 DEBUG oslo_service.service [req-5b872c99-b176-4629-b41a-fce7593b4e11 - - - - -] compute.vmdk_allowed_types = ['streamOptimized', 'monolithicSparse'] log_opt_values /usr/lib/python3/dist-packages/oslo_config/cfg.py:2609
2025-06-23 00:40:34.827 137355 DEBUG oslo_service.service [req-5b872c99-b176-4629-b41a-fce7593b4e11 - - - - -] conductor.workers = 4 log_opt_values /usr/lib/python3/dist-packages/oslo_config/cfg.py:2609
2025-06-23 00:40:34.828 137355 DEBUG oslo_service.service [req-5b872c99-b176-4629-b41a-fce7593b4e11 - - - - -] console.allowed_origins = [] log_opt_values /usr/lib/python3/dist-packages/oslo_config/cfg.py:2609
2025-06-23 00:40:34.828 138188 DEBUG oslo_messaging._drivers.amqpdriver [-] Listener is running poll /usr/lib/python3/dist-packages/oslo_messaging/_drivers/amqpdriver.py:343
2025-06-23 00:40:34.828 137355 DEBUG oslo_service.service [req-5b872c99-b176-4629-b41a-fce7593b4e11 - - - - -] console.ssl_ciphers = None log_opt_values /usr/lib/python3/dist-packages/oslo_config/cfg.py:2609
2025-06-23 00:40:34.829 138188 DEBUG oslo_messaging._drivers.amqpdriver [-] AMQPListener connection consume poll /usr/lib/python3/dist-packages/oslo_messaging/_drivers/amqpdriver.py:357
2025-06-23 00:40:34.829 138188 DEBUG nova.service [req-51b2e556-1e1f-4934-8d90-c20714b363b9 - - - - -] Join ServiceGroup membership for this service conductor start /usr/lib/python3/dist-packages/nova/service.py:199
2025-06-23 00:40:34.830 138188 DEBUG nova.servicegroup.drivers.db [req-51b2e556-1e1f-4934-8d90-c20714b363b9 - - - - -] DB_Driver: join new ServiceGroup member juju-9b47ba-0-lxd-7 to the conductor group, service = join /usr/lib/python3/dist-packages/nova/servicegroup/drivers/db.py:44
2025-06-23 00:40:34.829 137355 DEBUG oslo_service.service [req-5b872c99-b176-4629-b41a-fce7593b4e11 - - - - -] console.ssl_minimum_version = default log_opt_values /usr/lib/python3/dist-packages/oslo_config/cfg.py:2609
2025-06-23 00:40:34.832 137355 DEBUG oslo_service.service [req-5b872c99-b176-4629-b41a-fce7593b4e11 - - - - -] consoleauth.token_ttl = 600 log_opt_values /usr/lib/python3/dist-packages/oslo_config/cfg.py:2609
2025-06-23 00:40:34.832 137355 DEBUG oslo_service.service [req-5b872c99-b176-4629-b41a-fce7593b4e11 - - - - -] cyborg.cafile = None log_opt_values /usr/lib/python3/dist-packages/oslo_config/cfg.py:2609
2025-06-23 00:40:34.833 137355 DEBUG oslo_service.service [req-5b872c99-b176-4629-b41a-fce7593b4e11 - - - - -] cyborg.certfile = None log_opt_values /usr/lib/python3/dist-packages/oslo_config/cfg.py:2609
2025-06-23 00:40:34.834 137355 DEBUG oslo_service.service [req-5b872c99-b176-4629-b41a-fce7593b4e11 - - - - -] cyborg.collect_timing = False log_opt_values /usr/lib/python3/dist-packages/oslo_config/cfg.py:2609
2025-06-23 00:40:34.834 137355 DEBUG oslo_service.service [req-5b872c99-b176-4629-b41a-fce7593b4e11 - - - - -] cyborg.connect_retries = None log_opt_values /usr/lib/python3/dist-packages/oslo_config/cfg.py:2609
2025-06-23 00:40:34.834 137355 DEBUG oslo_service.service [req-5b872c99-b176-4629-b41a-fce7593b4e11 - - - - -] cyborg.connect_retry_delay = None log_opt_values /usr/lib/python3/dist-packages/oslo_config/cfg.py:2609
2025-06-23 00:40:34.834 137355 DEBUG oslo_service.service [req-5b872c99-b176-4629-b41a-fce7593b4e11 - - - - -] cyborg.endpoint_override = None log_opt_values /usr/lib/python3/dist-packages/oslo_config/cfg.py:2609
2025-06-23 00:40:34.834 137355 DEBUG oslo_service.service [req-5b872c99-b176-4629-b41a-fce7593b4e11 - - - - -] cyborg.insecure = False log_opt_values /usr/lib/python3/dist-packages/oslo_config/cfg.py:2609
2025-06-23 00:40:34.835 137355 DEBUG oslo_service.service [req-5b872c99-b176-4629-b41a-fce7593b4e11 - - - - -] cyborg.keyfile = None log_opt_values /usr/lib/python3/dist-packages/oslo_config/cfg.py:2609
2025-06-23 00:40:34.835 137355 DEBUG oslo_service.service [req-5b872c99-b176-4629-b41a-fce7593b4e11 - - - - -] cyborg.max_version = None log_opt_values /usr/lib/python3/dist-packages/oslo_config/cfg.py:2609
2025-06-23 00:40:34.835 137355 DEBUG oslo_service.service [req-5b872c99-b176-4629-b41a-fce7593b4e11 - - - - -] cyborg.min_version = None log_opt_values /usr/lib/python3/dist-packages/oslo_config/cfg.py:2609
2025-06-23 00:40:34.835 137355 DEBUG oslo_service.service [req-5b872c99-b176-4629-b41a-fce7593b4e11 - - - - -] cyborg.region_name = None log_opt_values /usr/lib/python3/dist-packages/oslo_config/cfg.py:2609
2025-06-23 00:40:34.835 137355 DEBUG oslo_service.service [req-5b872c99-b176-4629-b41a-fce7593b4e11 - - - - -] cyborg.service_name = None log_opt_values /usr/lib/python3/dist-packages/oslo_config/cfg.py:2609
2025-06-23 00:40:34.836 137355 DEBUG oslo_service.service [req-5b872c99-b176-4629-b41a-fce7593b4e11 - - - - -] cyborg.service_type = accelerator log_opt_values /usr/lib/python3/dist-packages/oslo_config/cfg.py:2609
2025-06-23 00:40:34.836 137355 DEBUG oslo_service.service [req-5b872c99-b176-4629-b41a-fce7593b4e11 - - - - -] cyborg.split_loggers = False log_opt_values /usr/lib/python3/dist-packages/oslo_config/cfg.py:2609
2025-06-23 00:40:34.836 137355 DEBUG oslo_service.service [req-5b872c99-b176-4629-b41a-fce7593b4e11 - - - - -] cyborg.status_code_retries = None log_opt_values /usr/lib/python3/dist-packages/oslo_config/cfg.py:2609
2025-06-23 00:40:34.837 137355 DEBUG oslo_service.service [req-5b872c99-b176-4629-b41a-fce7593b4e11 - - - - -] cyborg.status_code_retry_delay = None log_opt_values /usr/lib/python3/dist-packages/oslo_config/cfg.py:2609
2025-06-23 00:40:34.837 137355 DEBUG oslo_service.service [req-5b872c99-b176-4629-b41a-fce7593b4e11 - - - - -] cyborg.timeout = None log_opt_values /usr/lib/python3/dist-packages/oslo_config/cfg.py:2609
2025-06-23 00:40:34.837 137355 DEBUG oslo_service.service [req-5b872c99-b176-4629-b41a-fce7593b4e11 - - - - -] cyborg.valid_interfaces = ['internal', 'public'] log_opt_values /usr/lib/python3/dist-packages/oslo_config/cfg.py:2609
2025-06-23 00:40:34.838 137355 DEBUG oslo_service.service [req-5b872c99-b176-4629-b41a-fce7593b4e11 - - - - -] cyborg.version = None log_opt_values /usr/lib/python3/dist-packages/oslo_config/cfg.py:2609
2025-06-23 00:40:34.838 137355 DEBUG oslo_service.service [req-5b872c99-b176-4629-b41a-fce7593b4e11 - - - - -] database.backend = sqlalchemy log_opt_values /usr/lib/python3/dist-packages/oslo_config/cfg.py:2609
2025-06-23 00:40:34.838 137355 DEBUG oslo_service.service [req-5b872c99-b176-4629-b41a-fce7593b4e11 - - - - -] database.connection = **** log_opt_values /usr/lib/python3/dist-packages/oslo_config/cfg.py:2609
2025-06-23 00:40:34.839 137355 DEBUG oslo_service.service [req-5b872c99-b176-4629-b41a-fce7593b4e11 - - - - -] database.connection_debug = 0 log_opt_values /usr/lib/python3/dist-packages/oslo_config/cfg.py:2609
2025-06-23 00:40:34.839 137355 DEBUG oslo_service.service [req-5b872c99-b176-4629-b41a-fce7593b4e11 - - - - -] database.connection_parameters = log_opt_values /usr/lib/python3/dist-packages/oslo_config/cfg.py:2609
2025-06-23 00:40:34.839 137355 DEBUG oslo_service.service [req-5b872c99-b176-4629-b41a-fce7593b4e11 - - - - -] database.connection_recycle_time = 3600 log_opt_values /usr/lib/python3/dist-packages/oslo_config/cfg.py:2609
2025-06-23 00:40:34.842 138188 DEBUG oslo_messaging._drivers.amqpdriver [-] received message msg_id: 4dd51a6cb1ad48f48ca7ee6f48fb7395 reply to reply_863b2482da904279a9964c6745b273e8 __call__ /usr/lib/python3/dist-packages/oslo_messaging/_drivers/amqpdriver.py:320
2025-06-23 00:40:34.842 137355 DEBUG oslo_service.service [req-5b872c99-b176-4629-b41a-fce7593b4e11 - - - - -] database.connection_trace = False log_opt_values /usr/lib/python3/dist-packages/oslo_config/cfg.py:2609
2025-06-23 00:40:34.842 137355 DEBUG oslo_service.service [req-5b872c99-b176-4629-b41a-fce7593b4e11 - - - - -] database.db_inc_retry_interval = True log_opt_values /usr/lib/python3/dist-packages/oslo_config/cfg.py:2609
2025-06-23 00:40:34.843 137355 DEBUG oslo_service.service [req-5b872c99-b176-4629-b41a-fce7593b4e11 - - - - -] database.db_max_retries = 20 log_opt_values /usr/lib/python3/dist-packages/oslo_config/cfg.py:2609
2025-06-23 00:40:34.843 137355 DEBUG oslo_service.service [req-5b872c99-b176-4629-b41a-fce7593b4e11 - - - - -] database.db_max_retry_interval = 10 log_opt_values /usr/lib/python3/dist-packages/oslo_config/cfg.py:2609
2025-06-23 00:40:34.843 137355 DEBUG oslo_service.service [req-5b872c99-b176-4629-b41a-fce7593b4e11 - - - - -] database.db_retry_interval = 1 log_opt_values /usr/lib/python3/dist-packages/oslo_config/cfg.py:2609
2025-06-23 00:40:34.843 138189 DEBUG oslo_messaging._drivers.amqpdriver [-] Listener is running poll /usr/lib/python3/dist-packages/oslo_messaging/_drivers/amqpdriver.py:343
2025-06-23 00:40:34.843 138190 DEBUG oslo_messaging._drivers.amqpdriver [-] Listener is running poll /usr/lib/python3/dist-packages/oslo_messaging/_drivers/amqpdriver.py:343
2025-06-23 00:40:34.843 137355 DEBUG oslo_service.service [req-5b872c99-b176-4629-b41a-fce7593b4e11 - - - - -] database.max_overflow = 50 log_opt_values /usr/lib/python3/dist-packages/oslo_config/cfg.py:2609
2025-06-23 00:40:34.843 138190 DEBUG oslo_messaging._drivers.amqpdriver [-] AMQPListener connection consume poll /usr/lib/python3/dist-packages/oslo_messaging/_drivers/amqpdriver.py:357
2025-06-23 00:40:34.843 138189 DEBUG oslo_messaging._drivers.amqpdriver [-] AMQPListener connection consume poll /usr/lib/python3/dist-packages/oslo_messaging/_drivers/amqpdriver.py:357
2025-06-23 00:40:34.844 137355 DEBUG oslo_service.service [req-5b872c99-b176-4629-b41a-fce7593b4e11 - - - - -] database.max_pool_size = 4 log_opt_values /usr/lib/python3/dist-packages/oslo_config/cfg.py:2609
2025-06-23 00:40:34.844 137355 DEBUG oslo_service.service [req-5b872c99-b176-4629-b41a-fce7593b4e11 - - - - -] database.max_retries = 10 log_opt_values /usr/lib/python3/dist-packages/oslo_config/cfg.py:2609
2025-06-23 00:40:34.844 137355 DEBUG oslo_service.service [req-5b872c99-b176-4629-b41a-fce7593b4e11 - - - - -] database.mysql_enable_ndb = False log_opt_values /usr/lib/python3/dist-packages/oslo_config/cfg.py:2609
2025-06-23 00:40:34.844 137355 DEBUG oslo_service.service [req-5b872c99-b176-4629-b41a-fce7593b4e11 - - - - -] database.mysql_sql_mode = TRADITIONAL log_opt_values /usr/lib/python3/dist-packages/oslo_config/cfg.py:2609
2025-06-23 00:40:34.844 138189 DEBUG nova.service [req-23c02976-b709-4328-aafc-f1f3d7e9be85 - - - - -] Join ServiceGroup membership for this service conductor start /usr/lib/python3/dist-packages/nova/service.py:199
2025-06-23 00:40:34.844 138190 DEBUG nova.service [req-0ab9c27b-dfd4-4879-aa91-50f8f07eb8b0 - - - - -] Join ServiceGroup membership for this service conductor start /usr/lib/python3/dist-packages/nova/service.py:199
2025-06-23 00:40:34.844 137355 DEBUG oslo_service.service [req-5b872c99-b176-4629-b41a-fce7593b4e11 - - - - -] database.pool_timeout = None log_opt_values /usr/lib/python3/dist-packages/oslo_config/cfg.py:2609
2025-06-23 00:40:34.845 137355 DEBUG oslo_service.service [req-5b872c99-b176-4629-b41a-fce7593b4e11 - - - - -] database.retry_interval = 10 log_opt_values /usr/lib/python3/dist-packages/oslo_config/cfg.py:2609
2025-06-23 00:40:34.844 138190 DEBUG nova.servicegroup.drivers.db [req-0ab9c27b-dfd4-4879-aa91-50f8f07eb8b0 - - - - -] DB_Driver: join new ServiceGroup member juju-9b47ba-0-lxd-7 to the conductor group, service = join /usr/lib/python3/dist-packages/nova/servicegroup/drivers/db.py:44
2025-06-23 00:40:34.844 138189 DEBUG nova.servicegroup.drivers.db [req-23c02976-b709-4328-aafc-f1f3d7e9be85 - - - - -] DB_Driver: join new ServiceGroup member juju-9b47ba-0-lxd-7 to the conductor group, service = join /usr/lib/python3/dist-packages/nova/servicegroup/drivers/db.py:44
2025-06-23 00:40:34.845 137355 DEBUG oslo_service.service [req-5b872c99-b176-4629-b41a-fce7593b4e11 - - - - -] database.slave_connection = **** log_opt_values /usr/lib/python3/dist-packages/oslo_config/cfg.py:2609
2025-06-23 00:40:34.845 137355 DEBUG oslo_service.service [req-5b872c99-b176-4629-b41a-fce7593b4e11 - - - - -] database.sqlite_synchronous = True log_opt_values /usr/lib/python3/dist-packages/oslo_config/cfg.py:2609
2025-06-23 00:40:34.845 137355 DEBUG oslo_service.service [req-5b872c99-b176-4629-b41a-fce7593b4e11 - - - - -] database.use_db_reconnect = False log_opt_values /usr/lib/python3/dist-packages/oslo_config/cfg.py:2609
2025-06-23 00:40:34.846 138188 DEBUG oslo_messaging._drivers.amqpdriver [-] AMQPListener connection timeout poll /usr/lib/python3/dist-packages/oslo_messaging/_drivers/amqpdriver.py:360
2025-06-23 00:40:34.846 137355 DEBUG oslo_service.service [req-5b872c99-b176-4629-b41a-fce7593b4e11 - - - - -] api_database.backend = sqlalchemy log_opt_values /usr/lib/python3/dist-packages/oslo_config/cfg.py:2609
2025-06-23 00:40:34.846 138188 DEBUG oslo_messaging._drivers.amqpdriver [-] Listener is running poll /usr/lib/python3/dist-packages/oslo_messaging/_drivers/amqpdriver.py:343
2025-06-23 00:40:34.846 137355 DEBUG oslo_service.service [req-5b872c99-b176-4629-b41a-fce7593b4e11 - - - - -] api_database.connection = **** log_opt_values /usr/lib/python3/dist-packages/oslo_config/cfg.py:2609
2025-06-23 00:40:34.846 138188 DEBUG oslo_messaging._drivers.amqpdriver [-] Poll the incoming message with unique_id: 586db8e370734a0786a4c66dc84de025 poll /usr/lib/python3/dist-packages/oslo_messaging/_drivers/amqpdriver.py:346
2025-06-23 00:40:34.847 137355 DEBUG oslo_service.service [req-5b872c99-b176-4629-b41a-fce7593b4e11 - - - - -] api_database.connection_debug = 0 log_opt_values /usr/lib/python3/dist-packages/oslo_config/cfg.py:2609
2025-06-23 00:40:34.847 137355 DEBUG oslo_service.service [req-5b872c99-b176-4629-b41a-fce7593b4e11 - - - - -] api_database.connection_parameters = log_opt_values /usr/lib/python3/dist-packages/oslo_config/cfg.py:2609
