2025-06-23 01:05:46.245 37679 DEBUG heat.engine.service [req-92ac21f6-6e30-4613-84b8-e80e6b46be96 - - - - -] Service 2a197673-6003-4453-8351-897ae0ccd400 is updated service_manage_report /usr/lib/python3/dist-packages/heat/engine/service.py:2370
2025-06-23 01:05:46.250 37682 DEBUG heat.engine.service [req-6fe45a6c-a2f1-4668-8116-a06884ea83a8 - - - - -] Service 5538ed2d-314a-4ca8-8ea4-aef42a8970a7 is updated service_manage_report /usr/lib/python3/dist-packages/heat/engine/service.py:2370
2025-06-23 01:05:46.250 37680 DEBUG heat.engine.service [req-76845766-aebf-45b9-ac19-575426cdde18 - - - - -] Service 3d57d492-6268-4f0f-85d7-fd387d6facd3 is updated service_manage_report /usr/lib/python3/dist-packages/heat/engine/service.py:2370
2025-06-23 01:06:46.236 37680 DEBUG heat.engine.service [req-8b0c0411-e054-49e1-a79b-5cb22cac3ff1 - - - - -] Service 3d57d492-6268-4f0f-85d7-fd387d6facd3 is updated service_manage_report /usr/lib/python3/dist-packages/heat/engine/service.py:2370
2025-06-23 01:06:46.239 37681 DEBUG heat.engine.service [req-d2c95e1a-335c-4010-8c92-82245967de74 - - - - -] Service 7a17a435-df31-46de-b682-b2338a486ccc is updated service_manage_report /usr/lib/python3/dist-packages/heat/engine/service.py:2370
2025-06-23 01:06:46.241 37679 DEBUG heat.engine.service [req-71c867a2-c0cf-4e60-8c84-83321d3dc317 - - - - -] Service 2a197673-6003-4453-8351-897ae0ccd400 is updated service_manage_report /usr/lib/python3/dist-packages/heat/engine/service.py:2370
2025-06-23 01:06:46.245 37682 DEBUG heat.engine.service [req-0f999b5f-d185-40ff-895a-38ccd22fb207 - - - - -] Service 5538ed2d-314a-4ca8-8ea4-aef42a8970a7 is updated service_manage_report /usr/lib/python3/dist-packages/heat/engine/service.py:2370
2025-06-23 01:07:46.236 37680 DEBUG heat.engine.service [req-5ac1676d-f65a-43a6-b3be-5fd530c9c74a - - - - -] Service 3d57d492-6268-4f0f-85d7-fd387d6facd3 is updated service_manage_report /usr/lib/python3/dist-packages/heat/engine/service.py:2370
2025-06-23 01:07:46.249 37679 DEBUG heat.engine.service [req-f36b6918-9bdc-4d4e-815e-51a7c834221c - - - - -] Service 2a197673-6003-4453-8351-897ae0ccd400 is updated service_manage_report /usr/lib/python3/dist-packages/heat/engine/service.py:2370
2025-06-23 01:07:46.250 37682 DEBUG heat.engine.service [req-ca0237a7-d48e-4af9-b50c-e86e59e2813e - - - - -] Service 5538ed2d-314a-4ca8-8ea4-aef42a8970a7 is updated service_manage_report /usr/lib/python3/dist-packages/heat/engine/service.py:2370
2025-06-23 01:07:46.250 37681 DEBUG heat.engine.service [req-35425051-18b5-4440-9886-31804ba15aa4 - - - - -] Service 7a17a435-df31-46de-b682-b2338a486ccc is updated service_manage_report /usr/lib/python3/dist-packages/heat/engine/service.py:2370
2025-06-23 01:08:46.229 37680 DEBUG heat.engine.service [req-f152210f-1f64-4891-b645-7cd31781fdcb - - - - -] Service 3d57d492-6268-4f0f-85d7-fd387d6facd3 is updated service_manage_report /usr/lib/python3/dist-packages/heat/engine/service.py:2370
2025-06-23 01:08:46.244 37679 DEBUG heat.engine.service [req-5e259d94-b269-435c-9501-f81641cdc27c - - - - -] Service 2a197673-6003-4453-8351-897ae0ccd400 is updated service_manage_report /usr/lib/python3/dist-packages/heat/engine/service.py:2370
2025-06-23 01:08:46.246 37681 DEBUG heat.engine.service [req-2353318e-e50f-4066-85a3-862f44643f13 - - - - -] Service 7a17a435-df31-46de-b682-b2338a486ccc is updated service_manage_report /usr/lib/python3/dist-packages/heat/engine/service.py:2370
2025-06-23 01:08:46.255 37682 DEBUG heat.engine.service [req-fd0d3a85-cb12-4ce4-9b4b-45c247b2a36e - - - - -] Service 5538ed2d-314a-4ca8-8ea4-aef42a8970a7 is updated service_manage_report /usr/lib/python3/dist-packages/heat/engine/service.py:2370
2025-06-23 01:09:46.233 37680 DEBUG heat.engine.service [req-c97bc0f8-96d7-4856-9133-4d768db7f4b8 - - - - -] Service 3d57d492-6268-4f0f-85d7-fd387d6facd3 is updated service_manage_report /usr/lib/python3/dist-packages/heat/engine/service.py:2370
2025-06-23 01:09:46.249 37679 DEBUG heat.engine.service [req-60c48749-11bb-438b-be88-0f5d5bd59c8e - - - - -] Service 2a197673-6003-4453-8351-897ae0ccd400 is updated service_manage_report /usr/lib/python3/dist-packages/heat/engine/service.py:2370
2025-06-23 01:09:46.252 37681 DEBUG heat.engine.service [req-7e993f4e-5a5d-415a-a0e3-85fe5c491e14 - - - - -] Service 7a17a435-df31-46de-b682-b2338a486ccc is updated service_manage_report /usr/lib/python3/dist-packages/heat/engine/service.py:2370
2025-06-23 01:09:46.258 37682 DEBUG heat.engine.service [req-75db0acd-d6e4-463d-8706-dca2ab8850f8 - - - - -] Service 5538ed2d-314a-4ca8-8ea4-aef42a8970a7 is updated service_manage_report /usr/lib/python3/dist-packages/heat/engine/service.py:2370
2025-06-23 01:10:46.239 37680 DEBUG heat.engine.service [req-32650783-eafe-4a3b-b401-83906c8f282d - - - - -] Service 3d57d492-6268-4f0f-85d7-fd387d6facd3 is updated service_manage_report /usr/lib/python3/dist-packages/heat/engine/service.py:2370
2025-06-23 01:10:46.242 37679 DEBUG heat.engine.service [req-cca049c6-6ae7-4ab5-b746-6c10622e3042 - - - - -] Service 2a197673-6003-4453-8351-897ae0ccd400 is updated service_manage_report /usr/lib/python3/dist-packages/heat/engine/service.py:2370
2025-06-23 01:10:46.245 37681 DEBUG heat.engine.service [req-e13f2a6e-f196-4601-975b-389d65844705 - - - - -] Service 7a17a435-df31-46de-b682-b2338a486ccc is updated service_manage_report /usr/lib/python3/dist-packages/heat/engine/service.py:2370
2025-06-23 01:10:46.261 37682 DEBUG heat.engine.service [req-fb6b1cec-9989-42b7-909d-9d64f593d879 - - - - -] Service 5538ed2d-314a-4ca8-8ea4-aef42a8970a7 is updated service_manage_report /usr/lib/python3/dist-packages/heat/engine/service.py:2370
2025-06-23 01:11:46.243 37680 DEBUG heat.engine.service [req-8fd761ca-e246-468e-9ac4-65c6e333de80 - - - - -] Service 3d57d492-6268-4f0f-85d7-fd387d6facd3 is updated service_manage_report /usr/lib/python3/dist-packages/heat/engine/service.py:2370
2025-06-23 01:11:46.245 37679 DEBUG heat.engine.service [req-bdea601d-1148-4bed-8a55-4c3669de0978 - - - - -] Service 2a197673-6003-4453-8351-897ae0ccd400 is updated service_manage_report /usr/lib/python3/dist-packages/heat/engine/service.py:2370
2025-06-23 01:11:46.248 37681 DEBUG heat.engine.service [req-36e47712-dbba-4d4d-8b30-c6cda2e3986c - - - - -] Service 7a17a435-df31-46de-b682-b2338a486ccc is updated service_manage_report /usr/lib/python3/dist-packages/heat/engine/service.py:2370
2025-06-23 01:11:46.262 37682 DEBUG heat.engine.service [req-2eeece60-2dd5-4288-bd23-32216dd0ea09 - - - - -] Service 5538ed2d-314a-4ca8-8ea4-aef42a8970a7 is updated service_manage_report /usr/lib/python3/dist-packages/heat/engine/service.py:2370
2025-06-23 01:12:46.248 37680 DEBUG heat.engine.service [req-352e4840-8bd8-4f07-9ee6-cc9c32879402 - - - - -] Service 3d57d492-6268-4f0f-85d7-fd387d6facd3 is updated service_manage_report /usr/lib/python3/dist-packages/heat/engine/service.py:2370
2025-06-23 01:12:46.251 37679 DEBUG heat.engine.service [req-a7a8638f-8f83-412d-aa3a-09e74ebde5ed - - - - -] Service 2a197673-6003-4453-8351-897ae0ccd400 is updated service_manage_report /usr/lib/python3/dist-packages/heat/engine/service.py:2370
2025-06-23 01:12:46.253 37681 DEBUG heat.engine.service [req-16d20961-5721-48d3-85f1-bb58779a4482 - - - - -] Service 7a17a435-df31-46de-b682-b2338a486ccc is updated service_manage_report /usr/lib/python3/dist-packages/heat/engine/service.py:2370
2025-06-23 01:12:46.265 37682 DEBUG heat.engine.service [req-fb3c5bea-4172-4c18-a4c6-737401ef6d3c - - - - -] Service 5538ed2d-314a-4ca8-8ea4-aef42a8970a7 is updated service_manage_report /usr/lib/python3/dist-packages/heat/engine/service.py:2370
2025-06-23 01:13:46.245 37679 DEBUG heat.engine.service [req-5b0dd02e-676a-4ef2-b879-79fe67f5ea9e - - - - -] Service 2a197673-6003-4453-8351-897ae0ccd400 is updated service_manage_report /usr/lib/python3/dist-packages/heat/engine/service.py:2370
2025-06-23 01:13:46.247 37681 DEBUG heat.engine.service [req-9e828e4b-947a-403d-9748-70011360e9c6 - - - - -] Service 7a17a435-df31-46de-b682-b2338a486ccc is updated service_manage_report /usr/lib/python3/dist-packages/heat/engine/service.py:2370
2025-06-23 01:13:46.251 37680 DEBUG heat.engine.service [req-89673bae-e86c-4b3a-983a-a20943aaae4f - - - - -] Service 3d57d492-6268-4f0f-85d7-fd387d6facd3 is updated service_manage_report /usr/lib/python3/dist-packages/heat/engine/service.py:2370
2025-06-23 01:13:46.269 37682 DEBUG heat.engine.service [req-19c077a1-aa86-404c-9f75-3e1e9a54f8e0 - - - - -] Service 5538ed2d-314a-4ca8-8ea4-aef42a8970a7 is updated service_manage_report /usr/lib/python3/dist-packages/heat/engine/service.py:2370
2025-06-23 01:14:46.250 37679 DEBUG heat.engine.service [req-f0387c82-3df6-4a40-9548-18dec491ee55 - - - - -] Service 2a197673-6003-4453-8351-897ae0ccd400 is updated service_manage_report /usr/lib/python3/dist-packages/heat/engine/service.py:2370
2025-06-23 01:14:46.252 37681 DEBUG heat.engine.service [req-d18c7474-0fad-46e4-8ed3-fdce66b406a0 - - - - -] Service 7a17a435-df31-46de-b682-b2338a486ccc is updated service_manage_report /usr/lib/python3/dist-packages/heat/engine/service.py:2370
2025-06-23 01:14:46.254 37680 DEBUG heat.engine.service [req-e9166c07-38d4-4a2c-9438-c5361a0948ba - - - - -] Service 3d57d492-6268-4f0f-85d7-fd387d6facd3 is updated service_manage_report /usr/lib/python3/dist-packages/heat/engine/service.py:2370
2025-06-23 01:14:46.272 37682 DEBUG heat.engine.service [req-5a91cfc1-3761-4104-9e24-60c71b22e362 - - - - -] Service 5538ed2d-314a-4ca8-8ea4-aef42a8970a7 is updated service_manage_report /usr/lib/python3/dist-packages/heat/engine/service.py:2370
2025-06-23 01:15:46.254 37679 DEBUG heat.engine.service [req-19d98c93-c904-4fe5-810f-1227c8af6c12 - - - - -] Service 2a197673-6003-4453-8351-897ae0ccd400 is updated service_manage_report /usr/lib/python3/dist-packages/heat/engine/service.py:2370
2025-06-23 01:15:46.257 37681 DEBUG heat.engine.service [req-18e7be84-04c4-4a01-aa13-32a0a8f7d4a0 - - - - -] Service 7a17a435-df31-46de-b682-b2338a486ccc is updated service_manage_report /usr/lib/python3/dist-packages/heat/engine/service.py:2370
2025-06-23 01:15:46.262 37680 DEBUG heat.engine.service [req-77a35db0-12f0-4db1-91d8-3460f3911c3d - - - - -] Service 3d57d492-6268-4f0f-85d7-fd387d6facd3 is updated service_manage_report /usr/lib/python3/dist-packages/heat/engine/service.py:2370
2025-06-23 01:15:46.274 37682 DEBUG heat.engine.service [req-f2313e1b-90c3-4ab7-870a-4c7497fa1428 - - - - -] Service 5538ed2d-314a-4ca8-8ea4-aef42a8970a7 is updated service_manage_report /usr/lib/python3/dist-packages/heat/engine/service.py:2370
2025-06-23 01:16:46.259 37680 DEBUG heat.engine.service [req-d3e42a08-953e-4460-9b16-bd6df751ad00 - - - - -] Service 3d57d492-6268-4f0f-85d7-fd387d6facd3 is updated service_manage_report /usr/lib/python3/dist-packages/heat/engine/service.py:2370
2025-06-23 01:16:46.261 37681 DEBUG heat.engine.service [req-a20fe01c-88cb-4c60-a4ca-008e432dd838 - - - - -] Service 7a17a435-df31-46de-b682-b2338a486ccc is updated service_manage_report /usr/lib/python3/dist-packages/heat/engine/service.py:2370
2025-06-23 01:16:46.261 37679 DEBUG heat.engine.service [req-c10b76b5-c12c-4e52-8787-312e1ebc2b19 - - - - -] Service 2a197673-6003-4453-8351-897ae0ccd400 is updated service_manage_report /usr/lib/python3/dist-packages/heat/engine/service.py:2370
2025-06-23 01:16:46.281 37682 DEBUG heat.engine.service [req-cb4ed7c2-44e2-42d0-a422-7d96f9208799 - - - - -] Service 5538ed2d-314a-4ca8-8ea4-aef42a8970a7 is updated service_manage_report /usr/lib/python3/dist-packages/heat/engine/service.py:2370
2025-06-23 01:17:46.254 37680 DEBUG heat.engine.service [req-14fb9062-a492-40fc-93b7-d4b4cd98303b - - - - -] Service 3d57d492-6268-4f0f-85d7-fd387d6facd3 is updated service_manage_report /usr/lib/python3/dist-packages/heat/engine/service.py:2370
2025-06-23 01:17:46.256 37679 DEBUG heat.engine.service [req-02504089-3a5b-4d63-8d68-ced5d9a221cf - - - - -] Service 2a197673-6003-4453-8351-897ae0ccd400 is updated service_manage_report /usr/lib/python3/dist-packages/heat/engine/service.py:2370
2025-06-23 01:17:46.266 37681 DEBUG heat.engine.service [req-33021bf3-a6d7-4989-8585-a53fe0af54ab - - - - -] Service 7a17a435-df31-46de-b682-b2338a486ccc is updated service_manage_report /usr/lib/python3/dist-packages/heat/engine/service.py:2370
2025-06-23 01:17:46.274 37682 DEBUG heat.engine.service [req-08087b2c-8f1a-4fb5-befa-5a21cd650dbe - - - - -] Service 5538ed2d-314a-4ca8-8ea4-aef42a8970a7 is updated service_manage_report /usr/lib/python3/dist-packages/heat/engine/service.py:2370
2025-06-23 01:18:46.261 37680 DEBUG heat.engine.service [req-797cf7c3-843d-4fb1-8c1c-67d8d0e94c46 - - - - -] Service 3d57d492-6268-4f0f-85d7-fd387d6facd3 is updated service_manage_report /usr/lib/python3/dist-packages/heat/engine/service.py:2370
2025-06-23 01:18:46.267 37679 DEBUG heat.engine.service [req-72c85b5a-5c43-4182-b4be-9b73d5f9d30d - - - - -] Service 2a197673-6003-4453-8351-897ae0ccd400 is updated service_manage_report /usr/lib/python3/dist-packages/heat/engine/service.py:2370
2025-06-23 01:18:46.274 37681 DEBUG heat.engine.service [req-972a2313-0ea3-4963-b932-980776ddc8a4 - - - - -] Service 7a17a435-df31-46de-b682-b2338a486ccc is updated service_manage_report /usr/lib/python3/dist-packages/heat/engine/service.py:2370
2025-06-23 01:18:46.280 37682 DEBUG heat.engine.service [req-c82e757c-f3b0-493c-ba1a-f8b5ab0044fe - - - - -] Service 5538ed2d-314a-4ca8-8ea4-aef42a8970a7 is updated service_manage_report /usr/lib/python3/dist-packages/heat/engine/service.py:2370
2025-06-23 01:19:46.257 37680 DEBUG heat.engine.service [req-f11afdc5-0eda-4f38-bde8-73fc4fa82edf - - - - -] Service 3d57d492-6268-4f0f-85d7-fd387d6facd3 is updated service_manage_report /usr/lib/python3/dist-packages/heat/engine/service.py:2370
2025-06-23 01:19:46.262 37679 DEBUG heat.engine.service [req-a382d09f-8e34-4ec1-8678-44938b42f1e9 - - - - -] Service 2a197673-6003-4453-8351-897ae0ccd400 is updated service_manage_report /usr/lib/python3/dist-packages/heat/engine/service.py:2370
2025-06-23 01:19:46.268 37681 DEBUG heat.engine.service [req-84f757e1-c0ef-4185-b02e-4dd87c6374b3 - - - - -] Service 7a17a435-df31-46de-b682-b2338a486ccc is updated service_manage_report /usr/lib/python3/dist-packages/heat/engine/service.py:2370
2025-06-23 01:19:46.274 37682 DEBUG heat.engine.service [req-6b548388-b84c-4f8a-bff0-8a1505456ee4 - - - - -] Service 5538ed2d-314a-4ca8-8ea4-aef42a8970a7 is updated service_manage_report /usr/lib/python3/dist-packages/heat/engine/service.py:2370
2025-06-23 01:20:46.257 37679 DEBUG heat.engine.service [req-5cf8b959-4382-4bb1-8fd4-1aa5549e4ae4 - - - - -] Service 2a197673-6003-4453-8351-897ae0ccd400 is updated service_manage_report /usr/lib/python3/dist-packages/heat/engine/service.py:2370
2025-06-23 01:20:46.262 37680 DEBUG heat.engine.service [req-803e4360-e5fc-4257-a8d1-52b4509d5029 - - - - -] Service 3d57d492-6268-4f0f-85d7-fd387d6facd3 is updated service_manage_report /usr/lib/python3/dist-packages/heat/engine/service.py:2370
2025-06-23 01:20:46.271 37681 DEBUG heat.engine.service [req-190d1ad4-2931-437c-9274-836db83608bc - - - - -] Service 7a17a435-df31-46de-b682-b2338a486ccc is updated service_manage_report /usr/lib/python3/dist-packages/heat/engine/service.py:2370
2025-06-23 01:20:46.282 37682 DEBUG heat.engine.service [req-dba7bc2e-4499-4f5d-80f5-1695cfdfc59e - - - - -] Service 5538ed2d-314a-4ca8-8ea4-aef42a8970a7 is updated service_manage_report /usr/lib/python3/dist-packages/heat/engine/service.py:2370
2025-06-23 01:21:46.264 37679 DEBUG heat.engine.service [req-72352bfc-777c-48b3-abd6-c30ed5425f0c - - - - -] Service 2a197673-6003-4453-8351-897ae0ccd400 is updated service_manage_report /usr/lib/python3/dist-packages/heat/engine/service.py:2370
2025-06-23 01:21:46.267 37680 DEBUG heat.engine.service [req-19c0a226-190d-44ec-9e8d-1ebf641d54af - - - - -] Service 3d57d492-6268-4f0f-85d7-fd387d6facd3 is updated service_manage_report /usr/lib/python3/dist-packages/heat/engine/service.py:2370
2025-06-23 01:21:46.275 37682 DEBUG heat.engine.service [req-79f95b09-faff-4bbd-b2b4-fe9711abc74c - - - - -] Service 5538ed2d-314a-4ca8-8ea4-aef42a8970a7 is updated service_manage_report /usr/lib/python3/dist-packages/heat/engine/service.py:2370
2025-06-23 01:21:46.275 37681 DEBUG heat.engine.service [req-893caf86-b1cd-47c4-a3cd-cb8e016c750e - - - - -] Service 7a17a435-df31-46de-b682-b2338a486ccc is updated service_manage_report /usr/lib/python3/dist-packages/heat/engine/service.py:2370
2025-06-23 01:22:46.258 37679 DEBUG heat.engine.service [req-85e7c87f-e69e-4732-883f-742487acc7dd - - - - -] Service 2a197673-6003-4453-8351-897ae0ccd400 is updated service_manage_report /usr/lib/python3/dist-packages/heat/engine/service.py:2370
2025-06-23 01:22:46.269 37680 DEBUG heat.engine.service [req-fbad7488-2c6f-4319-b55e-87e8d608a618 - - - - -] Service 3d57d492-6268-4f0f-85d7-fd387d6facd3 is updated service_manage_report /usr/lib/python3/dist-packages/heat/engine/service.py:2370
2025-06-23 01:22:46.277 37682 DEBUG heat.engine.service [req-39b14cc2-4ba4-4135-a88b-827a8bdea38e - - - - -] Service 5538ed2d-314a-4ca8-8ea4-aef42a8970a7 is updated service_manage_report /usr/lib/python3/dist-packages/heat/engine/service.py:2370
2025-06-23 01:22:46.279 37681 DEBUG heat.engine.service [req-887e5ae0-9a3b-40c2-8df2-c08ccf5bb46e - - - - -] Service 7a17a435-df31-46de-b682-b2338a486ccc is updated service_manage_report /usr/lib/python3/dist-packages/heat/engine/service.py:2370
2025-06-23 01:23:46.262 37679 DEBUG heat.engine.service [req-d4b4fc1a-8593-4a5f-a5b4-5b289943d6be - - - - -] Service 2a197673-6003-4453-8351-897ae0ccd400 is updated service_manage_report /usr/lib/python3/dist-packages/heat/engine/service.py:2370
2025-06-23 01:23:46.276 37680 DEBUG heat.engine.service [req-8a824766-152c-4dba-8641-4233f3ef239a - - - - -] Service 3d57d492-6268-4f0f-85d7-fd387d6facd3 is updated service_manage_report /usr/lib/python3/dist-packages/heat/engine/service.py:2370
2025-06-23 01:23:46.281 37682 DEBUG heat.engine.service [req-a483e71e-2afc-4da4-81e9-9252e31185b3 - - - - -] Service 5538ed2d-314a-4ca8-8ea4-aef42a8970a7 is updated service_manage_report /usr/lib/python3/dist-packages/heat/engine/service.py:2370
2025-06-23 01:23:46.283 37681 DEBUG heat.engine.service [req-1d32d52c-1ea0-415b-aef9-a7aff75d94ef - - - - -] Service 7a17a435-df31-46de-b682-b2338a486ccc is updated service_manage_report /usr/lib/python3/dist-packages/heat/engine/service.py:2370
2025-06-23 01:24:46.269 37679 DEBUG heat.engine.service [req-43e666d0-d885-4d63-83b8-e2e6bc16b820 - - - - -] Service 2a197673-6003-4453-8351-897ae0ccd400 is updated service_manage_report /usr/lib/python3/dist-packages/heat/engine/service.py:2370
2025-06-23 01:24:46.272 37680 DEBUG heat.engine.service [req-6f798a18-88d6-44c4-8466-0117e42f78e1 - - - - -] Service 3d57d492-6268-4f0f-85d7-fd387d6facd3 is updated service_manage_report /usr/lib/python3/dist-packages/heat/engine/service.py:2370
2025-06-23 01:24:46.288 37682 DEBUG heat.engine.service [req-1e4691c5-8944-41a4-bbc1-4675401babcf - - - - -] Service 5538ed2d-314a-4ca8-8ea4-aef42a8970a7 is updated service_manage_report /usr/lib/python3/dist-packages/heat/engine/service.py:2370
2025-06-23 01:24:46.289 37681 DEBUG heat.engine.service [req-53f2d6eb-2aa9-4408-b2da-84ba49b79c47 - - - - -] Service 7a17a435-df31-46de-b682-b2338a486ccc is updated service_manage_report /usr/lib/python3/dist-packages/heat/engine/service.py:2370
2025-06-23 01:25:46.266 37680 DEBUG heat.engine.service [req-018abc9f-7ae8-4415-89e8-32e98a491f7b - - - - -] Service 3d57d492-6268-4f0f-85d7-fd387d6facd3 is updated service_manage_report /usr/lib/python3/dist-packages/heat/engine/service.py:2370
2025-06-23 01:25:46.273 37679 DEBUG heat.engine.service [req-204390ca-1b7d-412f-ba52-c2bacddef89d - - - - -] Service 2a197673-6003-4453-8351-897ae0ccd400 is updated service_manage_report /usr/lib/python3/dist-packages/heat/engine/service.py:2370
2025-06-23 01:25:46.288 37682 DEBUG heat.engine.service [req-2eacedeb-78de-4d37-a9ad-20815a734a95 - - - - -] Service 5538ed2d-314a-4ca8-8ea4-aef42a8970a7 is updated service_manage_report /usr/lib/python3/dist-packages/heat/engine/service.py:2370
2025-06-23 01:25:46.289 37681 DEBUG heat.engine.service [req-cf06ef01-538a-484f-8ecf-1908181ebf73 - - - - -] Service 7a17a435-df31-46de-b682-b2338a486ccc is updated service_manage_report /usr/lib/python3/dist-packages/heat/engine/service.py:2370
2025-06-23 01:26:46.268 37679 DEBUG heat.engine.service [req-0c54e197-cce1-404c-b862-c3a17273d437 - - - - -] Service 2a197673-6003-4453-8351-897ae0ccd400 is updated service_manage_report /usr/lib/python3/dist-packages/heat/engine/service.py:2370
2025-06-23 01:26:46.272 37680 DEBUG heat.engine.service [req-61f24934-5605-45da-aece-52920e5b6ac2 - - - - -] Service 3d57d492-6268-4f0f-85d7-fd387d6facd3 is updated service_manage_report /usr/lib/python3/dist-packages/heat/engine/service.py:2370
2025-06-23 01:26:46.281 37682 DEBUG heat.engine.service [req-2dfada0b-b1c2-49fd-aed1-96532bc0a2ee - - - - -] Service 5538ed2d-314a-4ca8-8ea4-aef42a8970a7 is updated service_manage_report /usr/lib/python3/dist-packages/heat/engine/service.py:2370
2025-06-23 01:26:46.286 37681 DEBUG heat.engine.service [req-75a3d826-d542-45d9-8655-c87a1113aa92 - - - - -] Service 7a17a435-df31-46de-b682-b2338a486ccc is updated service_manage_report /usr/lib/python3/dist-packages/heat/engine/service.py:2370
2025-06-23 01:27:46.277 37679 DEBUG heat.engine.service [req-c9957428-49d8-416f-8232-8175ee030442 - - - - -] Service 2a197673-6003-4453-8351-897ae0ccd400 is updated service_manage_report /usr/lib/python3/dist-packages/heat/engine/service.py:2370
2025-06-23 01:27:46.278 37680 DEBUG heat.engine.service [req-bb260409-9aff-4cee-bfe6-a1b899ddf4b4 - - - - -] Service 3d57d492-6268-4f0f-85d7-fd387d6facd3 is updated service_manage_report /usr/lib/python3/dist-packages/heat/engine/service.py:2370
2025-06-23 01:27:46.280 37681 DEBUG heat.engine.service [req-6c423c9f-d664-4caa-850c-dc1a8e894821 - - - - -] Service 7a17a435-df31-46de-b682-b2338a486ccc is updated service_manage_report /usr/lib/python3/dist-packages/heat/engine/service.py:2370
2025-06-23 01:27:46.285 37682 DEBUG heat.engine.service [req-9af6fcd4-b21f-42a7-adaf-2f5d60976a60 - - - - -] Service 5538ed2d-314a-4ca8-8ea4-aef42a8970a7 is updated service_manage_report /usr/lib/python3/dist-packages/heat/engine/service.py:2370
2025-06-23 01:28:46.271 37679 DEBUG heat.engine.service [req-928be6d7-ec8f-4a5e-a556-23312ef1afce - - - - -] Service 2a197673-6003-4453-8351-897ae0ccd400 is updated service_manage_report /usr/lib/python3/dist-packages/heat/engine/service.py:2370
2025-06-23 01:28:46.275 37680 DEBUG heat.engine.service [req-90c20abf-b90f-4479-8c1a-20f0dbb2e3d6 - - - - -] Service 3d57d492-6268-4f0f-85d7-fd387d6facd3 is updated service_manage_report /usr/lib/python3/dist-packages/heat/engine/service.py:2370
2025-06-23 01:28:46.283 37681 DEBUG heat.engine.service [req-270336bf-2307-4e12-9a9b-fa0eb1e47baa - - - - -] Service 7a17a435-df31-46de-b682-b2338a486ccc is updated service_manage_report /usr/lib/python3/dist-packages/heat/engine/service.py:2370
2025-06-23 01:28:46.288 37682 DEBUG heat.engine.service [req-e18188be-4cfb-47fb-8ba5-d9cb14f94aa1 - - - - -] Service 5538ed2d-314a-4ca8-8ea4-aef42a8970a7 is updated service_manage_report /usr/lib/python3/dist-packages/heat/engine/service.py:2370
2025-06-23 01:29:46.277 37680 DEBUG heat.engine.service [req-1587033d-6d31-4ea0-ae21-a4564905e35b - - - - -] Service 3d57d492-6268-4f0f-85d7-fd387d6facd3 is updated service_manage_report /usr/lib/python3/dist-packages/heat/engine/service.py:2370
2025-06-23 01:29:46.279 37679 DEBUG heat.engine.service [req-0179f03f-cdeb-40e0-b0cc-42af5bd58ddf - - - - -] Service 2a197673-6003-4453-8351-897ae0ccd400 is updated service_manage_report /usr/lib/python3/dist-packages/heat/engine/service.py:2370
2025-06-23 01:29:46.292 37681 DEBUG heat.engine.service [req-045e4b7f-a39b-4367-8f9e-38a5dc06c360 - - - - -] Service 7a17a435-df31-46de-b682-b2338a486ccc is updated service_manage_report /usr/lib/python3/dist-packages/heat/engine/service.py:2370
2025-06-23 01:29:46.296 37682 DEBUG heat.engine.service [req-fa215698-8e7e-4b10-9909-14d70f9be3c5 - - - - -] Service 5538ed2d-314a-4ca8-8ea4-aef42a8970a7 is updated service_manage_report /usr/lib/python3/dist-packages/heat/engine/service.py:2370
2025-06-23 01:30:46.275 37680 DEBUG heat.engine.service [req-6e74b94c-a8e4-4954-99e3-c14e518cc11f - - - - -] Service 3d57d492-6268-4f0f-85d7-fd387d6facd3 is updated service_manage_report /usr/lib/python3/dist-packages/heat/engine/service.py:2370
2025-06-23 01:30:46.276 37679 DEBUG heat.engine.service [req-f578376c-2d1c-49fa-87b6-fe4f66305c73 - - - - -] Service 2a197673-6003-4453-8351-897ae0ccd400 is updated service_manage_report /usr/lib/python3/dist-packages/heat/engine/service.py:2370
2025-06-23 01:30:46.284 37681 DEBUG heat.engine.service [req-045d4f95-5b42-449d-97b2-32c19652be69 - - - - -] Service 7a17a435-df31-46de-b682-b2338a486ccc is updated service_manage_report /usr/lib/python3/dist-packages/heat/engine/service.py:2370
2025-06-23 01:30:46.290 37682 DEBUG heat.engine.service [req-6ceda5df-3e2e-420b-9257-a795c7622950 - - - - -] Service 5538ed2d-314a-4ca8-8ea4-aef42a8970a7 is updated service_manage_report /usr/lib/python3/dist-packages/heat/engine/service.py:2370
2025-06-23 01:31:46.269 37680 DEBUG heat.engine.service [req-2bce1774-d0fd-440b-88ee-1107321f7e01 - - - - -] Service 3d57d492-6268-4f0f-85d7-fd387d6facd3 is updated service_manage_report /usr/lib/python3/dist-packages/heat/engine/service.py:2370
2025-06-23 01:31:46.271 37679 DEBUG heat.engine.service [req-3bb42053-1500-485c-a62f-5705ec9c807c - - - - -] Service 2a197673-6003-4453-8351-897ae0ccd400 is updated service_manage_report /usr/lib/python3/dist-packages/heat/engine/service.py:2370
2025-06-23 01:31:46.288 37681 DEBUG heat.engine.service [req-866adcc4-d7af-47e6-b0ba-8d5f8389acd1 - - - - -] Service 7a17a435-df31-46de-b682-b2338a486ccc is updated service_manage_report /usr/lib/python3/dist-packages/heat/engine/service.py:2370
2025-06-23 01:31:46.293 37682 DEBUG heat.engine.service [req-a7b1de1c-9bf9-4cef-a10b-7e12f6b23514 - - - - -] Service 5538ed2d-314a-4ca8-8ea4-aef42a8970a7 is updated service_manage_report /usr/lib/python3/dist-packages/heat/engine/service.py:2370
2025-06-23 01:32:46.278 37679 DEBUG heat.engine.service [req-0ab27176-12b5-4a8c-ae65-96e6a40fcfaa - - - - -] Service 2a197673-6003-4453-8351-897ae0ccd400 is updated service_manage_report /usr/lib/python3/dist-packages/heat/engine/service.py:2370
2025-06-23 01:32:46.281 37680 DEBUG heat.engine.service [req-ca618acc-3be6-4ad7-a146-823449002c2f - - - - -] Service 3d57d492-6268-4f0f-85d7-fd387d6facd3 is updated service_manage_report /usr/lib/python3/dist-packages/heat/engine/service.py:2370
2025-06-23 01:32:46.290 37681 DEBUG heat.engine.service [req-df2041de-4c77-4286-9722-19aa09b8833e - - - - -] Service 7a17a435-df31-46de-b682-b2338a486ccc is updated service_manage_report /usr/lib/python3/dist-packages/heat/engine/service.py:2370
2025-06-23 01:32:46.296 37682 DEBUG heat.engine.service [req-bed17869-ad06-47db-aa60-4518d0af906c - - - - -] Service 5538ed2d-314a-4ca8-8ea4-aef42a8970a7 is updated service_manage_report /usr/lib/python3/dist-packages/heat/engine/service.py:2370
2025-06-23 01:33:46.279 37679 DEBUG heat.engine.service [req-54b651f4-c4ab-4383-b238-de8472961529 - - - - -] Service 2a197673-6003-4453-8351-897ae0ccd400 is updated service_manage_report /usr/lib/python3/dist-packages/heat/engine/service.py:2370
2025-06-23 01:33:46.298 37680 DEBUG heat.engine.service [req-ec19e2e0-8268-4846-beb8-f33b6026b64a - - - - -] Service 3d57d492-6268-4f0f-85d7-fd387d6facd3 is updated service_manage_report /usr/lib/python3/dist-packages/heat/engine/service.py:2370
2025-06-23 01:33:46.302 37681 DEBUG heat.engine.service [req-f15e306e-a0b2-4677-8e60-5b3bbfdd79d5 - - - - -] Service 7a17a435-df31-46de-b682-b2338a486ccc is updated service_manage_report /usr/lib/python3/dist-packages/heat/engine/service.py:2370
2025-06-23 01:33:46.305 37682 DEBUG heat.engine.service [req-18e5eb53-0898-47a2-9730-06095897a29a - - - - -] Service 5538ed2d-314a-4ca8-8ea4-aef42a8970a7 is updated service_manage_report /usr/lib/python3/dist-packages/heat/engine/service.py:2370
2025-06-23 01:34:46.311 37679 DEBUG heat.engine.service [req-2ab67209-9449-46a8-b6ba-d834d4261bb5 - - - - -] Service 2a197673-6003-4453-8351-897ae0ccd400 is updated service_manage_report /usr/lib/python3/dist-packages/heat/engine/service.py:2370
2025-06-23 01:34:46.389 37680 DEBUG heat.engine.service [req-7522f0ae-f4ea-49ec-a2bd-02709d22c3d5 - - - - -] Service 3d57d492-6268-4f0f-85d7-fd387d6facd3 is updated service_manage_report /usr/lib/python3/dist-packages/heat/engine/service.py:2370
2025-06-23 01:34:46.407 37682 DEBUG heat.engine.service [req-c66d539e-1645-4ba0-87d5-5c8dd6cdbf61 - - - - -] Service 5538ed2d-314a-4ca8-8ea4-aef42a8970a7 is updated service_manage_report /usr/lib/python3/dist-packages/heat/engine/service.py:2370
2025-06-23 01:34:46.407 37681 DEBUG heat.engine.service [req-322b79b0-705c-4849-a35f-6541a0e544c3 - - - - -] Service 7a17a435-df31-46de-b682-b2338a486ccc is updated service_manage_report /usr/lib/python3/dist-packages/heat/engine/service.py:2370
2025-06-23 01:34:47.078 37681 DEBUG heat.engine.service [-] Attempting to stop engine service... _stop_rpc_server /usr/lib/python3/dist-packages/heat/engine/service.py:437
2025-06-23 01:34:47.078 37679 DEBUG heat.engine.service [-] Attempting to stop engine service... _stop_rpc_server /usr/lib/python3/dist-packages/heat/engine/service.py:437
2025-06-23 01:34:47.079 37680 DEBUG heat.engine.service [-] Attempting to stop engine service... _stop_rpc_server /usr/lib/python3/dist-packages/heat/engine/service.py:437
2025-06-23 01:34:47.079 37682 DEBUG heat.engine.service [-] Attempting to stop engine service... _stop_rpc_server /usr/lib/python3/dist-packages/heat/engine/service.py:437
2025-06-23 01:34:47.084 37458 INFO oslo_service.service [-] Caught SIGTERM, stopping children
2025-06-23 01:34:47.085 37458 DEBUG oslo_concurrency.lockutils [-] Acquired lock "singleton_lock" lock /usr/lib/python3/dist-packages/oslo_concurrency/lockutils.py:294
2025-06-23 01:34:47.085 37458 DEBUG oslo_concurrency.lockutils [-] Releasing lock "singleton_lock" lock /usr/lib/python3/dist-packages/oslo_concurrency/lockutils.py:312
2025-06-23 01:34:47.085 37458 DEBUG oslo_service.service [-] Stop services. stop /usr/lib/python3/dist-packages/oslo_service/service.py:695
2025-06-23 01:34:47.086 37458 INFO heat.engine.service [-] All threads were gone, terminating engine
2025-06-23 01:34:47.086 37458 DEBUG oslo_service.service [-] Killing children. stop /usr/lib/python3/dist-packages/oslo_service/service.py:700
2025-06-23 01:34:47.086 37458 INFO oslo_service.service [-] Waiting on 4 children to exit
2025-06-23 01:34:47.093 37458 INFO oslo_service.service [-] Child 37682 killed by signal 15
2025-06-23 01:34:47.096 37458 INFO oslo_service.service [-] Child 37679 killed by signal 15
2025-06-23 01:34:47.100 37458 INFO oslo_service.service [-] Child 37680 killed by signal 15
2025-06-23 01:34:47.102 37458 INFO oslo_service.service [-] Child 37681 killed by signal 15
2025-06-23 01:34:50.185 58769 DEBUG oslo_concurrency.lockutils [-] Lock "context-manager" acquired by "neutron_lib.db.api._create_context_manager" :: waited 0.000s inner /usr/lib/python3/dist-packages/oslo_concurrency/lockutils.py:386
2025-06-23 01:34:50.230 58769 DEBUG oslo_concurrency.lockutils [-] Lock "context-manager" "released" by "neutron_lib.db.api._create_context_manager" :: held 0.045s inner /usr/lib/python3/dist-packages/oslo_concurrency/lockutils.py:400
2025-06-23 01:34:50.523 58769 WARNING heat.engine.environment [-] OS::Aodh::Alarm is DEPRECATED. Theshold alarm relies on ceilometer-api and has been deprecated in aodh since Ocata. Use OS::Aodh::GnocchiAggregationByResourcesAlarm instead.
2025-06-23 01:34:50.523 58769 WARNING heat.engine.environment [-] OS::Aodh::CombinationAlarm is HIDDEN. OS::Aodh::CombinationAlarm is deprecated and has been removed from Aodh, use OS::Aodh::CompositeAlarm instead.
2025-06-23 01:34:50.524 58769 WARNING heat.engine.environment [-] OS::Designate::Domain is HIDDEN. This resource has been removed, use OS::Designate::Zone instead.
2025-06-23 01:34:50.524 58769 WARNING heat.engine.environment [-] OS::Designate::Record is HIDDEN. This resource has been removed, use OS::Designate::RecordSet instead.
2025-06-23 01:34:50.524 58769 WARNING heat.engine.environment [-] OS::Glance::Image is DEPRECATED. Creating a Glance Image based on an existing URL location requires the Glance v1 API, which is deprecated.
2025-06-23 01:34:50.524 58769 WARNING heat.engine.environment [-] OS::Heat::HARestarter is HIDDEN. The HARestarter resource type has been removed. Existing stacks containing HARestarter resources can still be used, but the HARestarter resource will be a placeholder that does nothing.
2025-06-23 01:34:50.525 58769 WARNING heat.engine.environment [-] OS::Heat::SoftwareDeployments is HIDDEN. Please use OS::Heat::SoftwareDeploymentGroup instead.
2025-06-23 01:34:50.525 58769 WARNING heat.engine.environment [-] OS::Heat::StructuredDeployments is HIDDEN. Please use OS::Heat::StructuredDeploymentGroup instead.
2025-06-23 01:34:50.525 58769 WARNING heat.engine.environment [-] OS::Magnum::Bay is HIDDEN. Please use OS::Magnum::Cluster instead.
2025-06-23 01:34:50.525 58769 WARNING heat.engine.environment [-] OS::Magnum::BayModel is HIDDEN. Please use OS::Magnum::ClusterTemplate instead.
2025-06-23 01:34:50.525 58769 WARNING heat.engine.environment [-] OS::Neutron::ExtraRoute is UNSUPPORTED. Use this resource at your own risk.
2025-06-23 01:34:50.526 58769 WARNING heat.engine.environment [-] OS::Neutron::HealthMonitor is HIDDEN. Use LBaaS V2 instead.
2025-06-23 01:34:50.526 58769 WARNING heat.engine.environment [-] OS::Neutron::Pool is HIDDEN. Use LBaaS V2 instead.
2025-06-23 01:34:50.526 58769 WARNING heat.engine.environment [-] OS::Neutron::PoolMember is HIDDEN. Use LBaaS V2 instead.
2025-06-23 01:34:50.526 58769 WARNING heat.engine.environment [-] OS::Neutron::LoadBalancer is HIDDEN. Use LBaaS V2 instead.
2025-06-23 01:34:50.526 58769 WARNING heat.engine.environment [-] OS::Neutron::RouterGateway is HIDDEN. Use the `external_gateway_info` property in the router resource to set up the gateway.
2025-06-23 01:34:50.527 58769 WARNING heat.engine.environment [-] OS::Nova::FloatingIP is HIDDEN. Please use OS::Neutron::FloatingIP instead.
2025-06-23 01:34:50.527 58769 WARNING heat.engine.environment [-] OS::Nova::FloatingIPAssociation is HIDDEN. Please use OS::Neutron::FloatingIPAssociation instead.
2025-06-23 01:34:50.528 58769 INFO heat.engine.environment [-] Loading /etc/heat/environment.d/default.yaml
2025-06-23 01:34:50.530 58769 INFO heat.engine.environment [-] Registered: [Plugin](User:False) AWS::AutoScaling::AutoScalingGroup ->
2025-06-23 01:34:50.531 58769 INFO heat.engine.environment [-] Registered: [Plugin](User:False) AWS::AutoScaling::LaunchConfiguration ->
2025-06-23 01:34:50.531 58769 INFO heat.engine.environment [-] Registered: [Plugin](User:False) AWS::AutoScaling::ScalingPolicy ->
2025-06-23 01:34:50.531 58769 INFO heat.engine.environment [-] Registered: [Plugin](User:False) AWS::CloudFormation::Stack ->
2025-06-23 01:34:50.531 58769 INFO heat.engine.environment [-] Registered: [Plugin](User:False) AWS::CloudFormation::WaitCondition ->
2025-06-23 01:34:50.531 58769 INFO heat.engine.environment [-] Registered: [Plugin](User:False) AWS::CloudFormation::WaitConditionHandle ->
2025-06-23 01:34:50.531 58769 INFO heat.engine.environment [-] Registered: [Plugin](User:False) AWS::EC2::EIP ->
2025-06-23 01:34:50.531 58769 INFO heat.engine.environment [-] Registered: [Plugin](User:False) AWS::EC2::EIPAssociation ->
2025-06-23 01:34:50.531 58769 INFO heat.engine.environment [-] Registered: [Plugin](User:False) AWS::EC2::Instance ->
2025-06-23 01:34:50.531 58769 INFO heat.engine.environment [-] Registered: [Plugin](User:False) AWS::EC2::InternetGateway ->
2025-06-23 01:34:50.532 58769 INFO heat.engine.environment [-] Registered: [Plugin](User:False) AWS::EC2::VPCGatewayAttachment ->
2025-06-23 01:34:50.532 58769 INFO heat.engine.environment [-] Registered: [Plugin](User:False) AWS::EC2::NetworkInterface ->
2025-06-23 01:34:50.532 58769 INFO heat.engine.environment [-] Registered: [Plugin](User:False) AWS::EC2::RouteTable ->
2025-06-23 01:34:50.532 58769 INFO heat.engine.environment [-] Registered: [Plugin](User:False) AWS::EC2::SubnetRouteTableAssociation ->
2025-06-23 01:34:50.532 58769 INFO heat.engine.environment [-] Registered: [Plugin](User:False) AWS::EC2::SecurityGroup ->
2025-06-23 01:34:50.532 58769 INFO heat.engine.environment [-] Registered: [Plugin](User:False) AWS::EC2::Subnet ->
2025-06-23 01:34:50.532 58769 INFO heat.engine.environment [-] Registered: [Plugin](User:False) AWS::EC2::Volume ->
2025-06-23 01:34:50.532 58769 INFO heat.engine.environment [-] Registered: [Plugin](User:False) AWS::EC2::VolumeAttachment ->
2025-06-23 01:34:50.532 58769 INFO heat.engine.environment [-] Registered: [Plugin](User:False) AWS::EC2::VPC ->
2025-06-23 01:34:50.532 58769 INFO heat.engine.environment [-] Registered: [Plugin](User:False) AWS::IAM::User ->
2025-06-23 01:34:50.533 58769 INFO heat.engine.environment [-] Registered: [Plugin](User:False) AWS::IAM::AccessKey ->
2025-06-23 01:34:50.533 58769 INFO heat.engine.environment [-] Registered: [Plugin](User:False) AWS::ElasticLoadBalancing::LoadBalancer ->
2025-06-23 01:34:50.533 58769 INFO heat.engine.environment [-] Registered: [Plugin](User:False) AWS::S3::Bucket ->
2025-06-23 01:34:50.533 58769 INFO heat.engine.environment [-] Registered: [Plugin](User:False) OS::Aodh::Alarm ->
2025-06-23 01:34:50.533 58769 INFO heat.engine.environment [-] Registered: [Plugin](User:False) OS::Aodh::CombinationAlarm ->
2025-06-23 01:34:50.533 58769 INFO heat.engine.environment [-] Registered: [Plugin](User:False) OS::Aodh::EventAlarm ->
2025-06-23 01:34:50.533 58769 INFO heat.engine.environment [-] Registered: [Plugin](User:False) OS::Aodh::LBMemberHealthAlarm ->
2025-06-23 01:34:50.533 58769 INFO heat.engine.environment [-] Registered: [Plugin](User:False) OS::Aodh::CompositeAlarm ->
2025-06-23 01:34:50.533 58769 INFO heat.engine.environment [-] Registered: [Plugin](User:False) OS::Aodh::GnocchiResourcesAlarm ->
2025-06-23 01:34:50.533 58769 INFO heat.engine.environment [-] Registered: [Plugin](User:False) OS::Aodh::GnocchiAggregationByMetricsAlarm ->
2025-06-23 01:34:50.534 58769 INFO heat.engine.environment [-] Registered: [Plugin](User:False) OS::Aodh::GnocchiAggregationByResourcesAlarm ->
2025-06-23 01:34:50.534 58769 INFO heat.engine.environment [-] Registered: [Plugin](User:False) OS::Barbican::GenericContainer ->
2025-06-23 01:34:50.534 58769 INFO heat.engine.environment [-] Registered: [Plugin](User:False) OS::Barbican::CertificateContainer ->
2025-06-23 01:34:50.534 58769 INFO heat.engine.environment [-] Registered: [Plugin](User:False) OS::Barbican::RSAContainer ->
2025-06-23 01:34:50.534 58769 INFO heat.engine.environment [-] Registered: [Plugin](User:False) OS::Barbican::Order ->
2025-06-23 01:34:50.534 58769 INFO heat.engine.environment [-] Registered: [Plugin](User:False) OS::Barbican::Secret ->
2025-06-23 01:34:50.534 58769 INFO heat.engine.environment [-] Registered: [Plugin](User:False) OS::Blazar::Host ->
2025-06-23 01:34:50.534 58769 INFO heat.engine.environment [-] Registered: [Plugin](User:False) OS::Blazar::Lease ->
2025-06-23 01:34:50.534 58769 INFO heat.engine.environment [-] Registered: [Plugin](User:False) OS::Cinder::EncryptedVolumeType ->
2025-06-23 01:34:50.534 58769 INFO heat.engine.environment [-] Registered: [Plugin](User:False) OS::Cinder::QoSSpecs ->
2025-06-23 01:34:50.535 58769 INFO heat.engine.environment [-] Registered: [Plugin](User:False) OS::Cinder::QoSAssociation ->
2025-06-23 01:34:50.535 58769 INFO heat.engine.environment [-] Registered: [Plugin](User:False) OS::Cinder::Quota ->
2025-06-23 01:34:50.535 58769 INFO heat.engine.environment [-] Registered: [Plugin](User:False) OS::Cinder::Volume ->
2025-06-23 01:34:50.535 58769 INFO heat.engine.environment [-] Registered: [Plugin](User:False) OS::Cinder::VolumeAttachment ->
2025-06-23 01:34:50.535 58769 INFO heat.engine.environment [-] Registered: [Plugin](User:False) OS::Cinder::VolumeType ->
2025-06-23 01:34:50.535 58769 INFO heat.engine.environment [-] Registered: [Plugin](User:False) OS::Designate::Domain ->
2025-06-23 01:34:50.535 58769 INFO heat.engine.environment [-] Registered: [Plugin](User:False) OS::Designate::Record ->
2025-06-23 01:34:50.535 58769 INFO heat.engine.environment [-] Registered: [Plugin](User:False) OS::Designate::RecordSet ->
2025-06-23 01:34:50.535 58769 INFO heat.engine.environment [-] Registered: [Plugin](User:False) OS::Designate::Zone ->
2025-06-23 01:34:50.535 58769 INFO heat.engine.environment [-] Registered: [Plugin](User:False) OS::Glance::Image ->
2025-06-23 01:34:50.535 58769 INFO heat.engine.environment [-] Registered: [Plugin](User:False) OS::Glance::WebImage ->
2025-06-23 01:34:50.536 58769 INFO heat.engine.environment [-] Registered: [Plugin](User:False) OS::Heat::AccessPolicy ->
2025-06-23 01:34:50.536 58769 INFO heat.engine.environment [-] Registered: [Plugin](User:False) OS::Heat::AutoScalingGroup ->
2025-06-23 01:34:50.536 58769 INFO heat.engine.environment [-] Registered: [Plugin](User:False) OS::Heat::CloudConfig ->
2025-06-23 01:34:50.536 58769 INFO heat.engine.environment [-] Registered: [Plugin](User:False) OS::Heat::Delay ->
2025-06-23 01:34:50.536 58769 INFO heat.engine.environment [-] Registered: [Plugin](User:False) OS::Heat::DeployedServer ->
2025-06-23 01:34:50.536 58769 INFO heat.engine.environment [-] Registered: [Plugin](User:False) OS::Heat::HARestarter ->
2025-06-23 01:34:50.536 58769 INFO heat.engine.environment [-] Registered: [Plugin](User:False) OS::Heat::InstanceGroup ->
2025-06-23 01:34:50.536 58769 INFO heat.engine.environment [-] Registered: [Plugin](User:False) OS::Heat::MultipartMime ->
2025-06-23 01:34:50.536 58769 INFO heat.engine.environment [-] Registered: [Plugin](User:False) OS::Heat::None ->
2025-06-23 01:34:50.536 58769 INFO heat.engine.environment [-] Registered: [Plugin](User:False) OS::Heat::RandomString ->
2025-06-23 01:34:50.537 58769 INFO heat.engine.environment [-] Registered: [Plugin](User:False) OS::Heat::Stack ->
2025-06-23 01:34:50.537 58769 INFO heat.engine.environment [-] Registered: [Plugin](User:False) OS::Heat::ResourceChain ->
2025-06-23 01:34:50.537 58769 INFO heat.engine.environment [-] Registered: [Plugin](User:False) OS::Heat::ResourceGroup ->
2025-06-23 01:34:50.537 58769 INFO heat.engine.environment [-] Registered: [Plugin](User:False) OS::Heat::ScalingPolicy ->
2025-06-23 01:34:50.537 58769 INFO heat.engine.environment [-] Registered: [Plugin](User:False) OS::Heat::SoftwareComponent ->
2025-06-23 01:34:50.537 58769 INFO heat.engine.environment [-] Registered: [Plugin](User:False) OS::Heat::SoftwareConfig ->
2025-06-23 01:34:50.537 58769 INFO heat.engine.environment [-] Registered: [Plugin](User:False) OS::Heat::SoftwareDeployment ->
2025-06-23 01:34:50.537 58769 INFO heat.engine.environment [-] Registered: [Plugin](User:False) OS::Heat::SoftwareDeploymentGroup ->
2025-06-23 01:34:50.537 58769 INFO heat.engine.environment [-] Registered: [Plugin](User:False) OS::Heat::SoftwareDeployments ->
2025-06-23 01:34:50.537 58769 INFO heat.engine.environment [-] Registered: [Plugin](User:False) OS::Heat::StructuredConfig ->
2025-06-23 01:34:50.538 58769 INFO heat.engine.environment [-] Registered: [Plugin](User:False) OS::Heat::StructuredDeployment ->
2025-06-23 01:34:50.538 58769 INFO heat.engine.environment [-] Registered: [Plugin](User:False) OS::Heat::StructuredDeploymentGroup ->
2025-06-23 01:34:50.538 58769 INFO heat.engine.environment [-] Registered: [Plugin](User:False) OS::Heat::StructuredDeployments ->
2025-06-23 01:34:50.538 58769 INFO heat.engine.environment [-] Registered: [Plugin](User:False) OS::Heat::SwiftSignal ->
2025-06-23 01:34:50.538 58769 INFO heat.engine.environment [-] Registered: [Plugin](User:False) OS::Heat::SwiftSignalHandle ->
2025-06-23 01:34:50.538 58769 INFO heat.engine.environment [-] Registered: [Plugin](User:False) OS::Heat::TestResource ->
2025-06-23 01:34:50.538 58769 INFO heat.engine.environment [-] Registered: [Plugin](User:False) OS::Heat::Value ->
2025-06-23 01:34:50.538 58769 INFO heat.engine.environment [-] Registered: [Plugin](User:False) OS::Heat::WaitCondition ->
2025-06-23 01:34:50.538 58769 INFO heat.engine.environment [-] Registered: [Plugin](User:False) OS::Heat::WaitConditionHandle ->
2025-06-23 01:34:50.538 58769 INFO heat.engine.environment [-] Registered: [Plugin](User:False) OS::Heat::UpdateWaitConditionHandle ->
2025-06-23 01:34:50.538 58769 INFO heat.engine.environment [-] Registered: [Plugin](User:False) OS::Ironic::Port ->
2025-06-23 01:34:50.539 58769 INFO heat.engine.environment [-] Registered: [Plugin](User:False) OS::Keystone::Domain ->
2025-06-23 01:34:50.539 58769 INFO heat.engine.environment [-] Registered: [Plugin](User:False) OS::Keystone::Endpoint ->
2025-06-23 01:34:50.539 58769 INFO heat.engine.environment [-] Registered: [Plugin](User:False) OS::Keystone::Group ->
2025-06-23 01:34:50.539 58769 INFO heat.engine.environment [-] Registered: [Plugin](User:False) OS::Keystone::Project ->
2025-06-23 01:34:50.539 58769 INFO heat.engine.environment [-] Registered: [Plugin](User:False) OS::Keystone::Region ->
2025-06-23 01:34:50.539 58769 INFO heat.engine.environment [-] Registered: [Plugin](User:False) OS::Keystone::Role ->
2025-06-23 01:34:50.539 58769 INFO heat.engine.environment [-] Registered: [Plugin](User:False) OS::Keystone::UserRoleAssignment ->
2025-06-23 01:34:50.539 58769 INFO heat.engine.environment [-] Registered: [Plugin](User:False) OS::Keystone::GroupRoleAssignment ->
2025-06-23 01:34:50.539 58769 INFO heat.engine.environment [-] Registered: [Plugin](User:False) OS::Keystone::Service ->
2025-06-23 01:34:50.539 58769 INFO heat.engine.environment [-] Registered: [Plugin](User:False) OS::Keystone::User ->
2025-06-23 01:34:50.540 58769 INFO heat.engine.environment [-] Registered: [Plugin](User:False) OS::Magnum::Bay ->
2025-06-23 01:34:50.540 58769 INFO heat.engine.environment [-] Registered: [Plugin](User:False) OS::Magnum::BayModel ->
2025-06-23 01:34:50.540 58769 INFO heat.engine.environment [-] Registered: [Plugin](User:False) OS::Magnum::Cluster ->
2025-06-23 01:34:50.540 58769 INFO heat.engine.environment [-] Registered: [Plugin](User:False) OS::Magnum::ClusterTemplate ->
2025-06-23 01:34:50.540 58769 INFO heat.engine.environment [-] Registered: [Plugin](User:False) OS::Manila::SecurityService ->
2025-06-23 01:34:50.540 58769 INFO heat.engine.environment [-] Registered: [Plugin](User:False) OS::Manila::Share ->
2025-06-23 01:34:50.540 58769 INFO heat.engine.environment [-] Registered: [Plugin](User:False) OS::Manila::ShareNetwork ->
2025-06-23 01:34:50.540 58769 INFO heat.engine.environment [-] Registered: [Plugin](User:False) OS::Manila::ShareType ->
2025-06-23 01:34:50.540 58769 INFO heat.engine.environment [-] Registered: [Plugin](User:False) OS::Mistral::CronTrigger ->
2025-06-23 01:34:50.540 58769 INFO heat.engine.environment [-] Registered: [Plugin](User:False) OS::Mistral::ExternalResource ->
2025-06-23 01:34:50.541 58769 INFO heat.engine.environment [-] Registered: [Plugin](User:False) OS::Mistral::Workflow ->
2025-06-23 01:34:50.541 58769 INFO heat.engine.environment [-] Registered: [Plugin](User:False) OS::Monasca::AlarmDefinition ->
2025-06-23 01:34:50.541 58769 INFO heat.engine.environment [-] Registered: [Plugin](User:False) OS::Monasca::Notification ->
2025-06-23 01:34:50.541 58769 INFO heat.engine.environment [-] Registered: [Plugin](User:False) OS::Neutron::AddressScope ->
2025-06-23 01:34:50.541 58769 INFO heat.engine.environment [-] Registered: [Plugin](User:False) OS::Neutron::ExtraRoute ->
2025-06-23 01:34:50.541 58769 INFO heat.engine.environment [-] Registered: [Plugin](User:False) OS::Neutron::ExtraRouteSet ->
2025-06-23 01:34:50.541 58769 INFO heat.engine.environment [-] Registered: [Plugin](User:False) OS::Neutron::Firewall ->
2025-06-23 01:34:50.541 58769 INFO heat.engine.environment [-] Registered: [Plugin](User:False) OS::Neutron::FirewallPolicy ->
2025-06-23 01:34:50.541 58769 INFO heat.engine.environment [-] Registered: [Plugin](User:False) OS::Neutron::FirewallRule ->
2025-06-23 01:34:50.541 58769 INFO heat.engine.environment [-] Registered: [Plugin](User:False) OS::Neutron::FloatingIP ->
2025-06-23 01:34:50.542 58769 INFO heat.engine.environment [-] Registered: [Plugin](User:False) OS::Neutron::FloatingIPAssociation ->
2025-06-23 01:34:50.542 58769 INFO heat.engine.environment [-] Registered: [Plugin](User:False) OS::Neutron::L2Gateway ->
2025-06-23 01:34:50.542 58769 INFO heat.engine.environment [-] Registered: [Plugin](User:False) OS::Neutron::L2GatewayConnection ->
2025-06-23 01:34:50.542 58769 INFO heat.engine.environment [-] Registered: [Plugin](User:False) OS::Neutron::LBaaS::HealthMonitor ->
2025-06-23 01:34:50.542 58769 INFO heat.engine.environment [-] Registered: [Plugin](User:False) OS::Neutron::LBaaS::L7Policy ->
2025-06-23 01:34:50.542 58769 INFO heat.engine.environment [-] Registered: [Plugin](User:False) OS::Neutron::LBaaS::L7Rule ->
2025-06-23 01:34:50.542 58769 INFO heat.engine.environment [-] Registered: [Plugin](User:False) OS::Neutron::LBaaS::Listener ->
2025-06-23 01:34:50.542 58769 INFO heat.engine.environment [-] Registered: [Plugin](User:False) OS::Neutron::LBaaS::LoadBalancer ->
2025-06-23 01:34:50.542 58769 INFO heat.engine.environment [-] Registered: [Plugin](User:False) OS::Neutron::LBaaS::Pool ->
