2025-06-23 01:42:15.402 63256 DEBUG oslo_service.service [-] oslo_messaging_rabbit.rpc_conn_pool_size = 30 log_opt_values /usr/lib/python3/dist-packages/oslo_config/cfg.py:2609
2025-06-23 01:42:15.402 63256 DEBUG oslo_service.service [-] oslo_messaging_rabbit.ssl = False log_opt_values /usr/lib/python3/dist-packages/oslo_config/cfg.py:2609
2025-06-23 01:42:15.402 63256 DEBUG oslo_service.service [-] oslo_messaging_rabbit.ssl_ca_file = log_opt_values /usr/lib/python3/dist-packages/oslo_config/cfg.py:2609
2025-06-23 01:42:15.402 63256 DEBUG oslo_service.service [-] oslo_messaging_rabbit.ssl_cert_file = log_opt_values /usr/lib/python3/dist-packages/oslo_config/cfg.py:2609
2025-06-23 01:42:15.402 63256 DEBUG oslo_service.service [-] oslo_messaging_rabbit.ssl_key_file = log_opt_values /usr/lib/python3/dist-packages/oslo_config/cfg.py:2609
2025-06-23 01:42:15.402 63256 DEBUG oslo_service.service [-] oslo_messaging_rabbit.ssl_version = log_opt_values /usr/lib/python3/dist-packages/oslo_config/cfg.py:2609
2025-06-23 01:42:15.402 63256 DEBUG oslo_service.service [-] oslo_messaging_notifications.driver = [] log_opt_values /usr/lib/python3/dist-packages/oslo_config/cfg.py:2609
2025-06-23 01:42:15.402 63256 DEBUG oslo_service.service [-] oslo_messaging_notifications.retry = -1 log_opt_values /usr/lib/python3/dist-packages/oslo_config/cfg.py:2609
2025-06-23 01:42:15.403 63256 DEBUG oslo_service.service [-] oslo_messaging_notifications.topics = ['notifications'] log_opt_values /usr/lib/python3/dist-packages/oslo_config/cfg.py:2609
2025-06-23 01:42:15.403 63256 DEBUG oslo_service.service [-] oslo_messaging_notifications.transport_url = **** log_opt_values /usr/lib/python3/dist-packages/oslo_config/cfg.py:2609
2025-06-23 01:42:15.403 63256 DEBUG oslo_service.service [-] cache.backend = dogpile.cache.null log_opt_values /usr/lib/python3/dist-packages/oslo_config/cfg.py:2609
2025-06-23 01:42:15.403 63256 DEBUG oslo_service.service [-] cache.backend_argument = **** log_opt_values /usr/lib/python3/dist-packages/oslo_config/cfg.py:2609
2025-06-23 01:42:15.403 63256 DEBUG oslo_service.service [-] cache.config_prefix = cache.oslo log_opt_values /usr/lib/python3/dist-packages/oslo_config/cfg.py:2609
2025-06-23 01:42:15.403 63256 DEBUG oslo_service.service [-] cache.debug_cache_backend = False log_opt_values /usr/lib/python3/dist-packages/oslo_config/cfg.py:2609
2025-06-23 01:42:15.404 63256 DEBUG oslo_service.service [-] cache.enabled = False log_opt_values /usr/lib/python3/dist-packages/oslo_config/cfg.py:2609
2025-06-23 01:42:15.404 63256 DEBUG oslo_service.service [-] cache.expiration_time = 600 log_opt_values /usr/lib/python3/dist-packages/oslo_config/cfg.py:2609
2025-06-23 01:42:15.404 63256 DEBUG oslo_service.service [-] cache.memcache_dead_retry = 300 log_opt_values /usr/lib/python3/dist-packages/oslo_config/cfg.py:2609
2025-06-23 01:42:15.404 63256 DEBUG oslo_service.service [-] cache.memcache_pool_connection_get_timeout = 10 log_opt_values /usr/lib/python3/dist-packages/oslo_config/cfg.py:2609
2025-06-23 01:42:15.404 63256 DEBUG oslo_service.service [-] cache.memcache_pool_flush_on_reconnect = False log_opt_values /usr/lib/python3/dist-packages/oslo_config/cfg.py:2609
2025-06-23 01:42:15.404 63256 DEBUG oslo_service.service [-] cache.memcache_pool_maxsize = 10 log_opt_values /usr/lib/python3/dist-packages/oslo_config/cfg.py:2609
2025-06-23 01:42:15.404 63256 DEBUG oslo_service.service [-] cache.memcache_pool_unused_timeout = 60 log_opt_values /usr/lib/python3/dist-packages/oslo_config/cfg.py:2609
2025-06-23 01:42:15.405 63256 DEBUG oslo_service.service [-] cache.memcache_servers = ['localhost:11211'] log_opt_values /usr/lib/python3/dist-packages/oslo_config/cfg.py:2609
2025-06-23 01:42:15.405 63256 DEBUG oslo_service.service [-] cache.memcache_socket_timeout = 1.0 log_opt_values /usr/lib/python3/dist-packages/oslo_config/cfg.py:2609
2025-06-23 01:42:15.405 63256 DEBUG oslo_service.service [-] cache.proxies = [] log_opt_values /usr/lib/python3/dist-packages/oslo_config/cfg.py:2609
2025-06-23 01:42:15.405 63256 DEBUG oslo_service.service [-] cache.tls_allowed_ciphers = None log_opt_values /usr/lib/python3/dist-packages/oslo_config/cfg.py:2609
2025-06-23 01:42:15.405 63488 INFO heat.engine.worker [-] Starting engine_worker (1.4) in engine 803fec7a-46d9-404e-9ecf-b9cd70cc54ae.
2025-06-23 01:42:15.405 63256 DEBUG oslo_service.service [-] cache.tls_cafile = None log_opt_values /usr/lib/python3/dist-packages/oslo_config/cfg.py:2609
2025-06-23 01:42:15.405 63256 DEBUG oslo_service.service [-] cache.tls_certfile = None log_opt_values /usr/lib/python3/dist-packages/oslo_config/cfg.py:2609
2025-06-23 01:42:15.404 63489 INFO heat.engine.worker [-] Starting engine_worker (1.4) in engine 0b88ec0c-2173-4f49-9035-82d797ce36c7.
2025-06-23 01:42:15.405 63256 DEBUG oslo_service.service [-] cache.tls_enabled = False log_opt_values /usr/lib/python3/dist-packages/oslo_config/cfg.py:2609
2025-06-23 01:42:15.405 63256 DEBUG oslo_service.service [-] cache.tls_keyfile = None log_opt_values /usr/lib/python3/dist-packages/oslo_config/cfg.py:2609
2025-06-23 01:42:15.406 63256 DEBUG oslo_service.service [-] constraint_validation_cache.caching = True log_opt_values /usr/lib/python3/dist-packages/oslo_config/cfg.py:2609
2025-06-23 01:42:15.406 63256 DEBUG oslo_service.service [-] constraint_validation_cache.expiration_time = 60 log_opt_values /usr/lib/python3/dist-packages/oslo_config/cfg.py:2609
2025-06-23 01:42:15.406 63256 DEBUG oslo_service.service [-] service_extension_cache.caching = True log_opt_values /usr/lib/python3/dist-packages/oslo_config/cfg.py:2609
2025-06-23 01:42:15.406 63256 DEBUG oslo_service.service [-] service_extension_cache.expiration_time = 3600 log_opt_values /usr/lib/python3/dist-packages/oslo_config/cfg.py:2609
2025-06-23 01:42:15.406 63256 DEBUG oslo_service.service [-] resource_finder_cache.caching = True log_opt_values /usr/lib/python3/dist-packages/oslo_config/cfg.py:2609
2025-06-23 01:42:15.406 63256 DEBUG oslo_service.service [-] resource_finder_cache.expiration_time = 3600 log_opt_values /usr/lib/python3/dist-packages/oslo_config/cfg.py:2609
2025-06-23 01:42:15.406 63256 DEBUG oslo_service.service [-] yaql.limit_iterators = 200 log_opt_values /usr/lib/python3/dist-packages/oslo_config/cfg.py:2609
2025-06-23 01:42:15.406 63256 DEBUG oslo_service.service [-] yaql.memory_quota = 10000 log_opt_values /usr/lib/python3/dist-packages/oslo_config/cfg.py:2609
2025-06-23 01:42:15.406 63256 DEBUG oslo_service.service [-] ******************************************************************************** log_opt_values /usr/lib/python3/dist-packages/oslo_config/cfg.py:2613
2025-06-23 01:42:15.451 63486 DEBUG oslo_db.sqlalchemy.engines [req-196823c4-172b-4a58-b3e8-52fa28e2123c - - - - -] MySQL server mode set to STRICT_TRANS_TABLES,STRICT_ALL_TABLES,NO_ZERO_IN_DATE,NO_ZERO_DATE,ERROR_FOR_DIVISION_BY_ZERO,TRADITIONAL,NO_ENGINE_SUBSTITUTION _check_effective_sql_mode /usr/lib/python3/dist-packages/oslo_db/sqlalchemy/engines.py:314
2025-06-23 01:42:15.485 63487 DEBUG oslo_db.sqlalchemy.engines [req-1f266e8c-42cd-42d8-bfaf-c4ed44142cc2 - - - - -] MySQL server mode set to STRICT_TRANS_TABLES,STRICT_ALL_TABLES,NO_ZERO_IN_DATE,NO_ZERO_DATE,ERROR_FOR_DIVISION_BY_ZERO,TRADITIONAL,NO_ENGINE_SUBSTITUTION _check_effective_sql_mode /usr/lib/python3/dist-packages/oslo_db/sqlalchemy/engines.py:314
2025-06-23 01:42:15.501 63488 DEBUG oslo_db.sqlalchemy.engines [req-9ab71f00-fb67-4e06-abca-90ff7e66a26d - - - - -] MySQL server mode set to STRICT_TRANS_TABLES,STRICT_ALL_TABLES,NO_ZERO_IN_DATE,NO_ZERO_DATE,ERROR_FOR_DIVISION_BY_ZERO,TRADITIONAL,NO_ENGINE_SUBSTITUTION _check_effective_sql_mode /usr/lib/python3/dist-packages/oslo_db/sqlalchemy/engines.py:314
2025-06-23 01:42:15.506 63489 DEBUG oslo_db.sqlalchemy.engines [req-ca6ee47b-0a1e-4c67-96de-f4c418db0f89 - - - - -] MySQL server mode set to STRICT_TRANS_TABLES,STRICT_ALL_TABLES,NO_ZERO_IN_DATE,NO_ZERO_DATE,ERROR_FOR_DIVISION_BY_ZERO,TRADITIONAL,NO_ENGINE_SUBSTITUTION _check_effective_sql_mode /usr/lib/python3/dist-packages/oslo_db/sqlalchemy/engines.py:314
2025-06-23 01:42:15.509 63486 DEBUG heat.engine.service [req-196823c4-172b-4a58-b3e8-52fa28e2123c - - - - -] Service 08fb47a8-6285-4aa1-9f5a-101cee76f52e was aborted service_manage_cleanup /usr/lib/python3/dist-packages/heat/engine/service.py:2391
2025-06-23 01:42:15.549 63487 DEBUG heat.engine.service [req-1f266e8c-42cd-42d8-bfaf-c4ed44142cc2 - - - - -] Service 08fb47a8-6285-4aa1-9f5a-101cee76f52e was aborted service_manage_cleanup /usr/lib/python3/dist-packages/heat/engine/service.py:2391
2025-06-23 01:42:15.575 63488 DEBUG heat.engine.service [req-9ab71f00-fb67-4e06-abca-90ff7e66a26d - - - - -] Service 08fb47a8-6285-4aa1-9f5a-101cee76f52e was aborted service_manage_cleanup /usr/lib/python3/dist-packages/heat/engine/service.py:2391
2025-06-23 01:42:15.588 63489 DEBUG heat.engine.service [req-ca6ee47b-0a1e-4c67-96de-f4c418db0f89 - - - - -] Service 08fb47a8-6285-4aa1-9f5a-101cee76f52e was aborted service_manage_cleanup /usr/lib/python3/dist-packages/heat/engine/service.py:2391
2025-06-23 01:42:15.604 63486 DEBUG heat.engine.service [req-196823c4-172b-4a58-b3e8-52fa28e2123c - - - - -] Service 2a197673-6003-4453-8351-897ae0ccd400 was aborted service_manage_cleanup /usr/lib/python3/dist-packages/heat/engine/service.py:2391
2025-06-23 01:42:15.605 63487 DEBUG heat.engine.service [req-1f266e8c-42cd-42d8-bfaf-c4ed44142cc2 - - - - -] Service 2a197673-6003-4453-8351-897ae0ccd400 was aborted service_manage_cleanup /usr/lib/python3/dist-packages/heat/engine/service.py:2391
2025-06-23 01:42:15.607 63488 DEBUG heat.engine.service [req-9ab71f00-fb67-4e06-abca-90ff7e66a26d - - - - -] Service 2a197673-6003-4453-8351-897ae0ccd400 was aborted service_manage_cleanup /usr/lib/python3/dist-packages/heat/engine/service.py:2391
2025-06-23 01:42:15.608 63489 DEBUG heat.engine.service [req-ca6ee47b-0a1e-4c67-96de-f4c418db0f89 - - - - -] Service 2a197673-6003-4453-8351-897ae0ccd400 was aborted service_manage_cleanup /usr/lib/python3/dist-packages/heat/engine/service.py:2391
2025-06-23 01:42:15.666 63488 DEBUG heat.engine.service [req-9ab71f00-fb67-4e06-abca-90ff7e66a26d - - - - -] Service 35aea45c-f931-497f-b019-af8534720787 was aborted service_manage_cleanup /usr/lib/python3/dist-packages/heat/engine/service.py:2391
2025-06-23 01:42:15.667 63489 DEBUG heat.engine.service [req-ca6ee47b-0a1e-4c67-96de-f4c418db0f89 - - - - -] Service 35aea45c-f931-497f-b019-af8534720787 was aborted service_manage_cleanup /usr/lib/python3/dist-packages/heat/engine/service.py:2391
2025-06-23 01:42:15.669 63487 DEBUG heat.engine.service [req-1f266e8c-42cd-42d8-bfaf-c4ed44142cc2 - - - - -] Service 35aea45c-f931-497f-b019-af8534720787 was aborted service_manage_cleanup /usr/lib/python3/dist-packages/heat/engine/service.py:2391
2025-06-23 01:42:15.671 63486 DEBUG heat.engine.service [req-196823c4-172b-4a58-b3e8-52fa28e2123c - - - - -] Service 35aea45c-f931-497f-b019-af8534720787 was aborted service_manage_cleanup /usr/lib/python3/dist-packages/heat/engine/service.py:2391
2025-06-23 01:42:15.704 63488 DEBUG heat.engine.service [req-9ab71f00-fb67-4e06-abca-90ff7e66a26d - - - - -] Service 3d57d492-6268-4f0f-85d7-fd387d6facd3 was aborted service_manage_cleanup /usr/lib/python3/dist-packages/heat/engine/service.py:2391
2025-06-23 01:42:15.705 63489 DEBUG heat.engine.service [req-ca6ee47b-0a1e-4c67-96de-f4c418db0f89 - - - - -] Service 3d57d492-6268-4f0f-85d7-fd387d6facd3 was aborted service_manage_cleanup /usr/lib/python3/dist-packages/heat/engine/service.py:2391
2025-06-23 01:42:15.706 63487 DEBUG heat.engine.service [req-1f266e8c-42cd-42d8-bfaf-c4ed44142cc2 - - - - -] Service 3d57d492-6268-4f0f-85d7-fd387d6facd3 was aborted service_manage_cleanup /usr/lib/python3/dist-packages/heat/engine/service.py:2391
2025-06-23 01:42:15.708 63486 DEBUG heat.engine.service [req-196823c4-172b-4a58-b3e8-52fa28e2123c - - - - -] Service 3d57d492-6268-4f0f-85d7-fd387d6facd3 was aborted service_manage_cleanup /usr/lib/python3/dist-packages/heat/engine/service.py:2391
2025-06-23 01:42:15.771 63489 DEBUG heat.engine.service [req-ca6ee47b-0a1e-4c67-96de-f4c418db0f89 - - - - -] Service 4207ee55-99ff-47b7-8dfc-80d2fdb0a695 was aborted service_manage_cleanup /usr/lib/python3/dist-packages/heat/engine/service.py:2391
2025-06-23 01:42:15.772 63488 DEBUG heat.engine.service [req-9ab71f00-fb67-4e06-abca-90ff7e66a26d - - - - -] Service 4207ee55-99ff-47b7-8dfc-80d2fdb0a695 was aborted service_manage_cleanup /usr/lib/python3/dist-packages/heat/engine/service.py:2391
2025-06-23 01:42:15.774 63487 DEBUG heat.engine.service [req-1f266e8c-42cd-42d8-bfaf-c4ed44142cc2 - - - - -] Service 4207ee55-99ff-47b7-8dfc-80d2fdb0a695 was aborted service_manage_cleanup /usr/lib/python3/dist-packages/heat/engine/service.py:2391
2025-06-23 01:42:15.775 63486 DEBUG heat.engine.service [req-196823c4-172b-4a58-b3e8-52fa28e2123c - - - - -] Service 4207ee55-99ff-47b7-8dfc-80d2fdb0a695 was aborted service_manage_cleanup /usr/lib/python3/dist-packages/heat/engine/service.py:2391
2025-06-23 01:42:15.868 63489 DEBUG heat.engine.service [req-ca6ee47b-0a1e-4c67-96de-f4c418db0f89 - - - - -] Service 4dec8f2e-fb4c-4c8b-bc82-ee0852acd3e7 was aborted service_manage_cleanup /usr/lib/python3/dist-packages/heat/engine/service.py:2391
2025-06-23 01:42:15.868 63488 DEBUG heat.engine.service [req-9ab71f00-fb67-4e06-abca-90ff7e66a26d - - - - -] Service 4dec8f2e-fb4c-4c8b-bc82-ee0852acd3e7 was aborted service_manage_cleanup /usr/lib/python3/dist-packages/heat/engine/service.py:2391
2025-06-23 01:42:15.870 63487 DEBUG heat.engine.service [req-1f266e8c-42cd-42d8-bfaf-c4ed44142cc2 - - - - -] Service 4dec8f2e-fb4c-4c8b-bc82-ee0852acd3e7 was aborted service_manage_cleanup /usr/lib/python3/dist-packages/heat/engine/service.py:2391
2025-06-23 01:42:15.870 63486 DEBUG heat.engine.service [req-196823c4-172b-4a58-b3e8-52fa28e2123c - - - - -] Service 4dec8f2e-fb4c-4c8b-bc82-ee0852acd3e7 was aborted service_manage_cleanup /usr/lib/python3/dist-packages/heat/engine/service.py:2391
2025-06-23 01:42:15.972 63488 DEBUG heat.engine.service [req-9ab71f00-fb67-4e06-abca-90ff7e66a26d - - - - -] Service 534ecaa4-af32-4f68-abc4-e3019d532ca4 was aborted service_manage_cleanup /usr/lib/python3/dist-packages/heat/engine/service.py:2391
2025-06-23 01:42:15.973 63486 DEBUG heat.engine.service [req-196823c4-172b-4a58-b3e8-52fa28e2123c - - - - -] Service 534ecaa4-af32-4f68-abc4-e3019d532ca4 was aborted service_manage_cleanup /usr/lib/python3/dist-packages/heat/engine/service.py:2391
2025-06-23 01:42:15.974 63487 DEBUG heat.engine.service [req-1f266e8c-42cd-42d8-bfaf-c4ed44142cc2 - - - - -] Service 534ecaa4-af32-4f68-abc4-e3019d532ca4 was aborted service_manage_cleanup /usr/lib/python3/dist-packages/heat/engine/service.py:2391
2025-06-23 01:42:15.975 63489 DEBUG heat.engine.service [req-ca6ee47b-0a1e-4c67-96de-f4c418db0f89 - - - - -] Service 534ecaa4-af32-4f68-abc4-e3019d532ca4 was aborted service_manage_cleanup /usr/lib/python3/dist-packages/heat/engine/service.py:2391
2025-06-23 01:42:16.011 63486 DEBUG heat.engine.service [req-196823c4-172b-4a58-b3e8-52fa28e2123c - - - - -] Service 5538ed2d-314a-4ca8-8ea4-aef42a8970a7 was aborted service_manage_cleanup /usr/lib/python3/dist-packages/heat/engine/service.py:2391
2025-06-23 01:42:16.012 63488 DEBUG heat.engine.service [req-9ab71f00-fb67-4e06-abca-90ff7e66a26d - - - - -] Service 5538ed2d-314a-4ca8-8ea4-aef42a8970a7 was aborted service_manage_cleanup /usr/lib/python3/dist-packages/heat/engine/service.py:2391
2025-06-23 01:42:16.015 63487 DEBUG heat.engine.service [req-1f266e8c-42cd-42d8-bfaf-c4ed44142cc2 - - - - -] Service 5538ed2d-314a-4ca8-8ea4-aef42a8970a7 was aborted service_manage_cleanup /usr/lib/python3/dist-packages/heat/engine/service.py:2391
2025-06-23 01:42:16.015 63489 DEBUG heat.engine.service [req-ca6ee47b-0a1e-4c67-96de-f4c418db0f89 - - - - -] Service 5538ed2d-314a-4ca8-8ea4-aef42a8970a7 was aborted service_manage_cleanup /usr/lib/python3/dist-packages/heat/engine/service.py:2391
2025-06-23 01:42:16.035 63486 DEBUG heat.engine.service [req-196823c4-172b-4a58-b3e8-52fa28e2123c - - - - -] Service 6071e444-42d3-432a-a945-9d2460c81638 was aborted service_manage_cleanup /usr/lib/python3/dist-packages/heat/engine/service.py:2391
2025-06-23 01:42:16.036 63488 DEBUG heat.engine.service [req-9ab71f00-fb67-4e06-abca-90ff7e66a26d - - - - -] Service 6071e444-42d3-432a-a945-9d2460c81638 was aborted service_manage_cleanup /usr/lib/python3/dist-packages/heat/engine/service.py:2391
2025-06-23 01:42:16.037 63489 DEBUG heat.engine.service [req-ca6ee47b-0a1e-4c67-96de-f4c418db0f89 - - - - -] Service 6071e444-42d3-432a-a945-9d2460c81638 was aborted service_manage_cleanup /usr/lib/python3/dist-packages/heat/engine/service.py:2391
2025-06-23 01:42:16.041 63487 DEBUG heat.engine.service [req-1f266e8c-42cd-42d8-bfaf-c4ed44142cc2 - - - - -] Service 6071e444-42d3-432a-a945-9d2460c81638 was aborted service_manage_cleanup /usr/lib/python3/dist-packages/heat/engine/service.py:2391
2025-06-23 01:42:16.054 63486 DEBUG heat.engine.service [req-196823c4-172b-4a58-b3e8-52fa28e2123c - - - - -] Service 7a17a435-df31-46de-b682-b2338a486ccc was aborted service_manage_cleanup /usr/lib/python3/dist-packages/heat/engine/service.py:2391
2025-06-23 01:42:16.055 63489 DEBUG heat.engine.service [req-ca6ee47b-0a1e-4c67-96de-f4c418db0f89 - - - - -] Service 7a17a435-df31-46de-b682-b2338a486ccc was aborted service_manage_cleanup /usr/lib/python3/dist-packages/heat/engine/service.py:2391
2025-06-23 01:42:16.057 63488 DEBUG heat.engine.service [req-9ab71f00-fb67-4e06-abca-90ff7e66a26d - - - - -] Service 7a17a435-df31-46de-b682-b2338a486ccc was aborted service_manage_cleanup /usr/lib/python3/dist-packages/heat/engine/service.py:2391
2025-06-23 01:42:16.058 63487 DEBUG heat.engine.service [req-1f266e8c-42cd-42d8-bfaf-c4ed44142cc2 - - - - -] Service 7a17a435-df31-46de-b682-b2338a486ccc was aborted service_manage_cleanup /usr/lib/python3/dist-packages/heat/engine/service.py:2391
2025-06-23 01:42:16.073 63489 DEBUG heat.engine.service [req-ca6ee47b-0a1e-4c67-96de-f4c418db0f89 - - - - -] Service d54dd8f8-3562-4361-a203-35355153ded4 was aborted service_manage_cleanup /usr/lib/python3/dist-packages/heat/engine/service.py:2391
2025-06-23 01:42:16.074 63486 DEBUG heat.engine.service [req-196823c4-172b-4a58-b3e8-52fa28e2123c - - - - -] Service d54dd8f8-3562-4361-a203-35355153ded4 was aborted service_manage_cleanup /usr/lib/python3/dist-packages/heat/engine/service.py:2391
2025-06-23 01:42:16.075 63488 DEBUG heat.engine.service [req-9ab71f00-fb67-4e06-abca-90ff7e66a26d - - - - -] Service d54dd8f8-3562-4361-a203-35355153ded4 was aborted service_manage_cleanup /usr/lib/python3/dist-packages/heat/engine/service.py:2391
2025-06-23 01:42:16.077 63487 DEBUG heat.engine.service [req-1f266e8c-42cd-42d8-bfaf-c4ed44142cc2 - - - - -] Service d54dd8f8-3562-4361-a203-35355153ded4 was aborted service_manage_cleanup /usr/lib/python3/dist-packages/heat/engine/service.py:2391
2025-06-23 01:42:16.092 63486 DEBUG heat.engine.service [req-196823c4-172b-4a58-b3e8-52fa28e2123c - - - - -] Service e5966744-6e51-4344-8b04-1bede6074261 was aborted service_manage_cleanup /usr/lib/python3/dist-packages/heat/engine/service.py:2391
2025-06-23 01:42:16.093 63489 DEBUG heat.engine.service [req-ca6ee47b-0a1e-4c67-96de-f4c418db0f89 - - - - -] Service e5966744-6e51-4344-8b04-1bede6074261 was aborted service_manage_cleanup /usr/lib/python3/dist-packages/heat/engine/service.py:2391
2025-06-23 01:42:16.094 63488 DEBUG heat.engine.service [req-9ab71f00-fb67-4e06-abca-90ff7e66a26d - - - - -] Service e5966744-6e51-4344-8b04-1bede6074261 was aborted service_manage_cleanup /usr/lib/python3/dist-packages/heat/engine/service.py:2391
2025-06-23 01:42:16.095 63487 DEBUG heat.engine.service [req-1f266e8c-42cd-42d8-bfaf-c4ed44142cc2 - - - - -] Service e5966744-6e51-4344-8b04-1bede6074261 was aborted service_manage_cleanup /usr/lib/python3/dist-packages/heat/engine/service.py:2391
2025-06-23 01:42:16.130 63489 DEBUG heat.engine.service [req-00e25685-d364-471e-bf2b-5f08cfb9a46a - - - - -] Service 4bf4db04-5f9b-4f6f-ae98-afdf5b255821 is started service_manage_report /usr/lib/python3/dist-packages/heat/engine/service.py:2363
2025-06-23 01:42:16.150 63487 DEBUG heat.engine.service [req-b4f0e275-55f8-4f4c-92bc-67cc16d7170a - - - - -] Service e7f76f22-e39f-4f8d-8476-5d49c7902bfe is started service_manage_report /usr/lib/python3/dist-packages/heat/engine/service.py:2363
2025-06-23 01:42:16.149 63488 DEBUG heat.engine.service [req-7d0cbad0-0e57-420f-a7b7-b31c7dfa47ab - - - - -] Service 312b1dca-a7f8-45fc-a157-90ded3d75849 is started service_manage_report /usr/lib/python3/dist-packages/heat/engine/service.py:2363
2025-06-23 01:42:16.158 63486 DEBUG heat.engine.service [req-8b81884f-7b75-4f40-b742-9929aa5f680f - - - - -] Service 583806c4-6a22-4f21-b52b-422eba5bb0ae is started service_manage_report /usr/lib/python3/dist-packages/heat/engine/service.py:2363
2025-06-23 01:42:16.171 63489 DEBUG heat.engine.service [req-00e25685-d364-471e-bf2b-5f08cfb9a46a - - - - -] Service 4bf4db04-5f9b-4f6f-ae98-afdf5b255821 is updated service_manage_report /usr/lib/python3/dist-packages/heat/engine/service.py:2370
2025-06-23 01:42:16.180 63488 DEBUG heat.engine.service [req-7d0cbad0-0e57-420f-a7b7-b31c7dfa47ab - - - - -] Service 312b1dca-a7f8-45fc-a157-90ded3d75849 is updated service_manage_report /usr/lib/python3/dist-packages/heat/engine/service.py:2370
2025-06-23 01:42:16.185 63487 DEBUG heat.engine.service [req-b4f0e275-55f8-4f4c-92bc-67cc16d7170a - - - - -] Service e7f76f22-e39f-4f8d-8476-5d49c7902bfe is updated service_manage_report /usr/lib/python3/dist-packages/heat/engine/service.py:2370
2025-06-23 01:42:16.185 63486 DEBUG heat.engine.service [req-8b81884f-7b75-4f40-b742-9929aa5f680f - - - - -] Service 583806c4-6a22-4f21-b52b-422eba5bb0ae is updated service_manage_report /usr/lib/python3/dist-packages/heat/engine/service.py:2370
2025-06-23 01:43:16.127 63486 DEBUG heat.engine.service [req-5f6d930c-4190-4cac-b091-157033fa233b - - - - -] Service 583806c4-6a22-4f21-b52b-422eba5bb0ae is updated service_manage_report /usr/lib/python3/dist-packages/heat/engine/service.py:2370
2025-06-23 01:43:16.133 63488 DEBUG heat.engine.service [req-f455a33a-985d-4bae-8599-fd820b7e3647 - - - - -] Service 312b1dca-a7f8-45fc-a157-90ded3d75849 is updated service_manage_report /usr/lib/python3/dist-packages/heat/engine/service.py:2370
2025-06-23 01:43:16.134 63487 DEBUG heat.engine.service [req-f2b162aa-099f-4cb1-80ff-98d3f0eee3ce - - - - -] Service e7f76f22-e39f-4f8d-8476-5d49c7902bfe is updated service_manage_report /usr/lib/python3/dist-packages/heat/engine/service.py:2370
2025-06-23 01:43:16.140 63489 DEBUG heat.engine.service [req-98438a93-fef4-4381-9157-f8975d04a7af - - - - -] Service 4bf4db04-5f9b-4f6f-ae98-afdf5b255821 is updated service_manage_report /usr/lib/python3/dist-packages/heat/engine/service.py:2370
2025-06-23 01:43:21.714 63487 DEBUG heat.engine.service [-] Attempting to stop engine service... _stop_rpc_server /usr/lib/python3/dist-packages/heat/engine/service.py:437
2025-06-23 01:43:21.714 63488 DEBUG heat.engine.service [-] Attempting to stop engine service... _stop_rpc_server /usr/lib/python3/dist-packages/heat/engine/service.py:437
2025-06-23 01:43:21.714 63486 DEBUG heat.engine.service [-] Attempting to stop engine service... _stop_rpc_server /usr/lib/python3/dist-packages/heat/engine/service.py:437
2025-06-23 01:43:21.715 63256 INFO oslo_service.service [-] Caught SIGTERM, stopping children
2025-06-23 01:43:21.715 63256 DEBUG oslo_concurrency.lockutils [-] Acquired lock "singleton_lock" lock /usr/lib/python3/dist-packages/oslo_concurrency/lockutils.py:294
2025-06-23 01:43:21.715 63256 DEBUG oslo_concurrency.lockutils [-] Releasing lock "singleton_lock" lock /usr/lib/python3/dist-packages/oslo_concurrency/lockutils.py:312
2025-06-23 01:43:21.715 63489 DEBUG heat.engine.service [-] Attempting to stop engine service... _stop_rpc_server /usr/lib/python3/dist-packages/heat/engine/service.py:437
2025-06-23 01:43:21.716 63256 DEBUG oslo_service.service [-] Stop services. stop /usr/lib/python3/dist-packages/oslo_service/service.py:695
2025-06-23 01:43:21.716 63256 INFO heat.engine.service [-] All threads were gone, terminating engine
2025-06-23 01:43:21.716 63256 DEBUG oslo_service.service [-] Killing children. stop /usr/lib/python3/dist-packages/oslo_service/service.py:700
2025-06-23 01:43:21.726 63256 INFO oslo_service.service [-] Waiting on 4 children to exit
2025-06-23 01:43:21.728 63256 INFO oslo_service.service [-] Child 63487 killed by signal 15
2025-06-23 01:43:21.729 63256 INFO oslo_service.service [-] Child 63486 killed by signal 15
2025-06-23 01:43:21.732 63256 INFO oslo_service.service [-] Child 63488 killed by signal 15
2025-06-23 01:43:21.742 63256 INFO oslo_service.service [-] Child 63489 killed by signal 15
2025-06-23 01:43:23.654 64855 DEBUG oslo_concurrency.lockutils [-] Lock "context-manager" acquired by "neutron_lib.db.api._create_context_manager" :: waited 0.000s inner /usr/lib/python3/dist-packages/oslo_concurrency/lockutils.py:386
2025-06-23 01:43:23.654 64855 DEBUG oslo_concurrency.lockutils [-] Lock "context-manager" "released" by "neutron_lib.db.api._create_context_manager" :: held 0.001s inner /usr/lib/python3/dist-packages/oslo_concurrency/lockutils.py:400
2025-06-23 01:43:26.420 64855 WARNING heat.engine.environment [-] OS::Aodh::Alarm is DEPRECATED. Theshold alarm relies on ceilometer-api and has been deprecated in aodh since Ocata. Use OS::Aodh::GnocchiAggregationByResourcesAlarm instead.
2025-06-23 01:43:26.421 64855 WARNING heat.engine.environment [-] OS::Aodh::CombinationAlarm is HIDDEN. OS::Aodh::CombinationAlarm is deprecated and has been removed from Aodh, use OS::Aodh::CompositeAlarm instead.
2025-06-23 01:43:26.421 64855 WARNING heat.engine.environment [-] OS::Designate::Domain is HIDDEN. This resource has been removed, use OS::Designate::Zone instead.
2025-06-23 01:43:26.421 64855 WARNING heat.engine.environment [-] OS::Designate::Record is HIDDEN. This resource has been removed, use OS::Designate::RecordSet instead.
2025-06-23 01:43:26.421 64855 WARNING heat.engine.environment [-] OS::Glance::Image is DEPRECATED. Creating a Glance Image based on an existing URL location requires the Glance v1 API, which is deprecated.
2025-06-23 01:43:26.422 64855 WARNING heat.engine.environment [-] OS::Heat::HARestarter is HIDDEN. The HARestarter resource type has been removed. Existing stacks containing HARestarter resources can still be used, but the HARestarter resource will be a placeholder that does nothing.
2025-06-23 01:43:26.422 64855 WARNING heat.engine.environment [-] OS::Heat::SoftwareDeployments is HIDDEN. Please use OS::Heat::SoftwareDeploymentGroup instead.
2025-06-23 01:43:26.422 64855 WARNING heat.engine.environment [-] OS::Heat::StructuredDeployments is HIDDEN. Please use OS::Heat::StructuredDeploymentGroup instead.
2025-06-23 01:43:26.422 64855 WARNING heat.engine.environment [-] OS::Magnum::Bay is HIDDEN. Please use OS::Magnum::Cluster instead.
2025-06-23 01:43:26.422 64855 WARNING heat.engine.environment [-] OS::Magnum::BayModel is HIDDEN. Please use OS::Magnum::ClusterTemplate instead.
2025-06-23 01:43:26.423 64855 WARNING heat.engine.environment [-] OS::Neutron::ExtraRoute is UNSUPPORTED. Use this resource at your own risk.
2025-06-23 01:43:26.423 64855 WARNING heat.engine.environment [-] OS::Neutron::HealthMonitor is HIDDEN. Use LBaaS V2 instead.
2025-06-23 01:43:26.423 64855 WARNING heat.engine.environment [-] OS::Neutron::Pool is HIDDEN. Use LBaaS V2 instead.
2025-06-23 01:43:26.423 64855 WARNING heat.engine.environment [-] OS::Neutron::PoolMember is HIDDEN. Use LBaaS V2 instead.
2025-06-23 01:43:26.423 64855 WARNING heat.engine.environment [-] OS::Neutron::LoadBalancer is HIDDEN. Use LBaaS V2 instead.
2025-06-23 01:43:26.424 64855 WARNING heat.engine.environment [-] OS::Neutron::RouterGateway is HIDDEN. Use the `external_gateway_info` property in the router resource to set up the gateway.
2025-06-23 01:43:26.424 64855 WARNING heat.engine.environment [-] OS::Nova::FloatingIP is HIDDEN. Please use OS::Neutron::FloatingIP instead.
2025-06-23 01:43:26.424 64855 WARNING heat.engine.environment [-] OS::Nova::FloatingIPAssociation is HIDDEN. Please use OS::Neutron::FloatingIPAssociation instead.
2025-06-23 01:43:26.427 64855 INFO heat.engine.environment [-] Loading /etc/heat/environment.d/default.yaml
2025-06-23 01:43:26.428 64855 INFO heat.engine.environment [-] Registered: [Plugin](User:False) AWS::AutoScaling::AutoScalingGroup ->
2025-06-23 01:43:26.428 64855 INFO heat.engine.environment [-] Registered: [Plugin](User:False) AWS::AutoScaling::LaunchConfiguration ->
2025-06-23 01:43:26.428 64855 INFO heat.engine.environment [-] Registered: [Plugin](User:False) AWS::AutoScaling::ScalingPolicy ->
2025-06-23 01:43:26.428 64855 INFO heat.engine.environment [-] Registered: [Plugin](User:False) AWS::CloudFormation::Stack ->
2025-06-23 01:43:26.428 64855 INFO heat.engine.environment [-] Registered: [Plugin](User:False) AWS::CloudFormation::WaitCondition ->
2025-06-23 01:43:26.428 64855 INFO heat.engine.environment [-] Registered: [Plugin](User:False) AWS::CloudFormation::WaitConditionHandle ->
2025-06-23 01:43:26.428 64855 INFO heat.engine.environment [-] Registered: [Plugin](User:False) AWS::EC2::EIP ->
2025-06-23 01:43:26.429 64855 INFO heat.engine.environment [-] Registered: [Plugin](User:False) AWS::EC2::EIPAssociation ->
2025-06-23 01:43:26.429 64855 INFO heat.engine.environment [-] Registered: [Plugin](User:False) AWS::EC2::Instance ->
2025-06-23 01:43:26.429 64855 INFO heat.engine.environment [-] Registered: [Plugin](User:False) AWS::EC2::InternetGateway ->
2025-06-23 01:43:26.429 64855 INFO heat.engine.environment [-] Registered: [Plugin](User:False) AWS::EC2::VPCGatewayAttachment ->
2025-06-23 01:43:26.429 64855 INFO heat.engine.environment [-] Registered: [Plugin](User:False) AWS::EC2::NetworkInterface ->
2025-06-23 01:43:26.429 64855 INFO heat.engine.environment [-] Registered: [Plugin](User:False) AWS::EC2::RouteTable ->
2025-06-23 01:43:26.429 64855 INFO heat.engine.environment [-] Registered: [Plugin](User:False) AWS::EC2::SubnetRouteTableAssociation ->
2025-06-23 01:43:26.429 64855 INFO heat.engine.environment [-] Registered: [Plugin](User:False) AWS::EC2::SecurityGroup ->
2025-06-23 01:43:26.429 64855 INFO heat.engine.environment [-] Registered: [Plugin](User:False) AWS::EC2::Subnet ->
2025-06-23 01:43:26.430 64855 INFO heat.engine.environment [-] Registered: [Plugin](User:False) AWS::EC2::Volume ->
2025-06-23 01:43:26.430 64855 INFO heat.engine.environment [-] Registered: [Plugin](User:False) AWS::EC2::VolumeAttachment ->
2025-06-23 01:43:26.430 64855 INFO heat.engine.environment [-] Registered: [Plugin](User:False) AWS::EC2::VPC ->
2025-06-23 01:43:26.430 64855 INFO heat.engine.environment [-] Registered: [Plugin](User:False) AWS::IAM::User ->
2025-06-23 01:43:26.430 64855 INFO heat.engine.environment [-] Registered: [Plugin](User:False) AWS::IAM::AccessKey ->
2025-06-23 01:43:26.430 64855 INFO heat.engine.environment [-] Registered: [Plugin](User:False) AWS::ElasticLoadBalancing::LoadBalancer ->
2025-06-23 01:43:26.430 64855 INFO heat.engine.environment [-] Registered: [Plugin](User:False) AWS::S3::Bucket ->
2025-06-23 01:43:26.430 64855 INFO heat.engine.environment [-] Registered: [Plugin](User:False) OS::Aodh::Alarm ->
2025-06-23 01:43:26.430 64855 INFO heat.engine.environment [-] Registered: [Plugin](User:False) OS::Aodh::CombinationAlarm ->
2025-06-23 01:43:26.430 64855 INFO heat.engine.environment [-] Registered: [Plugin](User:False) OS::Aodh::EventAlarm ->
2025-06-23 01:43:26.431 64855 INFO heat.engine.environment [-] Registered: [Plugin](User:False) OS::Aodh::LBMemberHealthAlarm ->
2025-06-23 01:43:26.431 64855 INFO heat.engine.environment [-] Registered: [Plugin](User:False) OS::Aodh::CompositeAlarm ->
2025-06-23 01:43:26.431 64855 INFO heat.engine.environment [-] Registered: [Plugin](User:False) OS::Aodh::GnocchiResourcesAlarm ->
2025-06-23 01:43:26.431 64855 INFO heat.engine.environment [-] Registered: [Plugin](User:False) OS::Aodh::GnocchiAggregationByMetricsAlarm ->
2025-06-23 01:43:26.431 64855 INFO heat.engine.environment [-] Registered: [Plugin](User:False) OS::Aodh::GnocchiAggregationByResourcesAlarm ->
2025-06-23 01:43:26.431 64855 INFO heat.engine.environment [-] Registered: [Plugin](User:False) OS::Barbican::GenericContainer ->
2025-06-23 01:43:26.431 64855 INFO heat.engine.environment [-] Registered: [Plugin](User:False) OS::Barbican::CertificateContainer ->
2025-06-23 01:43:26.431 64855 INFO heat.engine.environment [-] Registered: [Plugin](User:False) OS::Barbican::RSAContainer ->
2025-06-23 01:43:26.431 64855 INFO heat.engine.environment [-] Registered: [Plugin](User:False) OS::Barbican::Order ->
2025-06-23 01:43:26.431 64855 INFO heat.engine.environment [-] Registered: [Plugin](User:False) OS::Barbican::Secret ->
2025-06-23 01:43:26.431 64855 INFO heat.engine.environment [-] Registered: [Plugin](User:False) OS::Blazar::Host ->
2025-06-23 01:43:26.432 64855 INFO heat.engine.environment [-] Registered: [Plugin](User:False) OS::Blazar::Lease ->
2025-06-23 01:43:26.432 64855 INFO heat.engine.environment [-] Registered: [Plugin](User:False) OS::Cinder::EncryptedVolumeType ->
2025-06-23 01:43:26.432 64855 INFO heat.engine.environment [-] Registered: [Plugin](User:False) OS::Cinder::QoSSpecs ->
2025-06-23 01:43:26.432 64855 INFO heat.engine.environment [-] Registered: [Plugin](User:False) OS::Cinder::QoSAssociation ->
2025-06-23 01:43:26.432 64855 INFO heat.engine.environment [-] Registered: [Plugin](User:False) OS::Cinder::Quota ->
2025-06-23 01:43:26.432 64855 INFO heat.engine.environment [-] Registered: [Plugin](User:False) OS::Cinder::Volume ->
2025-06-23 01:43:26.432 64855 INFO heat.engine.environment [-] Registered: [Plugin](User:False) OS::Cinder::VolumeAttachment ->
2025-06-23 01:43:26.432 64855 INFO heat.engine.environment [-] Registered: [Plugin](User:False) OS::Cinder::VolumeType ->
2025-06-23 01:43:26.432 64855 INFO heat.engine.environment [-] Registered: [Plugin](User:False) OS::Designate::Domain ->
2025-06-23 01:43:26.432 64855 INFO heat.engine.environment [-] Registered: [Plugin](User:False) OS::Designate::Record ->
2025-06-23 01:43:26.433 64855 INFO heat.engine.environment [-] Registered: [Plugin](User:False) OS::Designate::RecordSet ->
2025-06-23 01:43:26.433 64855 INFO heat.engine.environment [-] Registered: [Plugin](User:False) OS::Designate::Zone ->
2025-06-23 01:43:26.433 64855 INFO heat.engine.environment [-] Registered: [Plugin](User:False) OS::Glance::Image ->
2025-06-23 01:43:26.433 64855 INFO heat.engine.environment [-] Registered: [Plugin](User:False) OS::Glance::WebImage ->
2025-06-23 01:43:26.433 64855 INFO heat.engine.environment [-] Registered: [Plugin](User:False) OS::Heat::AccessPolicy ->
2025-06-23 01:43:26.433 64855 INFO heat.engine.environment [-] Registered: [Plugin](User:False) OS::Heat::AutoScalingGroup ->
2025-06-23 01:43:26.433 64855 INFO heat.engine.environment [-] Registered: [Plugin](User:False) OS::Heat::CloudConfig ->
2025-06-23 01:43:26.433 64855 INFO heat.engine.environment [-] Registered: [Plugin](User:False) OS::Heat::Delay ->
2025-06-23 01:43:26.433 64855 INFO heat.engine.environment [-] Registered: [Plugin](User:False) OS::Heat::DeployedServer ->
2025-06-23 01:43:26.433 64855 INFO heat.engine.environment [-] Registered: [Plugin](User:False) OS::Heat::HARestarter ->
2025-06-23 01:43:26.434 64855 INFO heat.engine.environment [-] Registered: [Plugin](User:False) OS::Heat::InstanceGroup ->
2025-06-23 01:43:26.434 64855 INFO heat.engine.environment [-] Registered: [Plugin](User:False) OS::Heat::MultipartMime ->
2025-06-23 01:43:26.434 64855 INFO heat.engine.environment [-] Registered: [Plugin](User:False) OS::Heat::None ->
2025-06-23 01:43:26.434 64855 INFO heat.engine.environment [-] Registered: [Plugin](User:False) OS::Heat::RandomString ->
2025-06-23 01:43:26.435 64855 INFO heat.engine.environment [-] Registered: [Plugin](User:False) OS::Heat::Stack ->
2025-06-23 01:43:26.435 64855 INFO heat.engine.environment [-] Registered: [Plugin](User:False) OS::Heat::ResourceChain ->
2025-06-23 01:43:26.435 64855 INFO heat.engine.environment [-] Registered: [Plugin](User:False) OS::Heat::ResourceGroup ->
2025-06-23 01:43:26.435 64855 INFO heat.engine.environment [-] Registered: [Plugin](User:False) OS::Heat::ScalingPolicy ->
2025-06-23 01:43:26.435 64855 INFO heat.engine.environment [-] Registered: [Plugin](User:False) OS::Heat::SoftwareComponent ->
2025-06-23 01:43:26.435 64855 INFO heat.engine.environment [-] Registered: [Plugin](User:False) OS::Heat::SoftwareConfig ->
2025-06-23 01:43:26.435 64855 INFO heat.engine.environment [-] Registered: [Plugin](User:False) OS::Heat::SoftwareDeployment ->
2025-06-23 01:43:26.436 64855 INFO heat.engine.environment [-] Registered: [Plugin](User:False) OS::Heat::SoftwareDeploymentGroup ->
2025-06-23 01:43:26.436 64855 INFO heat.engine.environment [-] Registered: [Plugin](User:False) OS::Heat::SoftwareDeployments ->
2025-06-23 01:43:26.436 64855 INFO heat.engine.environment [-] Registered: [Plugin](User:False) OS::Heat::StructuredConfig ->
2025-06-23 01:43:26.436 64855 INFO heat.engine.environment [-] Registered: [Plugin](User:False) OS::Heat::StructuredDeployment ->
2025-06-23 01:43:26.436 64855 INFO heat.engine.environment [-] Registered: [Plugin](User:False) OS::Heat::StructuredDeploymentGroup ->
2025-06-23 01:43:26.436 64855 INFO heat.engine.environment [-] Registered: [Plugin](User:False) OS::Heat::StructuredDeployments ->
2025-06-23 01:43:26.436 64855 INFO heat.engine.environment [-] Registered: [Plugin](User:False) OS::Heat::SwiftSignal ->
2025-06-23 01:43:26.436 64855 INFO heat.engine.environment [-] Registered: [Plugin](User:False) OS::Heat::SwiftSignalHandle ->
2025-06-23 01:43:26.436 64855 INFO heat.engine.environment [-] Registered: [Plugin](User:False) OS::Heat::TestResource ->
2025-06-23 01:43:26.436 64855 INFO heat.engine.environment [-] Registered: [Plugin](User:False) OS::Heat::Value ->
2025-06-23 01:43:26.437 64855 INFO heat.engine.environment [-] Registered: [Plugin](User:False) OS::Heat::WaitCondition ->
2025-06-23 01:43:26.437 64855 INFO heat.engine.environment [-] Registered: [Plugin](User:False) OS::Heat::WaitConditionHandle ->
2025-06-23 01:43:26.437 64855 INFO heat.engine.environment [-] Registered: [Plugin](User:False) OS::Heat::UpdateWaitConditionHandle ->
2025-06-23 01:43:26.437 64855 INFO heat.engine.environment [-] Registered: [Plugin](User:False) OS::Ironic::Port ->
2025-06-23 01:43:26.437 64855 INFO heat.engine.environment [-] Registered: [Plugin](User:False) OS::Keystone::Domain ->
2025-06-23 01:43:26.437 64855 INFO heat.engine.environment [-] Registered: [Plugin](User:False) OS::Keystone::Endpoint ->
2025-06-23 01:43:26.437 64855 INFO heat.engine.environment [-] Registered: [Plugin](User:False) OS::Keystone::Group ->
2025-06-23 01:43:26.437 64855 INFO heat.engine.environment [-] Registered: [Plugin](User:False) OS::Keystone::Project ->
2025-06-23 01:43:26.437 64855 INFO heat.engine.environment [-] Registered: [Plugin](User:False) OS::Keystone::Region ->
2025-06-23 01:43:26.437 64855 INFO heat.engine.environment [-] Registered: [Plugin](User:False) OS::Keystone::Role ->
2025-06-23 01:43:26.437 64855 INFO heat.engine.environment [-] Registered: [Plugin](User:False) OS::Keystone::UserRoleAssignment ->
2025-06-23 01:43:26.438 64855 INFO heat.engine.environment [-] Registered: [Plugin](User:False) OS::Keystone::GroupRoleAssignment ->
2025-06-23 01:43:26.438 64855 INFO heat.engine.environment [-] Registered: [Plugin](User:False) OS::Keystone::Service ->
2025-06-23 01:43:26.438 64855 INFO heat.engine.environment [-] Registered: [Plugin](User:False) OS::Keystone::User ->
2025-06-23 01:43:26.438 64855 INFO heat.engine.environment [-] Registered: [Plugin](User:False) OS::Magnum::Bay ->
2025-06-23 01:43:26.438 64855 INFO heat.engine.environment [-] Registered: [Plugin](User:False) OS::Magnum::BayModel ->
2025-06-23 01:43:26.438 64855 INFO heat.engine.environment [-] Registered: [Plugin](User:False) OS::Magnum::Cluster ->
2025-06-23 01:43:26.438 64855 INFO heat.engine.environment [-] Registered: [Plugin](User:False) OS::Magnum::ClusterTemplate ->
2025-06-23 01:43:26.438 64855 INFO heat.engine.environment [-] Registered: [Plugin](User:False) OS::Manila::SecurityService ->
2025-06-23 01:43:26.438 64855 INFO heat.engine.environment [-] Registered: [Plugin](User:False) OS::Manila::Share ->
2025-06-23 01:43:26.438 64855 INFO heat.engine.environment [-] Registered: [Plugin](User:False) OS::Manila::ShareNetwork ->
2025-06-23 01:43:26.439 64855 INFO heat.engine.environment [-] Registered: [Plugin](User:False) OS::Manila::ShareType ->
2025-06-23 01:43:26.439 64855 INFO heat.engine.environment [-] Registered: [Plugin](User:False) OS::Mistral::CronTrigger ->
2025-06-23 01:43:26.439 64855 INFO heat.engine.environment [-] Registered: [Plugin](User:False) OS::Mistral::ExternalResource ->
2025-06-23 01:43:26.439 64855 INFO heat.engine.environment [-] Registered: [Plugin](User:False) OS::Mistral::Workflow ->
2025-06-23 01:43:26.439 64855 INFO heat.engine.environment [-] Registered: [Plugin](User:False) OS::Monasca::AlarmDefinition ->
2025-06-23 01:43:26.439 64855 INFO heat.engine.environment [-] Registered: [Plugin](User:False) OS::Monasca::Notification ->
2025-06-23 01:43:26.439 64855 INFO heat.engine.environment [-] Registered: [Plugin](User:False) OS::Neutron::AddressScope ->
2025-06-23 01:43:26.439 64855 INFO heat.engine.environment [-] Registered: [Plugin](User:False) OS::Neutron::ExtraRoute ->
2025-06-23 01:43:26.439 64855 INFO heat.engine.environment [-] Registered: [Plugin](User:False) OS::Neutron::ExtraRouteSet ->
2025-06-23 01:43:26.439 64855 INFO heat.engine.environment [-] Registered: [Plugin](User:False) OS::Neutron::Firewall ->
2025-06-23 01:43:26.439 64855 INFO heat.engine.environment [-] Registered: [Plugin](User:False) OS::Neutron::FirewallPolicy ->
2025-06-23 01:43:26.440 64855 INFO heat.engine.environment [-] Registered: [Plugin](User:False) OS::Neutron::FirewallRule ->
2025-06-23 01:43:26.440 64855 INFO heat.engine.environment [-] Registered: [Plugin](User:False) OS::Neutron::FloatingIP ->
2025-06-23 01:43:26.440 64855 INFO heat.engine.environment [-] Registered: [Plugin](User:False) OS::Neutron::FloatingIPAssociation ->
2025-06-23 01:43:26.440 64855 INFO heat.engine.environment [-] Registered: [Plugin](User:False) OS::Neutron::L2Gateway ->
2025-06-23 01:43:26.440 64855 INFO heat.engine.environment [-] Registered: [Plugin](User:False) OS::Neutron::L2GatewayConnection ->
2025-06-23 01:43:26.440 64855 INFO heat.engine.environment [-] Registered: [Plugin](User:False) OS::Neutron::LBaaS::HealthMonitor ->
2025-06-23 01:43:26.440 64855 INFO heat.engine.environment [-] Registered: [Plugin](User:False) OS::Neutron::LBaaS::L7Policy ->
2025-06-23 01:43:26.440 64855 INFO heat.engine.environment [-] Registered: [Plugin](User:False) OS::Neutron::LBaaS::L7Rule ->
2025-06-23 01:43:26.440 64855 INFO heat.engine.environment [-] Registered: [Plugin](User:False) OS::Neutron::LBaaS::Listener ->
2025-06-23 01:43:26.440 64855 INFO heat.engine.environment [-] Registered: [Plugin](User:False) OS::Neutron::LBaaS::LoadBalancer ->
2025-06-23 01:43:26.441 64855 INFO heat.engine.environment [-] Registered: [Plugin](User:False) OS::Neutron::LBaaS::Pool ->
2025-06-23 01:43:26.441 64855 INFO heat.engine.environment [-] Registered: [Plugin](User:False) OS::Neutron::LBaaS::PoolMember ->
2025-06-23 01:43:26.441 64855 INFO heat.engine.environment [-] Registered: [Plugin](User:False) OS::Neutron::HealthMonitor ->
2025-06-23 01:43:26.441 64855 INFO heat.engine.environment [-] Registered: [Plugin](User:False) OS::Neutron::Pool ->
2025-06-23 01:43:26.441 64855 INFO heat.engine.environment [-] Registered: [Plugin](User:False) OS::Neutron::PoolMember ->
2025-06-23 01:43:26.441 64855 INFO heat.engine.environment [-] Registered: [Plugin](User:False) OS::Neutron::LoadBalancer ->
2025-06-23 01:43:26.441 64855 INFO heat.engine.environment [-] Registered: [Plugin](User:False) OS::Neutron::MeteringLabel ->
2025-06-23 01:43:26.441 64855 INFO heat.engine.environment [-] Registered: [Plugin](User:False) OS::Neutron::MeteringRule ->
2025-06-23 01:43:26.441 64855 INFO heat.engine.environment [-] Registered: [Plugin](User:False) OS::Neutron::Net ->
2025-06-23 01:43:26.441 64855 INFO heat.engine.environment [-] Registered: [Plugin](User:False) OS::Neutron::NetworkGateway ->
2025-06-23 01:43:26.441 64855 INFO heat.engine.environment [-] Registered: [Plugin](User:False) OS::Neutron::Port ->
2025-06-23 01:43:26.442 64855 INFO heat.engine.environment [-] Registered: [Plugin](User:False) OS::Neutron::ProviderNet ->
2025-06-23 01:43:26.442 64855 INFO heat.engine.environment [-] Registered: [Plugin](User:False) OS::Neutron::QoSPolicy ->
2025-06-23 01:43:26.442 64855 INFO heat.engine.environment [-] Registered: [Plugin](User:False) OS::Neutron::QoSBandwidthLimitRule ->
2025-06-23 01:43:26.442 64855 INFO heat.engine.environment [-] Registered: [Plugin](User:False) OS::Neutron::QoSDscpMarkingRule ->
2025-06-23 01:43:26.442 64855 INFO heat.engine.environment [-] Registered: [Plugin](User:False) OS::Neutron::QoSMinimumBandwidthRule ->
2025-06-23 01:43:26.442 64855 INFO heat.engine.environment [-] Registered: [Plugin](User:False) OS::Neutron::Quota ->
2025-06-23 01:43:26.442 64855 INFO heat.engine.environment [-] Registered: [Plugin](User:False) OS::Neutron::RBACPolicy ->
2025-06-23 01:43:26.442 64855 INFO heat.engine.environment [-] Registered: [Plugin](User:False) OS::Neutron::Router ->
2025-06-23 01:43:26.442 64855 INFO heat.engine.environment [-] Registered: [Plugin](User:False) OS::Neutron::RouterInterface ->
2025-06-23 01:43:26.443 64855 INFO heat.engine.environment [-] Registered: [Plugin](User:False) OS::Neutron::RouterGateway ->
2025-06-23 01:43:26.443 64855 INFO heat.engine.environment [-] Registered: [Plugin](User:False) OS::Neutron::SecurityGroup ->
2025-06-23 01:43:26.443 64855 INFO heat.engine.environment [-] Registered: [Plugin](User:False) OS::Neutron::SecurityGroupRule ->
2025-06-23 01:43:26.443 64855 INFO heat.engine.environment [-] Registered: [Plugin](User:False) OS::Neutron::Segment ->
2025-06-23 01:43:26.443 64855 INFO heat.engine.environment [-] Registered: [Plugin](User:False) OS::Neutron::FlowClassifier ->
2025-06-23 01:43:26.443 64855 INFO heat.engine.environment [-] Registered: [Plugin](User:False) OS::Neutron::PortChain ->
2025-06-23 01:43:26.443 64855 INFO heat.engine.environment [-] Registered: [Plugin](User:False) OS::Neutron::PortPair ->
2025-06-23 01:43:26.443 64855 INFO heat.engine.environment [-] Registered: [Plugin](User:False) OS::Neutron::PortPairGroup ->
2025-06-23 01:43:26.443 64855 INFO heat.engine.environment [-] Registered: [Plugin](User:False) OS::Neutron::Subnet ->
2025-06-23 01:43:26.444 64855 INFO heat.engine.environment [-] Registered: [Plugin](User:False) OS::Neutron::SubnetPool ->
2025-06-23 01:43:26.444 64855 INFO heat.engine.environment [-] Registered: [Plugin](User:False) OS::Neutron::TaaS::TapFlow ->
2025-06-23 01:43:26.444 64855 INFO heat.engine.environment [-] Registered: [Plugin](User:False) OS::Neutron::TaaS::TapService ->
2025-06-23 01:43:26.444 64855 INFO heat.engine.environment [-] Registered: [Plugin](User:False) OS::Neutron::Trunk ->
2025-06-23 01:43:26.444 64855 INFO heat.engine.environment [-] Registered: [Plugin](User:False) OS::Neutron::VPNService ->
2025-06-23 01:43:26.444 64855 INFO heat.engine.environment [-] Registered: [Plugin](User:False) OS::Neutron::IPsecSiteConnection ->
2025-06-23 01:43:26.444 64855 INFO heat.engine.environment [-] Registered: [Plugin](User:False) OS::Neutron::IKEPolicy ->
2025-06-23 01:43:26.444 64855 INFO heat.engine.environment [-] Registered: [Plugin](User:False) OS::Neutron::IPsecPolicy ->
2025-06-23 01:43:26.444 64855 INFO heat.engine.environment [-] Registered: [Plugin](User:False) OS::Nova::Flavor ->
2025-06-23 01:43:26.444 64855 INFO heat.engine.environment [-] Registered: [Plugin](User:False) OS::Nova::FloatingIP ->
2025-06-23 01:43:26.445 64855 INFO heat.engine.environment [-] Registered: [Plugin](User:False) OS::Nova::FloatingIPAssociation ->
2025-06-23 01:43:26.445 64855 INFO heat.engine.environment [-] Registered: [Plugin](User:False) OS::Nova::HostAggregate ->
2025-06-23 01:43:26.445 64855 INFO heat.engine.environment [-] Registered: [Plugin](User:False) OS::Nova::KeyPair ->
2025-06-23 01:43:26.445 64855 INFO heat.engine.environment [-] Registered: [Plugin](User:False) OS::Nova::Quota ->
2025-06-23 01:43:26.445 64855 INFO heat.engine.environment [-] Registered: [Plugin](User:False) OS::Nova::Server ->
2025-06-23 01:43:26.445 64855 INFO heat.engine.environment [-] Registered: [Plugin](User:False) OS::Nova::ServerGroup ->
2025-06-23 01:43:26.445 64855 INFO heat.engine.environment [-] Registered: [Plugin](User:False) OS::Octavia::Flavor ->
2025-06-23 01:43:26.445 64855 INFO heat.engine.environment [-] Registered: [Plugin](User:False) OS::Octavia::FlavorProfile ->
2025-06-23 01:43:26.445 64855 INFO heat.engine.environment [-] Registered: [Plugin](User:False) OS::Octavia::HealthMonitor ->
2025-06-23 01:43:26.445 64855 INFO heat.engine.environment [-] Registered: [Plugin](User:False) OS::Octavia::L7Policy ->
2025-06-23 01:43:26.445 64855 INFO heat.engine.environment [-] Registered: [Plugin](User:False) OS::Octavia::L7Rule ->
2025-06-23 01:43:26.446 64855 INFO heat.engine.environment [-] Registered: [Plugin](User:False) OS::Octavia::Listener ->
2025-06-23 01:43:26.446 64855 INFO heat.engine.environment [-] Registered: [Plugin](User:False) OS::Octavia::LoadBalancer ->
2025-06-23 01:43:26.446 64855 INFO heat.engine.environment [-] Registered: [Plugin](User:False) OS::Octavia::Pool ->
