2025-06-23 00:37:46.073 37458 DEBUG oslo_service.service [-] clients_swift.endpoint_type = None log_opt_values /usr/lib/python3/dist-packages/oslo_config/cfg.py:2609
2025-06-23 00:37:46.074 37458 DEBUG oslo_service.service [-] clients_swift.insecure = None log_opt_values /usr/lib/python3/dist-packages/oslo_config/cfg.py:2609
2025-06-23 00:37:46.075 37458 DEBUG oslo_service.service [-] clients_swift.key_file = None log_opt_values /usr/lib/python3/dist-packages/oslo_config/cfg.py:2609
2025-06-23 00:37:46.075 37458 DEBUG oslo_service.service [-] clients_trove.ca_file = None log_opt_values /usr/lib/python3/dist-packages/oslo_config/cfg.py:2609
2025-06-23 00:37:46.075 37458 DEBUG oslo_service.service [-] clients_trove.cert_file = None log_opt_values /usr/lib/python3/dist-packages/oslo_config/cfg.py:2609
2025-06-23 00:37:46.076 37458 DEBUG oslo_service.service [-] clients_trove.endpoint_type = None log_opt_values /usr/lib/python3/dist-packages/oslo_config/cfg.py:2609
2025-06-23 00:37:46.076 37458 DEBUG oslo_service.service [-] clients_trove.insecure = None log_opt_values /usr/lib/python3/dist-packages/oslo_config/cfg.py:2609
2025-06-23 00:37:46.076 37458 DEBUG oslo_service.service [-] clients_trove.key_file = None log_opt_values /usr/lib/python3/dist-packages/oslo_config/cfg.py:2609
2025-06-23 00:37:46.076 37458 DEBUG oslo_service.service [-] clients_vitrage.ca_file = None log_opt_values /usr/lib/python3/dist-packages/oslo_config/cfg.py:2609
2025-06-23 00:37:46.076 37458 DEBUG oslo_service.service [-] clients_vitrage.cert_file = None log_opt_values /usr/lib/python3/dist-packages/oslo_config/cfg.py:2609
2025-06-23 00:37:46.076 37458 DEBUG oslo_service.service [-] clients_vitrage.endpoint_type = None log_opt_values /usr/lib/python3/dist-packages/oslo_config/cfg.py:2609
2025-06-23 00:37:46.077 37458 DEBUG oslo_service.service [-] clients_vitrage.insecure = None log_opt_values /usr/lib/python3/dist-packages/oslo_config/cfg.py:2609
2025-06-23 00:37:46.077 37458 DEBUG oslo_service.service [-] clients_vitrage.key_file = None log_opt_values /usr/lib/python3/dist-packages/oslo_config/cfg.py:2609
2025-06-23 00:37:46.077 37458 DEBUG oslo_service.service [-] clients_zaqar.ca_file = None log_opt_values /usr/lib/python3/dist-packages/oslo_config/cfg.py:2609
2025-06-23 00:37:46.077 37458 DEBUG oslo_service.service [-] clients_zaqar.cert_file = None log_opt_values /usr/lib/python3/dist-packages/oslo_config/cfg.py:2609
2025-06-23 00:37:46.077 37458 DEBUG oslo_service.service [-] clients_zaqar.endpoint_type = None log_opt_values /usr/lib/python3/dist-packages/oslo_config/cfg.py:2609
2025-06-23 00:37:46.077 37458 DEBUG oslo_service.service [-] clients_zaqar.insecure = None log_opt_values /usr/lib/python3/dist-packages/oslo_config/cfg.py:2609
2025-06-23 00:37:46.078 37458 DEBUG oslo_service.service [-] clients_zaqar.key_file = None log_opt_values /usr/lib/python3/dist-packages/oslo_config/cfg.py:2609
2025-06-23 00:37:46.078 37458 DEBUG oslo_service.service [-] database.backend = sqlalchemy log_opt_values /usr/lib/python3/dist-packages/oslo_config/cfg.py:2609
2025-06-23 00:37:46.078 37458 DEBUG oslo_service.service [-] database.connection = **** log_opt_values /usr/lib/python3/dist-packages/oslo_config/cfg.py:2609
2025-06-23 00:37:46.078 37458 DEBUG oslo_service.service [-] database.connection_debug = 0 log_opt_values /usr/lib/python3/dist-packages/oslo_config/cfg.py:2609
2025-06-23 00:37:46.078 37458 DEBUG oslo_service.service [-] database.connection_parameters = log_opt_values /usr/lib/python3/dist-packages/oslo_config/cfg.py:2609
2025-06-23 00:37:46.079 37458 DEBUG oslo_service.service [-] database.connection_recycle_time = 3600 log_opt_values /usr/lib/python3/dist-packages/oslo_config/cfg.py:2609
2025-06-23 00:37:46.079 37458 DEBUG oslo_service.service [-] database.connection_trace = False log_opt_values /usr/lib/python3/dist-packages/oslo_config/cfg.py:2609
2025-06-23 00:37:46.079 37458 DEBUG oslo_service.service [-] database.db_inc_retry_interval = True log_opt_values /usr/lib/python3/dist-packages/oslo_config/cfg.py:2609
2025-06-23 00:37:46.079 37458 DEBUG oslo_service.service [-] database.db_max_retries = 20 log_opt_values /usr/lib/python3/dist-packages/oslo_config/cfg.py:2609
2025-06-23 00:37:46.080 37458 DEBUG oslo_service.service [-] database.db_max_retry_interval = 10 log_opt_values /usr/lib/python3/dist-packages/oslo_config/cfg.py:2609
2025-06-23 00:37:46.080 37458 DEBUG oslo_service.service [-] database.db_retry_interval = 1 log_opt_values /usr/lib/python3/dist-packages/oslo_config/cfg.py:2609
2025-06-23 00:37:46.081 37458 DEBUG oslo_service.service [-] database.max_overflow = 50 log_opt_values /usr/lib/python3/dist-packages/oslo_config/cfg.py:2609
2025-06-23 00:37:46.081 37458 DEBUG oslo_service.service [-] database.max_pool_size = 5 log_opt_values /usr/lib/python3/dist-packages/oslo_config/cfg.py:2609
2025-06-23 00:37:46.082 37458 DEBUG oslo_service.service [-] database.max_retries = 10 log_opt_values /usr/lib/python3/dist-packages/oslo_config/cfg.py:2609
2025-06-23 00:37:46.082 37458 DEBUG oslo_service.service [-] database.mysql_enable_ndb = False log_opt_values /usr/lib/python3/dist-packages/oslo_config/cfg.py:2609
2025-06-23 00:37:46.082 37458 DEBUG oslo_service.service [-] database.mysql_sql_mode = TRADITIONAL log_opt_values /usr/lib/python3/dist-packages/oslo_config/cfg.py:2609
2025-06-23 00:37:46.083 37458 DEBUG oslo_service.service [-] database.pool_timeout = None log_opt_values /usr/lib/python3/dist-packages/oslo_config/cfg.py:2609
2025-06-23 00:37:46.083 37458 DEBUG oslo_service.service [-] database.retry_interval = 10 log_opt_values /usr/lib/python3/dist-packages/oslo_config/cfg.py:2609
2025-06-23 00:37:46.084 37458 DEBUG oslo_service.service [-] database.slave_connection = **** log_opt_values /usr/lib/python3/dist-packages/oslo_config/cfg.py:2609
2025-06-23 00:37:46.084 37458 DEBUG oslo_service.service [-] database.sqlite_synchronous = True log_opt_values /usr/lib/python3/dist-packages/oslo_config/cfg.py:2609
2025-06-23 00:37:46.084 37458 DEBUG oslo_service.service [-] database.use_db_reconnect = False log_opt_values /usr/lib/python3/dist-packages/oslo_config/cfg.py:2609
2025-06-23 00:37:46.084 37458 DEBUG oslo_service.service [-] oslo_messaging_metrics.metrics_buffer_size = 1000 log_opt_values /usr/lib/python3/dist-packages/oslo_config/cfg.py:2609
2025-06-23 00:37:46.085 37458 DEBUG oslo_service.service [-] oslo_messaging_metrics.metrics_enabled = False log_opt_values /usr/lib/python3/dist-packages/oslo_config/cfg.py:2609
2025-06-23 00:37:46.085 37458 DEBUG oslo_service.service [-] oslo_messaging_metrics.metrics_process_name = log_opt_values /usr/lib/python3/dist-packages/oslo_config/cfg.py:2609
2025-06-23 00:37:46.085 37458 DEBUG oslo_service.service [-] oslo_messaging_metrics.metrics_socket_file = /var/tmp/metrics_collector.sock log_opt_values /usr/lib/python3/dist-packages/oslo_config/cfg.py:2609
2025-06-23 00:37:46.085 37458 DEBUG oslo_service.service [-] oslo_messaging_metrics.metrics_thread_stop_timeout = 10 log_opt_values /usr/lib/python3/dist-packages/oslo_config/cfg.py:2609
2025-06-23 00:37:46.086 37458 DEBUG oslo_service.service [-] oslo_policy.enforce_new_defaults = False log_opt_values /usr/lib/python3/dist-packages/oslo_config/cfg.py:2609
2025-06-23 00:37:46.086 37458 DEBUG oslo_service.service [-] oslo_policy.enforce_scope = False log_opt_values /usr/lib/python3/dist-packages/oslo_config/cfg.py:2609
2025-06-23 00:37:46.087 37458 DEBUG oslo_service.service [-] oslo_policy.policy_default_rule = default log_opt_values /usr/lib/python3/dist-packages/oslo_config/cfg.py:2609
2025-06-23 00:37:46.087 37458 DEBUG oslo_service.service [-] oslo_policy.policy_dirs = ['policy.d'] log_opt_values /usr/lib/python3/dist-packages/oslo_config/cfg.py:2609
2025-06-23 00:37:46.088 37458 DEBUG oslo_service.service [-] oslo_policy.policy_file = policy.yaml log_opt_values /usr/lib/python3/dist-packages/oslo_config/cfg.py:2609
2025-06-23 00:37:46.090 37458 DEBUG oslo_service.service [-] oslo_policy.remote_content_type = application/x-www-form-urlencoded log_opt_values /usr/lib/python3/dist-packages/oslo_config/cfg.py:2609
2025-06-23 00:37:46.090 37458 DEBUG oslo_service.service [-] oslo_policy.remote_ssl_ca_crt_file = None log_opt_values /usr/lib/python3/dist-packages/oslo_config/cfg.py:2609
2025-06-23 00:37:46.090 37458 DEBUG oslo_service.service [-] oslo_policy.remote_ssl_client_crt_file = None log_opt_values /usr/lib/python3/dist-packages/oslo_config/cfg.py:2609
2025-06-23 00:37:46.090 37458 DEBUG oslo_service.service [-] oslo_policy.remote_ssl_client_key_file = None log_opt_values /usr/lib/python3/dist-packages/oslo_config/cfg.py:2609
2025-06-23 00:37:46.091 37458 DEBUG oslo_service.service [-] oslo_policy.remote_ssl_verify_server_crt = False log_opt_values /usr/lib/python3/dist-packages/oslo_config/cfg.py:2609
2025-06-23 00:37:46.091 37458 DEBUG oslo_service.service [-] trustee.auth_section = None log_opt_values /usr/lib/python3/dist-packages/oslo_config/cfg.py:2609
2025-06-23 00:37:46.092 37458 WARNING oslo_config.cfg [-] Deprecated: Option "auth_plugin" from group "trustee" is deprecated. Use option "auth_type" from group "trustee".
2025-06-23 00:37:46.092 37458 DEBUG oslo_service.service [-] trustee.auth_type = password log_opt_values /usr/lib/python3/dist-packages/oslo_config/cfg.py:2609
2025-06-23 00:37:46.092 37458 DEBUG oslo_service.service [-] oslo_versionedobjects.fatal_exception_format_errors = False log_opt_values /usr/lib/python3/dist-packages/oslo_config/cfg.py:2609
2025-06-23 00:37:46.093 37458 DEBUG oslo_service.service [-] oslo_messaging_rabbit.amqp_auto_delete = False log_opt_values /usr/lib/python3/dist-packages/oslo_config/cfg.py:2609
2025-06-23 00:37:46.094 37458 DEBUG oslo_service.service [-] oslo_messaging_rabbit.amqp_durable_queues = False log_opt_values /usr/lib/python3/dist-packages/oslo_config/cfg.py:2609
2025-06-23 00:37:46.094 37458 DEBUG oslo_service.service [-] oslo_messaging_rabbit.conn_pool_min_size = 2 log_opt_values /usr/lib/python3/dist-packages/oslo_config/cfg.py:2609
2025-06-23 00:37:46.094 37458 DEBUG oslo_service.service [-] oslo_messaging_rabbit.conn_pool_ttl = 1200 log_opt_values /usr/lib/python3/dist-packages/oslo_config/cfg.py:2609
2025-06-23 00:37:46.094 37458 DEBUG oslo_service.service [-] oslo_messaging_rabbit.direct_mandatory_flag = True log_opt_values /usr/lib/python3/dist-packages/oslo_config/cfg.py:2609
2025-06-23 00:37:46.094 37458 DEBUG oslo_service.service [-] oslo_messaging_rabbit.enable_cancel_on_failover = False log_opt_values /usr/lib/python3/dist-packages/oslo_config/cfg.py:2609
2025-06-23 00:37:46.094 37458 DEBUG oslo_service.service [-] oslo_messaging_rabbit.heartbeat_in_pthread = False log_opt_values /usr/lib/python3/dist-packages/oslo_config/cfg.py:2609
2025-06-23 00:37:46.095 37458 DEBUG oslo_service.service [-] oslo_messaging_rabbit.heartbeat_rate = 2 log_opt_values /usr/lib/python3/dist-packages/oslo_config/cfg.py:2609
2025-06-23 00:37:46.095 37458 DEBUG oslo_service.service [-] oslo_messaging_rabbit.heartbeat_timeout_threshold = 60 log_opt_values /usr/lib/python3/dist-packages/oslo_config/cfg.py:2609
2025-06-23 00:37:46.095 37458 DEBUG oslo_service.service [-] oslo_messaging_rabbit.kombu_compression = None log_opt_values /usr/lib/python3/dist-packages/oslo_config/cfg.py:2609
2025-06-23 00:37:46.097 37458 DEBUG oslo_service.service [-] oslo_messaging_rabbit.kombu_failover_strategy = round-robin log_opt_values /usr/lib/python3/dist-packages/oslo_config/cfg.py:2609
2025-06-23 00:37:46.100 37458 DEBUG oslo_service.service [-] oslo_messaging_rabbit.kombu_missing_consumer_retry_timeout = 60 log_opt_values /usr/lib/python3/dist-packages/oslo_config/cfg.py:2609
2025-06-23 00:37:46.101 37458 DEBUG oslo_service.service [-] oslo_messaging_rabbit.kombu_reconnect_delay = 1.0 log_opt_values /usr/lib/python3/dist-packages/oslo_config/cfg.py:2609
2025-06-23 00:37:46.101 37458 DEBUG oslo_service.service [-] oslo_messaging_rabbit.rabbit_ha_queues = False log_opt_values /usr/lib/python3/dist-packages/oslo_config/cfg.py:2609
2025-06-23 00:37:46.102 37458 DEBUG oslo_service.service [-] oslo_messaging_rabbit.rabbit_interval_max = 30 log_opt_values /usr/lib/python3/dist-packages/oslo_config/cfg.py:2609
2025-06-23 00:37:46.102 37458 DEBUG oslo_service.service [-] oslo_messaging_rabbit.rabbit_login_method = AMQPLAIN log_opt_values /usr/lib/python3/dist-packages/oslo_config/cfg.py:2609
2025-06-23 00:37:46.102 37458 DEBUG oslo_service.service [-] oslo_messaging_rabbit.rabbit_qos_prefetch_count = 0 log_opt_values /usr/lib/python3/dist-packages/oslo_config/cfg.py:2609
2025-06-23 00:37:46.102 37458 DEBUG oslo_service.service [-] oslo_messaging_rabbit.rabbit_quorum_queue = False log_opt_values /usr/lib/python3/dist-packages/oslo_config/cfg.py:2609
2025-06-23 00:37:46.102 37458 DEBUG oslo_service.service [-] oslo_messaging_rabbit.rabbit_retry_backoff = 2 log_opt_values /usr/lib/python3/dist-packages/oslo_config/cfg.py:2609
2025-06-23 00:37:46.103 37458 DEBUG oslo_service.service [-] oslo_messaging_rabbit.rabbit_retry_interval = 1 log_opt_values /usr/lib/python3/dist-packages/oslo_config/cfg.py:2609
2025-06-23 00:37:46.103 37458 DEBUG oslo_service.service [-] oslo_messaging_rabbit.rabbit_transient_queues_ttl = 1800 log_opt_values /usr/lib/python3/dist-packages/oslo_config/cfg.py:2609
2025-06-23 00:37:46.104 37458 DEBUG oslo_service.service [-] oslo_messaging_rabbit.rpc_conn_pool_size = 30 log_opt_values /usr/lib/python3/dist-packages/oslo_config/cfg.py:2609
2025-06-23 00:37:46.104 37458 DEBUG oslo_service.service [-] oslo_messaging_rabbit.ssl = False log_opt_values /usr/lib/python3/dist-packages/oslo_config/cfg.py:2609
2025-06-23 00:37:46.104 37458 DEBUG oslo_service.service [-] oslo_messaging_rabbit.ssl_ca_file = log_opt_values /usr/lib/python3/dist-packages/oslo_config/cfg.py:2609
2025-06-23 00:37:46.104 37458 DEBUG oslo_service.service [-] oslo_messaging_rabbit.ssl_cert_file = log_opt_values /usr/lib/python3/dist-packages/oslo_config/cfg.py:2609
2025-06-23 00:37:46.104 37458 DEBUG oslo_service.service [-] oslo_messaging_rabbit.ssl_key_file = log_opt_values /usr/lib/python3/dist-packages/oslo_config/cfg.py:2609
2025-06-23 00:37:46.104 37458 DEBUG oslo_service.service [-] oslo_messaging_rabbit.ssl_version = log_opt_values /usr/lib/python3/dist-packages/oslo_config/cfg.py:2609
2025-06-23 00:37:46.105 37458 DEBUG oslo_service.service [-] oslo_messaging_notifications.driver = [] log_opt_values /usr/lib/python3/dist-packages/oslo_config/cfg.py:2609
2025-06-23 00:37:46.105 37458 DEBUG oslo_service.service [-] oslo_messaging_notifications.retry = -1 log_opt_values /usr/lib/python3/dist-packages/oslo_config/cfg.py:2609
2025-06-23 00:37:46.105 37458 DEBUG oslo_service.service [-] oslo_messaging_notifications.topics = ['notifications'] log_opt_values /usr/lib/python3/dist-packages/oslo_config/cfg.py:2609
2025-06-23 00:37:46.105 37458 DEBUG oslo_service.service [-] oslo_messaging_notifications.transport_url = **** log_opt_values /usr/lib/python3/dist-packages/oslo_config/cfg.py:2609
2025-06-23 00:37:46.106 37458 DEBUG oslo_service.service [-] cache.backend = dogpile.cache.null log_opt_values /usr/lib/python3/dist-packages/oslo_config/cfg.py:2609
2025-06-23 00:37:46.106 37458 DEBUG oslo_service.service [-] cache.backend_argument = **** log_opt_values /usr/lib/python3/dist-packages/oslo_config/cfg.py:2609
2025-06-23 00:37:46.106 37458 DEBUG oslo_service.service [-] cache.config_prefix = cache.oslo log_opt_values /usr/lib/python3/dist-packages/oslo_config/cfg.py:2609
2025-06-23 00:37:46.106 37458 DEBUG oslo_service.service [-] cache.debug_cache_backend = False log_opt_values /usr/lib/python3/dist-packages/oslo_config/cfg.py:2609
2025-06-23 00:37:46.107 37458 DEBUG oslo_service.service [-] cache.enabled = False log_opt_values /usr/lib/python3/dist-packages/oslo_config/cfg.py:2609
2025-06-23 00:37:46.108 37458 DEBUG oslo_service.service [-] cache.expiration_time = 600 log_opt_values /usr/lib/python3/dist-packages/oslo_config/cfg.py:2609
2025-06-23 00:37:46.108 37458 DEBUG oslo_service.service [-] cache.memcache_dead_retry = 300 log_opt_values /usr/lib/python3/dist-packages/oslo_config/cfg.py:2609
2025-06-23 00:37:46.109 37458 DEBUG oslo_service.service [-] cache.memcache_pool_connection_get_timeout = 10 log_opt_values /usr/lib/python3/dist-packages/oslo_config/cfg.py:2609
2025-06-23 00:37:46.109 37458 DEBUG oslo_service.service [-] cache.memcache_pool_flush_on_reconnect = False log_opt_values /usr/lib/python3/dist-packages/oslo_config/cfg.py:2609
2025-06-23 00:37:46.109 37458 DEBUG oslo_service.service [-] cache.memcache_pool_maxsize = 10 log_opt_values /usr/lib/python3/dist-packages/oslo_config/cfg.py:2609
2025-06-23 00:37:46.110 37458 DEBUG oslo_service.service [-] cache.memcache_pool_unused_timeout = 60 log_opt_values /usr/lib/python3/dist-packages/oslo_config/cfg.py:2609
2025-06-23 00:37:46.111 37679 DEBUG oslo_db.sqlalchemy.engines [req-4cdb8254-10d5-4cff-9ffd-d2d4a06dc0c7 - - - - -] MySQL server mode set to STRICT_TRANS_TABLES,STRICT_ALL_TABLES,NO_ZERO_IN_DATE,NO_ZERO_DATE,ERROR_FOR_DIVISION_BY_ZERO,TRADITIONAL,NO_ENGINE_SUBSTITUTION _check_effective_sql_mode /usr/lib/python3/dist-packages/oslo_db/sqlalchemy/engines.py:314
2025-06-23 00:37:46.112 37458 DEBUG oslo_service.service [-] cache.memcache_servers = ['localhost:11211'] log_opt_values /usr/lib/python3/dist-packages/oslo_config/cfg.py:2609
2025-06-23 00:37:46.112 37458 DEBUG oslo_service.service [-] cache.memcache_socket_timeout = 1.0 log_opt_values /usr/lib/python3/dist-packages/oslo_config/cfg.py:2609
2025-06-23 00:37:46.113 37458 DEBUG oslo_service.service [-] cache.proxies = [] log_opt_values /usr/lib/python3/dist-packages/oslo_config/cfg.py:2609
2025-06-23 00:37:46.113 37458 DEBUG oslo_service.service [-] cache.tls_allowed_ciphers = None log_opt_values /usr/lib/python3/dist-packages/oslo_config/cfg.py:2609
2025-06-23 00:37:46.113 37458 DEBUG oslo_service.service [-] cache.tls_cafile = None log_opt_values /usr/lib/python3/dist-packages/oslo_config/cfg.py:2609
2025-06-23 00:37:46.113 37458 DEBUG oslo_service.service [-] cache.tls_certfile = None log_opt_values /usr/lib/python3/dist-packages/oslo_config/cfg.py:2609
2025-06-23 00:37:46.114 37458 DEBUG oslo_service.service [-] cache.tls_enabled = False log_opt_values /usr/lib/python3/dist-packages/oslo_config/cfg.py:2609
2025-06-23 00:37:46.118 37681 DEBUG oslo_db.sqlalchemy.engines [req-a8154ae5-57c8-42e8-bc14-72c4d09a63fd - - - - -] MySQL server mode set to STRICT_TRANS_TABLES,STRICT_ALL_TABLES,NO_ZERO_IN_DATE,NO_ZERO_DATE,ERROR_FOR_DIVISION_BY_ZERO,TRADITIONAL,NO_ENGINE_SUBSTITUTION _check_effective_sql_mode /usr/lib/python3/dist-packages/oslo_db/sqlalchemy/engines.py:314
2025-06-23 00:37:46.116 37458 DEBUG oslo_service.service [-] cache.tls_keyfile = None log_opt_values /usr/lib/python3/dist-packages/oslo_config/cfg.py:2609
2025-06-23 00:37:46.119 37458 DEBUG oslo_service.service [-] constraint_validation_cache.caching = True log_opt_values /usr/lib/python3/dist-packages/oslo_config/cfg.py:2609
2025-06-23 00:37:46.119 37680 DEBUG oslo_db.sqlalchemy.engines [req-38cd7cd2-eba3-484a-b471-87d76465c969 - - - - -] MySQL server mode set to STRICT_TRANS_TABLES,STRICT_ALL_TABLES,NO_ZERO_IN_DATE,NO_ZERO_DATE,ERROR_FOR_DIVISION_BY_ZERO,TRADITIONAL,NO_ENGINE_SUBSTITUTION _check_effective_sql_mode /usr/lib/python3/dist-packages/oslo_db/sqlalchemy/engines.py:314
2025-06-23 00:37:46.120 37458 DEBUG oslo_service.service [-] constraint_validation_cache.expiration_time = 60 log_opt_values /usr/lib/python3/dist-packages/oslo_config/cfg.py:2609
2025-06-23 00:37:46.120 37458 DEBUG oslo_service.service [-] service_extension_cache.caching = True log_opt_values /usr/lib/python3/dist-packages/oslo_config/cfg.py:2609
2025-06-23 00:37:46.120 37458 DEBUG oslo_service.service [-] service_extension_cache.expiration_time = 3600 log_opt_values /usr/lib/python3/dist-packages/oslo_config/cfg.py:2609
2025-06-23 00:37:46.120 37458 DEBUG oslo_service.service [-] resource_finder_cache.caching = True log_opt_values /usr/lib/python3/dist-packages/oslo_config/cfg.py:2609
2025-06-23 00:37:46.121 37458 DEBUG oslo_service.service [-] resource_finder_cache.expiration_time = 3600 log_opt_values /usr/lib/python3/dist-packages/oslo_config/cfg.py:2609
2025-06-23 00:37:46.121 37458 DEBUG oslo_service.service [-] yaql.limit_iterators = 200 log_opt_values /usr/lib/python3/dist-packages/oslo_config/cfg.py:2609
2025-06-23 00:37:46.121 37458 DEBUG oslo_service.service [-] yaql.memory_quota = 10000 log_opt_values /usr/lib/python3/dist-packages/oslo_config/cfg.py:2609
2025-06-23 00:37:46.121 37458 DEBUG oslo_service.service [-] ******************************************************************************** log_opt_values /usr/lib/python3/dist-packages/oslo_config/cfg.py:2613
2025-06-23 00:37:46.122 37682 DEBUG oslo_db.sqlalchemy.engines [req-8d7ef1b6-915c-4c2a-bf54-f8e40e9643e8 - - - - -] MySQL server mode set to STRICT_TRANS_TABLES,STRICT_ALL_TABLES,NO_ZERO_IN_DATE,NO_ZERO_DATE,ERROR_FOR_DIVISION_BY_ZERO,TRADITIONAL,NO_ENGINE_SUBSTITUTION _check_effective_sql_mode /usr/lib/python3/dist-packages/oslo_db/sqlalchemy/engines.py:314
2025-06-23 00:37:46.189 37679 DEBUG heat.engine.service [req-46ce3737-7bf1-44a4-9593-fdb0296edcdf - - - - -] Service 2a197673-6003-4453-8351-897ae0ccd400 is started service_manage_report /usr/lib/python3/dist-packages/heat/engine/service.py:2363
2025-06-23 00:37:46.201 37681 DEBUG heat.engine.service [req-28a4ce7b-164a-4549-972f-416f73fce9c0 - - - - -] Service 7a17a435-df31-46de-b682-b2338a486ccc is started service_manage_report /usr/lib/python3/dist-packages/heat/engine/service.py:2363
2025-06-23 00:37:46.210 37682 DEBUG heat.engine.service [req-e158de3d-a2be-4961-affc-5b4fdcf22756 - - - - -] Service 5538ed2d-314a-4ca8-8ea4-aef42a8970a7 is started service_manage_report /usr/lib/python3/dist-packages/heat/engine/service.py:2363
2025-06-23 00:37:46.210 37680 DEBUG heat.engine.service [req-7b2356d5-6946-4604-b262-c818dd8ade75 - - - - -] Service 3d57d492-6268-4f0f-85d7-fd387d6facd3 is started service_manage_report /usr/lib/python3/dist-packages/heat/engine/service.py:2363
2025-06-23 00:37:46.218 37679 DEBUG heat.engine.service [req-46ce3737-7bf1-44a4-9593-fdb0296edcdf - - - - -] Service 2a197673-6003-4453-8351-897ae0ccd400 is updated service_manage_report /usr/lib/python3/dist-packages/heat/engine/service.py:2370
2025-06-23 00:37:46.230 37681 DEBUG heat.engine.service [req-28a4ce7b-164a-4549-972f-416f73fce9c0 - - - - -] Service 7a17a435-df31-46de-b682-b2338a486ccc is updated service_manage_report /usr/lib/python3/dist-packages/heat/engine/service.py:2370
2025-06-23 00:37:46.238 37680 DEBUG heat.engine.service [req-7b2356d5-6946-4604-b262-c818dd8ade75 - - - - -] Service 3d57d492-6268-4f0f-85d7-fd387d6facd3 is updated service_manage_report /usr/lib/python3/dist-packages/heat/engine/service.py:2370
2025-06-23 00:37:46.240 37682 DEBUG heat.engine.service [req-e158de3d-a2be-4961-affc-5b4fdcf22756 - - - - -] Service 5538ed2d-314a-4ca8-8ea4-aef42a8970a7 is updated service_manage_report /usr/lib/python3/dist-packages/heat/engine/service.py:2370
2025-06-23 00:38:46.191 37679 DEBUG heat.engine.service [req-366c258f-1e54-4c8d-81b2-28190a5cf989 - - - - -] Service 2a197673-6003-4453-8351-897ae0ccd400 is updated service_manage_report /usr/lib/python3/dist-packages/heat/engine/service.py:2370
2025-06-23 00:38:46.193 37682 DEBUG heat.engine.service [req-81591db1-fc62-420f-bcd4-dd6e15f09944 - - - - -] Service 5538ed2d-314a-4ca8-8ea4-aef42a8970a7 is updated service_manage_report /usr/lib/python3/dist-packages/heat/engine/service.py:2370
2025-06-23 00:38:46.193 37681 DEBUG heat.engine.service [req-160d4598-5556-4b20-9b63-d5da908001c0 - - - - -] Service 7a17a435-df31-46de-b682-b2338a486ccc is updated service_manage_report /usr/lib/python3/dist-packages/heat/engine/service.py:2370
2025-06-23 00:38:46.195 37680 DEBUG heat.engine.service [req-a31babae-4127-4877-ba97-f94807ae7865 - - - - -] Service 3d57d492-6268-4f0f-85d7-fd387d6facd3 is updated service_manage_report /usr/lib/python3/dist-packages/heat/engine/service.py:2370
2025-06-23 00:39:46.187 37682 DEBUG heat.engine.service [req-043f8a46-d47b-48cc-8381-6703ffcfd536 - - - - -] Service 5538ed2d-314a-4ca8-8ea4-aef42a8970a7 is updated service_manage_report /usr/lib/python3/dist-packages/heat/engine/service.py:2370
2025-06-23 00:39:46.189 37681 DEBUG heat.engine.service [req-3415679a-9f63-4505-beda-ae86ea209661 - - - - -] Service 7a17a435-df31-46de-b682-b2338a486ccc is updated service_manage_report /usr/lib/python3/dist-packages/heat/engine/service.py:2370
2025-06-23 00:39:46.189 37680 DEBUG heat.engine.service [req-0501fe9a-4eab-4992-9129-f5d41fa509ce - - - - -] Service 3d57d492-6268-4f0f-85d7-fd387d6facd3 is updated service_manage_report /usr/lib/python3/dist-packages/heat/engine/service.py:2370
2025-06-23 00:39:46.189 37679 DEBUG heat.engine.service [req-845b5767-96ea-4d00-aae7-466786844931 - - - - -] Service 2a197673-6003-4453-8351-897ae0ccd400 is updated service_manage_report /usr/lib/python3/dist-packages/heat/engine/service.py:2370
2025-06-23 00:40:46.186 37679 DEBUG heat.engine.service [req-c1dee384-108a-406b-a9d4-621feb184958 - - - - -] Service 2a197673-6003-4453-8351-897ae0ccd400 is updated service_manage_report /usr/lib/python3/dist-packages/heat/engine/service.py:2370
2025-06-23 00:40:46.194 37682 DEBUG heat.engine.service [req-ad6613dd-0c23-4683-9dc1-29183a94ed92 - - - - -] Service 5538ed2d-314a-4ca8-8ea4-aef42a8970a7 is updated service_manage_report /usr/lib/python3/dist-packages/heat/engine/service.py:2370
2025-06-23 00:40:46.195 37681 DEBUG heat.engine.service [req-7ef36c56-fcbd-4aeb-89eb-788b76215fed - - - - -] Service 7a17a435-df31-46de-b682-b2338a486ccc is updated service_manage_report /usr/lib/python3/dist-packages/heat/engine/service.py:2370
2025-06-23 00:40:46.195 37680 DEBUG heat.engine.service [req-ee153cf4-31b5-4c65-8c8d-4cd14b5f0a83 - - - - -] Service 3d57d492-6268-4f0f-85d7-fd387d6facd3 is updated service_manage_report /usr/lib/python3/dist-packages/heat/engine/service.py:2370
2025-06-23 00:41:46.180 37679 DEBUG heat.engine.service [req-5a2375fa-27b2-4660-8b6c-f96c5b227d60 - - - - -] Service 2a197673-6003-4453-8351-897ae0ccd400 is updated service_manage_report /usr/lib/python3/dist-packages/heat/engine/service.py:2370
2025-06-23 00:41:46.189 37682 DEBUG heat.engine.service [req-689fc1f0-7882-4ebe-a97e-408740fe6e4d - - - - -] Service 5538ed2d-314a-4ca8-8ea4-aef42a8970a7 is updated service_manage_report /usr/lib/python3/dist-packages/heat/engine/service.py:2370
2025-06-23 00:41:46.198 37681 DEBUG heat.engine.service [req-7a7ca235-7efc-4454-8f6f-cf6006e26b1c - - - - -] Service 7a17a435-df31-46de-b682-b2338a486ccc is updated service_manage_report /usr/lib/python3/dist-packages/heat/engine/service.py:2370
2025-06-23 00:41:46.200 37680 DEBUG heat.engine.service [req-b285d69e-ceef-4242-8ef7-9b9c034b15b5 - - - - -] Service 3d57d492-6268-4f0f-85d7-fd387d6facd3 is updated service_manage_report /usr/lib/python3/dist-packages/heat/engine/service.py:2370
2025-06-23 00:42:46.186 37679 DEBUG heat.engine.service [req-51a15d05-0813-447d-b05a-d8f297080654 - - - - -] Service 2a197673-6003-4453-8351-897ae0ccd400 is updated service_manage_report /usr/lib/python3/dist-packages/heat/engine/service.py:2370
2025-06-23 00:42:46.195 37682 DEBUG heat.engine.service [req-4e68bc4f-f631-4ebe-b54b-1868fbaf34a4 - - - - -] Service 5538ed2d-314a-4ca8-8ea4-aef42a8970a7 is updated service_manage_report /usr/lib/python3/dist-packages/heat/engine/service.py:2370
2025-06-23 00:42:46.200 37681 DEBUG heat.engine.service [req-4e1cf771-056e-4e73-98cb-2a3b3f2ae105 - - - - -] Service 7a17a435-df31-46de-b682-b2338a486ccc is updated service_manage_report /usr/lib/python3/dist-packages/heat/engine/service.py:2370
2025-06-23 00:42:46.203 37680 DEBUG heat.engine.service [req-7ae872a0-f947-4e59-b253-bdde07b70248 - - - - -] Service 3d57d492-6268-4f0f-85d7-fd387d6facd3 is updated service_manage_report /usr/lib/python3/dist-packages/heat/engine/service.py:2370
2025-06-23 00:43:46.182 37679 DEBUG heat.engine.service [req-95cc5aa5-17de-4051-b280-052931e1baaa - - - - -] Service 2a197673-6003-4453-8351-897ae0ccd400 is updated service_manage_report /usr/lib/python3/dist-packages/heat/engine/service.py:2370
2025-06-23 00:43:46.197 37682 DEBUG heat.engine.service [req-8d69fef2-a19b-4f5c-b325-fb5deffc879f - - - - -] Service 5538ed2d-314a-4ca8-8ea4-aef42a8970a7 is updated service_manage_report /usr/lib/python3/dist-packages/heat/engine/service.py:2370
2025-06-23 00:43:46.203 37681 DEBUG heat.engine.service [req-7ec3254f-7c24-4839-af6e-824c70984984 - - - - -] Service 7a17a435-df31-46de-b682-b2338a486ccc is updated service_manage_report /usr/lib/python3/dist-packages/heat/engine/service.py:2370
2025-06-23 00:43:46.206 37680 DEBUG heat.engine.service [req-bad1adff-f0dd-41d6-9192-83844ec43a07 - - - - -] Service 3d57d492-6268-4f0f-85d7-fd387d6facd3 is updated service_manage_report /usr/lib/python3/dist-packages/heat/engine/service.py:2370
2025-06-23 00:44:46.186 37679 DEBUG heat.engine.service [req-a264ad96-26ca-48b0-9a55-9ea9a4a988f2 - - - - -] Service 2a197673-6003-4453-8351-897ae0ccd400 is updated service_manage_report /usr/lib/python3/dist-packages/heat/engine/service.py:2370
2025-06-23 00:44:46.201 37682 DEBUG heat.engine.service [req-2d5edc90-7ae3-48c4-8b09-bb3718f2baa3 - - - - -] Service 5538ed2d-314a-4ca8-8ea4-aef42a8970a7 is updated service_manage_report /usr/lib/python3/dist-packages/heat/engine/service.py:2370
2025-06-23 00:44:46.207 37681 DEBUG heat.engine.service [req-1bad9aa4-7312-4997-adc4-2ebc083edc4d - - - - -] Service 7a17a435-df31-46de-b682-b2338a486ccc is updated service_manage_report /usr/lib/python3/dist-packages/heat/engine/service.py:2370
2025-06-23 00:44:46.212 37680 DEBUG heat.engine.service [req-e5e274e8-2f17-449e-a6d5-3383c4c5d0a0 - - - - -] Service 3d57d492-6268-4f0f-85d7-fd387d6facd3 is updated service_manage_report /usr/lib/python3/dist-packages/heat/engine/service.py:2370
2025-06-23 00:45:46.194 37679 DEBUG heat.engine.service [req-1efd051a-7e97-4797-a6c7-79b4e976b517 - - - - -] Service 2a197673-6003-4453-8351-897ae0ccd400 is updated service_manage_report /usr/lib/python3/dist-packages/heat/engine/service.py:2370
2025-06-23 00:45:46.203 37682 DEBUG heat.engine.service [req-18616389-8c5c-449a-a324-25d0ae4245ec - - - - -] Service 5538ed2d-314a-4ca8-8ea4-aef42a8970a7 is updated service_manage_report /usr/lib/python3/dist-packages/heat/engine/service.py:2370
2025-06-23 00:45:46.212 37681 DEBUG heat.engine.service [req-20538e70-4b1b-4020-a957-5d246c0eeb5a - - - - -] Service 7a17a435-df31-46de-b682-b2338a486ccc is updated service_manage_report /usr/lib/python3/dist-packages/heat/engine/service.py:2370
2025-06-23 00:45:46.216 37680 DEBUG heat.engine.service [req-6093f2f0-b712-4d4b-a6d9-ca6e8a81173a - - - - -] Service 3d57d492-6268-4f0f-85d7-fd387d6facd3 is updated service_manage_report /usr/lib/python3/dist-packages/heat/engine/service.py:2370
2025-06-23 00:46:46.190 37679 DEBUG heat.engine.service [req-abe7800d-e9f1-48e1-bc7e-d78ca9d9bf4b - - - - -] Service 2a197673-6003-4453-8351-897ae0ccd400 is updated service_manage_report /usr/lib/python3/dist-packages/heat/engine/service.py:2370
2025-06-23 00:46:46.207 37682 DEBUG heat.engine.service [req-432eb9ba-e6b4-41ff-aaf9-07f1efdd9145 - - - - -] Service 5538ed2d-314a-4ca8-8ea4-aef42a8970a7 is updated service_manage_report /usr/lib/python3/dist-packages/heat/engine/service.py:2370
2025-06-23 00:46:46.216 37681 DEBUG heat.engine.service [req-c34b587e-687c-4fe5-be0b-8c66b4a13740 - - - - -] Service 7a17a435-df31-46de-b682-b2338a486ccc is updated service_manage_report /usr/lib/python3/dist-packages/heat/engine/service.py:2370
2025-06-23 00:46:46.217 37680 DEBUG heat.engine.service [req-8f563b9e-794b-43cc-b418-04476c098bfd - - - - -] Service 3d57d492-6268-4f0f-85d7-fd387d6facd3 is updated service_manage_report /usr/lib/python3/dist-packages/heat/engine/service.py:2370
2025-06-23 00:47:46.195 37679 DEBUG heat.engine.service [req-4bf871b5-c5bc-417b-b3ba-4b7efc944db5 - - - - -] Service 2a197673-6003-4453-8351-897ae0ccd400 is updated service_manage_report /usr/lib/python3/dist-packages/heat/engine/service.py:2370
2025-06-23 00:47:46.212 37682 DEBUG heat.engine.service [req-06d86364-6736-4425-b041-999bd578ecf3 - - - - -] Service 5538ed2d-314a-4ca8-8ea4-aef42a8970a7 is updated service_manage_report /usr/lib/python3/dist-packages/heat/engine/service.py:2370
2025-06-23 00:47:46.223 37681 DEBUG heat.engine.service [req-4b83c31a-0a26-4d7a-b754-5f630de687b2 - - - - -] Service 7a17a435-df31-46de-b682-b2338a486ccc is updated service_manage_report /usr/lib/python3/dist-packages/heat/engine/service.py:2370
2025-06-23 00:47:46.225 37680 DEBUG heat.engine.service [req-a76d98ad-ee63-42c3-b260-bb1091ea6924 - - - - -] Service 3d57d492-6268-4f0f-85d7-fd387d6facd3 is updated service_manage_report /usr/lib/python3/dist-packages/heat/engine/service.py:2370
2025-06-23 00:48:46.200 37679 DEBUG heat.engine.service [req-9b87e4a1-1c69-438e-9b11-5616a28efb35 - - - - -] Service 2a197673-6003-4453-8351-897ae0ccd400 is updated service_manage_report /usr/lib/python3/dist-packages/heat/engine/service.py:2370
2025-06-23 00:48:46.218 37682 DEBUG heat.engine.service [req-4486a471-890d-4db8-80e8-11b171ceb50f - - - - -] Service 5538ed2d-314a-4ca8-8ea4-aef42a8970a7 is updated service_manage_report /usr/lib/python3/dist-packages/heat/engine/service.py:2370
2025-06-23 00:48:46.225 37681 DEBUG heat.engine.service [req-3418bcf3-10c6-46ba-b45d-c558391c5714 - - - - -] Service 7a17a435-df31-46de-b682-b2338a486ccc is updated service_manage_report /usr/lib/python3/dist-packages/heat/engine/service.py:2370
2025-06-23 00:48:46.227 37680 DEBUG heat.engine.service [req-b7e5b4f2-d7ae-4af6-b201-823c144bfb72 - - - - -] Service 3d57d492-6268-4f0f-85d7-fd387d6facd3 is updated service_manage_report /usr/lib/python3/dist-packages/heat/engine/service.py:2370
2025-06-23 00:49:46.205 37679 DEBUG heat.engine.service [req-6f89e5b9-75d0-4bbc-8332-0f63f8e76f55 - - - - -] Service 2a197673-6003-4453-8351-897ae0ccd400 is updated service_manage_report /usr/lib/python3/dist-packages/heat/engine/service.py:2370
2025-06-23 00:49:46.212 37682 DEBUG heat.engine.service [req-ba065a0b-5d07-46a9-b142-8a28774f44c9 - - - - -] Service 5538ed2d-314a-4ca8-8ea4-aef42a8970a7 is updated service_manage_report /usr/lib/python3/dist-packages/heat/engine/service.py:2370
2025-06-23 00:49:46.218 37681 DEBUG heat.engine.service [req-27c4d179-0bb0-4d47-8fc6-4745f1c850bf - - - - -] Service 7a17a435-df31-46de-b682-b2338a486ccc is updated service_manage_report /usr/lib/python3/dist-packages/heat/engine/service.py:2370
2025-06-23 00:49:46.223 37680 DEBUG heat.engine.service [req-dd759a27-f516-4abc-b6bf-80a65fb4d196 - - - - -] Service 3d57d492-6268-4f0f-85d7-fd387d6facd3 is updated service_manage_report /usr/lib/python3/dist-packages/heat/engine/service.py:2370
2025-06-23 00:50:46.210 37679 DEBUG heat.engine.service [req-8026cb98-fbdc-492a-9897-5dee2aebd554 - - - - -] Service 2a197673-6003-4453-8351-897ae0ccd400 is updated service_manage_report /usr/lib/python3/dist-packages/heat/engine/service.py:2370
2025-06-23 00:50:46.215 37682 DEBUG heat.engine.service [req-176db38a-bb25-4be8-ab71-4fc41cdba7f1 - - - - -] Service 5538ed2d-314a-4ca8-8ea4-aef42a8970a7 is updated service_manage_report /usr/lib/python3/dist-packages/heat/engine/service.py:2370
2025-06-23 00:50:46.223 37681 DEBUG heat.engine.service [req-30fce74b-0278-49ad-b7d7-82ff28740cc2 - - - - -] Service 7a17a435-df31-46de-b682-b2338a486ccc is updated service_manage_report /usr/lib/python3/dist-packages/heat/engine/service.py:2370
2025-06-23 00:50:46.228 37680 DEBUG heat.engine.service [req-0a9756cb-117d-42f0-a8b8-809e34a18622 - - - - -] Service 3d57d492-6268-4f0f-85d7-fd387d6facd3 is updated service_manage_report /usr/lib/python3/dist-packages/heat/engine/service.py:2370
2025-06-23 00:51:46.218 37679 DEBUG heat.engine.service [req-0de5e01e-6f7d-4ff8-9017-11e8e48d9dd0 - - - - -] Service 2a197673-6003-4453-8351-897ae0ccd400 is updated service_manage_report /usr/lib/python3/dist-packages/heat/engine/service.py:2370
2025-06-23 00:51:46.230 37682 DEBUG heat.engine.service [req-49c463ad-ba21-4145-8779-b1d56a313403 - - - - -] Service 5538ed2d-314a-4ca8-8ea4-aef42a8970a7 is updated service_manage_report /usr/lib/python3/dist-packages/heat/engine/service.py:2370
2025-06-23 00:51:46.232 37681 DEBUG heat.engine.service [req-39052fec-011f-4cda-b101-46f364fffa59 - - - - -] Service 7a17a435-df31-46de-b682-b2338a486ccc is updated service_manage_report /usr/lib/python3/dist-packages/heat/engine/service.py:2370
2025-06-23 00:51:46.238 37680 DEBUG heat.engine.service [req-d7e8a590-d4a4-4fb1-9583-83e0ef09ad36 - - - - -] Service 3d57d492-6268-4f0f-85d7-fd387d6facd3 is updated service_manage_report /usr/lib/python3/dist-packages/heat/engine/service.py:2370
2025-06-23 00:52:46.212 37679 DEBUG heat.engine.service [req-81a30d2e-ab13-47b5-a230-a3dbcad7619b - - - - -] Service 2a197673-6003-4453-8351-897ae0ccd400 is updated service_manage_report /usr/lib/python3/dist-packages/heat/engine/service.py:2370
2025-06-23 00:52:46.224 37682 DEBUG heat.engine.service [req-65ffe459-66f6-4c9b-892e-62a0136d86fc - - - - -] Service 5538ed2d-314a-4ca8-8ea4-aef42a8970a7 is updated service_manage_report /usr/lib/python3/dist-packages/heat/engine/service.py:2370
2025-06-23 00:52:46.230 37681 DEBUG heat.engine.service [req-3fbfca96-ad5d-4f8d-859c-f3b9b2cf060f - - - - -] Service 7a17a435-df31-46de-b682-b2338a486ccc is updated service_manage_report /usr/lib/python3/dist-packages/heat/engine/service.py:2370
2025-06-23 00:52:46.232 37680 DEBUG heat.engine.service [req-a071d820-220e-477e-ac1b-44c9cbf79496 - - - - -] Service 3d57d492-6268-4f0f-85d7-fd387d6facd3 is updated service_manage_report /usr/lib/python3/dist-packages/heat/engine/service.py:2370
2025-06-23 00:53:46.216 37679 DEBUG heat.engine.service [req-1573819f-eb5a-41bd-8f0b-3a308dcb4590 - - - - -] Service 2a197673-6003-4453-8351-897ae0ccd400 is updated service_manage_report /usr/lib/python3/dist-packages/heat/engine/service.py:2370
2025-06-23 00:53:46.227 37682 DEBUG heat.engine.service [req-0c7b6102-d3f4-4a26-ae1c-58c0caafe958 - - - - -] Service 5538ed2d-314a-4ca8-8ea4-aef42a8970a7 is updated service_manage_report /usr/lib/python3/dist-packages/heat/engine/service.py:2370
2025-06-23 00:53:46.231 37681 DEBUG heat.engine.service [req-bab64258-1345-4946-8369-242c128b7cea - - - - -] Service 7a17a435-df31-46de-b682-b2338a486ccc is updated service_manage_report /usr/lib/python3/dist-packages/heat/engine/service.py:2370
2025-06-23 00:53:46.240 37680 DEBUG heat.engine.service [req-6c1b5cee-53af-487f-8df7-611ab047d24e - - - - -] Service 3d57d492-6268-4f0f-85d7-fd387d6facd3 is updated service_manage_report /usr/lib/python3/dist-packages/heat/engine/service.py:2370
2025-06-23 00:54:46.220 37679 DEBUG heat.engine.service [req-fac39e09-ab2a-46fc-b0fc-2e478521a287 - - - - -] Service 2a197673-6003-4453-8351-897ae0ccd400 is updated service_manage_report /usr/lib/python3/dist-packages/heat/engine/service.py:2370
2025-06-23 00:54:46.231 37680 DEBUG heat.engine.service [req-dfbbd523-e60f-4ead-811a-bf307bd42d46 - - - - -] Service 3d57d492-6268-4f0f-85d7-fd387d6facd3 is updated service_manage_report /usr/lib/python3/dist-packages/heat/engine/service.py:2370
2025-06-23 00:54:46.233 37681 DEBUG heat.engine.service [req-20195f8e-41c6-4472-91c8-c13379aa0a05 - - - - -] Service 7a17a435-df31-46de-b682-b2338a486ccc is updated service_manage_report /usr/lib/python3/dist-packages/heat/engine/service.py:2370
2025-06-23 00:54:46.233 37682 DEBUG heat.engine.service [req-de22fd42-a272-4742-8516-425c7c241681 - - - - -] Service 5538ed2d-314a-4ca8-8ea4-aef42a8970a7 is updated service_manage_report /usr/lib/python3/dist-packages/heat/engine/service.py:2370
2025-06-23 00:55:46.229 37679 DEBUG heat.engine.service [req-6babd351-1407-433b-8e93-6bff84630af0 - - - - -] Service 2a197673-6003-4453-8351-897ae0ccd400 is updated service_manage_report /usr/lib/python3/dist-packages/heat/engine/service.py:2370
2025-06-23 00:55:46.231 37682 DEBUG heat.engine.service [req-945c311d-e8b4-45c9-9d35-1559ca58fbca - - - - -] Service 5538ed2d-314a-4ca8-8ea4-aef42a8970a7 is updated service_manage_report /usr/lib/python3/dist-packages/heat/engine/service.py:2370
2025-06-23 00:55:46.235 37680 DEBUG heat.engine.service [req-c6361b96-8679-4c22-8f95-1e4c7c91e1a5 - - - - -] Service 3d57d492-6268-4f0f-85d7-fd387d6facd3 is updated service_manage_report /usr/lib/python3/dist-packages/heat/engine/service.py:2370
2025-06-23 00:55:46.237 37681 DEBUG heat.engine.service [req-2dde8c34-357e-4140-86eb-43278f91b38d - - - - -] Service 7a17a435-df31-46de-b682-b2338a486ccc is updated service_manage_report /usr/lib/python3/dist-packages/heat/engine/service.py:2370
2025-06-23 00:56:46.232 37679 DEBUG heat.engine.service [req-ad50fd9c-d6c1-46f4-a9fc-41f527a2778d - - - - -] Service 2a197673-6003-4453-8351-897ae0ccd400 is updated service_manage_report /usr/lib/python3/dist-packages/heat/engine/service.py:2370
2025-06-23 00:56:46.235 37682 DEBUG heat.engine.service [req-d3629094-c2dd-4587-8d48-9740e26a1e6e - - - - -] Service 5538ed2d-314a-4ca8-8ea4-aef42a8970a7 is updated service_manage_report /usr/lib/python3/dist-packages/heat/engine/service.py:2370
2025-06-23 00:56:46.243 37680 DEBUG heat.engine.service [req-651943de-52ab-4924-b473-03dbfe9554dc - - - - -] Service 3d57d492-6268-4f0f-85d7-fd387d6facd3 is updated service_manage_report /usr/lib/python3/dist-packages/heat/engine/service.py:2370
2025-06-23 00:56:46.246 37681 DEBUG heat.engine.service [req-32e46e94-d7e9-4c78-8db1-03245a851372 - - - - -] Service 7a17a435-df31-46de-b682-b2338a486ccc is updated service_manage_report /usr/lib/python3/dist-packages/heat/engine/service.py:2370
2025-06-23 00:57:46.226 37679 DEBUG heat.engine.service [req-019ad8c9-dff9-4806-bf5a-25aa85456268 - - - - -] Service 2a197673-6003-4453-8351-897ae0ccd400 is updated service_manage_report /usr/lib/python3/dist-packages/heat/engine/service.py:2370
2025-06-23 00:57:46.229 37682 DEBUG heat.engine.service [req-e074f603-afb5-4d50-a151-6772345a4963 - - - - -] Service 5538ed2d-314a-4ca8-8ea4-aef42a8970a7 is updated service_manage_report /usr/lib/python3/dist-packages/heat/engine/service.py:2370
2025-06-23 00:57:46.238 37680 DEBUG heat.engine.service [req-3bcf97ef-2d93-4ac5-9915-2d57cc9ef40d - - - - -] Service 3d57d492-6268-4f0f-85d7-fd387d6facd3 is updated service_manage_report /usr/lib/python3/dist-packages/heat/engine/service.py:2370
2025-06-23 00:57:46.240 37681 DEBUG heat.engine.service [req-3fb9ee23-8f13-4656-a40a-001d578af01d - - - - -] Service 7a17a435-df31-46de-b682-b2338a486ccc is updated service_manage_report /usr/lib/python3/dist-packages/heat/engine/service.py:2370
2025-06-23 00:58:46.231 37679 DEBUG heat.engine.service [req-3ca3cf9c-34d2-4ae7-b15e-5cda91595b8e - - - - -] Service 2a197673-6003-4453-8351-897ae0ccd400 is updated service_manage_report /usr/lib/python3/dist-packages/heat/engine/service.py:2370
2025-06-23 00:58:46.235 37682 DEBUG heat.engine.service [req-ed6d7a31-d51c-4a2d-bc8a-7b3777fe485e - - - - -] Service 5538ed2d-314a-4ca8-8ea4-aef42a8970a7 is updated service_manage_report /usr/lib/python3/dist-packages/heat/engine/service.py:2370
2025-06-23 00:58:46.245 37680 DEBUG heat.engine.service [req-f9c235e5-0fd3-4707-9eb2-1a8a7ef8f725 - - - - -] Service 3d57d492-6268-4f0f-85d7-fd387d6facd3 is updated service_manage_report /usr/lib/python3/dist-packages/heat/engine/service.py:2370
2025-06-23 00:58:46.246 37681 DEBUG heat.engine.service [req-4ec42464-7759-4c50-a2c5-5de6e8027d11 - - - - -] Service 7a17a435-df31-46de-b682-b2338a486ccc is updated service_manage_report /usr/lib/python3/dist-packages/heat/engine/service.py:2370
2025-06-23 00:59:46.230 37682 DEBUG heat.engine.service [req-2e79386b-7337-46b0-b5d7-5201a0303024 - - - - -] Service 5538ed2d-314a-4ca8-8ea4-aef42a8970a7 is updated service_manage_report /usr/lib/python3/dist-packages/heat/engine/service.py:2370
2025-06-23 00:59:46.234 37679 DEBUG heat.engine.service [req-8bc77e96-d44b-40ff-bd9d-57fcb371da6e - - - - -] Service 2a197673-6003-4453-8351-897ae0ccd400 is updated service_manage_report /usr/lib/python3/dist-packages/heat/engine/service.py:2370
2025-06-23 00:59:46.239 37680 DEBUG heat.engine.service [req-7f73ea08-a2ae-4f2c-9f09-3efec2c06523 - - - - -] Service 3d57d492-6268-4f0f-85d7-fd387d6facd3 is updated service_manage_report /usr/lib/python3/dist-packages/heat/engine/service.py:2370
2025-06-23 00:59:46.241 37681 DEBUG heat.engine.service [req-9b9f1a4f-ed8e-4014-a2c9-014fabc5ef3d - - - - -] Service 7a17a435-df31-46de-b682-b2338a486ccc is updated service_manage_report /usr/lib/python3/dist-packages/heat/engine/service.py:2370
2025-06-23 01:00:46.235 37682 DEBUG heat.engine.service [req-c6dd7ade-17b1-444c-8efb-3b635824c0f8 - - - - -] Service 5538ed2d-314a-4ca8-8ea4-aef42a8970a7 is updated service_manage_report /usr/lib/python3/dist-packages/heat/engine/service.py:2370
2025-06-23 01:00:46.241 37679 DEBUG heat.engine.service [req-7e6973b9-fd0e-4708-883c-6d31529e6a8c - - - - -] Service 2a197673-6003-4453-8351-897ae0ccd400 is updated service_manage_report /usr/lib/python3/dist-packages/heat/engine/service.py:2370
2025-06-23 01:00:46.246 37680 DEBUG heat.engine.service [req-f4222071-0fd4-4e96-ae76-b87533dbac46 - - - - -] Service 3d57d492-6268-4f0f-85d7-fd387d6facd3 is updated service_manage_report /usr/lib/python3/dist-packages/heat/engine/service.py:2370
2025-06-23 01:00:46.248 37681 DEBUG heat.engine.service [req-1a2b6834-66aa-453f-960c-6a07715e2ac8 - - - - -] Service 7a17a435-df31-46de-b682-b2338a486ccc is updated service_manage_report /usr/lib/python3/dist-packages/heat/engine/service.py:2370
2025-06-23 01:01:46.236 37679 DEBUG heat.engine.service [req-babdacf3-2bef-454d-869c-d58de1a3358b - - - - -] Service 2a197673-6003-4453-8351-897ae0ccd400 is updated service_manage_report /usr/lib/python3/dist-packages/heat/engine/service.py:2370
2025-06-23 01:01:46.241 37682 DEBUG heat.engine.service [req-fe1b3318-977b-4123-b037-bc8dcd61fde5 - - - - -] Service 5538ed2d-314a-4ca8-8ea4-aef42a8970a7 is updated service_manage_report /usr/lib/python3/dist-packages/heat/engine/service.py:2370
2025-06-23 01:01:46.248 37680 DEBUG heat.engine.service [req-930558d4-ca59-4497-99a0-2fb20a3f4caa - - - - -] Service 3d57d492-6268-4f0f-85d7-fd387d6facd3 is updated service_manage_report /usr/lib/python3/dist-packages/heat/engine/service.py:2370
2025-06-23 01:01:46.248 37681 DEBUG heat.engine.service [req-fa7b92fd-e17c-46d1-9a83-da406c8b367a - - - - -] Service 7a17a435-df31-46de-b682-b2338a486ccc is updated service_manage_report /usr/lib/python3/dist-packages/heat/engine/service.py:2370
2025-06-23 01:02:46.236 37682 DEBUG heat.engine.service [req-ac223de5-d331-4ec6-907e-9b2dc83c81a1 - - - - -] Service 5538ed2d-314a-4ca8-8ea4-aef42a8970a7 is updated service_manage_report /usr/lib/python3/dist-packages/heat/engine/service.py:2370
2025-06-23 01:02:46.241 37679 DEBUG heat.engine.service [req-ae933d37-0732-4e37-8c6d-c7a5b0879f0f - - - - -] Service 2a197673-6003-4453-8351-897ae0ccd400 is updated service_manage_report /usr/lib/python3/dist-packages/heat/engine/service.py:2370
2025-06-23 01:02:46.247 37681 DEBUG heat.engine.service [req-599089a4-0b8f-408b-8043-a7ca48a61596 - - - - -] Service 7a17a435-df31-46de-b682-b2338a486ccc is updated service_manage_report /usr/lib/python3/dist-packages/heat/engine/service.py:2370
2025-06-23 01:02:46.247 37680 DEBUG heat.engine.service [req-e8a82330-a4da-4faf-a2cc-297cf3bf7c1a - - - - -] Service 3d57d492-6268-4f0f-85d7-fd387d6facd3 is updated service_manage_report /usr/lib/python3/dist-packages/heat/engine/service.py:2370
2025-06-23 01:03:46.237 37679 DEBUG heat.engine.service [req-a41b276e-eabd-48d6-b94d-2fdd5a937f25 - - - - -] Service 2a197673-6003-4453-8351-897ae0ccd400 is updated service_manage_report /usr/lib/python3/dist-packages/heat/engine/service.py:2370
2025-06-23 01:03:46.240 37682 DEBUG heat.engine.service [req-8a9eabdf-0081-4dcf-b0da-0e9e384fdcea - - - - -] Service 5538ed2d-314a-4ca8-8ea4-aef42a8970a7 is updated service_manage_report /usr/lib/python3/dist-packages/heat/engine/service.py:2370
2025-06-23 01:03:46.244 37680 DEBUG heat.engine.service [req-6109cb9d-4203-43fe-8e32-7f26a0533dc2 - - - - -] Service 3d57d492-6268-4f0f-85d7-fd387d6facd3 is updated service_manage_report /usr/lib/python3/dist-packages/heat/engine/service.py:2370
2025-06-23 01:03:46.244 37681 DEBUG heat.engine.service [req-7317f941-b53f-4ab6-8521-87ad74e4e01a - - - - -] Service 7a17a435-df31-46de-b682-b2338a486ccc is updated service_manage_report /usr/lib/python3/dist-packages/heat/engine/service.py:2370
2025-06-23 01:04:46.239 37681 DEBUG heat.engine.service [req-410d26b8-1857-4a87-95c6-3ff154952c24 - - - - -] Service 7a17a435-df31-46de-b682-b2338a486ccc is updated service_manage_report /usr/lib/python3/dist-packages/heat/engine/service.py:2370
2025-06-23 01:04:46.244 37680 DEBUG heat.engine.service [req-17209b15-2d4e-4238-957a-ade9f700efae - - - - -] Service 3d57d492-6268-4f0f-85d7-fd387d6facd3 is updated service_manage_report /usr/lib/python3/dist-packages/heat/engine/service.py:2370
2025-06-23 01:04:46.244 37679 DEBUG heat.engine.service [req-307eea07-995d-4bfd-9b8e-6dc388ed1a9e - - - - -] Service 2a197673-6003-4453-8351-897ae0ccd400 is updated service_manage_report /usr/lib/python3/dist-packages/heat/engine/service.py:2370
2025-06-23 01:04:46.246 37682 DEBUG heat.engine.service [req-71b6c458-67df-4fe6-9c2d-74c657548346 - - - - -] Service 5538ed2d-314a-4ca8-8ea4-aef42a8970a7 is updated service_manage_report /usr/lib/python3/dist-packages/heat/engine/service.py:2370
2025-06-23 01:05:46.235 37681 DEBUG heat.engine.service [req-9cf7f84c-2048-410a-9de4-eda41aa437da - - - - -] Service 7a17a435-df31-46de-b682-b2338a486ccc is updated service_manage_report /usr/lib/python3/dist-packages/heat/engine/service.py:2370
