2025-06-23 01:51:21.701 7 DEBUG oslo_service.service [-] ml2_type_gre.tunnel_id_ranges = [] log_opt_values /var/lib/kolla/venv/lib/python3.6/site-packages/oslo_config/cfg.py:2611
2025-06-23 01:51:21.701 7 DEBUG oslo_service.service [-] ml2_type_vlan.network_vlan_ranges = [] log_opt_values /var/lib/kolla/venv/lib/python3.6/site-packages/oslo_config/cfg.py:2611
2025-06-23 01:51:21.701 7 DEBUG oslo_service.service [-] ml2_type_vxlan.vni_ranges = [] log_opt_values /var/lib/kolla/venv/lib/python3.6/site-packages/oslo_config/cfg.py:2611
2025-06-23 01:51:21.702 7 DEBUG oslo_service.service [-] ml2_type_vxlan.vxlan_group = None log_opt_values /var/lib/kolla/venv/lib/python3.6/site-packages/oslo_config/cfg.py:2611
2025-06-23 01:51:21.702 7 DEBUG oslo_service.service [-] database.backend = sqlalchemy log_opt_values /var/lib/kolla/venv/lib/python3.6/site-packages/oslo_config/cfg.py:2611
2025-06-23 01:51:21.703 7 DEBUG oslo_service.service [-] database.connection = **** log_opt_values /var/lib/kolla/venv/lib/python3.6/site-packages/oslo_config/cfg.py:2611
2025-06-23 01:51:21.703 7 DEBUG oslo_service.service [-] database.connection_debug = 0 log_opt_values /var/lib/kolla/venv/lib/python3.6/site-packages/oslo_config/cfg.py:2611
2025-06-23 01:51:21.703 7 DEBUG oslo_service.service [-] database.connection_parameters = log_opt_values /var/lib/kolla/venv/lib/python3.6/site-packages/oslo_config/cfg.py:2611
2025-06-23 01:51:21.703 7 DEBUG oslo_service.service [-] database.connection_recycle_time = 10 log_opt_values /var/lib/kolla/venv/lib/python3.6/site-packages/oslo_config/cfg.py:2611
2025-06-23 01:51:21.703 7 DEBUG oslo_service.service [-] database.connection_trace = False log_opt_values /var/lib/kolla/venv/lib/python3.6/site-packages/oslo_config/cfg.py:2611
2025-06-23 01:51:21.703 7 DEBUG oslo_service.service [-] database.db_inc_retry_interval = True log_opt_values /var/lib/kolla/venv/lib/python3.6/site-packages/oslo_config/cfg.py:2611
2025-06-23 01:51:21.703 7 DEBUG oslo_service.service [-] database.db_max_retries = 20 log_opt_values /var/lib/kolla/venv/lib/python3.6/site-packages/oslo_config/cfg.py:2611
2025-06-23 01:51:21.703 7 DEBUG oslo_service.service [-] database.db_max_retry_interval = 10 log_opt_values /var/lib/kolla/venv/lib/python3.6/site-packages/oslo_config/cfg.py:2611
2025-06-23 01:51:21.703 7 DEBUG oslo_service.service [-] database.db_retry_interval = 1 log_opt_values /var/lib/kolla/venv/lib/python3.6/site-packages/oslo_config/cfg.py:2611
2025-06-23 01:51:21.703 7 DEBUG oslo_service.service [-] database.max_overflow = 50 log_opt_values /var/lib/kolla/venv/lib/python3.6/site-packages/oslo_config/cfg.py:2611
2025-06-23 01:51:21.703 7 DEBUG oslo_service.service [-] database.max_pool_size = 1 log_opt_values /var/lib/kolla/venv/lib/python3.6/site-packages/oslo_config/cfg.py:2611
2025-06-23 01:51:21.704 7 DEBUG oslo_service.service [-] database.max_retries = -1 log_opt_values /var/lib/kolla/venv/lib/python3.6/site-packages/oslo_config/cfg.py:2611
2025-06-23 01:51:21.704 7 DEBUG oslo_service.service [-] database.mysql_enable_ndb = False log_opt_values /var/lib/kolla/venv/lib/python3.6/site-packages/oslo_config/cfg.py:2611
2025-06-23 01:51:21.704 7 DEBUG oslo_service.service [-] database.mysql_sql_mode = TRADITIONAL log_opt_values /var/lib/kolla/venv/lib/python3.6/site-packages/oslo_config/cfg.py:2611
2025-06-23 01:51:21.704 7 DEBUG oslo_service.service [-] database.pool_timeout = None log_opt_values /var/lib/kolla/venv/lib/python3.6/site-packages/oslo_config/cfg.py:2611
2025-06-23 01:51:21.704 7 DEBUG oslo_service.service [-] database.retry_interval = 10 log_opt_values /var/lib/kolla/venv/lib/python3.6/site-packages/oslo_config/cfg.py:2611
2025-06-23 01:51:21.704 7 DEBUG oslo_service.service [-] database.slave_connection = **** log_opt_values /var/lib/kolla/venv/lib/python3.6/site-packages/oslo_config/cfg.py:2611
2025-06-23 01:51:21.704 7 DEBUG oslo_service.service [-] database.sqlite_synchronous = True log_opt_values /var/lib/kolla/venv/lib/python3.6/site-packages/oslo_config/cfg.py:2611
2025-06-23 01:51:21.704 7 DEBUG oslo_service.service [-] database.use_db_reconnect = False log_opt_values /var/lib/kolla/venv/lib/python3.6/site-packages/oslo_config/cfg.py:2611
2025-06-23 01:51:21.704 7 DEBUG oslo_service.service [-] ******************************************************************************** log_opt_values /var/lib/kolla/venv/lib/python3.6/site-packages/oslo_config/cfg.py:2613
2025-06-23 01:51:23.665 22 DEBUG neutron.wsgi [-] (22) accepted ('10.0.0.38', 35060) server /var/lib/kolla/venv/lib/python3.6/site-packages/eventlet/wsgi.py:1004
2025-06-23 01:51:23.671 22 INFO neutron.wsgi [-] 10.0.0.38 "GET / HTTP/1.1" status: 200 len: 227 time: 0.0048764
2025-06-23 01:51:25.787 23 DEBUG neutron.api.rpc.handlers.dhcp_rpc [req-9a725f4f-c4f8-422a-9e34-b928dcdc263f - - - - -] get_active_networks_info from cn-jenkins-deploy-platform-ansible-os-3518-1 get_active_networks_info /var/lib/kolla/venv/lib/python3.6/site-packages/neutron/api/rpc/handlers/dhcp_rpc.py:159
2025-06-23 01:51:25.816 26 DEBUG neutron_lib.callbacks.manager [req-cc094fcf-42a3-47fc-bcf1-7ee267583a03 - - - - -] Publish callbacks ['neutron.services.segments.db._update_segment_host_mapping_for_agent-8766970464115', 'neutron.services.l3_router.l3_router_plugin.DVRResourceOperationHandler.create_fip_agent_gw_ports-597763'] for agent (37f96c3e-0f35-48d3-b481-2014f86726df), after_create _notify_loop /var/lib/kolla/venv/lib/python3.6/site-packages/neutron_lib/callbacks/manager.py:177
2025-06-23 01:51:25.826 23 DEBUG neutron.scheduler.dhcp_agent_scheduler [req-9a725f4f-c4f8-422a-9e34-b928dcdc263f - - - - -] No non-hosted networks auto_schedule_networks /var/lib/kolla/venv/lib/python3.6/site-packages/neutron/scheduler/dhcp_agent_scheduler.py:60
2025-06-23 01:51:45.610 27 DEBUG neutron_lib.callbacks.manager [req-d23d6994-852a-4ee9-a80d-4101ec0c8215 - - - - -] Publish callbacks ['neutron.services.segments.db._update_segment_host_mapping_for_agent-8766970464115', 'neutron.services.l3_router.l3_router_plugin.DVRResourceOperationHandler.create_fip_agent_gw_ports-597763'] for agent (b6ccdd1a-98bc-4992-8bff-347cde3499a9), after_create _notify_loop /var/lib/kolla/venv/lib/python3.6/site-packages/neutron_lib/callbacks/manager.py:177
2025-06-23 01:51:53.714 22 DEBUG neutron.wsgi [-] (22) accepted ('10.0.0.38', 60994) server /var/lib/kolla/venv/lib/python3.6/site-packages/eventlet/wsgi.py:1004
2025-06-23 01:51:53.718 22 INFO neutron.wsgi [-] 10.0.0.38 "GET / HTTP/1.1" status: 200 len: 227 time: 0.0037713
2025-06-23 01:51:55.798 28 DEBUG neutron_lib.callbacks.manager [req-ee84babd-7bbe-472b-a53a-e87ea3d0fde3 - - - - -] Publish callbacks ['neutron.services.segments.db._update_segment_host_mapping_for_agent-8766970464115', 'neutron.plugins.ml2.plugin.Ml2Plugin._retry_binding_revived_agents--9223372036853455472'] for agent (37f96c3e-0f35-48d3-b481-2014f86726df), after_update _notify_loop /var/lib/kolla/venv/lib/python3.6/site-packages/neutron_lib/callbacks/manager.py:177
2025-06-23 01:52:15.568 23 DEBUG neutron_lib.callbacks.manager [req-d23d6994-852a-4ee9-a80d-4101ec0c8215 - - - - -] Publish callbacks ['neutron.services.segments.db._update_segment_host_mapping_for_agent-8766970464115', 'neutron.plugins.ml2.plugin.Ml2Plugin._retry_binding_revived_agents--9223372036853455472'] for agent (b6ccdd1a-98bc-4992-8bff-347cde3499a9), after_update _notify_loop /var/lib/kolla/venv/lib/python3.6/site-packages/neutron_lib/callbacks/manager.py:177
2025-06-23 01:52:23.763 22 DEBUG neutron.wsgi [-] (22) accepted ('10.0.0.38', 34922) server /var/lib/kolla/venv/lib/python3.6/site-packages/eventlet/wsgi.py:1004
2025-06-23 01:52:23.768 22 INFO neutron.wsgi [-] 10.0.0.38 "GET / HTTP/1.1" status: 200 len: 227 time: 0.0032578
2025-06-23 01:52:25.798 24 DEBUG neutron_lib.callbacks.manager [req-8845340d-0a32-4264-993a-febdf93298e3 - - - - -] Publish callbacks ['neutron.services.segments.db._update_segment_host_mapping_for_agent-8766970464115', 'neutron.plugins.ml2.plugin.Ml2Plugin._retry_binding_revived_agents--9223372036853455472'] for agent (37f96c3e-0f35-48d3-b481-2014f86726df), after_update _notify_loop /var/lib/kolla/venv/lib/python3.6/site-packages/neutron_lib/callbacks/manager.py:177
2025-06-23 01:52:29.654 29 DEBUG neutron.db.agents_db [req-44e86b2e-2c4c-4bbb-be45-35fe2947eafc - - - - -] Agent healthcheck: found 2 active agents agent_health_check /var/lib/kolla/venv/lib/python3.6/site-packages/neutron/db/agents_db.py:318
2025-06-23 01:52:45.580 25 DEBUG neutron_lib.callbacks.manager [req-d23d6994-852a-4ee9-a80d-4101ec0c8215 - - - - -] Publish callbacks ['neutron.services.segments.db._update_segment_host_mapping_for_agent-8766970464115', 'neutron.plugins.ml2.plugin.Ml2Plugin._retry_binding_revived_agents--9223372036853455472'] for agent (b6ccdd1a-98bc-4992-8bff-347cde3499a9), after_update _notify_loop /var/lib/kolla/venv/lib/python3.6/site-packages/neutron_lib/callbacks/manager.py:177
2025-06-23 01:52:53.810 22 DEBUG neutron.wsgi [-] (22) accepted ('10.0.0.38', 53088) server /var/lib/kolla/venv/lib/python3.6/site-packages/eventlet/wsgi.py:1004
2025-06-23 01:52:53.814 22 INFO neutron.wsgi [-] 10.0.0.38 "GET / HTTP/1.1" status: 200 len: 227 time: 0.0026069
2025-06-23 01:52:55.785 26 DEBUG neutron_lib.callbacks.manager [req-661e5444-f92f-46fe-a74c-4ea3f697e708 - - - - -] Publish callbacks ['neutron.services.segments.db._update_segment_host_mapping_for_agent-8766970464115', 'neutron.plugins.ml2.plugin.Ml2Plugin._retry_binding_revived_agents--9223372036853455472'] for agent (37f96c3e-0f35-48d3-b481-2014f86726df), after_update _notify_loop /var/lib/kolla/venv/lib/python3.6/site-packages/neutron_lib/callbacks/manager.py:177
2025-06-23 01:53:06.655 29 DEBUG neutron.db.agents_db [req-44e86b2e-2c4c-4bbb-be45-35fe2947eafc - - - - -] Agent healthcheck: found 2 active agents agent_health_check /var/lib/kolla/venv/lib/python3.6/site-packages/neutron/db/agents_db.py:318
2025-06-23 01:53:15.568 27 DEBUG neutron_lib.callbacks.manager [req-d23d6994-852a-4ee9-a80d-4101ec0c8215 - - - - -] Publish callbacks ['neutron.services.segments.db._update_segment_host_mapping_for_agent-8766970464115', 'neutron.plugins.ml2.plugin.Ml2Plugin._retry_binding_revived_agents--9223372036853455472'] for agent (b6ccdd1a-98bc-4992-8bff-347cde3499a9), after_update _notify_loop /var/lib/kolla/venv/lib/python3.6/site-packages/neutron_lib/callbacks/manager.py:177
2025-06-23 01:53:23.859 22 DEBUG neutron.wsgi [-] (22) accepted ('10.0.0.38', 55860) server /var/lib/kolla/venv/lib/python3.6/site-packages/eventlet/wsgi.py:1004
2025-06-23 01:53:23.863 22 INFO neutron.wsgi [-] 10.0.0.38 "GET / HTTP/1.1" status: 200 len: 227 time: 0.0027497
2025-06-23 01:53:25.782 28 DEBUG neutron_lib.callbacks.manager [req-dd45329d-d261-4a10-8218-a76f281d06d5 - - - - -] Publish callbacks ['neutron.services.segments.db._update_segment_host_mapping_for_agent-8766970464115', 'neutron.plugins.ml2.plugin.Ml2Plugin._retry_binding_revived_agents--9223372036853455472'] for agent (37f96c3e-0f35-48d3-b481-2014f86726df), after_update _notify_loop /var/lib/kolla/venv/lib/python3.6/site-packages/neutron_lib/callbacks/manager.py:177
2025-06-23 01:53:43.653 29 DEBUG neutron.db.agents_db [req-44e86b2e-2c4c-4bbb-be45-35fe2947eafc - - - - -] Agent healthcheck: found 2 active agents agent_health_check /var/lib/kolla/venv/lib/python3.6/site-packages/neutron/db/agents_db.py:318
2025-06-23 01:53:45.566 23 DEBUG neutron_lib.callbacks.manager [req-d23d6994-852a-4ee9-a80d-4101ec0c8215 - - - - -] Publish callbacks ['neutron.services.segments.db._update_segment_host_mapping_for_agent-8766970464115', 'neutron.plugins.ml2.plugin.Ml2Plugin._retry_binding_revived_agents--9223372036853455472'] for agent (b6ccdd1a-98bc-4992-8bff-347cde3499a9), after_update _notify_loop /var/lib/kolla/venv/lib/python3.6/site-packages/neutron_lib/callbacks/manager.py:177
2025-06-23 01:53:53.914 22 DEBUG neutron.wsgi [-] (22) accepted ('10.0.0.38', 54436) server /var/lib/kolla/venv/lib/python3.6/site-packages/eventlet/wsgi.py:1004
2025-06-23 01:53:53.918 22 INFO neutron.wsgi [-] 10.0.0.38 "GET / HTTP/1.1" status: 200 len: 227 time: 0.0031970
2025-06-23 01:53:55.782 24 DEBUG neutron_lib.callbacks.manager [req-34a48f54-f6d5-41b0-ad5a-0566b8e72219 - - - - -] Publish callbacks ['neutron.services.segments.db._update_segment_host_mapping_for_agent-8766970464115', 'neutron.plugins.ml2.plugin.Ml2Plugin._retry_binding_revived_agents--9223372036853455472'] for agent (37f96c3e-0f35-48d3-b481-2014f86726df), after_update _notify_loop /var/lib/kolla/venv/lib/python3.6/site-packages/neutron_lib/callbacks/manager.py:177
2025-06-23 01:54:15.571 25 DEBUG neutron_lib.callbacks.manager [req-d23d6994-852a-4ee9-a80d-4101ec0c8215 - - - - -] Publish callbacks ['neutron.services.segments.db._update_segment_host_mapping_for_agent-8766970464115', 'neutron.plugins.ml2.plugin.Ml2Plugin._retry_binding_revived_agents--9223372036853455472'] for agent (b6ccdd1a-98bc-4992-8bff-347cde3499a9), after_update _notify_loop /var/lib/kolla/venv/lib/python3.6/site-packages/neutron_lib/callbacks/manager.py:177
2025-06-23 01:54:20.651 29 DEBUG neutron.db.agents_db [req-44e86b2e-2c4c-4bbb-be45-35fe2947eafc - - - - -] Agent healthcheck: found 2 active agents agent_health_check /var/lib/kolla/venv/lib/python3.6/site-packages/neutron/db/agents_db.py:318
2025-06-23 01:54:23.959 22 DEBUG neutron.wsgi [-] (22) accepted ('10.0.0.38', 40582) server /var/lib/kolla/venv/lib/python3.6/site-packages/eventlet/wsgi.py:1004
2025-06-23 01:54:23.962 22 INFO neutron.wsgi [-] 10.0.0.38 "GET / HTTP/1.1" status: 200 len: 227 time: 0.0026498
2025-06-23 01:54:25.776 26 DEBUG neutron_lib.callbacks.manager [req-3430ea4b-68d2-419f-ba7e-34e33378849a - - - - -] Publish callbacks ['neutron.services.segments.db._update_segment_host_mapping_for_agent-8766970464115', 'neutron.plugins.ml2.plugin.Ml2Plugin._retry_binding_revived_agents--9223372036853455472'] for agent (37f96c3e-0f35-48d3-b481-2014f86726df), after_update _notify_loop /var/lib/kolla/venv/lib/python3.6/site-packages/neutron_lib/callbacks/manager.py:177
2025-06-23 01:54:45.573 27 DEBUG neutron_lib.callbacks.manager [req-d23d6994-852a-4ee9-a80d-4101ec0c8215 - - - - -] Publish callbacks ['neutron.services.segments.db._update_segment_host_mapping_for_agent-8766970464115', 'neutron.plugins.ml2.plugin.Ml2Plugin._retry_binding_revived_agents--9223372036853455472'] for agent (b6ccdd1a-98bc-4992-8bff-347cde3499a9), after_update _notify_loop /var/lib/kolla/venv/lib/python3.6/site-packages/neutron_lib/callbacks/manager.py:177
2025-06-23 01:54:54.011 22 DEBUG neutron.wsgi [-] (22) accepted ('10.0.0.38', 57078) server /var/lib/kolla/venv/lib/python3.6/site-packages/eventlet/wsgi.py:1004
2025-06-23 01:54:54.015 22 INFO neutron.wsgi [-] 10.0.0.38 "GET / HTTP/1.1" status: 200 len: 227 time: 0.0033450
2025-06-23 01:54:55.781 28 DEBUG neutron_lib.callbacks.manager [req-a111908c-0096-448b-b8dd-0650080740ac - - - - -] Publish callbacks ['neutron.services.segments.db._update_segment_host_mapping_for_agent-8766970464115', 'neutron.plugins.ml2.plugin.Ml2Plugin._retry_binding_revived_agents--9223372036853455472'] for agent (37f96c3e-0f35-48d3-b481-2014f86726df), after_update _notify_loop /var/lib/kolla/venv/lib/python3.6/site-packages/neutron_lib/callbacks/manager.py:177
2025-06-23 01:54:57.658 29 DEBUG neutron.db.agents_db [req-44e86b2e-2c4c-4bbb-be45-35fe2947eafc - - - - -] Agent healthcheck: found 2 active agents agent_health_check /var/lib/kolla/venv/lib/python3.6/site-packages/neutron/db/agents_db.py:318
2025-06-23 01:55:15.575 23 DEBUG neutron_lib.callbacks.manager [req-d23d6994-852a-4ee9-a80d-4101ec0c8215 - - - - -] Publish callbacks ['neutron.services.segments.db._update_segment_host_mapping_for_agent-8766970464115', 'neutron.plugins.ml2.plugin.Ml2Plugin._retry_binding_revived_agents--9223372036853455472'] for agent (b6ccdd1a-98bc-4992-8bff-347cde3499a9), after_update _notify_loop /var/lib/kolla/venv/lib/python3.6/site-packages/neutron_lib/callbacks/manager.py:177
2025-06-23 01:55:24.057 22 DEBUG neutron.wsgi [-] (22) accepted ('10.0.0.38', 45230) server /var/lib/kolla/venv/lib/python3.6/site-packages/eventlet/wsgi.py:1004
2025-06-23 01:55:24.061 22 INFO neutron.wsgi [-] 10.0.0.38 "GET / HTTP/1.1" status: 200 len: 227 time: 0.0031524
2025-06-23 01:55:25.779 24 DEBUG neutron_lib.callbacks.manager [req-7060c90d-691a-4383-967a-ab24e5be8e59 - - - - -] Publish callbacks ['neutron.services.segments.db._update_segment_host_mapping_for_agent-8766970464115', 'neutron.plugins.ml2.plugin.Ml2Plugin._retry_binding_revived_agents--9223372036853455472'] for agent (37f96c3e-0f35-48d3-b481-2014f86726df), after_update _notify_loop /var/lib/kolla/venv/lib/python3.6/site-packages/neutron_lib/callbacks/manager.py:177
2025-06-23 01:55:34.666 29 DEBUG neutron.db.agents_db [req-44e86b2e-2c4c-4bbb-be45-35fe2947eafc - - - - -] Agent healthcheck: found 2 active agents agent_health_check /var/lib/kolla/venv/lib/python3.6/site-packages/neutron/db/agents_db.py:318
2025-06-23 01:55:45.579 25 DEBUG neutron_lib.callbacks.manager [req-d23d6994-852a-4ee9-a80d-4101ec0c8215 - - - - -] Publish callbacks ['neutron.services.segments.db._update_segment_host_mapping_for_agent-8766970464115', 'neutron.plugins.ml2.plugin.Ml2Plugin._retry_binding_revived_agents--9223372036853455472'] for agent (b6ccdd1a-98bc-4992-8bff-347cde3499a9), after_update _notify_loop /var/lib/kolla/venv/lib/python3.6/site-packages/neutron_lib/callbacks/manager.py:177
2025-06-23 01:55:54.110 22 DEBUG neutron.wsgi [-] (22) accepted ('10.0.0.38', 34658) server /var/lib/kolla/venv/lib/python3.6/site-packages/eventlet/wsgi.py:1004
2025-06-23 01:55:54.118 22 INFO neutron.wsgi [-] 10.0.0.38 "GET / HTTP/1.1" status: 200 len: 227 time: 0.0072572
2025-06-23 01:55:55.777 26 DEBUG neutron_lib.callbacks.manager [req-e419a27e-832b-4299-85f2-319452ebc83f - - - - -] Publish callbacks ['neutron.services.segments.db._update_segment_host_mapping_for_agent-8766970464115', 'neutron.plugins.ml2.plugin.Ml2Plugin._retry_binding_revived_agents--9223372036853455472'] for agent (37f96c3e-0f35-48d3-b481-2014f86726df), after_update _notify_loop /var/lib/kolla/venv/lib/python3.6/site-packages/neutron_lib/callbacks/manager.py:177
2025-06-23 01:56:11.665 29 DEBUG neutron.db.agents_db [req-44e86b2e-2c4c-4bbb-be45-35fe2947eafc - - - - -] Agent healthcheck: found 2 active agents agent_health_check /var/lib/kolla/venv/lib/python3.6/site-packages/neutron/db/agents_db.py:318
2025-06-23 01:56:15.579 27 DEBUG neutron_lib.callbacks.manager [req-d23d6994-852a-4ee9-a80d-4101ec0c8215 - - - - -] Publish callbacks ['neutron.services.segments.db._update_segment_host_mapping_for_agent-8766970464115', 'neutron.plugins.ml2.plugin.Ml2Plugin._retry_binding_revived_agents--9223372036853455472'] for agent (b6ccdd1a-98bc-4992-8bff-347cde3499a9), after_update _notify_loop /var/lib/kolla/venv/lib/python3.6/site-packages/neutron_lib/callbacks/manager.py:177
2025-06-23 01:56:24.160 22 DEBUG neutron.wsgi [-] (22) accepted ('10.0.0.38', 37002) server /var/lib/kolla/venv/lib/python3.6/site-packages/eventlet/wsgi.py:1004
2025-06-23 01:56:24.163 22 INFO neutron.wsgi [-] 10.0.0.38 "GET / HTTP/1.1" status: 200 len: 227 time: 0.0024421
2025-06-23 01:56:25.775 28 DEBUG neutron_lib.callbacks.manager [req-66b293fc-2ba6-4bd7-ae40-821558c9c743 - - - - -] Publish callbacks ['neutron.services.segments.db._update_segment_host_mapping_for_agent-8766970464115', 'neutron.plugins.ml2.plugin.Ml2Plugin._retry_binding_revived_agents--9223372036853455472'] for agent (37f96c3e-0f35-48d3-b481-2014f86726df), after_update _notify_loop /var/lib/kolla/venv/lib/python3.6/site-packages/neutron_lib/callbacks/manager.py:177
2025-06-23 01:56:45.582 23 DEBUG neutron_lib.callbacks.manager [req-d23d6994-852a-4ee9-a80d-4101ec0c8215 - - - - -] Publish callbacks ['neutron.services.segments.db._update_segment_host_mapping_for_agent-8766970464115', 'neutron.plugins.ml2.plugin.Ml2Plugin._retry_binding_revived_agents--9223372036853455472'] for agent (b6ccdd1a-98bc-4992-8bff-347cde3499a9), after_update _notify_loop /var/lib/kolla/venv/lib/python3.6/site-packages/neutron_lib/callbacks/manager.py:177
2025-06-23 01:56:48.661 29 DEBUG neutron.db.agents_db [req-44e86b2e-2c4c-4bbb-be45-35fe2947eafc - - - - -] Agent healthcheck: found 2 active agents agent_health_check /var/lib/kolla/venv/lib/python3.6/site-packages/neutron/db/agents_db.py:318
2025-06-23 01:56:54.211 22 DEBUG neutron.wsgi [-] (22) accepted ('10.0.0.38', 59120) server /var/lib/kolla/venv/lib/python3.6/site-packages/eventlet/wsgi.py:1004
2025-06-23 01:56:54.215 22 INFO neutron.wsgi [-] 10.0.0.38 "GET / HTTP/1.1" status: 200 len: 227 time: 0.0026290
2025-06-23 01:56:55.777 24 DEBUG neutron_lib.callbacks.manager [req-0aa3bed8-547b-46a7-a0f8-1a335990b869 - - - - -] Publish callbacks ['neutron.services.segments.db._update_segment_host_mapping_for_agent-8766970464115', 'neutron.plugins.ml2.plugin.Ml2Plugin._retry_binding_revived_agents--9223372036853455472'] for agent (37f96c3e-0f35-48d3-b481-2014f86726df), after_update _notify_loop /var/lib/kolla/venv/lib/python3.6/site-packages/neutron_lib/callbacks/manager.py:177
2025-06-23 01:57:15.584 25 DEBUG neutron_lib.callbacks.manager [req-d23d6994-852a-4ee9-a80d-4101ec0c8215 - - - - -] Publish callbacks ['neutron.services.segments.db._update_segment_host_mapping_for_agent-8766970464115', 'neutron.plugins.ml2.plugin.Ml2Plugin._retry_binding_revived_agents--9223372036853455472'] for agent (b6ccdd1a-98bc-4992-8bff-347cde3499a9), after_update _notify_loop /var/lib/kolla/venv/lib/python3.6/site-packages/neutron_lib/callbacks/manager.py:177
2025-06-23 01:57:24.264 22 DEBUG neutron.wsgi [-] (22) accepted ('10.0.0.38', 53790) server /var/lib/kolla/venv/lib/python3.6/site-packages/eventlet/wsgi.py:1004
2025-06-23 01:57:24.269 22 INFO neutron.wsgi [-] 10.0.0.38 "GET / HTTP/1.1" status: 200 len: 227 time: 0.0025282
2025-06-23 01:57:25.670 29 DEBUG neutron.db.agents_db [req-44e86b2e-2c4c-4bbb-be45-35fe2947eafc - - - - -] Agent healthcheck: found 2 active agents agent_health_check /var/lib/kolla/venv/lib/python3.6/site-packages/neutron/db/agents_db.py:318
2025-06-23 01:57:25.775 26 DEBUG neutron_lib.callbacks.manager [req-7dd06bb5-f7bd-4029-9ea6-491bb46d9b3e - - - - -] Publish callbacks ['neutron.services.segments.db._update_segment_host_mapping_for_agent-8766970464115', 'neutron.plugins.ml2.plugin.Ml2Plugin._retry_binding_revived_agents--9223372036853455472'] for agent (37f96c3e-0f35-48d3-b481-2014f86726df), after_update _notify_loop /var/lib/kolla/venv/lib/python3.6/site-packages/neutron_lib/callbacks/manager.py:177
2025-06-23 01:57:45.585 27 DEBUG neutron_lib.callbacks.manager [req-d23d6994-852a-4ee9-a80d-4101ec0c8215 - - - - -] Publish callbacks ['neutron.services.segments.db._update_segment_host_mapping_for_agent-8766970464115', 'neutron.plugins.ml2.plugin.Ml2Plugin._retry_binding_revived_agents--9223372036853455472'] for agent (b6ccdd1a-98bc-4992-8bff-347cde3499a9), after_update _notify_loop /var/lib/kolla/venv/lib/python3.6/site-packages/neutron_lib/callbacks/manager.py:177
2025-06-23 01:57:54.310 22 DEBUG neutron.wsgi [-] (22) accepted ('10.0.0.38', 48450) server /var/lib/kolla/venv/lib/python3.6/site-packages/eventlet/wsgi.py:1004
2025-06-23 01:57:54.313 22 INFO neutron.wsgi [-] 10.0.0.38 "GET / HTTP/1.1" status: 200 len: 227 time: 0.0023544
2025-06-23 01:57:55.770 28 DEBUG neutron_lib.callbacks.manager [req-30943f21-66da-4ea3-a92e-abb84d398738 - - - - -] Publish callbacks ['neutron.services.segments.db._update_segment_host_mapping_for_agent-8766970464115', 'neutron.plugins.ml2.plugin.Ml2Plugin._retry_binding_revived_agents--9223372036853455472'] for agent (37f96c3e-0f35-48d3-b481-2014f86726df), after_update _notify_loop /var/lib/kolla/venv/lib/python3.6/site-packages/neutron_lib/callbacks/manager.py:177
2025-06-23 01:58:02.666 29 DEBUG neutron.db.agents_db [req-44e86b2e-2c4c-4bbb-be45-35fe2947eafc - - - - -] Agent healthcheck: found 2 active agents agent_health_check /var/lib/kolla/venv/lib/python3.6/site-packages/neutron/db/agents_db.py:318
2025-06-23 01:58:15.589 23 DEBUG neutron_lib.callbacks.manager [req-d23d6994-852a-4ee9-a80d-4101ec0c8215 - - - - -] Publish callbacks ['neutron.services.segments.db._update_segment_host_mapping_for_agent-8766970464115', 'neutron.plugins.ml2.plugin.Ml2Plugin._retry_binding_revived_agents--9223372036853455472'] for agent (b6ccdd1a-98bc-4992-8bff-347cde3499a9), after_update _notify_loop /var/lib/kolla/venv/lib/python3.6/site-packages/neutron_lib/callbacks/manager.py:177
2025-06-23 01:58:24.357 22 DEBUG neutron.wsgi [-] (22) accepted ('10.0.0.38', 42082) server /var/lib/kolla/venv/lib/python3.6/site-packages/eventlet/wsgi.py:1004
2025-06-23 01:58:24.361 22 INFO neutron.wsgi [-] 10.0.0.38 "GET / HTTP/1.1" status: 200 len: 227 time: 0.0034983
2025-06-23 01:58:25.767 24 DEBUG neutron_lib.callbacks.manager [req-c3957116-2e43-4fa2-8e7e-d27e5e257342 - - - - -] Publish callbacks ['neutron.services.segments.db._update_segment_host_mapping_for_agent-8766970464115', 'neutron.plugins.ml2.plugin.Ml2Plugin._retry_binding_revived_agents--9223372036853455472'] for agent (37f96c3e-0f35-48d3-b481-2014f86726df), after_update _notify_loop /var/lib/kolla/venv/lib/python3.6/site-packages/neutron_lib/callbacks/manager.py:177
2025-06-23 01:58:39.672 29 DEBUG neutron.db.agents_db [req-44e86b2e-2c4c-4bbb-be45-35fe2947eafc - - - - -] Agent healthcheck: found 2 active agents agent_health_check /var/lib/kolla/venv/lib/python3.6/site-packages/neutron/db/agents_db.py:318
2025-06-23 01:58:45.593 25 DEBUG neutron_lib.callbacks.manager [req-d23d6994-852a-4ee9-a80d-4101ec0c8215 - - - - -] Publish callbacks ['neutron.services.segments.db._update_segment_host_mapping_for_agent-8766970464115', 'neutron.plugins.ml2.plugin.Ml2Plugin._retry_binding_revived_agents--9223372036853455472'] for agent (b6ccdd1a-98bc-4992-8bff-347cde3499a9), after_update _notify_loop /var/lib/kolla/venv/lib/python3.6/site-packages/neutron_lib/callbacks/manager.py:177
2025-06-23 01:58:54.406 22 DEBUG neutron.wsgi [-] (22) accepted ('10.0.0.38', 54210) server /var/lib/kolla/venv/lib/python3.6/site-packages/eventlet/wsgi.py:1004
2025-06-23 01:58:54.409 22 INFO neutron.wsgi [-] 10.0.0.38 "GET / HTTP/1.1" status: 200 len: 227 time: 0.0025494
2025-06-23 01:58:55.763 26 DEBUG neutron_lib.callbacks.manager [req-1f632c4c-9d8b-4cef-95e6-7ff87d6c4722 - - - - -] Publish callbacks ['neutron.services.segments.db._update_segment_host_mapping_for_agent-8766970464115', 'neutron.plugins.ml2.plugin.Ml2Plugin._retry_binding_revived_agents--9223372036853455472'] for agent (37f96c3e-0f35-48d3-b481-2014f86726df), after_update _notify_loop /var/lib/kolla/venv/lib/python3.6/site-packages/neutron_lib/callbacks/manager.py:177
2025-06-23 01:59:15.595 27 DEBUG neutron_lib.callbacks.manager [req-d23d6994-852a-4ee9-a80d-4101ec0c8215 - - - - -] Publish callbacks ['neutron.services.segments.db._update_segment_host_mapping_for_agent-8766970464115', 'neutron.plugins.ml2.plugin.Ml2Plugin._retry_binding_revived_agents--9223372036853455472'] for agent (b6ccdd1a-98bc-4992-8bff-347cde3499a9), after_update _notify_loop /var/lib/kolla/venv/lib/python3.6/site-packages/neutron_lib/callbacks/manager.py:177
2025-06-23 01:59:16.681 29 DEBUG neutron.db.agents_db [req-44e86b2e-2c4c-4bbb-be45-35fe2947eafc - - - - -] Agent healthcheck: found 2 active agents agent_health_check /var/lib/kolla/venv/lib/python3.6/site-packages/neutron/db/agents_db.py:318
2025-06-23 01:59:24.455 22 DEBUG neutron.wsgi [-] (22) accepted ('10.0.0.38', 41434) server /var/lib/kolla/venv/lib/python3.6/site-packages/eventlet/wsgi.py:1004
2025-06-23 01:59:24.458 22 INFO neutron.wsgi [-] 10.0.0.38 "GET / HTTP/1.1" status: 200 len: 227 time: 0.0025761
2025-06-23 01:59:25.760 28 DEBUG neutron_lib.callbacks.manager [req-096a86ba-1b7e-42be-938f-0c9137b1d1a6 - - - - -] Publish callbacks ['neutron.services.segments.db._update_segment_host_mapping_for_agent-8766970464115', 'neutron.plugins.ml2.plugin.Ml2Plugin._retry_binding_revived_agents--9223372036853455472'] for agent (37f96c3e-0f35-48d3-b481-2014f86726df), after_update _notify_loop /var/lib/kolla/venv/lib/python3.6/site-packages/neutron_lib/callbacks/manager.py:177
2025-06-23 01:59:26.828 7 INFO oslo_service.service [-] Caught SIGTERM, stopping children
2025-06-23 01:59:26.830 7 DEBUG oslo_concurrency.lockutils [-] Acquired lock "singleton_lock" lock /var/lib/kolla/venv/lib/python3.6/site-packages/oslo_concurrency/lockutils.py:294
2025-06-23 01:59:26.830 7 DEBUG oslo_concurrency.lockutils [-] Releasing lock "singleton_lock" lock /var/lib/kolla/venv/lib/python3.6/site-packages/oslo_concurrency/lockutils.py:312
2025-06-23 01:59:26.831 7 DEBUG oslo_service.service [-] Stop services. stop /var/lib/kolla/venv/lib/python3.6/site-packages/oslo_service/service.py:695
2025-06-23 01:59:26.831 7 DEBUG neutron.service [-] calling RpcWorker stop() stop /var/lib/kolla/venv/lib/python3.6/site-packages/neutron/service.py:138
2025-06-23 01:59:26.831 7 DEBUG neutron.service [-] calling RpcWorker stop() stop /var/lib/kolla/venv/lib/python3.6/site-packages/neutron/service.py:138
2025-06-23 01:59:26.831 7 DEBUG oslo_service.service [-] Killing children. stop /var/lib/kolla/venv/lib/python3.6/site-packages/oslo_service/service.py:700
2025-06-23 01:59:26.832 23 DEBUG neutron.service [-] calling RpcWorker stop() stop /var/lib/kolla/venv/lib/python3.6/site-packages/neutron/service.py:138
2025-06-23 01:59:26.832 24 DEBUG neutron.service [-] calling RpcWorker stop() stop /var/lib/kolla/venv/lib/python3.6/site-packages/neutron/service.py:138
2025-06-23 01:59:26.832 29 DEBUG neutron.service [-] calling RpcWorker stop() stop /var/lib/kolla/venv/lib/python3.6/site-packages/neutron/service.py:138
2025-06-23 01:59:26.832 23 DEBUG neutron.service [-] calling stop on stop /var/lib/kolla/venv/lib/python3.6/site-packages/neutron/service.py:141
2025-06-23 01:59:26.832 29 DEBUG neutron.service [-] calling stop on stop /var/lib/kolla/venv/lib/python3.6/site-packages/neutron/service.py:141
2025-06-23 01:59:26.833 25 DEBUG neutron.service [-] calling RpcWorker stop() stop /var/lib/kolla/venv/lib/python3.6/site-packages/neutron/service.py:138
2025-06-23 01:59:26.834 22 INFO neutron.wsgi [-] (22) wsgi exited, is_accepting=True
2025-06-23 01:59:26.832 24 DEBUG neutron.service [-] calling stop on stop /var/lib/kolla/venv/lib/python3.6/site-packages/neutron/service.py:141
2025-06-23 01:59:26.831 7 INFO oslo_service.service [-] Waiting on 8 children to exit
2025-06-23 01:59:26.835 26 DEBUG neutron.service [-] calling RpcWorker stop() stop /var/lib/kolla/venv/lib/python3.6/site-packages/neutron/service.py:138
2025-06-23 01:59:26.834 25 DEBUG neutron.service [-] calling stop on stop /var/lib/kolla/venv/lib/python3.6/site-packages/neutron/service.py:141
2025-06-23 01:59:26.834 22 DEBUG oslo_concurrency.lockutils [req-d23cabee-7bc7-4fdd-a267-ee7f8602c609 - - - - -] Acquired lock "singleton_lock" lock /var/lib/kolla/venv/lib/python3.6/site-packages/oslo_concurrency/lockutils.py:294
2025-06-23 01:59:26.836 22 DEBUG oslo_concurrency.lockutils [req-d23cabee-7bc7-4fdd-a267-ee7f8602c609 - - - - -] Releasing lock "singleton_lock" lock /var/lib/kolla/venv/lib/python3.6/site-packages/oslo_concurrency/lockutils.py:312
2025-06-23 01:59:26.836 27 DEBUG neutron.service [-] calling RpcWorker stop() stop /var/lib/kolla/venv/lib/python3.6/site-packages/neutron/service.py:138
2025-06-23 01:59:26.835 26 DEBUG neutron.service [-] calling stop on stop /var/lib/kolla/venv/lib/python3.6/site-packages/neutron/service.py:141
2025-06-23 01:59:26.837 27 DEBUG neutron.service [-] calling stop on stop /var/lib/kolla/venv/lib/python3.6/site-packages/neutron/service.py:141
2025-06-23 01:59:26.840 7 INFO oslo_service.service [-] Child 22 exited with status 0
2025-06-23 01:59:26.849 28 DEBUG neutron.service [-] calling RpcWorker stop() stop /var/lib/kolla/venv/lib/python3.6/site-packages/neutron/service.py:138
2025-06-23 01:59:26.850 28 DEBUG neutron.service [-] calling stop on stop /var/lib/kolla/venv/lib/python3.6/site-packages/neutron/service.py:141
2025-06-23 01:59:27.809 28 DEBUG oslo_concurrency.lockutils [req-d23cabee-7bc7-4fdd-a267-ee7f8602c609 - - - - -] Acquired lock "singleton_lock" lock /var/lib/kolla/venv/lib/python3.6/site-packages/oslo_concurrency/lockutils.py:294
2025-06-23 01:59:27.810 28 DEBUG oslo_concurrency.lockutils [req-d23cabee-7bc7-4fdd-a267-ee7f8602c609 - - - - -] Releasing lock "singleton_lock" lock /var/lib/kolla/venv/lib/python3.6/site-packages/oslo_concurrency/lockutils.py:312
2025-06-23 01:59:27.810 28 DEBUG neutron.service [req-d23cabee-7bc7-4fdd-a267-ee7f8602c609 - - - - -] calling RpcWorker wait() _wait /var/lib/kolla/venv/lib/python3.6/site-packages/neutron/service.py:128
2025-06-23 01:59:27.810 28 DEBUG neutron.service [req-d23cabee-7bc7-4fdd-a267-ee7f8602c609 - - - - -] calling wait on _wait /var/lib/kolla/venv/lib/python3.6/site-packages/neutron/service.py:131
2025-06-23 01:59:27.817 28 WARNING amqp [req-d23cabee-7bc7-4fdd-a267-ee7f8602c609 - - - - -] Received method (60, 30) during closing channel 1. This method will be ignored
2025-06-23 01:59:27.818 28 DEBUG neutron.service [req-d23cabee-7bc7-4fdd-a267-ee7f8602c609 - - - - -] returning from RpcWorker wait() _wait /var/lib/kolla/venv/lib/python3.6/site-packages/neutron/service.py:135
2025-06-23 01:59:27.822 7 INFO oslo_service.service [-] Child 28 exited with status 0
2025-06-23 01:59:28.787 27 DEBUG oslo_concurrency.lockutils [req-d23cabee-7bc7-4fdd-a267-ee7f8602c609 - - - - -] Acquired lock "singleton_lock" lock /var/lib/kolla/venv/lib/python3.6/site-packages/oslo_concurrency/lockutils.py:294
2025-06-23 01:59:28.787 27 DEBUG oslo_concurrency.lockutils [req-d23cabee-7bc7-4fdd-a267-ee7f8602c609 - - - - -] Releasing lock "singleton_lock" lock /var/lib/kolla/venv/lib/python3.6/site-packages/oslo_concurrency/lockutils.py:312
2025-06-23 01:59:28.788 27 DEBUG neutron.service [req-d23cabee-7bc7-4fdd-a267-ee7f8602c609 - - - - -] calling RpcWorker wait() _wait /var/lib/kolla/venv/lib/python3.6/site-packages/neutron/service.py:128
2025-06-23 01:59:28.789 27 DEBUG neutron.service [req-d23cabee-7bc7-4fdd-a267-ee7f8602c609 - - - - -] calling wait on _wait /var/lib/kolla/venv/lib/python3.6/site-packages/neutron/service.py:131
2025-06-23 01:59:28.796 27 WARNING amqp [req-d23cabee-7bc7-4fdd-a267-ee7f8602c609 - - - - -] Received method (60, 30) during closing channel 1. This method will be ignored
2025-06-23 01:59:28.797 27 DEBUG neutron.service [req-d23cabee-7bc7-4fdd-a267-ee7f8602c609 - - - - -] returning from RpcWorker wait() _wait /var/lib/kolla/venv/lib/python3.6/site-packages/neutron/service.py:135
2025-06-23 01:59:28.802 7 INFO oslo_service.service [-] Child 27 exited with status 0
2025-06-23 01:59:28.960 26 DEBUG oslo_concurrency.lockutils [req-d23cabee-7bc7-4fdd-a267-ee7f8602c609 - - - - -] Acquired lock "singleton_lock" lock /var/lib/kolla/venv/lib/python3.6/site-packages/oslo_concurrency/lockutils.py:294
2025-06-23 01:59:28.961 26 DEBUG oslo_concurrency.lockutils [req-d23cabee-7bc7-4fdd-a267-ee7f8602c609 - - - - -] Releasing lock "singleton_lock" lock /var/lib/kolla/venv/lib/python3.6/site-packages/oslo_concurrency/lockutils.py:312
2025-06-23 01:59:28.962 26 DEBUG neutron.service [req-d23cabee-7bc7-4fdd-a267-ee7f8602c609 - - - - -] calling RpcWorker wait() _wait /var/lib/kolla/venv/lib/python3.6/site-packages/neutron/service.py:128
2025-06-23 01:59:28.962 26 DEBUG neutron.service [req-d23cabee-7bc7-4fdd-a267-ee7f8602c609 - - - - -] calling wait on _wait /var/lib/kolla/venv/lib/python3.6/site-packages/neutron/service.py:131
2025-06-23 01:59:28.969 26 WARNING amqp [req-d23cabee-7bc7-4fdd-a267-ee7f8602c609 - - - - -] Received method (60, 30) during closing channel 1. This method will be ignored
2025-06-23 01:59:28.970 26 DEBUG neutron.service [req-d23cabee-7bc7-4fdd-a267-ee7f8602c609 - - - - -] returning from RpcWorker wait() _wait /var/lib/kolla/venv/lib/python3.6/site-packages/neutron/service.py:135
2025-06-23 01:59:28.974 7 INFO oslo_service.service [-] Child 26 exited with status 0
2025-06-23 01:59:31.648 23 DEBUG neutron.service [-] calling stop on stop /var/lib/kolla/venv/lib/python3.6/site-packages/neutron/service.py:141
2025-06-23 01:59:31.650 24 DEBUG neutron.service [-] calling stop on stop /var/lib/kolla/venv/lib/python3.6/site-packages/neutron/service.py:141
2025-06-23 01:59:31.664 23 DEBUG neutron.service [-] calling stop on stop /var/lib/kolla/venv/lib/python3.6/site-packages/neutron/service.py:141
2025-06-23 01:59:31.671 29 DEBUG oslo_concurrency.lockutils [req-d23cabee-7bc7-4fdd-a267-ee7f8602c609 - - - - -] Acquired lock "singleton_lock" lock /var/lib/kolla/venv/lib/python3.6/site-packages/oslo_concurrency/lockutils.py:294
2025-06-23 01:59:31.672 29 DEBUG oslo_concurrency.lockutils [req-d23cabee-7bc7-4fdd-a267-ee7f8602c609 - - - - -] Releasing lock "singleton_lock" lock /var/lib/kolla/venv/lib/python3.6/site-packages/oslo_concurrency/lockutils.py:312
2025-06-23 01:59:31.672 29 DEBUG neutron.service [req-d23cabee-7bc7-4fdd-a267-ee7f8602c609 - - - - -] calling RpcWorker wait() _wait /var/lib/kolla/venv/lib/python3.6/site-packages/neutron/service.py:128
2025-06-23 01:59:31.672 29 DEBUG neutron.service [req-d23cabee-7bc7-4fdd-a267-ee7f8602c609 - - - - -] calling wait on _wait /var/lib/kolla/venv/lib/python3.6/site-packages/neutron/service.py:131
2025-06-23 01:59:31.680 24 DEBUG neutron.service [-] calling stop on stop /var/lib/kolla/venv/lib/python3.6/site-packages/neutron/service.py:141
2025-06-23 01:59:31.681 25 DEBUG neutron.service [-] calling stop on stop /var/lib/kolla/venv/lib/python3.6/site-packages/neutron/service.py:141
2025-06-23 01:59:31.683 23 DEBUG neutron.service [-] calling stop on stop /var/lib/kolla/venv/lib/python3.6/site-packages/neutron/service.py:141
2025-06-23 01:59:31.685 29 WARNING amqp [req-d23cabee-7bc7-4fdd-a267-ee7f8602c609 - - - - -] Received method (60, 30) during closing channel 1. This method will be ignored
2025-06-23 01:59:31.687 29 DEBUG neutron.service [req-d23cabee-7bc7-4fdd-a267-ee7f8602c609 - - - - -] returning from RpcWorker wait() _wait /var/lib/kolla/venv/lib/python3.6/site-packages/neutron/service.py:135
2025-06-23 01:59:31.692 24 DEBUG neutron.service [-] calling stop on stop /var/lib/kolla/venv/lib/python3.6/site-packages/neutron/service.py:141
2025-06-23 01:59:31.692 23 DEBUG oslo_concurrency.lockutils [req-d23cabee-7bc7-4fdd-a267-ee7f8602c609 - - - - -] Acquired lock "singleton_lock" lock /var/lib/kolla/venv/lib/python3.6/site-packages/oslo_concurrency/lockutils.py:294
2025-06-23 01:59:31.693 23 DEBUG oslo_concurrency.lockutils [req-d23cabee-7bc7-4fdd-a267-ee7f8602c609 - - - - -] Releasing lock "singleton_lock" lock /var/lib/kolla/venv/lib/python3.6/site-packages/oslo_concurrency/lockutils.py:312
2025-06-23 01:59:31.693 23 DEBUG neutron.service [req-d23cabee-7bc7-4fdd-a267-ee7f8602c609 - - - - -] calling RpcWorker wait() _wait /var/lib/kolla/venv/lib/python3.6/site-packages/neutron/service.py:128
2025-06-23 01:59:31.693 23 DEBUG neutron.service [req-d23cabee-7bc7-4fdd-a267-ee7f8602c609 - - - - -] calling wait on _wait /var/lib/kolla/venv/lib/python3.6/site-packages/neutron/service.py:131
2025-06-23 01:59:31.695 25 DEBUG neutron.service [-] calling stop on stop /var/lib/kolla/venv/lib/python3.6/site-packages/neutron/service.py:141
2025-06-23 01:59:31.697 7 INFO oslo_service.service [-] Child 29 exited with status 0
2025-06-23 01:59:31.701 25 DEBUG neutron.service [-] calling stop on stop /var/lib/kolla/venv/lib/python3.6/site-packages/neutron/service.py:141
2025-06-23 01:59:31.702 23 WARNING amqp [req-d23cabee-7bc7-4fdd-a267-ee7f8602c609 - - - - -] Received method (60, 30) during closing channel 1. This method will be ignored
2025-06-23 01:59:31.703 24 DEBUG oslo_concurrency.lockutils [req-d23cabee-7bc7-4fdd-a267-ee7f8602c609 - - - - -] Acquired lock "singleton_lock" lock /var/lib/kolla/venv/lib/python3.6/site-packages/oslo_concurrency/lockutils.py:294
2025-06-23 01:59:31.704 24 DEBUG oslo_concurrency.lockutils [req-d23cabee-7bc7-4fdd-a267-ee7f8602c609 - - - - -] Releasing lock "singleton_lock" lock /var/lib/kolla/venv/lib/python3.6/site-packages/oslo_concurrency/lockutils.py:312
2025-06-23 01:59:31.704 24 DEBUG neutron.service [req-d23cabee-7bc7-4fdd-a267-ee7f8602c609 - - - - -] calling RpcWorker wait() _wait /var/lib/kolla/venv/lib/python3.6/site-packages/neutron/service.py:128
2025-06-23 01:59:31.704 24 DEBUG neutron.service [req-d23cabee-7bc7-4fdd-a267-ee7f8602c609 - - - - -] calling wait on _wait /var/lib/kolla/venv/lib/python3.6/site-packages/neutron/service.py:131
2025-06-23 01:59:31.706 23 DEBUG neutron.service [req-d23cabee-7bc7-4fdd-a267-ee7f8602c609 - - - - -] calling wait on _wait /var/lib/kolla/venv/lib/python3.6/site-packages/neutron/service.py:131
2025-06-23 01:59:31.709 25 DEBUG oslo_concurrency.lockutils [req-d23cabee-7bc7-4fdd-a267-ee7f8602c609 - - - - -] Acquired lock "singleton_lock" lock /var/lib/kolla/venv/lib/python3.6/site-packages/oslo_concurrency/lockutils.py:294
2025-06-23 01:59:31.709 25 DEBUG oslo_concurrency.lockutils [req-d23cabee-7bc7-4fdd-a267-ee7f8602c609 - - - - -] Releasing lock "singleton_lock" lock /var/lib/kolla/venv/lib/python3.6/site-packages/oslo_concurrency/lockutils.py:312
2025-06-23 01:59:31.709 25 DEBUG neutron.service [req-d23cabee-7bc7-4fdd-a267-ee7f8602c609 - - - - -] calling RpcWorker wait() _wait /var/lib/kolla/venv/lib/python3.6/site-packages/neutron/service.py:128
2025-06-23 01:59:31.709 25 DEBUG neutron.service [req-d23cabee-7bc7-4fdd-a267-ee7f8602c609 - - - - -] calling wait on _wait /var/lib/kolla/venv/lib/python3.6/site-packages/neutron/service.py:131
2025-06-23 01:59:31.710 24 WARNING amqp [req-d23cabee-7bc7-4fdd-a267-ee7f8602c609 - - - - -] Received method (60, 30) during closing channel 1. This method will be ignored
2025-06-23 01:59:31.711 24 DEBUG neutron.service [req-d23cabee-7bc7-4fdd-a267-ee7f8602c609 - - - - -] calling wait on _wait /var/lib/kolla/venv/lib/python3.6/site-packages/neutron/service.py:131
2025-06-23 01:59:31.714 23 WARNING amqp [req-d23cabee-7bc7-4fdd-a267-ee7f8602c609 - - - - -] Received method (60, 30) during closing channel 1. This method will be ignored
2025-06-23 01:59:31.716 25 WARNING amqp [req-d23cabee-7bc7-4fdd-a267-ee7f8602c609 - - - - -] Received method (60, 30) during closing channel 1. This method will be ignored
2025-06-23 01:59:31.716 23 DEBUG neutron.service [req-d23cabee-7bc7-4fdd-a267-ee7f8602c609 - - - - -] calling wait on _wait /var/lib/kolla/venv/lib/python3.6/site-packages/neutron/service.py:131
2025-06-23 01:59:31.718 25 DEBUG neutron.service [req-d23cabee-7bc7-4fdd-a267-ee7f8602c609 - - - - -] calling wait on _wait /var/lib/kolla/venv/lib/python3.6/site-packages/neutron/service.py:131
2025-06-23 01:59:31.720 24 WARNING amqp [req-d23cabee-7bc7-4fdd-a267-ee7f8602c609 - - - - -] Received method (60, 30) during closing channel 1. This method will be ignored
2025-06-23 01:59:31.722 24 DEBUG neutron.service [req-d23cabee-7bc7-4fdd-a267-ee7f8602c609 - - - - -] calling wait on _wait /var/lib/kolla/venv/lib/python3.6/site-packages/neutron/service.py:131
2025-06-23 01:59:31.723 25 WARNING amqp [req-d23cabee-7bc7-4fdd-a267-ee7f8602c609 - - - - -] Received method (60, 30) during closing channel 1. This method will be ignored
2025-06-23 01:59:31.724 25 DEBUG neutron.service [req-d23cabee-7bc7-4fdd-a267-ee7f8602c609 - - - - -] calling wait on _wait /var/lib/kolla/venv/lib/python3.6/site-packages/neutron/service.py:131
2025-06-23 01:59:31.731 23 WARNING amqp [req-d23cabee-7bc7-4fdd-a267-ee7f8602c609 - - - - -] Received method (60, 30) during closing channel 1. This method will be ignored
2025-06-23 01:59:31.733 23 DEBUG neutron.service [req-d23cabee-7bc7-4fdd-a267-ee7f8602c609 - - - - -] calling wait on _wait /var/lib/kolla/venv/lib/python3.6/site-packages/neutron/service.py:131
2025-06-23 01:59:31.736 24 WARNING amqp [req-d23cabee-7bc7-4fdd-a267-ee7f8602c609 - - - - -] Received method (60, 30) during closing channel 1. This method will be ignored
2025-06-23 01:59:31.737 25 WARNING amqp [req-d23cabee-7bc7-4fdd-a267-ee7f8602c609 - - - - -] Received method (60, 30) during closing channel 1. This method will be ignored
2025-06-23 01:59:31.738 25 DEBUG neutron.service [req-d23cabee-7bc7-4fdd-a267-ee7f8602c609 - - - - -] calling wait on _wait /var/lib/kolla/venv/lib/python3.6/site-packages/neutron/service.py:131
2025-06-23 01:59:31.740 24 DEBUG neutron.service [req-d23cabee-7bc7-4fdd-a267-ee7f8602c609 - - - - -] calling wait on _wait /var/lib/kolla/venv/lib/python3.6/site-packages/neutron/service.py:131
2025-06-23 01:59:31.741 23 WARNING amqp [req-d23cabee-7bc7-4fdd-a267-ee7f8602c609 - - - - -] Received method (60, 30) during closing channel 1. This method will be ignored
2025-06-23 01:59:31.742 23 DEBUG neutron.service [req-d23cabee-7bc7-4fdd-a267-ee7f8602c609 - - - - -] returning from RpcWorker wait() _wait /var/lib/kolla/venv/lib/python3.6/site-packages/neutron/service.py:135
2025-06-23 01:59:31.743 25 WARNING amqp [req-d23cabee-7bc7-4fdd-a267-ee7f8602c609 - - - - -] Received method (60, 30) during closing channel 1. This method will be ignored
2025-06-23 01:59:31.744 25 DEBUG neutron.service [req-d23cabee-7bc7-4fdd-a267-ee7f8602c609 - - - - -] returning from RpcWorker wait() _wait /var/lib/kolla/venv/lib/python3.6/site-packages/neutron/service.py:135
2025-06-23 01:59:31.747 24 WARNING amqp [req-d23cabee-7bc7-4fdd-a267-ee7f8602c609 - - - - -] Received method (60, 30) during closing channel 1. This method will be ignored
2025-06-23 01:59:31.748 24 DEBUG neutron.service [req-d23cabee-7bc7-4fdd-a267-ee7f8602c609 - - - - -] returning from RpcWorker wait() _wait /var/lib/kolla/venv/lib/python3.6/site-packages/neutron/service.py:135
2025-06-23 01:59:31.749 7 INFO oslo_service.service [-] Child 25 exited with status 0
2025-06-23 01:59:31.749 7 INFO oslo_service.service [-] Child 23 exited with status 0
2025-06-23 01:59:31.754 7 INFO oslo_service.service [-] Child 24 exited with status 0
2025-06-23 01:59:31.754 7 INFO oslo_service.service [-] Wait called after thread killed. Cleaning up.
2025-06-23 01:59:31.754 7 DEBUG oslo_service.service [-] Stop services. stop /var/lib/kolla/venv/lib/python3.6/site-packages/oslo_service/service.py:695
2025-06-23 01:59:31.754 7 DEBUG oslo_service.service [-] Killing children. stop /var/lib/kolla/venv/lib/python3.6/site-packages/oslo_service/service.py:700
2025-06-23 01:59:35.856 6 INFO neutron.common.config [-] Logging enabled!
2025-06-23 01:59:35.856 6 INFO neutron.common.config [-] /var/lib/kolla/venv/bin/neutron-server version 20.5.1.dev23
2025-06-23 01:59:35.856 6 DEBUG neutron.common.config [-] command line: /var/lib/kolla/venv/bin/neutron-server --config-file /etc/neutron/neutron.conf --config-file /etc/neutron/ContrailPlugin.ini --config-file /etc/neutron/api-paste.ini setup_logging /var/lib/kolla/venv/lib/python3.6/site-packages/neutron/common/config.py:115
2025-06-23 01:59:35.861 6 INFO neutron.common.config [-] Logging enabled!
2025-06-23 01:59:35.861 6 INFO neutron.common.config [-] /var/lib/kolla/venv/bin/neutron-server version 20.5.1.dev23
2025-06-23 01:59:35.861 6 DEBUG neutron.common.config [-] command line: /var/lib/kolla/venv/bin/neutron-server --config-file /etc/neutron/neutron.conf --config-file /etc/neutron/ContrailPlugin.ini --config-file /etc/neutron/api-paste.ini setup_logging /var/lib/kolla/venv/lib/python3.6/site-packages/neutron/common/config.py:115
2025-06-23 01:59:35.861 6 DEBUG neutron.common.config [-] ******************************************************************************** log_opt_values /var/lib/kolla/venv/lib/python3.6/site-packages/oslo_config/cfg.py:2589
2025-06-23 01:59:35.862 6 DEBUG neutron.common.config [-] Configuration options gathered from: log_opt_values /var/lib/kolla/venv/lib/python3.6/site-packages/oslo_config/cfg.py:2590
2025-06-23 01:59:35.862 6 DEBUG neutron.common.config [-] command line args: ['--config-file', '/etc/neutron/neutron.conf', '--config-file', '/etc/neutron/ContrailPlugin.ini', '--config-file', '/etc/neutron/api-paste.ini'] log_opt_values /var/lib/kolla/venv/lib/python3.6/site-packages/oslo_config/cfg.py:2591
2025-06-23 01:59:35.863 6 DEBUG neutron.common.config [-] config files: ['/etc/neutron/neutron.conf', '/etc/neutron/ContrailPlugin.ini', '/etc/neutron/api-paste.ini'] log_opt_values /var/lib/kolla/venv/lib/python3.6/site-packages/oslo_config/cfg.py:2593
2025-06-23 01:59:35.863 6 DEBUG neutron.common.config [-] ================================================================================ log_opt_values /var/lib/kolla/venv/lib/python3.6/site-packages/oslo_config/cfg.py:2594
2025-06-23 01:59:35.863 6 DEBUG neutron.common.config [-] allow_bulk = True log_opt_values /var/lib/kolla/venv/lib/python3.6/site-packages/oslo_config/cfg.py:2603
2025-06-23 01:59:35.863 6 WARNING oslo_config.cfg [-] Deprecated: Option "allow_overlapping_ips" from group "DEFAULT" is deprecated for removal. Its value may be silently ignored in the future.
2025-06-23 01:59:35.863 6 DEBUG neutron.common.config [-] allow_overlapping_ips = True log_opt_values /var/lib/kolla/venv/lib/python3.6/site-packages/oslo_config/cfg.py:2603
2025-06-23 01:59:35.864 6 DEBUG neutron.common.config [-] api_extensions_path = /opt/plugin/site-packages/neutron_plugin_contrail/extensions:/opt/plugin/site-packages/neutron_lbaas/extensions log_opt_values /var/lib/kolla/venv/lib/python3.6/site-packages/oslo_config/cfg.py:2603
2025-06-23 01:59:35.864 6 DEBUG neutron.common.config [-] api_paste_config = /etc/neutron/api-paste.ini log_opt_values /var/lib/kolla/venv/lib/python3.6/site-packages/oslo_config/cfg.py:2603
2025-06-23 01:59:35.864 6 DEBUG neutron.common.config [-] api_workers = 1 log_opt_values /var/lib/kolla/venv/lib/python3.6/site-packages/oslo_config/cfg.py:2603
