2025-06-19 00:38:52.373 38695 DEBUG oslo_service.service [-] heat_api_cloudwatch.workers = 1 log_opt_values /usr/lib/python3/dist-packages/oslo_config/cfg.py:2609
2025-06-19 00:38:52.373 38695 DEBUG oslo_service.service [-] eventlet_opts.client_socket_timeout = 900 log_opt_values /usr/lib/python3/dist-packages/oslo_config/cfg.py:2609
2025-06-19 00:38:52.374 38695 DEBUG oslo_service.service [-] eventlet_opts.wsgi_keep_alive = True log_opt_values /usr/lib/python3/dist-packages/oslo_config/cfg.py:2609
2025-06-19 00:38:52.374 38695 DEBUG oslo_service.service [-] paste_deploy.api_paste_config = /etc/heat/api-paste.ini log_opt_values /usr/lib/python3/dist-packages/oslo_config/cfg.py:2609
2025-06-19 00:38:52.374 38695 DEBUG oslo_service.service [-] paste_deploy.flavor = None log_opt_values /usr/lib/python3/dist-packages/oslo_config/cfg.py:2609
2025-06-19 00:38:52.374 38695 DEBUG oslo_service.service [-] auth_password.allowed_auth_uris = [] log_opt_values /usr/lib/python3/dist-packages/oslo_config/cfg.py:2609
2025-06-19 00:38:52.374 38695 DEBUG oslo_service.service [-] auth_password.multi_cloud = False log_opt_values /usr/lib/python3/dist-packages/oslo_config/cfg.py:2609
2025-06-19 00:38:52.374 38695 DEBUG oslo_service.service [-] revision.heat_revision = unknown log_opt_values /usr/lib/python3/dist-packages/oslo_config/cfg.py:2609
2025-06-19 00:38:52.374 38695 DEBUG oslo_service.service [-] volumes.backups_enabled = True log_opt_values /usr/lib/python3/dist-packages/oslo_config/cfg.py:2609
2025-06-19 00:38:52.374 38914 INFO heat.engine.worker [-] Starting engine_worker (1.4) in engine 71934a6b-8050-4047-90a0-efbe449210ea.
2025-06-19 00:38:52.374 38695 DEBUG oslo_service.service [-] noauth.token_response = log_opt_values /usr/lib/python3/dist-packages/oslo_config/cfg.py:2609
2025-06-19 00:38:52.375 38695 DEBUG oslo_service.service [-] clients.ca_file = None log_opt_values /usr/lib/python3/dist-packages/oslo_config/cfg.py:2609
2025-06-19 00:38:52.375 38695 DEBUG oslo_service.service [-] clients.cert_file = None log_opt_values /usr/lib/python3/dist-packages/oslo_config/cfg.py:2609
2025-06-19 00:38:52.375 38695 DEBUG oslo_service.service [-] clients.endpoint_type = publicURL log_opt_values /usr/lib/python3/dist-packages/oslo_config/cfg.py:2609
2025-06-19 00:38:52.375 38695 DEBUG oslo_service.service [-] clients.insecure = False log_opt_values /usr/lib/python3/dist-packages/oslo_config/cfg.py:2609
2025-06-19 00:38:52.375 38695 DEBUG oslo_service.service [-] clients.key_file = None log_opt_values /usr/lib/python3/dist-packages/oslo_config/cfg.py:2609
2025-06-19 00:38:52.375 38695 DEBUG oslo_service.service [-] clients_aodh.ca_file = None log_opt_values /usr/lib/python3/dist-packages/oslo_config/cfg.py:2609
2025-06-19 00:38:52.375 38695 DEBUG oslo_service.service [-] clients_aodh.cert_file = None log_opt_values /usr/lib/python3/dist-packages/oslo_config/cfg.py:2609
2025-06-19 00:38:52.375 38695 DEBUG oslo_service.service [-] clients_aodh.endpoint_type = None log_opt_values /usr/lib/python3/dist-packages/oslo_config/cfg.py:2609
2025-06-19 00:38:52.375 38695 DEBUG oslo_service.service [-] clients_aodh.insecure = None log_opt_values /usr/lib/python3/dist-packages/oslo_config/cfg.py:2609
2025-06-19 00:38:52.375 38695 DEBUG oslo_service.service [-] clients_aodh.key_file = None log_opt_values /usr/lib/python3/dist-packages/oslo_config/cfg.py:2609
2025-06-19 00:38:52.376 38695 DEBUG oslo_service.service [-] clients_barbican.ca_file = None log_opt_values /usr/lib/python3/dist-packages/oslo_config/cfg.py:2609
2025-06-19 00:38:52.376 38695 DEBUG oslo_service.service [-] clients_barbican.cert_file = None log_opt_values /usr/lib/python3/dist-packages/oslo_config/cfg.py:2609
2025-06-19 00:38:52.376 38695 DEBUG oslo_service.service [-] clients_barbican.endpoint_type = None log_opt_values /usr/lib/python3/dist-packages/oslo_config/cfg.py:2609
2025-06-19 00:38:52.376 38695 DEBUG oslo_service.service [-] clients_barbican.insecure = None log_opt_values /usr/lib/python3/dist-packages/oslo_config/cfg.py:2609
2025-06-19 00:38:52.376 38695 DEBUG oslo_service.service [-] clients_barbican.key_file = None log_opt_values /usr/lib/python3/dist-packages/oslo_config/cfg.py:2609
2025-06-19 00:38:52.376 38695 DEBUG oslo_service.service [-] clients_cinder.ca_file = None log_opt_values /usr/lib/python3/dist-packages/oslo_config/cfg.py:2609
2025-06-19 00:38:52.376 38695 DEBUG oslo_service.service [-] clients_cinder.cert_file = None log_opt_values /usr/lib/python3/dist-packages/oslo_config/cfg.py:2609
2025-06-19 00:38:52.376 38695 DEBUG oslo_service.service [-] clients_cinder.endpoint_type = None log_opt_values /usr/lib/python3/dist-packages/oslo_config/cfg.py:2609
2025-06-19 00:38:52.376 38695 DEBUG oslo_service.service [-] clients_cinder.http_log_debug = False log_opt_values /usr/lib/python3/dist-packages/oslo_config/cfg.py:2609
2025-06-19 00:38:52.377 38695 DEBUG oslo_service.service [-] clients_cinder.insecure = None log_opt_values /usr/lib/python3/dist-packages/oslo_config/cfg.py:2609
2025-06-19 00:38:52.377 38695 DEBUG oslo_service.service [-] clients_cinder.key_file = None log_opt_values /usr/lib/python3/dist-packages/oslo_config/cfg.py:2609
2025-06-19 00:38:52.377 38695 DEBUG oslo_service.service [-] clients_designate.ca_file = None log_opt_values /usr/lib/python3/dist-packages/oslo_config/cfg.py:2609
2025-06-19 00:38:52.377 38695 DEBUG oslo_service.service [-] clients_designate.cert_file = None log_opt_values /usr/lib/python3/dist-packages/oslo_config/cfg.py:2609
2025-06-19 00:38:52.377 38695 DEBUG oslo_service.service [-] clients_designate.endpoint_type = None log_opt_values /usr/lib/python3/dist-packages/oslo_config/cfg.py:2609
2025-06-19 00:38:52.377 38695 DEBUG oslo_service.service [-] clients_designate.insecure = None log_opt_values /usr/lib/python3/dist-packages/oslo_config/cfg.py:2609
2025-06-19 00:38:52.377 38695 DEBUG oslo_service.service [-] clients_designate.key_file = None log_opt_values /usr/lib/python3/dist-packages/oslo_config/cfg.py:2609
2025-06-19 00:38:52.377 38695 DEBUG oslo_service.service [-] clients_glance.ca_file = None log_opt_values /usr/lib/python3/dist-packages/oslo_config/cfg.py:2609
2025-06-19 00:38:52.377 38695 DEBUG oslo_service.service [-] clients_glance.cert_file = None log_opt_values /usr/lib/python3/dist-packages/oslo_config/cfg.py:2609
2025-06-19 00:38:52.377 38695 DEBUG oslo_service.service [-] clients_glance.endpoint_type = None log_opt_values /usr/lib/python3/dist-packages/oslo_config/cfg.py:2609
2025-06-19 00:38:52.378 38695 DEBUG oslo_service.service [-] clients_glance.insecure = None log_opt_values /usr/lib/python3/dist-packages/oslo_config/cfg.py:2609
2025-06-19 00:38:52.378 38695 DEBUG oslo_service.service [-] clients_glance.key_file = None log_opt_values /usr/lib/python3/dist-packages/oslo_config/cfg.py:2609
2025-06-19 00:38:52.378 38695 DEBUG oslo_service.service [-] clients_heat.ca_file = None log_opt_values /usr/lib/python3/dist-packages/oslo_config/cfg.py:2609
2025-06-19 00:38:52.378 38695 DEBUG oslo_service.service [-] clients_heat.cert_file = None log_opt_values /usr/lib/python3/dist-packages/oslo_config/cfg.py:2609
2025-06-19 00:38:52.378 38695 DEBUG oslo_service.service [-] clients_heat.endpoint_type = None log_opt_values /usr/lib/python3/dist-packages/oslo_config/cfg.py:2609
2025-06-19 00:38:52.378 38695 DEBUG oslo_service.service [-] clients_heat.insecure = None log_opt_values /usr/lib/python3/dist-packages/oslo_config/cfg.py:2609
2025-06-19 00:38:52.378 38695 DEBUG oslo_service.service [-] clients_heat.key_file = None log_opt_values /usr/lib/python3/dist-packages/oslo_config/cfg.py:2609
2025-06-19 00:38:52.378 38695 DEBUG oslo_service.service [-] clients_heat.url = log_opt_values /usr/lib/python3/dist-packages/oslo_config/cfg.py:2609
2025-06-19 00:38:52.378 38695 DEBUG oslo_service.service [-] clients_keystone.auth_uri = http://252.22.103.164:5050 log_opt_values /usr/lib/python3/dist-packages/oslo_config/cfg.py:2609
2025-06-19 00:38:52.379 38695 DEBUG oslo_service.service [-] clients_keystone.ca_file = None log_opt_values /usr/lib/python3/dist-packages/oslo_config/cfg.py:2609
2025-06-19 00:38:52.379 38695 DEBUG oslo_service.service [-] clients_keystone.cert_file = None log_opt_values /usr/lib/python3/dist-packages/oslo_config/cfg.py:2609
2025-06-19 00:38:52.379 38695 DEBUG oslo_service.service [-] clients_keystone.endpoint_type = None log_opt_values /usr/lib/python3/dist-packages/oslo_config/cfg.py:2609
2025-06-19 00:38:52.379 38695 DEBUG oslo_service.service [-] clients_keystone.insecure = None log_opt_values /usr/lib/python3/dist-packages/oslo_config/cfg.py:2609
2025-06-19 00:38:52.379 38695 DEBUG oslo_service.service [-] clients_keystone.key_file = None log_opt_values /usr/lib/python3/dist-packages/oslo_config/cfg.py:2609
2025-06-19 00:38:52.379 38695 DEBUG oslo_service.service [-] clients_magnum.ca_file = None log_opt_values /usr/lib/python3/dist-packages/oslo_config/cfg.py:2609
2025-06-19 00:38:52.379 38695 DEBUG oslo_service.service [-] clients_magnum.cert_file = None log_opt_values /usr/lib/python3/dist-packages/oslo_config/cfg.py:2609
2025-06-19 00:38:52.379 38695 DEBUG oslo_service.service [-] clients_magnum.endpoint_type = None log_opt_values /usr/lib/python3/dist-packages/oslo_config/cfg.py:2609
2025-06-19 00:38:52.379 38695 DEBUG oslo_service.service [-] clients_magnum.insecure = None log_opt_values /usr/lib/python3/dist-packages/oslo_config/cfg.py:2609
2025-06-19 00:38:52.379 38695 DEBUG oslo_service.service [-] clients_magnum.key_file = None log_opt_values /usr/lib/python3/dist-packages/oslo_config/cfg.py:2609
2025-06-19 00:38:52.380 38695 DEBUG oslo_service.service [-] clients_manila.ca_file = None log_opt_values /usr/lib/python3/dist-packages/oslo_config/cfg.py:2609
2025-06-19 00:38:52.380 38695 DEBUG oslo_service.service [-] clients_manila.cert_file = None log_opt_values /usr/lib/python3/dist-packages/oslo_config/cfg.py:2609
2025-06-19 00:38:52.380 38695 DEBUG oslo_service.service [-] clients_manila.endpoint_type = None log_opt_values /usr/lib/python3/dist-packages/oslo_config/cfg.py:2609
2025-06-19 00:38:52.380 38695 DEBUG oslo_service.service [-] clients_manila.insecure = None log_opt_values /usr/lib/python3/dist-packages/oslo_config/cfg.py:2609
2025-06-19 00:38:52.380 38915 INFO heat.engine.worker [-] Starting engine_worker (1.4) in engine 6cdf0dab-d67e-468f-bfa3-42bf66f436e3.
2025-06-19 00:38:52.380 38695 DEBUG oslo_service.service [-] clients_manila.key_file = None log_opt_values /usr/lib/python3/dist-packages/oslo_config/cfg.py:2609
2025-06-19 00:38:52.380 38695 DEBUG oslo_service.service [-] clients_mistral.ca_file = None log_opt_values /usr/lib/python3/dist-packages/oslo_config/cfg.py:2609
2025-06-19 00:38:52.380 38695 DEBUG oslo_service.service [-] clients_mistral.cert_file = None log_opt_values /usr/lib/python3/dist-packages/oslo_config/cfg.py:2609
2025-06-19 00:38:52.380 38695 DEBUG oslo_service.service [-] clients_mistral.endpoint_type = None log_opt_values /usr/lib/python3/dist-packages/oslo_config/cfg.py:2609
2025-06-19 00:38:52.380 38695 DEBUG oslo_service.service [-] clients_mistral.insecure = None log_opt_values /usr/lib/python3/dist-packages/oslo_config/cfg.py:2609
2025-06-19 00:38:52.381 38695 DEBUG oslo_service.service [-] clients_mistral.key_file = None log_opt_values /usr/lib/python3/dist-packages/oslo_config/cfg.py:2609
2025-06-19 00:38:52.381 38695 DEBUG oslo_service.service [-] clients_monasca.ca_file = None log_opt_values /usr/lib/python3/dist-packages/oslo_config/cfg.py:2609
2025-06-19 00:38:52.381 38695 DEBUG oslo_service.service [-] clients_monasca.cert_file = None log_opt_values /usr/lib/python3/dist-packages/oslo_config/cfg.py:2609
2025-06-19 00:38:52.381 38695 DEBUG oslo_service.service [-] clients_monasca.endpoint_type = None log_opt_values /usr/lib/python3/dist-packages/oslo_config/cfg.py:2609
2025-06-19 00:38:52.381 38916 INFO heat.engine.worker [-] Starting engine_worker (1.4) in engine adb1c96b-b529-435e-9e22-99c29fa31135.
2025-06-19 00:38:52.381 38695 DEBUG oslo_service.service [-] clients_monasca.insecure = None log_opt_values /usr/lib/python3/dist-packages/oslo_config/cfg.py:2609
2025-06-19 00:38:52.381 38695 DEBUG oslo_service.service [-] clients_monasca.key_file = None log_opt_values /usr/lib/python3/dist-packages/oslo_config/cfg.py:2609
2025-06-19 00:38:52.381 38695 DEBUG oslo_service.service [-] clients_neutron.ca_file = None log_opt_values /usr/lib/python3/dist-packages/oslo_config/cfg.py:2609
2025-06-19 00:38:52.381 38695 DEBUG oslo_service.service [-] clients_neutron.cert_file = None log_opt_values /usr/lib/python3/dist-packages/oslo_config/cfg.py:2609
2025-06-19 00:38:52.381 38695 DEBUG oslo_service.service [-] clients_neutron.endpoint_type = None log_opt_values /usr/lib/python3/dist-packages/oslo_config/cfg.py:2609
2025-06-19 00:38:52.381 38695 DEBUG oslo_service.service [-] clients_neutron.insecure = None log_opt_values /usr/lib/python3/dist-packages/oslo_config/cfg.py:2609
2025-06-19 00:38:52.382 38695 DEBUG oslo_service.service [-] clients_neutron.key_file = None log_opt_values /usr/lib/python3/dist-packages/oslo_config/cfg.py:2609
2025-06-19 00:38:52.382 38695 DEBUG oslo_service.service [-] clients_nova.ca_file = None log_opt_values /usr/lib/python3/dist-packages/oslo_config/cfg.py:2609
2025-06-19 00:38:52.382 38695 DEBUG oslo_service.service [-] clients_nova.cert_file = None log_opt_values /usr/lib/python3/dist-packages/oslo_config/cfg.py:2609
2025-06-19 00:38:52.382 38695 DEBUG oslo_service.service [-] clients_nova.endpoint_type = None log_opt_values /usr/lib/python3/dist-packages/oslo_config/cfg.py:2609
2025-06-19 00:38:52.382 38695 DEBUG oslo_service.service [-] clients_nova.http_log_debug = False log_opt_values /usr/lib/python3/dist-packages/oslo_config/cfg.py:2609
2025-06-19 00:38:52.382 38695 DEBUG oslo_service.service [-] clients_nova.insecure = None log_opt_values /usr/lib/python3/dist-packages/oslo_config/cfg.py:2609
2025-06-19 00:38:52.382 38695 DEBUG oslo_service.service [-] clients_nova.key_file = None log_opt_values /usr/lib/python3/dist-packages/oslo_config/cfg.py:2609
2025-06-19 00:38:52.382 38695 DEBUG oslo_service.service [-] clients_octavia.ca_file = None log_opt_values /usr/lib/python3/dist-packages/oslo_config/cfg.py:2609
2025-06-19 00:38:52.382 38695 DEBUG oslo_service.service [-] clients_octavia.cert_file = None log_opt_values /usr/lib/python3/dist-packages/oslo_config/cfg.py:2609
2025-06-19 00:38:52.383 38695 DEBUG oslo_service.service [-] clients_octavia.endpoint_type = None log_opt_values /usr/lib/python3/dist-packages/oslo_config/cfg.py:2609
2025-06-19 00:38:52.383 38695 DEBUG oslo_service.service [-] clients_octavia.insecure = None log_opt_values /usr/lib/python3/dist-packages/oslo_config/cfg.py:2609
2025-06-19 00:38:52.383 38695 DEBUG oslo_service.service [-] clients_octavia.key_file = None log_opt_values /usr/lib/python3/dist-packages/oslo_config/cfg.py:2609
2025-06-19 00:38:52.383 38695 DEBUG oslo_service.service [-] clients_sahara.ca_file = None log_opt_values /usr/lib/python3/dist-packages/oslo_config/cfg.py:2609
2025-06-19 00:38:52.383 38695 DEBUG oslo_service.service [-] clients_sahara.cert_file = None log_opt_values /usr/lib/python3/dist-packages/oslo_config/cfg.py:2609
2025-06-19 00:38:52.383 38695 DEBUG oslo_service.service [-] clients_sahara.endpoint_type = None log_opt_values /usr/lib/python3/dist-packages/oslo_config/cfg.py:2609
2025-06-19 00:38:52.383 38695 DEBUG oslo_service.service [-] clients_sahara.insecure = None log_opt_values /usr/lib/python3/dist-packages/oslo_config/cfg.py:2609
2025-06-19 00:38:52.383 38695 DEBUG oslo_service.service [-] clients_sahara.key_file = None log_opt_values /usr/lib/python3/dist-packages/oslo_config/cfg.py:2609
2025-06-19 00:38:52.383 38695 DEBUG oslo_service.service [-] clients_senlin.ca_file = None log_opt_values /usr/lib/python3/dist-packages/oslo_config/cfg.py:2609
2025-06-19 00:38:52.383 38695 DEBUG oslo_service.service [-] clients_senlin.cert_file = None log_opt_values /usr/lib/python3/dist-packages/oslo_config/cfg.py:2609
2025-06-19 00:38:52.384 38695 DEBUG oslo_service.service [-] clients_senlin.endpoint_type = None log_opt_values /usr/lib/python3/dist-packages/oslo_config/cfg.py:2609
2025-06-19 00:38:52.384 38695 DEBUG oslo_service.service [-] clients_senlin.insecure = None log_opt_values /usr/lib/python3/dist-packages/oslo_config/cfg.py:2609
2025-06-19 00:38:52.384 38695 DEBUG oslo_service.service [-] clients_senlin.key_file = None log_opt_values /usr/lib/python3/dist-packages/oslo_config/cfg.py:2609
2025-06-19 00:38:52.384 38695 DEBUG oslo_service.service [-] clients_swift.ca_file = None log_opt_values /usr/lib/python3/dist-packages/oslo_config/cfg.py:2609
2025-06-19 00:38:52.384 38695 DEBUG oslo_service.service [-] clients_swift.cert_file = None log_opt_values /usr/lib/python3/dist-packages/oslo_config/cfg.py:2609
2025-06-19 00:38:52.384 38695 DEBUG oslo_service.service [-] clients_swift.endpoint_type = None log_opt_values /usr/lib/python3/dist-packages/oslo_config/cfg.py:2609
2025-06-19 00:38:52.384 38695 DEBUG oslo_service.service [-] clients_swift.insecure = None log_opt_values /usr/lib/python3/dist-packages/oslo_config/cfg.py:2609
2025-06-19 00:38:52.384 38695 DEBUG oslo_service.service [-] clients_swift.key_file = None log_opt_values /usr/lib/python3/dist-packages/oslo_config/cfg.py:2609
2025-06-19 00:38:52.384 38695 DEBUG oslo_service.service [-] clients_trove.ca_file = None log_opt_values /usr/lib/python3/dist-packages/oslo_config/cfg.py:2609
2025-06-19 00:38:52.384 38695 DEBUG oslo_service.service [-] clients_trove.cert_file = None log_opt_values /usr/lib/python3/dist-packages/oslo_config/cfg.py:2609
2025-06-19 00:38:52.385 38695 DEBUG oslo_service.service [-] clients_trove.endpoint_type = None log_opt_values /usr/lib/python3/dist-packages/oslo_config/cfg.py:2609
2025-06-19 00:38:52.385 38695 DEBUG oslo_service.service [-] clients_trove.insecure = None log_opt_values /usr/lib/python3/dist-packages/oslo_config/cfg.py:2609
2025-06-19 00:38:52.385 38695 DEBUG oslo_service.service [-] clients_trove.key_file = None log_opt_values /usr/lib/python3/dist-packages/oslo_config/cfg.py:2609
2025-06-19 00:38:52.385 38695 DEBUG oslo_service.service [-] clients_vitrage.ca_file = None log_opt_values /usr/lib/python3/dist-packages/oslo_config/cfg.py:2609
2025-06-19 00:38:52.385 38695 DEBUG oslo_service.service [-] clients_vitrage.cert_file = None log_opt_values /usr/lib/python3/dist-packages/oslo_config/cfg.py:2609
2025-06-19 00:38:52.385 38695 DEBUG oslo_service.service [-] clients_vitrage.endpoint_type = None log_opt_values /usr/lib/python3/dist-packages/oslo_config/cfg.py:2609
2025-06-19 00:38:52.385 38695 DEBUG oslo_service.service [-] clients_vitrage.insecure = None log_opt_values /usr/lib/python3/dist-packages/oslo_config/cfg.py:2609
2025-06-19 00:38:52.385 38695 DEBUG oslo_service.service [-] clients_vitrage.key_file = None log_opt_values /usr/lib/python3/dist-packages/oslo_config/cfg.py:2609
2025-06-19 00:38:52.385 38695 DEBUG oslo_service.service [-] clients_zaqar.ca_file = None log_opt_values /usr/lib/python3/dist-packages/oslo_config/cfg.py:2609
2025-06-19 00:38:52.385 38695 DEBUG oslo_service.service [-] clients_zaqar.cert_file = None log_opt_values /usr/lib/python3/dist-packages/oslo_config/cfg.py:2609
2025-06-19 00:38:52.386 38695 DEBUG oslo_service.service [-] clients_zaqar.endpoint_type = None log_opt_values /usr/lib/python3/dist-packages/oslo_config/cfg.py:2609
2025-06-19 00:38:52.386 38695 DEBUG oslo_service.service [-] clients_zaqar.insecure = None log_opt_values /usr/lib/python3/dist-packages/oslo_config/cfg.py:2609
2025-06-19 00:38:52.386 38695 DEBUG oslo_service.service [-] clients_zaqar.key_file = None log_opt_values /usr/lib/python3/dist-packages/oslo_config/cfg.py:2609
2025-06-19 00:38:52.386 38695 DEBUG oslo_service.service [-] database.backend = sqlalchemy log_opt_values /usr/lib/python3/dist-packages/oslo_config/cfg.py:2609
2025-06-19 00:38:52.386 38695 DEBUG oslo_service.service [-] database.connection = **** log_opt_values /usr/lib/python3/dist-packages/oslo_config/cfg.py:2609
2025-06-19 00:38:52.386 38695 DEBUG oslo_service.service [-] database.connection_debug = 0 log_opt_values /usr/lib/python3/dist-packages/oslo_config/cfg.py:2609
2025-06-19 00:38:52.386 38695 DEBUG oslo_service.service [-] database.connection_parameters = log_opt_values /usr/lib/python3/dist-packages/oslo_config/cfg.py:2609
2025-06-19 00:38:52.386 38695 DEBUG oslo_service.service [-] database.connection_recycle_time = 3600 log_opt_values /usr/lib/python3/dist-packages/oslo_config/cfg.py:2609
2025-06-19 00:38:52.386 38695 DEBUG oslo_service.service [-] database.connection_trace = False log_opt_values /usr/lib/python3/dist-packages/oslo_config/cfg.py:2609
2025-06-19 00:38:52.387 38695 DEBUG oslo_service.service [-] database.db_inc_retry_interval = True log_opt_values /usr/lib/python3/dist-packages/oslo_config/cfg.py:2609
2025-06-19 00:38:52.387 38695 DEBUG oslo_service.service [-] database.db_max_retries = 20 log_opt_values /usr/lib/python3/dist-packages/oslo_config/cfg.py:2609
2025-06-19 00:38:52.387 38695 DEBUG oslo_service.service [-] database.db_max_retry_interval = 10 log_opt_values /usr/lib/python3/dist-packages/oslo_config/cfg.py:2609
2025-06-19 00:38:52.387 38695 DEBUG oslo_service.service [-] database.db_retry_interval = 1 log_opt_values /usr/lib/python3/dist-packages/oslo_config/cfg.py:2609
2025-06-19 00:38:52.387 38695 DEBUG oslo_service.service [-] database.max_overflow = 50 log_opt_values /usr/lib/python3/dist-packages/oslo_config/cfg.py:2609
2025-06-19 00:38:52.387 38695 DEBUG oslo_service.service [-] database.max_pool_size = 5 log_opt_values /usr/lib/python3/dist-packages/oslo_config/cfg.py:2609
2025-06-19 00:38:52.387 38695 DEBUG oslo_service.service [-] database.max_retries = 10 log_opt_values /usr/lib/python3/dist-packages/oslo_config/cfg.py:2609
2025-06-19 00:38:52.387 38695 DEBUG oslo_service.service [-] database.mysql_enable_ndb = False log_opt_values /usr/lib/python3/dist-packages/oslo_config/cfg.py:2609
2025-06-19 00:38:52.387 38695 DEBUG oslo_service.service [-] database.mysql_sql_mode = TRADITIONAL log_opt_values /usr/lib/python3/dist-packages/oslo_config/cfg.py:2609
2025-06-19 00:38:52.388 38695 DEBUG oslo_service.service [-] database.pool_timeout = None log_opt_values /usr/lib/python3/dist-packages/oslo_config/cfg.py:2609
2025-06-19 00:38:52.388 38695 DEBUG oslo_service.service [-] database.retry_interval = 10 log_opt_values /usr/lib/python3/dist-packages/oslo_config/cfg.py:2609
2025-06-19 00:38:52.388 38695 DEBUG oslo_service.service [-] database.slave_connection = **** log_opt_values /usr/lib/python3/dist-packages/oslo_config/cfg.py:2609
2025-06-19 00:38:52.388 38695 DEBUG oslo_service.service [-] database.sqlite_synchronous = True log_opt_values /usr/lib/python3/dist-packages/oslo_config/cfg.py:2609
2025-06-19 00:38:52.388 38695 DEBUG oslo_service.service [-] database.use_db_reconnect = False log_opt_values /usr/lib/python3/dist-packages/oslo_config/cfg.py:2609
2025-06-19 00:38:52.388 38695 DEBUG oslo_service.service [-] oslo_messaging_metrics.metrics_buffer_size = 1000 log_opt_values /usr/lib/python3/dist-packages/oslo_config/cfg.py:2609
2025-06-19 00:38:52.388 38695 DEBUG oslo_service.service [-] oslo_messaging_metrics.metrics_enabled = False log_opt_values /usr/lib/python3/dist-packages/oslo_config/cfg.py:2609
2025-06-19 00:38:52.388 38695 DEBUG oslo_service.service [-] oslo_messaging_metrics.metrics_process_name = log_opt_values /usr/lib/python3/dist-packages/oslo_config/cfg.py:2609
2025-06-19 00:38:52.388 38695 DEBUG oslo_service.service [-] oslo_messaging_metrics.metrics_socket_file = /var/tmp/metrics_collector.sock log_opt_values /usr/lib/python3/dist-packages/oslo_config/cfg.py:2609
2025-06-19 00:38:52.389 38695 DEBUG oslo_service.service [-] oslo_messaging_metrics.metrics_thread_stop_timeout = 10 log_opt_values /usr/lib/python3/dist-packages/oslo_config/cfg.py:2609
2025-06-19 00:38:52.389 38695 DEBUG oslo_service.service [-] oslo_policy.enforce_new_defaults = False log_opt_values /usr/lib/python3/dist-packages/oslo_config/cfg.py:2609
2025-06-19 00:38:52.389 38695 DEBUG oslo_service.service [-] oslo_policy.enforce_scope = False log_opt_values /usr/lib/python3/dist-packages/oslo_config/cfg.py:2609
2025-06-19 00:38:52.389 38695 DEBUG oslo_service.service [-] oslo_policy.policy_default_rule = default log_opt_values /usr/lib/python3/dist-packages/oslo_config/cfg.py:2609
2025-06-19 00:38:52.389 38695 DEBUG oslo_service.service [-] oslo_policy.policy_dirs = ['policy.d'] log_opt_values /usr/lib/python3/dist-packages/oslo_config/cfg.py:2609
2025-06-19 00:38:52.389 38695 DEBUG oslo_service.service [-] oslo_policy.policy_file = policy.yaml log_opt_values /usr/lib/python3/dist-packages/oslo_config/cfg.py:2609
2025-06-19 00:38:52.389 38695 DEBUG oslo_service.service [-] oslo_policy.remote_content_type = application/x-www-form-urlencoded log_opt_values /usr/lib/python3/dist-packages/oslo_config/cfg.py:2609
2025-06-19 00:38:52.389 38695 DEBUG oslo_service.service [-] oslo_policy.remote_ssl_ca_crt_file = None log_opt_values /usr/lib/python3/dist-packages/oslo_config/cfg.py:2609
2025-06-19 00:38:52.390 38695 DEBUG oslo_service.service [-] oslo_policy.remote_ssl_client_crt_file = None log_opt_values /usr/lib/python3/dist-packages/oslo_config/cfg.py:2609
2025-06-19 00:38:52.390 38695 DEBUG oslo_service.service [-] oslo_policy.remote_ssl_client_key_file = None log_opt_values /usr/lib/python3/dist-packages/oslo_config/cfg.py:2609
2025-06-19 00:38:52.390 38695 DEBUG oslo_service.service [-] oslo_policy.remote_ssl_verify_server_crt = False log_opt_values /usr/lib/python3/dist-packages/oslo_config/cfg.py:2609
2025-06-19 00:38:52.390 38695 DEBUG oslo_service.service [-] trustee.auth_section = None log_opt_values /usr/lib/python3/dist-packages/oslo_config/cfg.py:2609
2025-06-19 00:38:52.390 38917 INFO heat.engine.worker [-] Starting engine_worker (1.4) in engine df54054c-3580-4684-89de-7c674ddeb75e.
2025-06-19 00:38:52.390 38695 WARNING oslo_config.cfg [-] Deprecated: Option "auth_plugin" from group "trustee" is deprecated. Use option "auth_type" from group "trustee".
2025-06-19 00:38:52.390 38695 DEBUG oslo_service.service [-] trustee.auth_type = password log_opt_values /usr/lib/python3/dist-packages/oslo_config/cfg.py:2609
2025-06-19 00:38:52.391 38695 DEBUG oslo_service.service [-] oslo_versionedobjects.fatal_exception_format_errors = False log_opt_values /usr/lib/python3/dist-packages/oslo_config/cfg.py:2609
2025-06-19 00:38:52.391 38695 DEBUG oslo_service.service [-] oslo_messaging_rabbit.amqp_auto_delete = False log_opt_values /usr/lib/python3/dist-packages/oslo_config/cfg.py:2609
2025-06-19 00:38:52.391 38695 DEBUG oslo_service.service [-] oslo_messaging_rabbit.amqp_durable_queues = False log_opt_values /usr/lib/python3/dist-packages/oslo_config/cfg.py:2609
2025-06-19 00:38:52.391 38695 DEBUG oslo_service.service [-] oslo_messaging_rabbit.conn_pool_min_size = 2 log_opt_values /usr/lib/python3/dist-packages/oslo_config/cfg.py:2609
2025-06-19 00:38:52.391 38695 DEBUG oslo_service.service [-] oslo_messaging_rabbit.conn_pool_ttl = 1200 log_opt_values /usr/lib/python3/dist-packages/oslo_config/cfg.py:2609
2025-06-19 00:38:52.391 38695 DEBUG oslo_service.service [-] oslo_messaging_rabbit.direct_mandatory_flag = True log_opt_values /usr/lib/python3/dist-packages/oslo_config/cfg.py:2609
2025-06-19 00:38:52.391 38695 DEBUG oslo_service.service [-] oslo_messaging_rabbit.enable_cancel_on_failover = False log_opt_values /usr/lib/python3/dist-packages/oslo_config/cfg.py:2609
2025-06-19 00:38:52.391 38695 DEBUG oslo_service.service [-] oslo_messaging_rabbit.heartbeat_in_pthread = False log_opt_values /usr/lib/python3/dist-packages/oslo_config/cfg.py:2609
2025-06-19 00:38:52.391 38695 DEBUG oslo_service.service [-] oslo_messaging_rabbit.heartbeat_rate = 2 log_opt_values /usr/lib/python3/dist-packages/oslo_config/cfg.py:2609
2025-06-19 00:38:52.392 38695 DEBUG oslo_service.service [-] oslo_messaging_rabbit.heartbeat_timeout_threshold = 60 log_opt_values /usr/lib/python3/dist-packages/oslo_config/cfg.py:2609
2025-06-19 00:38:52.392 38695 DEBUG oslo_service.service [-] oslo_messaging_rabbit.kombu_compression = None log_opt_values /usr/lib/python3/dist-packages/oslo_config/cfg.py:2609
2025-06-19 00:38:52.392 38695 DEBUG oslo_service.service [-] oslo_messaging_rabbit.kombu_failover_strategy = round-robin log_opt_values /usr/lib/python3/dist-packages/oslo_config/cfg.py:2609
2025-06-19 00:38:52.392 38695 DEBUG oslo_service.service [-] oslo_messaging_rabbit.kombu_missing_consumer_retry_timeout = 60 log_opt_values /usr/lib/python3/dist-packages/oslo_config/cfg.py:2609
2025-06-19 00:38:52.392 38695 DEBUG oslo_service.service [-] oslo_messaging_rabbit.kombu_reconnect_delay = 1.0 log_opt_values /usr/lib/python3/dist-packages/oslo_config/cfg.py:2609
2025-06-19 00:38:52.392 38695 DEBUG oslo_service.service [-] oslo_messaging_rabbit.rabbit_ha_queues = False log_opt_values /usr/lib/python3/dist-packages/oslo_config/cfg.py:2609
2025-06-19 00:38:52.392 38695 DEBUG oslo_service.service [-] oslo_messaging_rabbit.rabbit_interval_max = 30 log_opt_values /usr/lib/python3/dist-packages/oslo_config/cfg.py:2609
2025-06-19 00:38:52.392 38695 DEBUG oslo_service.service [-] oslo_messaging_rabbit.rabbit_login_method = AMQPLAIN log_opt_values /usr/lib/python3/dist-packages/oslo_config/cfg.py:2609
2025-06-19 00:38:52.392 38695 DEBUG oslo_service.service [-] oslo_messaging_rabbit.rabbit_qos_prefetch_count = 0 log_opt_values /usr/lib/python3/dist-packages/oslo_config/cfg.py:2609
2025-06-19 00:38:52.393 38695 DEBUG oslo_service.service [-] oslo_messaging_rabbit.rabbit_quorum_queue = False log_opt_values /usr/lib/python3/dist-packages/oslo_config/cfg.py:2609
2025-06-19 00:38:52.393 38695 DEBUG oslo_service.service [-] oslo_messaging_rabbit.rabbit_retry_backoff = 2 log_opt_values /usr/lib/python3/dist-packages/oslo_config/cfg.py:2609
2025-06-19 00:38:52.393 38695 DEBUG oslo_service.service [-] oslo_messaging_rabbit.rabbit_retry_interval = 1 log_opt_values /usr/lib/python3/dist-packages/oslo_config/cfg.py:2609
2025-06-19 00:38:52.393 38695 DEBUG oslo_service.service [-] oslo_messaging_rabbit.rabbit_transient_queues_ttl = 1800 log_opt_values /usr/lib/python3/dist-packages/oslo_config/cfg.py:2609
2025-06-19 00:38:52.393 38695 DEBUG oslo_service.service [-] oslo_messaging_rabbit.rpc_conn_pool_size = 30 log_opt_values /usr/lib/python3/dist-packages/oslo_config/cfg.py:2609
2025-06-19 00:38:52.393 38695 DEBUG oslo_service.service [-] oslo_messaging_rabbit.ssl = False log_opt_values /usr/lib/python3/dist-packages/oslo_config/cfg.py:2609
2025-06-19 00:38:52.393 38695 DEBUG oslo_service.service [-] oslo_messaging_rabbit.ssl_ca_file = log_opt_values /usr/lib/python3/dist-packages/oslo_config/cfg.py:2609
2025-06-19 00:38:52.393 38695 DEBUG oslo_service.service [-] oslo_messaging_rabbit.ssl_cert_file = log_opt_values /usr/lib/python3/dist-packages/oslo_config/cfg.py:2609
2025-06-19 00:38:52.393 38695 DEBUG oslo_service.service [-] oslo_messaging_rabbit.ssl_key_file = log_opt_values /usr/lib/python3/dist-packages/oslo_config/cfg.py:2609
2025-06-19 00:38:52.394 38695 DEBUG oslo_service.service [-] oslo_messaging_rabbit.ssl_version = log_opt_values /usr/lib/python3/dist-packages/oslo_config/cfg.py:2609
2025-06-19 00:38:52.394 38695 DEBUG oslo_service.service [-] oslo_messaging_notifications.driver = [] log_opt_values /usr/lib/python3/dist-packages/oslo_config/cfg.py:2609
2025-06-19 00:38:52.394 38695 DEBUG oslo_service.service [-] oslo_messaging_notifications.retry = -1 log_opt_values /usr/lib/python3/dist-packages/oslo_config/cfg.py:2609
2025-06-19 00:38:52.394 38695 DEBUG oslo_service.service [-] oslo_messaging_notifications.topics = ['notifications'] log_opt_values /usr/lib/python3/dist-packages/oslo_config/cfg.py:2609
2025-06-19 00:38:52.394 38695 DEBUG oslo_service.service [-] oslo_messaging_notifications.transport_url = **** log_opt_values /usr/lib/python3/dist-packages/oslo_config/cfg.py:2609
2025-06-19 00:38:52.394 38695 DEBUG oslo_service.service [-] cache.backend = dogpile.cache.null log_opt_values /usr/lib/python3/dist-packages/oslo_config/cfg.py:2609
2025-06-19 00:38:52.394 38695 DEBUG oslo_service.service [-] cache.backend_argument = **** log_opt_values /usr/lib/python3/dist-packages/oslo_config/cfg.py:2609
2025-06-19 00:38:52.394 38695 DEBUG oslo_service.service [-] cache.config_prefix = cache.oslo log_opt_values /usr/lib/python3/dist-packages/oslo_config/cfg.py:2609
2025-06-19 00:38:52.394 38695 DEBUG oslo_service.service [-] cache.debug_cache_backend = False log_opt_values /usr/lib/python3/dist-packages/oslo_config/cfg.py:2609
2025-06-19 00:38:52.395 38695 DEBUG oslo_service.service [-] cache.enabled = False log_opt_values /usr/lib/python3/dist-packages/oslo_config/cfg.py:2609
2025-06-19 00:38:52.395 38695 DEBUG oslo_service.service [-] cache.expiration_time = 600 log_opt_values /usr/lib/python3/dist-packages/oslo_config/cfg.py:2609
2025-06-19 00:38:52.395 38695 DEBUG oslo_service.service [-] cache.memcache_dead_retry = 300 log_opt_values /usr/lib/python3/dist-packages/oslo_config/cfg.py:2609
2025-06-19 00:38:52.395 38695 DEBUG oslo_service.service [-] cache.memcache_pool_connection_get_timeout = 10 log_opt_values /usr/lib/python3/dist-packages/oslo_config/cfg.py:2609
2025-06-19 00:38:52.395 38695 DEBUG oslo_service.service [-] cache.memcache_pool_flush_on_reconnect = False log_opt_values /usr/lib/python3/dist-packages/oslo_config/cfg.py:2609
2025-06-19 00:38:52.395 38695 DEBUG oslo_service.service [-] cache.memcache_pool_maxsize = 10 log_opt_values /usr/lib/python3/dist-packages/oslo_config/cfg.py:2609
2025-06-19 00:38:52.395 38695 DEBUG oslo_service.service [-] cache.memcache_pool_unused_timeout = 60 log_opt_values /usr/lib/python3/dist-packages/oslo_config/cfg.py:2609
2025-06-19 00:38:52.395 38695 DEBUG oslo_service.service [-] cache.memcache_servers = ['localhost:11211'] log_opt_values /usr/lib/python3/dist-packages/oslo_config/cfg.py:2609
2025-06-19 00:38:52.395 38695 DEBUG oslo_service.service [-] cache.memcache_socket_timeout = 1.0 log_opt_values /usr/lib/python3/dist-packages/oslo_config/cfg.py:2609
2025-06-19 00:38:52.396 38695 DEBUG oslo_service.service [-] cache.proxies = [] log_opt_values /usr/lib/python3/dist-packages/oslo_config/cfg.py:2609
2025-06-19 00:38:52.396 38695 DEBUG oslo_service.service [-] cache.tls_allowed_ciphers = None log_opt_values /usr/lib/python3/dist-packages/oslo_config/cfg.py:2609
2025-06-19 00:38:52.396 38695 DEBUG oslo_service.service [-] cache.tls_cafile = None log_opt_values /usr/lib/python3/dist-packages/oslo_config/cfg.py:2609
2025-06-19 00:38:52.396 38695 DEBUG oslo_service.service [-] cache.tls_certfile = None log_opt_values /usr/lib/python3/dist-packages/oslo_config/cfg.py:2609
2025-06-19 00:38:52.396 38695 DEBUG oslo_service.service [-] cache.tls_enabled = False log_opt_values /usr/lib/python3/dist-packages/oslo_config/cfg.py:2609
2025-06-19 00:38:52.396 38695 DEBUG oslo_service.service [-] cache.tls_keyfile = None log_opt_values /usr/lib/python3/dist-packages/oslo_config/cfg.py:2609
2025-06-19 00:38:52.396 38695 DEBUG oslo_service.service [-] constraint_validation_cache.caching = True log_opt_values /usr/lib/python3/dist-packages/oslo_config/cfg.py:2609
2025-06-19 00:38:52.396 38695 DEBUG oslo_service.service [-] constraint_validation_cache.expiration_time = 60 log_opt_values /usr/lib/python3/dist-packages/oslo_config/cfg.py:2609
2025-06-19 00:38:52.396 38695 DEBUG oslo_service.service [-] service_extension_cache.caching = True log_opt_values /usr/lib/python3/dist-packages/oslo_config/cfg.py:2609
2025-06-19 00:38:52.397 38695 DEBUG oslo_service.service [-] service_extension_cache.expiration_time = 3600 log_opt_values /usr/lib/python3/dist-packages/oslo_config/cfg.py:2609
2025-06-19 00:38:52.397 38695 DEBUG oslo_service.service [-] resource_finder_cache.caching = True log_opt_values /usr/lib/python3/dist-packages/oslo_config/cfg.py:2609
2025-06-19 00:38:52.397 38695 DEBUG oslo_service.service [-] resource_finder_cache.expiration_time = 3600 log_opt_values /usr/lib/python3/dist-packages/oslo_config/cfg.py:2609
2025-06-19 00:38:52.397 38695 DEBUG oslo_service.service [-] yaql.limit_iterators = 200 log_opt_values /usr/lib/python3/dist-packages/oslo_config/cfg.py:2609
2025-06-19 00:38:52.397 38695 DEBUG oslo_service.service [-] yaql.memory_quota = 10000 log_opt_values /usr/lib/python3/dist-packages/oslo_config/cfg.py:2609
2025-06-19 00:38:52.397 38695 DEBUG oslo_service.service [-] ******************************************************************************** log_opt_values /usr/lib/python3/dist-packages/oslo_config/cfg.py:2613
2025-06-19 00:38:52.449 38916 DEBUG oslo_db.sqlalchemy.engines [req-eab7ad9a-92e3-4b14-9da5-291d383ce05a - - - - -] MySQL server mode set to STRICT_TRANS_TABLES,STRICT_ALL_TABLES,NO_ZERO_IN_DATE,NO_ZERO_DATE,ERROR_FOR_DIVISION_BY_ZERO,TRADITIONAL,NO_ENGINE_SUBSTITUTION _check_effective_sql_mode /usr/lib/python3/dist-packages/oslo_db/sqlalchemy/engines.py:314
2025-06-19 00:38:52.450 38914 DEBUG oslo_db.sqlalchemy.engines [req-f6b8562d-6ff5-4530-b235-88e5ebb3ceef - - - - -] MySQL server mode set to STRICT_TRANS_TABLES,STRICT_ALL_TABLES,NO_ZERO_IN_DATE,NO_ZERO_DATE,ERROR_FOR_DIVISION_BY_ZERO,TRADITIONAL,NO_ENGINE_SUBSTITUTION _check_effective_sql_mode /usr/lib/python3/dist-packages/oslo_db/sqlalchemy/engines.py:314
2025-06-19 00:38:52.454 38917 DEBUG oslo_db.sqlalchemy.engines [req-df124e3c-d4bb-4d6d-9439-27e6662acb4c - - - - -] MySQL server mode set to STRICT_TRANS_TABLES,STRICT_ALL_TABLES,NO_ZERO_IN_DATE,NO_ZERO_DATE,ERROR_FOR_DIVISION_BY_ZERO,TRADITIONAL,NO_ENGINE_SUBSTITUTION _check_effective_sql_mode /usr/lib/python3/dist-packages/oslo_db/sqlalchemy/engines.py:314
2025-06-19 00:38:52.456 38915 DEBUG oslo_db.sqlalchemy.engines [req-4a579914-5592-4c82-be49-5d495f26d2ad - - - - -] MySQL server mode set to STRICT_TRANS_TABLES,STRICT_ALL_TABLES,NO_ZERO_IN_DATE,NO_ZERO_DATE,ERROR_FOR_DIVISION_BY_ZERO,TRADITIONAL,NO_ENGINE_SUBSTITUTION _check_effective_sql_mode /usr/lib/python3/dist-packages/oslo_db/sqlalchemy/engines.py:314
2025-06-19 00:38:52.506 38916 DEBUG heat.engine.service [req-65d3ac99-c821-444c-ac58-0e1e63e14396 - - - - -] Service b9131e82-3ecb-42f3-9bd9-72141b367a8a is started service_manage_report /usr/lib/python3/dist-packages/heat/engine/service.py:2363
2025-06-19 00:38:52.515 38917 DEBUG heat.engine.service [req-bdcf6a4b-600a-491a-8a33-cdca0ac2b6db - - - - -] Service 18777f67-02ff-444c-8622-c85eae40f004 is started service_manage_report /usr/lib/python3/dist-packages/heat/engine/service.py:2363
2025-06-19 00:38:52.522 38916 DEBUG heat.engine.service [req-65d3ac99-c821-444c-ac58-0e1e63e14396 - - - - -] Service b9131e82-3ecb-42f3-9bd9-72141b367a8a is updated service_manage_report /usr/lib/python3/dist-packages/heat/engine/service.py:2370
2025-06-19 00:38:52.522 38914 DEBUG heat.engine.service [req-4f0e8644-874d-4421-9598-eafeb2838546 - - - - -] Service 0601fe34-ab6b-41eb-b155-91d03c7e05ee is started service_manage_report /usr/lib/python3/dist-packages/heat/engine/service.py:2363
2025-06-19 00:38:52.526 38917 DEBUG heat.engine.service [req-bdcf6a4b-600a-491a-8a33-cdca0ac2b6db - - - - -] Service 18777f67-02ff-444c-8622-c85eae40f004 is updated service_manage_report /usr/lib/python3/dist-packages/heat/engine/service.py:2370
2025-06-19 00:38:52.531 38915 DEBUG heat.engine.service [req-9f7665bc-f088-49e6-a9cd-ced220eda2aa - - - - -] Service 0db4f272-8cf3-4ced-bc85-e29f856a8636 is started service_manage_report /usr/lib/python3/dist-packages/heat/engine/service.py:2363
2025-06-19 00:38:52.535 38914 DEBUG heat.engine.service [req-4f0e8644-874d-4421-9598-eafeb2838546 - - - - -] Service 0601fe34-ab6b-41eb-b155-91d03c7e05ee is updated service_manage_report /usr/lib/python3/dist-packages/heat/engine/service.py:2370
2025-06-19 00:38:52.544 38915 DEBUG heat.engine.service [req-9f7665bc-f088-49e6-a9cd-ced220eda2aa - - - - -] Service 0db4f272-8cf3-4ced-bc85-e29f856a8636 is updated service_manage_report /usr/lib/python3/dist-packages/heat/engine/service.py:2370
2025-06-19 00:39:52.505 38916 DEBUG heat.engine.service [req-b7555bcb-cd6b-4080-8427-e3e2dfaaf5f9 - - - - -] Service b9131e82-3ecb-42f3-9bd9-72141b367a8a is updated service_manage_report /usr/lib/python3/dist-packages/heat/engine/service.py:2370
2025-06-19 00:39:52.512 38917 DEBUG heat.engine.service [req-b94f12fe-d454-4e7a-b639-23d29471c281 - - - - -] Service 18777f67-02ff-444c-8622-c85eae40f004 is updated service_manage_report /usr/lib/python3/dist-packages/heat/engine/service.py:2370
2025-06-19 00:39:52.519 38914 DEBUG heat.engine.service [req-39e79a8d-21d2-445e-a7ea-758c2a493c46 - - - - -] Service 0601fe34-ab6b-41eb-b155-91d03c7e05ee is updated service_manage_report /usr/lib/python3/dist-packages/heat/engine/service.py:2370
2025-06-19 00:39:52.526 38915 DEBUG heat.engine.service [req-4beea297-26dd-45c6-a83b-0beb9fe0ccbf - - - - -] Service 0db4f272-8cf3-4ced-bc85-e29f856a8636 is updated service_manage_report /usr/lib/python3/dist-packages/heat/engine/service.py:2370
2025-06-19 00:40:52.505 38917 DEBUG heat.engine.service [req-1c0d9046-4c22-4e3c-91e1-02f8b8c370aa - - - - -] Service 18777f67-02ff-444c-8622-c85eae40f004 is updated service_manage_report /usr/lib/python3/dist-packages/heat/engine/service.py:2370
2025-06-19 00:40:52.508 38916 DEBUG heat.engine.service [req-841b3673-1e54-40ca-8678-98579baa67db - - - - -] Service b9131e82-3ecb-42f3-9bd9-72141b367a8a is updated service_manage_report /usr/lib/python3/dist-packages/heat/engine/service.py:2370
2025-06-19 00:40:52.520 38914 DEBUG heat.engine.service [req-f564ec1b-78e0-4a39-96e2-50850be9d937 - - - - -] Service 0601fe34-ab6b-41eb-b155-91d03c7e05ee is updated service_manage_report /usr/lib/python3/dist-packages/heat/engine/service.py:2370
2025-06-19 00:40:52.528 38915 DEBUG heat.engine.service [req-3a2c8b0f-2642-4674-980c-07fd8ecd4af9 - - - - -] Service 0db4f272-8cf3-4ced-bc85-e29f856a8636 is updated service_manage_report /usr/lib/python3/dist-packages/heat/engine/service.py:2370
2025-06-19 00:41:52.509 38917 DEBUG heat.engine.service [req-6aae6002-0800-488c-a9f5-aa7bb5059795 - - - - -] Service 18777f67-02ff-444c-8622-c85eae40f004 is updated service_manage_report /usr/lib/python3/dist-packages/heat/engine/service.py:2370
2025-06-19 00:41:52.514 38916 DEBUG heat.engine.service [req-d0f8f107-ebce-4b46-8b2f-e2064349d4e0 - - - - -] Service b9131e82-3ecb-42f3-9bd9-72141b367a8a is updated service_manage_report /usr/lib/python3/dist-packages/heat/engine/service.py:2370
2025-06-19 00:41:52.522 38914 DEBUG heat.engine.service [req-d9aa0b24-1b60-4165-a7ab-6748ced2107f - - - - -] Service 0601fe34-ab6b-41eb-b155-91d03c7e05ee is updated service_manage_report /usr/lib/python3/dist-packages/heat/engine/service.py:2370
2025-06-19 00:41:52.530 38915 DEBUG heat.engine.service [req-96cad03c-f5e4-4b9e-9e14-4a0575a60718 - - - - -] Service 0db4f272-8cf3-4ced-bc85-e29f856a8636 is updated service_manage_report /usr/lib/python3/dist-packages/heat/engine/service.py:2370
2025-06-19 00:42:52.514 38917 DEBUG heat.engine.service [req-4d980382-db5f-4fee-828a-81bb093e428f - - - - -] Service 18777f67-02ff-444c-8622-c85eae40f004 is updated service_manage_report /usr/lib/python3/dist-packages/heat/engine/service.py:2370
2025-06-19 00:42:52.516 38916 DEBUG heat.engine.service [req-baa10d1d-03de-42cf-9468-071ccdaa1871 - - - - -] Service b9131e82-3ecb-42f3-9bd9-72141b367a8a is updated service_manage_report /usr/lib/python3/dist-packages/heat/engine/service.py:2370
2025-06-19 00:42:52.522 38914 DEBUG heat.engine.service [req-7b1ff978-2177-4f91-92c6-8e4976bfc552 - - - - -] Service 0601fe34-ab6b-41eb-b155-91d03c7e05ee is updated service_manage_report /usr/lib/python3/dist-packages/heat/engine/service.py:2370
2025-06-19 00:42:52.530 38915 DEBUG heat.engine.service [req-579d91cf-81ba-4085-b3fb-3052e506afbe - - - - -] Service 0db4f272-8cf3-4ced-bc85-e29f856a8636 is updated service_manage_report /usr/lib/python3/dist-packages/heat/engine/service.py:2370
2025-06-19 00:43:52.519 38917 DEBUG heat.engine.service [req-5cb307c7-3a29-48f5-88ed-1ccc6b358228 - - - - -] Service 18777f67-02ff-444c-8622-c85eae40f004 is updated service_manage_report /usr/lib/python3/dist-packages/heat/engine/service.py:2370
2025-06-19 00:43:52.521 38916 DEBUG heat.engine.service [req-858204d9-f729-4c9c-8c3d-de4f22571b59 - - - - -] Service b9131e82-3ecb-42f3-9bd9-72141b367a8a is updated service_manage_report /usr/lib/python3/dist-packages/heat/engine/service.py:2370
2025-06-19 00:43:52.530 38914 DEBUG heat.engine.service [req-ef02d55f-7cc0-48c3-a6b9-cf48de599951 - - - - -] Service 0601fe34-ab6b-41eb-b155-91d03c7e05ee is updated service_manage_report /usr/lib/python3/dist-packages/heat/engine/service.py:2370
2025-06-19 00:43:52.533 38915 DEBUG heat.engine.service [req-75dd925d-3086-4078-a0ea-fa463e738e15 - - - - -] Service 0db4f272-8cf3-4ced-bc85-e29f856a8636 is updated service_manage_report /usr/lib/python3/dist-packages/heat/engine/service.py:2370
2025-06-19 00:44:52.523 38917 DEBUG heat.engine.service [req-02e1a026-6d12-4b00-9e6a-7248b8949365 - - - - -] Service 18777f67-02ff-444c-8622-c85eae40f004 is updated service_manage_report /usr/lib/python3/dist-packages/heat/engine/service.py:2370
2025-06-19 00:44:52.525 38916 DEBUG heat.engine.service [req-b74a4fcc-fb73-4ca5-bd7f-8de7f2251e82 - - - - -] Service b9131e82-3ecb-42f3-9bd9-72141b367a8a is updated service_manage_report /usr/lib/python3/dist-packages/heat/engine/service.py:2370
2025-06-19 00:44:52.525 38914 DEBUG heat.engine.service [req-fa3eb616-e207-46e2-bff5-df0b1dc32fda - - - - -] Service 0601fe34-ab6b-41eb-b155-91d03c7e05ee is updated service_manage_report /usr/lib/python3/dist-packages/heat/engine/service.py:2370
2025-06-19 00:44:52.534 38915 DEBUG heat.engine.service [req-8505c993-b6db-4bb4-a921-ce05deb89078 - - - - -] Service 0db4f272-8cf3-4ced-bc85-e29f856a8636 is updated service_manage_report /usr/lib/python3/dist-packages/heat/engine/service.py:2370
2025-06-19 00:45:52.530 38917 DEBUG heat.engine.service [req-6ab14361-362d-4c11-be72-18bef58c8ed0 - - - - -] Service 18777f67-02ff-444c-8622-c85eae40f004 is updated service_manage_report /usr/lib/python3/dist-packages/heat/engine/service.py:2370
2025-06-19 00:45:52.530 38916 DEBUG heat.engine.service [req-637d792b-966b-4b54-a6b0-6e3f861653ed - - - - -] Service b9131e82-3ecb-42f3-9bd9-72141b367a8a is updated service_manage_report /usr/lib/python3/dist-packages/heat/engine/service.py:2370
2025-06-19 00:45:52.530 38914 DEBUG heat.engine.service [req-d4954a3e-c48e-43c4-a87a-4d6e72e59054 - - - - -] Service 0601fe34-ab6b-41eb-b155-91d03c7e05ee is updated service_manage_report /usr/lib/python3/dist-packages/heat/engine/service.py:2370
2025-06-19 00:45:52.535 38915 DEBUG heat.engine.service [req-ee6368a6-55eb-49b2-973a-b17a869ffabc - - - - -] Service 0db4f272-8cf3-4ced-bc85-e29f856a8636 is updated service_manage_report /usr/lib/python3/dist-packages/heat/engine/service.py:2370
2025-06-19 00:46:52.527 38917 DEBUG heat.engine.service [req-33dbdcfd-8e23-4c38-9918-5f82a980186e - - - - -] Service 18777f67-02ff-444c-8622-c85eae40f004 is updated service_manage_report /usr/lib/python3/dist-packages/heat/engine/service.py:2370
2025-06-19 00:46:52.528 38914 DEBUG heat.engine.service [req-6ca2641b-55ce-4fa6-87d1-4898774f539e - - - - -] Service 0601fe34-ab6b-41eb-b155-91d03c7e05ee is updated service_manage_report /usr/lib/python3/dist-packages/heat/engine/service.py:2370
2025-06-19 00:46:52.529 38916 DEBUG heat.engine.service [req-2368a476-ab7e-4d79-8828-ab05b7659ed1 - - - - -] Service b9131e82-3ecb-42f3-9bd9-72141b367a8a is updated service_manage_report /usr/lib/python3/dist-packages/heat/engine/service.py:2370
2025-06-19 00:46:52.536 38915 DEBUG heat.engine.service [req-6f841d53-c074-42c8-bb5d-d4a862cdeb22 - - - - -] Service 0db4f272-8cf3-4ced-bc85-e29f856a8636 is updated service_manage_report /usr/lib/python3/dist-packages/heat/engine/service.py:2370
2025-06-19 00:47:52.519 38917 DEBUG heat.engine.service [req-c4553674-294f-4943-a2cf-5fe4859e5de7 - - - - -] Service 18777f67-02ff-444c-8622-c85eae40f004 is updated service_manage_report /usr/lib/python3/dist-packages/heat/engine/service.py:2370
2025-06-19 00:47:52.523 38914 DEBUG heat.engine.service [req-90579222-89e8-477d-936a-de06ce595069 - - - - -] Service 0601fe34-ab6b-41eb-b155-91d03c7e05ee is updated service_manage_report /usr/lib/python3/dist-packages/heat/engine/service.py:2370
2025-06-19 00:47:52.523 38916 DEBUG heat.engine.service [req-fbad4cdf-0c15-4a73-adfb-8b47f2b79381 - - - - -] Service b9131e82-3ecb-42f3-9bd9-72141b367a8a is updated service_manage_report /usr/lib/python3/dist-packages/heat/engine/service.py:2370
2025-06-19 00:47:52.539 38915 DEBUG heat.engine.service [req-3b5b7fe0-463b-4e90-8dcd-b987263326e6 - - - - -] Service 0db4f272-8cf3-4ced-bc85-e29f856a8636 is updated service_manage_report /usr/lib/python3/dist-packages/heat/engine/service.py:2370
2025-06-19 00:48:52.521 38917 DEBUG heat.engine.service [req-fe3487df-ab32-417f-aa3e-f04d5675a872 - - - - -] Service 18777f67-02ff-444c-8622-c85eae40f004 is updated service_manage_report /usr/lib/python3/dist-packages/heat/engine/service.py:2370
2025-06-19 00:48:52.527 38914 DEBUG heat.engine.service [req-4ab5cf4b-5e3e-4772-9343-f18043e07073 - - - - -] Service 0601fe34-ab6b-41eb-b155-91d03c7e05ee is updated service_manage_report /usr/lib/python3/dist-packages/heat/engine/service.py:2370
2025-06-19 00:48:52.529 38916 DEBUG heat.engine.service [req-13771011-3feb-45e5-b3e3-72853987cf5f - - - - -] Service b9131e82-3ecb-42f3-9bd9-72141b367a8a is updated service_manage_report /usr/lib/python3/dist-packages/heat/engine/service.py:2370
