2025-06-19 01:51:02.472 71307 DEBUG oslo_service.service [-] clients_barbican.insecure = None log_opt_values /usr/lib/python3/dist-packages/oslo_config/cfg.py:2609
2025-06-19 01:51:02.472 71307 DEBUG oslo_service.service [-] clients_barbican.key_file = None log_opt_values /usr/lib/python3/dist-packages/oslo_config/cfg.py:2609
2025-06-19 01:51:02.472 71307 DEBUG oslo_service.service [-] clients_cinder.ca_file = None log_opt_values /usr/lib/python3/dist-packages/oslo_config/cfg.py:2609
2025-06-19 01:51:02.472 71307 DEBUG oslo_service.service [-] clients_cinder.cert_file = None log_opt_values /usr/lib/python3/dist-packages/oslo_config/cfg.py:2609
2025-06-19 01:51:02.472 71307 DEBUG oslo_service.service [-] clients_cinder.endpoint_type = None log_opt_values /usr/lib/python3/dist-packages/oslo_config/cfg.py:2609
2025-06-19 01:51:02.475 71307 DEBUG oslo_service.service [-] clients_cinder.http_log_debug = False log_opt_values /usr/lib/python3/dist-packages/oslo_config/cfg.py:2609
2025-06-19 01:51:02.475 71307 DEBUG oslo_service.service [-] clients_cinder.insecure = None log_opt_values /usr/lib/python3/dist-packages/oslo_config/cfg.py:2609
2025-06-19 01:51:02.476 71307 DEBUG oslo_service.service [-] clients_cinder.key_file = None log_opt_values /usr/lib/python3/dist-packages/oslo_config/cfg.py:2609
2025-06-19 01:51:02.476 71307 DEBUG oslo_service.service [-] clients_designate.ca_file = None log_opt_values /usr/lib/python3/dist-packages/oslo_config/cfg.py:2609
2025-06-19 01:51:02.476 71307 DEBUG oslo_service.service [-] clients_designate.cert_file = None log_opt_values /usr/lib/python3/dist-packages/oslo_config/cfg.py:2609
2025-06-19 01:51:02.477 71307 DEBUG oslo_service.service [-] clients_designate.endpoint_type = None log_opt_values /usr/lib/python3/dist-packages/oslo_config/cfg.py:2609
2025-06-19 01:51:02.477 71307 DEBUG oslo_service.service [-] clients_designate.insecure = None log_opt_values /usr/lib/python3/dist-packages/oslo_config/cfg.py:2609
2025-06-19 01:51:02.477 71307 DEBUG oslo_service.service [-] clients_designate.key_file = None log_opt_values /usr/lib/python3/dist-packages/oslo_config/cfg.py:2609
2025-06-19 01:51:02.477 71307 DEBUG oslo_service.service [-] clients_glance.ca_file = None log_opt_values /usr/lib/python3/dist-packages/oslo_config/cfg.py:2609
2025-06-19 01:51:02.477 71657 INFO heat.engine.worker [-] Starting engine_worker (1.4) in engine ef8eaa4e-6bc8-47a1-9be3-d10ac9a865c1.
2025-06-19 01:51:02.478 71307 DEBUG oslo_service.service [-] clients_glance.cert_file = None log_opt_values /usr/lib/python3/dist-packages/oslo_config/cfg.py:2609
2025-06-19 01:51:02.478 71307 DEBUG oslo_service.service [-] clients_glance.endpoint_type = None log_opt_values /usr/lib/python3/dist-packages/oslo_config/cfg.py:2609
2025-06-19 01:51:02.478 71307 DEBUG oslo_service.service [-] clients_glance.insecure = None log_opt_values /usr/lib/python3/dist-packages/oslo_config/cfg.py:2609
2025-06-19 01:51:02.478 71658 INFO heat.engine.worker [-] Starting engine_worker (1.4) in engine 8e131169-bcca-4d31-8acd-d227a7104143.
2025-06-19 01:51:02.478 71307 DEBUG oslo_service.service [-] clients_glance.key_file = None log_opt_values /usr/lib/python3/dist-packages/oslo_config/cfg.py:2609
2025-06-19 01:51:02.478 71307 DEBUG oslo_service.service [-] clients_heat.ca_file = None log_opt_values /usr/lib/python3/dist-packages/oslo_config/cfg.py:2609
2025-06-19 01:51:02.479 71307 DEBUG oslo_service.service [-] clients_heat.cert_file = None log_opt_values /usr/lib/python3/dist-packages/oslo_config/cfg.py:2609
2025-06-19 01:51:02.479 71307 DEBUG oslo_service.service [-] clients_heat.endpoint_type = None log_opt_values /usr/lib/python3/dist-packages/oslo_config/cfg.py:2609
2025-06-19 01:51:02.479 71307 DEBUG oslo_service.service [-] clients_heat.insecure = None log_opt_values /usr/lib/python3/dist-packages/oslo_config/cfg.py:2609
2025-06-19 01:51:02.479 71307 DEBUG oslo_service.service [-] clients_heat.key_file = None log_opt_values /usr/lib/python3/dist-packages/oslo_config/cfg.py:2609
2025-06-19 01:51:02.479 71307 DEBUG oslo_service.service [-] clients_heat.url = log_opt_values /usr/lib/python3/dist-packages/oslo_config/cfg.py:2609
2025-06-19 01:51:02.480 71307 DEBUG oslo_service.service [-] clients_keystone.auth_uri = http://252.22.103.164:5050 log_opt_values /usr/lib/python3/dist-packages/oslo_config/cfg.py:2609
2025-06-19 01:51:02.480 71307 DEBUG oslo_service.service [-] clients_keystone.ca_file = None log_opt_values /usr/lib/python3/dist-packages/oslo_config/cfg.py:2609
2025-06-19 01:51:02.480 71307 DEBUG oslo_service.service [-] clients_keystone.cert_file = None log_opt_values /usr/lib/python3/dist-packages/oslo_config/cfg.py:2609
2025-06-19 01:51:02.480 71307 DEBUG oslo_service.service [-] clients_keystone.endpoint_type = None log_opt_values /usr/lib/python3/dist-packages/oslo_config/cfg.py:2609
2025-06-19 01:51:02.480 71307 DEBUG oslo_service.service [-] clients_keystone.insecure = None log_opt_values /usr/lib/python3/dist-packages/oslo_config/cfg.py:2609
2025-06-19 01:51:02.480 71307 DEBUG oslo_service.service [-] clients_keystone.key_file = None log_opt_values /usr/lib/python3/dist-packages/oslo_config/cfg.py:2609
2025-06-19 01:51:02.481 71307 DEBUG oslo_service.service [-] clients_magnum.ca_file = None log_opt_values /usr/lib/python3/dist-packages/oslo_config/cfg.py:2609
2025-06-19 01:51:02.481 71307 DEBUG oslo_service.service [-] clients_magnum.cert_file = None log_opt_values /usr/lib/python3/dist-packages/oslo_config/cfg.py:2609
2025-06-19 01:51:02.481 71307 DEBUG oslo_service.service [-] clients_magnum.endpoint_type = None log_opt_values /usr/lib/python3/dist-packages/oslo_config/cfg.py:2609
2025-06-19 01:51:02.481 71307 DEBUG oslo_service.service [-] clients_magnum.insecure = None log_opt_values /usr/lib/python3/dist-packages/oslo_config/cfg.py:2609
2025-06-19 01:51:02.481 71307 DEBUG oslo_service.service [-] clients_magnum.key_file = None log_opt_values /usr/lib/python3/dist-packages/oslo_config/cfg.py:2609
2025-06-19 01:51:02.481 71307 DEBUG oslo_service.service [-] clients_manila.ca_file = None log_opt_values /usr/lib/python3/dist-packages/oslo_config/cfg.py:2609
2025-06-19 01:51:02.482 71307 DEBUG oslo_service.service [-] clients_manila.cert_file = None log_opt_values /usr/lib/python3/dist-packages/oslo_config/cfg.py:2609
2025-06-19 01:51:02.482 71307 DEBUG oslo_service.service [-] clients_manila.endpoint_type = None log_opt_values /usr/lib/python3/dist-packages/oslo_config/cfg.py:2609
2025-06-19 01:51:02.482 71307 DEBUG oslo_service.service [-] clients_manila.insecure = None log_opt_values /usr/lib/python3/dist-packages/oslo_config/cfg.py:2609
2025-06-19 01:51:02.483 71307 DEBUG oslo_service.service [-] clients_manila.key_file = None log_opt_values /usr/lib/python3/dist-packages/oslo_config/cfg.py:2609
2025-06-19 01:51:02.483 71307 DEBUG oslo_service.service [-] clients_mistral.ca_file = None log_opt_values /usr/lib/python3/dist-packages/oslo_config/cfg.py:2609
2025-06-19 01:51:02.483 71307 DEBUG oslo_service.service [-] clients_mistral.cert_file = None log_opt_values /usr/lib/python3/dist-packages/oslo_config/cfg.py:2609
2025-06-19 01:51:02.483 71307 DEBUG oslo_service.service [-] clients_mistral.endpoint_type = None log_opt_values /usr/lib/python3/dist-packages/oslo_config/cfg.py:2609
2025-06-19 01:51:02.483 71307 DEBUG oslo_service.service [-] clients_mistral.insecure = None log_opt_values /usr/lib/python3/dist-packages/oslo_config/cfg.py:2609
2025-06-19 01:51:02.483 71307 DEBUG oslo_service.service [-] clients_mistral.key_file = None log_opt_values /usr/lib/python3/dist-packages/oslo_config/cfg.py:2609
2025-06-19 01:51:02.483 71307 DEBUG oslo_service.service [-] clients_monasca.ca_file = None log_opt_values /usr/lib/python3/dist-packages/oslo_config/cfg.py:2609
2025-06-19 01:51:02.483 71307 DEBUG oslo_service.service [-] clients_monasca.cert_file = None log_opt_values /usr/lib/python3/dist-packages/oslo_config/cfg.py:2609
2025-06-19 01:51:02.484 71307 DEBUG oslo_service.service [-] clients_monasca.endpoint_type = None log_opt_values /usr/lib/python3/dist-packages/oslo_config/cfg.py:2609
2025-06-19 01:51:02.485 71307 DEBUG oslo_service.service [-] clients_monasca.insecure = None log_opt_values /usr/lib/python3/dist-packages/oslo_config/cfg.py:2609
2025-06-19 01:51:02.485 71307 DEBUG oslo_service.service [-] clients_monasca.key_file = None log_opt_values /usr/lib/python3/dist-packages/oslo_config/cfg.py:2609
2025-06-19 01:51:02.485 71307 DEBUG oslo_service.service [-] clients_neutron.ca_file = None log_opt_values /usr/lib/python3/dist-packages/oslo_config/cfg.py:2609
2025-06-19 01:51:02.485 71307 DEBUG oslo_service.service [-] clients_neutron.cert_file = None log_opt_values /usr/lib/python3/dist-packages/oslo_config/cfg.py:2609
2025-06-19 01:51:02.486 71307 DEBUG oslo_service.service [-] clients_neutron.endpoint_type = None log_opt_values /usr/lib/python3/dist-packages/oslo_config/cfg.py:2609
2025-06-19 01:51:02.486 71307 DEBUG oslo_service.service [-] clients_neutron.insecure = None log_opt_values /usr/lib/python3/dist-packages/oslo_config/cfg.py:2609
2025-06-19 01:51:02.486 71307 DEBUG oslo_service.service [-] clients_neutron.key_file = None log_opt_values /usr/lib/python3/dist-packages/oslo_config/cfg.py:2609
2025-06-19 01:51:02.486 71307 DEBUG oslo_service.service [-] clients_nova.ca_file = None log_opt_values /usr/lib/python3/dist-packages/oslo_config/cfg.py:2609
2025-06-19 01:51:02.486 71307 DEBUG oslo_service.service [-] clients_nova.cert_file = None log_opt_values /usr/lib/python3/dist-packages/oslo_config/cfg.py:2609
2025-06-19 01:51:02.486 71307 DEBUG oslo_service.service [-] clients_nova.endpoint_type = None log_opt_values /usr/lib/python3/dist-packages/oslo_config/cfg.py:2609
2025-06-19 01:51:02.487 71307 DEBUG oslo_service.service [-] clients_nova.http_log_debug = False log_opt_values /usr/lib/python3/dist-packages/oslo_config/cfg.py:2609
2025-06-19 01:51:02.487 71307 DEBUG oslo_service.service [-] clients_nova.insecure = None log_opt_values /usr/lib/python3/dist-packages/oslo_config/cfg.py:2609
2025-06-19 01:51:02.487 71307 DEBUG oslo_service.service [-] clients_nova.key_file = None log_opt_values /usr/lib/python3/dist-packages/oslo_config/cfg.py:2609
2025-06-19 01:51:02.487 71307 DEBUG oslo_service.service [-] clients_octavia.ca_file = None log_opt_values /usr/lib/python3/dist-packages/oslo_config/cfg.py:2609
2025-06-19 01:51:02.487 71307 DEBUG oslo_service.service [-] clients_octavia.cert_file = None log_opt_values /usr/lib/python3/dist-packages/oslo_config/cfg.py:2609
2025-06-19 01:51:02.488 71307 DEBUG oslo_service.service [-] clients_octavia.endpoint_type = None log_opt_values /usr/lib/python3/dist-packages/oslo_config/cfg.py:2609
2025-06-19 01:51:02.488 71307 DEBUG oslo_service.service [-] clients_octavia.insecure = None log_opt_values /usr/lib/python3/dist-packages/oslo_config/cfg.py:2609
2025-06-19 01:51:02.489 71307 DEBUG oslo_service.service [-] clients_octavia.key_file = None log_opt_values /usr/lib/python3/dist-packages/oslo_config/cfg.py:2609
2025-06-19 01:51:02.489 71307 DEBUG oslo_service.service [-] clients_sahara.ca_file = None log_opt_values /usr/lib/python3/dist-packages/oslo_config/cfg.py:2609
2025-06-19 01:51:02.489 71307 DEBUG oslo_service.service [-] clients_sahara.cert_file = None log_opt_values /usr/lib/python3/dist-packages/oslo_config/cfg.py:2609
2025-06-19 01:51:02.489 71307 DEBUG oslo_service.service [-] clients_sahara.endpoint_type = None log_opt_values /usr/lib/python3/dist-packages/oslo_config/cfg.py:2609
2025-06-19 01:51:02.489 71307 DEBUG oslo_service.service [-] clients_sahara.insecure = None log_opt_values /usr/lib/python3/dist-packages/oslo_config/cfg.py:2609
2025-06-19 01:51:02.489 71307 DEBUG oslo_service.service [-] clients_sahara.key_file = None log_opt_values /usr/lib/python3/dist-packages/oslo_config/cfg.py:2609
2025-06-19 01:51:02.490 71307 DEBUG oslo_service.service [-] clients_senlin.ca_file = None log_opt_values /usr/lib/python3/dist-packages/oslo_config/cfg.py:2609
2025-06-19 01:51:02.490 71307 DEBUG oslo_service.service [-] clients_senlin.cert_file = None log_opt_values /usr/lib/python3/dist-packages/oslo_config/cfg.py:2609
2025-06-19 01:51:02.490 71307 DEBUG oslo_service.service [-] clients_senlin.endpoint_type = None log_opt_values /usr/lib/python3/dist-packages/oslo_config/cfg.py:2609
2025-06-19 01:51:02.491 71307 DEBUG oslo_service.service [-] clients_senlin.insecure = None log_opt_values /usr/lib/python3/dist-packages/oslo_config/cfg.py:2609
2025-06-19 01:51:02.491 71307 DEBUG oslo_service.service [-] clients_senlin.key_file = None log_opt_values /usr/lib/python3/dist-packages/oslo_config/cfg.py:2609
2025-06-19 01:51:02.491 71307 DEBUG oslo_service.service [-] clients_swift.ca_file = None log_opt_values /usr/lib/python3/dist-packages/oslo_config/cfg.py:2609
2025-06-19 01:51:02.491 71307 DEBUG oslo_service.service [-] clients_swift.cert_file = None log_opt_values /usr/lib/python3/dist-packages/oslo_config/cfg.py:2609
2025-06-19 01:51:02.491 71307 DEBUG oslo_service.service [-] clients_swift.endpoint_type = None log_opt_values /usr/lib/python3/dist-packages/oslo_config/cfg.py:2609
2025-06-19 01:51:02.491 71307 DEBUG oslo_service.service [-] clients_swift.insecure = None log_opt_values /usr/lib/python3/dist-packages/oslo_config/cfg.py:2609
2025-06-19 01:51:02.491 71307 DEBUG oslo_service.service [-] clients_swift.key_file = None log_opt_values /usr/lib/python3/dist-packages/oslo_config/cfg.py:2609
2025-06-19 01:51:02.492 71307 DEBUG oslo_service.service [-] clients_trove.ca_file = None log_opt_values /usr/lib/python3/dist-packages/oslo_config/cfg.py:2609
2025-06-19 01:51:02.492 71307 DEBUG oslo_service.service [-] clients_trove.cert_file = None log_opt_values /usr/lib/python3/dist-packages/oslo_config/cfg.py:2609
2025-06-19 01:51:02.492 71307 DEBUG oslo_service.service [-] clients_trove.endpoint_type = None log_opt_values /usr/lib/python3/dist-packages/oslo_config/cfg.py:2609
2025-06-19 01:51:02.492 71307 DEBUG oslo_service.service [-] clients_trove.insecure = None log_opt_values /usr/lib/python3/dist-packages/oslo_config/cfg.py:2609
2025-06-19 01:51:02.493 71307 DEBUG oslo_service.service [-] clients_trove.key_file = None log_opt_values /usr/lib/python3/dist-packages/oslo_config/cfg.py:2609
2025-06-19 01:51:02.493 71307 DEBUG oslo_service.service [-] clients_vitrage.ca_file = None log_opt_values /usr/lib/python3/dist-packages/oslo_config/cfg.py:2609
2025-06-19 01:51:02.493 71307 DEBUG oslo_service.service [-] clients_vitrage.cert_file = None log_opt_values /usr/lib/python3/dist-packages/oslo_config/cfg.py:2609
2025-06-19 01:51:02.494 71307 DEBUG oslo_service.service [-] clients_vitrage.endpoint_type = None log_opt_values /usr/lib/python3/dist-packages/oslo_config/cfg.py:2609
2025-06-19 01:51:02.494 71307 DEBUG oslo_service.service [-] clients_vitrage.insecure = None log_opt_values /usr/lib/python3/dist-packages/oslo_config/cfg.py:2609
2025-06-19 01:51:02.494 71307 DEBUG oslo_service.service [-] clients_vitrage.key_file = None log_opt_values /usr/lib/python3/dist-packages/oslo_config/cfg.py:2609
2025-06-19 01:51:02.494 71307 DEBUG oslo_service.service [-] clients_zaqar.ca_file = None log_opt_values /usr/lib/python3/dist-packages/oslo_config/cfg.py:2609
2025-06-19 01:51:02.495 71307 DEBUG oslo_service.service [-] clients_zaqar.cert_file = None log_opt_values /usr/lib/python3/dist-packages/oslo_config/cfg.py:2609
2025-06-19 01:51:02.495 71307 DEBUG oslo_service.service [-] clients_zaqar.endpoint_type = None log_opt_values /usr/lib/python3/dist-packages/oslo_config/cfg.py:2609
2025-06-19 01:51:02.495 71307 DEBUG oslo_service.service [-] clients_zaqar.insecure = None log_opt_values /usr/lib/python3/dist-packages/oslo_config/cfg.py:2609
2025-06-19 01:51:02.496 71307 DEBUG oslo_service.service [-] clients_zaqar.key_file = None log_opt_values /usr/lib/python3/dist-packages/oslo_config/cfg.py:2609
2025-06-19 01:51:02.496 71307 DEBUG oslo_service.service [-] database.backend = sqlalchemy log_opt_values /usr/lib/python3/dist-packages/oslo_config/cfg.py:2609
2025-06-19 01:51:02.497 71307 DEBUG oslo_service.service [-] database.connection = **** log_opt_values /usr/lib/python3/dist-packages/oslo_config/cfg.py:2609
2025-06-19 01:51:02.497 71307 DEBUG oslo_service.service [-] database.connection_debug = 0 log_opt_values /usr/lib/python3/dist-packages/oslo_config/cfg.py:2609
2025-06-19 01:51:02.497 71307 DEBUG oslo_service.service [-] database.connection_parameters = log_opt_values /usr/lib/python3/dist-packages/oslo_config/cfg.py:2609
2025-06-19 01:51:02.497 71307 DEBUG oslo_service.service [-] database.connection_recycle_time = 3600 log_opt_values /usr/lib/python3/dist-packages/oslo_config/cfg.py:2609
2025-06-19 01:51:02.497 71307 DEBUG oslo_service.service [-] database.connection_trace = False log_opt_values /usr/lib/python3/dist-packages/oslo_config/cfg.py:2609
2025-06-19 01:51:02.498 71307 DEBUG oslo_service.service [-] database.db_inc_retry_interval = True log_opt_values /usr/lib/python3/dist-packages/oslo_config/cfg.py:2609
2025-06-19 01:51:02.498 71307 DEBUG oslo_service.service [-] database.db_max_retries = 20 log_opt_values /usr/lib/python3/dist-packages/oslo_config/cfg.py:2609
2025-06-19 01:51:02.498 71307 DEBUG oslo_service.service [-] database.db_max_retry_interval = 10 log_opt_values /usr/lib/python3/dist-packages/oslo_config/cfg.py:2609
2025-06-19 01:51:02.499 71307 DEBUG oslo_service.service [-] database.db_retry_interval = 1 log_opt_values /usr/lib/python3/dist-packages/oslo_config/cfg.py:2609
2025-06-19 01:51:02.499 71307 DEBUG oslo_service.service [-] database.max_overflow = 50 log_opt_values /usr/lib/python3/dist-packages/oslo_config/cfg.py:2609
2025-06-19 01:51:02.499 71307 DEBUG oslo_service.service [-] database.max_pool_size = 5 log_opt_values /usr/lib/python3/dist-packages/oslo_config/cfg.py:2609
2025-06-19 01:51:02.499 71307 DEBUG oslo_service.service [-] database.max_retries = 10 log_opt_values /usr/lib/python3/dist-packages/oslo_config/cfg.py:2609
2025-06-19 01:51:02.499 71307 DEBUG oslo_service.service [-] database.mysql_enable_ndb = False log_opt_values /usr/lib/python3/dist-packages/oslo_config/cfg.py:2609
2025-06-19 01:51:02.500 71307 DEBUG oslo_service.service [-] database.mysql_sql_mode = TRADITIONAL log_opt_values /usr/lib/python3/dist-packages/oslo_config/cfg.py:2609
2025-06-19 01:51:02.500 71307 DEBUG oslo_service.service [-] database.pool_timeout = None log_opt_values /usr/lib/python3/dist-packages/oslo_config/cfg.py:2609
2025-06-19 01:51:02.500 71307 DEBUG oslo_service.service [-] database.retry_interval = 10 log_opt_values /usr/lib/python3/dist-packages/oslo_config/cfg.py:2609
2025-06-19 01:51:02.500 71307 DEBUG oslo_service.service [-] database.slave_connection = **** log_opt_values /usr/lib/python3/dist-packages/oslo_config/cfg.py:2609
2025-06-19 01:51:02.500 71307 DEBUG oslo_service.service [-] database.sqlite_synchronous = True log_opt_values /usr/lib/python3/dist-packages/oslo_config/cfg.py:2609
2025-06-19 01:51:02.501 71307 DEBUG oslo_service.service [-] database.use_db_reconnect = False log_opt_values /usr/lib/python3/dist-packages/oslo_config/cfg.py:2609
2025-06-19 01:51:02.501 71307 DEBUG oslo_service.service [-] oslo_messaging_metrics.metrics_buffer_size = 1000 log_opt_values /usr/lib/python3/dist-packages/oslo_config/cfg.py:2609
2025-06-19 01:51:02.501 71307 DEBUG oslo_service.service [-] oslo_messaging_metrics.metrics_enabled = False log_opt_values /usr/lib/python3/dist-packages/oslo_config/cfg.py:2609
2025-06-19 01:51:02.501 71307 DEBUG oslo_service.service [-] oslo_messaging_metrics.metrics_process_name = log_opt_values /usr/lib/python3/dist-packages/oslo_config/cfg.py:2609
2025-06-19 01:51:02.501 71307 DEBUG oslo_service.service [-] oslo_messaging_metrics.metrics_socket_file = /var/tmp/metrics_collector.sock log_opt_values /usr/lib/python3/dist-packages/oslo_config/cfg.py:2609
2025-06-19 01:51:02.501 71307 DEBUG oslo_service.service [-] oslo_messaging_metrics.metrics_thread_stop_timeout = 10 log_opt_values /usr/lib/python3/dist-packages/oslo_config/cfg.py:2609
2025-06-19 01:51:02.502 71307 DEBUG oslo_service.service [-] oslo_policy.enforce_new_defaults = False log_opt_values /usr/lib/python3/dist-packages/oslo_config/cfg.py:2609
2025-06-19 01:51:02.502 71307 DEBUG oslo_service.service [-] oslo_policy.enforce_scope = False log_opt_values /usr/lib/python3/dist-packages/oslo_config/cfg.py:2609
2025-06-19 01:51:02.503 71307 DEBUG oslo_service.service [-] oslo_policy.policy_default_rule = default log_opt_values /usr/lib/python3/dist-packages/oslo_config/cfg.py:2609
2025-06-19 01:51:02.503 71307 DEBUG oslo_service.service [-] oslo_policy.policy_dirs = ['policy.d'] log_opt_values /usr/lib/python3/dist-packages/oslo_config/cfg.py:2609
2025-06-19 01:51:02.503 71307 DEBUG oslo_service.service [-] oslo_policy.policy_file = policy.yaml log_opt_values /usr/lib/python3/dist-packages/oslo_config/cfg.py:2609
2025-06-19 01:51:02.503 71307 DEBUG oslo_service.service [-] oslo_policy.remote_content_type = application/x-www-form-urlencoded log_opt_values /usr/lib/python3/dist-packages/oslo_config/cfg.py:2609
2025-06-19 01:51:02.503 71307 DEBUG oslo_service.service [-] oslo_policy.remote_ssl_ca_crt_file = None log_opt_values /usr/lib/python3/dist-packages/oslo_config/cfg.py:2609
2025-06-19 01:51:02.503 71307 DEBUG oslo_service.service [-] oslo_policy.remote_ssl_client_crt_file = None log_opt_values /usr/lib/python3/dist-packages/oslo_config/cfg.py:2609
2025-06-19 01:51:02.504 71307 DEBUG oslo_service.service [-] oslo_policy.remote_ssl_client_key_file = None log_opt_values /usr/lib/python3/dist-packages/oslo_config/cfg.py:2609
2025-06-19 01:51:02.504 71307 DEBUG oslo_service.service [-] oslo_policy.remote_ssl_verify_server_crt = False log_opt_values /usr/lib/python3/dist-packages/oslo_config/cfg.py:2609
2025-06-19 01:51:02.504 71307 DEBUG oslo_service.service [-] trustee.auth_section = None log_opt_values /usr/lib/python3/dist-packages/oslo_config/cfg.py:2609
2025-06-19 01:51:02.505 71307 WARNING oslo_config.cfg [-] Deprecated: Option "auth_plugin" from group "trustee" is deprecated. Use option "auth_type" from group "trustee".
2025-06-19 01:51:02.505 71307 DEBUG oslo_service.service [-] trustee.auth_type = password log_opt_values /usr/lib/python3/dist-packages/oslo_config/cfg.py:2609
2025-06-19 01:51:02.506 71307 DEBUG oslo_service.service [-] oslo_versionedobjects.fatal_exception_format_errors = False log_opt_values /usr/lib/python3/dist-packages/oslo_config/cfg.py:2609
2025-06-19 01:51:02.506 71307 DEBUG oslo_service.service [-] oslo_messaging_rabbit.amqp_auto_delete = False log_opt_values /usr/lib/python3/dist-packages/oslo_config/cfg.py:2609
2025-06-19 01:51:02.506 71307 DEBUG oslo_service.service [-] oslo_messaging_rabbit.amqp_durable_queues = False log_opt_values /usr/lib/python3/dist-packages/oslo_config/cfg.py:2609
2025-06-19 01:51:02.506 71307 DEBUG oslo_service.service [-] oslo_messaging_rabbit.conn_pool_min_size = 2 log_opt_values /usr/lib/python3/dist-packages/oslo_config/cfg.py:2609
2025-06-19 01:51:02.506 71307 DEBUG oslo_service.service [-] oslo_messaging_rabbit.conn_pool_ttl = 1200 log_opt_values /usr/lib/python3/dist-packages/oslo_config/cfg.py:2609
2025-06-19 01:51:02.506 71307 DEBUG oslo_service.service [-] oslo_messaging_rabbit.direct_mandatory_flag = True log_opt_values /usr/lib/python3/dist-packages/oslo_config/cfg.py:2609
2025-06-19 01:51:02.507 71307 DEBUG oslo_service.service [-] oslo_messaging_rabbit.enable_cancel_on_failover = False log_opt_values /usr/lib/python3/dist-packages/oslo_config/cfg.py:2609
2025-06-19 01:51:02.507 71307 DEBUG oslo_service.service [-] oslo_messaging_rabbit.heartbeat_in_pthread = False log_opt_values /usr/lib/python3/dist-packages/oslo_config/cfg.py:2609
2025-06-19 01:51:02.507 71307 DEBUG oslo_service.service [-] oslo_messaging_rabbit.heartbeat_rate = 2 log_opt_values /usr/lib/python3/dist-packages/oslo_config/cfg.py:2609
2025-06-19 01:51:02.508 71307 DEBUG oslo_service.service [-] oslo_messaging_rabbit.heartbeat_timeout_threshold = 60 log_opt_values /usr/lib/python3/dist-packages/oslo_config/cfg.py:2609
2025-06-19 01:51:02.508 71307 DEBUG oslo_service.service [-] oslo_messaging_rabbit.kombu_compression = None log_opt_values /usr/lib/python3/dist-packages/oslo_config/cfg.py:2609
2025-06-19 01:51:02.509 71307 DEBUG oslo_service.service [-] oslo_messaging_rabbit.kombu_failover_strategy = round-robin log_opt_values /usr/lib/python3/dist-packages/oslo_config/cfg.py:2609
2025-06-19 01:51:02.509 71307 DEBUG oslo_service.service [-] oslo_messaging_rabbit.kombu_missing_consumer_retry_timeout = 60 log_opt_values /usr/lib/python3/dist-packages/oslo_config/cfg.py:2609
2025-06-19 01:51:02.509 71307 DEBUG oslo_service.service [-] oslo_messaging_rabbit.kombu_reconnect_delay = 1.0 log_opt_values /usr/lib/python3/dist-packages/oslo_config/cfg.py:2609
2025-06-19 01:51:02.509 71307 DEBUG oslo_service.service [-] oslo_messaging_rabbit.rabbit_ha_queues = False log_opt_values /usr/lib/python3/dist-packages/oslo_config/cfg.py:2609
2025-06-19 01:51:02.509 71307 DEBUG oslo_service.service [-] oslo_messaging_rabbit.rabbit_interval_max = 30 log_opt_values /usr/lib/python3/dist-packages/oslo_config/cfg.py:2609
2025-06-19 01:51:02.510 71307 DEBUG oslo_service.service [-] oslo_messaging_rabbit.rabbit_login_method = AMQPLAIN log_opt_values /usr/lib/python3/dist-packages/oslo_config/cfg.py:2609
2025-06-19 01:51:02.510 71307 DEBUG oslo_service.service [-] oslo_messaging_rabbit.rabbit_qos_prefetch_count = 0 log_opt_values /usr/lib/python3/dist-packages/oslo_config/cfg.py:2609
2025-06-19 01:51:02.510 71307 DEBUG oslo_service.service [-] oslo_messaging_rabbit.rabbit_quorum_queue = False log_opt_values /usr/lib/python3/dist-packages/oslo_config/cfg.py:2609
2025-06-19 01:51:02.510 71307 DEBUG oslo_service.service [-] oslo_messaging_rabbit.rabbit_retry_backoff = 2 log_opt_values /usr/lib/python3/dist-packages/oslo_config/cfg.py:2609
2025-06-19 01:51:02.510 71307 DEBUG oslo_service.service [-] oslo_messaging_rabbit.rabbit_retry_interval = 1 log_opt_values /usr/lib/python3/dist-packages/oslo_config/cfg.py:2609
2025-06-19 01:51:02.511 71307 DEBUG oslo_service.service [-] oslo_messaging_rabbit.rabbit_transient_queues_ttl = 1800 log_opt_values /usr/lib/python3/dist-packages/oslo_config/cfg.py:2609
2025-06-19 01:51:02.511 71307 DEBUG oslo_service.service [-] oslo_messaging_rabbit.rpc_conn_pool_size = 30 log_opt_values /usr/lib/python3/dist-packages/oslo_config/cfg.py:2609
2025-06-19 01:51:02.511 71307 DEBUG oslo_service.service [-] oslo_messaging_rabbit.ssl = False log_opt_values /usr/lib/python3/dist-packages/oslo_config/cfg.py:2609
2025-06-19 01:51:02.512 71307 DEBUG oslo_service.service [-] oslo_messaging_rabbit.ssl_ca_file = log_opt_values /usr/lib/python3/dist-packages/oslo_config/cfg.py:2609
2025-06-19 01:51:02.512 71307 DEBUG oslo_service.service [-] oslo_messaging_rabbit.ssl_cert_file = log_opt_values /usr/lib/python3/dist-packages/oslo_config/cfg.py:2609
2025-06-19 01:51:02.512 71307 DEBUG oslo_service.service [-] oslo_messaging_rabbit.ssl_key_file = log_opt_values /usr/lib/python3/dist-packages/oslo_config/cfg.py:2609
2025-06-19 01:51:02.513 71307 DEBUG oslo_service.service [-] oslo_messaging_rabbit.ssl_version = log_opt_values /usr/lib/python3/dist-packages/oslo_config/cfg.py:2609
2025-06-19 01:51:02.513 71307 DEBUG oslo_service.service [-] oslo_messaging_notifications.driver = [] log_opt_values /usr/lib/python3/dist-packages/oslo_config/cfg.py:2609
2025-06-19 01:51:02.513 71307 DEBUG oslo_service.service [-] oslo_messaging_notifications.retry = -1 log_opt_values /usr/lib/python3/dist-packages/oslo_config/cfg.py:2609
2025-06-19 01:51:02.513 71307 DEBUG oslo_service.service [-] oslo_messaging_notifications.topics = ['notifications'] log_opt_values /usr/lib/python3/dist-packages/oslo_config/cfg.py:2609
2025-06-19 01:51:02.514 71307 DEBUG oslo_service.service [-] oslo_messaging_notifications.transport_url = **** log_opt_values /usr/lib/python3/dist-packages/oslo_config/cfg.py:2609
2025-06-19 01:51:02.514 71307 DEBUG oslo_service.service [-] cache.backend = dogpile.cache.null log_opt_values /usr/lib/python3/dist-packages/oslo_config/cfg.py:2609
2025-06-19 01:51:02.514 71307 DEBUG oslo_service.service [-] cache.backend_argument = **** log_opt_values /usr/lib/python3/dist-packages/oslo_config/cfg.py:2609
2025-06-19 01:51:02.514 71307 DEBUG oslo_service.service [-] cache.config_prefix = cache.oslo log_opt_values /usr/lib/python3/dist-packages/oslo_config/cfg.py:2609
2025-06-19 01:51:02.514 71307 DEBUG oslo_service.service [-] cache.debug_cache_backend = False log_opt_values /usr/lib/python3/dist-packages/oslo_config/cfg.py:2609
2025-06-19 01:51:02.514 71307 DEBUG oslo_service.service [-] cache.enabled = False log_opt_values /usr/lib/python3/dist-packages/oslo_config/cfg.py:2609
2025-06-19 01:51:02.515 71307 DEBUG oslo_service.service [-] cache.expiration_time = 600 log_opt_values /usr/lib/python3/dist-packages/oslo_config/cfg.py:2609
2025-06-19 01:51:02.515 71307 DEBUG oslo_service.service [-] cache.memcache_dead_retry = 300 log_opt_values /usr/lib/python3/dist-packages/oslo_config/cfg.py:2609
2025-06-19 01:51:02.515 71307 DEBUG oslo_service.service [-] cache.memcache_pool_connection_get_timeout = 10 log_opt_values /usr/lib/python3/dist-packages/oslo_config/cfg.py:2609
2025-06-19 01:51:02.516 71307 DEBUG oslo_service.service [-] cache.memcache_pool_flush_on_reconnect = False log_opt_values /usr/lib/python3/dist-packages/oslo_config/cfg.py:2609
2025-06-19 01:51:02.516 71307 DEBUG oslo_service.service [-] cache.memcache_pool_maxsize = 10 log_opt_values /usr/lib/python3/dist-packages/oslo_config/cfg.py:2609
2025-06-19 01:51:02.516 71307 DEBUG oslo_service.service [-] cache.memcache_pool_unused_timeout = 60 log_opt_values /usr/lib/python3/dist-packages/oslo_config/cfg.py:2609
2025-06-19 01:51:02.516 71307 DEBUG oslo_service.service [-] cache.memcache_servers = ['localhost:11211'] log_opt_values /usr/lib/python3/dist-packages/oslo_config/cfg.py:2609
2025-06-19 01:51:02.516 71307 DEBUG oslo_service.service [-] cache.memcache_socket_timeout = 1.0 log_opt_values /usr/lib/python3/dist-packages/oslo_config/cfg.py:2609
2025-06-19 01:51:02.517 71307 DEBUG oslo_service.service [-] cache.proxies = [] log_opt_values /usr/lib/python3/dist-packages/oslo_config/cfg.py:2609
2025-06-19 01:51:02.517 71307 DEBUG oslo_service.service [-] cache.tls_allowed_ciphers = None log_opt_values /usr/lib/python3/dist-packages/oslo_config/cfg.py:2609
2025-06-19 01:51:02.517 71307 DEBUG oslo_service.service [-] cache.tls_cafile = None log_opt_values /usr/lib/python3/dist-packages/oslo_config/cfg.py:2609
2025-06-19 01:51:02.517 71307 DEBUG oslo_service.service [-] cache.tls_certfile = None log_opt_values /usr/lib/python3/dist-packages/oslo_config/cfg.py:2609
2025-06-19 01:51:02.517 71307 DEBUG oslo_service.service [-] cache.tls_enabled = False log_opt_values /usr/lib/python3/dist-packages/oslo_config/cfg.py:2609
2025-06-19 01:51:02.517 71307 DEBUG oslo_service.service [-] cache.tls_keyfile = None log_opt_values /usr/lib/python3/dist-packages/oslo_config/cfg.py:2609
2025-06-19 01:51:02.517 71307 DEBUG oslo_service.service [-] constraint_validation_cache.caching = True log_opt_values /usr/lib/python3/dist-packages/oslo_config/cfg.py:2609
2025-06-19 01:51:02.517 71307 DEBUG oslo_service.service [-] constraint_validation_cache.expiration_time = 60 log_opt_values /usr/lib/python3/dist-packages/oslo_config/cfg.py:2609
2025-06-19 01:51:02.517 71307 DEBUG oslo_service.service [-] service_extension_cache.caching = True log_opt_values /usr/lib/python3/dist-packages/oslo_config/cfg.py:2609
2025-06-19 01:51:02.518 71307 DEBUG oslo_service.service [-] service_extension_cache.expiration_time = 3600 log_opt_values /usr/lib/python3/dist-packages/oslo_config/cfg.py:2609
2025-06-19 01:51:02.518 71307 DEBUG oslo_service.service [-] resource_finder_cache.caching = True log_opt_values /usr/lib/python3/dist-packages/oslo_config/cfg.py:2609
2025-06-19 01:51:02.518 71307 DEBUG oslo_service.service [-] resource_finder_cache.expiration_time = 3600 log_opt_values /usr/lib/python3/dist-packages/oslo_config/cfg.py:2609
2025-06-19 01:51:02.518 71307 DEBUG oslo_service.service [-] yaql.limit_iterators = 200 log_opt_values /usr/lib/python3/dist-packages/oslo_config/cfg.py:2609
2025-06-19 01:51:02.519 71307 DEBUG oslo_service.service [-] yaql.memory_quota = 10000 log_opt_values /usr/lib/python3/dist-packages/oslo_config/cfg.py:2609
2025-06-19 01:51:02.519 71307 DEBUG oslo_service.service [-] ******************************************************************************** log_opt_values /usr/lib/python3/dist-packages/oslo_config/cfg.py:2613
2025-06-19 01:51:02.533 71655 DEBUG oslo_db.sqlalchemy.engines [req-97fd4d47-73e7-4d58-9c80-7af3320db4bc - - - - -] MySQL server mode set to STRICT_TRANS_TABLES,STRICT_ALL_TABLES,NO_ZERO_IN_DATE,NO_ZERO_DATE,ERROR_FOR_DIVISION_BY_ZERO,TRADITIONAL,NO_ENGINE_SUBSTITUTION _check_effective_sql_mode /usr/lib/python3/dist-packages/oslo_db/sqlalchemy/engines.py:314
2025-06-19 01:51:02.545 71656 DEBUG oslo_db.sqlalchemy.engines [req-b37e2ff3-bede-4033-95fe-d19ce818e1b2 - - - - -] MySQL server mode set to STRICT_TRANS_TABLES,STRICT_ALL_TABLES,NO_ZERO_IN_DATE,NO_ZERO_DATE,ERROR_FOR_DIVISION_BY_ZERO,TRADITIONAL,NO_ENGINE_SUBSTITUTION _check_effective_sql_mode /usr/lib/python3/dist-packages/oslo_db/sqlalchemy/engines.py:314
2025-06-19 01:51:02.546 71657 DEBUG oslo_db.sqlalchemy.engines [req-f1c49e00-711e-492a-830f-78b92033224d - - - - -] MySQL server mode set to STRICT_TRANS_TABLES,STRICT_ALL_TABLES,NO_ZERO_IN_DATE,NO_ZERO_DATE,ERROR_FOR_DIVISION_BY_ZERO,TRADITIONAL,NO_ENGINE_SUBSTITUTION _check_effective_sql_mode /usr/lib/python3/dist-packages/oslo_db/sqlalchemy/engines.py:314
2025-06-19 01:51:02.554 71658 DEBUG oslo_db.sqlalchemy.engines [req-e2329174-4bca-4f22-b0fc-3c31626f3d7c - - - - -] MySQL server mode set to STRICT_TRANS_TABLES,STRICT_ALL_TABLES,NO_ZERO_IN_DATE,NO_ZERO_DATE,ERROR_FOR_DIVISION_BY_ZERO,TRADITIONAL,NO_ENGINE_SUBSTITUTION _check_effective_sql_mode /usr/lib/python3/dist-packages/oslo_db/sqlalchemy/engines.py:314
2025-06-19 01:51:02.607 71655 DEBUG heat.engine.service [req-1bf8514e-3b40-4208-ad56-fdfeb48417e9 - - - - -] Service 37ad5457-b661-4234-b906-1b6a93dd8e51 is started service_manage_report /usr/lib/python3/dist-packages/heat/engine/service.py:2363
2025-06-19 01:51:02.613 71656 DEBUG heat.engine.service [req-f0e99a88-5772-4fc0-b1d9-96b1df0e6338 - - - - -] Service 3391ab6c-8252-458c-a484-0bcf310e8fd5 is started service_manage_report /usr/lib/python3/dist-packages/heat/engine/service.py:2363
2025-06-19 01:51:02.622 71657 DEBUG heat.engine.service [req-25c3af6c-d8bd-48a0-aa71-41362ce64ab4 - - - - -] Service 03f7477f-d841-446b-acb7-735ae09d09b4 is started service_manage_report /usr/lib/python3/dist-packages/heat/engine/service.py:2363
2025-06-19 01:51:02.626 71656 DEBUG heat.engine.service [req-f0e99a88-5772-4fc0-b1d9-96b1df0e6338 - - - - -] Service 3391ab6c-8252-458c-a484-0bcf310e8fd5 is updated service_manage_report /usr/lib/python3/dist-packages/heat/engine/service.py:2370
2025-06-19 01:51:02.630 71655 DEBUG heat.engine.service [req-1bf8514e-3b40-4208-ad56-fdfeb48417e9 - - - - -] Service 37ad5457-b661-4234-b906-1b6a93dd8e51 is updated service_manage_report /usr/lib/python3/dist-packages/heat/engine/service.py:2370
2025-06-19 01:51:02.637 71658 DEBUG heat.engine.service [req-276fef2b-85de-41e6-8e20-69cbb07c9818 - - - - -] Service 89abcdd5-d160-4daa-9589-6079fc974070 is started service_manage_report /usr/lib/python3/dist-packages/heat/engine/service.py:2363
2025-06-19 01:51:02.639 71657 DEBUG heat.engine.service [req-25c3af6c-d8bd-48a0-aa71-41362ce64ab4 - - - - -] Service 03f7477f-d841-446b-acb7-735ae09d09b4 is updated service_manage_report /usr/lib/python3/dist-packages/heat/engine/service.py:2370
2025-06-19 01:51:02.659 71658 DEBUG heat.engine.service [req-276fef2b-85de-41e6-8e20-69cbb07c9818 - - - - -] Service 89abcdd5-d160-4daa-9589-6079fc974070 is updated service_manage_report /usr/lib/python3/dist-packages/heat/engine/service.py:2370
2025-06-19 01:52:02.606 71655 DEBUG heat.engine.service [req-ab1c9316-db5f-4a71-bf47-abf58b1dc76a - - - - -] Service 37ad5457-b661-4234-b906-1b6a93dd8e51 is updated service_manage_report /usr/lib/python3/dist-packages/heat/engine/service.py:2370
2025-06-19 01:52:02.614 71656 DEBUG heat.engine.service [req-307e513e-9f46-4755-84bd-63d0178fe9bc - - - - -] Service 3391ab6c-8252-458c-a484-0bcf310e8fd5 is updated service_manage_report /usr/lib/python3/dist-packages/heat/engine/service.py:2370
2025-06-19 01:52:02.616 71657 DEBUG heat.engine.service [req-85095a9e-3481-4680-a801-77564e278e5e - - - - -] Service 03f7477f-d841-446b-acb7-735ae09d09b4 is updated service_manage_report /usr/lib/python3/dist-packages/heat/engine/service.py:2370
2025-06-19 01:52:02.632 71658 DEBUG heat.engine.service [req-1515d9c3-dbcb-47b2-8970-c419133748c0 - - - - -] Service 89abcdd5-d160-4daa-9589-6079fc974070 is updated service_manage_report /usr/lib/python3/dist-packages/heat/engine/service.py:2370
2025-06-19 01:53:02.600 71655 DEBUG heat.engine.service [req-3ebb8db2-3592-4eeb-844b-880f6e6e5454 - - - - -] Service 37ad5457-b661-4234-b906-1b6a93dd8e51 is updated service_manage_report /usr/lib/python3/dist-packages/heat/engine/service.py:2370
2025-06-19 01:53:02.609 71656 DEBUG heat.engine.service [req-a7696be8-b74d-4229-9f6e-35d13f69c071 - - - - -] Service 3391ab6c-8252-458c-a484-0bcf310e8fd5 is updated service_manage_report /usr/lib/python3/dist-packages/heat/engine/service.py:2370
2025-06-19 01:53:02.610 71657 DEBUG heat.engine.service [req-7051a2be-f0ba-4d74-b25f-b97b0a0f3fae - - - - -] Service 03f7477f-d841-446b-acb7-735ae09d09b4 is updated service_manage_report /usr/lib/python3/dist-packages/heat/engine/service.py:2370
2025-06-19 01:53:02.635 71658 DEBUG heat.engine.service [req-0d295bd1-1c1f-4ddd-9e73-eb5f01c81b1d - - - - -] Service 89abcdd5-d160-4daa-9589-6079fc974070 is updated service_manage_report /usr/lib/python3/dist-packages/heat/engine/service.py:2370
2025-06-19 01:54:02.604 71655 DEBUG heat.engine.service [req-f05319be-bda5-4aa9-823e-4449aa3bd5b9 - - - - -] Service 37ad5457-b661-4234-b906-1b6a93dd8e51 is updated service_manage_report /usr/lib/python3/dist-packages/heat/engine/service.py:2370
2025-06-19 01:54:02.612 71656 DEBUG heat.engine.service [req-991e31cb-5f04-4f53-8420-45447f2e9ddf - - - - -] Service 3391ab6c-8252-458c-a484-0bcf310e8fd5 is updated service_manage_report /usr/lib/python3/dist-packages/heat/engine/service.py:2370
2025-06-19 01:54:02.614 71657 DEBUG heat.engine.service [req-e9b62c35-f853-47bc-a9f2-94a7727de534 - - - - -] Service 03f7477f-d841-446b-acb7-735ae09d09b4 is updated service_manage_report /usr/lib/python3/dist-packages/heat/engine/service.py:2370
2025-06-19 01:54:02.637 71658 DEBUG heat.engine.service [req-54a39a1c-e994-4326-a51f-7f047a9cbd2b - - - - -] Service 89abcdd5-d160-4daa-9589-6079fc974070 is updated service_manage_report /usr/lib/python3/dist-packages/heat/engine/service.py:2370
2025-06-19 01:55:02.606 71655 DEBUG heat.engine.service [req-4775c6aa-1ef0-456e-ae40-cbbf3dafcb0f - - - - -] Service 37ad5457-b661-4234-b906-1b6a93dd8e51 is updated service_manage_report /usr/lib/python3/dist-packages/heat/engine/service.py:2370
2025-06-19 01:55:02.618 71656 DEBUG heat.engine.service [req-83c7f379-1c07-430e-ac29-05cb9f157aaf - - - - -] Service 3391ab6c-8252-458c-a484-0bcf310e8fd5 is updated service_manage_report /usr/lib/python3/dist-packages/heat/engine/service.py:2370
2025-06-19 01:55:02.620 71657 DEBUG heat.engine.service [req-f83d4a65-2861-4f9e-8548-4a7c9650ebe4 - - - - -] Service 03f7477f-d841-446b-acb7-735ae09d09b4 is updated service_manage_report /usr/lib/python3/dist-packages/heat/engine/service.py:2370
2025-06-19 01:55:02.645 71658 DEBUG heat.engine.service [req-39986877-96ea-4ca6-9cf1-8b3541d86de2 - - - - -] Service 89abcdd5-d160-4daa-9589-6079fc974070 is updated service_manage_report /usr/lib/python3/dist-packages/heat/engine/service.py:2370
2025-06-19 01:56:02.607 71655 DEBUG heat.engine.service [req-8036c612-5542-4d08-b639-0ff3894c33cf - - - - -] Service 37ad5457-b661-4234-b906-1b6a93dd8e51 is updated service_manage_report /usr/lib/python3/dist-packages/heat/engine/service.py:2370
2025-06-19 01:56:02.612 71657 DEBUG heat.engine.service [req-6883d545-fb28-45c9-8cf1-e4624440ee47 - - - - -] Service 03f7477f-d841-446b-acb7-735ae09d09b4 is updated service_manage_report /usr/lib/python3/dist-packages/heat/engine/service.py:2370
2025-06-19 01:56:02.620 71656 DEBUG heat.engine.service [req-c102f784-69e9-4a06-8d87-009b3d33d090 - - - - -] Service 3391ab6c-8252-458c-a484-0bcf310e8fd5 is updated service_manage_report /usr/lib/python3/dist-packages/heat/engine/service.py:2370
2025-06-19 01:56:02.636 71658 DEBUG heat.engine.service [req-a55c3715-9dc9-4a50-a754-211bbf75ed9c - - - - -] Service 89abcdd5-d160-4daa-9589-6079fc974070 is updated service_manage_report /usr/lib/python3/dist-packages/heat/engine/service.py:2370
2025-06-19 01:57:02.610 71655 DEBUG heat.engine.service [req-229d48b7-dcf8-46a5-9182-d828c0bae70e - - - - -] Service 37ad5457-b661-4234-b906-1b6a93dd8e51 is updated service_manage_report /usr/lib/python3/dist-packages/heat/engine/service.py:2370
2025-06-19 01:57:02.615 71657 DEBUG heat.engine.service [req-6e6f778e-101e-4dc5-af3f-0c36af5c0ca9 - - - - -] Service 03f7477f-d841-446b-acb7-735ae09d09b4 is updated service_manage_report /usr/lib/python3/dist-packages/heat/engine/service.py:2370
2025-06-19 01:57:02.624 71656 DEBUG heat.engine.service [req-1dd883e0-70bd-4a5c-92ee-50fed82ad801 - - - - -] Service 3391ab6c-8252-458c-a484-0bcf310e8fd5 is updated service_manage_report /usr/lib/python3/dist-packages/heat/engine/service.py:2370
2025-06-19 01:57:02.637 71658 DEBUG heat.engine.service [req-0e293de1-736e-46a5-a9f9-c6607e44833b - - - - -] Service 89abcdd5-d160-4daa-9589-6079fc974070 is updated service_manage_report /usr/lib/python3/dist-packages/heat/engine/service.py:2370
2025-06-19 01:58:02.611 71655 DEBUG heat.engine.service [req-4904b474-eb37-466b-b8a0-ebcd20dfc374 - - - - -] Service 37ad5457-b661-4234-b906-1b6a93dd8e51 is updated service_manage_report /usr/lib/python3/dist-packages/heat/engine/service.py:2370
2025-06-19 01:58:02.618 71657 DEBUG heat.engine.service [req-82947e0c-f3de-4907-baab-89be2afd00c6 - - - - -] Service 03f7477f-d841-446b-acb7-735ae09d09b4 is updated service_manage_report /usr/lib/python3/dist-packages/heat/engine/service.py:2370
2025-06-19 01:58:02.629 71656 DEBUG heat.engine.service [req-92c8185f-9979-4283-b620-5b8e22f2849b - - - - -] Service 3391ab6c-8252-458c-a484-0bcf310e8fd5 is updated service_manage_report /usr/lib/python3/dist-packages/heat/engine/service.py:2370
2025-06-19 01:58:02.640 71658 DEBUG heat.engine.service [req-3d297ee9-97fc-4799-89c9-d4fd45e99a05 - - - - -] Service 89abcdd5-d160-4daa-9589-6079fc974070 is updated service_manage_report /usr/lib/python3/dist-packages/heat/engine/service.py:2370
2025-06-19 01:59:02.613 71655 DEBUG heat.engine.service [req-af4bfea5-e00d-4ea6-98ec-452875f19ca3 - - - - -] Service 37ad5457-b661-4234-b906-1b6a93dd8e51 is updated service_manage_report /usr/lib/python3/dist-packages/heat/engine/service.py:2370
2025-06-19 01:59:02.621 71657 DEBUG heat.engine.service [req-1a29236a-bed8-46f9-84b5-0da6bb2e7569 - - - - -] Service 03f7477f-d841-446b-acb7-735ae09d09b4 is updated service_manage_report /usr/lib/python3/dist-packages/heat/engine/service.py:2370
2025-06-19 01:59:02.632 71656 DEBUG heat.engine.service [req-8d8928aa-b8a0-4195-9c12-d7fe1384115e - - - - -] Service 3391ab6c-8252-458c-a484-0bcf310e8fd5 is updated service_manage_report /usr/lib/python3/dist-packages/heat/engine/service.py:2370
2025-06-19 01:59:02.642 71658 DEBUG heat.engine.service [req-6c2859e8-2268-49ff-a6d1-5ada2fcd3108 - - - - -] Service 89abcdd5-d160-4daa-9589-6079fc974070 is updated service_manage_report /usr/lib/python3/dist-packages/heat/engine/service.py:2370
2025-06-19 02:00:02.616 71655 DEBUG heat.engine.service [req-10227771-fcca-4257-8787-eb9ecd639aec - - - - -] Service 37ad5457-b661-4234-b906-1b6a93dd8e51 is updated service_manage_report /usr/lib/python3/dist-packages/heat/engine/service.py:2370
2025-06-19 02:00:02.621 71657 DEBUG heat.engine.service [req-1d6e0a33-7efb-4ae4-95a3-17f998c6f1e4 - - - - -] Service 03f7477f-d841-446b-acb7-735ae09d09b4 is updated service_manage_report /usr/lib/python3/dist-packages/heat/engine/service.py:2370
2025-06-19 02:00:02.635 71656 DEBUG heat.engine.service [req-a069e7be-8fdb-42b1-8815-17ba1b2a728d - - - - -] Service 3391ab6c-8252-458c-a484-0bcf310e8fd5 is updated service_manage_report /usr/lib/python3/dist-packages/heat/engine/service.py:2370
2025-06-19 02:00:02.648 71658 DEBUG heat.engine.service [req-b96f189f-c93c-42b9-a420-c724bdff3123 - - - - -] Service 89abcdd5-d160-4daa-9589-6079fc974070 is updated service_manage_report /usr/lib/python3/dist-packages/heat/engine/service.py:2370
2025-06-19 02:01:02.620 71655 DEBUG heat.engine.service [req-86fca763-259b-4435-bf72-6af11568644d - - - - -] Service 37ad5457-b661-4234-b906-1b6a93dd8e51 is updated service_manage_report /usr/lib/python3/dist-packages/heat/engine/service.py:2370
2025-06-19 02:01:02.622 71657 DEBUG heat.engine.service [req-bcb1a48b-c9a2-4313-a59e-e374e43f1af9 - - - - -] Service 03f7477f-d841-446b-acb7-735ae09d09b4 is updated service_manage_report /usr/lib/python3/dist-packages/heat/engine/service.py:2370
2025-06-19 02:01:02.638 71656 DEBUG heat.engine.service [req-5cd34694-8850-4b22-b355-2885d3c92d78 - - - - -] Service 3391ab6c-8252-458c-a484-0bcf310e8fd5 is updated service_manage_report /usr/lib/python3/dist-packages/heat/engine/service.py:2370
2025-06-19 02:01:02.640 71658 DEBUG heat.engine.service [req-e0c83672-5bba-46dd-ac5f-aad2ce490b17 - - - - -] Service 89abcdd5-d160-4daa-9589-6079fc974070 is updated service_manage_report /usr/lib/python3/dist-packages/heat/engine/service.py:2370
2025-06-19 02:02:02.622 71655 DEBUG heat.engine.service [req-08eb43a8-0f1d-4b94-977a-278cdace0d27 - - - - -] Service 37ad5457-b661-4234-b906-1b6a93dd8e51 is updated service_manage_report /usr/lib/python3/dist-packages/heat/engine/service.py:2370
2025-06-19 02:02:02.623 71657 DEBUG heat.engine.service [req-fe463c6d-fcbc-4fcd-b336-3f5ff75566ab - - - - -] Service 03f7477f-d841-446b-acb7-735ae09d09b4 is updated service_manage_report /usr/lib/python3/dist-packages/heat/engine/service.py:2370
2025-06-19 02:02:02.640 71656 DEBUG heat.engine.service [req-8f82832b-1a96-4d72-90dd-66e12a31c9cf - - - - -] Service 3391ab6c-8252-458c-a484-0bcf310e8fd5 is updated service_manage_report /usr/lib/python3/dist-packages/heat/engine/service.py:2370
2025-06-19 02:02:02.643 71658 DEBUG heat.engine.service [req-b9f758f1-1349-4494-bb3b-1d5bef66369a - - - - -] Service 89abcdd5-d160-4daa-9589-6079fc974070 is updated service_manage_report /usr/lib/python3/dist-packages/heat/engine/service.py:2370
2025-06-19 02:03:02.642 71657 DEBUG heat.engine.service [req-1de529e2-3b3a-4ab5-bd0e-3b62ce4acd17 - - - - -] Service 03f7477f-d841-446b-acb7-735ae09d09b4 is updated service_manage_report /usr/lib/python3/dist-packages/heat/engine/service.py:2370
2025-06-19 02:03:02.652 71656 DEBUG heat.engine.service [req-ac04eb07-b6e9-47ad-b098-5909771c7317 - - - - -] Service 3391ab6c-8252-458c-a484-0bcf310e8fd5 is updated service_manage_report /usr/lib/python3/dist-packages/heat/engine/service.py:2370
2025-06-19 02:03:02.655 71658 DEBUG heat.engine.service [req-9e79f03c-4905-42a4-9119-f3b7dac6ce3f - - - - -] Service 89abcdd5-d160-4daa-9589-6079fc974070 is updated service_manage_report /usr/lib/python3/dist-packages/heat/engine/service.py:2370
2025-06-19 02:03:02.655 71655 DEBUG heat.engine.service [req-b9b75935-2f09-4a07-9412-74f87047ebbf - - - - -] Service 37ad5457-b661-4234-b906-1b6a93dd8e51 is updated service_manage_report /usr/lib/python3/dist-packages/heat/engine/service.py:2370
2025-06-19 02:04:02.626 71657 DEBUG heat.engine.service [req-ffe7c581-8611-47a4-8bb3-c06a62fe0dc9 - - - - -] Service 03f7477f-d841-446b-acb7-735ae09d09b4 is updated service_manage_report /usr/lib/python3/dist-packages/heat/engine/service.py:2370
2025-06-19 02:04:02.629 71655 DEBUG heat.engine.service [req-239925bd-17e2-475a-b4db-bd57885901d7 - - - - -] Service 37ad5457-b661-4234-b906-1b6a93dd8e51 is updated service_manage_report /usr/lib/python3/dist-packages/heat/engine/service.py:2370
2025-06-19 02:04:02.643 71656 DEBUG heat.engine.service [req-4f99c6ab-51ac-46a0-8798-46a479f2ad22 - - - - -] Service 3391ab6c-8252-458c-a484-0bcf310e8fd5 is updated service_manage_report /usr/lib/python3/dist-packages/heat/engine/service.py:2370
2025-06-19 02:04:02.649 71658 DEBUG heat.engine.service [req-23e9c61f-ab59-4c45-bb2f-d21ed162ccf3 - - - - -] Service 89abcdd5-d160-4daa-9589-6079fc974070 is updated service_manage_report /usr/lib/python3/dist-packages/heat/engine/service.py:2370
2025-06-19 02:05:02.631 71657 DEBUG heat.engine.service [req-91cc6fc4-bcc6-4dad-bb9d-63a31a3fba88 - - - - -] Service 03f7477f-d841-446b-acb7-735ae09d09b4 is updated service_manage_report /usr/lib/python3/dist-packages/heat/engine/service.py:2370
2025-06-19 02:05:02.633 71655 DEBUG heat.engine.service [req-fc05d1e9-b066-43c7-a4f7-d43192607e65 - - - - -] Service 37ad5457-b661-4234-b906-1b6a93dd8e51 is updated service_manage_report /usr/lib/python3/dist-packages/heat/engine/service.py:2370
2025-06-19 02:05:02.646 71656 DEBUG heat.engine.service [req-1eee95d2-5ed5-47d6-8dbc-f2472fd9ec8c - - - - -] Service 3391ab6c-8252-458c-a484-0bcf310e8fd5 is updated service_manage_report /usr/lib/python3/dist-packages/heat/engine/service.py:2370
2025-06-19 02:05:02.653 71658 DEBUG heat.engine.service [req-debdd25b-7681-4462-b25f-dbab1afd1f01 - - - - -] Service 89abcdd5-d160-4daa-9589-6079fc974070 is updated service_manage_report /usr/lib/python3/dist-packages/heat/engine/service.py:2370
