2025-06-19 02:00:09.908 7 DEBUG oslo_service.service [-] ml2_type_gre.tunnel_id_ranges = [] log_opt_values /var/lib/kolla/venv/lib/python3.6/site-packages/oslo_config/cfg.py:2611
2025-06-19 02:00:09.908 7 DEBUG oslo_service.service [-] ml2_type_vlan.network_vlan_ranges = [] log_opt_values /var/lib/kolla/venv/lib/python3.6/site-packages/oslo_config/cfg.py:2611
2025-06-19 02:00:09.908 7 DEBUG oslo_service.service [-] ml2_type_vxlan.vni_ranges = [] log_opt_values /var/lib/kolla/venv/lib/python3.6/site-packages/oslo_config/cfg.py:2611
2025-06-19 02:00:09.908 7 DEBUG oslo_service.service [-] ml2_type_vxlan.vxlan_group = None log_opt_values /var/lib/kolla/venv/lib/python3.6/site-packages/oslo_config/cfg.py:2611
2025-06-19 02:00:09.909 7 DEBUG oslo_service.service [-] database.backend = sqlalchemy log_opt_values /var/lib/kolla/venv/lib/python3.6/site-packages/oslo_config/cfg.py:2611
2025-06-19 02:00:09.909 7 DEBUG oslo_service.service [-] database.connection = **** log_opt_values /var/lib/kolla/venv/lib/python3.6/site-packages/oslo_config/cfg.py:2611
2025-06-19 02:00:09.909 7 DEBUG oslo_service.service [-] database.connection_debug = 0 log_opt_values /var/lib/kolla/venv/lib/python3.6/site-packages/oslo_config/cfg.py:2611
2025-06-19 02:00:09.909 7 DEBUG oslo_service.service [-] database.connection_parameters = log_opt_values /var/lib/kolla/venv/lib/python3.6/site-packages/oslo_config/cfg.py:2611
2025-06-19 02:00:09.909 7 DEBUG oslo_service.service [-] database.connection_recycle_time = 10 log_opt_values /var/lib/kolla/venv/lib/python3.6/site-packages/oslo_config/cfg.py:2611
2025-06-19 02:00:09.909 7 DEBUG oslo_service.service [-] database.connection_trace = False log_opt_values /var/lib/kolla/venv/lib/python3.6/site-packages/oslo_config/cfg.py:2611
2025-06-19 02:00:09.909 7 DEBUG oslo_service.service [-] database.db_inc_retry_interval = True log_opt_values /var/lib/kolla/venv/lib/python3.6/site-packages/oslo_config/cfg.py:2611
2025-06-19 02:00:09.909 7 DEBUG oslo_service.service [-] database.db_max_retries = 20 log_opt_values /var/lib/kolla/venv/lib/python3.6/site-packages/oslo_config/cfg.py:2611
2025-06-19 02:00:09.909 7 DEBUG oslo_service.service [-] database.db_max_retry_interval = 10 log_opt_values /var/lib/kolla/venv/lib/python3.6/site-packages/oslo_config/cfg.py:2611
2025-06-19 02:00:09.909 7 DEBUG oslo_service.service [-] database.db_retry_interval = 1 log_opt_values /var/lib/kolla/venv/lib/python3.6/site-packages/oslo_config/cfg.py:2611
2025-06-19 02:00:09.909 7 DEBUG oslo_service.service [-] database.max_overflow = 50 log_opt_values /var/lib/kolla/venv/lib/python3.6/site-packages/oslo_config/cfg.py:2611
2025-06-19 02:00:09.909 7 DEBUG oslo_service.service [-] database.max_pool_size = 1 log_opt_values /var/lib/kolla/venv/lib/python3.6/site-packages/oslo_config/cfg.py:2611
2025-06-19 02:00:09.909 7 DEBUG oslo_service.service [-] database.max_retries = -1 log_opt_values /var/lib/kolla/venv/lib/python3.6/site-packages/oslo_config/cfg.py:2611
2025-06-19 02:00:09.909 7 DEBUG oslo_service.service [-] database.mysql_enable_ndb = False log_opt_values /var/lib/kolla/venv/lib/python3.6/site-packages/oslo_config/cfg.py:2611
2025-06-19 02:00:09.909 7 DEBUG oslo_service.service [-] database.mysql_sql_mode = TRADITIONAL log_opt_values /var/lib/kolla/venv/lib/python3.6/site-packages/oslo_config/cfg.py:2611
2025-06-19 02:00:09.909 7 DEBUG oslo_service.service [-] database.pool_timeout = None log_opt_values /var/lib/kolla/venv/lib/python3.6/site-packages/oslo_config/cfg.py:2611
2025-06-19 02:00:09.910 7 DEBUG oslo_service.service [-] database.retry_interval = 10 log_opt_values /var/lib/kolla/venv/lib/python3.6/site-packages/oslo_config/cfg.py:2611
2025-06-19 02:00:09.910 7 DEBUG oslo_service.service [-] database.slave_connection = **** log_opt_values /var/lib/kolla/venv/lib/python3.6/site-packages/oslo_config/cfg.py:2611
2025-06-19 02:00:09.910 7 DEBUG oslo_service.service [-] database.sqlite_synchronous = True log_opt_values /var/lib/kolla/venv/lib/python3.6/site-packages/oslo_config/cfg.py:2611
2025-06-19 02:00:09.910 7 DEBUG oslo_service.service [-] database.use_db_reconnect = False log_opt_values /var/lib/kolla/venv/lib/python3.6/site-packages/oslo_config/cfg.py:2611
2025-06-19 02:00:09.910 7 DEBUG oslo_service.service [-] ******************************************************************************** log_opt_values /var/lib/kolla/venv/lib/python3.6/site-packages/oslo_config/cfg.py:2613
2025-06-19 02:00:11.810 22 DEBUG neutron.wsgi [-] (22) accepted ('10.0.0.38', 32770) server /var/lib/kolla/venv/lib/python3.6/site-packages/eventlet/wsgi.py:1004
2025-06-19 02:00:11.817 22 INFO neutron.wsgi [-] 10.0.0.38 "GET / HTTP/1.1" status: 200 len: 227 time: 0.0049200
2025-06-19 02:00:15.459 25 DEBUG neutron.api.rpc.handlers.dhcp_rpc [req-a0b4c1b4-b4f3-4658-8e64-a35aac352ffd - - - - -] get_active_networks_info from cn-jenkins-deploy-platform-ansible-os-3483-1 get_active_networks_info /var/lib/kolla/venv/lib/python3.6/site-packages/neutron/api/rpc/handlers/dhcp_rpc.py:159
2025-06-19 02:00:15.479 26 DEBUG neutron_lib.callbacks.manager [req-54945f39-b288-4c39-84a3-8f0b96ba690d - - - - -] Publish callbacks ['neutron.services.segments.db._update_segment_host_mapping_for_agent-8771608489843', 'neutron.services.l3_router.l3_router_plugin.DVRResourceOperationHandler.create_fip_agent_gw_ports-593667'] for agent (a88f6f63-0c06-44e2-a647-5835f05f9a8e), after_create _notify_loop /var/lib/kolla/venv/lib/python3.6/site-packages/neutron_lib/callbacks/manager.py:177
2025-06-19 02:00:15.495 25 DEBUG neutron.scheduler.dhcp_agent_scheduler [req-a0b4c1b4-b4f3-4658-8e64-a35aac352ffd - - - - -] No non-hosted networks auto_schedule_networks /var/lib/kolla/venv/lib/python3.6/site-packages/neutron/scheduler/dhcp_agent_scheduler.py:60
2025-06-19 02:00:35.025 28 DEBUG neutron_lib.callbacks.manager [req-379a0b67-689c-4bd3-9b78-5c13d78d961e - - - - -] Publish callbacks ['neutron.services.segments.db._update_segment_host_mapping_for_agent-8771608489843', 'neutron.services.l3_router.l3_router_plugin.DVRResourceOperationHandler.create_fip_agent_gw_ports-593667'] for agent (f9badd12-fdc5-4854-afa3-28f3de36bb29), after_create _notify_loop /var/lib/kolla/venv/lib/python3.6/site-packages/neutron_lib/callbacks/manager.py:177
2025-06-19 02:00:41.858 22 DEBUG neutron.wsgi [-] (22) accepted ('10.0.0.38', 48504) server /var/lib/kolla/venv/lib/python3.6/site-packages/eventlet/wsgi.py:1004
2025-06-19 02:00:41.862 22 INFO neutron.wsgi [-] 10.0.0.38 "GET / HTTP/1.1" status: 200 len: 227 time: 0.0038099
2025-06-19 02:00:45.465 25 DEBUG neutron_lib.callbacks.manager [req-0b03d3d8-faa8-499a-be42-b3327633f614 - - - - -] Publish callbacks ['neutron.services.segments.db._update_segment_host_mapping_for_agent-8771608489843', 'neutron.plugins.ml2.plugin.Ml2Plugin._retry_binding_revived_agents-3941768'] for agent (a88f6f63-0c06-44e2-a647-5835f05f9a8e), after_update _notify_loop /var/lib/kolla/venv/lib/python3.6/site-packages/neutron_lib/callbacks/manager.py:177
2025-06-19 02:00:48.880 29 DEBUG neutron.db.agents_db [req-1b5c6ef5-6e3a-4f5a-9c3b-afa2416c8487 - - - - -] Agent healthcheck: found 2 active agents agent_health_check /var/lib/kolla/venv/lib/python3.6/site-packages/neutron/db/agents_db.py:318
2025-06-19 02:01:05.003 23 DEBUG neutron_lib.callbacks.manager [req-379a0b67-689c-4bd3-9b78-5c13d78d961e - - - - -] Publish callbacks ['neutron.services.segments.db._update_segment_host_mapping_for_agent-8771608489843', 'neutron.plugins.ml2.plugin.Ml2Plugin._retry_binding_revived_agents-3941768'] for agent (f9badd12-fdc5-4854-afa3-28f3de36bb29), after_update _notify_loop /var/lib/kolla/venv/lib/python3.6/site-packages/neutron_lib/callbacks/manager.py:177
2025-06-19 02:01:11.903 22 DEBUG neutron.wsgi [-] (22) accepted ('10.0.0.38', 40060) server /var/lib/kolla/venv/lib/python3.6/site-packages/eventlet/wsgi.py:1004
2025-06-19 02:01:11.906 22 INFO neutron.wsgi [-] 10.0.0.38 "GET / HTTP/1.1" status: 200 len: 227 time: 0.0025780
2025-06-19 02:01:15.473 27 DEBUG neutron_lib.callbacks.manager [req-c4ae227a-c52c-42ad-adcd-aafffee9d83b - - - - -] Publish callbacks ['neutron.services.segments.db._update_segment_host_mapping_for_agent-8771608489843', 'neutron.plugins.ml2.plugin.Ml2Plugin._retry_binding_revived_agents-3941768'] for agent (a88f6f63-0c06-44e2-a647-5835f05f9a8e), after_update _notify_loop /var/lib/kolla/venv/lib/python3.6/site-packages/neutron_lib/callbacks/manager.py:177
2025-06-19 02:01:25.876 29 DEBUG neutron.db.agents_db [req-1b5c6ef5-6e3a-4f5a-9c3b-afa2416c8487 - - - - -] Agent healthcheck: found 2 active agents agent_health_check /var/lib/kolla/venv/lib/python3.6/site-packages/neutron/db/agents_db.py:318
2025-06-19 02:01:35.005 24 DEBUG neutron_lib.callbacks.manager [req-379a0b67-689c-4bd3-9b78-5c13d78d961e - - - - -] Publish callbacks ['neutron.services.segments.db._update_segment_host_mapping_for_agent-8771608489843', 'neutron.plugins.ml2.plugin.Ml2Plugin._retry_binding_revived_agents-3941768'] for agent (f9badd12-fdc5-4854-afa3-28f3de36bb29), after_update _notify_loop /var/lib/kolla/venv/lib/python3.6/site-packages/neutron_lib/callbacks/manager.py:177
2025-06-19 02:01:41.956 22 DEBUG neutron.wsgi [-] (22) accepted ('10.0.0.38', 36828) server /var/lib/kolla/venv/lib/python3.6/site-packages/eventlet/wsgi.py:1004
2025-06-19 02:01:41.960 22 INFO neutron.wsgi [-] 10.0.0.38 "GET / HTTP/1.1" status: 200 len: 227 time: 0.0025702
2025-06-19 02:01:45.464 26 DEBUG neutron_lib.callbacks.manager [req-0889f340-0f58-4993-9719-def37a152c61 - - - - -] Publish callbacks ['neutron.services.segments.db._update_segment_host_mapping_for_agent-8771608489843', 'neutron.plugins.ml2.plugin.Ml2Plugin._retry_binding_revived_agents-3941768'] for agent (a88f6f63-0c06-44e2-a647-5835f05f9a8e), after_update _notify_loop /var/lib/kolla/venv/lib/python3.6/site-packages/neutron_lib/callbacks/manager.py:177
2025-06-19 02:02:02.885 29 DEBUG neutron.db.agents_db [req-1b5c6ef5-6e3a-4f5a-9c3b-afa2416c8487 - - - - -] Agent healthcheck: found 2 active agents agent_health_check /var/lib/kolla/venv/lib/python3.6/site-packages/neutron/db/agents_db.py:318
2025-06-19 02:02:04.995 28 DEBUG neutron_lib.callbacks.manager [req-379a0b67-689c-4bd3-9b78-5c13d78d961e - - - - -] Publish callbacks ['neutron.services.segments.db._update_segment_host_mapping_for_agent-8771608489843', 'neutron.plugins.ml2.plugin.Ml2Plugin._retry_binding_revived_agents-3941768'] for agent (f9badd12-fdc5-4854-afa3-28f3de36bb29), after_update _notify_loop /var/lib/kolla/venv/lib/python3.6/site-packages/neutron_lib/callbacks/manager.py:177
2025-06-19 02:02:12.006 22 DEBUG neutron.wsgi [-] (22) accepted ('10.0.0.38', 59558) server /var/lib/kolla/venv/lib/python3.6/site-packages/eventlet/wsgi.py:1004
2025-06-19 02:02:12.010 22 INFO neutron.wsgi [-] 10.0.0.38 "GET / HTTP/1.1" status: 200 len: 227 time: 0.0031354
2025-06-19 02:02:15.459 25 DEBUG neutron_lib.callbacks.manager [req-5e6aa92d-1296-4ceb-9363-c8c4e723dfb0 - - - - -] Publish callbacks ['neutron.services.segments.db._update_segment_host_mapping_for_agent-8771608489843', 'neutron.plugins.ml2.plugin.Ml2Plugin._retry_binding_revived_agents-3941768'] for agent (a88f6f63-0c06-44e2-a647-5835f05f9a8e), after_update _notify_loop /var/lib/kolla/venv/lib/python3.6/site-packages/neutron_lib/callbacks/manager.py:177
2025-06-19 02:02:34.994 23 DEBUG neutron_lib.callbacks.manager [req-379a0b67-689c-4bd3-9b78-5c13d78d961e - - - - -] Publish callbacks ['neutron.services.segments.db._update_segment_host_mapping_for_agent-8771608489843', 'neutron.plugins.ml2.plugin.Ml2Plugin._retry_binding_revived_agents-3941768'] for agent (f9badd12-fdc5-4854-afa3-28f3de36bb29), after_update _notify_loop /var/lib/kolla/venv/lib/python3.6/site-packages/neutron_lib/callbacks/manager.py:177
2025-06-19 02:02:39.881 29 DEBUG neutron.db.agents_db [req-1b5c6ef5-6e3a-4f5a-9c3b-afa2416c8487 - - - - -] Agent healthcheck: found 2 active agents agent_health_check /var/lib/kolla/venv/lib/python3.6/site-packages/neutron/db/agents_db.py:318
2025-06-19 02:02:42.055 22 DEBUG neutron.wsgi [-] (22) accepted ('10.0.0.38', 39542) server /var/lib/kolla/venv/lib/python3.6/site-packages/eventlet/wsgi.py:1004
2025-06-19 02:02:42.059 22 INFO neutron.wsgi [-] 10.0.0.38 "GET / HTTP/1.1" status: 200 len: 227 time: 0.0027952
2025-06-19 02:02:45.464 27 DEBUG neutron_lib.callbacks.manager [req-f58dd46c-abe7-4a2c-a6d1-ac85832f4a5a - - - - -] Publish callbacks ['neutron.services.segments.db._update_segment_host_mapping_for_agent-8771608489843', 'neutron.plugins.ml2.plugin.Ml2Plugin._retry_binding_revived_agents-3941768'] for agent (a88f6f63-0c06-44e2-a647-5835f05f9a8e), after_update _notify_loop /var/lib/kolla/venv/lib/python3.6/site-packages/neutron_lib/callbacks/manager.py:177
2025-06-19 02:03:04.998 24 DEBUG neutron_lib.callbacks.manager [req-379a0b67-689c-4bd3-9b78-5c13d78d961e - - - - -] Publish callbacks ['neutron.services.segments.db._update_segment_host_mapping_for_agent-8771608489843', 'neutron.plugins.ml2.plugin.Ml2Plugin._retry_binding_revived_agents-3941768'] for agent (f9badd12-fdc5-4854-afa3-28f3de36bb29), after_update _notify_loop /var/lib/kolla/venv/lib/python3.6/site-packages/neutron_lib/callbacks/manager.py:177
2025-06-19 02:03:12.099 22 DEBUG neutron.wsgi [-] (22) accepted ('10.0.0.38', 55586) server /var/lib/kolla/venv/lib/python3.6/site-packages/eventlet/wsgi.py:1004
2025-06-19 02:03:12.103 22 INFO neutron.wsgi [-] 10.0.0.38 "GET / HTTP/1.1" status: 200 len: 227 time: 0.0029516
2025-06-19 02:03:15.470 26 DEBUG neutron_lib.callbacks.manager [req-e56c8443-2802-44b5-ba25-9695853a4269 - - - - -] Publish callbacks ['neutron.services.segments.db._update_segment_host_mapping_for_agent-8771608489843', 'neutron.plugins.ml2.plugin.Ml2Plugin._retry_binding_revived_agents-3941768'] for agent (a88f6f63-0c06-44e2-a647-5835f05f9a8e), after_update _notify_loop /var/lib/kolla/venv/lib/python3.6/site-packages/neutron_lib/callbacks/manager.py:177
2025-06-19 02:03:16.889 29 DEBUG neutron.db.agents_db [req-1b5c6ef5-6e3a-4f5a-9c3b-afa2416c8487 - - - - -] Agent healthcheck: found 2 active agents agent_health_check /var/lib/kolla/venv/lib/python3.6/site-packages/neutron/db/agents_db.py:318
2025-06-19 02:03:35.000 28 DEBUG neutron_lib.callbacks.manager [req-379a0b67-689c-4bd3-9b78-5c13d78d961e - - - - -] Publish callbacks ['neutron.services.segments.db._update_segment_host_mapping_for_agent-8771608489843', 'neutron.plugins.ml2.plugin.Ml2Plugin._retry_binding_revived_agents-3941768'] for agent (f9badd12-fdc5-4854-afa3-28f3de36bb29), after_update _notify_loop /var/lib/kolla/venv/lib/python3.6/site-packages/neutron_lib/callbacks/manager.py:177
2025-06-19 02:03:42.145 22 DEBUG neutron.wsgi [-] (22) accepted ('10.0.0.38', 54598) server /var/lib/kolla/venv/lib/python3.6/site-packages/eventlet/wsgi.py:1004
2025-06-19 02:03:42.148 22 INFO neutron.wsgi [-] 10.0.0.38 "GET / HTTP/1.1" status: 200 len: 227 time: 0.0026290
2025-06-19 02:03:45.477 25 DEBUG neutron_lib.callbacks.manager [req-d49ab34d-4ed8-43c7-875f-d4ea4f497543 - - - - -] Publish callbacks ['neutron.services.segments.db._update_segment_host_mapping_for_agent-8771608489843', 'neutron.plugins.ml2.plugin.Ml2Plugin._retry_binding_revived_agents-3941768'] for agent (a88f6f63-0c06-44e2-a647-5835f05f9a8e), after_update _notify_loop /var/lib/kolla/venv/lib/python3.6/site-packages/neutron_lib/callbacks/manager.py:177
2025-06-19 02:03:53.885 29 DEBUG neutron.db.agents_db [req-1b5c6ef5-6e3a-4f5a-9c3b-afa2416c8487 - - - - -] Agent healthcheck: found 2 active agents agent_health_check /var/lib/kolla/venv/lib/python3.6/site-packages/neutron/db/agents_db.py:318
2025-06-19 02:04:05.002 23 DEBUG neutron_lib.callbacks.manager [req-379a0b67-689c-4bd3-9b78-5c13d78d961e - - - - -] Publish callbacks ['neutron.services.segments.db._update_segment_host_mapping_for_agent-8771608489843', 'neutron.plugins.ml2.plugin.Ml2Plugin._retry_binding_revived_agents-3941768'] for agent (f9badd12-fdc5-4854-afa3-28f3de36bb29), after_update _notify_loop /var/lib/kolla/venv/lib/python3.6/site-packages/neutron_lib/callbacks/manager.py:177
2025-06-19 02:04:12.188 22 DEBUG neutron.wsgi [-] (22) accepted ('10.0.0.38', 41028) server /var/lib/kolla/venv/lib/python3.6/site-packages/eventlet/wsgi.py:1004
2025-06-19 02:04:12.191 22 INFO neutron.wsgi [-] 10.0.0.38 "GET / HTTP/1.1" status: 200 len: 227 time: 0.0023825
2025-06-19 02:04:15.462 27 DEBUG neutron_lib.callbacks.manager [req-e6d5c22f-17fc-4d9d-824f-aff312fbb149 - - - - -] Publish callbacks ['neutron.services.segments.db._update_segment_host_mapping_for_agent-8771608489843', 'neutron.plugins.ml2.plugin.Ml2Plugin._retry_binding_revived_agents-3941768'] for agent (a88f6f63-0c06-44e2-a647-5835f05f9a8e), after_update _notify_loop /var/lib/kolla/venv/lib/python3.6/site-packages/neutron_lib/callbacks/manager.py:177
2025-06-19 02:04:30.892 29 DEBUG neutron.db.agents_db [req-1b5c6ef5-6e3a-4f5a-9c3b-afa2416c8487 - - - - -] Agent healthcheck: found 2 active agents agent_health_check /var/lib/kolla/venv/lib/python3.6/site-packages/neutron/db/agents_db.py:318
2025-06-19 02:04:35.004 24 DEBUG neutron_lib.callbacks.manager [req-379a0b67-689c-4bd3-9b78-5c13d78d961e - - - - -] Publish callbacks ['neutron.services.segments.db._update_segment_host_mapping_for_agent-8771608489843', 'neutron.plugins.ml2.plugin.Ml2Plugin._retry_binding_revived_agents-3941768'] for agent (f9badd12-fdc5-4854-afa3-28f3de36bb29), after_update _notify_loop /var/lib/kolla/venv/lib/python3.6/site-packages/neutron_lib/callbacks/manager.py:177
2025-06-19 02:04:42.234 22 DEBUG neutron.wsgi [-] (22) accepted ('10.0.0.38', 49576) server /var/lib/kolla/venv/lib/python3.6/site-packages/eventlet/wsgi.py:1004
2025-06-19 02:04:42.239 22 INFO neutron.wsgi [-] 10.0.0.38 "GET / HTTP/1.1" status: 200 len: 227 time: 0.0046258
2025-06-19 02:04:45.467 26 DEBUG neutron_lib.callbacks.manager [req-9b46a08e-56af-443b-b80f-7137572b956d - - - - -] Publish callbacks ['neutron.services.segments.db._update_segment_host_mapping_for_agent-8771608489843', 'neutron.plugins.ml2.plugin.Ml2Plugin._retry_binding_revived_agents-3941768'] for agent (a88f6f63-0c06-44e2-a647-5835f05f9a8e), after_update _notify_loop /var/lib/kolla/venv/lib/python3.6/site-packages/neutron_lib/callbacks/manager.py:177
2025-06-19 02:05:05.008 28 DEBUG neutron_lib.callbacks.manager [req-379a0b67-689c-4bd3-9b78-5c13d78d961e - - - - -] Publish callbacks ['neutron.services.segments.db._update_segment_host_mapping_for_agent-8771608489843', 'neutron.plugins.ml2.plugin.Ml2Plugin._retry_binding_revived_agents-3941768'] for agent (f9badd12-fdc5-4854-afa3-28f3de36bb29), after_update _notify_loop /var/lib/kolla/venv/lib/python3.6/site-packages/neutron_lib/callbacks/manager.py:177
2025-06-19 02:05:07.891 29 DEBUG neutron.db.agents_db [req-1b5c6ef5-6e3a-4f5a-9c3b-afa2416c8487 - - - - -] Agent healthcheck: found 2 active agents agent_health_check /var/lib/kolla/venv/lib/python3.6/site-packages/neutron/db/agents_db.py:318
2025-06-19 02:05:12.283 22 DEBUG neutron.wsgi [-] (22) accepted ('10.0.0.38', 32882) server /var/lib/kolla/venv/lib/python3.6/site-packages/eventlet/wsgi.py:1004
2025-06-19 02:05:12.290 22 INFO neutron.wsgi [-] 10.0.0.38 "GET / HTTP/1.1" status: 200 len: 227 time: 0.0064228
2025-06-19 02:05:15.471 25 DEBUG neutron_lib.callbacks.manager [req-5e057f71-2185-4638-af59-b3da582002f0 - - - - -] Publish callbacks ['neutron.services.segments.db._update_segment_host_mapping_for_agent-8771608489843', 'neutron.plugins.ml2.plugin.Ml2Plugin._retry_binding_revived_agents-3941768'] for agent (a88f6f63-0c06-44e2-a647-5835f05f9a8e), after_update _notify_loop /var/lib/kolla/venv/lib/python3.6/site-packages/neutron_lib/callbacks/manager.py:177
2025-06-19 02:05:35.011 23 DEBUG neutron_lib.callbacks.manager [req-379a0b67-689c-4bd3-9b78-5c13d78d961e - - - - -] Publish callbacks ['neutron.services.segments.db._update_segment_host_mapping_for_agent-8771608489843', 'neutron.plugins.ml2.plugin.Ml2Plugin._retry_binding_revived_agents-3941768'] for agent (f9badd12-fdc5-4854-afa3-28f3de36bb29), after_update _notify_loop /var/lib/kolla/venv/lib/python3.6/site-packages/neutron_lib/callbacks/manager.py:177
2025-06-19 02:05:42.332 22 DEBUG neutron.wsgi [-] (22) accepted ('10.0.0.38', 47362) server /var/lib/kolla/venv/lib/python3.6/site-packages/eventlet/wsgi.py:1004
2025-06-19 02:05:42.335 22 INFO neutron.wsgi [-] 10.0.0.38 "GET / HTTP/1.1" status: 200 len: 227 time: 0.0024061
2025-06-19 02:05:44.896 29 DEBUG neutron.db.agents_db [req-1b5c6ef5-6e3a-4f5a-9c3b-afa2416c8487 - - - - -] Agent healthcheck: found 2 active agents agent_health_check /var/lib/kolla/venv/lib/python3.6/site-packages/neutron/db/agents_db.py:318
2025-06-19 02:05:45.476 27 DEBUG neutron_lib.callbacks.manager [req-e1b6d5ab-2f47-4304-99e2-abcfea70f5b1 - - - - -] Publish callbacks ['neutron.services.segments.db._update_segment_host_mapping_for_agent-8771608489843', 'neutron.plugins.ml2.plugin.Ml2Plugin._retry_binding_revived_agents-3941768'] for agent (a88f6f63-0c06-44e2-a647-5835f05f9a8e), after_update _notify_loop /var/lib/kolla/venv/lib/python3.6/site-packages/neutron_lib/callbacks/manager.py:177
2025-06-19 02:06:05.012 24 DEBUG neutron_lib.callbacks.manager [req-379a0b67-689c-4bd3-9b78-5c13d78d961e - - - - -] Publish callbacks ['neutron.services.segments.db._update_segment_host_mapping_for_agent-8771608489843', 'neutron.plugins.ml2.plugin.Ml2Plugin._retry_binding_revived_agents-3941768'] for agent (f9badd12-fdc5-4854-afa3-28f3de36bb29), after_update _notify_loop /var/lib/kolla/venv/lib/python3.6/site-packages/neutron_lib/callbacks/manager.py:177
2025-06-19 02:06:12.377 22 DEBUG neutron.wsgi [-] (22) accepted ('10.0.0.38', 48976) server /var/lib/kolla/venv/lib/python3.6/site-packages/eventlet/wsgi.py:1004
2025-06-19 02:06:12.380 22 INFO neutron.wsgi [-] 10.0.0.38 "GET / HTTP/1.1" status: 200 len: 227 time: 0.0025284
2025-06-19 02:06:15.481 26 DEBUG neutron_lib.callbacks.manager [req-427501d7-cda0-4402-9159-279516ab3700 - - - - -] Publish callbacks ['neutron.services.segments.db._update_segment_host_mapping_for_agent-8771608489843', 'neutron.plugins.ml2.plugin.Ml2Plugin._retry_binding_revived_agents-3941768'] for agent (a88f6f63-0c06-44e2-a647-5835f05f9a8e), after_update _notify_loop /var/lib/kolla/venv/lib/python3.6/site-packages/neutron_lib/callbacks/manager.py:177
2025-06-19 02:06:21.900 29 DEBUG neutron.db.agents_db [req-1b5c6ef5-6e3a-4f5a-9c3b-afa2416c8487 - - - - -] Agent healthcheck: found 2 active agents agent_health_check /var/lib/kolla/venv/lib/python3.6/site-packages/neutron/db/agents_db.py:318
2025-06-19 02:06:35.014 28 DEBUG neutron_lib.callbacks.manager [req-379a0b67-689c-4bd3-9b78-5c13d78d961e - - - - -] Publish callbacks ['neutron.services.segments.db._update_segment_host_mapping_for_agent-8771608489843', 'neutron.plugins.ml2.plugin.Ml2Plugin._retry_binding_revived_agents-3941768'] for agent (f9badd12-fdc5-4854-afa3-28f3de36bb29), after_update _notify_loop /var/lib/kolla/venv/lib/python3.6/site-packages/neutron_lib/callbacks/manager.py:177
2025-06-19 02:06:42.421 22 DEBUG neutron.wsgi [-] (22) accepted ('10.0.0.38', 50448) server /var/lib/kolla/venv/lib/python3.6/site-packages/eventlet/wsgi.py:1004
2025-06-19 02:06:42.425 22 INFO neutron.wsgi [-] 10.0.0.38 "GET / HTTP/1.1" status: 200 len: 227 time: 0.0035253
2025-06-19 02:06:45.487 25 DEBUG neutron_lib.callbacks.manager [req-f04add57-c3c0-42d3-9c85-2100de48debd - - - - -] Publish callbacks ['neutron.services.segments.db._update_segment_host_mapping_for_agent-8771608489843', 'neutron.plugins.ml2.plugin.Ml2Plugin._retry_binding_revived_agents-3941768'] for agent (a88f6f63-0c06-44e2-a647-5835f05f9a8e), after_update _notify_loop /var/lib/kolla/venv/lib/python3.6/site-packages/neutron_lib/callbacks/manager.py:177
2025-06-19 02:06:58.907 29 DEBUG neutron.db.agents_db [req-1b5c6ef5-6e3a-4f5a-9c3b-afa2416c8487 - - - - -] Agent healthcheck: found 2 active agents agent_health_check /var/lib/kolla/venv/lib/python3.6/site-packages/neutron/db/agents_db.py:318
2025-06-19 02:07:05.017 23 DEBUG neutron_lib.callbacks.manager [req-379a0b67-689c-4bd3-9b78-5c13d78d961e - - - - -] Publish callbacks ['neutron.services.segments.db._update_segment_host_mapping_for_agent-8771608489843', 'neutron.plugins.ml2.plugin.Ml2Plugin._retry_binding_revived_agents-3941768'] for agent (f9badd12-fdc5-4854-afa3-28f3de36bb29), after_update _notify_loop /var/lib/kolla/venv/lib/python3.6/site-packages/neutron_lib/callbacks/manager.py:177
2025-06-19 02:07:12.466 22 DEBUG neutron.wsgi [-] (22) accepted ('10.0.0.38', 52992) server /var/lib/kolla/venv/lib/python3.6/site-packages/eventlet/wsgi.py:1004
2025-06-19 02:07:12.470 22 INFO neutron.wsgi [-] 10.0.0.38 "GET / HTTP/1.1" status: 200 len: 227 time: 0.0028257
2025-06-19 02:07:15.481 27 DEBUG neutron_lib.callbacks.manager [req-58e29762-10a7-43b2-95a2-e0c9a4bc90b2 - - - - -] Publish callbacks ['neutron.services.segments.db._update_segment_host_mapping_for_agent-8771608489843', 'neutron.plugins.ml2.plugin.Ml2Plugin._retry_binding_revived_agents-3941768'] for agent (a88f6f63-0c06-44e2-a647-5835f05f9a8e), after_update _notify_loop /var/lib/kolla/venv/lib/python3.6/site-packages/neutron_lib/callbacks/manager.py:177
2025-06-19 02:07:35.019 24 DEBUG neutron_lib.callbacks.manager [req-379a0b67-689c-4bd3-9b78-5c13d78d961e - - - - -] Publish callbacks ['neutron.services.segments.db._update_segment_host_mapping_for_agent-8771608489843', 'neutron.plugins.ml2.plugin.Ml2Plugin._retry_binding_revived_agents-3941768'] for agent (f9badd12-fdc5-4854-afa3-28f3de36bb29), after_update _notify_loop /var/lib/kolla/venv/lib/python3.6/site-packages/neutron_lib/callbacks/manager.py:177
2025-06-19 02:07:35.904 29 DEBUG neutron.db.agents_db [req-1b5c6ef5-6e3a-4f5a-9c3b-afa2416c8487 - - - - -] Agent healthcheck: found 2 active agents agent_health_check /var/lib/kolla/venv/lib/python3.6/site-packages/neutron/db/agents_db.py:318
2025-06-19 02:07:42.511 22 DEBUG neutron.wsgi [-] (22) accepted ('10.0.0.38', 39536) server /var/lib/kolla/venv/lib/python3.6/site-packages/eventlet/wsgi.py:1004
2025-06-19 02:07:42.514 22 INFO neutron.wsgi [-] 10.0.0.38 "GET / HTTP/1.1" status: 200 len: 227 time: 0.0024073
2025-06-19 02:07:45.487 26 DEBUG neutron_lib.callbacks.manager [req-08480975-bb82-4619-a1fb-e10a6edfdefd - - - - -] Publish callbacks ['neutron.services.segments.db._update_segment_host_mapping_for_agent-8771608489843', 'neutron.plugins.ml2.plugin.Ml2Plugin._retry_binding_revived_agents-3941768'] for agent (a88f6f63-0c06-44e2-a647-5835f05f9a8e), after_update _notify_loop /var/lib/kolla/venv/lib/python3.6/site-packages/neutron_lib/callbacks/manager.py:177
2025-06-19 02:08:05.022 28 DEBUG neutron_lib.callbacks.manager [req-379a0b67-689c-4bd3-9b78-5c13d78d961e - - - - -] Publish callbacks ['neutron.services.segments.db._update_segment_host_mapping_for_agent-8771608489843', 'neutron.plugins.ml2.plugin.Ml2Plugin._retry_binding_revived_agents-3941768'] for agent (f9badd12-fdc5-4854-afa3-28f3de36bb29), after_update _notify_loop /var/lib/kolla/venv/lib/python3.6/site-packages/neutron_lib/callbacks/manager.py:177
2025-06-19 02:08:07.042 7 INFO oslo_service.service [-] Caught SIGTERM, stopping children
2025-06-19 02:08:07.043 7 DEBUG oslo_concurrency.lockutils [-] Acquired lock "singleton_lock" lock /var/lib/kolla/venv/lib/python3.6/site-packages/oslo_concurrency/lockutils.py:294
2025-06-19 02:08:07.043 7 DEBUG oslo_concurrency.lockutils [-] Releasing lock "singleton_lock" lock /var/lib/kolla/venv/lib/python3.6/site-packages/oslo_concurrency/lockutils.py:312
2025-06-19 02:08:07.043 7 DEBUG oslo_service.service [-] Stop services. stop /var/lib/kolla/venv/lib/python3.6/site-packages/oslo_service/service.py:695
2025-06-19 02:08:07.043 7 DEBUG neutron.service [-] calling RpcWorker stop() stop /var/lib/kolla/venv/lib/python3.6/site-packages/neutron/service.py:138
2025-06-19 02:08:07.043 7 DEBUG neutron.service [-] calling RpcWorker stop() stop /var/lib/kolla/venv/lib/python3.6/site-packages/neutron/service.py:138
2025-06-19 02:08:07.044 7 DEBUG oslo_service.service [-] Killing children. stop /var/lib/kolla/venv/lib/python3.6/site-packages/oslo_service/service.py:700
2025-06-19 02:08:07.044 7 INFO oslo_service.service [-] Waiting on 8 children to exit
2025-06-19 02:08:07.044 22 INFO neutron.wsgi [-] (22) wsgi exited, is_accepting=True
2025-06-19 02:08:07.044 23 DEBUG neutron.service [-] calling RpcWorker stop() stop /var/lib/kolla/venv/lib/python3.6/site-packages/neutron/service.py:138
2025-06-19 02:08:07.044 24 DEBUG neutron.service [-] calling RpcWorker stop() stop /var/lib/kolla/venv/lib/python3.6/site-packages/neutron/service.py:138
2025-06-19 02:08:07.044 29 DEBUG neutron.service [-] calling RpcWorker stop() stop /var/lib/kolla/venv/lib/python3.6/site-packages/neutron/service.py:138
2025-06-19 02:08:07.045 22 DEBUG oslo_concurrency.lockutils [req-452bd4f7-1bd5-4551-a5af-e199d1eb37f0 - - - - -] Acquired lock "singleton_lock" lock /var/lib/kolla/venv/lib/python3.6/site-packages/oslo_concurrency/lockutils.py:294
2025-06-19 02:08:07.045 22 DEBUG oslo_concurrency.lockutils [req-452bd4f7-1bd5-4551-a5af-e199d1eb37f0 - - - - -] Releasing lock "singleton_lock" lock /var/lib/kolla/venv/lib/python3.6/site-packages/oslo_concurrency/lockutils.py:312
2025-06-19 02:08:07.045 29 DEBUG neutron.service [-] calling stop on stop /var/lib/kolla/venv/lib/python3.6/site-packages/neutron/service.py:141
2025-06-19 02:08:07.045 23 DEBUG neutron.service [-] calling stop on stop /var/lib/kolla/venv/lib/python3.6/site-packages/neutron/service.py:141
2025-06-19 02:08:07.047 25 DEBUG neutron.service [-] calling RpcWorker stop() stop /var/lib/kolla/venv/lib/python3.6/site-packages/neutron/service.py:138
2025-06-19 02:08:07.045 24 DEBUG neutron.service [-] calling stop on stop /var/lib/kolla/venv/lib/python3.6/site-packages/neutron/service.py:141
2025-06-19 02:08:07.047 25 DEBUG neutron.service [-] calling stop on stop /var/lib/kolla/venv/lib/python3.6/site-packages/neutron/service.py:141
2025-06-19 02:08:07.048 26 DEBUG neutron.service [-] calling RpcWorker stop() stop /var/lib/kolla/venv/lib/python3.6/site-packages/neutron/service.py:138
2025-06-19 02:08:07.049 7 INFO oslo_service.service [-] Child 22 exited with status 0
2025-06-19 02:08:07.048 26 DEBUG neutron.service [-] calling stop on stop /var/lib/kolla/venv/lib/python3.6/site-packages/neutron/service.py:141
2025-06-19 02:08:07.048 27 DEBUG neutron.service [-] calling RpcWorker stop() stop /var/lib/kolla/venv/lib/python3.6/site-packages/neutron/service.py:138
2025-06-19 02:08:07.051 27 DEBUG neutron.service [-] calling stop on stop /var/lib/kolla/venv/lib/python3.6/site-packages/neutron/service.py:141
2025-06-19 02:08:07.058 28 DEBUG neutron.service [-] calling RpcWorker stop() stop /var/lib/kolla/venv/lib/python3.6/site-packages/neutron/service.py:138
2025-06-19 02:08:07.059 28 DEBUG neutron.service [-] calling stop on stop /var/lib/kolla/venv/lib/python3.6/site-packages/neutron/service.py:141
2025-06-19 02:08:07.068 28 DEBUG oslo_concurrency.lockutils [req-452bd4f7-1bd5-4551-a5af-e199d1eb37f0 - - - - -] Acquired lock "singleton_lock" lock /var/lib/kolla/venv/lib/python3.6/site-packages/oslo_concurrency/lockutils.py:294
2025-06-19 02:08:07.068 28 DEBUG oslo_concurrency.lockutils [req-452bd4f7-1bd5-4551-a5af-e199d1eb37f0 - - - - -] Releasing lock "singleton_lock" lock /var/lib/kolla/venv/lib/python3.6/site-packages/oslo_concurrency/lockutils.py:312
2025-06-19 02:08:07.069 28 DEBUG neutron.service [req-452bd4f7-1bd5-4551-a5af-e199d1eb37f0 - - - - -] calling RpcWorker wait() _wait /var/lib/kolla/venv/lib/python3.6/site-packages/neutron/service.py:128
2025-06-19 02:08:07.069 28 DEBUG neutron.service [req-452bd4f7-1bd5-4551-a5af-e199d1eb37f0 - - - - -] calling wait on _wait /var/lib/kolla/venv/lib/python3.6/site-packages/neutron/service.py:131
2025-06-19 02:08:07.075 28 WARNING amqp [req-452bd4f7-1bd5-4551-a5af-e199d1eb37f0 - - - - -] Received method (60, 30) during closing channel 1. This method will be ignored
2025-06-19 02:08:07.077 28 DEBUG neutron.service [req-452bd4f7-1bd5-4551-a5af-e199d1eb37f0 - - - - -] returning from RpcWorker wait() _wait /var/lib/kolla/venv/lib/python3.6/site-packages/neutron/service.py:135
2025-06-19 02:08:07.081 7 INFO oslo_service.service [-] Child 28 exited with status 0
2025-06-19 02:08:08.683 26 DEBUG oslo_concurrency.lockutils [req-452bd4f7-1bd5-4551-a5af-e199d1eb37f0 - - - - -] Acquired lock "singleton_lock" lock /var/lib/kolla/venv/lib/python3.6/site-packages/oslo_concurrency/lockutils.py:294
2025-06-19 02:08:08.683 26 DEBUG oslo_concurrency.lockutils [req-452bd4f7-1bd5-4551-a5af-e199d1eb37f0 - - - - -] Releasing lock "singleton_lock" lock /var/lib/kolla/venv/lib/python3.6/site-packages/oslo_concurrency/lockutils.py:312
2025-06-19 02:08:08.684 26 DEBUG neutron.service [req-452bd4f7-1bd5-4551-a5af-e199d1eb37f0 - - - - -] calling RpcWorker wait() _wait /var/lib/kolla/venv/lib/python3.6/site-packages/neutron/service.py:128
2025-06-19 02:08:08.684 26 DEBUG neutron.service [req-452bd4f7-1bd5-4551-a5af-e199d1eb37f0 - - - - -] calling wait on _wait /var/lib/kolla/venv/lib/python3.6/site-packages/neutron/service.py:131
2025-06-19 02:08:08.686 27 DEBUG oslo_concurrency.lockutils [req-452bd4f7-1bd5-4551-a5af-e199d1eb37f0 - - - - -] Acquired lock "singleton_lock" lock /var/lib/kolla/venv/lib/python3.6/site-packages/oslo_concurrency/lockutils.py:294
2025-06-19 02:08:08.686 27 DEBUG oslo_concurrency.lockutils [req-452bd4f7-1bd5-4551-a5af-e199d1eb37f0 - - - - -] Releasing lock "singleton_lock" lock /var/lib/kolla/venv/lib/python3.6/site-packages/oslo_concurrency/lockutils.py:312
2025-06-19 02:08:08.687 27 DEBUG neutron.service [req-452bd4f7-1bd5-4551-a5af-e199d1eb37f0 - - - - -] calling RpcWorker wait() _wait /var/lib/kolla/venv/lib/python3.6/site-packages/neutron/service.py:128
2025-06-19 02:08:08.687 27 DEBUG neutron.service [req-452bd4f7-1bd5-4551-a5af-e199d1eb37f0 - - - - -] calling wait on _wait /var/lib/kolla/venv/lib/python3.6/site-packages/neutron/service.py:131
2025-06-19 02:08:08.691 26 WARNING amqp [req-452bd4f7-1bd5-4551-a5af-e199d1eb37f0 - - - - -] Received method (60, 30) during closing channel 1. This method will be ignored
2025-06-19 02:08:08.692 26 DEBUG neutron.service [req-452bd4f7-1bd5-4551-a5af-e199d1eb37f0 - - - - -] returning from RpcWorker wait() _wait /var/lib/kolla/venv/lib/python3.6/site-packages/neutron/service.py:135
2025-06-19 02:08:08.694 27 WARNING amqp [req-452bd4f7-1bd5-4551-a5af-e199d1eb37f0 - - - - -] Received method (60, 30) during closing channel 1. This method will be ignored
2025-06-19 02:08:08.695 27 DEBUG neutron.service [req-452bd4f7-1bd5-4551-a5af-e199d1eb37f0 - - - - -] returning from RpcWorker wait() _wait /var/lib/kolla/venv/lib/python3.6/site-packages/neutron/service.py:135
2025-06-19 02:08:08.698 7 INFO oslo_service.service [-] Child 26 exited with status 0
2025-06-19 02:08:08.698 7 INFO oslo_service.service [-] Child 27 exited with status 0
2025-06-19 02:08:14.865 23 DEBUG neutron.service [-] calling stop on stop /var/lib/kolla/venv/lib/python3.6/site-packages/neutron/service.py:141
2025-06-19 02:08:14.867 25 DEBUG neutron.service [-] calling stop on stop /var/lib/kolla/venv/lib/python3.6/site-packages/neutron/service.py:141
2025-06-19 02:08:14.868 24 DEBUG neutron.service [-] calling stop on stop /var/lib/kolla/venv/lib/python3.6/site-packages/neutron/service.py:141
2025-06-19 02:08:14.880 25 DEBUG neutron.service [-] calling stop on stop /var/lib/kolla/venv/lib/python3.6/site-packages/neutron/service.py:141
2025-06-19 02:08:14.884 29 DEBUG oslo_concurrency.lockutils [req-452bd4f7-1bd5-4551-a5af-e199d1eb37f0 - - - - -] Acquired lock "singleton_lock" lock /var/lib/kolla/venv/lib/python3.6/site-packages/oslo_concurrency/lockutils.py:294
2025-06-19 02:08:14.884 29 DEBUG oslo_concurrency.lockutils [req-452bd4f7-1bd5-4551-a5af-e199d1eb37f0 - - - - -] Releasing lock "singleton_lock" lock /var/lib/kolla/venv/lib/python3.6/site-packages/oslo_concurrency/lockutils.py:312
2025-06-19 02:08:14.884 29 DEBUG neutron.service [req-452bd4f7-1bd5-4551-a5af-e199d1eb37f0 - - - - -] calling RpcWorker wait() _wait /var/lib/kolla/venv/lib/python3.6/site-packages/neutron/service.py:128
2025-06-19 02:08:14.884 29 DEBUG neutron.service [req-452bd4f7-1bd5-4551-a5af-e199d1eb37f0 - - - - -] calling wait on _wait /var/lib/kolla/venv/lib/python3.6/site-packages/neutron/service.py:131
2025-06-19 02:08:14.890 29 WARNING amqp [req-452bd4f7-1bd5-4551-a5af-e199d1eb37f0 - - - - -] Received method (60, 30) during closing channel 1. This method will be ignored
2025-06-19 02:08:14.891 29 DEBUG neutron.service [req-452bd4f7-1bd5-4551-a5af-e199d1eb37f0 - - - - -] returning from RpcWorker wait() _wait /var/lib/kolla/venv/lib/python3.6/site-packages/neutron/service.py:135
2025-06-19 02:08:14.891 23 DEBUG neutron.service [-] calling stop on stop /var/lib/kolla/venv/lib/python3.6/site-packages/neutron/service.py:141
2025-06-19 02:08:14.896 7 INFO oslo_service.service [-] Child 29 exited with status 0
2025-06-19 02:08:14.896 24 DEBUG neutron.service [-] calling stop on stop /var/lib/kolla/venv/lib/python3.6/site-packages/neutron/service.py:141
2025-06-19 02:08:14.900 25 DEBUG neutron.service [-] calling stop on stop /var/lib/kolla/venv/lib/python3.6/site-packages/neutron/service.py:141
2025-06-19 02:08:14.901 23 DEBUG neutron.service [-] calling stop on stop /var/lib/kolla/venv/lib/python3.6/site-packages/neutron/service.py:141
2025-06-19 02:08:14.914 24 DEBUG neutron.service [-] calling stop on stop /var/lib/kolla/venv/lib/python3.6/site-packages/neutron/service.py:141
2025-06-19 02:08:14.915 23 DEBUG oslo_concurrency.lockutils [req-452bd4f7-1bd5-4551-a5af-e199d1eb37f0 - - - - -] Acquired lock "singleton_lock" lock /var/lib/kolla/venv/lib/python3.6/site-packages/oslo_concurrency/lockutils.py:294
2025-06-19 02:08:14.916 23 DEBUG oslo_concurrency.lockutils [req-452bd4f7-1bd5-4551-a5af-e199d1eb37f0 - - - - -] Releasing lock "singleton_lock" lock /var/lib/kolla/venv/lib/python3.6/site-packages/oslo_concurrency/lockutils.py:312
2025-06-19 02:08:14.916 23 DEBUG neutron.service [req-452bd4f7-1bd5-4551-a5af-e199d1eb37f0 - - - - -] calling RpcWorker wait() _wait /var/lib/kolla/venv/lib/python3.6/site-packages/neutron/service.py:128
2025-06-19 02:08:14.916 25 DEBUG oslo_concurrency.lockutils [req-452bd4f7-1bd5-4551-a5af-e199d1eb37f0 - - - - -] Acquired lock "singleton_lock" lock /var/lib/kolla/venv/lib/python3.6/site-packages/oslo_concurrency/lockutils.py:294
2025-06-19 02:08:14.916 23 DEBUG neutron.service [req-452bd4f7-1bd5-4551-a5af-e199d1eb37f0 - - - - -] calling wait on _wait /var/lib/kolla/venv/lib/python3.6/site-packages/neutron/service.py:131
2025-06-19 02:08:14.916 25 DEBUG oslo_concurrency.lockutils [req-452bd4f7-1bd5-4551-a5af-e199d1eb37f0 - - - - -] Releasing lock "singleton_lock" lock /var/lib/kolla/venv/lib/python3.6/site-packages/oslo_concurrency/lockutils.py:312
2025-06-19 02:08:14.916 25 DEBUG neutron.service [req-452bd4f7-1bd5-4551-a5af-e199d1eb37f0 - - - - -] calling RpcWorker wait() _wait /var/lib/kolla/venv/lib/python3.6/site-packages/neutron/service.py:128
2025-06-19 02:08:14.917 25 DEBUG neutron.service [req-452bd4f7-1bd5-4551-a5af-e199d1eb37f0 - - - - -] calling wait on _wait /var/lib/kolla/venv/lib/python3.6/site-packages/neutron/service.py:131
2025-06-19 02:08:14.921 23 WARNING amqp [req-452bd4f7-1bd5-4551-a5af-e199d1eb37f0 - - - - -] Received method (60, 30) during closing channel 1. This method will be ignored
2025-06-19 02:08:14.922 23 DEBUG neutron.service [req-452bd4f7-1bd5-4551-a5af-e199d1eb37f0 - - - - -] calling wait on _wait /var/lib/kolla/venv/lib/python3.6/site-packages/neutron/service.py:131
2025-06-19 02:08:14.922 24 DEBUG oslo_concurrency.lockutils [req-452bd4f7-1bd5-4551-a5af-e199d1eb37f0 - - - - -] Acquired lock "singleton_lock" lock /var/lib/kolla/venv/lib/python3.6/site-packages/oslo_concurrency/lockutils.py:294
2025-06-19 02:08:14.923 24 DEBUG oslo_concurrency.lockutils [req-452bd4f7-1bd5-4551-a5af-e199d1eb37f0 - - - - -] Releasing lock "singleton_lock" lock /var/lib/kolla/venv/lib/python3.6/site-packages/oslo_concurrency/lockutils.py:312
2025-06-19 02:08:14.924 24 DEBUG neutron.service [req-452bd4f7-1bd5-4551-a5af-e199d1eb37f0 - - - - -] calling RpcWorker wait() _wait /var/lib/kolla/venv/lib/python3.6/site-packages/neutron/service.py:128
2025-06-19 02:08:14.924 24 DEBUG neutron.service [req-452bd4f7-1bd5-4551-a5af-e199d1eb37f0 - - - - -] calling wait on _wait /var/lib/kolla/venv/lib/python3.6/site-packages/neutron/service.py:131
2025-06-19 02:08:14.926 25 WARNING amqp [req-452bd4f7-1bd5-4551-a5af-e199d1eb37f0 - - - - -] Received method (60, 30) during closing channel 1. This method will be ignored
2025-06-19 02:08:14.927 25 DEBUG neutron.service [req-452bd4f7-1bd5-4551-a5af-e199d1eb37f0 - - - - -] calling wait on _wait /var/lib/kolla/venv/lib/python3.6/site-packages/neutron/service.py:131
2025-06-19 02:08:14.929 23 WARNING amqp [req-452bd4f7-1bd5-4551-a5af-e199d1eb37f0 - - - - -] Received method (60, 30) during closing channel 1. This method will be ignored
2025-06-19 02:08:14.929 23 DEBUG neutron.service [req-452bd4f7-1bd5-4551-a5af-e199d1eb37f0 - - - - -] calling wait on _wait /var/lib/kolla/venv/lib/python3.6/site-packages/neutron/service.py:131
2025-06-19 02:08:14.932 25 WARNING amqp [req-452bd4f7-1bd5-4551-a5af-e199d1eb37f0 - - - - -] Received method (60, 30) during closing channel 1. This method will be ignored
2025-06-19 02:08:14.932 25 DEBUG neutron.service [req-452bd4f7-1bd5-4551-a5af-e199d1eb37f0 - - - - -] calling wait on _wait /var/lib/kolla/venv/lib/python3.6/site-packages/neutron/service.py:131
2025-06-19 02:08:14.935 24 WARNING amqp [req-452bd4f7-1bd5-4551-a5af-e199d1eb37f0 - - - - -] Received method (60, 30) during closing channel 1. This method will be ignored
2025-06-19 02:08:14.935 24 DEBUG neutron.service [req-452bd4f7-1bd5-4551-a5af-e199d1eb37f0 - - - - -] calling wait on _wait /var/lib/kolla/venv/lib/python3.6/site-packages/neutron/service.py:131
2025-06-19 02:08:14.937 23 WARNING amqp [req-452bd4f7-1bd5-4551-a5af-e199d1eb37f0 - - - - -] Received method (60, 30) during closing channel 1. This method will be ignored
2025-06-19 02:08:14.938 25 WARNING amqp [req-452bd4f7-1bd5-4551-a5af-e199d1eb37f0 - - - - -] Received method (60, 30) during closing channel 1. This method will be ignored
2025-06-19 02:08:14.939 23 DEBUG neutron.service [req-452bd4f7-1bd5-4551-a5af-e199d1eb37f0 - - - - -] calling wait on _wait /var/lib/kolla/venv/lib/python3.6/site-packages/neutron/service.py:131
2025-06-19 02:08:14.939 25 DEBUG neutron.service [req-452bd4f7-1bd5-4551-a5af-e199d1eb37f0 - - - - -] calling wait on _wait /var/lib/kolla/venv/lib/python3.6/site-packages/neutron/service.py:131
2025-06-19 02:08:14.941 24 WARNING amqp [req-452bd4f7-1bd5-4551-a5af-e199d1eb37f0 - - - - -] Received method (60, 30) during closing channel 1. This method will be ignored
2025-06-19 02:08:14.941 24 DEBUG neutron.service [req-452bd4f7-1bd5-4551-a5af-e199d1eb37f0 - - - - -] calling wait on _wait /var/lib/kolla/venv/lib/python3.6/site-packages/neutron/service.py:131
2025-06-19 02:08:14.944 23 WARNING amqp [req-452bd4f7-1bd5-4551-a5af-e199d1eb37f0 - - - - -] Received method (60, 30) during closing channel 1. This method will be ignored
2025-06-19 02:08:14.945 23 DEBUG neutron.service [req-452bd4f7-1bd5-4551-a5af-e199d1eb37f0 - - - - -] returning from RpcWorker wait() _wait /var/lib/kolla/venv/lib/python3.6/site-packages/neutron/service.py:135
2025-06-19 02:08:14.947 24 WARNING amqp [req-452bd4f7-1bd5-4551-a5af-e199d1eb37f0 - - - - -] Received method (60, 30) during closing channel 1. This method will be ignored
2025-06-19 02:08:14.948 24 DEBUG neutron.service [req-452bd4f7-1bd5-4551-a5af-e199d1eb37f0 - - - - -] calling wait on _wait /var/lib/kolla/venv/lib/python3.6/site-packages/neutron/service.py:131
2025-06-19 02:08:14.950 7 INFO oslo_service.service [-] Child 23 exited with status 0
2025-06-19 02:08:14.952 24 WARNING amqp [req-452bd4f7-1bd5-4551-a5af-e199d1eb37f0 - - - - -] Received method (60, 30) during closing channel 1. This method will be ignored
2025-06-19 02:08:14.952 24 DEBUG neutron.service [req-452bd4f7-1bd5-4551-a5af-e199d1eb37f0 - - - - -] returning from RpcWorker wait() _wait /var/lib/kolla/venv/lib/python3.6/site-packages/neutron/service.py:135
2025-06-19 02:08:14.955 25 WARNING amqp [req-452bd4f7-1bd5-4551-a5af-e199d1eb37f0 - - - - -] Received method (60, 30) during closing channel 1. This method will be ignored
2025-06-19 02:08:14.956 25 DEBUG neutron.service [req-452bd4f7-1bd5-4551-a5af-e199d1eb37f0 - - - - -] returning from RpcWorker wait() _wait /var/lib/kolla/venv/lib/python3.6/site-packages/neutron/service.py:135
2025-06-19 02:08:14.957 7 INFO oslo_service.service [-] Child 24 exited with status 0
2025-06-19 02:08:14.960 7 INFO oslo_service.service [-] Child 25 exited with status 0
2025-06-19 02:08:14.960 7 INFO oslo_service.service [-] Wait called after thread killed. Cleaning up.
2025-06-19 02:08:14.960 7 DEBUG oslo_service.service [-] Stop services. stop /var/lib/kolla/venv/lib/python3.6/site-packages/oslo_service/service.py:695
2025-06-19 02:08:14.960 7 DEBUG oslo_service.service [-] Killing children. stop /var/lib/kolla/venv/lib/python3.6/site-packages/oslo_service/service.py:700
2025-06-19 02:08:18.764 7 INFO neutron.common.config [-] Logging enabled!
2025-06-19 02:08:18.765 7 INFO neutron.common.config [-] /var/lib/kolla/venv/bin/neutron-server version 20.5.1.dev23
2025-06-19 02:08:18.765 7 DEBUG neutron.common.config [-] command line: /var/lib/kolla/venv/bin/neutron-server --config-file /etc/neutron/neutron.conf --config-file /etc/neutron/ContrailPlugin.ini --config-file /etc/neutron/api-paste.ini setup_logging /var/lib/kolla/venv/lib/python3.6/site-packages/neutron/common/config.py:115
2025-06-19 02:08:18.768 7 INFO neutron.common.config [-] Logging enabled!
2025-06-19 02:08:18.769 7 INFO neutron.common.config [-] /var/lib/kolla/venv/bin/neutron-server version 20.5.1.dev23
2025-06-19 02:08:18.769 7 DEBUG neutron.common.config [-] command line: /var/lib/kolla/venv/bin/neutron-server --config-file /etc/neutron/neutron.conf --config-file /etc/neutron/ContrailPlugin.ini --config-file /etc/neutron/api-paste.ini setup_logging /var/lib/kolla/venv/lib/python3.6/site-packages/neutron/common/config.py:115
2025-06-19 02:08:18.769 7 DEBUG neutron.common.config [-] ******************************************************************************** log_opt_values /var/lib/kolla/venv/lib/python3.6/site-packages/oslo_config/cfg.py:2589
2025-06-19 02:08:18.769 7 DEBUG neutron.common.config [-] Configuration options gathered from: log_opt_values /var/lib/kolla/venv/lib/python3.6/site-packages/oslo_config/cfg.py:2590
2025-06-19 02:08:18.770 7 DEBUG neutron.common.config [-] command line args: ['--config-file', '/etc/neutron/neutron.conf', '--config-file', '/etc/neutron/ContrailPlugin.ini', '--config-file', '/etc/neutron/api-paste.ini'] log_opt_values /var/lib/kolla/venv/lib/python3.6/site-packages/oslo_config/cfg.py:2591
2025-06-19 02:08:18.771 7 DEBUG neutron.common.config [-] config files: ['/etc/neutron/neutron.conf', '/etc/neutron/ContrailPlugin.ini', '/etc/neutron/api-paste.ini'] log_opt_values /var/lib/kolla/venv/lib/python3.6/site-packages/oslo_config/cfg.py:2593
2025-06-19 02:08:18.771 7 DEBUG neutron.common.config [-] ================================================================================ log_opt_values /var/lib/kolla/venv/lib/python3.6/site-packages/oslo_config/cfg.py:2594
2025-06-19 02:08:18.771 7 DEBUG neutron.common.config [-] allow_bulk = True log_opt_values /var/lib/kolla/venv/lib/python3.6/site-packages/oslo_config/cfg.py:2603
2025-06-19 02:08:18.771 7 WARNING oslo_config.cfg [-] Deprecated: Option "allow_overlapping_ips" from group "DEFAULT" is deprecated for removal. Its value may be silently ignored in the future.
2025-06-19 02:08:18.771 7 DEBUG neutron.common.config [-] allow_overlapping_ips = True log_opt_values /var/lib/kolla/venv/lib/python3.6/site-packages/oslo_config/cfg.py:2603
2025-06-19 02:08:18.771 7 DEBUG neutron.common.config [-] api_extensions_path = /opt/plugin/site-packages/neutron_plugin_contrail/extensions:/opt/plugin/site-packages/neutron_lbaas/extensions log_opt_values /var/lib/kolla/venv/lib/python3.6/site-packages/oslo_config/cfg.py:2603
2025-06-19 02:08:18.772 7 DEBUG neutron.common.config [-] api_paste_config = /etc/neutron/api-paste.ini log_opt_values /var/lib/kolla/venv/lib/python3.6/site-packages/oslo_config/cfg.py:2603
2025-06-19 02:08:18.772 7 DEBUG neutron.common.config [-] api_workers = 1 log_opt_values /var/lib/kolla/venv/lib/python3.6/site-packages/oslo_config/cfg.py:2603
2025-06-19 02:08:18.772 7 DEBUG neutron.common.config [-] auth_strategy = keystone log_opt_values /var/lib/kolla/venv/lib/python3.6/site-packages/oslo_config/cfg.py:2603
2025-06-19 02:08:18.772 7 DEBUG neutron.common.config [-] backlog = 4096 log_opt_values /var/lib/kolla/venv/lib/python3.6/site-packages/oslo_config/cfg.py:2603
2025-06-19 02:08:18.772 7 DEBUG neutron.common.config [-] base_mac = fa:16:3e:00:00:00 log_opt_values /var/lib/kolla/venv/lib/python3.6/site-packages/oslo_config/cfg.py:2603
2025-06-19 02:08:18.772 7 DEBUG neutron.common.config [-] bind_host = 10.0.0.38 log_opt_values /var/lib/kolla/venv/lib/python3.6/site-packages/oslo_config/cfg.py:2603
2025-06-19 02:08:18.772 7 DEBUG neutron.common.config [-] bind_port = 9696 log_opt_values /var/lib/kolla/venv/lib/python3.6/site-packages/oslo_config/cfg.py:2603
2025-06-19 02:08:18.772 7 DEBUG neutron.common.config [-] client_socket_timeout = 900 log_opt_values /var/lib/kolla/venv/lib/python3.6/site-packages/oslo_config/cfg.py:2603
2025-06-19 02:08:18.773 7 DEBUG neutron.common.config [-] config_dir = [] log_opt_values /var/lib/kolla/venv/lib/python3.6/site-packages/oslo_config/cfg.py:2603
