2025-06-09 02:03:06.325 7 DEBUG oslo_service.service [-] ml2_type_gre.tunnel_id_ranges = [] log_opt_values /var/lib/kolla/venv/lib/python3.6/site-packages/oslo_config/cfg.py:2611
2025-06-09 02:03:06.325 7 DEBUG oslo_service.service [-] ml2_type_vlan.network_vlan_ranges = [] log_opt_values /var/lib/kolla/venv/lib/python3.6/site-packages/oslo_config/cfg.py:2611
2025-06-09 02:03:06.325 7 DEBUG oslo_service.service [-] ml2_type_vxlan.vni_ranges = [] log_opt_values /var/lib/kolla/venv/lib/python3.6/site-packages/oslo_config/cfg.py:2611
2025-06-09 02:03:06.325 7 DEBUG oslo_service.service [-] ml2_type_vxlan.vxlan_group = None log_opt_values /var/lib/kolla/venv/lib/python3.6/site-packages/oslo_config/cfg.py:2611
2025-06-09 02:03:06.325 7 DEBUG oslo_service.service [-] database.backend = sqlalchemy log_opt_values /var/lib/kolla/venv/lib/python3.6/site-packages/oslo_config/cfg.py:2611
2025-06-09 02:03:06.325 7 DEBUG oslo_service.service [-] database.connection = **** log_opt_values /var/lib/kolla/venv/lib/python3.6/site-packages/oslo_config/cfg.py:2611
2025-06-09 02:03:06.325 7 DEBUG oslo_service.service [-] database.connection_debug = 0 log_opt_values /var/lib/kolla/venv/lib/python3.6/site-packages/oslo_config/cfg.py:2611
2025-06-09 02:03:06.325 7 DEBUG oslo_service.service [-] database.connection_parameters = log_opt_values /var/lib/kolla/venv/lib/python3.6/site-packages/oslo_config/cfg.py:2611
2025-06-09 02:03:06.325 7 DEBUG oslo_service.service [-] database.connection_recycle_time = 10 log_opt_values /var/lib/kolla/venv/lib/python3.6/site-packages/oslo_config/cfg.py:2611
2025-06-09 02:03:06.325 7 DEBUG oslo_service.service [-] database.connection_trace = False log_opt_values /var/lib/kolla/venv/lib/python3.6/site-packages/oslo_config/cfg.py:2611
2025-06-09 02:03:06.325 7 DEBUG oslo_service.service [-] database.db_inc_retry_interval = True log_opt_values /var/lib/kolla/venv/lib/python3.6/site-packages/oslo_config/cfg.py:2611
2025-06-09 02:03:06.326 7 DEBUG oslo_service.service [-] database.db_max_retries = 20 log_opt_values /var/lib/kolla/venv/lib/python3.6/site-packages/oslo_config/cfg.py:2611
2025-06-09 02:03:06.326 7 DEBUG oslo_service.service [-] database.db_max_retry_interval = 10 log_opt_values /var/lib/kolla/venv/lib/python3.6/site-packages/oslo_config/cfg.py:2611
2025-06-09 02:03:06.326 7 DEBUG oslo_service.service [-] database.db_retry_interval = 1 log_opt_values /var/lib/kolla/venv/lib/python3.6/site-packages/oslo_config/cfg.py:2611
2025-06-09 02:03:06.326 7 DEBUG oslo_service.service [-] database.max_overflow = 50 log_opt_values /var/lib/kolla/venv/lib/python3.6/site-packages/oslo_config/cfg.py:2611
2025-06-09 02:03:06.326 7 DEBUG oslo_service.service [-] database.max_pool_size = 1 log_opt_values /var/lib/kolla/venv/lib/python3.6/site-packages/oslo_config/cfg.py:2611
2025-06-09 02:03:06.326 7 DEBUG oslo_service.service [-] database.max_retries = -1 log_opt_values /var/lib/kolla/venv/lib/python3.6/site-packages/oslo_config/cfg.py:2611
2025-06-09 02:03:06.326 7 DEBUG oslo_service.service [-] database.mysql_enable_ndb = False log_opt_values /var/lib/kolla/venv/lib/python3.6/site-packages/oslo_config/cfg.py:2611
2025-06-09 02:03:06.326 7 DEBUG oslo_service.service [-] database.mysql_sql_mode = TRADITIONAL log_opt_values /var/lib/kolla/venv/lib/python3.6/site-packages/oslo_config/cfg.py:2611
2025-06-09 02:03:06.326 7 DEBUG oslo_service.service [-] database.pool_timeout = None log_opt_values /var/lib/kolla/venv/lib/python3.6/site-packages/oslo_config/cfg.py:2611
2025-06-09 02:03:06.326 7 DEBUG oslo_service.service [-] database.retry_interval = 10 log_opt_values /var/lib/kolla/venv/lib/python3.6/site-packages/oslo_config/cfg.py:2611
2025-06-09 02:03:06.326 7 DEBUG oslo_service.service [-] database.slave_connection = **** log_opt_values /var/lib/kolla/venv/lib/python3.6/site-packages/oslo_config/cfg.py:2611
2025-06-09 02:03:06.326 7 DEBUG oslo_service.service [-] database.sqlite_synchronous = True log_opt_values /var/lib/kolla/venv/lib/python3.6/site-packages/oslo_config/cfg.py:2611
2025-06-09 02:03:06.326 7 DEBUG oslo_service.service [-] database.use_db_reconnect = False log_opt_values /var/lib/kolla/venv/lib/python3.6/site-packages/oslo_config/cfg.py:2611
2025-06-09 02:03:06.327 7 DEBUG oslo_service.service [-] ******************************************************************************** log_opt_values /var/lib/kolla/venv/lib/python3.6/site-packages/oslo_config/cfg.py:2613
2025-06-09 02:03:08.107 22 DEBUG neutron.wsgi [-] (22) accepted ('10.0.0.38', 60430) server /var/lib/kolla/venv/lib/python3.6/site-packages/eventlet/wsgi.py:1004
2025-06-09 02:03:08.114 22 INFO neutron.wsgi [-] 10.0.0.38 "GET / HTTP/1.1" status: 200 len: 227 time: 0.0053234
2025-06-09 02:03:11.844 23 DEBUG neutron.api.rpc.handlers.dhcp_rpc [req-ae4d6dd8-bef9-4fb0-8c77-ca2eefde3052 - - - - -] get_active_networks_info from cn-jenkins-deploy-platform-ansible-os-3421-1 get_active_networks_info /var/lib/kolla/venv/lib/python3.6/site-packages/neutron/api/rpc/handlers/dhcp_rpc.py:159
2025-06-09 02:03:11.864 28 DEBUG neutron_lib.callbacks.manager [req-a05a19aa-a634-4a93-a3b5-e30cd8c93425 - - - - -] Publish callbacks ['neutron.services.segments.db._update_segment_host_mapping_for_agent-8781840078707', 'neutron.services.l3_router.l3_router_plugin.DVRResourceOperationHandler.create_fip_agent_gw_ports-1654531'] for agent (f210f7b3-421a-4162-a122-a6571fd0ac65), after_create _notify_loop /var/lib/kolla/venv/lib/python3.6/site-packages/neutron_lib/callbacks/manager.py:177
2025-06-09 02:03:11.879 23 DEBUG neutron.scheduler.dhcp_agent_scheduler [req-ae4d6dd8-bef9-4fb0-8c77-ca2eefde3052 - - - - -] No non-hosted networks auto_schedule_networks /var/lib/kolla/venv/lib/python3.6/site-packages/neutron/scheduler/dhcp_agent_scheduler.py:60
2025-06-09 02:03:34.400 23 DEBUG neutron_lib.callbacks.manager [req-8593dd27-4205-4629-b7f4-af92aa52667a - - - - -] Publish callbacks ['neutron.services.segments.db._update_segment_host_mapping_for_agent-8781840078707', 'neutron.services.l3_router.l3_router_plugin.DVRResourceOperationHandler.create_fip_agent_gw_ports-1654531'] for agent (55482d8c-c9de-402a-98be-3c7f1e3e0fef), after_create _notify_loop /var/lib/kolla/venv/lib/python3.6/site-packages/neutron_lib/callbacks/manager.py:177
2025-06-09 02:03:38.155 22 DEBUG neutron.wsgi [-] (22) accepted ('10.0.0.38', 58678) server /var/lib/kolla/venv/lib/python3.6/site-packages/eventlet/wsgi.py:1004
2025-06-09 02:03:38.159 22 INFO neutron.wsgi [-] 10.0.0.38 "GET / HTTP/1.1" status: 200 len: 227 time: 0.0029726
2025-06-09 02:03:41.856 26 DEBUG neutron_lib.callbacks.manager [req-0d680cc7-fe3f-4674-85c0-74e882b7b0d5 - - - - -] Publish callbacks ['neutron.services.segments.db._update_segment_host_mapping_for_agent-8781840078707', 'neutron.plugins.ml2.plugin.Ml2Plugin._retry_binding_revived_agents--9223372036853963369'] for agent (f210f7b3-421a-4162-a122-a6571fd0ac65), after_update _notify_loop /var/lib/kolla/venv/lib/python3.6/site-packages/neutron_lib/callbacks/manager.py:177
2025-06-09 02:04:04.396 27 DEBUG neutron_lib.callbacks.manager [req-8593dd27-4205-4629-b7f4-af92aa52667a - - - - -] Publish callbacks ['neutron.services.segments.db._update_segment_host_mapping_for_agent-8781840078707', 'neutron.plugins.ml2.plugin.Ml2Plugin._retry_binding_revived_agents--9223372036853963369'] for agent (55482d8c-c9de-402a-98be-3c7f1e3e0fef), after_update _notify_loop /var/lib/kolla/venv/lib/python3.6/site-packages/neutron_lib/callbacks/manager.py:177
2025-06-09 02:04:08.200 22 DEBUG neutron.wsgi [-] (22) accepted ('10.0.0.38', 47980) server /var/lib/kolla/venv/lib/python3.6/site-packages/eventlet/wsgi.py:1004
2025-06-09 02:04:08.204 22 INFO neutron.wsgi [-] 10.0.0.38 "GET / HTTP/1.1" status: 200 len: 227 time: 0.0031750
2025-06-09 02:04:11.852 25 DEBUG neutron_lib.callbacks.manager [req-ed5ebace-0423-4e21-800e-05caa591218c - - - - -] Publish callbacks ['neutron.services.segments.db._update_segment_host_mapping_for_agent-8781840078707', 'neutron.plugins.ml2.plugin.Ml2Plugin._retry_binding_revived_agents--9223372036853963369'] for agent (f210f7b3-421a-4162-a122-a6571fd0ac65), after_update _notify_loop /var/lib/kolla/venv/lib/python3.6/site-packages/neutron_lib/callbacks/manager.py:177
2025-06-09 02:04:14.286 29 DEBUG neutron.db.agents_db [req-7d6b4cb2-b319-4b2f-9d91-1a61c1f460db - - - - -] Agent healthcheck: found 2 active agents agent_health_check /var/lib/kolla/venv/lib/python3.6/site-packages/neutron/db/agents_db.py:318
2025-06-09 02:04:34.393 24 DEBUG neutron_lib.callbacks.manager [req-8593dd27-4205-4629-b7f4-af92aa52667a - - - - -] Publish callbacks ['neutron.services.segments.db._update_segment_host_mapping_for_agent-8781840078707', 'neutron.plugins.ml2.plugin.Ml2Plugin._retry_binding_revived_agents--9223372036853963369'] for agent (55482d8c-c9de-402a-98be-3c7f1e3e0fef), after_update _notify_loop /var/lib/kolla/venv/lib/python3.6/site-packages/neutron_lib/callbacks/manager.py:177
2025-06-09 02:04:38.245 22 DEBUG neutron.wsgi [-] (22) accepted ('10.0.0.38', 40174) server /var/lib/kolla/venv/lib/python3.6/site-packages/eventlet/wsgi.py:1004
2025-06-09 02:04:38.248 22 INFO neutron.wsgi [-] 10.0.0.38 "GET / HTTP/1.1" status: 200 len: 227 time: 0.0026293
2025-06-09 02:04:41.833 28 DEBUG neutron_lib.callbacks.manager [req-f562ebba-ff78-4965-9cce-e831249c6f39 - - - - -] Publish callbacks ['neutron.services.segments.db._update_segment_host_mapping_for_agent-8781840078707', 'neutron.plugins.ml2.plugin.Ml2Plugin._retry_binding_revived_agents--9223372036853963369'] for agent (f210f7b3-421a-4162-a122-a6571fd0ac65), after_update _notify_loop /var/lib/kolla/venv/lib/python3.6/site-packages/neutron_lib/callbacks/manager.py:177
2025-06-09 02:04:51.287 29 DEBUG neutron.db.agents_db [req-7d6b4cb2-b319-4b2f-9d91-1a61c1f460db - - - - -] Agent healthcheck: found 2 active agents agent_health_check /var/lib/kolla/venv/lib/python3.6/site-packages/neutron/db/agents_db.py:318
2025-06-09 02:05:04.382 23 DEBUG neutron_lib.callbacks.manager [req-8593dd27-4205-4629-b7f4-af92aa52667a - - - - -] Publish callbacks ['neutron.services.segments.db._update_segment_host_mapping_for_agent-8781840078707', 'neutron.plugins.ml2.plugin.Ml2Plugin._retry_binding_revived_agents--9223372036853963369'] for agent (55482d8c-c9de-402a-98be-3c7f1e3e0fef), after_update _notify_loop /var/lib/kolla/venv/lib/python3.6/site-packages/neutron_lib/callbacks/manager.py:177
2025-06-09 02:05:08.291 22 DEBUG neutron.wsgi [-] (22) accepted ('10.0.0.38', 45756) server /var/lib/kolla/venv/lib/python3.6/site-packages/eventlet/wsgi.py:1004
2025-06-09 02:05:08.295 22 INFO neutron.wsgi [-] 10.0.0.38 "GET / HTTP/1.1" status: 200 len: 227 time: 0.0026431
2025-06-09 02:05:11.832 26 DEBUG neutron_lib.callbacks.manager [req-20d42c4c-eb19-4405-8a14-ed0a4e9beae7 - - - - -] Publish callbacks ['neutron.services.segments.db._update_segment_host_mapping_for_agent-8781840078707', 'neutron.plugins.ml2.plugin.Ml2Plugin._retry_binding_revived_agents--9223372036853963369'] for agent (f210f7b3-421a-4162-a122-a6571fd0ac65), after_update _notify_loop /var/lib/kolla/venv/lib/python3.6/site-packages/neutron_lib/callbacks/manager.py:177
2025-06-09 02:05:28.286 29 DEBUG neutron.db.agents_db [req-7d6b4cb2-b319-4b2f-9d91-1a61c1f460db - - - - -] Agent healthcheck: found 2 active agents agent_health_check /var/lib/kolla/venv/lib/python3.6/site-packages/neutron/db/agents_db.py:318
2025-06-09 02:05:34.382 27 DEBUG neutron_lib.callbacks.manager [req-8593dd27-4205-4629-b7f4-af92aa52667a - - - - -] Publish callbacks ['neutron.services.segments.db._update_segment_host_mapping_for_agent-8781840078707', 'neutron.plugins.ml2.plugin.Ml2Plugin._retry_binding_revived_agents--9223372036853963369'] for agent (55482d8c-c9de-402a-98be-3c7f1e3e0fef), after_update _notify_loop /var/lib/kolla/venv/lib/python3.6/site-packages/neutron_lib/callbacks/manager.py:177
2025-06-09 02:05:38.341 22 DEBUG neutron.wsgi [-] (22) accepted ('10.0.0.38', 58624) server /var/lib/kolla/venv/lib/python3.6/site-packages/eventlet/wsgi.py:1004
2025-06-09 02:05:38.344 22 INFO neutron.wsgi [-] 10.0.0.38 "GET / HTTP/1.1" status: 200 len: 227 time: 0.0027819
2025-06-09 02:05:41.827 25 DEBUG neutron_lib.callbacks.manager [req-2e9c4d5e-6e5f-4f08-826d-10d5df9dbf19 - - - - -] Publish callbacks ['neutron.services.segments.db._update_segment_host_mapping_for_agent-8781840078707', 'neutron.plugins.ml2.plugin.Ml2Plugin._retry_binding_revived_agents--9223372036853963369'] for agent (f210f7b3-421a-4162-a122-a6571fd0ac65), after_update _notify_loop /var/lib/kolla/venv/lib/python3.6/site-packages/neutron_lib/callbacks/manager.py:177
2025-06-09 02:06:04.384 24 DEBUG neutron_lib.callbacks.manager [req-8593dd27-4205-4629-b7f4-af92aa52667a - - - - -] Publish callbacks ['neutron.services.segments.db._update_segment_host_mapping_for_agent-8781840078707', 'neutron.plugins.ml2.plugin.Ml2Plugin._retry_binding_revived_agents--9223372036853963369'] for agent (55482d8c-c9de-402a-98be-3c7f1e3e0fef), after_update _notify_loop /var/lib/kolla/venv/lib/python3.6/site-packages/neutron_lib/callbacks/manager.py:177
2025-06-09 02:06:05.286 29 DEBUG neutron.db.agents_db [req-7d6b4cb2-b319-4b2f-9d91-1a61c1f460db - - - - -] Agent healthcheck: found 2 active agents agent_health_check /var/lib/kolla/venv/lib/python3.6/site-packages/neutron/db/agents_db.py:318
2025-06-09 02:06:08.385 22 DEBUG neutron.wsgi [-] (22) accepted ('10.0.0.38', 45548) server /var/lib/kolla/venv/lib/python3.6/site-packages/eventlet/wsgi.py:1004
2025-06-09 02:06:08.388 22 INFO neutron.wsgi [-] 10.0.0.38 "GET / HTTP/1.1" status: 200 len: 227 time: 0.0025935
2025-06-09 02:06:11.833 28 DEBUG neutron_lib.callbacks.manager [req-7c073901-0130-4fa4-b16e-cf096bd5c46e - - - - -] Publish callbacks ['neutron.services.segments.db._update_segment_host_mapping_for_agent-8781840078707', 'neutron.plugins.ml2.plugin.Ml2Plugin._retry_binding_revived_agents--9223372036853963369'] for agent (f210f7b3-421a-4162-a122-a6571fd0ac65), after_update _notify_loop /var/lib/kolla/venv/lib/python3.6/site-packages/neutron_lib/callbacks/manager.py:177
2025-06-09 02:06:34.390 23 DEBUG neutron_lib.callbacks.manager [req-8593dd27-4205-4629-b7f4-af92aa52667a - - - - -] Publish callbacks ['neutron.services.segments.db._update_segment_host_mapping_for_agent-8781840078707', 'neutron.plugins.ml2.plugin.Ml2Plugin._retry_binding_revived_agents--9223372036853963369'] for agent (55482d8c-c9de-402a-98be-3c7f1e3e0fef), after_update _notify_loop /var/lib/kolla/venv/lib/python3.6/site-packages/neutron_lib/callbacks/manager.py:177
2025-06-09 02:06:38.430 22 DEBUG neutron.wsgi [-] (22) accepted ('10.0.0.38', 44588) server /var/lib/kolla/venv/lib/python3.6/site-packages/eventlet/wsgi.py:1004
2025-06-09 02:06:38.433 22 INFO neutron.wsgi [-] 10.0.0.38 "GET / HTTP/1.1" status: 200 len: 227 time: 0.0023546
2025-06-09 02:06:41.829 26 DEBUG neutron_lib.callbacks.manager [req-efe0e214-0686-488f-b279-98e56b1916cf - - - - -] Publish callbacks ['neutron.services.segments.db._update_segment_host_mapping_for_agent-8781840078707', 'neutron.plugins.ml2.plugin.Ml2Plugin._retry_binding_revived_agents--9223372036853963369'] for agent (f210f7b3-421a-4162-a122-a6571fd0ac65), after_update _notify_loop /var/lib/kolla/venv/lib/python3.6/site-packages/neutron_lib/callbacks/manager.py:177
2025-06-09 02:06:42.283 29 DEBUG neutron.db.agents_db [req-7d6b4cb2-b319-4b2f-9d91-1a61c1f460db - - - - -] Agent healthcheck: found 2 active agents agent_health_check /var/lib/kolla/venv/lib/python3.6/site-packages/neutron/db/agents_db.py:318
2025-06-09 02:07:04.391 27 DEBUG neutron_lib.callbacks.manager [req-8593dd27-4205-4629-b7f4-af92aa52667a - - - - -] Publish callbacks ['neutron.services.segments.db._update_segment_host_mapping_for_agent-8781840078707', 'neutron.plugins.ml2.plugin.Ml2Plugin._retry_binding_revived_agents--9223372036853963369'] for agent (55482d8c-c9de-402a-98be-3c7f1e3e0fef), after_update _notify_loop /var/lib/kolla/venv/lib/python3.6/site-packages/neutron_lib/callbacks/manager.py:177
2025-06-09 02:07:08.473 22 DEBUG neutron.wsgi [-] (22) accepted ('10.0.0.38', 44740) server /var/lib/kolla/venv/lib/python3.6/site-packages/eventlet/wsgi.py:1004
2025-06-09 02:07:08.477 22 INFO neutron.wsgi [-] 10.0.0.38 "GET / HTTP/1.1" status: 200 len: 227 time: 0.0026484
2025-06-09 02:07:11.837 25 DEBUG neutron_lib.callbacks.manager [req-23d480d0-46c1-45d2-bdd1-6f5e28966197 - - - - -] Publish callbacks ['neutron.services.segments.db._update_segment_host_mapping_for_agent-8781840078707', 'neutron.plugins.ml2.plugin.Ml2Plugin._retry_binding_revived_agents--9223372036853963369'] for agent (f210f7b3-421a-4162-a122-a6571fd0ac65), after_update _notify_loop /var/lib/kolla/venv/lib/python3.6/site-packages/neutron_lib/callbacks/manager.py:177
2025-06-09 02:07:19.289 29 DEBUG neutron.db.agents_db [req-7d6b4cb2-b319-4b2f-9d91-1a61c1f460db - - - - -] Agent healthcheck: found 2 active agents agent_health_check /var/lib/kolla/venv/lib/python3.6/site-packages/neutron/db/agents_db.py:318
2025-06-09 02:07:34.391 24 DEBUG neutron_lib.callbacks.manager [req-8593dd27-4205-4629-b7f4-af92aa52667a - - - - -] Publish callbacks ['neutron.services.segments.db._update_segment_host_mapping_for_agent-8781840078707', 'neutron.plugins.ml2.plugin.Ml2Plugin._retry_binding_revived_agents--9223372036853963369'] for agent (55482d8c-c9de-402a-98be-3c7f1e3e0fef), after_update _notify_loop /var/lib/kolla/venv/lib/python3.6/site-packages/neutron_lib/callbacks/manager.py:177
2025-06-09 02:07:38.519 22 DEBUG neutron.wsgi [-] (22) accepted ('10.0.0.38', 54596) server /var/lib/kolla/venv/lib/python3.6/site-packages/eventlet/wsgi.py:1004
2025-06-09 02:07:38.524 22 INFO neutron.wsgi [-] 10.0.0.38 "GET / HTTP/1.1" status: 200 len: 227 time: 0.0047898
2025-06-09 02:07:41.870 28 DEBUG neutron_lib.callbacks.manager [req-c1ede2df-9c93-4668-b899-475056884f7f - - - - -] Publish callbacks ['neutron.services.segments.db._update_segment_host_mapping_for_agent-8781840078707', 'neutron.plugins.ml2.plugin.Ml2Plugin._retry_binding_revived_agents--9223372036853963369'] for agent (f210f7b3-421a-4162-a122-a6571fd0ac65), after_update _notify_loop /var/lib/kolla/venv/lib/python3.6/site-packages/neutron_lib/callbacks/manager.py:177
2025-06-09 02:07:56.290 29 DEBUG neutron.db.agents_db [req-7d6b4cb2-b319-4b2f-9d91-1a61c1f460db - - - - -] Agent healthcheck: found 2 active agents agent_health_check /var/lib/kolla/venv/lib/python3.6/site-packages/neutron/db/agents_db.py:318
2025-06-09 02:08:04.396 23 DEBUG neutron_lib.callbacks.manager [req-8593dd27-4205-4629-b7f4-af92aa52667a - - - - -] Publish callbacks ['neutron.services.segments.db._update_segment_host_mapping_for_agent-8781840078707', 'neutron.plugins.ml2.plugin.Ml2Plugin._retry_binding_revived_agents--9223372036853963369'] for agent (55482d8c-c9de-402a-98be-3c7f1e3e0fef), after_update _notify_loop /var/lib/kolla/venv/lib/python3.6/site-packages/neutron_lib/callbacks/manager.py:177
2025-06-09 02:08:08.571 22 DEBUG neutron.wsgi [-] (22) accepted ('10.0.0.38', 60166) server /var/lib/kolla/venv/lib/python3.6/site-packages/eventlet/wsgi.py:1004
2025-06-09 02:08:08.575 22 INFO neutron.wsgi [-] 10.0.0.38 "GET / HTTP/1.1" status: 200 len: 227 time: 0.0029967
2025-06-09 02:08:11.836 26 DEBUG neutron_lib.callbacks.manager [req-c1288bc5-22fd-4267-b5ec-bbc1b5534414 - - - - -] Publish callbacks ['neutron.services.segments.db._update_segment_host_mapping_for_agent-8781840078707', 'neutron.plugins.ml2.plugin.Ml2Plugin._retry_binding_revived_agents--9223372036853963369'] for agent (f210f7b3-421a-4162-a122-a6571fd0ac65), after_update _notify_loop /var/lib/kolla/venv/lib/python3.6/site-packages/neutron_lib/callbacks/manager.py:177
2025-06-09 02:08:33.288 29 DEBUG neutron.db.agents_db [req-7d6b4cb2-b319-4b2f-9d91-1a61c1f460db - - - - -] Agent healthcheck: found 2 active agents agent_health_check /var/lib/kolla/venv/lib/python3.6/site-packages/neutron/db/agents_db.py:318
2025-06-09 02:08:34.398 27 DEBUG neutron_lib.callbacks.manager [req-8593dd27-4205-4629-b7f4-af92aa52667a - - - - -] Publish callbacks ['neutron.services.segments.db._update_segment_host_mapping_for_agent-8781840078707', 'neutron.plugins.ml2.plugin.Ml2Plugin._retry_binding_revived_agents--9223372036853963369'] for agent (55482d8c-c9de-402a-98be-3c7f1e3e0fef), after_update _notify_loop /var/lib/kolla/venv/lib/python3.6/site-packages/neutron_lib/callbacks/manager.py:177
2025-06-09 02:08:38.618 22 DEBUG neutron.wsgi [-] (22) accepted ('10.0.0.38', 34430) server /var/lib/kolla/venv/lib/python3.6/site-packages/eventlet/wsgi.py:1004
2025-06-09 02:08:38.621 22 INFO neutron.wsgi [-] 10.0.0.38 "GET / HTTP/1.1" status: 200 len: 227 time: 0.0028331
2025-06-09 02:08:41.835 25 DEBUG neutron_lib.callbacks.manager [req-a4a8620c-3f09-408a-ad74-c6af0bdfedca - - - - -] Publish callbacks ['neutron.services.segments.db._update_segment_host_mapping_for_agent-8781840078707', 'neutron.plugins.ml2.plugin.Ml2Plugin._retry_binding_revived_agents--9223372036853963369'] for agent (f210f7b3-421a-4162-a122-a6571fd0ac65), after_update _notify_loop /var/lib/kolla/venv/lib/python3.6/site-packages/neutron_lib/callbacks/manager.py:177
2025-06-09 02:09:04.404 24 DEBUG neutron_lib.callbacks.manager [req-8593dd27-4205-4629-b7f4-af92aa52667a - - - - -] Publish callbacks ['neutron.services.segments.db._update_segment_host_mapping_for_agent-8781840078707', 'neutron.plugins.ml2.plugin.Ml2Plugin._retry_binding_revived_agents--9223372036853963369'] for agent (55482d8c-c9de-402a-98be-3c7f1e3e0fef), after_update _notify_loop /var/lib/kolla/venv/lib/python3.6/site-packages/neutron_lib/callbacks/manager.py:177
2025-06-09 02:09:08.662 22 DEBUG neutron.wsgi [-] (22) accepted ('10.0.0.38', 56850) server /var/lib/kolla/venv/lib/python3.6/site-packages/eventlet/wsgi.py:1004
2025-06-09 02:09:08.666 22 INFO neutron.wsgi [-] 10.0.0.38 "GET / HTTP/1.1" status: 200 len: 227 time: 0.0024664
2025-06-09 02:09:10.297 29 DEBUG neutron.db.agents_db [req-7d6b4cb2-b319-4b2f-9d91-1a61c1f460db - - - - -] Agent healthcheck: found 2 active agents agent_health_check /var/lib/kolla/venv/lib/python3.6/site-packages/neutron/db/agents_db.py:318
2025-06-09 02:09:11.876 28 DEBUG neutron_lib.callbacks.manager [req-17f12ca7-e855-4e5b-99de-867afaead9ed - - - - -] Publish callbacks ['neutron.services.segments.db._update_segment_host_mapping_for_agent-8781840078707', 'neutron.plugins.ml2.plugin.Ml2Plugin._retry_binding_revived_agents--9223372036853963369'] for agent (f210f7b3-421a-4162-a122-a6571fd0ac65), after_update _notify_loop /var/lib/kolla/venv/lib/python3.6/site-packages/neutron_lib/callbacks/manager.py:177
2025-06-09 02:09:34.402 23 DEBUG neutron_lib.callbacks.manager [req-8593dd27-4205-4629-b7f4-af92aa52667a - - - - -] Publish callbacks ['neutron.services.segments.db._update_segment_host_mapping_for_agent-8781840078707', 'neutron.plugins.ml2.plugin.Ml2Plugin._retry_binding_revived_agents--9223372036853963369'] for agent (55482d8c-c9de-402a-98be-3c7f1e3e0fef), after_update _notify_loop /var/lib/kolla/venv/lib/python3.6/site-packages/neutron_lib/callbacks/manager.py:177
2025-06-09 02:09:38.707 22 DEBUG neutron.wsgi [-] (22) accepted ('10.0.0.38', 47198) server /var/lib/kolla/venv/lib/python3.6/site-packages/eventlet/wsgi.py:1004
2025-06-09 02:09:38.711 22 INFO neutron.wsgi [-] 10.0.0.38 "GET / HTTP/1.1" status: 200 len: 227 time: 0.0029843
2025-06-09 02:09:41.831 26 DEBUG neutron_lib.callbacks.manager [req-7612f3e0-cefd-43c9-b5ba-21f136e0dc60 - - - - -] Publish callbacks ['neutron.services.segments.db._update_segment_host_mapping_for_agent-8781840078707', 'neutron.plugins.ml2.plugin.Ml2Plugin._retry_binding_revived_agents--9223372036853963369'] for agent (f210f7b3-421a-4162-a122-a6571fd0ac65), after_update _notify_loop /var/lib/kolla/venv/lib/python3.6/site-packages/neutron_lib/callbacks/manager.py:177
2025-06-09 02:09:47.306 29 DEBUG neutron.db.agents_db [req-7d6b4cb2-b319-4b2f-9d91-1a61c1f460db - - - - -] Agent healthcheck: found 2 active agents agent_health_check /var/lib/kolla/venv/lib/python3.6/site-packages/neutron/db/agents_db.py:318
2025-06-09 02:10:04.404 27 DEBUG neutron_lib.callbacks.manager [req-8593dd27-4205-4629-b7f4-af92aa52667a - - - - -] Publish callbacks ['neutron.services.segments.db._update_segment_host_mapping_for_agent-8781840078707', 'neutron.plugins.ml2.plugin.Ml2Plugin._retry_binding_revived_agents--9223372036853963369'] for agent (55482d8c-c9de-402a-98be-3c7f1e3e0fef), after_update _notify_loop /var/lib/kolla/venv/lib/python3.6/site-packages/neutron_lib/callbacks/manager.py:177
2025-06-09 02:10:08.757 22 DEBUG neutron.wsgi [-] (22) accepted ('10.0.0.38', 36332) server /var/lib/kolla/venv/lib/python3.6/site-packages/eventlet/wsgi.py:1004
2025-06-09 02:10:08.761 22 INFO neutron.wsgi [-] 10.0.0.38 "GET / HTTP/1.1" status: 200 len: 227 time: 0.0029519
2025-06-09 02:10:11.837 25 DEBUG neutron_lib.callbacks.manager [req-32b5f812-33b8-46a7-9fbd-3a185a9f21e2 - - - - -] Publish callbacks ['neutron.services.segments.db._update_segment_host_mapping_for_agent-8781840078707', 'neutron.plugins.ml2.plugin.Ml2Plugin._retry_binding_revived_agents--9223372036853963369'] for agent (f210f7b3-421a-4162-a122-a6571fd0ac65), after_update _notify_loop /var/lib/kolla/venv/lib/python3.6/site-packages/neutron_lib/callbacks/manager.py:177
2025-06-09 02:10:24.302 29 DEBUG neutron.db.agents_db [req-7d6b4cb2-b319-4b2f-9d91-1a61c1f460db - - - - -] Agent healthcheck: found 2 active agents agent_health_check /var/lib/kolla/venv/lib/python3.6/site-packages/neutron/db/agents_db.py:318
2025-06-09 02:10:34.407 24 DEBUG neutron_lib.callbacks.manager [req-8593dd27-4205-4629-b7f4-af92aa52667a - - - - -] Publish callbacks ['neutron.services.segments.db._update_segment_host_mapping_for_agent-8781840078707', 'neutron.plugins.ml2.plugin.Ml2Plugin._retry_binding_revived_agents--9223372036853963369'] for agent (55482d8c-c9de-402a-98be-3c7f1e3e0fef), after_update _notify_loop /var/lib/kolla/venv/lib/python3.6/site-packages/neutron_lib/callbacks/manager.py:177
2025-06-09 02:10:38.804 22 DEBUG neutron.wsgi [-] (22) accepted ('10.0.0.38', 37572) server /var/lib/kolla/venv/lib/python3.6/site-packages/eventlet/wsgi.py:1004
2025-06-09 02:10:38.807 22 INFO neutron.wsgi [-] 10.0.0.38 "GET / HTTP/1.1" status: 200 len: 227 time: 0.0025535
2025-06-09 02:10:41.837 28 DEBUG neutron_lib.callbacks.manager [req-03418359-eb6e-411b-9801-bb471e1225e4 - - - - -] Publish callbacks ['neutron.services.segments.db._update_segment_host_mapping_for_agent-8781840078707', 'neutron.plugins.ml2.plugin.Ml2Plugin._retry_binding_revived_agents--9223372036853963369'] for agent (f210f7b3-421a-4162-a122-a6571fd0ac65), after_update _notify_loop /var/lib/kolla/venv/lib/python3.6/site-packages/neutron_lib/callbacks/manager.py:177
2025-06-09 02:11:01.301 29 DEBUG neutron.db.agents_db [req-7d6b4cb2-b319-4b2f-9d91-1a61c1f460db - - - - -] Agent healthcheck: found 2 active agents agent_health_check /var/lib/kolla/venv/lib/python3.6/site-packages/neutron/db/agents_db.py:318
2025-06-09 02:11:04.467 23 DEBUG neutron_lib.callbacks.manager [req-8593dd27-4205-4629-b7f4-af92aa52667a - - - - -] Publish callbacks ['neutron.services.segments.db._update_segment_host_mapping_for_agent-8781840078707', 'neutron.plugins.ml2.plugin.Ml2Plugin._retry_binding_revived_agents--9223372036853963369'] for agent (55482d8c-c9de-402a-98be-3c7f1e3e0fef), after_update _notify_loop /var/lib/kolla/venv/lib/python3.6/site-packages/neutron_lib/callbacks/manager.py:177
2025-06-09 02:11:08.857 22 DEBUG neutron.wsgi [-] (22) accepted ('10.0.0.38', 37844) server /var/lib/kolla/venv/lib/python3.6/site-packages/eventlet/wsgi.py:1004
2025-06-09 02:11:08.864 22 INFO neutron.wsgi [-] 10.0.0.38 "GET / HTTP/1.1" status: 200 len: 227 time: 0.0068605
2025-06-09 02:11:11.833 26 DEBUG neutron_lib.callbacks.manager [req-23941795-6b99-4dc2-aa44-5f277ba86cd1 - - - - -] Publish callbacks ['neutron.services.segments.db._update_segment_host_mapping_for_agent-8781840078707', 'neutron.plugins.ml2.plugin.Ml2Plugin._retry_binding_revived_agents--9223372036853963369'] for agent (f210f7b3-421a-4162-a122-a6571fd0ac65), after_update _notify_loop /var/lib/kolla/venv/lib/python3.6/site-packages/neutron_lib/callbacks/manager.py:177
2025-06-09 02:11:23.474 7 INFO oslo_service.service [-] Caught SIGTERM, stopping children
2025-06-09 02:11:23.474 7 DEBUG oslo_concurrency.lockutils [-] Acquired lock "singleton_lock" lock /var/lib/kolla/venv/lib/python3.6/site-packages/oslo_concurrency/lockutils.py:294
2025-06-09 02:11:23.475 7 DEBUG oslo_concurrency.lockutils [-] Releasing lock "singleton_lock" lock /var/lib/kolla/venv/lib/python3.6/site-packages/oslo_concurrency/lockutils.py:312
2025-06-09 02:11:23.475 7 DEBUG oslo_service.service [-] Stop services. stop /var/lib/kolla/venv/lib/python3.6/site-packages/oslo_service/service.py:695
2025-06-09 02:11:23.475 7 DEBUG neutron.service [-] calling RpcWorker stop() stop /var/lib/kolla/venv/lib/python3.6/site-packages/neutron/service.py:138
2025-06-09 02:11:23.475 7 DEBUG neutron.service [-] calling RpcWorker stop() stop /var/lib/kolla/venv/lib/python3.6/site-packages/neutron/service.py:138
2025-06-09 02:11:23.475 7 DEBUG oslo_service.service [-] Killing children. stop /var/lib/kolla/venv/lib/python3.6/site-packages/oslo_service/service.py:700
2025-06-09 02:11:23.475 7 INFO oslo_service.service [-] Waiting on 8 children to exit
2025-06-09 02:11:23.476 22 INFO neutron.wsgi [-] (22) wsgi exited, is_accepting=True
2025-06-09 02:11:23.475 27 DEBUG neutron.service [-] calling RpcWorker stop() stop /var/lib/kolla/venv/lib/python3.6/site-packages/neutron/service.py:138
2025-06-09 02:11:23.475 23 DEBUG neutron.service [-] calling RpcWorker stop() stop /var/lib/kolla/venv/lib/python3.6/site-packages/neutron/service.py:138
2025-06-09 02:11:23.475 24 DEBUG neutron.service [-] calling RpcWorker stop() stop /var/lib/kolla/venv/lib/python3.6/site-packages/neutron/service.py:138
2025-06-09 02:11:23.476 22 DEBUG oslo_concurrency.lockutils [req-778f0e60-3066-44f8-97f3-5761915edfc4 - - - - -] Acquired lock "singleton_lock" lock /var/lib/kolla/venv/lib/python3.6/site-packages/oslo_concurrency/lockutils.py:294
2025-06-09 02:11:23.477 22 DEBUG oslo_concurrency.lockutils [req-778f0e60-3066-44f8-97f3-5761915edfc4 - - - - -] Releasing lock "singleton_lock" lock /var/lib/kolla/venv/lib/python3.6/site-packages/oslo_concurrency/lockutils.py:312
2025-06-09 02:11:23.476 23 DEBUG neutron.service [-] calling stop on stop /var/lib/kolla/venv/lib/python3.6/site-packages/neutron/service.py:141
2025-06-09 02:11:23.476 24 DEBUG neutron.service [-] calling stop on stop /var/lib/kolla/venv/lib/python3.6/site-packages/neutron/service.py:141
2025-06-09 02:11:23.476 27 DEBUG neutron.service [-] calling stop on stop /var/lib/kolla/venv/lib/python3.6/site-packages/neutron/service.py:141
2025-06-09 02:11:23.478 29 DEBUG neutron.service [-] calling RpcWorker stop() stop /var/lib/kolla/venv/lib/python3.6/site-packages/neutron/service.py:138
2025-06-09 02:11:23.479 28 DEBUG neutron.service [-] calling RpcWorker stop() stop /var/lib/kolla/venv/lib/python3.6/site-packages/neutron/service.py:138
2025-06-09 02:11:23.478 29 DEBUG neutron.service [-] calling stop on stop /var/lib/kolla/venv/lib/python3.6/site-packages/neutron/service.py:141
2025-06-09 02:11:23.480 7 INFO oslo_service.service [-] Child 22 exited with status 0
2025-06-09 02:11:23.479 28 DEBUG neutron.service [-] calling stop on stop /var/lib/kolla/venv/lib/python3.6/site-packages/neutron/service.py:141
2025-06-09 02:11:23.493 25 DEBUG neutron.service [-] calling RpcWorker stop() stop /var/lib/kolla/venv/lib/python3.6/site-packages/neutron/service.py:138
2025-06-09 02:11:23.494 25 DEBUG neutron.service [-] calling stop on stop /var/lib/kolla/venv/lib/python3.6/site-packages/neutron/service.py:141
2025-06-09 02:11:23.501 26 DEBUG neutron.service [-] calling RpcWorker stop() stop /var/lib/kolla/venv/lib/python3.6/site-packages/neutron/service.py:138
2025-06-09 02:11:23.502 26 DEBUG neutron.service [-] calling stop on stop /var/lib/kolla/venv/lib/python3.6/site-packages/neutron/service.py:141
2025-06-09 02:11:25.028 26 DEBUG oslo_concurrency.lockutils [req-778f0e60-3066-44f8-97f3-5761915edfc4 - - - - -] Acquired lock "singleton_lock" lock /var/lib/kolla/venv/lib/python3.6/site-packages/oslo_concurrency/lockutils.py:294
2025-06-09 02:11:25.028 26 DEBUG oslo_concurrency.lockutils [req-778f0e60-3066-44f8-97f3-5761915edfc4 - - - - -] Releasing lock "singleton_lock" lock /var/lib/kolla/venv/lib/python3.6/site-packages/oslo_concurrency/lockutils.py:312
2025-06-09 02:11:25.028 26 DEBUG neutron.service [req-778f0e60-3066-44f8-97f3-5761915edfc4 - - - - -] calling RpcWorker wait() _wait /var/lib/kolla/venv/lib/python3.6/site-packages/neutron/service.py:128
2025-06-09 02:11:25.029 26 DEBUG neutron.service [req-778f0e60-3066-44f8-97f3-5761915edfc4 - - - - -] calling wait on _wait /var/lib/kolla/venv/lib/python3.6/site-packages/neutron/service.py:131
2025-06-09 02:11:25.036 26 WARNING amqp [req-778f0e60-3066-44f8-97f3-5761915edfc4 - - - - -] Received method (60, 30) during closing channel 1. This method will be ignored
2025-06-09 02:11:25.036 28 DEBUG oslo_concurrency.lockutils [req-778f0e60-3066-44f8-97f3-5761915edfc4 - - - - -] Acquired lock "singleton_lock" lock /var/lib/kolla/venv/lib/python3.6/site-packages/oslo_concurrency/lockutils.py:294
2025-06-09 02:11:25.037 28 DEBUG oslo_concurrency.lockutils [req-778f0e60-3066-44f8-97f3-5761915edfc4 - - - - -] Releasing lock "singleton_lock" lock /var/lib/kolla/venv/lib/python3.6/site-packages/oslo_concurrency/lockutils.py:312
2025-06-09 02:11:25.037 28 DEBUG neutron.service [req-778f0e60-3066-44f8-97f3-5761915edfc4 - - - - -] calling RpcWorker wait() _wait /var/lib/kolla/venv/lib/python3.6/site-packages/neutron/service.py:128
2025-06-09 02:11:25.037 28 DEBUG neutron.service [req-778f0e60-3066-44f8-97f3-5761915edfc4 - - - - -] calling wait on _wait /var/lib/kolla/venv/lib/python3.6/site-packages/neutron/service.py:131
2025-06-09 02:11:25.037 26 DEBUG neutron.service [req-778f0e60-3066-44f8-97f3-5761915edfc4 - - - - -] returning from RpcWorker wait() _wait /var/lib/kolla/venv/lib/python3.6/site-packages/neutron/service.py:135
2025-06-09 02:11:25.042 7 INFO oslo_service.service [-] Child 26 exited with status 0
2025-06-09 02:11:25.043 28 WARNING amqp [req-778f0e60-3066-44f8-97f3-5761915edfc4 - - - - -] Received method (60, 30) during closing channel 1. This method will be ignored
2025-06-09 02:11:25.044 28 DEBUG neutron.service [req-778f0e60-3066-44f8-97f3-5761915edfc4 - - - - -] returning from RpcWorker wait() _wait /var/lib/kolla/venv/lib/python3.6/site-packages/neutron/service.py:135
2025-06-09 02:11:25.048 7 INFO oslo_service.service [-] Child 28 exited with status 0
2025-06-09 02:11:26.283 23 DEBUG neutron.service [-] calling stop on stop /var/lib/kolla/venv/lib/python3.6/site-packages/neutron/service.py:141
2025-06-09 02:11:26.286 25 DEBUG neutron.service [-] calling stop on stop /var/lib/kolla/venv/lib/python3.6/site-packages/neutron/service.py:141
2025-06-09 02:11:26.298 24 DEBUG neutron.service [-] calling stop on stop /var/lib/kolla/venv/lib/python3.6/site-packages/neutron/service.py:141
2025-06-09 02:11:26.298 23 DEBUG neutron.service [-] calling stop on stop /var/lib/kolla/venv/lib/python3.6/site-packages/neutron/service.py:141
2025-06-09 02:11:26.306 25 DEBUG neutron.service [-] calling stop on stop /var/lib/kolla/venv/lib/python3.6/site-packages/neutron/service.py:141
2025-06-09 02:11:26.311 24 DEBUG neutron.service [-] calling stop on stop /var/lib/kolla/venv/lib/python3.6/site-packages/neutron/service.py:141
2025-06-09 02:11:26.312 29 DEBUG oslo_concurrency.lockutils [req-778f0e60-3066-44f8-97f3-5761915edfc4 - - - - -] Acquired lock "singleton_lock" lock /var/lib/kolla/venv/lib/python3.6/site-packages/oslo_concurrency/lockutils.py:294
2025-06-09 02:11:26.312 29 DEBUG oslo_concurrency.lockutils [req-778f0e60-3066-44f8-97f3-5761915edfc4 - - - - -] Releasing lock "singleton_lock" lock /var/lib/kolla/venv/lib/python3.6/site-packages/oslo_concurrency/lockutils.py:312
2025-06-09 02:11:26.312 29 DEBUG neutron.service [req-778f0e60-3066-44f8-97f3-5761915edfc4 - - - - -] calling RpcWorker wait() _wait /var/lib/kolla/venv/lib/python3.6/site-packages/neutron/service.py:128
2025-06-09 02:11:26.313 29 DEBUG neutron.service [req-778f0e60-3066-44f8-97f3-5761915edfc4 - - - - -] calling wait on _wait /var/lib/kolla/venv/lib/python3.6/site-packages/neutron/service.py:131
2025-06-09 02:11:26.319 24 DEBUG neutron.service [-] calling stop on stop /var/lib/kolla/venv/lib/python3.6/site-packages/neutron/service.py:141
2025-06-09 02:11:26.320 25 DEBUG neutron.service [-] calling stop on stop /var/lib/kolla/venv/lib/python3.6/site-packages/neutron/service.py:141
2025-06-09 02:11:26.330 27 DEBUG oslo_concurrency.lockutils [req-778f0e60-3066-44f8-97f3-5761915edfc4 - - - - -] Acquired lock "singleton_lock" lock /var/lib/kolla/venv/lib/python3.6/site-packages/oslo_concurrency/lockutils.py:294
2025-06-09 02:11:26.330 27 DEBUG oslo_concurrency.lockutils [req-778f0e60-3066-44f8-97f3-5761915edfc4 - - - - -] Releasing lock "singleton_lock" lock /var/lib/kolla/venv/lib/python3.6/site-packages/oslo_concurrency/lockutils.py:312
2025-06-09 02:11:26.331 27 DEBUG neutron.service [req-778f0e60-3066-44f8-97f3-5761915edfc4 - - - - -] calling RpcWorker wait() _wait /var/lib/kolla/venv/lib/python3.6/site-packages/neutron/service.py:128
2025-06-09 02:11:26.331 27 DEBUG neutron.service [req-778f0e60-3066-44f8-97f3-5761915edfc4 - - - - -] calling wait on _wait /var/lib/kolla/venv/lib/python3.6/site-packages/neutron/service.py:131
2025-06-09 02:11:26.331 25 DEBUG oslo_concurrency.lockutils [req-778f0e60-3066-44f8-97f3-5761915edfc4 - - - - -] Acquired lock "singleton_lock" lock /var/lib/kolla/venv/lib/python3.6/site-packages/oslo_concurrency/lockutils.py:294
2025-06-09 02:11:26.331 25 DEBUG oslo_concurrency.lockutils [req-778f0e60-3066-44f8-97f3-5761915edfc4 - - - - -] Releasing lock "singleton_lock" lock /var/lib/kolla/venv/lib/python3.6/site-packages/oslo_concurrency/lockutils.py:312
2025-06-09 02:11:26.331 25 DEBUG neutron.service [req-778f0e60-3066-44f8-97f3-5761915edfc4 - - - - -] calling RpcWorker wait() _wait /var/lib/kolla/venv/lib/python3.6/site-packages/neutron/service.py:128
2025-06-09 02:11:26.332 25 DEBUG neutron.service [req-778f0e60-3066-44f8-97f3-5761915edfc4 - - - - -] calling wait on _wait /var/lib/kolla/venv/lib/python3.6/site-packages/neutron/service.py:131
2025-06-09 02:11:26.334 24 DEBUG oslo_concurrency.lockutils [req-778f0e60-3066-44f8-97f3-5761915edfc4 - - - - -] Acquired lock "singleton_lock" lock /var/lib/kolla/venv/lib/python3.6/site-packages/oslo_concurrency/lockutils.py:294
2025-06-09 02:11:26.334 24 DEBUG oslo_concurrency.lockutils [req-778f0e60-3066-44f8-97f3-5761915edfc4 - - - - -] Releasing lock "singleton_lock" lock /var/lib/kolla/venv/lib/python3.6/site-packages/oslo_concurrency/lockutils.py:312
2025-06-09 02:11:26.334 24 DEBUG neutron.service [req-778f0e60-3066-44f8-97f3-5761915edfc4 - - - - -] calling RpcWorker wait() _wait /var/lib/kolla/venv/lib/python3.6/site-packages/neutron/service.py:128
2025-06-09 02:11:26.335 24 DEBUG neutron.service [req-778f0e60-3066-44f8-97f3-5761915edfc4 - - - - -] calling wait on _wait /var/lib/kolla/venv/lib/python3.6/site-packages/neutron/service.py:131
2025-06-09 02:11:26.428 29 WARNING amqp [req-778f0e60-3066-44f8-97f3-5761915edfc4 - - - - -] Received method (60, 30) during closing channel 1. This method will be ignored
2025-06-09 02:11:26.431 29 DEBUG neutron.service [req-778f0e60-3066-44f8-97f3-5761915edfc4 - - - - -] returning from RpcWorker wait() _wait /var/lib/kolla/venv/lib/python3.6/site-packages/neutron/service.py:135
2025-06-09 02:11:26.437 7 INFO oslo_service.service [-] Child 29 exited with status 0
2025-06-09 02:11:26.469 27 WARNING amqp [req-778f0e60-3066-44f8-97f3-5761915edfc4 - - - - -] Received method (60, 30) during closing channel 1. This method will be ignored
2025-06-09 02:11:26.469 25 WARNING amqp [req-778f0e60-3066-44f8-97f3-5761915edfc4 - - - - -] Received method (60, 30) during closing channel 1. This method will be ignored
2025-06-09 02:11:26.470 24 WARNING amqp [req-778f0e60-3066-44f8-97f3-5761915edfc4 - - - - -] Received method (60, 30) during closing channel 1. This method will be ignored
2025-06-09 02:11:26.472 27 DEBUG neutron.service [req-778f0e60-3066-44f8-97f3-5761915edfc4 - - - - -] returning from RpcWorker wait() _wait /var/lib/kolla/venv/lib/python3.6/site-packages/neutron/service.py:135
2025-06-09 02:11:26.472 25 DEBUG neutron.service [req-778f0e60-3066-44f8-97f3-5761915edfc4 - - - - -] calling wait on _wait /var/lib/kolla/venv/lib/python3.6/site-packages/neutron/service.py:131
2025-06-09 02:11:26.476 7 INFO oslo_service.service [-] Child 27 exited with status 0
2025-06-09 02:11:26.477 24 DEBUG neutron.service [req-778f0e60-3066-44f8-97f3-5761915edfc4 - - - - -] calling wait on _wait /var/lib/kolla/venv/lib/python3.6/site-packages/neutron/service.py:131
2025-06-09 02:11:26.484 25 WARNING amqp [req-778f0e60-3066-44f8-97f3-5761915edfc4 - - - - -] Received method (60, 30) during closing channel 1. This method will be ignored
2025-06-09 02:11:26.485 25 DEBUG neutron.service [req-778f0e60-3066-44f8-97f3-5761915edfc4 - - - - -] calling wait on _wait /var/lib/kolla/venv/lib/python3.6/site-packages/neutron/service.py:131
2025-06-09 02:11:26.487 24 WARNING amqp [req-778f0e60-3066-44f8-97f3-5761915edfc4 - - - - -] Received method (60, 30) during closing channel 1. This method will be ignored
2025-06-09 02:11:26.488 24 DEBUG neutron.service [req-778f0e60-3066-44f8-97f3-5761915edfc4 - - - - -] calling wait on _wait /var/lib/kolla/venv/lib/python3.6/site-packages/neutron/service.py:131
2025-06-09 02:11:26.490 25 WARNING amqp [req-778f0e60-3066-44f8-97f3-5761915edfc4 - - - - -] Received method (60, 30) during closing channel 1. This method will be ignored
2025-06-09 02:11:26.491 25 DEBUG neutron.service [req-778f0e60-3066-44f8-97f3-5761915edfc4 - - - - -] calling wait on _wait /var/lib/kolla/venv/lib/python3.6/site-packages/neutron/service.py:131
2025-06-09 02:11:26.495 24 WARNING amqp [req-778f0e60-3066-44f8-97f3-5761915edfc4 - - - - -] Received method (60, 30) during closing channel 1. This method will be ignored
2025-06-09 02:11:26.496 24 DEBUG neutron.service [req-778f0e60-3066-44f8-97f3-5761915edfc4 - - - - -] calling wait on _wait /var/lib/kolla/venv/lib/python3.6/site-packages/neutron/service.py:131
2025-06-09 02:11:26.498 25 WARNING amqp [req-778f0e60-3066-44f8-97f3-5761915edfc4 - - - - -] Received method (60, 30) during closing channel 1. This method will be ignored
2025-06-09 02:11:26.500 25 DEBUG neutron.service [req-778f0e60-3066-44f8-97f3-5761915edfc4 - - - - -] returning from RpcWorker wait() _wait /var/lib/kolla/venv/lib/python3.6/site-packages/neutron/service.py:135
2025-06-09 02:11:26.505 24 WARNING amqp [req-778f0e60-3066-44f8-97f3-5761915edfc4 - - - - -] Received method (60, 30) during closing channel 1. This method will be ignored
2025-06-09 02:11:26.506 24 DEBUG neutron.service [req-778f0e60-3066-44f8-97f3-5761915edfc4 - - - - -] returning from RpcWorker wait() _wait /var/lib/kolla/venv/lib/python3.6/site-packages/neutron/service.py:135
2025-06-09 02:11:26.509 7 INFO oslo_service.service [-] Child 25 exited with status 0
2025-06-09 02:11:26.510 7 INFO oslo_service.service [-] Child 24 exited with status 0
2025-06-09 02:11:27.656 23 DEBUG neutron.service [-] calling stop on stop /var/lib/kolla/venv/lib/python3.6/site-packages/neutron/service.py:141
2025-06-09 02:11:31.333 23 DEBUG oslo_concurrency.lockutils [req-778f0e60-3066-44f8-97f3-5761915edfc4 - - - - -] Acquired lock "singleton_lock" lock /var/lib/kolla/venv/lib/python3.6/site-packages/oslo_concurrency/lockutils.py:294
2025-06-09 02:11:31.333 23 DEBUG oslo_concurrency.lockutils [req-778f0e60-3066-44f8-97f3-5761915edfc4 - - - - -] Releasing lock "singleton_lock" lock /var/lib/kolla/venv/lib/python3.6/site-packages/oslo_concurrency/lockutils.py:312
2025-06-09 02:11:31.333 23 DEBUG neutron.service [req-778f0e60-3066-44f8-97f3-5761915edfc4 - - - - -] calling RpcWorker wait() _wait /var/lib/kolla/venv/lib/python3.6/site-packages/neutron/service.py:128
2025-06-09 02:11:31.334 23 DEBUG neutron.service [req-778f0e60-3066-44f8-97f3-5761915edfc4 - - - - -] calling wait on _wait /var/lib/kolla/venv/lib/python3.6/site-packages/neutron/service.py:131
2025-06-09 02:11:31.341 23 WARNING amqp [req-778f0e60-3066-44f8-97f3-5761915edfc4 - - - - -] Received method (60, 30) during closing channel 1. This method will be ignored
2025-06-09 02:11:31.342 23 DEBUG neutron.service [req-778f0e60-3066-44f8-97f3-5761915edfc4 - - - - -] calling wait on _wait /var/lib/kolla/venv/lib/python3.6/site-packages/neutron/service.py:131
2025-06-09 02:11:31.347 23 WARNING amqp [req-778f0e60-3066-44f8-97f3-5761915edfc4 - - - - -] Received method (60, 30) during closing channel 1. This method will be ignored
2025-06-09 02:11:31.348 23 DEBUG neutron.service [req-778f0e60-3066-44f8-97f3-5761915edfc4 - - - - -] calling wait on _wait /var/lib/kolla/venv/lib/python3.6/site-packages/neutron/service.py:131
2025-06-09 02:11:31.353 23 WARNING amqp [req-778f0e60-3066-44f8-97f3-5761915edfc4 - - - - -] Received method (60, 30) during closing channel 1. This method will be ignored
2025-06-09 02:11:31.354 23 DEBUG neutron.service [req-778f0e60-3066-44f8-97f3-5761915edfc4 - - - - -] calling wait on _wait /var/lib/kolla/venv/lib/python3.6/site-packages/neutron/service.py:131
2025-06-09 02:11:31.359 23 WARNING amqp [req-778f0e60-3066-44f8-97f3-5761915edfc4 - - - - -] Received method (60, 30) during closing channel 1. This method will be ignored
2025-06-09 02:11:31.359 23 DEBUG neutron.service [req-778f0e60-3066-44f8-97f3-5761915edfc4 - - - - -] returning from RpcWorker wait() _wait /var/lib/kolla/venv/lib/python3.6/site-packages/neutron/service.py:135
2025-06-09 02:11:31.365 7 INFO oslo_service.service [-] Child 23 exited with status 0
2025-06-09 02:11:31.365 7 INFO oslo_service.service [-] Wait called after thread killed. Cleaning up.
2025-06-09 02:11:31.365 7 DEBUG oslo_service.service [-] Stop services. stop /var/lib/kolla/venv/lib/python3.6/site-packages/oslo_service/service.py:695
2025-06-09 02:11:31.365 7 DEBUG oslo_service.service [-] Killing children. stop /var/lib/kolla/venv/lib/python3.6/site-packages/oslo_service/service.py:700
2025-06-09 02:11:35.500 7 INFO neutron.common.config [-] Logging enabled!
2025-06-09 02:11:35.501 7 INFO neutron.common.config [-] /var/lib/kolla/venv/bin/neutron-server version 20.5.1.dev23
2025-06-09 02:11:35.501 7 DEBUG neutron.common.config [-] command line: /var/lib/kolla/venv/bin/neutron-server --config-file /etc/neutron/neutron.conf --config-file /etc/neutron/ContrailPlugin.ini --config-file /etc/neutron/api-paste.ini setup_logging /var/lib/kolla/venv/lib/python3.6/site-packages/neutron/common/config.py:115
2025-06-09 02:11:35.506 7 INFO neutron.common.config [-] Logging enabled!
2025-06-09 02:11:35.506 7 INFO neutron.common.config [-] /var/lib/kolla/venv/bin/neutron-server version 20.5.1.dev23
2025-06-09 02:11:35.506 7 DEBUG neutron.common.config [-] command line: /var/lib/kolla/venv/bin/neutron-server --config-file /etc/neutron/neutron.conf --config-file /etc/neutron/ContrailPlugin.ini --config-file /etc/neutron/api-paste.ini setup_logging /var/lib/kolla/venv/lib/python3.6/site-packages/neutron/common/config.py:115
2025-06-09 02:11:35.506 7 DEBUG neutron.common.config [-] ******************************************************************************** log_opt_values /var/lib/kolla/venv/lib/python3.6/site-packages/oslo_config/cfg.py:2589
2025-06-09 02:11:35.507 7 DEBUG neutron.common.config [-] Configuration options gathered from: log_opt_values /var/lib/kolla/venv/lib/python3.6/site-packages/oslo_config/cfg.py:2590
2025-06-09 02:11:35.507 7 DEBUG neutron.common.config [-] command line args: ['--config-file', '/etc/neutron/neutron.conf', '--config-file', '/etc/neutron/ContrailPlugin.ini', '--config-file', '/etc/neutron/api-paste.ini'] log_opt_values /var/lib/kolla/venv/lib/python3.6/site-packages/oslo_config/cfg.py:2591
2025-06-09 02:11:35.508 7 DEBUG neutron.common.config [-] config files: ['/etc/neutron/neutron.conf', '/etc/neutron/ContrailPlugin.ini', '/etc/neutron/api-paste.ini'] log_opt_values /var/lib/kolla/venv/lib/python3.6/site-packages/oslo_config/cfg.py:2593
2025-06-09 02:11:35.508 7 DEBUG neutron.common.config [-] ================================================================================ log_opt_values /var/lib/kolla/venv/lib/python3.6/site-packages/oslo_config/cfg.py:2594
2025-06-09 02:11:35.508 7 DEBUG neutron.common.config [-] allow_bulk = True log_opt_values /var/lib/kolla/venv/lib/python3.6/site-packages/oslo_config/cfg.py:2603
2025-06-09 02:11:35.508 7 WARNING oslo_config.cfg [-] Deprecated: Option "allow_overlapping_ips" from group "DEFAULT" is deprecated for removal. Its value may be silently ignored in the future.
2025-06-09 02:11:35.508 7 DEBUG neutron.common.config [-] allow_overlapping_ips = True log_opt_values /var/lib/kolla/venv/lib/python3.6/site-packages/oslo_config/cfg.py:2603
2025-06-09 02:11:35.508 7 DEBUG neutron.common.config [-] api_extensions_path = /opt/plugin/site-packages/neutron_plugin_contrail/extensions:/opt/plugin/site-packages/neutron_lbaas/extensions log_opt_values /var/lib/kolla/venv/lib/python3.6/site-packages/oslo_config/cfg.py:2603
2025-06-09 02:11:35.508 7 DEBUG neutron.common.config [-] api_paste_config = /etc/neutron/api-paste.ini log_opt_values /var/lib/kolla/venv/lib/python3.6/site-packages/oslo_config/cfg.py:2603
2025-06-09 02:11:35.508 7 DEBUG neutron.common.config [-] api_workers = 1 log_opt_values /var/lib/kolla/venv/lib/python3.6/site-packages/oslo_config/cfg.py:2603
