2025-06-05 00:39:34.508 126614 DEBUG oslo_service.service [req-c74d2827-12ea-4fd4-929d-30cfe2a65cf7 - - - - -] pybasedir = /usr/lib/python3/dist-packages log_opt_values /usr/lib/python3/dist-packages/oslo_config/cfg.py:2602
2025-06-05 00:39:34.508 126614 DEBUG oslo_service.service [req-c74d2827-12ea-4fd4-929d-30cfe2a65cf7 - - - - -] ram_allocation_ratio = 0.98 log_opt_values /usr/lib/python3/dist-packages/oslo_config/cfg.py:2602
2025-06-05 00:39:34.509 126614 DEBUG oslo_service.service [req-c74d2827-12ea-4fd4-929d-30cfe2a65cf7 - - - - -] rate_limit_burst = 0 log_opt_values /usr/lib/python3/dist-packages/oslo_config/cfg.py:2602
2025-06-05 00:39:34.509 127430 DEBUG nova.service [req-332ac5c3-7ff5-443c-8835-ad9f5eee4689 - - - - -] Creating RPC server for service conductor start /usr/lib/python3/dist-packages/nova/service.py:182
2025-06-05 00:39:34.509 127431 DEBUG nova.service [req-4e0e73ba-8679-4363-816a-41b80f99530a - - - - -] Creating RPC server for service conductor start /usr/lib/python3/dist-packages/nova/service.py:182
2025-06-05 00:39:34.509 126614 DEBUG oslo_service.service [req-c74d2827-12ea-4fd4-929d-30cfe2a65cf7 - - - - -] rate_limit_except_level = CRITICAL log_opt_values /usr/lib/python3/dist-packages/oslo_config/cfg.py:2602
2025-06-05 00:39:34.509 126614 DEBUG oslo_service.service [req-c74d2827-12ea-4fd4-929d-30cfe2a65cf7 - - - - -] rate_limit_interval = 0 log_opt_values /usr/lib/python3/dist-packages/oslo_config/cfg.py:2602
2025-06-05 00:39:34.509 126614 DEBUG oslo_service.service [req-c74d2827-12ea-4fd4-929d-30cfe2a65cf7 - - - - -] reboot_timeout = 0 log_opt_values /usr/lib/python3/dist-packages/oslo_config/cfg.py:2602
2025-06-05 00:39:34.509 126614 DEBUG oslo_service.service [req-c74d2827-12ea-4fd4-929d-30cfe2a65cf7 - - - - -] reclaim_instance_interval = 0 log_opt_values /usr/lib/python3/dist-packages/oslo_config/cfg.py:2602
2025-06-05 00:39:34.510 126614 DEBUG oslo_service.service [req-c74d2827-12ea-4fd4-929d-30cfe2a65cf7 - - - - -] record = None log_opt_values /usr/lib/python3/dist-packages/oslo_config/cfg.py:2602
2025-06-05 00:39:34.509 127432 DEBUG oslo_db.sqlalchemy.engines [req-0f90ae6b-3593-41ce-b75a-ba19b1e31059 - - - - -] MySQL server mode set to STRICT_TRANS_TABLES,STRICT_ALL_TABLES,NO_ZERO_IN_DATE,NO_ZERO_DATE,ERROR_FOR_DIVISION_BY_ZERO,TRADITIONAL,NO_ENGINE_SUBSTITUTION _check_effective_sql_mode /usr/lib/python3/dist-packages/oslo_db/sqlalchemy/engines.py:314
2025-06-05 00:39:34.510 126614 DEBUG oslo_service.service [req-c74d2827-12ea-4fd4-929d-30cfe2a65cf7 - - - - -] report_interval = 10 log_opt_values /usr/lib/python3/dist-packages/oslo_config/cfg.py:2602
2025-06-05 00:39:34.510 126614 DEBUG oslo_service.service [req-c74d2827-12ea-4fd4-929d-30cfe2a65cf7 - - - - -] rescue_timeout = 0 log_opt_values /usr/lib/python3/dist-packages/oslo_config/cfg.py:2602
2025-06-05 00:39:34.510 126614 DEBUG oslo_service.service [req-c74d2827-12ea-4fd4-929d-30cfe2a65cf7 - - - - -] reserved_host_cpus = 0 log_opt_values /usr/lib/python3/dist-packages/oslo_config/cfg.py:2602
2025-06-05 00:39:34.510 126614 DEBUG oslo_service.service [req-c74d2827-12ea-4fd4-929d-30cfe2a65cf7 - - - - -] reserved_host_disk_mb = 0 log_opt_values /usr/lib/python3/dist-packages/oslo_config/cfg.py:2602
2025-06-05 00:39:34.510 126614 DEBUG oslo_service.service [req-c74d2827-12ea-4fd4-929d-30cfe2a65cf7 - - - - -] reserved_host_memory_mb = 512 log_opt_values /usr/lib/python3/dist-packages/oslo_config/cfg.py:2602
2025-06-05 00:39:34.511 126614 DEBUG oslo_service.service [req-c74d2827-12ea-4fd4-929d-30cfe2a65cf7 - - - - -] reserved_huge_pages = None log_opt_values /usr/lib/python3/dist-packages/oslo_config/cfg.py:2602
2025-06-05 00:39:34.511 126614 DEBUG oslo_service.service [req-c74d2827-12ea-4fd4-929d-30cfe2a65cf7 - - - - -] resize_confirm_window = 0 log_opt_values /usr/lib/python3/dist-packages/oslo_config/cfg.py:2602
2025-06-05 00:39:34.511 126614 DEBUG oslo_service.service [req-c74d2827-12ea-4fd4-929d-30cfe2a65cf7 - - - - -] resize_fs_using_block_device = False log_opt_values /usr/lib/python3/dist-packages/oslo_config/cfg.py:2602
2025-06-05 00:39:34.511 126614 DEBUG oslo_service.service [req-c74d2827-12ea-4fd4-929d-30cfe2a65cf7 - - - - -] resume_guests_state_on_host_boot = False log_opt_values /usr/lib/python3/dist-packages/oslo_config/cfg.py:2602
2025-06-05 00:39:34.512 126614 DEBUG oslo_service.service [req-c74d2827-12ea-4fd4-929d-30cfe2a65cf7 - - - - -] rootwrap_config = /etc/nova/rootwrap.conf log_opt_values /usr/lib/python3/dist-packages/oslo_config/cfg.py:2602
2025-06-05 00:39:34.512 126614 DEBUG oslo_service.service [req-c74d2827-12ea-4fd4-929d-30cfe2a65cf7 - - - - -] rpc_response_timeout = 60 log_opt_values /usr/lib/python3/dist-packages/oslo_config/cfg.py:2602
2025-06-05 00:39:34.512 126614 DEBUG oslo_service.service [req-c74d2827-12ea-4fd4-929d-30cfe2a65cf7 - - - - -] run_external_periodic_tasks = True log_opt_values /usr/lib/python3/dist-packages/oslo_config/cfg.py:2602
2025-06-05 00:39:34.512 126614 DEBUG oslo_service.service [req-c74d2827-12ea-4fd4-929d-30cfe2a65cf7 - - - - -] running_deleted_instance_action = reap log_opt_values /usr/lib/python3/dist-packages/oslo_config/cfg.py:2602
2025-06-05 00:39:34.512 126614 DEBUG oslo_service.service [req-c74d2827-12ea-4fd4-929d-30cfe2a65cf7 - - - - -] running_deleted_instance_poll_interval = 1800 log_opt_values /usr/lib/python3/dist-packages/oslo_config/cfg.py:2602
2025-06-05 00:39:34.513 126614 DEBUG oslo_service.service [req-c74d2827-12ea-4fd4-929d-30cfe2a65cf7 - - - - -] running_deleted_instance_timeout = 0 log_opt_values /usr/lib/python3/dist-packages/oslo_config/cfg.py:2602
2025-06-05 00:39:34.513 126614 DEBUG oslo_service.service [req-c74d2827-12ea-4fd4-929d-30cfe2a65cf7 - - - - -] scheduler_instance_sync_interval = 120 log_opt_values /usr/lib/python3/dist-packages/oslo_config/cfg.py:2602
2025-06-05 00:39:34.513 126614 DEBUG oslo_service.service [req-c74d2827-12ea-4fd4-929d-30cfe2a65cf7 - - - - -] service_down_time = 60 log_opt_values /usr/lib/python3/dist-packages/oslo_config/cfg.py:2602
2025-06-05 00:39:34.513 126614 DEBUG oslo_service.service [req-c74d2827-12ea-4fd4-929d-30cfe2a65cf7 - - - - -] servicegroup_driver = db log_opt_values /usr/lib/python3/dist-packages/oslo_config/cfg.py:2602
2025-06-05 00:39:34.513 126614 DEBUG oslo_service.service [req-c74d2827-12ea-4fd4-929d-30cfe2a65cf7 - - - - -] shelved_offload_time = 0 log_opt_values /usr/lib/python3/dist-packages/oslo_config/cfg.py:2602
2025-06-05 00:39:34.514 126614 DEBUG oslo_service.service [req-c74d2827-12ea-4fd4-929d-30cfe2a65cf7 - - - - -] shelved_poll_interval = 3600 log_opt_values /usr/lib/python3/dist-packages/oslo_config/cfg.py:2602
2025-06-05 00:39:34.514 126614 DEBUG oslo_service.service [req-c74d2827-12ea-4fd4-929d-30cfe2a65cf7 - - - - -] shutdown_timeout = 60 log_opt_values /usr/lib/python3/dist-packages/oslo_config/cfg.py:2602
2025-06-05 00:39:34.514 126614 DEBUG oslo_service.service [req-c74d2827-12ea-4fd4-929d-30cfe2a65cf7 - - - - -] source_is_ipv6 = False log_opt_values /usr/lib/python3/dist-packages/oslo_config/cfg.py:2602
2025-06-05 00:39:34.514 126614 DEBUG oslo_service.service [req-c74d2827-12ea-4fd4-929d-30cfe2a65cf7 - - - - -] ssl_only = False log_opt_values /usr/lib/python3/dist-packages/oslo_config/cfg.py:2602
2025-06-05 00:39:34.514 126614 DEBUG oslo_service.service [req-c74d2827-12ea-4fd4-929d-30cfe2a65cf7 - - - - -] state_path = /var/lib/nova log_opt_values /usr/lib/python3/dist-packages/oslo_config/cfg.py:2602
2025-06-05 00:39:34.515 126614 DEBUG oslo_service.service [req-c74d2827-12ea-4fd4-929d-30cfe2a65cf7 - - - - -] sync_power_state_interval = 600 log_opt_values /usr/lib/python3/dist-packages/oslo_config/cfg.py:2602
2025-06-05 00:39:34.515 126614 DEBUG oslo_service.service [req-c74d2827-12ea-4fd4-929d-30cfe2a65cf7 - - - - -] sync_power_state_pool_size = 1000 log_opt_values /usr/lib/python3/dist-packages/oslo_config/cfg.py:2602
2025-06-05 00:39:34.515 126614 DEBUG oslo_service.service [req-c74d2827-12ea-4fd4-929d-30cfe2a65cf7 - - - - -] syslog_log_facility = LOG_USER log_opt_values /usr/lib/python3/dist-packages/oslo_config/cfg.py:2602
2025-06-05 00:39:34.515 126614 DEBUG oslo_service.service [req-c74d2827-12ea-4fd4-929d-30cfe2a65cf7 - - - - -] tempdir = None log_opt_values /usr/lib/python3/dist-packages/oslo_config/cfg.py:2602
2025-06-05 00:39:34.515 126614 DEBUG oslo_service.service [req-c74d2827-12ea-4fd4-929d-30cfe2a65cf7 - - - - -] timeout_nbd = 10 log_opt_values /usr/lib/python3/dist-packages/oslo_config/cfg.py:2602
2025-06-05 00:39:34.515 126614 DEBUG oslo_service.service [req-c74d2827-12ea-4fd4-929d-30cfe2a65cf7 - - - - -] transport_url = **** log_opt_values /usr/lib/python3/dist-packages/oslo_config/cfg.py:2602
2025-06-05 00:39:34.516 126614 DEBUG oslo_service.service [req-c74d2827-12ea-4fd4-929d-30cfe2a65cf7 - - - - -] update_resources_interval = 0 log_opt_values /usr/lib/python3/dist-packages/oslo_config/cfg.py:2602
2025-06-05 00:39:34.516 126614 DEBUG oslo_service.service [req-c74d2827-12ea-4fd4-929d-30cfe2a65cf7 - - - - -] use_cow_images = True log_opt_values /usr/lib/python3/dist-packages/oslo_config/cfg.py:2602
2025-06-05 00:39:34.516 126614 DEBUG oslo_service.service [req-c74d2827-12ea-4fd4-929d-30cfe2a65cf7 - - - - -] use_eventlog = False log_opt_values /usr/lib/python3/dist-packages/oslo_config/cfg.py:2602
2025-06-05 00:39:34.516 126614 DEBUG oslo_service.service [req-c74d2827-12ea-4fd4-929d-30cfe2a65cf7 - - - - -] use_journal = False log_opt_values /usr/lib/python3/dist-packages/oslo_config/cfg.py:2602
2025-06-05 00:39:34.516 126614 DEBUG oslo_service.service [req-c74d2827-12ea-4fd4-929d-30cfe2a65cf7 - - - - -] use_json = False log_opt_values /usr/lib/python3/dist-packages/oslo_config/cfg.py:2602
2025-06-05 00:39:34.516 126614 DEBUG oslo_service.service [req-c74d2827-12ea-4fd4-929d-30cfe2a65cf7 - - - - -] use_rootwrap_daemon = False log_opt_values /usr/lib/python3/dist-packages/oslo_config/cfg.py:2602
2025-06-05 00:39:34.517 126614 DEBUG oslo_service.service [req-c74d2827-12ea-4fd4-929d-30cfe2a65cf7 - - - - -] use_stderr = False log_opt_values /usr/lib/python3/dist-packages/oslo_config/cfg.py:2602
2025-06-05 00:39:34.517 126614 DEBUG oslo_service.service [req-c74d2827-12ea-4fd4-929d-30cfe2a65cf7 - - - - -] use_syslog = False log_opt_values /usr/lib/python3/dist-packages/oslo_config/cfg.py:2602
2025-06-05 00:39:34.517 126614 DEBUG oslo_service.service [req-c74d2827-12ea-4fd4-929d-30cfe2a65cf7 - - - - -] vcpu_pin_set = None log_opt_values /usr/lib/python3/dist-packages/oslo_config/cfg.py:2602
2025-06-05 00:39:34.517 126614 DEBUG oslo_service.service [req-c74d2827-12ea-4fd4-929d-30cfe2a65cf7 - - - - -] vif_plugging_is_fatal = True log_opt_values /usr/lib/python3/dist-packages/oslo_config/cfg.py:2602
2025-06-05 00:39:34.517 126614 DEBUG oslo_service.service [req-c74d2827-12ea-4fd4-929d-30cfe2a65cf7 - - - - -] vif_plugging_timeout = 300 log_opt_values /usr/lib/python3/dist-packages/oslo_config/cfg.py:2602
2025-06-05 00:39:34.517 126614 DEBUG oslo_service.service [req-c74d2827-12ea-4fd4-929d-30cfe2a65cf7 - - - - -] virt_mkfs = [] log_opt_values /usr/lib/python3/dist-packages/oslo_config/cfg.py:2602
2025-06-05 00:39:34.518 126614 DEBUG oslo_service.service [req-c74d2827-12ea-4fd4-929d-30cfe2a65cf7 - - - - -] volume_usage_poll_interval = 0 log_opt_values /usr/lib/python3/dist-packages/oslo_config/cfg.py:2602
2025-06-05 00:39:34.518 126614 DEBUG oslo_service.service [req-c74d2827-12ea-4fd4-929d-30cfe2a65cf7 - - - - -] watch_log_file = False log_opt_values /usr/lib/python3/dist-packages/oslo_config/cfg.py:2602
2025-06-05 00:39:34.518 126614 DEBUG oslo_service.service [req-c74d2827-12ea-4fd4-929d-30cfe2a65cf7 - - - - -] web = /usr/share/spice-html5 log_opt_values /usr/lib/python3/dist-packages/oslo_config/cfg.py:2602
2025-06-05 00:39:34.519 126614 DEBUG oslo_service.service [req-c74d2827-12ea-4fd4-929d-30cfe2a65cf7 - - - - -] oslo_concurrency.disable_process_locking = False log_opt_values /usr/lib/python3/dist-packages/oslo_config/cfg.py:2609
2025-06-05 00:39:34.519 126614 DEBUG oslo_service.service [req-c74d2827-12ea-4fd4-929d-30cfe2a65cf7 - - - - -] oslo_concurrency.lock_path = /var/lock/nova log_opt_values /usr/lib/python3/dist-packages/oslo_config/cfg.py:2609
2025-06-05 00:39:34.520 126614 DEBUG oslo_service.service [req-c74d2827-12ea-4fd4-929d-30cfe2a65cf7 - - - - -] oslo_messaging_metrics.metrics_buffer_size = 1000 log_opt_values /usr/lib/python3/dist-packages/oslo_config/cfg.py:2609
2025-06-05 00:39:34.520 126614 DEBUG oslo_service.service [req-c74d2827-12ea-4fd4-929d-30cfe2a65cf7 - - - - -] oslo_messaging_metrics.metrics_enabled = False log_opt_values /usr/lib/python3/dist-packages/oslo_config/cfg.py:2609
2025-06-05 00:39:34.520 126614 DEBUG oslo_service.service [req-c74d2827-12ea-4fd4-929d-30cfe2a65cf7 - - - - -] oslo_messaging_metrics.metrics_process_name = log_opt_values /usr/lib/python3/dist-packages/oslo_config/cfg.py:2609
2025-06-05 00:39:34.520 126614 DEBUG oslo_service.service [req-c74d2827-12ea-4fd4-929d-30cfe2a65cf7 - - - - -] oslo_messaging_metrics.metrics_socket_file = /var/tmp/metrics_collector.sock log_opt_values /usr/lib/python3/dist-packages/oslo_config/cfg.py:2609
2025-06-05 00:39:34.521 126614 DEBUG oslo_service.service [req-c74d2827-12ea-4fd4-929d-30cfe2a65cf7 - - - - -] oslo_messaging_metrics.metrics_thread_stop_timeout = 10 log_opt_values /usr/lib/python3/dist-packages/oslo_config/cfg.py:2609
2025-06-05 00:39:34.522 126614 WARNING oslo_config.cfg [req-c74d2827-12ea-4fd4-929d-30cfe2a65cf7 - - - - -] Deprecated: Option "auth_strategy" from group "api" is deprecated for removal ( The only non-default choice, ``noauth2``, is for internal development and testing purposes only and should not be used in deployments. This option and its middleware, NoAuthMiddleware[V2_18], will be removed in a future release. ). Its value may be silently ignored in the future.
2025-06-05 00:39:34.522 126614 DEBUG oslo_service.service [req-c74d2827-12ea-4fd4-929d-30cfe2a65cf7 - - - - -] api.auth_strategy = keystone log_opt_values /usr/lib/python3/dist-packages/oslo_config/cfg.py:2609
2025-06-05 00:39:34.523 126614 DEBUG oslo_service.service [req-c74d2827-12ea-4fd4-929d-30cfe2a65cf7 - - - - -] api.compute_link_prefix = None log_opt_values /usr/lib/python3/dist-packages/oslo_config/cfg.py:2609
2025-06-05 00:39:34.523 126614 DEBUG oslo_service.service [req-c74d2827-12ea-4fd4-929d-30cfe2a65cf7 - - - - -] api.config_drive_skip_versions = 1.0 2007-01-19 2007-03-01 2007-08-29 2007-10-10 2007-12-15 2008-02-01 2008-09-01 log_opt_values /usr/lib/python3/dist-packages/oslo_config/cfg.py:2609
2025-06-05 00:39:34.523 126614 DEBUG oslo_service.service [req-c74d2827-12ea-4fd4-929d-30cfe2a65cf7 - - - - -] api.dhcp_domain = novalocal log_opt_values /usr/lib/python3/dist-packages/oslo_config/cfg.py:2609
2025-06-05 00:39:34.523 126614 DEBUG oslo_service.service [req-c74d2827-12ea-4fd4-929d-30cfe2a65cf7 - - - - -] api.enable_instance_password = True log_opt_values /usr/lib/python3/dist-packages/oslo_config/cfg.py:2609
2025-06-05 00:39:34.523 126614 DEBUG oslo_service.service [req-c74d2827-12ea-4fd4-929d-30cfe2a65cf7 - - - - -] api.glance_link_prefix = None log_opt_values /usr/lib/python3/dist-packages/oslo_config/cfg.py:2609
2025-06-05 00:39:34.524 126614 DEBUG oslo_service.service [req-c74d2827-12ea-4fd4-929d-30cfe2a65cf7 - - - - -] api.instance_list_cells_batch_fixed_size = 100 log_opt_values /usr/lib/python3/dist-packages/oslo_config/cfg.py:2609
2025-06-05 00:39:34.525 126614 DEBUG oslo_service.service [req-c74d2827-12ea-4fd4-929d-30cfe2a65cf7 - - - - -] api.instance_list_cells_batch_strategy = distributed log_opt_values /usr/lib/python3/dist-packages/oslo_config/cfg.py:2609
2025-06-05 00:39:34.525 126614 DEBUG oslo_service.service [req-c74d2827-12ea-4fd4-929d-30cfe2a65cf7 - - - - -] api.instance_list_per_project_cells = False log_opt_values /usr/lib/python3/dist-packages/oslo_config/cfg.py:2609
2025-06-05 00:39:34.525 126614 DEBUG oslo_service.service [req-c74d2827-12ea-4fd4-929d-30cfe2a65cf7 - - - - -] api.list_records_by_skipping_down_cells = True log_opt_values /usr/lib/python3/dist-packages/oslo_config/cfg.py:2609
2025-06-05 00:39:34.525 126614 DEBUG oslo_service.service [req-c74d2827-12ea-4fd4-929d-30cfe2a65cf7 - - - - -] api.local_metadata_per_cell = False log_opt_values /usr/lib/python3/dist-packages/oslo_config/cfg.py:2609
2025-06-05 00:39:34.525 126614 DEBUG oslo_service.service [req-c74d2827-12ea-4fd4-929d-30cfe2a65cf7 - - - - -] api.max_limit = 1000 log_opt_values /usr/lib/python3/dist-packages/oslo_config/cfg.py:2609
2025-06-05 00:39:34.525 126614 DEBUG oslo_service.service [req-c74d2827-12ea-4fd4-929d-30cfe2a65cf7 - - - - -] api.metadata_cache_expiration = 15 log_opt_values /usr/lib/python3/dist-packages/oslo_config/cfg.py:2609
2025-06-05 00:39:34.526 126614 DEBUG oslo_service.service [req-c74d2827-12ea-4fd4-929d-30cfe2a65cf7 - - - - -] api.neutron_default_tenant_id = default log_opt_values /usr/lib/python3/dist-packages/oslo_config/cfg.py:2609
2025-06-05 00:39:34.526 126614 DEBUG oslo_service.service [req-c74d2827-12ea-4fd4-929d-30cfe2a65cf7 - - - - -] api.use_forwarded_for = False log_opt_values /usr/lib/python3/dist-packages/oslo_config/cfg.py:2609
2025-06-05 00:39:34.526 126614 DEBUG oslo_service.service [req-c74d2827-12ea-4fd4-929d-30cfe2a65cf7 - - - - -] api.use_neutron_default_nets = False log_opt_values /usr/lib/python3/dist-packages/oslo_config/cfg.py:2609
2025-06-05 00:39:34.526 126614 DEBUG oslo_service.service [req-c74d2827-12ea-4fd4-929d-30cfe2a65cf7 - - - - -] api.vendordata_dynamic_connect_timeout = 5 log_opt_values /usr/lib/python3/dist-packages/oslo_config/cfg.py:2609
2025-06-05 00:39:34.526 126614 DEBUG oslo_service.service [req-c74d2827-12ea-4fd4-929d-30cfe2a65cf7 - - - - -] api.vendordata_dynamic_failure_fatal = False log_opt_values /usr/lib/python3/dist-packages/oslo_config/cfg.py:2609
2025-06-05 00:39:34.527 126614 DEBUG oslo_service.service [req-c74d2827-12ea-4fd4-929d-30cfe2a65cf7 - - - - -] api.vendordata_dynamic_read_timeout = 5 log_opt_values /usr/lib/python3/dist-packages/oslo_config/cfg.py:2609
2025-06-05 00:39:34.527 126614 DEBUG oslo_service.service [req-c74d2827-12ea-4fd4-929d-30cfe2a65cf7 - - - - -] api.vendordata_dynamic_ssl_certfile = log_opt_values /usr/lib/python3/dist-packages/oslo_config/cfg.py:2609
2025-06-05 00:39:34.527 126614 DEBUG oslo_service.service [req-c74d2827-12ea-4fd4-929d-30cfe2a65cf7 - - - - -] api.vendordata_dynamic_targets = [] log_opt_values /usr/lib/python3/dist-packages/oslo_config/cfg.py:2609
2025-06-05 00:39:34.527 126614 DEBUG oslo_service.service [req-c74d2827-12ea-4fd4-929d-30cfe2a65cf7 - - - - -] api.vendordata_jsonfile_path = None log_opt_values /usr/lib/python3/dist-packages/oslo_config/cfg.py:2609
2025-06-05 00:39:34.527 127433 DEBUG oslo_db.sqlalchemy.engines [req-4522f051-28cf-4f3c-8274-a035c31cc4d9 - - - - -] MySQL server mode set to STRICT_TRANS_TABLES,STRICT_ALL_TABLES,NO_ZERO_IN_DATE,NO_ZERO_DATE,ERROR_FOR_DIVISION_BY_ZERO,TRADITIONAL,NO_ENGINE_SUBSTITUTION _check_effective_sql_mode /usr/lib/python3/dist-packages/oslo_db/sqlalchemy/engines.py:314
2025-06-05 00:39:34.527 126614 DEBUG oslo_service.service [req-c74d2827-12ea-4fd4-929d-30cfe2a65cf7 - - - - -] api.vendordata_providers = ['StaticJSON'] log_opt_values /usr/lib/python3/dist-packages/oslo_config/cfg.py:2609
2025-06-05 00:39:34.528 126614 DEBUG oslo_service.service [req-c74d2827-12ea-4fd4-929d-30cfe2a65cf7 - - - - -] cache.backend = dogpile.cache.null log_opt_values /usr/lib/python3/dist-packages/oslo_config/cfg.py:2609
2025-06-05 00:39:34.528 126614 DEBUG oslo_service.service [req-c74d2827-12ea-4fd4-929d-30cfe2a65cf7 - - - - -] cache.backend_argument = **** log_opt_values /usr/lib/python3/dist-packages/oslo_config/cfg.py:2609
2025-06-05 00:39:34.528 126614 DEBUG oslo_service.service [req-c74d2827-12ea-4fd4-929d-30cfe2a65cf7 - - - - -] cache.config_prefix = cache.oslo log_opt_values /usr/lib/python3/dist-packages/oslo_config/cfg.py:2609
2025-06-05 00:39:34.528 126614 DEBUG oslo_service.service [req-c74d2827-12ea-4fd4-929d-30cfe2a65cf7 - - - - -] cache.debug_cache_backend = False log_opt_values /usr/lib/python3/dist-packages/oslo_config/cfg.py:2609
2025-06-05 00:39:34.528 126614 DEBUG oslo_service.service [req-c74d2827-12ea-4fd4-929d-30cfe2a65cf7 - - - - -] cache.enabled = False log_opt_values /usr/lib/python3/dist-packages/oslo_config/cfg.py:2609
2025-06-05 00:39:34.529 126614 DEBUG oslo_service.service [req-c74d2827-12ea-4fd4-929d-30cfe2a65cf7 - - - - -] cache.expiration_time = 600 log_opt_values /usr/lib/python3/dist-packages/oslo_config/cfg.py:2609
2025-06-05 00:39:34.529 126614 DEBUG oslo_service.service [req-c74d2827-12ea-4fd4-929d-30cfe2a65cf7 - - - - -] cache.memcache_dead_retry = 300 log_opt_values /usr/lib/python3/dist-packages/oslo_config/cfg.py:2609
2025-06-05 00:39:34.529 126614 DEBUG oslo_service.service [req-c74d2827-12ea-4fd4-929d-30cfe2a65cf7 - - - - -] cache.memcache_pool_connection_get_timeout = 10 log_opt_values /usr/lib/python3/dist-packages/oslo_config/cfg.py:2609
2025-06-05 00:39:34.530 126614 DEBUG oslo_service.service [req-c74d2827-12ea-4fd4-929d-30cfe2a65cf7 - - - - -] cache.memcache_pool_flush_on_reconnect = False log_opt_values /usr/lib/python3/dist-packages/oslo_config/cfg.py:2609
2025-06-05 00:39:34.530 126614 DEBUG oslo_service.service [req-c74d2827-12ea-4fd4-929d-30cfe2a65cf7 - - - - -] cache.memcache_pool_maxsize = 10 log_opt_values /usr/lib/python3/dist-packages/oslo_config/cfg.py:2609
2025-06-05 00:39:34.530 126614 DEBUG oslo_service.service [req-c74d2827-12ea-4fd4-929d-30cfe2a65cf7 - - - - -] cache.memcache_pool_unused_timeout = 60 log_opt_values /usr/lib/python3/dist-packages/oslo_config/cfg.py:2609
2025-06-05 00:39:34.530 126614 DEBUG oslo_service.service [req-c74d2827-12ea-4fd4-929d-30cfe2a65cf7 - - - - -] cache.memcache_servers = ['localhost:11211'] log_opt_values /usr/lib/python3/dist-packages/oslo_config/cfg.py:2609
2025-06-05 00:39:34.530 126614 DEBUG oslo_service.service [req-c74d2827-12ea-4fd4-929d-30cfe2a65cf7 - - - - -] cache.memcache_socket_timeout = 1.0 log_opt_values /usr/lib/python3/dist-packages/oslo_config/cfg.py:2609
2025-06-05 00:39:34.531 126614 DEBUG oslo_service.service [req-c74d2827-12ea-4fd4-929d-30cfe2a65cf7 - - - - -] cache.proxies = [] log_opt_values /usr/lib/python3/dist-packages/oslo_config/cfg.py:2609
2025-06-05 00:39:34.531 126614 DEBUG oslo_service.service [req-c74d2827-12ea-4fd4-929d-30cfe2a65cf7 - - - - -] cache.tls_allowed_ciphers = None log_opt_values /usr/lib/python3/dist-packages/oslo_config/cfg.py:2609
2025-06-05 00:39:34.531 126614 DEBUG oslo_service.service [req-c74d2827-12ea-4fd4-929d-30cfe2a65cf7 - - - - -] cache.tls_cafile = None log_opt_values /usr/lib/python3/dist-packages/oslo_config/cfg.py:2609
2025-06-05 00:39:34.531 126614 DEBUG oslo_service.service [req-c74d2827-12ea-4fd4-929d-30cfe2a65cf7 - - - - -] cache.tls_certfile = None log_opt_values /usr/lib/python3/dist-packages/oslo_config/cfg.py:2609
2025-06-05 00:39:34.531 126614 DEBUG oslo_service.service [req-c74d2827-12ea-4fd4-929d-30cfe2a65cf7 - - - - -] cache.tls_enabled = False log_opt_values /usr/lib/python3/dist-packages/oslo_config/cfg.py:2609
2025-06-05 00:39:34.532 126614 DEBUG oslo_service.service [req-c74d2827-12ea-4fd4-929d-30cfe2a65cf7 - - - - -] cache.tls_keyfile = None log_opt_values /usr/lib/python3/dist-packages/oslo_config/cfg.py:2609
2025-06-05 00:39:34.532 126614 DEBUG oslo_service.service [req-c74d2827-12ea-4fd4-929d-30cfe2a65cf7 - - - - -] cinder.auth_section = None log_opt_values /usr/lib/python3/dist-packages/oslo_config/cfg.py:2609
2025-06-05 00:39:34.532 126614 DEBUG oslo_service.service [req-c74d2827-12ea-4fd4-929d-30cfe2a65cf7 - - - - -] cinder.auth_type = None log_opt_values /usr/lib/python3/dist-packages/oslo_config/cfg.py:2609
2025-06-05 00:39:34.532 126614 DEBUG oslo_service.service [req-c74d2827-12ea-4fd4-929d-30cfe2a65cf7 - - - - -] cinder.cafile = None log_opt_values /usr/lib/python3/dist-packages/oslo_config/cfg.py:2609
2025-06-05 00:39:34.532 126614 DEBUG oslo_service.service [req-c74d2827-12ea-4fd4-929d-30cfe2a65cf7 - - - - -] cinder.catalog_info = volumev3::publicURL log_opt_values /usr/lib/python3/dist-packages/oslo_config/cfg.py:2609
2025-06-05 00:39:34.532 126614 DEBUG oslo_service.service [req-c74d2827-12ea-4fd4-929d-30cfe2a65cf7 - - - - -] cinder.certfile = None log_opt_values /usr/lib/python3/dist-packages/oslo_config/cfg.py:2609
2025-06-05 00:39:34.533 126614 DEBUG oslo_service.service [req-c74d2827-12ea-4fd4-929d-30cfe2a65cf7 - - - - -] cinder.collect_timing = False log_opt_values /usr/lib/python3/dist-packages/oslo_config/cfg.py:2609
2025-06-05 00:39:34.533 126614 DEBUG oslo_service.service [req-c74d2827-12ea-4fd4-929d-30cfe2a65cf7 - - - - -] cinder.cross_az_attach = True log_opt_values /usr/lib/python3/dist-packages/oslo_config/cfg.py:2609
2025-06-05 00:39:34.533 126614 DEBUG oslo_service.service [req-c74d2827-12ea-4fd4-929d-30cfe2a65cf7 - - - - -] cinder.debug = False log_opt_values /usr/lib/python3/dist-packages/oslo_config/cfg.py:2609
2025-06-05 00:39:34.533 126614 DEBUG oslo_service.service [req-c74d2827-12ea-4fd4-929d-30cfe2a65cf7 - - - - -] cinder.endpoint_template = None log_opt_values /usr/lib/python3/dist-packages/oslo_config/cfg.py:2609
2025-06-05 00:39:34.533 126614 DEBUG oslo_service.service [req-c74d2827-12ea-4fd4-929d-30cfe2a65cf7 - - - - -] cinder.http_retries = 3 log_opt_values /usr/lib/python3/dist-packages/oslo_config/cfg.py:2609
2025-06-05 00:39:34.534 126614 DEBUG oslo_service.service [req-c74d2827-12ea-4fd4-929d-30cfe2a65cf7 - - - - -] cinder.insecure = False log_opt_values /usr/lib/python3/dist-packages/oslo_config/cfg.py:2609
2025-06-05 00:39:34.534 126614 DEBUG oslo_service.service [req-c74d2827-12ea-4fd4-929d-30cfe2a65cf7 - - - - -] cinder.keyfile = None log_opt_values /usr/lib/python3/dist-packages/oslo_config/cfg.py:2609
2025-06-05 00:39:34.534 126614 DEBUG oslo_service.service [req-c74d2827-12ea-4fd4-929d-30cfe2a65cf7 - - - - -] cinder.os_region_name = None log_opt_values /usr/lib/python3/dist-packages/oslo_config/cfg.py:2609
2025-06-05 00:39:34.534 126614 DEBUG oslo_service.service [req-c74d2827-12ea-4fd4-929d-30cfe2a65cf7 - - - - -] cinder.split_loggers = False log_opt_values /usr/lib/python3/dist-packages/oslo_config/cfg.py:2609
2025-06-05 00:39:34.534 126614 DEBUG oslo_service.service [req-c74d2827-12ea-4fd4-929d-30cfe2a65cf7 - - - - -] cinder.timeout = None log_opt_values /usr/lib/python3/dist-packages/oslo_config/cfg.py:2609
2025-06-05 00:39:34.535 126614 DEBUG oslo_service.service [req-c74d2827-12ea-4fd4-929d-30cfe2a65cf7 - - - - -] compute.consecutive_build_service_disable_threshold = 10 log_opt_values /usr/lib/python3/dist-packages/oslo_config/cfg.py:2609
2025-06-05 00:39:34.535 126614 DEBUG oslo_service.service [req-c74d2827-12ea-4fd4-929d-30cfe2a65cf7 - - - - -] compute.cpu_dedicated_set = None log_opt_values /usr/lib/python3/dist-packages/oslo_config/cfg.py:2609
2025-06-05 00:39:34.535 126614 DEBUG oslo_service.service [req-c74d2827-12ea-4fd4-929d-30cfe2a65cf7 - - - - -] compute.cpu_shared_set = None log_opt_values /usr/lib/python3/dist-packages/oslo_config/cfg.py:2609
2025-06-05 00:39:34.535 126614 DEBUG oslo_service.service [req-c74d2827-12ea-4fd4-929d-30cfe2a65cf7 - - - - -] compute.image_type_exclude_list = [] log_opt_values /usr/lib/python3/dist-packages/oslo_config/cfg.py:2609
2025-06-05 00:39:34.535 126614 DEBUG oslo_service.service [req-c74d2827-12ea-4fd4-929d-30cfe2a65cf7 - - - - -] compute.live_migration_wait_for_vif_plug = True log_opt_values /usr/lib/python3/dist-packages/oslo_config/cfg.py:2609
2025-06-05 00:39:34.535 126614 DEBUG oslo_service.service [req-c74d2827-12ea-4fd4-929d-30cfe2a65cf7 - - - - -] compute.max_concurrent_disk_ops = 0 log_opt_values /usr/lib/python3/dist-packages/oslo_config/cfg.py:2609
2025-06-05 00:39:34.536 126614 DEBUG oslo_service.service [req-c74d2827-12ea-4fd4-929d-30cfe2a65cf7 - - - - -] compute.max_disk_devices_to_attach = -1 log_opt_values /usr/lib/python3/dist-packages/oslo_config/cfg.py:2609
2025-06-05 00:39:34.536 126614 DEBUG oslo_service.service [req-c74d2827-12ea-4fd4-929d-30cfe2a65cf7 - - - - -] compute.packing_host_numa_cells_allocation_strategy = True log_opt_values /usr/lib/python3/dist-packages/oslo_config/cfg.py:2609
2025-06-05 00:39:34.536 126614 DEBUG oslo_service.service [req-c74d2827-12ea-4fd4-929d-30cfe2a65cf7 - - - - -] compute.provider_config_location = /etc/nova/provider_config/ log_opt_values /usr/lib/python3/dist-packages/oslo_config/cfg.py:2609
2025-06-05 00:39:34.536 126614 DEBUG oslo_service.service [req-c74d2827-12ea-4fd4-929d-30cfe2a65cf7 - - - - -] compute.resource_provider_association_refresh = 300 log_opt_values /usr/lib/python3/dist-packages/oslo_config/cfg.py:2609
2025-06-05 00:39:34.536 126614 DEBUG oslo_service.service [req-c74d2827-12ea-4fd4-929d-30cfe2a65cf7 - - - - -] compute.shutdown_retry_interval = 10 log_opt_values /usr/lib/python3/dist-packages/oslo_config/cfg.py:2609
2025-06-05 00:39:34.536 126614 DEBUG oslo_service.service [req-c74d2827-12ea-4fd4-929d-30cfe2a65cf7 - - - - -] compute.vmdk_allowed_types = ['streamOptimized', 'monolithicSparse'] log_opt_values /usr/lib/python3/dist-packages/oslo_config/cfg.py:2609
2025-06-05 00:39:34.537 126614 DEBUG oslo_service.service [req-c74d2827-12ea-4fd4-929d-30cfe2a65cf7 - - - - -] conductor.workers = 4 log_opt_values /usr/lib/python3/dist-packages/oslo_config/cfg.py:2609
2025-06-05 00:39:34.537 126614 DEBUG oslo_service.service [req-c74d2827-12ea-4fd4-929d-30cfe2a65cf7 - - - - -] console.allowed_origins = [] log_opt_values /usr/lib/python3/dist-packages/oslo_config/cfg.py:2609
2025-06-05 00:39:34.537 126614 DEBUG oslo_service.service [req-c74d2827-12ea-4fd4-929d-30cfe2a65cf7 - - - - -] console.ssl_ciphers = None log_opt_values /usr/lib/python3/dist-packages/oslo_config/cfg.py:2609
2025-06-05 00:39:34.537 126614 DEBUG oslo_service.service [req-c74d2827-12ea-4fd4-929d-30cfe2a65cf7 - - - - -] console.ssl_minimum_version = default log_opt_values /usr/lib/python3/dist-packages/oslo_config/cfg.py:2609
2025-06-05 00:39:34.537 126614 DEBUG oslo_service.service [req-c74d2827-12ea-4fd4-929d-30cfe2a65cf7 - - - - -] consoleauth.token_ttl = 600 log_opt_values /usr/lib/python3/dist-packages/oslo_config/cfg.py:2609
2025-06-05 00:39:34.537 126614 DEBUG oslo_service.service [req-c74d2827-12ea-4fd4-929d-30cfe2a65cf7 - - - - -] cyborg.cafile = None log_opt_values /usr/lib/python3/dist-packages/oslo_config/cfg.py:2609
2025-06-05 00:39:34.538 126614 DEBUG oslo_service.service [req-c74d2827-12ea-4fd4-929d-30cfe2a65cf7 - - - - -] cyborg.certfile = None log_opt_values /usr/lib/python3/dist-packages/oslo_config/cfg.py:2609
2025-06-05 00:39:34.538 126614 DEBUG oslo_service.service [req-c74d2827-12ea-4fd4-929d-30cfe2a65cf7 - - - - -] cyborg.collect_timing = False log_opt_values /usr/lib/python3/dist-packages/oslo_config/cfg.py:2609
2025-06-05 00:39:34.538 126614 DEBUG oslo_service.service [req-c74d2827-12ea-4fd4-929d-30cfe2a65cf7 - - - - -] cyborg.connect_retries = None log_opt_values /usr/lib/python3/dist-packages/oslo_config/cfg.py:2609
2025-06-05 00:39:34.538 126614 DEBUG oslo_service.service [req-c74d2827-12ea-4fd4-929d-30cfe2a65cf7 - - - - -] cyborg.connect_retry_delay = None log_opt_values /usr/lib/python3/dist-packages/oslo_config/cfg.py:2609
2025-06-05 00:39:34.538 126614 DEBUG oslo_service.service [req-c74d2827-12ea-4fd4-929d-30cfe2a65cf7 - - - - -] cyborg.endpoint_override = None log_opt_values /usr/lib/python3/dist-packages/oslo_config/cfg.py:2609
2025-06-05 00:39:34.538 126614 DEBUG oslo_service.service [req-c74d2827-12ea-4fd4-929d-30cfe2a65cf7 - - - - -] cyborg.insecure = False log_opt_values /usr/lib/python3/dist-packages/oslo_config/cfg.py:2609
2025-06-05 00:39:34.539 126614 DEBUG oslo_service.service [req-c74d2827-12ea-4fd4-929d-30cfe2a65cf7 - - - - -] cyborg.keyfile = None log_opt_values /usr/lib/python3/dist-packages/oslo_config/cfg.py:2609
2025-06-05 00:39:34.539 126614 DEBUG oslo_service.service [req-c74d2827-12ea-4fd4-929d-30cfe2a65cf7 - - - - -] cyborg.max_version = None log_opt_values /usr/lib/python3/dist-packages/oslo_config/cfg.py:2609
2025-06-05 00:39:34.539 126614 DEBUG oslo_service.service [req-c74d2827-12ea-4fd4-929d-30cfe2a65cf7 - - - - -] cyborg.min_version = None log_opt_values /usr/lib/python3/dist-packages/oslo_config/cfg.py:2609
2025-06-05 00:39:34.539 126614 DEBUG oslo_service.service [req-c74d2827-12ea-4fd4-929d-30cfe2a65cf7 - - - - -] cyborg.region_name = None log_opt_values /usr/lib/python3/dist-packages/oslo_config/cfg.py:2609
2025-06-05 00:39:34.539 126614 DEBUG oslo_service.service [req-c74d2827-12ea-4fd4-929d-30cfe2a65cf7 - - - - -] cyborg.service_name = None log_opt_values /usr/lib/python3/dist-packages/oslo_config/cfg.py:2609
2025-06-05 00:39:34.539 126614 DEBUG oslo_service.service [req-c74d2827-12ea-4fd4-929d-30cfe2a65cf7 - - - - -] cyborg.service_type = accelerator log_opt_values /usr/lib/python3/dist-packages/oslo_config/cfg.py:2609
2025-06-05 00:39:34.540 126614 DEBUG oslo_service.service [req-c74d2827-12ea-4fd4-929d-30cfe2a65cf7 - - - - -] cyborg.split_loggers = False log_opt_values /usr/lib/python3/dist-packages/oslo_config/cfg.py:2609
2025-06-05 00:39:34.540 126614 DEBUG oslo_service.service [req-c74d2827-12ea-4fd4-929d-30cfe2a65cf7 - - - - -] cyborg.status_code_retries = None log_opt_values /usr/lib/python3/dist-packages/oslo_config/cfg.py:2609
2025-06-05 00:39:34.540 126614 DEBUG oslo_service.service [req-c74d2827-12ea-4fd4-929d-30cfe2a65cf7 - - - - -] cyborg.status_code_retry_delay = None log_opt_values /usr/lib/python3/dist-packages/oslo_config/cfg.py:2609
2025-06-05 00:39:34.540 126614 DEBUG oslo_service.service [req-c74d2827-12ea-4fd4-929d-30cfe2a65cf7 - - - - -] cyborg.timeout = None log_opt_values /usr/lib/python3/dist-packages/oslo_config/cfg.py:2609
2025-06-05 00:39:34.540 126614 DEBUG oslo_service.service [req-c74d2827-12ea-4fd4-929d-30cfe2a65cf7 - - - - -] cyborg.valid_interfaces = ['internal', 'public'] log_opt_values /usr/lib/python3/dist-packages/oslo_config/cfg.py:2609
2025-06-05 00:39:34.540 127430 DEBUG oslo_messaging._drivers.amqpdriver [-] Listener is running poll /usr/lib/python3/dist-packages/oslo_messaging/_drivers/amqpdriver.py:343
2025-06-05 00:39:34.541 126614 DEBUG oslo_service.service [req-c74d2827-12ea-4fd4-929d-30cfe2a65cf7 - - - - -] cyborg.version = None log_opt_values /usr/lib/python3/dist-packages/oslo_config/cfg.py:2609
2025-06-05 00:39:34.541 127430 DEBUG oslo_messaging._drivers.amqpdriver [-] AMQPListener connection consume poll /usr/lib/python3/dist-packages/oslo_messaging/_drivers/amqpdriver.py:357
2025-06-05 00:39:34.541 126614 DEBUG oslo_service.service [req-c74d2827-12ea-4fd4-929d-30cfe2a65cf7 - - - - -] database.backend = sqlalchemy log_opt_values /usr/lib/python3/dist-packages/oslo_config/cfg.py:2609
2025-06-05 00:39:34.541 126614 DEBUG oslo_service.service [req-c74d2827-12ea-4fd4-929d-30cfe2a65cf7 - - - - -] database.connection = **** log_opt_values /usr/lib/python3/dist-packages/oslo_config/cfg.py:2609
2025-06-05 00:39:34.541 126614 DEBUG oslo_service.service [req-c74d2827-12ea-4fd4-929d-30cfe2a65cf7 - - - - -] database.connection_debug = 0 log_opt_values /usr/lib/python3/dist-packages/oslo_config/cfg.py:2609
2025-06-05 00:39:34.541 127432 DEBUG nova.service [req-0f90ae6b-3593-41ce-b75a-ba19b1e31059 - - - - -] Creating RPC server for service conductor start /usr/lib/python3/dist-packages/nova/service.py:182
2025-06-05 00:39:34.541 127430 DEBUG nova.service [req-332ac5c3-7ff5-443c-8835-ad9f5eee4689 - - - - -] Join ServiceGroup membership for this service conductor start /usr/lib/python3/dist-packages/nova/service.py:199
2025-06-05 00:39:34.541 126614 DEBUG oslo_service.service [req-c74d2827-12ea-4fd4-929d-30cfe2a65cf7 - - - - -] database.connection_parameters = log_opt_values /usr/lib/python3/dist-packages/oslo_config/cfg.py:2609
2025-06-05 00:39:34.542 126614 DEBUG oslo_service.service [req-c74d2827-12ea-4fd4-929d-30cfe2a65cf7 - - - - -] database.connection_recycle_time = 3600 log_opt_values /usr/lib/python3/dist-packages/oslo_config/cfg.py:2609
2025-06-05 00:39:34.542 127430 DEBUG nova.servicegroup.drivers.db [req-332ac5c3-7ff5-443c-8835-ad9f5eee4689 - - - - -] DB_Driver: join new ServiceGroup member juju-86bc73-0-lxd-7 to the conductor group, service = join /usr/lib/python3/dist-packages/nova/servicegroup/drivers/db.py:44
2025-06-05 00:39:34.542 126614 DEBUG oslo_service.service [req-c74d2827-12ea-4fd4-929d-30cfe2a65cf7 - - - - -] database.connection_trace = False log_opt_values /usr/lib/python3/dist-packages/oslo_config/cfg.py:2609
2025-06-05 00:39:34.542 126614 DEBUG oslo_service.service [req-c74d2827-12ea-4fd4-929d-30cfe2a65cf7 - - - - -] database.db_inc_retry_interval = True log_opt_values /usr/lib/python3/dist-packages/oslo_config/cfg.py:2609
2025-06-05 00:39:34.542 126614 DEBUG oslo_service.service [req-c74d2827-12ea-4fd4-929d-30cfe2a65cf7 - - - - -] database.db_max_retries = 20 log_opt_values /usr/lib/python3/dist-packages/oslo_config/cfg.py:2609
2025-06-05 00:39:34.542 126614 DEBUG oslo_service.service [req-c74d2827-12ea-4fd4-929d-30cfe2a65cf7 - - - - -] database.db_max_retry_interval = 10 log_opt_values /usr/lib/python3/dist-packages/oslo_config/cfg.py:2609
2025-06-05 00:39:34.542 127431 DEBUG oslo_messaging._drivers.amqpdriver [-] Listener is running poll /usr/lib/python3/dist-packages/oslo_messaging/_drivers/amqpdriver.py:343
2025-06-05 00:39:34.542 126614 DEBUG oslo_service.service [req-c74d2827-12ea-4fd4-929d-30cfe2a65cf7 - - - - -] database.db_retry_interval = 1 log_opt_values /usr/lib/python3/dist-packages/oslo_config/cfg.py:2609
2025-06-05 00:39:34.543 127431 DEBUG oslo_messaging._drivers.amqpdriver [-] AMQPListener connection consume poll /usr/lib/python3/dist-packages/oslo_messaging/_drivers/amqpdriver.py:357
2025-06-05 00:39:34.543 126614 DEBUG oslo_service.service [req-c74d2827-12ea-4fd4-929d-30cfe2a65cf7 - - - - -] database.max_overflow = 50 log_opt_values /usr/lib/python3/dist-packages/oslo_config/cfg.py:2609
2025-06-05 00:39:34.543 127430 DEBUG oslo_messaging._drivers.amqpdriver [-] received message msg_id: 871336b8a9b94c60b400a49c1efe3fe5 reply to reply_3261c4b9408a4907849ebaedd565759d __call__ /usr/lib/python3/dist-packages/oslo_messaging/_drivers/amqpdriver.py:320
2025-06-05 00:39:34.543 126614 DEBUG oslo_service.service [req-c74d2827-12ea-4fd4-929d-30cfe2a65cf7 - - - - -] database.max_pool_size = 4 log_opt_values /usr/lib/python3/dist-packages/oslo_config/cfg.py:2609
2025-06-05 00:39:34.543 126614 DEBUG oslo_service.service [req-c74d2827-12ea-4fd4-929d-30cfe2a65cf7 - - - - -] database.max_retries = 10 log_opt_values /usr/lib/python3/dist-packages/oslo_config/cfg.py:2609
2025-06-05 00:39:34.543 126614 DEBUG oslo_service.service [req-c74d2827-12ea-4fd4-929d-30cfe2a65cf7 - - - - -] database.mysql_enable_ndb = False log_opt_values /usr/lib/python3/dist-packages/oslo_config/cfg.py:2609
2025-06-05 00:39:34.543 127431 DEBUG nova.service [req-4e0e73ba-8679-4363-816a-41b80f99530a - - - - -] Join ServiceGroup membership for this service conductor start /usr/lib/python3/dist-packages/nova/service.py:199
2025-06-05 00:39:34.543 126614 DEBUG oslo_service.service [req-c74d2827-12ea-4fd4-929d-30cfe2a65cf7 - - - - -] database.mysql_sql_mode = TRADITIONAL log_opt_values /usr/lib/python3/dist-packages/oslo_config/cfg.py:2609
2025-06-05 00:39:34.543 126614 DEBUG oslo_service.service [req-c74d2827-12ea-4fd4-929d-30cfe2a65cf7 - - - - -] database.pool_timeout = None log_opt_values /usr/lib/python3/dist-packages/oslo_config/cfg.py:2609
2025-06-05 00:39:34.544 127431 DEBUG nova.servicegroup.drivers.db [req-4e0e73ba-8679-4363-816a-41b80f99530a - - - - -] DB_Driver: join new ServiceGroup member juju-86bc73-0-lxd-7 to the conductor group, service = join /usr/lib/python3/dist-packages/nova/servicegroup/drivers/db.py:44
2025-06-05 00:39:34.544 126614 DEBUG oslo_service.service [req-c74d2827-12ea-4fd4-929d-30cfe2a65cf7 - - - - -] database.retry_interval = 10 log_opt_values /usr/lib/python3/dist-packages/oslo_config/cfg.py:2609
2025-06-05 00:39:34.544 126614 DEBUG oslo_service.service [req-c74d2827-12ea-4fd4-929d-30cfe2a65cf7 - - - - -] database.slave_connection = **** log_opt_values /usr/lib/python3/dist-packages/oslo_config/cfg.py:2609
2025-06-05 00:39:34.544 126614 DEBUG oslo_service.service [req-c74d2827-12ea-4fd4-929d-30cfe2a65cf7 - - - - -] database.sqlite_synchronous = True log_opt_values /usr/lib/python3/dist-packages/oslo_config/cfg.py:2609
2025-06-05 00:39:34.544 126614 DEBUG oslo_service.service [req-c74d2827-12ea-4fd4-929d-30cfe2a65cf7 - - - - -] database.use_db_reconnect = False log_opt_values /usr/lib/python3/dist-packages/oslo_config/cfg.py:2609
2025-06-05 00:39:34.545 127430 DEBUG oslo_messaging._drivers.amqpdriver [-] AMQPListener connection timeout poll /usr/lib/python3/dist-packages/oslo_messaging/_drivers/amqpdriver.py:360
2025-06-05 00:39:34.545 126614 DEBUG oslo_service.service [req-c74d2827-12ea-4fd4-929d-30cfe2a65cf7 - - - - -] api_database.backend = sqlalchemy log_opt_values /usr/lib/python3/dist-packages/oslo_config/cfg.py:2609
2025-06-05 00:39:34.545 127430 DEBUG oslo_messaging._drivers.amqpdriver [-] Listener is running poll /usr/lib/python3/dist-packages/oslo_messaging/_drivers/amqpdriver.py:343
2025-06-05 00:39:34.545 126614 DEBUG oslo_service.service [req-c74d2827-12ea-4fd4-929d-30cfe2a65cf7 - - - - -] api_database.connection = **** log_opt_values /usr/lib/python3/dist-packages/oslo_config/cfg.py:2609
2025-06-05 00:39:34.545 127430 DEBUG oslo_messaging._drivers.amqpdriver [-] Poll the incoming message with unique_id: 6d8909c71d414955985d30636c24d398 poll /usr/lib/python3/dist-packages/oslo_messaging/_drivers/amqpdriver.py:346
2025-06-05 00:39:34.545 126614 DEBUG oslo_service.service [req-c74d2827-12ea-4fd4-929d-30cfe2a65cf7 - - - - -] api_database.connection_debug = 0 log_opt_values /usr/lib/python3/dist-packages/oslo_config/cfg.py:2609
2025-06-05 00:39:34.545 126614 DEBUG oslo_service.service [req-c74d2827-12ea-4fd4-929d-30cfe2a65cf7 - - - - -] api_database.connection_parameters = log_opt_values /usr/lib/python3/dist-packages/oslo_config/cfg.py:2609
2025-06-05 00:39:34.545 126614 DEBUG oslo_service.service [req-c74d2827-12ea-4fd4-929d-30cfe2a65cf7 - - - - -] api_database.connection_recycle_time = 3600 log_opt_values /usr/lib/python3/dist-packages/oslo_config/cfg.py:2609
2025-06-05 00:39:34.545 127430 DEBUG oslo_messaging._drivers.amqpdriver [-] Listener is running poll /usr/lib/python3/dist-packages/oslo_messaging/_drivers/amqpdriver.py:343
2025-06-05 00:39:34.546 127430 DEBUG oslo_messaging._drivers.amqpdriver [-] AMQPListener connection consume poll /usr/lib/python3/dist-packages/oslo_messaging/_drivers/amqpdriver.py:357
2025-06-05 00:39:34.546 126614 DEBUG oslo_service.service [req-c74d2827-12ea-4fd4-929d-30cfe2a65cf7 - - - - -] api_database.connection_trace = False log_opt_values /usr/lib/python3/dist-packages/oslo_config/cfg.py:2609
2025-06-05 00:39:34.546 126614 DEBUG oslo_service.service [req-c74d2827-12ea-4fd4-929d-30cfe2a65cf7 - - - - -] api_database.db_inc_retry_interval = True log_opt_values /usr/lib/python3/dist-packages/oslo_config/cfg.py:2609
2025-06-05 00:39:34.546 126614 DEBUG oslo_service.service [req-c74d2827-12ea-4fd4-929d-30cfe2a65cf7 - - - - -] api_database.db_max_retries = 20 log_opt_values /usr/lib/python3/dist-packages/oslo_config/cfg.py:2609
2025-06-05 00:39:34.546 127431 DEBUG oslo_messaging._drivers.amqpdriver [-] AMQPListener connection timeout poll /usr/lib/python3/dist-packages/oslo_messaging/_drivers/amqpdriver.py:360
2025-06-05 00:39:34.546 127431 DEBUG oslo_messaging._drivers.amqpdriver [-] Listener is running poll /usr/lib/python3/dist-packages/oslo_messaging/_drivers/amqpdriver.py:343
2025-06-05 00:39:34.546 126614 DEBUG oslo_service.service [req-c74d2827-12ea-4fd4-929d-30cfe2a65cf7 - - - - -] api_database.db_max_retry_interval = 10 log_opt_values /usr/lib/python3/dist-packages/oslo_config/cfg.py:2609
2025-06-05 00:39:34.546 127431 DEBUG oslo_messaging._drivers.amqpdriver [-] AMQPListener connection consume poll /usr/lib/python3/dist-packages/oslo_messaging/_drivers/amqpdriver.py:357
2025-06-05 00:39:34.546 126614 DEBUG oslo_service.service [req-c74d2827-12ea-4fd4-929d-30cfe2a65cf7 - - - - -] api_database.db_retry_interval = 1 log_opt_values /usr/lib/python3/dist-packages/oslo_config/cfg.py:2609
2025-06-05 00:39:34.547 126614 DEBUG oslo_service.service [req-c74d2827-12ea-4fd4-929d-30cfe2a65cf7 - - - - -] api_database.max_overflow = 50 log_opt_values /usr/lib/python3/dist-packages/oslo_config/cfg.py:2609
2025-06-05 00:39:34.547 126614 DEBUG oslo_service.service [req-c74d2827-12ea-4fd4-929d-30cfe2a65cf7 - - - - -] api_database.max_pool_size = 4 log_opt_values /usr/lib/python3/dist-packages/oslo_config/cfg.py:2609
2025-06-05 00:39:34.547 126614 DEBUG oslo_service.service [req-c74d2827-12ea-4fd4-929d-30cfe2a65cf7 - - - - -] api_database.max_retries = 10 log_opt_values /usr/lib/python3/dist-packages/oslo_config/cfg.py:2609
2025-06-05 00:39:34.547 126614 DEBUG oslo_service.service [req-c74d2827-12ea-4fd4-929d-30cfe2a65cf7 - - - - -] api_database.mysql_enable_ndb = False log_opt_values /usr/lib/python3/dist-packages/oslo_config/cfg.py:2609
2025-06-05 00:39:34.548 126614 DEBUG oslo_service.service [req-c74d2827-12ea-4fd4-929d-30cfe2a65cf7 - - - - -] api_database.mysql_sql_mode = TRADITIONAL log_opt_values /usr/lib/python3/dist-packages/oslo_config/cfg.py:2609
2025-06-05 00:39:34.548 126614 DEBUG oslo_service.service [req-c74d2827-12ea-4fd4-929d-30cfe2a65cf7 - - - - -] api_database.pool_timeout = None log_opt_values /usr/lib/python3/dist-packages/oslo_config/cfg.py:2609
2025-06-05 00:39:34.548 126614 DEBUG oslo_service.service [req-c74d2827-12ea-4fd4-929d-30cfe2a65cf7 - - - - -] api_database.retry_interval = 10 log_opt_values /usr/lib/python3/dist-packages/oslo_config/cfg.py:2609
2025-06-05 00:39:34.548 126614 DEBUG oslo_service.service [req-c74d2827-12ea-4fd4-929d-30cfe2a65cf7 - - - - -] api_database.slave_connection = **** log_opt_values /usr/lib/python3/dist-packages/oslo_config/cfg.py:2609
2025-06-05 00:39:34.548 126614 DEBUG oslo_service.service [req-c74d2827-12ea-4fd4-929d-30cfe2a65cf7 - - - - -] api_database.sqlite_synchronous = True log_opt_values /usr/lib/python3/dist-packages/oslo_config/cfg.py:2609
2025-06-05 00:39:34.548 127433 DEBUG nova.service [req-4522f051-28cf-4f3c-8274-a035c31cc4d9 - - - - -] Creating RPC server for service conductor start /usr/lib/python3/dist-packages/nova/service.py:182
2025-06-05 00:39:34.548 126614 DEBUG oslo_service.service [req-c74d2827-12ea-4fd4-929d-30cfe2a65cf7 - - - - -] devices.enabled_mdev_types = [] log_opt_values /usr/lib/python3/dist-packages/oslo_config/cfg.py:2609
2025-06-05 00:39:34.549 126614 DEBUG oslo_service.service [req-c74d2827-12ea-4fd4-929d-30cfe2a65cf7 - - - - -] ephemeral_storage_encryption.cipher = aes-xts-plain64 log_opt_values /usr/lib/python3/dist-packages/oslo_config/cfg.py:2609
2025-06-05 00:39:34.549 126614 DEBUG oslo_service.service [req-c74d2827-12ea-4fd4-929d-30cfe2a65cf7 - - - - -] ephemeral_storage_encryption.enabled = False log_opt_values /usr/lib/python3/dist-packages/oslo_config/cfg.py:2609
2025-06-05 00:39:34.549 126614 DEBUG oslo_service.service [req-c74d2827-12ea-4fd4-929d-30cfe2a65cf7 - - - - -] ephemeral_storage_encryption.key_size = 512 log_opt_values /usr/lib/python3/dist-packages/oslo_config/cfg.py:2609
2025-06-05 00:39:34.549 126614 WARNING oslo_config.cfg [req-c74d2827-12ea-4fd4-929d-30cfe2a65cf7 - - - - -] Deprecated: Option "api_servers" from group "glance" is deprecated for removal ( Support for image service configuration via standard keystoneauth1 Adapter options was added in the 17.0.0 Queens release. The api_servers option was retained temporarily to allow consumers time to cut over to a real load balancing solution. ). Its value may be silently ignored in the future.
2025-06-05 00:39:34.549 126614 DEBUG oslo_service.service [req-c74d2827-12ea-4fd4-929d-30cfe2a65cf7 - - - - -] glance.api_servers = ['http://252.33.41.141:9292'] log_opt_values /usr/lib/python3/dist-packages/oslo_config/cfg.py:2609
2025-06-05 00:39:34.550 126614 DEBUG oslo_service.service [req-c74d2827-12ea-4fd4-929d-30cfe2a65cf7 - - - - -] glance.cafile = None log_opt_values /usr/lib/python3/dist-packages/oslo_config/cfg.py:2609
2025-06-05 00:39:34.550 126614 DEBUG oslo_service.service [req-c74d2827-12ea-4fd4-929d-30cfe2a65cf7 - - - - -] glance.certfile = None log_opt_values /usr/lib/python3/dist-packages/oslo_config/cfg.py:2609
2025-06-05 00:39:34.550 126614 DEBUG oslo_service.service [req-c74d2827-12ea-4fd4-929d-30cfe2a65cf7 - - - - -] glance.collect_timing = False log_opt_values /usr/lib/python3/dist-packages/oslo_config/cfg.py:2609
2025-06-05 00:39:34.550 126614 DEBUG oslo_service.service [req-c74d2827-12ea-4fd4-929d-30cfe2a65cf7 - - - - -] glance.connect_retries = None log_opt_values /usr/lib/python3/dist-packages/oslo_config/cfg.py:2609
2025-06-05 00:39:34.550 126614 DEBUG oslo_service.service [req-c74d2827-12ea-4fd4-929d-30cfe2a65cf7 - - - - -] glance.connect_retry_delay = None log_opt_values /usr/lib/python3/dist-packages/oslo_config/cfg.py:2609
2025-06-05 00:39:34.550 126614 DEBUG oslo_service.service [req-c74d2827-12ea-4fd4-929d-30cfe2a65cf7 - - - - -] glance.debug = False log_opt_values /usr/lib/python3/dist-packages/oslo_config/cfg.py:2609
2025-06-05 00:39:34.551 126614 DEBUG oslo_service.service [req-c74d2827-12ea-4fd4-929d-30cfe2a65cf7 - - - - -] glance.default_trusted_certificate_ids = [] log_opt_values /usr/lib/python3/dist-packages/oslo_config/cfg.py:2609
2025-06-05 00:39:34.551 126614 DEBUG oslo_service.service [req-c74d2827-12ea-4fd4-929d-30cfe2a65cf7 - - - - -] glance.enable_certificate_validation = False log_opt_values /usr/lib/python3/dist-packages/oslo_config/cfg.py:2609
