2025-06-05 01:53:49.768 71647 DEBUG oslo_service.service [-] clients_aodh.ca_file = None log_opt_values /usr/lib/python3/dist-packages/oslo_config/cfg.py:2609
2025-06-05 01:53:49.768 71647 DEBUG oslo_service.service [-] clients_aodh.cert_file = None log_opt_values /usr/lib/python3/dist-packages/oslo_config/cfg.py:2609
2025-06-05 01:53:49.768 71647 DEBUG oslo_service.service [-] clients_aodh.endpoint_type = None log_opt_values /usr/lib/python3/dist-packages/oslo_config/cfg.py:2609
2025-06-05 01:53:49.768 71647 DEBUG oslo_service.service [-] clients_aodh.insecure = None log_opt_values /usr/lib/python3/dist-packages/oslo_config/cfg.py:2609
2025-06-05 01:53:49.768 71647 DEBUG oslo_service.service [-] clients_aodh.key_file = None log_opt_values /usr/lib/python3/dist-packages/oslo_config/cfg.py:2609
2025-06-05 01:53:49.768 71647 DEBUG oslo_service.service [-] clients_barbican.ca_file = None log_opt_values /usr/lib/python3/dist-packages/oslo_config/cfg.py:2609
2025-06-05 01:53:49.769 71647 DEBUG oslo_service.service [-] clients_barbican.cert_file = None log_opt_values /usr/lib/python3/dist-packages/oslo_config/cfg.py:2609
2025-06-05 01:53:49.769 71647 DEBUG oslo_service.service [-] clients_barbican.endpoint_type = None log_opt_values /usr/lib/python3/dist-packages/oslo_config/cfg.py:2609
2025-06-05 01:53:49.769 71647 DEBUG oslo_service.service [-] clients_barbican.insecure = None log_opt_values /usr/lib/python3/dist-packages/oslo_config/cfg.py:2609
2025-06-05 01:53:49.769 71647 DEBUG oslo_service.service [-] clients_barbican.key_file = None log_opt_values /usr/lib/python3/dist-packages/oslo_config/cfg.py:2609
2025-06-05 01:53:49.769 71647 DEBUG oslo_service.service [-] clients_cinder.ca_file = None log_opt_values /usr/lib/python3/dist-packages/oslo_config/cfg.py:2609
2025-06-05 01:53:49.769 71647 DEBUG oslo_service.service [-] clients_cinder.cert_file = None log_opt_values /usr/lib/python3/dist-packages/oslo_config/cfg.py:2609
2025-06-05 01:53:49.769 71647 DEBUG oslo_service.service [-] clients_cinder.endpoint_type = None log_opt_values /usr/lib/python3/dist-packages/oslo_config/cfg.py:2609
2025-06-05 01:53:49.769 71647 DEBUG oslo_service.service [-] clients_cinder.http_log_debug = False log_opt_values /usr/lib/python3/dist-packages/oslo_config/cfg.py:2609
2025-06-05 01:53:49.769 71647 DEBUG oslo_service.service [-] clients_cinder.insecure = None log_opt_values /usr/lib/python3/dist-packages/oslo_config/cfg.py:2609
2025-06-05 01:53:49.770 71647 DEBUG oslo_service.service [-] clients_cinder.key_file = None log_opt_values /usr/lib/python3/dist-packages/oslo_config/cfg.py:2609
2025-06-05 01:53:49.770 71647 DEBUG oslo_service.service [-] clients_designate.ca_file = None log_opt_values /usr/lib/python3/dist-packages/oslo_config/cfg.py:2609
2025-06-05 01:53:49.770 71647 DEBUG oslo_service.service [-] clients_designate.cert_file = None log_opt_values /usr/lib/python3/dist-packages/oslo_config/cfg.py:2609
2025-06-05 01:53:49.770 71647 DEBUG oslo_service.service [-] clients_designate.endpoint_type = None log_opt_values /usr/lib/python3/dist-packages/oslo_config/cfg.py:2609
2025-06-05 01:53:49.770 71647 DEBUG oslo_service.service [-] clients_designate.insecure = None log_opt_values /usr/lib/python3/dist-packages/oslo_config/cfg.py:2609
2025-06-05 01:53:49.770 71647 DEBUG oslo_service.service [-] clients_designate.key_file = None log_opt_values /usr/lib/python3/dist-packages/oslo_config/cfg.py:2609
2025-06-05 01:53:49.770 71647 DEBUG oslo_service.service [-] clients_glance.ca_file = None log_opt_values /usr/lib/python3/dist-packages/oslo_config/cfg.py:2609
2025-06-05 01:53:49.770 71647 DEBUG oslo_service.service [-] clients_glance.cert_file = None log_opt_values /usr/lib/python3/dist-packages/oslo_config/cfg.py:2609
2025-06-05 01:53:49.770 71647 DEBUG oslo_service.service [-] clients_glance.endpoint_type = None log_opt_values /usr/lib/python3/dist-packages/oslo_config/cfg.py:2609
2025-06-05 01:53:49.770 71647 DEBUG oslo_service.service [-] clients_glance.insecure = None log_opt_values /usr/lib/python3/dist-packages/oslo_config/cfg.py:2609
2025-06-05 01:53:49.771 71647 DEBUG oslo_service.service [-] clients_glance.key_file = None log_opt_values /usr/lib/python3/dist-packages/oslo_config/cfg.py:2609
2025-06-05 01:53:49.771 71647 DEBUG oslo_service.service [-] clients_heat.ca_file = None log_opt_values /usr/lib/python3/dist-packages/oslo_config/cfg.py:2609
2025-06-05 01:53:49.771 71647 DEBUG oslo_service.service [-] clients_heat.cert_file = None log_opt_values /usr/lib/python3/dist-packages/oslo_config/cfg.py:2609
2025-06-05 01:53:49.771 71647 DEBUG oslo_service.service [-] clients_heat.endpoint_type = None log_opt_values /usr/lib/python3/dist-packages/oslo_config/cfg.py:2609
2025-06-05 01:53:49.771 71647 DEBUG oslo_service.service [-] clients_heat.insecure = None log_opt_values /usr/lib/python3/dist-packages/oslo_config/cfg.py:2609
2025-06-05 01:53:49.771 71647 DEBUG oslo_service.service [-] clients_heat.key_file = None log_opt_values /usr/lib/python3/dist-packages/oslo_config/cfg.py:2609
2025-06-05 01:53:49.771 71647 DEBUG oslo_service.service [-] clients_heat.url = log_opt_values /usr/lib/python3/dist-packages/oslo_config/cfg.py:2609
2025-06-05 01:53:49.771 71647 DEBUG oslo_service.service [-] clients_keystone.auth_uri = http://252.33.250.223:5050 log_opt_values /usr/lib/python3/dist-packages/oslo_config/cfg.py:2609
2025-06-05 01:53:49.772 71647 DEBUG oslo_service.service [-] clients_keystone.ca_file = None log_opt_values /usr/lib/python3/dist-packages/oslo_config/cfg.py:2609
2025-06-05 01:53:49.772 71647 DEBUG oslo_service.service [-] clients_keystone.cert_file = None log_opt_values /usr/lib/python3/dist-packages/oslo_config/cfg.py:2609
2025-06-05 01:53:49.772 71647 DEBUG oslo_service.service [-] clients_keystone.endpoint_type = None log_opt_values /usr/lib/python3/dist-packages/oslo_config/cfg.py:2609
2025-06-05 01:53:49.772 71647 DEBUG oslo_service.service [-] clients_keystone.insecure = None log_opt_values /usr/lib/python3/dist-packages/oslo_config/cfg.py:2609
2025-06-05 01:53:49.772 71647 DEBUG oslo_service.service [-] clients_keystone.key_file = None log_opt_values /usr/lib/python3/dist-packages/oslo_config/cfg.py:2609
2025-06-05 01:53:49.772 71647 DEBUG oslo_service.service [-] clients_magnum.ca_file = None log_opt_values /usr/lib/python3/dist-packages/oslo_config/cfg.py:2609
2025-06-05 01:53:49.772 71647 DEBUG oslo_service.service [-] clients_magnum.cert_file = None log_opt_values /usr/lib/python3/dist-packages/oslo_config/cfg.py:2609
2025-06-05 01:53:49.773 71647 DEBUG oslo_service.service [-] clients_magnum.endpoint_type = None log_opt_values /usr/lib/python3/dist-packages/oslo_config/cfg.py:2609
2025-06-05 01:53:49.773 71647 DEBUG oslo_service.service [-] clients_magnum.insecure = None log_opt_values /usr/lib/python3/dist-packages/oslo_config/cfg.py:2609
2025-06-05 01:53:49.773 71647 DEBUG oslo_service.service [-] clients_magnum.key_file = None log_opt_values /usr/lib/python3/dist-packages/oslo_config/cfg.py:2609
2025-06-05 01:53:49.773 71647 DEBUG oslo_service.service [-] clients_manila.ca_file = None log_opt_values /usr/lib/python3/dist-packages/oslo_config/cfg.py:2609
2025-06-05 01:53:49.773 71647 DEBUG oslo_service.service [-] clients_manila.cert_file = None log_opt_values /usr/lib/python3/dist-packages/oslo_config/cfg.py:2609
2025-06-05 01:53:49.773 71647 DEBUG oslo_service.service [-] clients_manila.endpoint_type = None log_opt_values /usr/lib/python3/dist-packages/oslo_config/cfg.py:2609
2025-06-05 01:53:49.773 71647 DEBUG oslo_service.service [-] clients_manila.insecure = None log_opt_values /usr/lib/python3/dist-packages/oslo_config/cfg.py:2609
2025-06-05 01:53:49.773 71647 DEBUG oslo_service.service [-] clients_manila.key_file = None log_opt_values /usr/lib/python3/dist-packages/oslo_config/cfg.py:2609
2025-06-05 01:53:49.774 71647 DEBUG oslo_service.service [-] clients_mistral.ca_file = None log_opt_values /usr/lib/python3/dist-packages/oslo_config/cfg.py:2609
2025-06-05 01:53:49.774 71647 DEBUG oslo_service.service [-] clients_mistral.cert_file = None log_opt_values /usr/lib/python3/dist-packages/oslo_config/cfg.py:2609
2025-06-05 01:53:49.774 71647 DEBUG oslo_service.service [-] clients_mistral.endpoint_type = None log_opt_values /usr/lib/python3/dist-packages/oslo_config/cfg.py:2609
2025-06-05 01:53:49.774 71647 DEBUG oslo_service.service [-] clients_mistral.insecure = None log_opt_values /usr/lib/python3/dist-packages/oslo_config/cfg.py:2609
2025-06-05 01:53:49.774 71647 DEBUG oslo_service.service [-] clients_mistral.key_file = None log_opt_values /usr/lib/python3/dist-packages/oslo_config/cfg.py:2609
2025-06-05 01:53:49.774 71647 DEBUG oslo_service.service [-] clients_monasca.ca_file = None log_opt_values /usr/lib/python3/dist-packages/oslo_config/cfg.py:2609
2025-06-05 01:53:49.774 71647 DEBUG oslo_service.service [-] clients_monasca.cert_file = None log_opt_values /usr/lib/python3/dist-packages/oslo_config/cfg.py:2609
2025-06-05 01:53:49.775 71647 DEBUG oslo_service.service [-] clients_monasca.endpoint_type = None log_opt_values /usr/lib/python3/dist-packages/oslo_config/cfg.py:2609
2025-06-05 01:53:49.775 71647 DEBUG oslo_service.service [-] clients_monasca.insecure = None log_opt_values /usr/lib/python3/dist-packages/oslo_config/cfg.py:2609
2025-06-05 01:53:49.775 71647 DEBUG oslo_service.service [-] clients_monasca.key_file = None log_opt_values /usr/lib/python3/dist-packages/oslo_config/cfg.py:2609
2025-06-05 01:53:49.775 71647 DEBUG oslo_service.service [-] clients_neutron.ca_file = None log_opt_values /usr/lib/python3/dist-packages/oslo_config/cfg.py:2609
2025-06-05 01:53:49.775 71647 DEBUG oslo_service.service [-] clients_neutron.cert_file = None log_opt_values /usr/lib/python3/dist-packages/oslo_config/cfg.py:2609
2025-06-05 01:53:49.775 71647 DEBUG oslo_service.service [-] clients_neutron.endpoint_type = None log_opt_values /usr/lib/python3/dist-packages/oslo_config/cfg.py:2609
2025-06-05 01:53:49.775 71647 DEBUG oslo_service.service [-] clients_neutron.insecure = None log_opt_values /usr/lib/python3/dist-packages/oslo_config/cfg.py:2609
2025-06-05 01:53:49.776 71647 DEBUG oslo_service.service [-] clients_neutron.key_file = None log_opt_values /usr/lib/python3/dist-packages/oslo_config/cfg.py:2609
2025-06-05 01:53:49.776 71647 DEBUG oslo_service.service [-] clients_nova.ca_file = None log_opt_values /usr/lib/python3/dist-packages/oslo_config/cfg.py:2609
2025-06-05 01:53:49.778 71647 DEBUG oslo_service.service [-] clients_nova.cert_file = None log_opt_values /usr/lib/python3/dist-packages/oslo_config/cfg.py:2609
2025-06-05 01:53:49.778 71647 DEBUG oslo_service.service [-] clients_nova.endpoint_type = None log_opt_values /usr/lib/python3/dist-packages/oslo_config/cfg.py:2609
2025-06-05 01:53:49.778 71647 DEBUG oslo_service.service [-] clients_nova.http_log_debug = False log_opt_values /usr/lib/python3/dist-packages/oslo_config/cfg.py:2609
2025-06-05 01:53:49.778 71647 DEBUG oslo_service.service [-] clients_nova.insecure = None log_opt_values /usr/lib/python3/dist-packages/oslo_config/cfg.py:2609
2025-06-05 01:53:49.780 71647 DEBUG oslo_service.service [-] clients_nova.key_file = None log_opt_values /usr/lib/python3/dist-packages/oslo_config/cfg.py:2609
2025-06-05 01:53:49.780 71647 DEBUG oslo_service.service [-] clients_octavia.ca_file = None log_opt_values /usr/lib/python3/dist-packages/oslo_config/cfg.py:2609
2025-06-05 01:53:49.781 71647 DEBUG oslo_service.service [-] clients_octavia.cert_file = None log_opt_values /usr/lib/python3/dist-packages/oslo_config/cfg.py:2609
2025-06-05 01:53:49.781 71647 DEBUG oslo_service.service [-] clients_octavia.endpoint_type = None log_opt_values /usr/lib/python3/dist-packages/oslo_config/cfg.py:2609
2025-06-05 01:53:49.781 71647 DEBUG oslo_service.service [-] clients_octavia.insecure = None log_opt_values /usr/lib/python3/dist-packages/oslo_config/cfg.py:2609
2025-06-05 01:53:49.781 71647 DEBUG oslo_service.service [-] clients_octavia.key_file = None log_opt_values /usr/lib/python3/dist-packages/oslo_config/cfg.py:2609
2025-06-05 01:53:49.781 71647 DEBUG oslo_service.service [-] clients_sahara.ca_file = None log_opt_values /usr/lib/python3/dist-packages/oslo_config/cfg.py:2609
2025-06-05 01:53:49.781 71647 DEBUG oslo_service.service [-] clients_sahara.cert_file = None log_opt_values /usr/lib/python3/dist-packages/oslo_config/cfg.py:2609
2025-06-05 01:53:49.782 71647 DEBUG oslo_service.service [-] clients_sahara.endpoint_type = None log_opt_values /usr/lib/python3/dist-packages/oslo_config/cfg.py:2609
2025-06-05 01:53:49.782 71647 DEBUG oslo_service.service [-] clients_sahara.insecure = None log_opt_values /usr/lib/python3/dist-packages/oslo_config/cfg.py:2609
2025-06-05 01:53:49.782 71647 DEBUG oslo_service.service [-] clients_sahara.key_file = None log_opt_values /usr/lib/python3/dist-packages/oslo_config/cfg.py:2609
2025-06-05 01:53:49.782 71647 DEBUG oslo_service.service [-] clients_senlin.ca_file = None log_opt_values /usr/lib/python3/dist-packages/oslo_config/cfg.py:2609
2025-06-05 01:53:49.782 71647 DEBUG oslo_service.service [-] clients_senlin.cert_file = None log_opt_values /usr/lib/python3/dist-packages/oslo_config/cfg.py:2609
2025-06-05 01:53:49.782 71647 DEBUG oslo_service.service [-] clients_senlin.endpoint_type = None log_opt_values /usr/lib/python3/dist-packages/oslo_config/cfg.py:2609
2025-06-05 01:53:49.783 71647 DEBUG oslo_service.service [-] clients_senlin.insecure = None log_opt_values /usr/lib/python3/dist-packages/oslo_config/cfg.py:2609
2025-06-05 01:53:49.783 71647 DEBUG oslo_service.service [-] clients_senlin.key_file = None log_opt_values /usr/lib/python3/dist-packages/oslo_config/cfg.py:2609
2025-06-05 01:53:49.783 71647 DEBUG oslo_service.service [-] clients_swift.ca_file = None log_opt_values /usr/lib/python3/dist-packages/oslo_config/cfg.py:2609
2025-06-05 01:53:49.783 71647 DEBUG oslo_service.service [-] clients_swift.cert_file = None log_opt_values /usr/lib/python3/dist-packages/oslo_config/cfg.py:2609
2025-06-05 01:53:49.783 71647 DEBUG oslo_service.service [-] clients_swift.endpoint_type = None log_opt_values /usr/lib/python3/dist-packages/oslo_config/cfg.py:2609
2025-06-05 01:53:49.783 71647 DEBUG oslo_service.service [-] clients_swift.insecure = None log_opt_values /usr/lib/python3/dist-packages/oslo_config/cfg.py:2609
2025-06-05 01:53:49.783 71647 DEBUG oslo_service.service [-] clients_swift.key_file = None log_opt_values /usr/lib/python3/dist-packages/oslo_config/cfg.py:2609
2025-06-05 01:53:49.783 71647 DEBUG oslo_service.service [-] clients_trove.ca_file = None log_opt_values /usr/lib/python3/dist-packages/oslo_config/cfg.py:2609
2025-06-05 01:53:49.784 71647 DEBUG oslo_service.service [-] clients_trove.cert_file = None log_opt_values /usr/lib/python3/dist-packages/oslo_config/cfg.py:2609
2025-06-05 01:53:49.784 71647 DEBUG oslo_service.service [-] clients_trove.endpoint_type = None log_opt_values /usr/lib/python3/dist-packages/oslo_config/cfg.py:2609
2025-06-05 01:53:49.784 71647 DEBUG oslo_service.service [-] clients_trove.insecure = None log_opt_values /usr/lib/python3/dist-packages/oslo_config/cfg.py:2609
2025-06-05 01:53:49.784 71647 DEBUG oslo_service.service [-] clients_trove.key_file = None log_opt_values /usr/lib/python3/dist-packages/oslo_config/cfg.py:2609
2025-06-05 01:53:49.784 71647 DEBUG oslo_service.service [-] clients_vitrage.ca_file = None log_opt_values /usr/lib/python3/dist-packages/oslo_config/cfg.py:2609
2025-06-05 01:53:49.784 71647 DEBUG oslo_service.service [-] clients_vitrage.cert_file = None log_opt_values /usr/lib/python3/dist-packages/oslo_config/cfg.py:2609
2025-06-05 01:53:49.784 71647 DEBUG oslo_service.service [-] clients_vitrage.endpoint_type = None log_opt_values /usr/lib/python3/dist-packages/oslo_config/cfg.py:2609
2025-06-05 01:53:49.784 71647 DEBUG oslo_service.service [-] clients_vitrage.insecure = None log_opt_values /usr/lib/python3/dist-packages/oslo_config/cfg.py:2609
2025-06-05 01:53:49.784 71647 DEBUG oslo_service.service [-] clients_vitrage.key_file = None log_opt_values /usr/lib/python3/dist-packages/oslo_config/cfg.py:2609
2025-06-05 01:53:49.785 71647 DEBUG oslo_service.service [-] clients_zaqar.ca_file = None log_opt_values /usr/lib/python3/dist-packages/oslo_config/cfg.py:2609
2025-06-05 01:53:49.785 71647 DEBUG oslo_service.service [-] clients_zaqar.cert_file = None log_opt_values /usr/lib/python3/dist-packages/oslo_config/cfg.py:2609
2025-06-05 01:53:49.786 71647 DEBUG oslo_service.service [-] clients_zaqar.endpoint_type = None log_opt_values /usr/lib/python3/dist-packages/oslo_config/cfg.py:2609
2025-06-05 01:53:49.786 71647 DEBUG oslo_service.service [-] clients_zaqar.insecure = None log_opt_values /usr/lib/python3/dist-packages/oslo_config/cfg.py:2609
2025-06-05 01:53:49.786 71647 DEBUG oslo_service.service [-] clients_zaqar.key_file = None log_opt_values /usr/lib/python3/dist-packages/oslo_config/cfg.py:2609
2025-06-05 01:53:49.786 71647 DEBUG oslo_service.service [-] database.backend = sqlalchemy log_opt_values /usr/lib/python3/dist-packages/oslo_config/cfg.py:2609
2025-06-05 01:53:49.786 71647 DEBUG oslo_service.service [-] database.connection = **** log_opt_values /usr/lib/python3/dist-packages/oslo_config/cfg.py:2609
2025-06-05 01:53:49.786 71647 DEBUG oslo_service.service [-] database.connection_debug = 0 log_opt_values /usr/lib/python3/dist-packages/oslo_config/cfg.py:2609
2025-06-05 01:53:49.787 71647 DEBUG oslo_service.service [-] database.connection_parameters = log_opt_values /usr/lib/python3/dist-packages/oslo_config/cfg.py:2609
2025-06-05 01:53:49.787 71647 DEBUG oslo_service.service [-] database.connection_recycle_time = 3600 log_opt_values /usr/lib/python3/dist-packages/oslo_config/cfg.py:2609
2025-06-05 01:53:49.787 71647 DEBUG oslo_service.service [-] database.connection_trace = False log_opt_values /usr/lib/python3/dist-packages/oslo_config/cfg.py:2609
2025-06-05 01:53:49.787 71647 DEBUG oslo_service.service [-] database.db_inc_retry_interval = True log_opt_values /usr/lib/python3/dist-packages/oslo_config/cfg.py:2609
2025-06-05 01:53:49.787 71647 DEBUG oslo_service.service [-] database.db_max_retries = 20 log_opt_values /usr/lib/python3/dist-packages/oslo_config/cfg.py:2609
2025-06-05 01:53:49.787 71647 DEBUG oslo_service.service [-] database.db_max_retry_interval = 10 log_opt_values /usr/lib/python3/dist-packages/oslo_config/cfg.py:2609
2025-06-05 01:53:49.787 71647 DEBUG oslo_service.service [-] database.db_retry_interval = 1 log_opt_values /usr/lib/python3/dist-packages/oslo_config/cfg.py:2609
2025-06-05 01:53:49.787 71647 DEBUG oslo_service.service [-] database.max_overflow = 50 log_opt_values /usr/lib/python3/dist-packages/oslo_config/cfg.py:2609
2025-06-05 01:53:49.787 71647 DEBUG oslo_service.service [-] database.max_pool_size = 5 log_opt_values /usr/lib/python3/dist-packages/oslo_config/cfg.py:2609
2025-06-05 01:53:49.788 71647 DEBUG oslo_service.service [-] database.max_retries = 10 log_opt_values /usr/lib/python3/dist-packages/oslo_config/cfg.py:2609
2025-06-05 01:53:49.788 71647 DEBUG oslo_service.service [-] database.mysql_enable_ndb = False log_opt_values /usr/lib/python3/dist-packages/oslo_config/cfg.py:2609
2025-06-05 01:53:49.788 71647 DEBUG oslo_service.service [-] database.mysql_sql_mode = TRADITIONAL log_opt_values /usr/lib/python3/dist-packages/oslo_config/cfg.py:2609
2025-06-05 01:53:49.788 71647 DEBUG oslo_service.service [-] database.pool_timeout = None log_opt_values /usr/lib/python3/dist-packages/oslo_config/cfg.py:2609
2025-06-05 01:53:49.788 71647 DEBUG oslo_service.service [-] database.retry_interval = 10 log_opt_values /usr/lib/python3/dist-packages/oslo_config/cfg.py:2609
2025-06-05 01:53:49.788 71647 DEBUG oslo_service.service [-] database.slave_connection = **** log_opt_values /usr/lib/python3/dist-packages/oslo_config/cfg.py:2609
2025-06-05 01:53:49.788 71647 DEBUG oslo_service.service [-] database.sqlite_synchronous = True log_opt_values /usr/lib/python3/dist-packages/oslo_config/cfg.py:2609
2025-06-05 01:53:49.788 71647 DEBUG oslo_service.service [-] database.use_db_reconnect = False log_opt_values /usr/lib/python3/dist-packages/oslo_config/cfg.py:2609
2025-06-05 01:53:49.788 71647 DEBUG oslo_service.service [-] oslo_messaging_metrics.metrics_buffer_size = 1000 log_opt_values /usr/lib/python3/dist-packages/oslo_config/cfg.py:2609
2025-06-05 01:53:49.789 71647 DEBUG oslo_service.service [-] oslo_messaging_metrics.metrics_enabled = False log_opt_values /usr/lib/python3/dist-packages/oslo_config/cfg.py:2609
2025-06-05 01:53:49.789 71647 DEBUG oslo_service.service [-] oslo_messaging_metrics.metrics_process_name = log_opt_values /usr/lib/python3/dist-packages/oslo_config/cfg.py:2609
2025-06-05 01:53:49.790 71647 DEBUG oslo_service.service [-] oslo_messaging_metrics.metrics_socket_file = /var/tmp/metrics_collector.sock log_opt_values /usr/lib/python3/dist-packages/oslo_config/cfg.py:2609
2025-06-05 01:53:49.790 71647 DEBUG oslo_service.service [-] oslo_messaging_metrics.metrics_thread_stop_timeout = 10 log_opt_values /usr/lib/python3/dist-packages/oslo_config/cfg.py:2609
2025-06-05 01:53:49.790 71647 DEBUG oslo_service.service [-] oslo_policy.enforce_new_defaults = False log_opt_values /usr/lib/python3/dist-packages/oslo_config/cfg.py:2609
2025-06-05 01:53:49.790 71647 DEBUG oslo_service.service [-] oslo_policy.enforce_scope = False log_opt_values /usr/lib/python3/dist-packages/oslo_config/cfg.py:2609
2025-06-05 01:53:49.790 71647 DEBUG oslo_service.service [-] oslo_policy.policy_default_rule = default log_opt_values /usr/lib/python3/dist-packages/oslo_config/cfg.py:2609
2025-06-05 01:53:49.790 71647 DEBUG oslo_service.service [-] oslo_policy.policy_dirs = ['policy.d'] log_opt_values /usr/lib/python3/dist-packages/oslo_config/cfg.py:2609
2025-06-05 01:53:49.790 71647 DEBUG oslo_service.service [-] oslo_policy.policy_file = policy.yaml log_opt_values /usr/lib/python3/dist-packages/oslo_config/cfg.py:2609
2025-06-05 01:53:49.793 71647 DEBUG oslo_service.service [-] oslo_policy.remote_content_type = application/x-www-form-urlencoded log_opt_values /usr/lib/python3/dist-packages/oslo_config/cfg.py:2609
2025-06-05 01:53:49.793 71647 DEBUG oslo_service.service [-] oslo_policy.remote_ssl_ca_crt_file = None log_opt_values /usr/lib/python3/dist-packages/oslo_config/cfg.py:2609
2025-06-05 01:53:49.793 71647 DEBUG oslo_service.service [-] oslo_policy.remote_ssl_client_crt_file = None log_opt_values /usr/lib/python3/dist-packages/oslo_config/cfg.py:2609
2025-06-05 01:53:49.793 71647 DEBUG oslo_service.service [-] oslo_policy.remote_ssl_client_key_file = None log_opt_values /usr/lib/python3/dist-packages/oslo_config/cfg.py:2609
2025-06-05 01:53:49.794 71647 DEBUG oslo_service.service [-] oslo_policy.remote_ssl_verify_server_crt = False log_opt_values /usr/lib/python3/dist-packages/oslo_config/cfg.py:2609
2025-06-05 01:53:49.794 71647 DEBUG oslo_service.service [-] trustee.auth_section = None log_opt_values /usr/lib/python3/dist-packages/oslo_config/cfg.py:2609
2025-06-05 01:53:49.794 71647 WARNING oslo_config.cfg [-] Deprecated: Option "auth_plugin" from group "trustee" is deprecated. Use option "auth_type" from group "trustee".
2025-06-05 01:53:49.794 71647 DEBUG oslo_service.service [-] trustee.auth_type = password log_opt_values /usr/lib/python3/dist-packages/oslo_config/cfg.py:2609
2025-06-05 01:53:49.795 71647 DEBUG oslo_service.service [-] oslo_versionedobjects.fatal_exception_format_errors = False log_opt_values /usr/lib/python3/dist-packages/oslo_config/cfg.py:2609
2025-06-05 01:53:49.795 71647 DEBUG oslo_service.service [-] oslo_messaging_rabbit.amqp_auto_delete = False log_opt_values /usr/lib/python3/dist-packages/oslo_config/cfg.py:2609
2025-06-05 01:53:49.795 71647 DEBUG oslo_service.service [-] oslo_messaging_rabbit.amqp_durable_queues = False log_opt_values /usr/lib/python3/dist-packages/oslo_config/cfg.py:2609
2025-06-05 01:53:49.795 71647 DEBUG oslo_service.service [-] oslo_messaging_rabbit.conn_pool_min_size = 2 log_opt_values /usr/lib/python3/dist-packages/oslo_config/cfg.py:2609
2025-06-05 01:53:49.795 71647 DEBUG oslo_service.service [-] oslo_messaging_rabbit.conn_pool_ttl = 1200 log_opt_values /usr/lib/python3/dist-packages/oslo_config/cfg.py:2609
2025-06-05 01:53:49.796 71647 DEBUG oslo_service.service [-] oslo_messaging_rabbit.direct_mandatory_flag = True log_opt_values /usr/lib/python3/dist-packages/oslo_config/cfg.py:2609
2025-06-05 01:53:49.796 71647 DEBUG oslo_service.service [-] oslo_messaging_rabbit.enable_cancel_on_failover = False log_opt_values /usr/lib/python3/dist-packages/oslo_config/cfg.py:2609
2025-06-05 01:53:49.796 71647 DEBUG oslo_service.service [-] oslo_messaging_rabbit.heartbeat_in_pthread = False log_opt_values /usr/lib/python3/dist-packages/oslo_config/cfg.py:2609
2025-06-05 01:53:49.796 71647 DEBUG oslo_service.service [-] oslo_messaging_rabbit.heartbeat_rate = 2 log_opt_values /usr/lib/python3/dist-packages/oslo_config/cfg.py:2609
2025-06-05 01:53:49.796 71647 DEBUG oslo_service.service [-] oslo_messaging_rabbit.heartbeat_timeout_threshold = 60 log_opt_values /usr/lib/python3/dist-packages/oslo_config/cfg.py:2609
2025-06-05 01:53:49.797 71647 DEBUG oslo_service.service [-] oslo_messaging_rabbit.kombu_compression = None log_opt_values /usr/lib/python3/dist-packages/oslo_config/cfg.py:2609
2025-06-05 01:53:49.797 71647 DEBUG oslo_service.service [-] oslo_messaging_rabbit.kombu_failover_strategy = round-robin log_opt_values /usr/lib/python3/dist-packages/oslo_config/cfg.py:2609
2025-06-05 01:53:49.798 71647 DEBUG oslo_service.service [-] oslo_messaging_rabbit.kombu_missing_consumer_retry_timeout = 60 log_opt_values /usr/lib/python3/dist-packages/oslo_config/cfg.py:2609
2025-06-05 01:53:49.798 71647 DEBUG oslo_service.service [-] oslo_messaging_rabbit.kombu_reconnect_delay = 1.0 log_opt_values /usr/lib/python3/dist-packages/oslo_config/cfg.py:2609
2025-06-05 01:53:49.798 71647 DEBUG oslo_service.service [-] oslo_messaging_rabbit.rabbit_ha_queues = False log_opt_values /usr/lib/python3/dist-packages/oslo_config/cfg.py:2609
2025-06-05 01:53:49.798 71647 DEBUG oslo_service.service [-] oslo_messaging_rabbit.rabbit_interval_max = 30 log_opt_values /usr/lib/python3/dist-packages/oslo_config/cfg.py:2609
2025-06-05 01:53:49.799 71647 DEBUG oslo_service.service [-] oslo_messaging_rabbit.rabbit_login_method = AMQPLAIN log_opt_values /usr/lib/python3/dist-packages/oslo_config/cfg.py:2609
2025-06-05 01:53:49.799 71647 DEBUG oslo_service.service [-] oslo_messaging_rabbit.rabbit_qos_prefetch_count = 0 log_opt_values /usr/lib/python3/dist-packages/oslo_config/cfg.py:2609
2025-06-05 01:53:49.800 71647 DEBUG oslo_service.service [-] oslo_messaging_rabbit.rabbit_quorum_queue = False log_opt_values /usr/lib/python3/dist-packages/oslo_config/cfg.py:2609
2025-06-05 01:53:49.800 71647 DEBUG oslo_service.service [-] oslo_messaging_rabbit.rabbit_retry_backoff = 2 log_opt_values /usr/lib/python3/dist-packages/oslo_config/cfg.py:2609
2025-06-05 01:53:49.800 71647 DEBUG oslo_service.service [-] oslo_messaging_rabbit.rabbit_retry_interval = 1 log_opt_values /usr/lib/python3/dist-packages/oslo_config/cfg.py:2609
2025-06-05 01:53:49.801 71647 DEBUG oslo_service.service [-] oslo_messaging_rabbit.rabbit_transient_queues_ttl = 1800 log_opt_values /usr/lib/python3/dist-packages/oslo_config/cfg.py:2609
2025-06-05 01:53:49.802 71647 DEBUG oslo_service.service [-] oslo_messaging_rabbit.rpc_conn_pool_size = 30 log_opt_values /usr/lib/python3/dist-packages/oslo_config/cfg.py:2609
2025-06-05 01:53:49.802 71647 DEBUG oslo_service.service [-] oslo_messaging_rabbit.ssl = False log_opt_values /usr/lib/python3/dist-packages/oslo_config/cfg.py:2609
2025-06-05 01:53:49.802 71647 DEBUG oslo_service.service [-] oslo_messaging_rabbit.ssl_ca_file = log_opt_values /usr/lib/python3/dist-packages/oslo_config/cfg.py:2609
2025-06-05 01:53:49.802 71647 DEBUG oslo_service.service [-] oslo_messaging_rabbit.ssl_cert_file = log_opt_values /usr/lib/python3/dist-packages/oslo_config/cfg.py:2609
2025-06-05 01:53:49.803 71647 DEBUG oslo_service.service [-] oslo_messaging_rabbit.ssl_key_file = log_opt_values /usr/lib/python3/dist-packages/oslo_config/cfg.py:2609
2025-06-05 01:53:49.803 71647 DEBUG oslo_service.service [-] oslo_messaging_rabbit.ssl_version = log_opt_values /usr/lib/python3/dist-packages/oslo_config/cfg.py:2609
2025-06-05 01:53:49.803 71647 DEBUG oslo_service.service [-] oslo_messaging_notifications.driver = [] log_opt_values /usr/lib/python3/dist-packages/oslo_config/cfg.py:2609
2025-06-05 01:53:49.803 71647 DEBUG oslo_service.service [-] oslo_messaging_notifications.retry = -1 log_opt_values /usr/lib/python3/dist-packages/oslo_config/cfg.py:2609
2025-06-05 01:53:49.803 71647 DEBUG oslo_service.service [-] oslo_messaging_notifications.topics = ['notifications'] log_opt_values /usr/lib/python3/dist-packages/oslo_config/cfg.py:2609
2025-06-05 01:53:49.804 71647 DEBUG oslo_service.service [-] oslo_messaging_notifications.transport_url = **** log_opt_values /usr/lib/python3/dist-packages/oslo_config/cfg.py:2609
2025-06-05 01:53:49.804 71647 DEBUG oslo_service.service [-] cache.backend = dogpile.cache.null log_opt_values /usr/lib/python3/dist-packages/oslo_config/cfg.py:2609
2025-06-05 01:53:49.804 71647 DEBUG oslo_service.service [-] cache.backend_argument = **** log_opt_values /usr/lib/python3/dist-packages/oslo_config/cfg.py:2609
2025-06-05 01:53:49.804 71647 DEBUG oslo_service.service [-] cache.config_prefix = cache.oslo log_opt_values /usr/lib/python3/dist-packages/oslo_config/cfg.py:2609
2025-06-05 01:53:49.804 71647 DEBUG oslo_service.service [-] cache.debug_cache_backend = False log_opt_values /usr/lib/python3/dist-packages/oslo_config/cfg.py:2609
2025-06-05 01:53:49.805 71647 DEBUG oslo_service.service [-] cache.enabled = False log_opt_values /usr/lib/python3/dist-packages/oslo_config/cfg.py:2609
2025-06-05 01:53:49.805 71647 DEBUG oslo_service.service [-] cache.expiration_time = 600 log_opt_values /usr/lib/python3/dist-packages/oslo_config/cfg.py:2609
2025-06-05 01:53:49.805 71647 DEBUG oslo_service.service [-] cache.memcache_dead_retry = 300 log_opt_values /usr/lib/python3/dist-packages/oslo_config/cfg.py:2609
2025-06-05 01:53:49.806 71647 DEBUG oslo_service.service [-] cache.memcache_pool_connection_get_timeout = 10 log_opt_values /usr/lib/python3/dist-packages/oslo_config/cfg.py:2609
2025-06-05 01:53:49.806 71647 DEBUG oslo_service.service [-] cache.memcache_pool_flush_on_reconnect = False log_opt_values /usr/lib/python3/dist-packages/oslo_config/cfg.py:2609
2025-06-05 01:53:49.806 71647 DEBUG oslo_service.service [-] cache.memcache_pool_maxsize = 10 log_opt_values /usr/lib/python3/dist-packages/oslo_config/cfg.py:2609
2025-06-05 01:53:49.806 71647 DEBUG oslo_service.service [-] cache.memcache_pool_unused_timeout = 60 log_opt_values /usr/lib/python3/dist-packages/oslo_config/cfg.py:2609
2025-06-05 01:53:49.806 71647 DEBUG oslo_service.service [-] cache.memcache_servers = ['localhost:11211'] log_opt_values /usr/lib/python3/dist-packages/oslo_config/cfg.py:2609
2025-06-05 01:53:49.807 71647 DEBUG oslo_service.service [-] cache.memcache_socket_timeout = 1.0 log_opt_values /usr/lib/python3/dist-packages/oslo_config/cfg.py:2609
2025-06-05 01:53:49.807 71647 DEBUG oslo_service.service [-] cache.proxies = [] log_opt_values /usr/lib/python3/dist-packages/oslo_config/cfg.py:2609
2025-06-05 01:53:49.807 71647 DEBUG oslo_service.service [-] cache.tls_allowed_ciphers = None log_opt_values /usr/lib/python3/dist-packages/oslo_config/cfg.py:2609
2025-06-05 01:53:49.807 71647 DEBUG oslo_service.service [-] cache.tls_cafile = None log_opt_values /usr/lib/python3/dist-packages/oslo_config/cfg.py:2609
2025-06-05 01:53:49.807 71647 DEBUG oslo_service.service [-] cache.tls_certfile = None log_opt_values /usr/lib/python3/dist-packages/oslo_config/cfg.py:2609
2025-06-05 01:53:49.808 71647 DEBUG oslo_service.service [-] cache.tls_enabled = False log_opt_values /usr/lib/python3/dist-packages/oslo_config/cfg.py:2609
2025-06-05 01:53:49.808 71647 DEBUG oslo_service.service [-] cache.tls_keyfile = None log_opt_values /usr/lib/python3/dist-packages/oslo_config/cfg.py:2609
2025-06-05 01:53:49.808 71647 DEBUG oslo_service.service [-] constraint_validation_cache.caching = True log_opt_values /usr/lib/python3/dist-packages/oslo_config/cfg.py:2609
2025-06-05 01:53:49.808 71647 DEBUG oslo_service.service [-] constraint_validation_cache.expiration_time = 60 log_opt_values /usr/lib/python3/dist-packages/oslo_config/cfg.py:2609
2025-06-05 01:53:49.809 71647 DEBUG oslo_service.service [-] service_extension_cache.caching = True log_opt_values /usr/lib/python3/dist-packages/oslo_config/cfg.py:2609
2025-06-05 01:53:49.809 71647 DEBUG oslo_service.service [-] service_extension_cache.expiration_time = 3600 log_opt_values /usr/lib/python3/dist-packages/oslo_config/cfg.py:2609
2025-06-05 01:53:49.809 71647 DEBUG oslo_service.service [-] resource_finder_cache.caching = True log_opt_values /usr/lib/python3/dist-packages/oslo_config/cfg.py:2609
2025-06-05 01:53:49.811 71647 DEBUG oslo_service.service [-] resource_finder_cache.expiration_time = 3600 log_opt_values /usr/lib/python3/dist-packages/oslo_config/cfg.py:2609
2025-06-05 01:53:49.811 71647 DEBUG oslo_service.service [-] yaql.limit_iterators = 200 log_opt_values /usr/lib/python3/dist-packages/oslo_config/cfg.py:2609
2025-06-05 01:53:49.812 71647 DEBUG oslo_service.service [-] yaql.memory_quota = 10000 log_opt_values /usr/lib/python3/dist-packages/oslo_config/cfg.py:2609
2025-06-05 01:53:49.812 71647 DEBUG oslo_service.service [-] ******************************************************************************** log_opt_values /usr/lib/python3/dist-packages/oslo_config/cfg.py:2613
2025-06-05 01:53:49.814 71885 INFO heat.engine.worker [-] Starting engine_worker (1.4) in engine 96761ca9-2f17-4bf8-9a67-9624ca35f31a.
2025-06-05 01:53:49.857 71882 DEBUG oslo_db.sqlalchemy.engines [req-6ea157d9-c388-4890-a31a-081ef05112d4 - - - - -] MySQL server mode set to STRICT_TRANS_TABLES,STRICT_ALL_TABLES,NO_ZERO_IN_DATE,NO_ZERO_DATE,ERROR_FOR_DIVISION_BY_ZERO,TRADITIONAL,NO_ENGINE_SUBSTITUTION _check_effective_sql_mode /usr/lib/python3/dist-packages/oslo_db/sqlalchemy/engines.py:314
2025-06-05 01:53:49.858 71884 DEBUG oslo_db.sqlalchemy.engines [req-4ff26778-172f-497e-a9d9-82bb64c4e72a - - - - -] MySQL server mode set to STRICT_TRANS_TABLES,STRICT_ALL_TABLES,NO_ZERO_IN_DATE,NO_ZERO_DATE,ERROR_FOR_DIVISION_BY_ZERO,TRADITIONAL,NO_ENGINE_SUBSTITUTION _check_effective_sql_mode /usr/lib/python3/dist-packages/oslo_db/sqlalchemy/engines.py:314
2025-06-05 01:53:49.880 71883 DEBUG oslo_db.sqlalchemy.engines [req-e6736d10-6af0-4317-9512-2f5d2a5a603c - - - - -] MySQL server mode set to STRICT_TRANS_TABLES,STRICT_ALL_TABLES,NO_ZERO_IN_DATE,NO_ZERO_DATE,ERROR_FOR_DIVISION_BY_ZERO,TRADITIONAL,NO_ENGINE_SUBSTITUTION _check_effective_sql_mode /usr/lib/python3/dist-packages/oslo_db/sqlalchemy/engines.py:314
2025-06-05 01:53:49.908 71885 DEBUG oslo_db.sqlalchemy.engines [req-4fd21b64-1f6e-4e7d-acc9-c26e12238e68 - - - - -] MySQL server mode set to STRICT_TRANS_TABLES,STRICT_ALL_TABLES,NO_ZERO_IN_DATE,NO_ZERO_DATE,ERROR_FOR_DIVISION_BY_ZERO,TRADITIONAL,NO_ENGINE_SUBSTITUTION _check_effective_sql_mode /usr/lib/python3/dist-packages/oslo_db/sqlalchemy/engines.py:314
2025-06-05 01:53:49.953 71882 DEBUG heat.engine.service [req-e0887e9d-1739-4b20-9da2-f7b7844eaeac - - - - -] Service 72767697-ff60-4c2c-9481-41d89aa3664f is started service_manage_report /usr/lib/python3/dist-packages/heat/engine/service.py:2363
2025-06-05 01:53:49.984 71884 DEBUG heat.engine.service [req-65d25cc8-cb59-41c3-92cc-146d6cd9c5c3 - - - - -] Service 16d91828-7b2f-4a41-92b3-bb014a2d7fe2 is started service_manage_report /usr/lib/python3/dist-packages/heat/engine/service.py:2363
2025-06-05 01:53:49.989 71882 DEBUG heat.engine.service [req-e0887e9d-1739-4b20-9da2-f7b7844eaeac - - - - -] Service 72767697-ff60-4c2c-9481-41d89aa3664f is updated service_manage_report /usr/lib/python3/dist-packages/heat/engine/service.py:2370
2025-06-05 01:53:50.012 71884 DEBUG heat.engine.service [req-65d25cc8-cb59-41c3-92cc-146d6cd9c5c3 - - - - -] Service 16d91828-7b2f-4a41-92b3-bb014a2d7fe2 is updated service_manage_report /usr/lib/python3/dist-packages/heat/engine/service.py:2370
2025-06-05 01:53:50.020 71885 DEBUG heat.engine.service [req-765d2e01-d7e3-464c-bec3-1f4aa05e96a0 - - - - -] Service f7f24a14-9b49-46db-ae29-493f6051f304 is started service_manage_report /usr/lib/python3/dist-packages/heat/engine/service.py:2363
2025-06-05 01:53:50.030 71883 DEBUG heat.engine.service [req-2a870be1-951a-4784-abf3-2515519c196a - - - - -] Service c514ff58-a207-4a1c-a215-a4c0b4e73861 is started service_manage_report /usr/lib/python3/dist-packages/heat/engine/service.py:2363
2025-06-05 01:53:50.050 71885 DEBUG heat.engine.service [req-765d2e01-d7e3-464c-bec3-1f4aa05e96a0 - - - - -] Service f7f24a14-9b49-46db-ae29-493f6051f304 is updated service_manage_report /usr/lib/python3/dist-packages/heat/engine/service.py:2370
2025-06-05 01:53:50.051 71883 DEBUG heat.engine.service [req-2a870be1-951a-4784-abf3-2515519c196a - - - - -] Service c514ff58-a207-4a1c-a215-a4c0b4e73861 is updated service_manage_report /usr/lib/python3/dist-packages/heat/engine/service.py:2370
2025-06-05 01:54:49.958 71882 DEBUG heat.engine.service [req-3ddec004-b57f-486d-b95d-0b9af640efd9 - - - - -] Service 72767697-ff60-4c2c-9481-41d89aa3664f is updated service_manage_report /usr/lib/python3/dist-packages/heat/engine/service.py:2370
2025-06-05 01:54:49.964 71884 DEBUG heat.engine.service [req-4e0c85b7-6358-4632-9059-a0987928a8a7 - - - - -] Service 16d91828-7b2f-4a41-92b3-bb014a2d7fe2 is updated service_manage_report /usr/lib/python3/dist-packages/heat/engine/service.py:2370
2025-06-05 01:54:50.000 71883 DEBUG heat.engine.service [req-8258252a-1eec-41ce-ad53-d441f6064aa0 - - - - -] Service c514ff58-a207-4a1c-a215-a4c0b4e73861 is updated service_manage_report /usr/lib/python3/dist-packages/heat/engine/service.py:2370
2025-06-05 01:54:50.011 71885 DEBUG heat.engine.service [req-224cb587-235a-4764-b44a-788623ace30d - - - - -] Service f7f24a14-9b49-46db-ae29-493f6051f304 is updated service_manage_report /usr/lib/python3/dist-packages/heat/engine/service.py:2370
2025-06-05 01:55:49.943 71882 DEBUG heat.engine.service [req-55b32bcf-53c4-4f6f-9bc5-7b923b5d9305 - - - - -] Service 72767697-ff60-4c2c-9481-41d89aa3664f is updated service_manage_report /usr/lib/python3/dist-packages/heat/engine/service.py:2370
2025-06-05 01:55:49.959 71884 DEBUG heat.engine.service [req-831bc22f-43cb-40e8-9b45-f2674ba8dccc - - - - -] Service 16d91828-7b2f-4a41-92b3-bb014a2d7fe2 is updated service_manage_report /usr/lib/python3/dist-packages/heat/engine/service.py:2370
2025-06-05 01:55:49.997 71883 DEBUG heat.engine.service [req-b4a93658-ba9b-4d4e-9166-d86773af24b0 - - - - -] Service c514ff58-a207-4a1c-a215-a4c0b4e73861 is updated service_manage_report /usr/lib/python3/dist-packages/heat/engine/service.py:2370
2025-06-05 01:55:50.006 71885 DEBUG heat.engine.service [req-7351d73c-8b6d-487e-b8dd-c358103745a2 - - - - -] Service f7f24a14-9b49-46db-ae29-493f6051f304 is updated service_manage_report /usr/lib/python3/dist-packages/heat/engine/service.py:2370
2025-06-05 01:56:49.949 71882 DEBUG heat.engine.service [req-a4d758a4-3cfd-4e70-a66e-18b43d1b1d65 - - - - -] Service 72767697-ff60-4c2c-9481-41d89aa3664f is updated service_manage_report /usr/lib/python3/dist-packages/heat/engine/service.py:2370
2025-06-05 01:56:50.069 71884 DEBUG heat.engine.service [req-aaed8bcb-ecec-49a1-a929-c4813c0bbd82 - - - - -] Service 16d91828-7b2f-4a41-92b3-bb014a2d7fe2 is updated service_manage_report /usr/lib/python3/dist-packages/heat/engine/service.py:2370
2025-06-05 01:56:50.192 71883 DEBUG heat.engine.service [req-731c82a7-6a71-4151-8fcb-8bc5b32976d2 - - - - -] Service c514ff58-a207-4a1c-a215-a4c0b4e73861 is updated service_manage_report /usr/lib/python3/dist-packages/heat/engine/service.py:2370
2025-06-05 01:56:50.219 71885 DEBUG heat.engine.service [req-04b1670f-95d8-4e71-8a38-7e8b94935ecf - - - - -] Service f7f24a14-9b49-46db-ae29-493f6051f304 is updated service_manage_report /usr/lib/python3/dist-packages/heat/engine/service.py:2370
2025-06-05 01:57:49.958 71882 DEBUG heat.engine.service [req-21d85ece-4c2b-4d73-8f22-08bf01fb7915 - - - - -] Service 72767697-ff60-4c2c-9481-41d89aa3664f is updated service_manage_report /usr/lib/python3/dist-packages/heat/engine/service.py:2370
2025-06-05 01:57:49.967 71884 DEBUG heat.engine.service [req-e8652a2d-f710-4d9e-81e1-8ab4208ee564 - - - - -] Service 16d91828-7b2f-4a41-92b3-bb014a2d7fe2 is updated service_manage_report /usr/lib/python3/dist-packages/heat/engine/service.py:2370
2025-06-05 01:57:50.006 71883 DEBUG heat.engine.service [req-2d88016c-c2ce-44a4-9486-0395beab2216 - - - - -] Service c514ff58-a207-4a1c-a215-a4c0b4e73861 is updated service_manage_report /usr/lib/python3/dist-packages/heat/engine/service.py:2370
2025-06-05 01:57:50.022 71885 DEBUG heat.engine.service [req-451af5f9-aa74-4942-8f71-880f316a2b3b - - - - -] Service f7f24a14-9b49-46db-ae29-493f6051f304 is updated service_manage_report /usr/lib/python3/dist-packages/heat/engine/service.py:2370
2025-06-05 01:58:49.944 71882 DEBUG heat.engine.service [req-628c8299-84b0-41cd-b354-02e2541b3e5f - - - - -] Service 72767697-ff60-4c2c-9481-41d89aa3664f is updated service_manage_report /usr/lib/python3/dist-packages/heat/engine/service.py:2370
2025-06-05 01:58:49.971 71884 DEBUG heat.engine.service [req-219527c7-e42b-428a-b5c7-b770b5f4ad40 - - - - -] Service 16d91828-7b2f-4a41-92b3-bb014a2d7fe2 is updated service_manage_report /usr/lib/python3/dist-packages/heat/engine/service.py:2370
2025-06-05 01:58:50.044 71883 DEBUG heat.engine.service [req-fc75b1b5-951a-44f3-8c96-232ee927dae5 - - - - -] Service c514ff58-a207-4a1c-a215-a4c0b4e73861 is updated service_manage_report /usr/lib/python3/dist-packages/heat/engine/service.py:2370
2025-06-05 01:58:50.046 71885 DEBUG heat.engine.service [req-5f1a9499-4404-44c0-a0b6-263f71ed119e - - - - -] Service f7f24a14-9b49-46db-ae29-493f6051f304 is updated service_manage_report /usr/lib/python3/dist-packages/heat/engine/service.py:2370
2025-06-05 01:59:50.038 71882 DEBUG heat.engine.service [req-7183e284-8043-4020-8b7a-6950fc98a311 - - - - -] Service 72767697-ff60-4c2c-9481-41d89aa3664f is updated service_manage_report /usr/lib/python3/dist-packages/heat/engine/service.py:2370
2025-06-05 01:59:50.045 71885 DEBUG heat.engine.service [req-a2ed8176-7e90-4a6a-9ef2-f507e73dd5fa - - - - -] Service f7f24a14-9b49-46db-ae29-493f6051f304 is updated service_manage_report /usr/lib/python3/dist-packages/heat/engine/service.py:2370
2025-06-05 01:59:50.045 71883 DEBUG heat.engine.service [req-72f140d5-3b3f-4512-bab4-da84035cdd5e - - - - -] Service c514ff58-a207-4a1c-a215-a4c0b4e73861 is updated service_manage_report /usr/lib/python3/dist-packages/heat/engine/service.py:2370
2025-06-05 01:59:50.045 71884 DEBUG heat.engine.service [req-b6fdcbe4-d3cb-41b2-9a76-599938d8e652 - - - - -] Service 16d91828-7b2f-4a41-92b3-bb014a2d7fe2 is updated service_manage_report /usr/lib/python3/dist-packages/heat/engine/service.py:2370
2025-06-05 02:00:49.944 71882 DEBUG heat.engine.service [req-b1b7b9dd-0942-4727-98ec-f057fcd4869a - - - - -] Service 72767697-ff60-4c2c-9481-41d89aa3664f is updated service_manage_report /usr/lib/python3/dist-packages/heat/engine/service.py:2370
2025-06-05 02:00:49.984 71884 DEBUG heat.engine.service [req-e6b613ea-e78e-4de8-aa2b-b5e239ce6762 - - - - -] Service 16d91828-7b2f-4a41-92b3-bb014a2d7fe2 is updated service_manage_report /usr/lib/python3/dist-packages/heat/engine/service.py:2370
2025-06-05 02:00:49.999 71883 DEBUG heat.engine.service [req-a2b5b332-b531-4867-869f-30c8dadc1a3c - - - - -] Service c514ff58-a207-4a1c-a215-a4c0b4e73861 is updated service_manage_report /usr/lib/python3/dist-packages/heat/engine/service.py:2370
2025-06-05 02:00:50.014 71885 DEBUG heat.engine.service [req-cdb25bb6-34f9-42b8-8039-f7c9f30b473d - - - - -] Service f7f24a14-9b49-46db-ae29-493f6051f304 is updated service_manage_report /usr/lib/python3/dist-packages/heat/engine/service.py:2370
2025-06-05 02:01:49.946 71882 DEBUG heat.engine.service [req-ac98397a-aecf-43b0-87f9-8b5cb10ca318 - - - - -] Service 72767697-ff60-4c2c-9481-41d89aa3664f is updated service_manage_report /usr/lib/python3/dist-packages/heat/engine/service.py:2370
2025-06-05 02:01:50.088 71884 DEBUG heat.engine.service [req-d777f64a-5557-4516-9dc7-5f9f50fce46d - - - - -] Service 16d91828-7b2f-4a41-92b3-bb014a2d7fe2 is updated service_manage_report /usr/lib/python3/dist-packages/heat/engine/service.py:2370
2025-06-05 02:01:50.098 71885 DEBUG heat.engine.service [req-425e9fe9-a391-4a64-91fd-6b3c3c23a890 - - - - -] Service f7f24a14-9b49-46db-ae29-493f6051f304 is updated service_manage_report /usr/lib/python3/dist-packages/heat/engine/service.py:2370
2025-06-05 02:01:50.098 71883 DEBUG heat.engine.service [req-ff046d4b-8b27-487a-b0bb-351c7b6d7461 - - - - -] Service c514ff58-a207-4a1c-a215-a4c0b4e73861 is updated service_manage_report /usr/lib/python3/dist-packages/heat/engine/service.py:2370
2025-06-05 02:02:49.946 71882 DEBUG heat.engine.service [req-3bd30c10-ebd8-4318-b328-5559e5e9de57 - - - - -] Service 72767697-ff60-4c2c-9481-41d89aa3664f is updated service_manage_report /usr/lib/python3/dist-packages/heat/engine/service.py:2370
2025-06-05 02:02:49.994 71884 DEBUG heat.engine.service [req-32e995ee-c07e-4db4-8d00-528945418e70 - - - - -] Service 16d91828-7b2f-4a41-92b3-bb014a2d7fe2 is updated service_manage_report /usr/lib/python3/dist-packages/heat/engine/service.py:2370
2025-06-05 02:02:50.007 71883 DEBUG heat.engine.service [req-5724c6cd-4b5f-4e9a-bbf3-195b58188e48 - - - - -] Service c514ff58-a207-4a1c-a215-a4c0b4e73861 is updated service_manage_report /usr/lib/python3/dist-packages/heat/engine/service.py:2370
2025-06-05 02:02:50.033 71885 DEBUG heat.engine.service [req-07d3ce46-4f6f-4af2-bb02-50ad72ea6ce8 - - - - -] Service f7f24a14-9b49-46db-ae29-493f6051f304 is updated service_manage_report /usr/lib/python3/dist-packages/heat/engine/service.py:2370
2025-06-05 02:03:49.941 71882 DEBUG heat.engine.service [req-1a2a3376-fe22-4642-99c5-a575d7dca5d9 - - - - -] Service 72767697-ff60-4c2c-9481-41d89aa3664f is updated service_manage_report /usr/lib/python3/dist-packages/heat/engine/service.py:2370
2025-06-05 02:03:49.982 71884 DEBUG heat.engine.service [req-75b66d83-4307-42ee-851a-375655e42b20 - - - - -] Service 16d91828-7b2f-4a41-92b3-bb014a2d7fe2 is updated service_manage_report /usr/lib/python3/dist-packages/heat/engine/service.py:2370
2025-06-05 02:03:50.002 71883 DEBUG heat.engine.service [req-23994d42-8917-49c2-b533-f03fdc58fc15 - - - - -] Service c514ff58-a207-4a1c-a215-a4c0b4e73861 is updated service_manage_report /usr/lib/python3/dist-packages/heat/engine/service.py:2370
2025-06-05 02:03:50.022 71885 DEBUG heat.engine.service [req-35e0e143-a26f-43b6-b54b-453388944636 - - - - -] Service f7f24a14-9b49-46db-ae29-493f6051f304 is updated service_manage_report /usr/lib/python3/dist-packages/heat/engine/service.py:2370
2025-06-05 02:04:49.949 71882 DEBUG heat.engine.service [req-9cceb89f-b780-449d-9e6e-d5befa16ba35 - - - - -] Service 72767697-ff60-4c2c-9481-41d89aa3664f is updated service_manage_report /usr/lib/python3/dist-packages/heat/engine/service.py:2370
2025-06-05 02:04:49.979 71884 DEBUG heat.engine.service [req-fae65664-b73b-46fb-87d3-00afdffdc893 - - - - -] Service 16d91828-7b2f-4a41-92b3-bb014a2d7fe2 is updated service_manage_report /usr/lib/python3/dist-packages/heat/engine/service.py:2370
2025-06-05 02:04:50.013 71883 DEBUG heat.engine.service [req-c01ff674-229d-411a-9d10-3b65543fad77 - - - - -] Service c514ff58-a207-4a1c-a215-a4c0b4e73861 is updated service_manage_report /usr/lib/python3/dist-packages/heat/engine/service.py:2370
2025-06-05 02:04:50.025 71885 DEBUG heat.engine.service [req-cc904bcc-5b2b-45c5-a29f-e7d55f7bbe12 - - - - -] Service f7f24a14-9b49-46db-ae29-493f6051f304 is updated service_manage_report /usr/lib/python3/dist-packages/heat/engine/service.py:2370
2025-06-05 02:05:49.946 71882 DEBUG heat.engine.service [req-2a9856af-fbc1-4f3e-8baf-ea151f6afed0 - - - - -] Service 72767697-ff60-4c2c-9481-41d89aa3664f is updated service_manage_report /usr/lib/python3/dist-packages/heat/engine/service.py:2370
2025-06-05 02:05:49.980 71884 DEBUG heat.engine.service [req-7eefba40-77eb-4718-b2f4-af89e16f582b - - - - -] Service 16d91828-7b2f-4a41-92b3-bb014a2d7fe2 is updated service_manage_report /usr/lib/python3/dist-packages/heat/engine/service.py:2370
2025-06-05 02:05:50.015 71883 DEBUG heat.engine.service [req-87b01855-2fe0-4660-800d-2653564f8e1f - - - - -] Service c514ff58-a207-4a1c-a215-a4c0b4e73861 is updated service_manage_report /usr/lib/python3/dist-packages/heat/engine/service.py:2370
2025-06-05 02:05:50.025 71885 DEBUG heat.engine.service [req-5c1c59ea-f50e-4d0d-ae91-ec3347a5d6ea - - - - -] Service f7f24a14-9b49-46db-ae29-493f6051f304 is updated service_manage_report /usr/lib/python3/dist-packages/heat/engine/service.py:2370
2025-06-05 02:06:49.939 71882 DEBUG heat.engine.service [req-c1c52c60-0028-46a1-97da-e3b288cd90b2 - - - - -] Service 72767697-ff60-4c2c-9481-41d89aa3664f is updated service_manage_report /usr/lib/python3/dist-packages/heat/engine/service.py:2370
2025-06-05 02:06:49.976 71884 DEBUG heat.engine.service [req-2a14ba91-57c1-4d2a-89b5-b8e0fd9e1693 - - - - -] Service 16d91828-7b2f-4a41-92b3-bb014a2d7fe2 is updated service_manage_report /usr/lib/python3/dist-packages/heat/engine/service.py:2370
2025-06-05 02:06:50.013 71883 DEBUG heat.engine.service [req-59206415-302c-42bf-9e96-6320b6eeae58 - - - - -] Service c514ff58-a207-4a1c-a215-a4c0b4e73861 is updated service_manage_report /usr/lib/python3/dist-packages/heat/engine/service.py:2370
