2025-06-05 00:35:40.308 37228 DEBUG oslo_service.service [-] clients_barbican.key_file = None log_opt_values /usr/lib/python3/dist-packages/oslo_config/cfg.py:2609
2025-06-05 00:35:40.308 37228 DEBUG oslo_service.service [-] clients_cinder.ca_file = None log_opt_values /usr/lib/python3/dist-packages/oslo_config/cfg.py:2609
2025-06-05 00:35:40.308 37228 DEBUG oslo_service.service [-] clients_cinder.cert_file = None log_opt_values /usr/lib/python3/dist-packages/oslo_config/cfg.py:2609
2025-06-05 00:35:40.308 37228 DEBUG oslo_service.service [-] clients_cinder.endpoint_type = None log_opt_values /usr/lib/python3/dist-packages/oslo_config/cfg.py:2609
2025-06-05 00:35:40.309 37228 DEBUG oslo_service.service [-] clients_cinder.http_log_debug = False log_opt_values /usr/lib/python3/dist-packages/oslo_config/cfg.py:2609
2025-06-05 00:35:40.310 37228 DEBUG oslo_service.service [-] clients_cinder.insecure = None log_opt_values /usr/lib/python3/dist-packages/oslo_config/cfg.py:2609
2025-06-05 00:35:40.310 37228 DEBUG oslo_service.service [-] clients_cinder.key_file = None log_opt_values /usr/lib/python3/dist-packages/oslo_config/cfg.py:2609
2025-06-05 00:35:40.311 37228 DEBUG oslo_service.service [-] clients_designate.ca_file = None log_opt_values /usr/lib/python3/dist-packages/oslo_config/cfg.py:2609
2025-06-05 00:35:40.313 37228 DEBUG oslo_service.service [-] clients_designate.cert_file = None log_opt_values /usr/lib/python3/dist-packages/oslo_config/cfg.py:2609
2025-06-05 00:35:40.313 37228 DEBUG oslo_service.service [-] clients_designate.endpoint_type = None log_opt_values /usr/lib/python3/dist-packages/oslo_config/cfg.py:2609
2025-06-05 00:35:40.313 37228 DEBUG oslo_service.service [-] clients_designate.insecure = None log_opt_values /usr/lib/python3/dist-packages/oslo_config/cfg.py:2609
2025-06-05 00:35:40.313 37228 DEBUG oslo_service.service [-] clients_designate.key_file = None log_opt_values /usr/lib/python3/dist-packages/oslo_config/cfg.py:2609
2025-06-05 00:35:40.314 37228 DEBUG oslo_service.service [-] clients_glance.ca_file = None log_opt_values /usr/lib/python3/dist-packages/oslo_config/cfg.py:2609
2025-06-05 00:35:40.314 37228 DEBUG oslo_service.service [-] clients_glance.cert_file = None log_opt_values /usr/lib/python3/dist-packages/oslo_config/cfg.py:2609
2025-06-05 00:35:40.314 37451 INFO heat.engine.worker [-] Starting engine_worker (1.4) in engine 597a9e2f-6d00-410d-bf0a-5f44f518f1ac.
2025-06-05 00:35:40.314 37228 DEBUG oslo_service.service [-] clients_glance.endpoint_type = None log_opt_values /usr/lib/python3/dist-packages/oslo_config/cfg.py:2609
2025-06-05 00:35:40.314 37228 DEBUG oslo_service.service [-] clients_glance.insecure = None log_opt_values /usr/lib/python3/dist-packages/oslo_config/cfg.py:2609
2025-06-05 00:35:40.315 37228 DEBUG oslo_service.service [-] clients_glance.key_file = None log_opt_values /usr/lib/python3/dist-packages/oslo_config/cfg.py:2609
2025-06-05 00:35:40.316 37228 DEBUG oslo_service.service [-] clients_heat.ca_file = None log_opt_values /usr/lib/python3/dist-packages/oslo_config/cfg.py:2609
2025-06-05 00:35:40.316 37228 DEBUG oslo_service.service [-] clients_heat.cert_file = None log_opt_values /usr/lib/python3/dist-packages/oslo_config/cfg.py:2609
2025-06-05 00:35:40.316 37228 DEBUG oslo_service.service [-] clients_heat.endpoint_type = None log_opt_values /usr/lib/python3/dist-packages/oslo_config/cfg.py:2609
2025-06-05 00:35:40.317 37228 DEBUG oslo_service.service [-] clients_heat.insecure = None log_opt_values /usr/lib/python3/dist-packages/oslo_config/cfg.py:2609
2025-06-05 00:35:40.318 37228 DEBUG oslo_service.service [-] clients_heat.key_file = None log_opt_values /usr/lib/python3/dist-packages/oslo_config/cfg.py:2609
2025-06-05 00:35:40.318 37228 DEBUG oslo_service.service [-] clients_heat.url = log_opt_values /usr/lib/python3/dist-packages/oslo_config/cfg.py:2609
2025-06-05 00:35:40.319 37228 DEBUG oslo_service.service [-] clients_keystone.auth_uri = http://252.33.250.223:5050 log_opt_values /usr/lib/python3/dist-packages/oslo_config/cfg.py:2609
2025-06-05 00:35:40.319 37228 DEBUG oslo_service.service [-] clients_keystone.ca_file = None log_opt_values /usr/lib/python3/dist-packages/oslo_config/cfg.py:2609
2025-06-05 00:35:40.320 37228 DEBUG oslo_service.service [-] clients_keystone.cert_file = None log_opt_values /usr/lib/python3/dist-packages/oslo_config/cfg.py:2609
2025-06-05 00:35:40.320 37228 DEBUG oslo_service.service [-] clients_keystone.endpoint_type = None log_opt_values /usr/lib/python3/dist-packages/oslo_config/cfg.py:2609
2025-06-05 00:35:40.320 37228 DEBUG oslo_service.service [-] clients_keystone.insecure = None log_opt_values /usr/lib/python3/dist-packages/oslo_config/cfg.py:2609
2025-06-05 00:35:40.320 37228 DEBUG oslo_service.service [-] clients_keystone.key_file = None log_opt_values /usr/lib/python3/dist-packages/oslo_config/cfg.py:2609
2025-06-05 00:35:40.320 37228 DEBUG oslo_service.service [-] clients_magnum.ca_file = None log_opt_values /usr/lib/python3/dist-packages/oslo_config/cfg.py:2609
2025-06-05 00:35:40.320 37228 DEBUG oslo_service.service [-] clients_magnum.cert_file = None log_opt_values /usr/lib/python3/dist-packages/oslo_config/cfg.py:2609
2025-06-05 00:35:40.320 37228 DEBUG oslo_service.service [-] clients_magnum.endpoint_type = None log_opt_values /usr/lib/python3/dist-packages/oslo_config/cfg.py:2609
2025-06-05 00:35:40.320 37228 DEBUG oslo_service.service [-] clients_magnum.insecure = None log_opt_values /usr/lib/python3/dist-packages/oslo_config/cfg.py:2609
2025-06-05 00:35:40.321 37228 DEBUG oslo_service.service [-] clients_magnum.key_file = None log_opt_values /usr/lib/python3/dist-packages/oslo_config/cfg.py:2609
2025-06-05 00:35:40.320 37450 INFO heat.engine.worker [-] Starting engine_worker (1.4) in engine 09796789-bfa3-4e54-915b-ee9eda702073.
2025-06-05 00:35:40.321 37228 DEBUG oslo_service.service [-] clients_manila.ca_file = None log_opt_values /usr/lib/python3/dist-packages/oslo_config/cfg.py:2609
2025-06-05 00:35:40.322 37228 DEBUG oslo_service.service [-] clients_manila.cert_file = None log_opt_values /usr/lib/python3/dist-packages/oslo_config/cfg.py:2609
2025-06-05 00:35:40.323 37228 DEBUG oslo_service.service [-] clients_manila.endpoint_type = None log_opt_values /usr/lib/python3/dist-packages/oslo_config/cfg.py:2609
2025-06-05 00:35:40.323 37228 DEBUG oslo_service.service [-] clients_manila.insecure = None log_opt_values /usr/lib/python3/dist-packages/oslo_config/cfg.py:2609
2025-06-05 00:35:40.324 37228 DEBUG oslo_service.service [-] clients_manila.key_file = None log_opt_values /usr/lib/python3/dist-packages/oslo_config/cfg.py:2609
2025-06-05 00:35:40.324 37228 DEBUG oslo_service.service [-] clients_mistral.ca_file = None log_opt_values /usr/lib/python3/dist-packages/oslo_config/cfg.py:2609
2025-06-05 00:35:40.325 37228 DEBUG oslo_service.service [-] clients_mistral.cert_file = None log_opt_values /usr/lib/python3/dist-packages/oslo_config/cfg.py:2609
2025-06-05 00:35:40.326 37228 DEBUG oslo_service.service [-] clients_mistral.endpoint_type = None log_opt_values /usr/lib/python3/dist-packages/oslo_config/cfg.py:2609
2025-06-05 00:35:40.327 37228 DEBUG oslo_service.service [-] clients_mistral.insecure = None log_opt_values /usr/lib/python3/dist-packages/oslo_config/cfg.py:2609
2025-06-05 00:35:40.327 37228 DEBUG oslo_service.service [-] clients_mistral.key_file = None log_opt_values /usr/lib/python3/dist-packages/oslo_config/cfg.py:2609
2025-06-05 00:35:40.328 37228 DEBUG oslo_service.service [-] clients_monasca.ca_file = None log_opt_values /usr/lib/python3/dist-packages/oslo_config/cfg.py:2609
2025-06-05 00:35:40.328 37228 DEBUG oslo_service.service [-] clients_monasca.cert_file = None log_opt_values /usr/lib/python3/dist-packages/oslo_config/cfg.py:2609
2025-06-05 00:35:40.328 37228 DEBUG oslo_service.service [-] clients_monasca.endpoint_type = None log_opt_values /usr/lib/python3/dist-packages/oslo_config/cfg.py:2609
2025-06-05 00:35:40.328 37228 DEBUG oslo_service.service [-] clients_monasca.insecure = None log_opt_values /usr/lib/python3/dist-packages/oslo_config/cfg.py:2609
2025-06-05 00:35:40.329 37228 DEBUG oslo_service.service [-] clients_monasca.key_file = None log_opt_values /usr/lib/python3/dist-packages/oslo_config/cfg.py:2609
2025-06-05 00:35:40.330 37228 DEBUG oslo_service.service [-] clients_neutron.ca_file = None log_opt_values /usr/lib/python3/dist-packages/oslo_config/cfg.py:2609
2025-06-05 00:35:40.330 37228 DEBUG oslo_service.service [-] clients_neutron.cert_file = None log_opt_values /usr/lib/python3/dist-packages/oslo_config/cfg.py:2609
2025-06-05 00:35:40.330 37228 DEBUG oslo_service.service [-] clients_neutron.endpoint_type = None log_opt_values /usr/lib/python3/dist-packages/oslo_config/cfg.py:2609
2025-06-05 00:35:40.331 37228 DEBUG oslo_service.service [-] clients_neutron.insecure = None log_opt_values /usr/lib/python3/dist-packages/oslo_config/cfg.py:2609
2025-06-05 00:35:40.331 37228 DEBUG oslo_service.service [-] clients_neutron.key_file = None log_opt_values /usr/lib/python3/dist-packages/oslo_config/cfg.py:2609
2025-06-05 00:35:40.331 37228 DEBUG oslo_service.service [-] clients_nova.ca_file = None log_opt_values /usr/lib/python3/dist-packages/oslo_config/cfg.py:2609
2025-06-05 00:35:40.331 37228 DEBUG oslo_service.service [-] clients_nova.cert_file = None log_opt_values /usr/lib/python3/dist-packages/oslo_config/cfg.py:2609
2025-06-05 00:35:40.331 37228 DEBUG oslo_service.service [-] clients_nova.endpoint_type = None log_opt_values /usr/lib/python3/dist-packages/oslo_config/cfg.py:2609
2025-06-05 00:35:40.331 37228 DEBUG oslo_service.service [-] clients_nova.http_log_debug = False log_opt_values /usr/lib/python3/dist-packages/oslo_config/cfg.py:2609
2025-06-05 00:35:40.331 37228 DEBUG oslo_service.service [-] clients_nova.insecure = None log_opt_values /usr/lib/python3/dist-packages/oslo_config/cfg.py:2609
2025-06-05 00:35:40.331 37228 DEBUG oslo_service.service [-] clients_nova.key_file = None log_opt_values /usr/lib/python3/dist-packages/oslo_config/cfg.py:2609
2025-06-05 00:35:40.331 37228 DEBUG oslo_service.service [-] clients_octavia.ca_file = None log_opt_values /usr/lib/python3/dist-packages/oslo_config/cfg.py:2609
2025-06-05 00:35:40.331 37228 DEBUG oslo_service.service [-] clients_octavia.cert_file = None log_opt_values /usr/lib/python3/dist-packages/oslo_config/cfg.py:2609
2025-06-05 00:35:40.332 37228 DEBUG oslo_service.service [-] clients_octavia.endpoint_type = None log_opt_values /usr/lib/python3/dist-packages/oslo_config/cfg.py:2609
2025-06-05 00:35:40.332 37228 DEBUG oslo_service.service [-] clients_octavia.insecure = None log_opt_values /usr/lib/python3/dist-packages/oslo_config/cfg.py:2609
2025-06-05 00:35:40.332 37228 DEBUG oslo_service.service [-] clients_octavia.key_file = None log_opt_values /usr/lib/python3/dist-packages/oslo_config/cfg.py:2609
2025-06-05 00:35:40.332 37228 DEBUG oslo_service.service [-] clients_sahara.ca_file = None log_opt_values /usr/lib/python3/dist-packages/oslo_config/cfg.py:2609
2025-06-05 00:35:40.332 37228 DEBUG oslo_service.service [-] clients_sahara.cert_file = None log_opt_values /usr/lib/python3/dist-packages/oslo_config/cfg.py:2609
2025-06-05 00:35:40.333 37228 DEBUG oslo_service.service [-] clients_sahara.endpoint_type = None log_opt_values /usr/lib/python3/dist-packages/oslo_config/cfg.py:2609
2025-06-05 00:35:40.333 37228 DEBUG oslo_service.service [-] clients_sahara.insecure = None log_opt_values /usr/lib/python3/dist-packages/oslo_config/cfg.py:2609
2025-06-05 00:35:40.333 37228 DEBUG oslo_service.service [-] clients_sahara.key_file = None log_opt_values /usr/lib/python3/dist-packages/oslo_config/cfg.py:2609
2025-06-05 00:35:40.333 37228 DEBUG oslo_service.service [-] clients_senlin.ca_file = None log_opt_values /usr/lib/python3/dist-packages/oslo_config/cfg.py:2609
2025-06-05 00:35:40.333 37228 DEBUG oslo_service.service [-] clients_senlin.cert_file = None log_opt_values /usr/lib/python3/dist-packages/oslo_config/cfg.py:2609
2025-06-05 00:35:40.333 37228 DEBUG oslo_service.service [-] clients_senlin.endpoint_type = None log_opt_values /usr/lib/python3/dist-packages/oslo_config/cfg.py:2609
2025-06-05 00:35:40.334 37228 DEBUG oslo_service.service [-] clients_senlin.insecure = None log_opt_values /usr/lib/python3/dist-packages/oslo_config/cfg.py:2609
2025-06-05 00:35:40.334 37228 DEBUG oslo_service.service [-] clients_senlin.key_file = None log_opt_values /usr/lib/python3/dist-packages/oslo_config/cfg.py:2609
2025-06-05 00:35:40.334 37228 DEBUG oslo_service.service [-] clients_swift.ca_file = None log_opt_values /usr/lib/python3/dist-packages/oslo_config/cfg.py:2609
2025-06-05 00:35:40.334 37228 DEBUG oslo_service.service [-] clients_swift.cert_file = None log_opt_values /usr/lib/python3/dist-packages/oslo_config/cfg.py:2609
2025-06-05 00:35:40.334 37228 DEBUG oslo_service.service [-] clients_swift.endpoint_type = None log_opt_values /usr/lib/python3/dist-packages/oslo_config/cfg.py:2609
2025-06-05 00:35:40.334 37228 DEBUG oslo_service.service [-] clients_swift.insecure = None log_opt_values /usr/lib/python3/dist-packages/oslo_config/cfg.py:2609
2025-06-05 00:35:40.334 37228 DEBUG oslo_service.service [-] clients_swift.key_file = None log_opt_values /usr/lib/python3/dist-packages/oslo_config/cfg.py:2609
2025-06-05 00:35:40.334 37228 DEBUG oslo_service.service [-] clients_trove.ca_file = None log_opt_values /usr/lib/python3/dist-packages/oslo_config/cfg.py:2609
2025-06-05 00:35:40.334 37228 DEBUG oslo_service.service [-] clients_trove.cert_file = None log_opt_values /usr/lib/python3/dist-packages/oslo_config/cfg.py:2609
2025-06-05 00:35:40.334 37228 DEBUG oslo_service.service [-] clients_trove.endpoint_type = None log_opt_values /usr/lib/python3/dist-packages/oslo_config/cfg.py:2609
2025-06-05 00:35:40.335 37228 DEBUG oslo_service.service [-] clients_trove.insecure = None log_opt_values /usr/lib/python3/dist-packages/oslo_config/cfg.py:2609
2025-06-05 00:35:40.335 37228 DEBUG oslo_service.service [-] clients_trove.key_file = None log_opt_values /usr/lib/python3/dist-packages/oslo_config/cfg.py:2609
2025-06-05 00:35:40.335 37228 DEBUG oslo_service.service [-] clients_vitrage.ca_file = None log_opt_values /usr/lib/python3/dist-packages/oslo_config/cfg.py:2609
2025-06-05 00:35:40.335 37228 DEBUG oslo_service.service [-] clients_vitrage.cert_file = None log_opt_values /usr/lib/python3/dist-packages/oslo_config/cfg.py:2609
2025-06-05 00:35:40.335 37228 DEBUG oslo_service.service [-] clients_vitrage.endpoint_type = None log_opt_values /usr/lib/python3/dist-packages/oslo_config/cfg.py:2609
2025-06-05 00:35:40.335 37228 DEBUG oslo_service.service [-] clients_vitrage.insecure = None log_opt_values /usr/lib/python3/dist-packages/oslo_config/cfg.py:2609
2025-06-05 00:35:40.335 37228 DEBUG oslo_service.service [-] clients_vitrage.key_file = None log_opt_values /usr/lib/python3/dist-packages/oslo_config/cfg.py:2609
2025-06-05 00:35:40.335 37228 DEBUG oslo_service.service [-] clients_zaqar.ca_file = None log_opt_values /usr/lib/python3/dist-packages/oslo_config/cfg.py:2609
2025-06-05 00:35:40.335 37228 DEBUG oslo_service.service [-] clients_zaqar.cert_file = None log_opt_values /usr/lib/python3/dist-packages/oslo_config/cfg.py:2609
2025-06-05 00:35:40.336 37228 DEBUG oslo_service.service [-] clients_zaqar.endpoint_type = None log_opt_values /usr/lib/python3/dist-packages/oslo_config/cfg.py:2609
2025-06-05 00:35:40.336 37228 DEBUG oslo_service.service [-] clients_zaqar.insecure = None log_opt_values /usr/lib/python3/dist-packages/oslo_config/cfg.py:2609
2025-06-05 00:35:40.336 37228 DEBUG oslo_service.service [-] clients_zaqar.key_file = None log_opt_values /usr/lib/python3/dist-packages/oslo_config/cfg.py:2609
2025-06-05 00:35:40.336 37228 DEBUG oslo_service.service [-] database.backend = sqlalchemy log_opt_values /usr/lib/python3/dist-packages/oslo_config/cfg.py:2609
2025-06-05 00:35:40.336 37228 DEBUG oslo_service.service [-] database.connection = **** log_opt_values /usr/lib/python3/dist-packages/oslo_config/cfg.py:2609
2025-06-05 00:35:40.337 37228 DEBUG oslo_service.service [-] database.connection_debug = 0 log_opt_values /usr/lib/python3/dist-packages/oslo_config/cfg.py:2609
2025-06-05 00:35:40.337 37228 DEBUG oslo_service.service [-] database.connection_parameters = log_opt_values /usr/lib/python3/dist-packages/oslo_config/cfg.py:2609
2025-06-05 00:35:40.337 37228 DEBUG oslo_service.service [-] database.connection_recycle_time = 3600 log_opt_values /usr/lib/python3/dist-packages/oslo_config/cfg.py:2609
2025-06-05 00:35:40.337 37228 DEBUG oslo_service.service [-] database.connection_trace = False log_opt_values /usr/lib/python3/dist-packages/oslo_config/cfg.py:2609
2025-06-05 00:35:40.337 37228 DEBUG oslo_service.service [-] database.db_inc_retry_interval = True log_opt_values /usr/lib/python3/dist-packages/oslo_config/cfg.py:2609
2025-06-05 00:35:40.338 37228 DEBUG oslo_service.service [-] database.db_max_retries = 20 log_opt_values /usr/lib/python3/dist-packages/oslo_config/cfg.py:2609
2025-06-05 00:35:40.338 37228 DEBUG oslo_service.service [-] database.db_max_retry_interval = 10 log_opt_values /usr/lib/python3/dist-packages/oslo_config/cfg.py:2609
2025-06-05 00:35:40.338 37228 DEBUG oslo_service.service [-] database.db_retry_interval = 1 log_opt_values /usr/lib/python3/dist-packages/oslo_config/cfg.py:2609
2025-06-05 00:35:40.338 37228 DEBUG oslo_service.service [-] database.max_overflow = 50 log_opt_values /usr/lib/python3/dist-packages/oslo_config/cfg.py:2609
2025-06-05 00:35:40.339 37228 DEBUG oslo_service.service [-] database.max_pool_size = 5 log_opt_values /usr/lib/python3/dist-packages/oslo_config/cfg.py:2609
2025-06-05 00:35:40.340 37228 DEBUG oslo_service.service [-] database.max_retries = 10 log_opt_values /usr/lib/python3/dist-packages/oslo_config/cfg.py:2609
2025-06-05 00:35:40.341 37228 DEBUG oslo_service.service [-] database.mysql_enable_ndb = False log_opt_values /usr/lib/python3/dist-packages/oslo_config/cfg.py:2609
2025-06-05 00:35:40.341 37228 DEBUG oslo_service.service [-] database.mysql_sql_mode = TRADITIONAL log_opt_values /usr/lib/python3/dist-packages/oslo_config/cfg.py:2609
2025-06-05 00:35:40.341 37228 DEBUG oslo_service.service [-] database.pool_timeout = None log_opt_values /usr/lib/python3/dist-packages/oslo_config/cfg.py:2609
2025-06-05 00:35:40.342 37228 DEBUG oslo_service.service [-] database.retry_interval = 10 log_opt_values /usr/lib/python3/dist-packages/oslo_config/cfg.py:2609
2025-06-05 00:35:40.342 37228 DEBUG oslo_service.service [-] database.slave_connection = **** log_opt_values /usr/lib/python3/dist-packages/oslo_config/cfg.py:2609
2025-06-05 00:35:40.343 37228 DEBUG oslo_service.service [-] database.sqlite_synchronous = True log_opt_values /usr/lib/python3/dist-packages/oslo_config/cfg.py:2609
2025-06-05 00:35:40.343 37228 DEBUG oslo_service.service [-] database.use_db_reconnect = False log_opt_values /usr/lib/python3/dist-packages/oslo_config/cfg.py:2609
2025-06-05 00:35:40.344 37228 DEBUG oslo_service.service [-] oslo_messaging_metrics.metrics_buffer_size = 1000 log_opt_values /usr/lib/python3/dist-packages/oslo_config/cfg.py:2609
2025-06-05 00:35:40.344 37228 DEBUG oslo_service.service [-] oslo_messaging_metrics.metrics_enabled = False log_opt_values /usr/lib/python3/dist-packages/oslo_config/cfg.py:2609
2025-06-05 00:35:40.344 37228 DEBUG oslo_service.service [-] oslo_messaging_metrics.metrics_process_name = log_opt_values /usr/lib/python3/dist-packages/oslo_config/cfg.py:2609
2025-06-05 00:35:40.345 37228 DEBUG oslo_service.service [-] oslo_messaging_metrics.metrics_socket_file = /var/tmp/metrics_collector.sock log_opt_values /usr/lib/python3/dist-packages/oslo_config/cfg.py:2609
2025-06-05 00:35:40.346 37228 DEBUG oslo_service.service [-] oslo_messaging_metrics.metrics_thread_stop_timeout = 10 log_opt_values /usr/lib/python3/dist-packages/oslo_config/cfg.py:2609
2025-06-05 00:35:40.346 37228 DEBUG oslo_service.service [-] oslo_policy.enforce_new_defaults = False log_opt_values /usr/lib/python3/dist-packages/oslo_config/cfg.py:2609
2025-06-05 00:35:40.347 37228 DEBUG oslo_service.service [-] oslo_policy.enforce_scope = False log_opt_values /usr/lib/python3/dist-packages/oslo_config/cfg.py:2609
2025-06-05 00:35:40.347 37228 DEBUG oslo_service.service [-] oslo_policy.policy_default_rule = default log_opt_values /usr/lib/python3/dist-packages/oslo_config/cfg.py:2609
2025-06-05 00:35:40.347 37228 DEBUG oslo_service.service [-] oslo_policy.policy_dirs = ['policy.d'] log_opt_values /usr/lib/python3/dist-packages/oslo_config/cfg.py:2609
2025-06-05 00:35:40.348 37228 DEBUG oslo_service.service [-] oslo_policy.policy_file = policy.yaml log_opt_values /usr/lib/python3/dist-packages/oslo_config/cfg.py:2609
2025-06-05 00:35:40.348 37228 DEBUG oslo_service.service [-] oslo_policy.remote_content_type = application/x-www-form-urlencoded log_opt_values /usr/lib/python3/dist-packages/oslo_config/cfg.py:2609
2025-06-05 00:35:40.349 37228 DEBUG oslo_service.service [-] oslo_policy.remote_ssl_ca_crt_file = None log_opt_values /usr/lib/python3/dist-packages/oslo_config/cfg.py:2609
2025-06-05 00:35:40.350 37228 DEBUG oslo_service.service [-] oslo_policy.remote_ssl_client_crt_file = None log_opt_values /usr/lib/python3/dist-packages/oslo_config/cfg.py:2609
2025-06-05 00:35:40.351 37228 DEBUG oslo_service.service [-] oslo_policy.remote_ssl_client_key_file = None log_opt_values /usr/lib/python3/dist-packages/oslo_config/cfg.py:2609
2025-06-05 00:35:40.351 37228 DEBUG oslo_service.service [-] oslo_policy.remote_ssl_verify_server_crt = False log_opt_values /usr/lib/python3/dist-packages/oslo_config/cfg.py:2609
2025-06-05 00:35:40.351 37228 DEBUG oslo_service.service [-] trustee.auth_section = None log_opt_values /usr/lib/python3/dist-packages/oslo_config/cfg.py:2609
2025-06-05 00:35:40.352 37228 WARNING oslo_config.cfg [-] Deprecated: Option "auth_plugin" from group "trustee" is deprecated. Use option "auth_type" from group "trustee".
2025-06-05 00:35:40.352 37228 DEBUG oslo_service.service [-] trustee.auth_type = password log_opt_values /usr/lib/python3/dist-packages/oslo_config/cfg.py:2609
2025-06-05 00:35:40.352 37228 DEBUG oslo_service.service [-] oslo_versionedobjects.fatal_exception_format_errors = False log_opt_values /usr/lib/python3/dist-packages/oslo_config/cfg.py:2609
2025-06-05 00:35:40.352 37228 DEBUG oslo_service.service [-] oslo_messaging_rabbit.amqp_auto_delete = False log_opt_values /usr/lib/python3/dist-packages/oslo_config/cfg.py:2609
2025-06-05 00:35:40.353 37228 DEBUG oslo_service.service [-] oslo_messaging_rabbit.amqp_durable_queues = False log_opt_values /usr/lib/python3/dist-packages/oslo_config/cfg.py:2609
2025-06-05 00:35:40.353 37228 DEBUG oslo_service.service [-] oslo_messaging_rabbit.conn_pool_min_size = 2 log_opt_values /usr/lib/python3/dist-packages/oslo_config/cfg.py:2609
2025-06-05 00:35:40.353 37228 DEBUG oslo_service.service [-] oslo_messaging_rabbit.conn_pool_ttl = 1200 log_opt_values /usr/lib/python3/dist-packages/oslo_config/cfg.py:2609
2025-06-05 00:35:40.353 37228 DEBUG oslo_service.service [-] oslo_messaging_rabbit.direct_mandatory_flag = True log_opt_values /usr/lib/python3/dist-packages/oslo_config/cfg.py:2609
2025-06-05 00:35:40.354 37228 DEBUG oslo_service.service [-] oslo_messaging_rabbit.enable_cancel_on_failover = False log_opt_values /usr/lib/python3/dist-packages/oslo_config/cfg.py:2609
2025-06-05 00:35:40.354 37228 DEBUG oslo_service.service [-] oslo_messaging_rabbit.heartbeat_in_pthread = False log_opt_values /usr/lib/python3/dist-packages/oslo_config/cfg.py:2609
2025-06-05 00:35:40.354 37228 DEBUG oslo_service.service [-] oslo_messaging_rabbit.heartbeat_rate = 2 log_opt_values /usr/lib/python3/dist-packages/oslo_config/cfg.py:2609
2025-06-05 00:35:40.354 37228 DEBUG oslo_service.service [-] oslo_messaging_rabbit.heartbeat_timeout_threshold = 60 log_opt_values /usr/lib/python3/dist-packages/oslo_config/cfg.py:2609
2025-06-05 00:35:40.354 37228 DEBUG oslo_service.service [-] oslo_messaging_rabbit.kombu_compression = None log_opt_values /usr/lib/python3/dist-packages/oslo_config/cfg.py:2609
2025-06-05 00:35:40.354 37228 DEBUG oslo_service.service [-] oslo_messaging_rabbit.kombu_failover_strategy = round-robin log_opt_values /usr/lib/python3/dist-packages/oslo_config/cfg.py:2609
2025-06-05 00:35:40.355 37228 DEBUG oslo_service.service [-] oslo_messaging_rabbit.kombu_missing_consumer_retry_timeout = 60 log_opt_values /usr/lib/python3/dist-packages/oslo_config/cfg.py:2609
2025-06-05 00:35:40.355 37228 DEBUG oslo_service.service [-] oslo_messaging_rabbit.kombu_reconnect_delay = 1.0 log_opt_values /usr/lib/python3/dist-packages/oslo_config/cfg.py:2609
2025-06-05 00:35:40.355 37228 DEBUG oslo_service.service [-] oslo_messaging_rabbit.rabbit_ha_queues = False log_opt_values /usr/lib/python3/dist-packages/oslo_config/cfg.py:2609
2025-06-05 00:35:40.355 37228 DEBUG oslo_service.service [-] oslo_messaging_rabbit.rabbit_interval_max = 30 log_opt_values /usr/lib/python3/dist-packages/oslo_config/cfg.py:2609
2025-06-05 00:35:40.355 37228 DEBUG oslo_service.service [-] oslo_messaging_rabbit.rabbit_login_method = AMQPLAIN log_opt_values /usr/lib/python3/dist-packages/oslo_config/cfg.py:2609
2025-06-05 00:35:40.355 37228 DEBUG oslo_service.service [-] oslo_messaging_rabbit.rabbit_qos_prefetch_count = 0 log_opt_values /usr/lib/python3/dist-packages/oslo_config/cfg.py:2609
2025-06-05 00:35:40.355 37228 DEBUG oslo_service.service [-] oslo_messaging_rabbit.rabbit_quorum_queue = False log_opt_values /usr/lib/python3/dist-packages/oslo_config/cfg.py:2609
2025-06-05 00:35:40.355 37228 DEBUG oslo_service.service [-] oslo_messaging_rabbit.rabbit_retry_backoff = 2 log_opt_values /usr/lib/python3/dist-packages/oslo_config/cfg.py:2609
2025-06-05 00:35:40.356 37228 DEBUG oslo_service.service [-] oslo_messaging_rabbit.rabbit_retry_interval = 1 log_opt_values /usr/lib/python3/dist-packages/oslo_config/cfg.py:2609
2025-06-05 00:35:40.356 37228 DEBUG oslo_service.service [-] oslo_messaging_rabbit.rabbit_transient_queues_ttl = 1800 log_opt_values /usr/lib/python3/dist-packages/oslo_config/cfg.py:2609
2025-06-05 00:35:40.356 37228 DEBUG oslo_service.service [-] oslo_messaging_rabbit.rpc_conn_pool_size = 30 log_opt_values /usr/lib/python3/dist-packages/oslo_config/cfg.py:2609
2025-06-05 00:35:40.356 37228 DEBUG oslo_service.service [-] oslo_messaging_rabbit.ssl = False log_opt_values /usr/lib/python3/dist-packages/oslo_config/cfg.py:2609
2025-06-05 00:35:40.356 37228 DEBUG oslo_service.service [-] oslo_messaging_rabbit.ssl_ca_file = log_opt_values /usr/lib/python3/dist-packages/oslo_config/cfg.py:2609
2025-06-05 00:35:40.356 37228 DEBUG oslo_service.service [-] oslo_messaging_rabbit.ssl_cert_file = log_opt_values /usr/lib/python3/dist-packages/oslo_config/cfg.py:2609
2025-06-05 00:35:40.356 37228 DEBUG oslo_service.service [-] oslo_messaging_rabbit.ssl_key_file = log_opt_values /usr/lib/python3/dist-packages/oslo_config/cfg.py:2609
2025-06-05 00:35:40.356 37228 DEBUG oslo_service.service [-] oslo_messaging_rabbit.ssl_version = log_opt_values /usr/lib/python3/dist-packages/oslo_config/cfg.py:2609
2025-06-05 00:35:40.356 37228 DEBUG oslo_service.service [-] oslo_messaging_notifications.driver = [] log_opt_values /usr/lib/python3/dist-packages/oslo_config/cfg.py:2609
2025-06-05 00:35:40.357 37228 DEBUG oslo_service.service [-] oslo_messaging_notifications.retry = -1 log_opt_values /usr/lib/python3/dist-packages/oslo_config/cfg.py:2609
2025-06-05 00:35:40.357 37228 DEBUG oslo_service.service [-] oslo_messaging_notifications.topics = ['notifications'] log_opt_values /usr/lib/python3/dist-packages/oslo_config/cfg.py:2609
2025-06-05 00:35:40.357 37228 DEBUG oslo_service.service [-] oslo_messaging_notifications.transport_url = **** log_opt_values /usr/lib/python3/dist-packages/oslo_config/cfg.py:2609
2025-06-05 00:35:40.358 37228 DEBUG oslo_service.service [-] cache.backend = dogpile.cache.null log_opt_values /usr/lib/python3/dist-packages/oslo_config/cfg.py:2609
2025-06-05 00:35:40.358 37228 DEBUG oslo_service.service [-] cache.backend_argument = **** log_opt_values /usr/lib/python3/dist-packages/oslo_config/cfg.py:2609
2025-06-05 00:35:40.358 37228 DEBUG oslo_service.service [-] cache.config_prefix = cache.oslo log_opt_values /usr/lib/python3/dist-packages/oslo_config/cfg.py:2609
2025-06-05 00:35:40.358 37228 DEBUG oslo_service.service [-] cache.debug_cache_backend = False log_opt_values /usr/lib/python3/dist-packages/oslo_config/cfg.py:2609
2025-06-05 00:35:40.358 37228 DEBUG oslo_service.service [-] cache.enabled = False log_opt_values /usr/lib/python3/dist-packages/oslo_config/cfg.py:2609
2025-06-05 00:35:40.358 37228 DEBUG oslo_service.service [-] cache.expiration_time = 600 log_opt_values /usr/lib/python3/dist-packages/oslo_config/cfg.py:2609
2025-06-05 00:35:40.358 37228 DEBUG oslo_service.service [-] cache.memcache_dead_retry = 300 log_opt_values /usr/lib/python3/dist-packages/oslo_config/cfg.py:2609
2025-06-05 00:35:40.359 37228 DEBUG oslo_service.service [-] cache.memcache_pool_connection_get_timeout = 10 log_opt_values /usr/lib/python3/dist-packages/oslo_config/cfg.py:2609
2025-06-05 00:35:40.359 37228 DEBUG oslo_service.service [-] cache.memcache_pool_flush_on_reconnect = False log_opt_values /usr/lib/python3/dist-packages/oslo_config/cfg.py:2609
2025-06-05 00:35:40.359 37228 DEBUG oslo_service.service [-] cache.memcache_pool_maxsize = 10 log_opt_values /usr/lib/python3/dist-packages/oslo_config/cfg.py:2609
2025-06-05 00:35:40.359 37228 DEBUG oslo_service.service [-] cache.memcache_pool_unused_timeout = 60 log_opt_values /usr/lib/python3/dist-packages/oslo_config/cfg.py:2609
2025-06-05 00:35:40.359 37228 DEBUG oslo_service.service [-] cache.memcache_servers = ['localhost:11211'] log_opt_values /usr/lib/python3/dist-packages/oslo_config/cfg.py:2609
2025-06-05 00:35:40.359 37228 DEBUG oslo_service.service [-] cache.memcache_socket_timeout = 1.0 log_opt_values /usr/lib/python3/dist-packages/oslo_config/cfg.py:2609
2025-06-05 00:35:40.359 37228 DEBUG oslo_service.service [-] cache.proxies = [] log_opt_values /usr/lib/python3/dist-packages/oslo_config/cfg.py:2609
2025-06-05 00:35:40.359 37228 DEBUG oslo_service.service [-] cache.tls_allowed_ciphers = None log_opt_values /usr/lib/python3/dist-packages/oslo_config/cfg.py:2609
2025-06-05 00:35:40.359 37228 DEBUG oslo_service.service [-] cache.tls_cafile = None log_opt_values /usr/lib/python3/dist-packages/oslo_config/cfg.py:2609
2025-06-05 00:35:40.360 37228 DEBUG oslo_service.service [-] cache.tls_certfile = None log_opt_values /usr/lib/python3/dist-packages/oslo_config/cfg.py:2609
2025-06-05 00:35:40.360 37228 DEBUG oslo_service.service [-] cache.tls_enabled = False log_opt_values /usr/lib/python3/dist-packages/oslo_config/cfg.py:2609
2025-06-05 00:35:40.360 37228 DEBUG oslo_service.service [-] cache.tls_keyfile = None log_opt_values /usr/lib/python3/dist-packages/oslo_config/cfg.py:2609
2025-06-05 00:35:40.360 37228 DEBUG oslo_service.service [-] constraint_validation_cache.caching = True log_opt_values /usr/lib/python3/dist-packages/oslo_config/cfg.py:2609
2025-06-05 00:35:40.360 37228 DEBUG oslo_service.service [-] constraint_validation_cache.expiration_time = 60 log_opt_values /usr/lib/python3/dist-packages/oslo_config/cfg.py:2609
2025-06-05 00:35:40.360 37228 DEBUG oslo_service.service [-] service_extension_cache.caching = True log_opt_values /usr/lib/python3/dist-packages/oslo_config/cfg.py:2609
2025-06-05 00:35:40.360 37228 DEBUG oslo_service.service [-] service_extension_cache.expiration_time = 3600 log_opt_values /usr/lib/python3/dist-packages/oslo_config/cfg.py:2609
2025-06-05 00:35:40.360 37228 DEBUG oslo_service.service [-] resource_finder_cache.caching = True log_opt_values /usr/lib/python3/dist-packages/oslo_config/cfg.py:2609
2025-06-05 00:35:40.360 37228 DEBUG oslo_service.service [-] resource_finder_cache.expiration_time = 3600 log_opt_values /usr/lib/python3/dist-packages/oslo_config/cfg.py:2609
2025-06-05 00:35:40.361 37228 DEBUG oslo_service.service [-] yaql.limit_iterators = 200 log_opt_values /usr/lib/python3/dist-packages/oslo_config/cfg.py:2609
2025-06-05 00:35:40.361 37228 DEBUG oslo_service.service [-] yaql.memory_quota = 10000 log_opt_values /usr/lib/python3/dist-packages/oslo_config/cfg.py:2609
2025-06-05 00:35:40.361 37228 DEBUG oslo_service.service [-] ******************************************************************************** log_opt_values /usr/lib/python3/dist-packages/oslo_config/cfg.py:2613
2025-06-05 00:35:40.390 37448 DEBUG oslo_db.sqlalchemy.engines [req-0850cae8-48cb-4b50-83ad-8f0f411c64bc - - - - -] MySQL server mode set to STRICT_TRANS_TABLES,STRICT_ALL_TABLES,NO_ZERO_IN_DATE,NO_ZERO_DATE,ERROR_FOR_DIVISION_BY_ZERO,TRADITIONAL,NO_ENGINE_SUBSTITUTION _check_effective_sql_mode /usr/lib/python3/dist-packages/oslo_db/sqlalchemy/engines.py:314
2025-06-05 00:35:40.393 37449 DEBUG oslo_db.sqlalchemy.engines [req-8b7412e4-d7f1-4399-a6b2-9f16a0d77bfc - - - - -] MySQL server mode set to STRICT_TRANS_TABLES,STRICT_ALL_TABLES,NO_ZERO_IN_DATE,NO_ZERO_DATE,ERROR_FOR_DIVISION_BY_ZERO,TRADITIONAL,NO_ENGINE_SUBSTITUTION _check_effective_sql_mode /usr/lib/python3/dist-packages/oslo_db/sqlalchemy/engines.py:314
2025-06-05 00:35:40.407 37450 DEBUG oslo_db.sqlalchemy.engines [req-53d19596-67e8-4359-a512-e7ca20162872 - - - - -] MySQL server mode set to STRICT_TRANS_TABLES,STRICT_ALL_TABLES,NO_ZERO_IN_DATE,NO_ZERO_DATE,ERROR_FOR_DIVISION_BY_ZERO,TRADITIONAL,NO_ENGINE_SUBSTITUTION _check_effective_sql_mode /usr/lib/python3/dist-packages/oslo_db/sqlalchemy/engines.py:314
2025-06-05 00:35:40.409 37451 DEBUG oslo_db.sqlalchemy.engines [req-487dd6d2-6de3-492f-8ad5-2c1650e37d73 - - - - -] MySQL server mode set to STRICT_TRANS_TABLES,STRICT_ALL_TABLES,NO_ZERO_IN_DATE,NO_ZERO_DATE,ERROR_FOR_DIVISION_BY_ZERO,TRADITIONAL,NO_ENGINE_SUBSTITUTION _check_effective_sql_mode /usr/lib/python3/dist-packages/oslo_db/sqlalchemy/engines.py:314
2025-06-05 00:35:40.463 37448 DEBUG heat.engine.service [req-ef3771f4-0c31-49b5-abb6-4271db4dc9a4 - - - - -] Service 5bcdc55f-3e46-402a-b78b-f801eaefad9a is started service_manage_report /usr/lib/python3/dist-packages/heat/engine/service.py:2363
2025-06-05 00:35:40.479 37450 DEBUG heat.engine.service [req-8ceb506e-38b5-4b66-ac96-2c116a71103a - - - - -] Service 503c3f81-42a0-466c-b457-9d88c95436ca is started service_manage_report /usr/lib/python3/dist-packages/heat/engine/service.py:2363
2025-06-05 00:35:40.484 37449 DEBUG heat.engine.service [req-9c7b5c33-2b6d-4609-90a0-5962d223d23f - - - - -] Service 61a722b8-b2f3-43c3-b54d-fae1d8c50be6 is started service_manage_report /usr/lib/python3/dist-packages/heat/engine/service.py:2363
2025-06-05 00:35:40.485 37448 DEBUG heat.engine.service [req-ef3771f4-0c31-49b5-abb6-4271db4dc9a4 - - - - -] Service 5bcdc55f-3e46-402a-b78b-f801eaefad9a is updated service_manage_report /usr/lib/python3/dist-packages/heat/engine/service.py:2370
2025-06-05 00:35:40.491 37451 DEBUG heat.engine.service [req-2ffdc654-c1b9-40b4-aba2-9af955d3a3b5 - - - - -] Service 2068c877-173f-4fd4-a5d7-ef8e1399659a is started service_manage_report /usr/lib/python3/dist-packages/heat/engine/service.py:2363
2025-06-05 00:35:40.504 37450 DEBUG heat.engine.service [req-8ceb506e-38b5-4b66-ac96-2c116a71103a - - - - -] Service 503c3f81-42a0-466c-b457-9d88c95436ca is updated service_manage_report /usr/lib/python3/dist-packages/heat/engine/service.py:2370
2025-06-05 00:35:40.504 37449 DEBUG heat.engine.service [req-9c7b5c33-2b6d-4609-90a0-5962d223d23f - - - - -] Service 61a722b8-b2f3-43c3-b54d-fae1d8c50be6 is updated service_manage_report /usr/lib/python3/dist-packages/heat/engine/service.py:2370
2025-06-05 00:35:40.509 37451 DEBUG heat.engine.service [req-2ffdc654-c1b9-40b4-aba2-9af955d3a3b5 - - - - -] Service 2068c877-173f-4fd4-a5d7-ef8e1399659a is updated service_manage_report /usr/lib/python3/dist-packages/heat/engine/service.py:2370
2025-06-05 00:36:40.469 37448 DEBUG heat.engine.service [req-cfe4a056-6fba-43ea-92d8-8052f551d6ca - - - - -] Service 5bcdc55f-3e46-402a-b78b-f801eaefad9a is updated service_manage_report /usr/lib/python3/dist-packages/heat/engine/service.py:2370
2025-06-05 00:36:40.474 37449 DEBUG heat.engine.service [req-87775d9d-4899-4983-9085-7e7c20643cce - - - - -] Service 61a722b8-b2f3-43c3-b54d-fae1d8c50be6 is updated service_manage_report /usr/lib/python3/dist-packages/heat/engine/service.py:2370
2025-06-05 00:36:40.474 37450 DEBUG heat.engine.service [req-a75df5a1-e4a2-4e10-8cc0-1b051ff10166 - - - - -] Service 503c3f81-42a0-466c-b457-9d88c95436ca is updated service_manage_report /usr/lib/python3/dist-packages/heat/engine/service.py:2370
2025-06-05 00:36:40.486 37451 DEBUG heat.engine.service [req-9ca6dd09-30fa-4e61-abfa-6ae2cf538047 - - - - -] Service 2068c877-173f-4fd4-a5d7-ef8e1399659a is updated service_manage_report /usr/lib/python3/dist-packages/heat/engine/service.py:2370
2025-06-05 00:37:40.464 37448 DEBUG heat.engine.service [req-763d340c-252d-4847-8a96-f27978409861 - - - - -] Service 5bcdc55f-3e46-402a-b78b-f801eaefad9a is updated service_manage_report /usr/lib/python3/dist-packages/heat/engine/service.py:2370
2025-06-05 00:37:40.470 37449 DEBUG heat.engine.service [req-ffbe7cf4-03c3-4fca-b426-778b5ffc3b1c - - - - -] Service 61a722b8-b2f3-43c3-b54d-fae1d8c50be6 is updated service_manage_report /usr/lib/python3/dist-packages/heat/engine/service.py:2370
2025-06-05 00:37:40.471 37450 DEBUG heat.engine.service [req-f236ef1c-3a79-454a-b3ae-a02b96a19c53 - - - - -] Service 503c3f81-42a0-466c-b457-9d88c95436ca is updated service_manage_report /usr/lib/python3/dist-packages/heat/engine/service.py:2370
2025-06-05 00:37:40.480 37451 DEBUG heat.engine.service [req-225d2a99-b277-4eea-854a-046e73ce0769 - - - - -] Service 2068c877-173f-4fd4-a5d7-ef8e1399659a is updated service_manage_report /usr/lib/python3/dist-packages/heat/engine/service.py:2370
2025-06-05 00:38:40.481 37449 DEBUG heat.engine.service [req-272643df-0619-4727-b892-12a268c1c531 - - - - -] Service 61a722b8-b2f3-43c3-b54d-fae1d8c50be6 is updated service_manage_report /usr/lib/python3/dist-packages/heat/engine/service.py:2370
2025-06-05 00:38:40.487 37450 DEBUG heat.engine.service [req-261906ee-475b-44ed-8d30-17181e7c3734 - - - - -] Service 503c3f81-42a0-466c-b457-9d88c95436ca is updated service_manage_report /usr/lib/python3/dist-packages/heat/engine/service.py:2370
2025-06-05 00:38:40.487 37448 DEBUG heat.engine.service [req-5d1dbb59-974e-4145-8964-22a85db60571 - - - - -] Service 5bcdc55f-3e46-402a-b78b-f801eaefad9a is updated service_manage_report /usr/lib/python3/dist-packages/heat/engine/service.py:2370
2025-06-05 00:38:40.508 37451 DEBUG heat.engine.service [req-fa1f3c74-186e-4c62-9473-7037e4debfab - - - - -] Service 2068c877-173f-4fd4-a5d7-ef8e1399659a is updated service_manage_report /usr/lib/python3/dist-packages/heat/engine/service.py:2370
2025-06-05 00:39:40.462 37450 DEBUG heat.engine.service [req-02287dc0-72ff-4fec-b662-af11a5380c73 - - - - -] Service 503c3f81-42a0-466c-b457-9d88c95436ca is updated service_manage_report /usr/lib/python3/dist-packages/heat/engine/service.py:2370
2025-06-05 00:39:40.467 37449 DEBUG heat.engine.service [req-96960f77-11c6-44ac-904d-9f089c9c189a - - - - -] Service 61a722b8-b2f3-43c3-b54d-fae1d8c50be6 is updated service_manage_report /usr/lib/python3/dist-packages/heat/engine/service.py:2370
2025-06-05 00:39:40.473 37448 DEBUG heat.engine.service [req-fbd20258-ed50-4f95-947e-6f953d98fe57 - - - - -] Service 5bcdc55f-3e46-402a-b78b-f801eaefad9a is updated service_manage_report /usr/lib/python3/dist-packages/heat/engine/service.py:2370
2025-06-05 00:39:40.494 37451 DEBUG heat.engine.service [req-3c62f234-8479-40fc-b778-fb1d8f245fd2 - - - - -] Service 2068c877-173f-4fd4-a5d7-ef8e1399659a is updated service_manage_report /usr/lib/python3/dist-packages/heat/engine/service.py:2370
2025-06-05 00:40:40.462 37449 DEBUG heat.engine.service [req-6028bad7-1dd8-4bf2-9a12-14c418c4adbd - - - - -] Service 61a722b8-b2f3-43c3-b54d-fae1d8c50be6 is updated service_manage_report /usr/lib/python3/dist-packages/heat/engine/service.py:2370
2025-06-05 00:40:40.469 37450 DEBUG heat.engine.service [req-87b46573-3716-4965-9cda-d702e90a9ff6 - - - - -] Service 503c3f81-42a0-466c-b457-9d88c95436ca is updated service_manage_report /usr/lib/python3/dist-packages/heat/engine/service.py:2370
2025-06-05 00:40:40.481 37451 DEBUG heat.engine.service [req-140e8b0a-f8ee-4776-a4ee-189b75d22ddb - - - - -] Service 2068c877-173f-4fd4-a5d7-ef8e1399659a is updated service_manage_report /usr/lib/python3/dist-packages/heat/engine/service.py:2370
2025-06-05 00:40:40.485 37448 DEBUG heat.engine.service [req-9f006a4e-0bdb-4940-b802-26718d81e867 - - - - -] Service 5bcdc55f-3e46-402a-b78b-f801eaefad9a is updated service_manage_report /usr/lib/python3/dist-packages/heat/engine/service.py:2370
2025-06-05 00:41:40.464 37450 DEBUG heat.engine.service [req-60e64e24-6c69-49c3-a5b2-ae610a54410d - - - - -] Service 503c3f81-42a0-466c-b457-9d88c95436ca is updated service_manage_report /usr/lib/python3/dist-packages/heat/engine/service.py:2370
2025-06-05 00:41:40.467 37449 DEBUG heat.engine.service [req-ec0ed85b-8e68-446c-bb5b-df3748647933 - - - - -] Service 61a722b8-b2f3-43c3-b54d-fae1d8c50be6 is updated service_manage_report /usr/lib/python3/dist-packages/heat/engine/service.py:2370
2025-06-05 00:41:40.474 37451 DEBUG heat.engine.service [req-7c2c824b-ce42-46a9-b935-d3201c8b212f - - - - -] Service 2068c877-173f-4fd4-a5d7-ef8e1399659a is updated service_manage_report /usr/lib/python3/dist-packages/heat/engine/service.py:2370
2025-06-05 00:41:40.478 37448 DEBUG heat.engine.service [req-37013828-7f95-48f2-b72d-aa445fade9b4 - - - - -] Service 5bcdc55f-3e46-402a-b78b-f801eaefad9a is updated service_manage_report /usr/lib/python3/dist-packages/heat/engine/service.py:2370
2025-06-05 00:42:40.476 37450 DEBUG heat.engine.service [req-25a258b9-d287-45da-8c06-b351860ce5e4 - - - - -] Service 503c3f81-42a0-466c-b457-9d88c95436ca is updated service_manage_report /usr/lib/python3/dist-packages/heat/engine/service.py:2370
2025-06-05 00:42:40.480 37449 DEBUG heat.engine.service [req-26487819-08a6-4857-a31e-a9dee27a3a95 - - - - -] Service 61a722b8-b2f3-43c3-b54d-fae1d8c50be6 is updated service_manage_report /usr/lib/python3/dist-packages/heat/engine/service.py:2370
2025-06-05 00:42:40.484 37451 DEBUG heat.engine.service [req-49f6f05f-e526-41f8-a657-e1285164dc47 - - - - -] Service 2068c877-173f-4fd4-a5d7-ef8e1399659a is updated service_manage_report /usr/lib/python3/dist-packages/heat/engine/service.py:2370
2025-06-05 00:42:40.485 37448 DEBUG heat.engine.service [req-9633544d-ff0f-447f-801f-a3a181491872 - - - - -] Service 5bcdc55f-3e46-402a-b78b-f801eaefad9a is updated service_manage_report /usr/lib/python3/dist-packages/heat/engine/service.py:2370
2025-06-05 00:43:40.471 37450 DEBUG heat.engine.service [req-5d8d3957-7748-4857-acba-7970f9692d84 - - - - -] Service 503c3f81-42a0-466c-b457-9d88c95436ca is updated service_manage_report /usr/lib/python3/dist-packages/heat/engine/service.py:2370
2025-06-05 00:43:40.478 37449 DEBUG heat.engine.service [req-a1facdbd-1fde-4fc1-a7a5-b57ed0037aaa - - - - -] Service 61a722b8-b2f3-43c3-b54d-fae1d8c50be6 is updated service_manage_report /usr/lib/python3/dist-packages/heat/engine/service.py:2370
2025-06-05 00:43:40.483 37448 DEBUG heat.engine.service [req-c5730eb8-e0c3-488b-ac3d-5fffef056a4d - - - - -] Service 5bcdc55f-3e46-402a-b78b-f801eaefad9a is updated service_manage_report /usr/lib/python3/dist-packages/heat/engine/service.py:2370
2025-06-05 00:43:40.485 37451 DEBUG heat.engine.service [req-13aa4586-d371-48a4-a729-d889c81202d4 - - - - -] Service 2068c877-173f-4fd4-a5d7-ef8e1399659a is updated service_manage_report /usr/lib/python3/dist-packages/heat/engine/service.py:2370
2025-06-05 00:44:40.480 37449 DEBUG heat.engine.service [req-7d763b0b-60ca-4c02-9244-02a9e3be1a17 - - - - -] Service 61a722b8-b2f3-43c3-b54d-fae1d8c50be6 is updated service_manage_report /usr/lib/python3/dist-packages/heat/engine/service.py:2370
2025-06-05 00:44:40.482 37450 DEBUG heat.engine.service [req-56dad762-1134-4f50-a606-63b482ae6188 - - - - -] Service 503c3f81-42a0-466c-b457-9d88c95436ca is updated service_manage_report /usr/lib/python3/dist-packages/heat/engine/service.py:2370
2025-06-05 00:44:40.482 37451 DEBUG heat.engine.service [req-110034b4-0b00-43ad-adce-5f3aa668b327 - - - - -] Service 2068c877-173f-4fd4-a5d7-ef8e1399659a is updated service_manage_report /usr/lib/python3/dist-packages/heat/engine/service.py:2370
2025-06-05 00:44:40.482 37448 DEBUG heat.engine.service [req-84b6fa17-640d-4f9f-b69f-89a3a0c06ade - - - - -] Service 5bcdc55f-3e46-402a-b78b-f801eaefad9a is updated service_manage_report /usr/lib/python3/dist-packages/heat/engine/service.py:2370
2025-06-05 00:45:40.475 37449 DEBUG heat.engine.service [req-fc7cf9c1-c158-454f-b18e-b3d5e054735d - - - - -] Service 61a722b8-b2f3-43c3-b54d-fae1d8c50be6 is updated service_manage_report /usr/lib/python3/dist-packages/heat/engine/service.py:2370
2025-06-05 00:45:40.478 37448 DEBUG heat.engine.service [req-8503a01e-85b1-41f0-a04b-56efcdaab107 - - - - -] Service 5bcdc55f-3e46-402a-b78b-f801eaefad9a is updated service_manage_report /usr/lib/python3/dist-packages/heat/engine/service.py:2370
2025-06-05 00:45:40.478 37450 DEBUG heat.engine.service [req-6a3b1998-0977-4fea-8cb3-9f3fd08e4f3b - - - - -] Service 503c3f81-42a0-466c-b457-9d88c95436ca is updated service_manage_report /usr/lib/python3/dist-packages/heat/engine/service.py:2370
2025-06-05 00:45:40.478 37451 DEBUG heat.engine.service [req-8a4e0496-8e56-4a1e-b3e9-bf96dbfbec66 - - - - -] Service 2068c877-173f-4fd4-a5d7-ef8e1399659a is updated service_manage_report /usr/lib/python3/dist-packages/heat/engine/service.py:2370
2025-06-05 00:46:40.475 37450 DEBUG heat.engine.service [req-83b345bc-2fae-4cb3-b383-0a8da4a2362d - - - - -] Service 503c3f81-42a0-466c-b457-9d88c95436ca is updated service_manage_report /usr/lib/python3/dist-packages/heat/engine/service.py:2370
2025-06-05 00:46:40.476 37451 DEBUG heat.engine.service [req-d989a60a-50e7-4893-ac26-b00eb39ad260 - - - - -] Service 2068c877-173f-4fd4-a5d7-ef8e1399659a is updated service_manage_report /usr/lib/python3/dist-packages/heat/engine/service.py:2370
2025-06-05 00:46:40.483 37449 DEBUG heat.engine.service [req-2e6693cd-e0be-4eeb-bb9c-db72b34b03ad - - - - -] Service 61a722b8-b2f3-43c3-b54d-fae1d8c50be6 is updated service_manage_report /usr/lib/python3/dist-packages/heat/engine/service.py:2370
2025-06-05 00:46:40.487 37448 DEBUG heat.engine.service [req-1e9fb3b6-9aea-41b1-abc2-dfd3f645eb38 - - - - -] Service 5bcdc55f-3e46-402a-b78b-f801eaefad9a is updated service_manage_report /usr/lib/python3/dist-packages/heat/engine/service.py:2370
2025-06-05 00:47:40.470 37450 DEBUG heat.engine.service [req-7959a690-752e-419d-9bf8-4dea902a4114 - - - - -] Service 503c3f81-42a0-466c-b457-9d88c95436ca is updated service_manage_report /usr/lib/python3/dist-packages/heat/engine/service.py:2370
2025-06-05 00:47:40.472 37451 DEBUG heat.engine.service [req-e04c7b29-0d6d-42c0-af45-5cbe1540c5e6 - - - - -] Service 2068c877-173f-4fd4-a5d7-ef8e1399659a is updated service_manage_report /usr/lib/python3/dist-packages/heat/engine/service.py:2370
2025-06-05 00:47:40.481 37449 DEBUG heat.engine.service [req-2d58901f-3176-4a2c-8e55-4fa68c2af90d - - - - -] Service 61a722b8-b2f3-43c3-b54d-fae1d8c50be6 is updated service_manage_report /usr/lib/python3/dist-packages/heat/engine/service.py:2370
2025-06-05 00:47:40.483 37448 DEBUG heat.engine.service [req-0e90ea25-b763-4670-9ac5-6196476ecfc5 - - - - -] Service 5bcdc55f-3e46-402a-b78b-f801eaefad9a is updated service_manage_report /usr/lib/python3/dist-packages/heat/engine/service.py:2370
2025-06-05 00:48:40.474 37451 DEBUG heat.engine.service [req-28a090fd-6a3f-4f53-bd3e-ba6f0c8ce938 - - - - -] Service 2068c877-173f-4fd4-a5d7-ef8e1399659a is updated service_manage_report /usr/lib/python3/dist-packages/heat/engine/service.py:2370
2025-06-05 00:48:40.477 37450 DEBUG heat.engine.service [req-e5c394e4-5436-435d-99ab-e0d14742401f - - - - -] Service 503c3f81-42a0-466c-b457-9d88c95436ca is updated service_manage_report /usr/lib/python3/dist-packages/heat/engine/service.py:2370
2025-06-05 00:48:40.478 37449 DEBUG heat.engine.service [req-65105da6-826c-404e-bad7-5bbc168f4335 - - - - -] Service 61a722b8-b2f3-43c3-b54d-fae1d8c50be6 is updated service_manage_report /usr/lib/python3/dist-packages/heat/engine/service.py:2370
2025-06-05 00:48:40.487 37448 DEBUG heat.engine.service [req-77acdd6f-e1a6-478a-9f05-f8c526289113 - - - - -] Service 5bcdc55f-3e46-402a-b78b-f801eaefad9a is updated service_manage_report /usr/lib/python3/dist-packages/heat/engine/service.py:2370
2025-06-05 00:49:40.471 37450 DEBUG heat.engine.service [req-99cea343-fe18-49ba-9019-a72f6fee0963 - - - - -] Service 503c3f81-42a0-466c-b457-9d88c95436ca is updated service_manage_report /usr/lib/python3/dist-packages/heat/engine/service.py:2370
2025-06-05 00:49:40.479 37449 DEBUG heat.engine.service [req-cbf55a5d-fd05-46b3-bae5-dc63dc96e69c - - - - -] Service 61a722b8-b2f3-43c3-b54d-fae1d8c50be6 is updated service_manage_report /usr/lib/python3/dist-packages/heat/engine/service.py:2370
2025-06-05 00:49:40.482 37451 DEBUG heat.engine.service [req-559be328-0714-4bef-9756-48004ebcc48a - - - - -] Service 2068c877-173f-4fd4-a5d7-ef8e1399659a is updated service_manage_report /usr/lib/python3/dist-packages/heat/engine/service.py:2370
2025-06-05 00:49:40.493 37448 DEBUG heat.engine.service [req-9fa17c14-b55b-4c22-8f7b-2a3a94de862b - - - - -] Service 5bcdc55f-3e46-402a-b78b-f801eaefad9a is updated service_manage_report /usr/lib/python3/dist-packages/heat/engine/service.py:2370
