2025-06-05 02:03:32.026 7 DEBUG oslo_service.service [-] ml2_type_geneve.vni_ranges = [] log_opt_values /var/lib/kolla/venv/lib/python3.6/site-packages/oslo_config/cfg.py:2611
2025-06-05 02:03:32.026 7 DEBUG oslo_service.service [-] ml2_type_gre.tunnel_id_ranges = [] log_opt_values /var/lib/kolla/venv/lib/python3.6/site-packages/oslo_config/cfg.py:2611
2025-06-05 02:03:32.026 7 DEBUG oslo_service.service [-] ml2_type_vlan.network_vlan_ranges = [] log_opt_values /var/lib/kolla/venv/lib/python3.6/site-packages/oslo_config/cfg.py:2611
2025-06-05 02:03:32.026 7 DEBUG oslo_service.service [-] ml2_type_vxlan.vni_ranges = [] log_opt_values /var/lib/kolla/venv/lib/python3.6/site-packages/oslo_config/cfg.py:2611
2025-06-05 02:03:32.026 7 DEBUG oslo_service.service [-] ml2_type_vxlan.vxlan_group = None log_opt_values /var/lib/kolla/venv/lib/python3.6/site-packages/oslo_config/cfg.py:2611
2025-06-05 02:03:32.026 7 DEBUG oslo_service.service [-] database.backend = sqlalchemy log_opt_values /var/lib/kolla/venv/lib/python3.6/site-packages/oslo_config/cfg.py:2611
2025-06-05 02:03:32.026 7 DEBUG oslo_service.service [-] database.connection = **** log_opt_values /var/lib/kolla/venv/lib/python3.6/site-packages/oslo_config/cfg.py:2611
2025-06-05 02:03:32.026 7 DEBUG oslo_service.service [-] database.connection_debug = 0 log_opt_values /var/lib/kolla/venv/lib/python3.6/site-packages/oslo_config/cfg.py:2611
2025-06-05 02:03:32.026 7 DEBUG oslo_service.service [-] database.connection_parameters = log_opt_values /var/lib/kolla/venv/lib/python3.6/site-packages/oslo_config/cfg.py:2611
2025-06-05 02:03:32.027 7 DEBUG oslo_service.service [-] database.connection_recycle_time = 10 log_opt_values /var/lib/kolla/venv/lib/python3.6/site-packages/oslo_config/cfg.py:2611
2025-06-05 02:03:32.027 7 DEBUG oslo_service.service [-] database.connection_trace = False log_opt_values /var/lib/kolla/venv/lib/python3.6/site-packages/oslo_config/cfg.py:2611
2025-06-05 02:03:32.027 7 DEBUG oslo_service.service [-] database.db_inc_retry_interval = True log_opt_values /var/lib/kolla/venv/lib/python3.6/site-packages/oslo_config/cfg.py:2611
2025-06-05 02:03:32.027 7 DEBUG oslo_service.service [-] database.db_max_retries = 20 log_opt_values /var/lib/kolla/venv/lib/python3.6/site-packages/oslo_config/cfg.py:2611
2025-06-05 02:03:32.027 7 DEBUG oslo_service.service [-] database.db_max_retry_interval = 10 log_opt_values /var/lib/kolla/venv/lib/python3.6/site-packages/oslo_config/cfg.py:2611
2025-06-05 02:03:32.027 7 DEBUG oslo_service.service [-] database.db_retry_interval = 1 log_opt_values /var/lib/kolla/venv/lib/python3.6/site-packages/oslo_config/cfg.py:2611
2025-06-05 02:03:32.027 7 DEBUG oslo_service.service [-] database.max_overflow = 50 log_opt_values /var/lib/kolla/venv/lib/python3.6/site-packages/oslo_config/cfg.py:2611
2025-06-05 02:03:32.027 7 DEBUG oslo_service.service [-] database.max_pool_size = 1 log_opt_values /var/lib/kolla/venv/lib/python3.6/site-packages/oslo_config/cfg.py:2611
2025-06-05 02:03:32.027 7 DEBUG oslo_service.service [-] database.max_retries = -1 log_opt_values /var/lib/kolla/venv/lib/python3.6/site-packages/oslo_config/cfg.py:2611
2025-06-05 02:03:32.027 7 DEBUG oslo_service.service [-] database.mysql_enable_ndb = False log_opt_values /var/lib/kolla/venv/lib/python3.6/site-packages/oslo_config/cfg.py:2611
2025-06-05 02:03:32.027 7 DEBUG oslo_service.service [-] database.mysql_sql_mode = TRADITIONAL log_opt_values /var/lib/kolla/venv/lib/python3.6/site-packages/oslo_config/cfg.py:2611
2025-06-05 02:03:32.027 7 DEBUG oslo_service.service [-] database.pool_timeout = None log_opt_values /var/lib/kolla/venv/lib/python3.6/site-packages/oslo_config/cfg.py:2611
2025-06-05 02:03:32.027 7 DEBUG oslo_service.service [-] database.retry_interval = 10 log_opt_values /var/lib/kolla/venv/lib/python3.6/site-packages/oslo_config/cfg.py:2611
2025-06-05 02:03:32.027 7 DEBUG oslo_service.service [-] database.slave_connection = **** log_opt_values /var/lib/kolla/venv/lib/python3.6/site-packages/oslo_config/cfg.py:2611
2025-06-05 02:03:32.028 7 DEBUG oslo_service.service [-] database.sqlite_synchronous = True log_opt_values /var/lib/kolla/venv/lib/python3.6/site-packages/oslo_config/cfg.py:2611
2025-06-05 02:03:32.028 7 DEBUG oslo_service.service [-] database.use_db_reconnect = False log_opt_values /var/lib/kolla/venv/lib/python3.6/site-packages/oslo_config/cfg.py:2611
2025-06-05 02:03:32.028 7 DEBUG oslo_service.service [-] ******************************************************************************** log_opt_values /var/lib/kolla/venv/lib/python3.6/site-packages/oslo_config/cfg.py:2613
2025-06-05 02:03:33.044 22 DEBUG neutron.wsgi [-] (22) accepted ('10.0.0.242', 55504) server /var/lib/kolla/venv/lib/python3.6/site-packages/eventlet/wsgi.py:1004
2025-06-05 02:03:33.052 22 INFO neutron.wsgi [-] 10.0.0.242 "GET / HTTP/1.1" status: 200 len: 228 time: 0.0065560
2025-06-05 02:03:36.530 25 DEBUG neutron.api.rpc.handlers.dhcp_rpc [req-a5ba2991-b5a5-4009-94e1-d2f4f302cdc3 - - - - -] get_active_networks_info from cn-jenkins-deploy-platform-ansible-os-3404-1 get_active_networks_info /var/lib/kolla/venv/lib/python3.6/site-packages/neutron/api/rpc/handlers/dhcp_rpc.py:159
2025-06-05 02:03:36.545 26 DEBUG neutron_lib.callbacks.manager [req-04dac8d7-22c3-44c1-9a9c-602f4fa924ad - - - - -] Publish callbacks ['neutron.services.segments.db._update_segment_host_mapping_for_agent-8772693143360', 'neutron.services.l3_router.l3_router_plugin.DVRResourceOperationHandler.create_fip_agent_gw_ports-8125117'] for agent (a91bf309-2193-4848-a1d3-c25dc3a3560b), after_create _notify_loop /var/lib/kolla/venv/lib/python3.6/site-packages/neutron_lib/callbacks/manager.py:177
2025-06-05 02:03:36.577 25 DEBUG neutron.scheduler.dhcp_agent_scheduler [req-a5ba2991-b5a5-4009-94e1-d2f4f302cdc3 - - - - -] No non-hosted networks auto_schedule_networks /var/lib/kolla/venv/lib/python3.6/site-packages/neutron/scheduler/dhcp_agent_scheduler.py:60
2025-06-05 02:03:54.912 27 DEBUG neutron_lib.callbacks.manager [req-da50d6bc-8e46-44b4-ac83-ae084745d0b2 - - - - -] Publish callbacks ['neutron.services.segments.db._update_segment_host_mapping_for_agent-8772693143360', 'neutron.services.l3_router.l3_router_plugin.DVRResourceOperationHandler.create_fip_agent_gw_ports-8125117'] for agent (c2672841-ce71-40a5-a464-245057046a8d), after_create _notify_loop /var/lib/kolla/venv/lib/python3.6/site-packages/neutron_lib/callbacks/manager.py:177
2025-06-05 02:04:03.106 22 DEBUG neutron.wsgi [-] (22) accepted ('10.0.0.242', 40326) server /var/lib/kolla/venv/lib/python3.6/site-packages/eventlet/wsgi.py:1004
2025-06-05 02:04:03.112 22 INFO neutron.wsgi [-] 10.0.0.242 "GET / HTTP/1.1" status: 200 len: 228 time: 0.0036187
2025-06-05 02:04:06.532 23 DEBUG neutron_lib.callbacks.manager [req-d4237db8-a85e-4a12-a831-52508c7e3f6f - - - - -] Publish callbacks ['neutron.services.segments.db._update_segment_host_mapping_for_agent-8772693143360', 'neutron.plugins.ml2.plugin.Ml2Plugin._retry_binding_revived_agents-842003'] for agent (a91bf309-2193-4848-a1d3-c25dc3a3560b), after_update _notify_loop /var/lib/kolla/venv/lib/python3.6/site-packages/neutron_lib/callbacks/manager.py:177
2025-06-05 02:04:15.988 29 DEBUG neutron.db.agents_db [req-cddb9055-741a-4c31-b517-6641f4c37d97 - - - - -] Agent healthcheck: found 2 active agents agent_health_check /var/lib/kolla/venv/lib/python3.6/site-packages/neutron/db/agents_db.py:318
2025-06-05 02:04:24.893 28 DEBUG neutron_lib.callbacks.manager [req-da50d6bc-8e46-44b4-ac83-ae084745d0b2 - - - - -] Publish callbacks ['neutron.services.segments.db._update_segment_host_mapping_for_agent-8772693143360', 'neutron.plugins.ml2.plugin.Ml2Plugin._retry_binding_revived_agents-842003'] for agent (c2672841-ce71-40a5-a464-245057046a8d), after_update _notify_loop /var/lib/kolla/venv/lib/python3.6/site-packages/neutron_lib/callbacks/manager.py:177
2025-06-05 02:04:33.162 22 DEBUG neutron.wsgi [-] (22) accepted ('10.0.0.242', 58858) server /var/lib/kolla/venv/lib/python3.6/site-packages/eventlet/wsgi.py:1004
2025-06-05 02:04:33.166 22 INFO neutron.wsgi [-] 10.0.0.242 "GET / HTTP/1.1" status: 200 len: 228 time: 0.0033865
2025-06-05 02:04:36.527 24 DEBUG neutron_lib.callbacks.manager [req-4759cb35-ca47-4702-bb4f-044156d37174 - - - - -] Publish callbacks ['neutron.services.segments.db._update_segment_host_mapping_for_agent-8772693143360', 'neutron.plugins.ml2.plugin.Ml2Plugin._retry_binding_revived_agents-842003'] for agent (a91bf309-2193-4848-a1d3-c25dc3a3560b), after_update _notify_loop /var/lib/kolla/venv/lib/python3.6/site-packages/neutron_lib/callbacks/manager.py:177
2025-06-05 02:04:52.976 29 DEBUG neutron.db.agents_db [req-cddb9055-741a-4c31-b517-6641f4c37d97 - - - - -] Agent healthcheck: found 2 active agents agent_health_check /var/lib/kolla/venv/lib/python3.6/site-packages/neutron/db/agents_db.py:318
2025-06-05 02:04:54.885 25 DEBUG neutron_lib.callbacks.manager [req-da50d6bc-8e46-44b4-ac83-ae084745d0b2 - - - - -] Publish callbacks ['neutron.services.segments.db._update_segment_host_mapping_for_agent-8772693143360', 'neutron.plugins.ml2.plugin.Ml2Plugin._retry_binding_revived_agents-842003'] for agent (c2672841-ce71-40a5-a464-245057046a8d), after_update _notify_loop /var/lib/kolla/venv/lib/python3.6/site-packages/neutron_lib/callbacks/manager.py:177
2025-06-05 02:05:03.217 22 DEBUG neutron.wsgi [-] (22) accepted ('10.0.0.242', 51844) server /var/lib/kolla/venv/lib/python3.6/site-packages/eventlet/wsgi.py:1004
2025-06-05 02:05:03.221 22 INFO neutron.wsgi [-] 10.0.0.242 "GET / HTTP/1.1" status: 200 len: 228 time: 0.0029409
2025-06-05 02:05:06.508 26 DEBUG neutron_lib.callbacks.manager [req-1b1359c7-30a4-43aa-a986-452d07bb88b9 - - - - -] Publish callbacks ['neutron.services.segments.db._update_segment_host_mapping_for_agent-8772693143360', 'neutron.plugins.ml2.plugin.Ml2Plugin._retry_binding_revived_agents-842003'] for agent (a91bf309-2193-4848-a1d3-c25dc3a3560b), after_update _notify_loop /var/lib/kolla/venv/lib/python3.6/site-packages/neutron_lib/callbacks/manager.py:177
2025-06-05 02:05:24.894 27 DEBUG neutron_lib.callbacks.manager [req-da50d6bc-8e46-44b4-ac83-ae084745d0b2 - - - - -] Publish callbacks ['neutron.services.segments.db._update_segment_host_mapping_for_agent-8772693143360', 'neutron.plugins.ml2.plugin.Ml2Plugin._retry_binding_revived_agents-842003'] for agent (c2672841-ce71-40a5-a464-245057046a8d), after_update _notify_loop /var/lib/kolla/venv/lib/python3.6/site-packages/neutron_lib/callbacks/manager.py:177
2025-06-05 02:05:29.976 29 DEBUG neutron.db.agents_db [req-cddb9055-741a-4c31-b517-6641f4c37d97 - - - - -] Agent healthcheck: found 2 active agents agent_health_check /var/lib/kolla/venv/lib/python3.6/site-packages/neutron/db/agents_db.py:318
2025-06-05 02:05:33.274 22 DEBUG neutron.wsgi [-] (22) accepted ('10.0.0.242', 40908) server /var/lib/kolla/venv/lib/python3.6/site-packages/eventlet/wsgi.py:1004
2025-06-05 02:05:33.279 22 INFO neutron.wsgi [-] 10.0.0.242 "GET / HTTP/1.1" status: 200 len: 228 time: 0.0038581
2025-06-05 02:05:36.506 23 DEBUG neutron_lib.callbacks.manager [req-2ecd5f51-22d8-464d-9234-a5f438bf06b4 - - - - -] Publish callbacks ['neutron.services.segments.db._update_segment_host_mapping_for_agent-8772693143360', 'neutron.plugins.ml2.plugin.Ml2Plugin._retry_binding_revived_agents-842003'] for agent (a91bf309-2193-4848-a1d3-c25dc3a3560b), after_update _notify_loop /var/lib/kolla/venv/lib/python3.6/site-packages/neutron_lib/callbacks/manager.py:177
2025-06-05 02:05:54.883 28 DEBUG neutron_lib.callbacks.manager [req-da50d6bc-8e46-44b4-ac83-ae084745d0b2 - - - - -] Publish callbacks ['neutron.services.segments.db._update_segment_host_mapping_for_agent-8772693143360', 'neutron.plugins.ml2.plugin.Ml2Plugin._retry_binding_revived_agents-842003'] for agent (c2672841-ce71-40a5-a464-245057046a8d), after_update _notify_loop /var/lib/kolla/venv/lib/python3.6/site-packages/neutron_lib/callbacks/manager.py:177
2025-06-05 02:06:03.330 22 DEBUG neutron.wsgi [-] (22) accepted ('10.0.0.242', 58302) server /var/lib/kolla/venv/lib/python3.6/site-packages/eventlet/wsgi.py:1004
2025-06-05 02:06:03.337 22 INFO neutron.wsgi [-] 10.0.0.242 "GET / HTTP/1.1" status: 200 len: 228 time: 0.0055935
2025-06-05 02:06:06.503 24 DEBUG neutron_lib.callbacks.manager [req-504a4c7a-2ee5-48db-b97e-bd6a3bd0e625 - - - - -] Publish callbacks ['neutron.services.segments.db._update_segment_host_mapping_for_agent-8772693143360', 'neutron.plugins.ml2.plugin.Ml2Plugin._retry_binding_revived_agents-842003'] for agent (a91bf309-2193-4848-a1d3-c25dc3a3560b), after_update _notify_loop /var/lib/kolla/venv/lib/python3.6/site-packages/neutron_lib/callbacks/manager.py:177
2025-06-05 02:06:06.974 29 DEBUG neutron.db.agents_db [req-cddb9055-741a-4c31-b517-6641f4c37d97 - - - - -] Agent healthcheck: found 2 active agents agent_health_check /var/lib/kolla/venv/lib/python3.6/site-packages/neutron/db/agents_db.py:318
2025-06-05 02:06:24.888 25 DEBUG neutron_lib.callbacks.manager [req-da50d6bc-8e46-44b4-ac83-ae084745d0b2 - - - - -] Publish callbacks ['neutron.services.segments.db._update_segment_host_mapping_for_agent-8772693143360', 'neutron.plugins.ml2.plugin.Ml2Plugin._retry_binding_revived_agents-842003'] for agent (c2672841-ce71-40a5-a464-245057046a8d), after_update _notify_loop /var/lib/kolla/venv/lib/python3.6/site-packages/neutron_lib/callbacks/manager.py:177
2025-06-05 02:06:33.392 22 DEBUG neutron.wsgi [-] (22) accepted ('10.0.0.242', 39818) server /var/lib/kolla/venv/lib/python3.6/site-packages/eventlet/wsgi.py:1004
2025-06-05 02:06:33.395 22 INFO neutron.wsgi [-] 10.0.0.242 "GET / HTTP/1.1" status: 200 len: 228 time: 0.0028813
2025-06-05 02:06:36.501 26 DEBUG neutron_lib.callbacks.manager [req-695f6ecf-eaa5-4716-aed8-a5e06bbd6b83 - - - - -] Publish callbacks ['neutron.services.segments.db._update_segment_host_mapping_for_agent-8772693143360', 'neutron.plugins.ml2.plugin.Ml2Plugin._retry_binding_revived_agents-842003'] for agent (a91bf309-2193-4848-a1d3-c25dc3a3560b), after_update _notify_loop /var/lib/kolla/venv/lib/python3.6/site-packages/neutron_lib/callbacks/manager.py:177
2025-06-05 02:06:43.973 29 DEBUG neutron.db.agents_db [req-cddb9055-741a-4c31-b517-6641f4c37d97 - - - - -] Agent healthcheck: found 2 active agents agent_health_check /var/lib/kolla/venv/lib/python3.6/site-packages/neutron/db/agents_db.py:318
2025-06-05 02:06:54.889 27 DEBUG neutron_lib.callbacks.manager [req-da50d6bc-8e46-44b4-ac83-ae084745d0b2 - - - - -] Publish callbacks ['neutron.services.segments.db._update_segment_host_mapping_for_agent-8772693143360', 'neutron.plugins.ml2.plugin.Ml2Plugin._retry_binding_revived_agents-842003'] for agent (c2672841-ce71-40a5-a464-245057046a8d), after_update _notify_loop /var/lib/kolla/venv/lib/python3.6/site-packages/neutron_lib/callbacks/manager.py:177
2025-06-05 02:07:03.450 22 DEBUG neutron.wsgi [-] (22) accepted ('10.0.0.242', 40882) server /var/lib/kolla/venv/lib/python3.6/site-packages/eventlet/wsgi.py:1004
2025-06-05 02:07:03.455 22 INFO neutron.wsgi [-] 10.0.0.242 "GET / HTTP/1.1" status: 200 len: 228 time: 0.0033209
2025-06-05 02:07:06.498 23 DEBUG neutron_lib.callbacks.manager [req-a445dce4-49ff-4c84-8378-d3c74abb474e - - - - -] Publish callbacks ['neutron.services.segments.db._update_segment_host_mapping_for_agent-8772693143360', 'neutron.plugins.ml2.plugin.Ml2Plugin._retry_binding_revived_agents-842003'] for agent (a91bf309-2193-4848-a1d3-c25dc3a3560b), after_update _notify_loop /var/lib/kolla/venv/lib/python3.6/site-packages/neutron_lib/callbacks/manager.py:177
2025-06-05 02:07:20.973 29 DEBUG neutron.db.agents_db [req-cddb9055-741a-4c31-b517-6641f4c37d97 - - - - -] Agent healthcheck: found 2 active agents agent_health_check /var/lib/kolla/venv/lib/python3.6/site-packages/neutron/db/agents_db.py:318
2025-06-05 02:07:24.892 28 DEBUG neutron_lib.callbacks.manager [req-da50d6bc-8e46-44b4-ac83-ae084745d0b2 - - - - -] Publish callbacks ['neutron.services.segments.db._update_segment_host_mapping_for_agent-8772693143360', 'neutron.plugins.ml2.plugin.Ml2Plugin._retry_binding_revived_agents-842003'] for agent (c2672841-ce71-40a5-a464-245057046a8d), after_update _notify_loop /var/lib/kolla/venv/lib/python3.6/site-packages/neutron_lib/callbacks/manager.py:177
2025-06-05 02:07:33.516 22 DEBUG neutron.wsgi [-] (22) accepted ('10.0.0.242', 46732) server /var/lib/kolla/venv/lib/python3.6/site-packages/eventlet/wsgi.py:1004
2025-06-05 02:07:33.521 22 INFO neutron.wsgi [-] 10.0.0.242 "GET / HTTP/1.1" status: 200 len: 228 time: 0.0038712
2025-06-05 02:07:36.497 24 DEBUG neutron_lib.callbacks.manager [req-58e86aca-81e1-4a47-a6ce-c7f9675fd96d - - - - -] Publish callbacks ['neutron.services.segments.db._update_segment_host_mapping_for_agent-8772693143360', 'neutron.plugins.ml2.plugin.Ml2Plugin._retry_binding_revived_agents-842003'] for agent (a91bf309-2193-4848-a1d3-c25dc3a3560b), after_update _notify_loop /var/lib/kolla/venv/lib/python3.6/site-packages/neutron_lib/callbacks/manager.py:177
2025-06-05 02:07:54.895 25 DEBUG neutron_lib.callbacks.manager [req-da50d6bc-8e46-44b4-ac83-ae084745d0b2 - - - - -] Publish callbacks ['neutron.services.segments.db._update_segment_host_mapping_for_agent-8772693143360', 'neutron.plugins.ml2.plugin.Ml2Plugin._retry_binding_revived_agents-842003'] for agent (c2672841-ce71-40a5-a464-245057046a8d), after_update _notify_loop /var/lib/kolla/venv/lib/python3.6/site-packages/neutron_lib/callbacks/manager.py:177
2025-06-05 02:07:57.973 29 DEBUG neutron.db.agents_db [req-cddb9055-741a-4c31-b517-6641f4c37d97 - - - - -] Agent healthcheck: found 2 active agents agent_health_check /var/lib/kolla/venv/lib/python3.6/site-packages/neutron/db/agents_db.py:318
2025-06-05 02:08:03.572 22 DEBUG neutron.wsgi [-] (22) accepted ('10.0.0.242', 42838) server /var/lib/kolla/venv/lib/python3.6/site-packages/eventlet/wsgi.py:1004
2025-06-05 02:08:03.576 22 INFO neutron.wsgi [-] 10.0.0.242 "GET / HTTP/1.1" status: 200 len: 228 time: 0.0037100
2025-06-05 02:08:06.494 26 DEBUG neutron_lib.callbacks.manager [req-efdbfea0-7991-49e3-98d4-8eb6b8ef85ae - - - - -] Publish callbacks ['neutron.services.segments.db._update_segment_host_mapping_for_agent-8772693143360', 'neutron.plugins.ml2.plugin.Ml2Plugin._retry_binding_revived_agents-842003'] for agent (a91bf309-2193-4848-a1d3-c25dc3a3560b), after_update _notify_loop /var/lib/kolla/venv/lib/python3.6/site-packages/neutron_lib/callbacks/manager.py:177
2025-06-05 02:08:24.897 27 DEBUG neutron_lib.callbacks.manager [req-da50d6bc-8e46-44b4-ac83-ae084745d0b2 - - - - -] Publish callbacks ['neutron.services.segments.db._update_segment_host_mapping_for_agent-8772693143360', 'neutron.plugins.ml2.plugin.Ml2Plugin._retry_binding_revived_agents-842003'] for agent (c2672841-ce71-40a5-a464-245057046a8d), after_update _notify_loop /var/lib/kolla/venv/lib/python3.6/site-packages/neutron_lib/callbacks/manager.py:177
2025-06-05 02:08:33.626 22 DEBUG neutron.wsgi [-] (22) accepted ('10.0.0.242', 39822) server /var/lib/kolla/venv/lib/python3.6/site-packages/eventlet/wsgi.py:1004
2025-06-05 02:08:33.631 22 INFO neutron.wsgi [-] 10.0.0.242 "GET / HTTP/1.1" status: 200 len: 228 time: 0.0042870
2025-06-05 02:08:34.971 29 DEBUG neutron.db.agents_db [req-cddb9055-741a-4c31-b517-6641f4c37d97 - - - - -] Agent healthcheck: found 2 active agents agent_health_check /var/lib/kolla/venv/lib/python3.6/site-packages/neutron/db/agents_db.py:318
2025-06-05 02:08:36.492 23 DEBUG neutron_lib.callbacks.manager [req-ea1c1419-f113-4fe3-8465-fd5be36f08ea - - - - -] Publish callbacks ['neutron.services.segments.db._update_segment_host_mapping_for_agent-8772693143360', 'neutron.plugins.ml2.plugin.Ml2Plugin._retry_binding_revived_agents-842003'] for agent (a91bf309-2193-4848-a1d3-c25dc3a3560b), after_update _notify_loop /var/lib/kolla/venv/lib/python3.6/site-packages/neutron_lib/callbacks/manager.py:177
2025-06-05 02:08:54.900 28 DEBUG neutron_lib.callbacks.manager [req-da50d6bc-8e46-44b4-ac83-ae084745d0b2 - - - - -] Publish callbacks ['neutron.services.segments.db._update_segment_host_mapping_for_agent-8772693143360', 'neutron.plugins.ml2.plugin.Ml2Plugin._retry_binding_revived_agents-842003'] for agent (c2672841-ce71-40a5-a464-245057046a8d), after_update _notify_loop /var/lib/kolla/venv/lib/python3.6/site-packages/neutron_lib/callbacks/manager.py:177
2025-06-05 02:09:03.680 22 DEBUG neutron.wsgi [-] (22) accepted ('10.0.0.242', 53672) server /var/lib/kolla/venv/lib/python3.6/site-packages/eventlet/wsgi.py:1004
2025-06-05 02:09:03.684 22 INFO neutron.wsgi [-] 10.0.0.242 "GET / HTTP/1.1" status: 200 len: 228 time: 0.0032170
2025-06-05 02:09:06.491 24 DEBUG neutron_lib.callbacks.manager [req-a706b3e8-1696-4625-87af-5d9766da4334 - - - - -] Publish callbacks ['neutron.services.segments.db._update_segment_host_mapping_for_agent-8772693143360', 'neutron.plugins.ml2.plugin.Ml2Plugin._retry_binding_revived_agents-842003'] for agent (a91bf309-2193-4848-a1d3-c25dc3a3560b), after_update _notify_loop /var/lib/kolla/venv/lib/python3.6/site-packages/neutron_lib/callbacks/manager.py:177
2025-06-05 02:09:11.972 29 DEBUG neutron.db.agents_db [req-cddb9055-741a-4c31-b517-6641f4c37d97 - - - - -] Agent healthcheck: found 2 active agents agent_health_check /var/lib/kolla/venv/lib/python3.6/site-packages/neutron/db/agents_db.py:318
2025-06-05 02:09:24.902 25 DEBUG neutron_lib.callbacks.manager [req-da50d6bc-8e46-44b4-ac83-ae084745d0b2 - - - - -] Publish callbacks ['neutron.services.segments.db._update_segment_host_mapping_for_agent-8772693143360', 'neutron.plugins.ml2.plugin.Ml2Plugin._retry_binding_revived_agents-842003'] for agent (c2672841-ce71-40a5-a464-245057046a8d), after_update _notify_loop /var/lib/kolla/venv/lib/python3.6/site-packages/neutron_lib/callbacks/manager.py:177
2025-06-05 02:09:33.743 22 DEBUG neutron.wsgi [-] (22) accepted ('10.0.0.242', 56152) server /var/lib/kolla/venv/lib/python3.6/site-packages/eventlet/wsgi.py:1004
2025-06-05 02:09:33.748 22 INFO neutron.wsgi [-] 10.0.0.242 "GET / HTTP/1.1" status: 200 len: 228 time: 0.0041537
2025-06-05 02:09:36.489 26 DEBUG neutron_lib.callbacks.manager [req-575aad9b-981f-4695-a54a-72a0b0abcd12 - - - - -] Publish callbacks ['neutron.services.segments.db._update_segment_host_mapping_for_agent-8772693143360', 'neutron.plugins.ml2.plugin.Ml2Plugin._retry_binding_revived_agents-842003'] for agent (a91bf309-2193-4848-a1d3-c25dc3a3560b), after_update _notify_loop /var/lib/kolla/venv/lib/python3.6/site-packages/neutron_lib/callbacks/manager.py:177
2025-06-05 02:09:48.971 29 DEBUG neutron.db.agents_db [req-cddb9055-741a-4c31-b517-6641f4c37d97 - - - - -] Agent healthcheck: found 2 active agents agent_health_check /var/lib/kolla/venv/lib/python3.6/site-packages/neutron/db/agents_db.py:318
2025-06-05 02:09:54.905 27 DEBUG neutron_lib.callbacks.manager [req-da50d6bc-8e46-44b4-ac83-ae084745d0b2 - - - - -] Publish callbacks ['neutron.services.segments.db._update_segment_host_mapping_for_agent-8772693143360', 'neutron.plugins.ml2.plugin.Ml2Plugin._retry_binding_revived_agents-842003'] for agent (c2672841-ce71-40a5-a464-245057046a8d), after_update _notify_loop /var/lib/kolla/venv/lib/python3.6/site-packages/neutron_lib/callbacks/manager.py:177
2025-06-05 02:10:03.799 22 DEBUG neutron.wsgi [-] (22) accepted ('10.0.0.242', 57218) server /var/lib/kolla/venv/lib/python3.6/site-packages/eventlet/wsgi.py:1004
2025-06-05 02:10:03.803 22 INFO neutron.wsgi [-] 10.0.0.242 "GET / HTTP/1.1" status: 200 len: 228 time: 0.0031459
2025-06-05 02:10:06.488 23 DEBUG neutron_lib.callbacks.manager [req-20aef73d-87ef-4191-8440-7f7671eb2b5a - - - - -] Publish callbacks ['neutron.services.segments.db._update_segment_host_mapping_for_agent-8772693143360', 'neutron.plugins.ml2.plugin.Ml2Plugin._retry_binding_revived_agents-842003'] for agent (a91bf309-2193-4848-a1d3-c25dc3a3560b), after_update _notify_loop /var/lib/kolla/venv/lib/python3.6/site-packages/neutron_lib/callbacks/manager.py:177
2025-06-05 02:10:24.911 28 DEBUG neutron_lib.callbacks.manager [req-da50d6bc-8e46-44b4-ac83-ae084745d0b2 - - - - -] Publish callbacks ['neutron.services.segments.db._update_segment_host_mapping_for_agent-8772693143360', 'neutron.plugins.ml2.plugin.Ml2Plugin._retry_binding_revived_agents-842003'] for agent (c2672841-ce71-40a5-a464-245057046a8d), after_update _notify_loop /var/lib/kolla/venv/lib/python3.6/site-packages/neutron_lib/callbacks/manager.py:177
2025-06-05 02:10:25.972 29 DEBUG neutron.db.agents_db [req-cddb9055-741a-4c31-b517-6641f4c37d97 - - - - -] Agent healthcheck: found 2 active agents agent_health_check /var/lib/kolla/venv/lib/python3.6/site-packages/neutron/db/agents_db.py:318
2025-06-05 02:10:33.858 22 DEBUG neutron.wsgi [-] (22) accepted ('10.0.0.242', 51762) server /var/lib/kolla/venv/lib/python3.6/site-packages/eventlet/wsgi.py:1004
2025-06-05 02:10:33.863 22 INFO neutron.wsgi [-] 10.0.0.242 "GET / HTTP/1.1" status: 200 len: 228 time: 0.0030258
2025-06-05 02:10:36.492 24 DEBUG neutron_lib.callbacks.manager [req-999507a9-db82-4b43-9f65-d64b0f3143a2 - - - - -] Publish callbacks ['neutron.services.segments.db._update_segment_host_mapping_for_agent-8772693143360', 'neutron.plugins.ml2.plugin.Ml2Plugin._retry_binding_revived_agents-842003'] for agent (a91bf309-2193-4848-a1d3-c25dc3a3560b), after_update _notify_loop /var/lib/kolla/venv/lib/python3.6/site-packages/neutron_lib/callbacks/manager.py:177
2025-06-05 02:10:54.906 25 DEBUG neutron_lib.callbacks.manager [req-da50d6bc-8e46-44b4-ac83-ae084745d0b2 - - - - -] Publish callbacks ['neutron.services.segments.db._update_segment_host_mapping_for_agent-8772693143360', 'neutron.plugins.ml2.plugin.Ml2Plugin._retry_binding_revived_agents-842003'] for agent (c2672841-ce71-40a5-a464-245057046a8d), after_update _notify_loop /var/lib/kolla/venv/lib/python3.6/site-packages/neutron_lib/callbacks/manager.py:177
2025-06-05 02:11:02.971 29 DEBUG neutron.db.agents_db [req-cddb9055-741a-4c31-b517-6641f4c37d97 - - - - -] Agent healthcheck: found 2 active agents agent_health_check /var/lib/kolla/venv/lib/python3.6/site-packages/neutron/db/agents_db.py:318
2025-06-05 02:11:03.923 22 DEBUG neutron.wsgi [-] (22) accepted ('10.0.0.242', 58716) server /var/lib/kolla/venv/lib/python3.6/site-packages/eventlet/wsgi.py:1004
2025-06-05 02:11:03.928 22 INFO neutron.wsgi [-] 10.0.0.242 "GET / HTTP/1.1" status: 200 len: 228 time: 0.0046391
2025-06-05 02:11:06.494 26 DEBUG neutron_lib.callbacks.manager [req-1e634901-882f-409a-abe1-ccaf67dba186 - - - - -] Publish callbacks ['neutron.services.segments.db._update_segment_host_mapping_for_agent-8772693143360', 'neutron.plugins.ml2.plugin.Ml2Plugin._retry_binding_revived_agents-842003'] for agent (a91bf309-2193-4848-a1d3-c25dc3a3560b), after_update _notify_loop /var/lib/kolla/venv/lib/python3.6/site-packages/neutron_lib/callbacks/manager.py:177
2025-06-05 02:11:24.907 27 DEBUG neutron_lib.callbacks.manager [req-da50d6bc-8e46-44b4-ac83-ae084745d0b2 - - - - -] Publish callbacks ['neutron.services.segments.db._update_segment_host_mapping_for_agent-8772693143360', 'neutron.plugins.ml2.plugin.Ml2Plugin._retry_binding_revived_agents-842003'] for agent (c2672841-ce71-40a5-a464-245057046a8d), after_update _notify_loop /var/lib/kolla/venv/lib/python3.6/site-packages/neutron_lib/callbacks/manager.py:177
2025-06-05 02:11:33.979 22 DEBUG neutron.wsgi [-] (22) accepted ('10.0.0.242', 35256) server /var/lib/kolla/venv/lib/python3.6/site-packages/eventlet/wsgi.py:1004
2025-06-05 02:11:33.984 22 INFO neutron.wsgi [-] 10.0.0.242 "GET / HTTP/1.1" status: 200 len: 228 time: 0.0030694
2025-06-05 02:11:36.492 23 DEBUG neutron_lib.callbacks.manager [req-095c0fc5-6c8d-44f2-81c1-8adf3cb33024 - - - - -] Publish callbacks ['neutron.services.segments.db._update_segment_host_mapping_for_agent-8772693143360', 'neutron.plugins.ml2.plugin.Ml2Plugin._retry_binding_revived_agents-842003'] for agent (a91bf309-2193-4848-a1d3-c25dc3a3560b), after_update _notify_loop /var/lib/kolla/venv/lib/python3.6/site-packages/neutron_lib/callbacks/manager.py:177
2025-06-05 02:11:39.975 29 DEBUG neutron.db.agents_db [req-cddb9055-741a-4c31-b517-6641f4c37d97 - - - - -] Agent healthcheck: found 2 active agents agent_health_check /var/lib/kolla/venv/lib/python3.6/site-packages/neutron/db/agents_db.py:318
2025-06-05 02:11:54.974 28 DEBUG neutron_lib.callbacks.manager [req-da50d6bc-8e46-44b4-ac83-ae084745d0b2 - - - - -] Publish callbacks ['neutron.services.segments.db._update_segment_host_mapping_for_agent-8772693143360', 'neutron.plugins.ml2.plugin.Ml2Plugin._retry_binding_revived_agents-842003'] for agent (c2672841-ce71-40a5-a464-245057046a8d), after_update _notify_loop /var/lib/kolla/venv/lib/python3.6/site-packages/neutron_lib/callbacks/manager.py:177
2025-06-05 02:12:04.042 22 DEBUG neutron.wsgi [-] (22) accepted ('10.0.0.242', 40002) server /var/lib/kolla/venv/lib/python3.6/site-packages/eventlet/wsgi.py:1004
2025-06-05 02:12:04.047 22 INFO neutron.wsgi [-] 10.0.0.242 "GET / HTTP/1.1" status: 200 len: 228 time: 0.0034385
2025-06-05 02:12:06.493 24 DEBUG neutron_lib.callbacks.manager [req-7c23a73a-a5cf-4c33-bbe3-4dc6e5bba5f9 - - - - -] Publish callbacks ['neutron.services.segments.db._update_segment_host_mapping_for_agent-8772693143360', 'neutron.plugins.ml2.plugin.Ml2Plugin._retry_binding_revived_agents-842003'] for agent (a91bf309-2193-4848-a1d3-c25dc3a3560b), after_update _notify_loop /var/lib/kolla/venv/lib/python3.6/site-packages/neutron_lib/callbacks/manager.py:177
2025-06-05 02:12:16.975 29 DEBUG neutron.db.agents_db [req-cddb9055-741a-4c31-b517-6641f4c37d97 - - - - -] Agent healthcheck: found 2 active agents agent_health_check /var/lib/kolla/venv/lib/python3.6/site-packages/neutron/db/agents_db.py:318
2025-06-05 02:12:24.913 25 DEBUG neutron_lib.callbacks.manager [req-da50d6bc-8e46-44b4-ac83-ae084745d0b2 - - - - -] Publish callbacks ['neutron.services.segments.db._update_segment_host_mapping_for_agent-8772693143360', 'neutron.plugins.ml2.plugin.Ml2Plugin._retry_binding_revived_agents-842003'] for agent (c2672841-ce71-40a5-a464-245057046a8d), after_update _notify_loop /var/lib/kolla/venv/lib/python3.6/site-packages/neutron_lib/callbacks/manager.py:177
2025-06-05 02:12:34.106 22 DEBUG neutron.wsgi [-] (22) accepted ('10.0.0.242', 47716) server /var/lib/kolla/venv/lib/python3.6/site-packages/eventlet/wsgi.py:1004
2025-06-05 02:12:34.110 22 INFO neutron.wsgi [-] 10.0.0.242 "GET / HTTP/1.1" status: 200 len: 228 time: 0.0030215
2025-06-05 02:12:36.492 26 DEBUG neutron_lib.callbacks.manager [req-fbbac6fc-b0b1-46df-bd54-eeb2fc209e98 - - - - -] Publish callbacks ['neutron.services.segments.db._update_segment_host_mapping_for_agent-8772693143360', 'neutron.plugins.ml2.plugin.Ml2Plugin._retry_binding_revived_agents-842003'] for agent (a91bf309-2193-4848-a1d3-c25dc3a3560b), after_update _notify_loop /var/lib/kolla/venv/lib/python3.6/site-packages/neutron_lib/callbacks/manager.py:177
2025-06-05 02:12:53.976 29 DEBUG neutron.db.agents_db [req-cddb9055-741a-4c31-b517-6641f4c37d97 - - - - -] Agent healthcheck: found 2 active agents agent_health_check /var/lib/kolla/venv/lib/python3.6/site-packages/neutron/db/agents_db.py:318
2025-06-05 02:12:54.936 27 DEBUG neutron_lib.callbacks.manager [req-da50d6bc-8e46-44b4-ac83-ae084745d0b2 - - - - -] Publish callbacks ['neutron.services.segments.db._update_segment_host_mapping_for_agent-8772693143360', 'neutron.plugins.ml2.plugin.Ml2Plugin._retry_binding_revived_agents-842003'] for agent (c2672841-ce71-40a5-a464-245057046a8d), after_update _notify_loop /var/lib/kolla/venv/lib/python3.6/site-packages/neutron_lib/callbacks/manager.py:177
2025-06-05 02:13:01.259 7 INFO oslo_service.service [-] Caught SIGTERM, stopping children
2025-06-05 02:13:01.260 7 DEBUG oslo_concurrency.lockutils [-] Acquired lock "singleton_lock" lock /var/lib/kolla/venv/lib/python3.6/site-packages/oslo_concurrency/lockutils.py:294
2025-06-05 02:13:01.260 7 DEBUG oslo_concurrency.lockutils [-] Releasing lock "singleton_lock" lock /var/lib/kolla/venv/lib/python3.6/site-packages/oslo_concurrency/lockutils.py:312
2025-06-05 02:13:01.260 7 DEBUG oslo_service.service [-] Stop services. stop /var/lib/kolla/venv/lib/python3.6/site-packages/oslo_service/service.py:695
2025-06-05 02:13:01.260 7 DEBUG neutron.service [-] calling RpcWorker stop() stop /var/lib/kolla/venv/lib/python3.6/site-packages/neutron/service.py:138
2025-06-05 02:13:01.261 7 DEBUG neutron.service [-] calling RpcWorker stop() stop /var/lib/kolla/venv/lib/python3.6/site-packages/neutron/service.py:138
2025-06-05 02:13:01.261 7 DEBUG oslo_service.service [-] Killing children. stop /var/lib/kolla/venv/lib/python3.6/site-packages/oslo_service/service.py:700
2025-06-05 02:13:01.261 7 INFO oslo_service.service [-] Waiting on 8 children to exit
2025-06-05 02:13:01.266 22 INFO neutron.wsgi [-] (22) wsgi exited, is_accepting=True
2025-06-05 02:13:01.267 22 DEBUG oslo_concurrency.lockutils [req-1e1058b3-e7b0-4ebb-8dda-a329aaa50b24 - - - - -] Acquired lock "singleton_lock" lock /var/lib/kolla/venv/lib/python3.6/site-packages/oslo_concurrency/lockutils.py:294
2025-06-05 02:13:01.269 28 DEBUG neutron.service [-] calling RpcWorker stop() stop /var/lib/kolla/venv/lib/python3.6/site-packages/neutron/service.py:138
2025-06-05 02:13:01.270 24 DEBUG neutron.service [-] calling RpcWorker stop() stop /var/lib/kolla/venv/lib/python3.6/site-packages/neutron/service.py:138
2025-06-05 02:13:01.270 26 DEBUG neutron.service [-] calling RpcWorker stop() stop /var/lib/kolla/venv/lib/python3.6/site-packages/neutron/service.py:138
2025-06-05 02:13:01.271 23 DEBUG neutron.service [-] calling RpcWorker stop() stop /var/lib/kolla/venv/lib/python3.6/site-packages/neutron/service.py:138
2025-06-05 02:13:01.271 25 DEBUG neutron.service [-] calling RpcWorker stop() stop /var/lib/kolla/venv/lib/python3.6/site-packages/neutron/service.py:138
2025-06-05 02:13:01.272 25 DEBUG neutron.service [-] calling stop on stop /var/lib/kolla/venv/lib/python3.6/site-packages/neutron/service.py:141
2025-06-05 02:13:01.271 26 DEBUG neutron.service [-] calling stop on stop /var/lib/kolla/venv/lib/python3.6/site-packages/neutron/service.py:141
2025-06-05 02:13:01.271 24 DEBUG neutron.service [-] calling stop on stop /var/lib/kolla/venv/lib/python3.6/site-packages/neutron/service.py:141
2025-06-05 02:13:01.274 29 DEBUG neutron.service [-] calling RpcWorker stop() stop /var/lib/kolla/venv/lib/python3.6/site-packages/neutron/service.py:138
2025-06-05 02:13:01.274 27 DEBUG neutron.service [-] calling RpcWorker stop() stop /var/lib/kolla/venv/lib/python3.6/site-packages/neutron/service.py:138
2025-06-05 02:13:01.271 23 DEBUG neutron.service [-] calling stop on stop /var/lib/kolla/venv/lib/python3.6/site-packages/neutron/service.py:141
2025-06-05 02:13:01.274 29 DEBUG neutron.service [-] calling stop on stop /var/lib/kolla/venv/lib/python3.6/site-packages/neutron/service.py:141
2025-06-05 02:13:01.273 22 DEBUG oslo_concurrency.lockutils [req-1e1058b3-e7b0-4ebb-8dda-a329aaa50b24 - - - - -] Releasing lock "singleton_lock" lock /var/lib/kolla/venv/lib/python3.6/site-packages/oslo_concurrency/lockutils.py:312
2025-06-05 02:13:01.274 27 DEBUG neutron.service [-] calling stop on stop /var/lib/kolla/venv/lib/python3.6/site-packages/neutron/service.py:141
2025-06-05 02:13:01.270 28 DEBUG neutron.service [-] calling stop on stop /var/lib/kolla/venv/lib/python3.6/site-packages/neutron/service.py:141
2025-06-05 02:13:01.284 7 INFO oslo_service.service [-] Child 22 exited with status 0
2025-06-05 02:13:03.115 27 DEBUG oslo_concurrency.lockutils [req-1e1058b3-e7b0-4ebb-8dda-a329aaa50b24 - - - - -] Acquired lock "singleton_lock" lock /var/lib/kolla/venv/lib/python3.6/site-packages/oslo_concurrency/lockutils.py:294
2025-06-05 02:13:03.115 27 DEBUG oslo_concurrency.lockutils [req-1e1058b3-e7b0-4ebb-8dda-a329aaa50b24 - - - - -] Releasing lock "singleton_lock" lock /var/lib/kolla/venv/lib/python3.6/site-packages/oslo_concurrency/lockutils.py:312
2025-06-05 02:13:03.115 27 DEBUG neutron.service [req-1e1058b3-e7b0-4ebb-8dda-a329aaa50b24 - - - - -] calling RpcWorker wait() _wait /var/lib/kolla/venv/lib/python3.6/site-packages/neutron/service.py:128
2025-06-05 02:13:03.116 27 DEBUG neutron.service [req-1e1058b3-e7b0-4ebb-8dda-a329aaa50b24 - - - - -] calling wait on _wait /var/lib/kolla/venv/lib/python3.6/site-packages/neutron/service.py:131
2025-06-05 02:13:03.124 27 WARNING amqp [req-1e1058b3-e7b0-4ebb-8dda-a329aaa50b24 - - - - -] Received method (60, 30) during closing channel 1. This method will be ignored
2025-06-05 02:13:03.126 27 DEBUG neutron.service [req-1e1058b3-e7b0-4ebb-8dda-a329aaa50b24 - - - - -] returning from RpcWorker wait() _wait /var/lib/kolla/venv/lib/python3.6/site-packages/neutron/service.py:135
2025-06-05 02:13:03.134 7 INFO oslo_service.service [-] Child 27 exited with status 0
2025-06-05 02:13:04.690 26 DEBUG oslo_concurrency.lockutils [req-1e1058b3-e7b0-4ebb-8dda-a329aaa50b24 - - - - -] Acquired lock "singleton_lock" lock /var/lib/kolla/venv/lib/python3.6/site-packages/oslo_concurrency/lockutils.py:294
2025-06-05 02:13:04.691 26 DEBUG oslo_concurrency.lockutils [req-1e1058b3-e7b0-4ebb-8dda-a329aaa50b24 - - - - -] Releasing lock "singleton_lock" lock /var/lib/kolla/venv/lib/python3.6/site-packages/oslo_concurrency/lockutils.py:312
2025-06-05 02:13:04.691 26 DEBUG neutron.service [req-1e1058b3-e7b0-4ebb-8dda-a329aaa50b24 - - - - -] calling RpcWorker wait() _wait /var/lib/kolla/venv/lib/python3.6/site-packages/neutron/service.py:128
2025-06-05 02:13:04.692 26 DEBUG neutron.service [req-1e1058b3-e7b0-4ebb-8dda-a329aaa50b24 - - - - -] calling wait on _wait /var/lib/kolla/venv/lib/python3.6/site-packages/neutron/service.py:131
2025-06-05 02:13:04.703 26 WARNING amqp [req-1e1058b3-e7b0-4ebb-8dda-a329aaa50b24 - - - - -] Received method (60, 30) during closing channel 1. This method will be ignored
2025-06-05 02:13:04.705 26 DEBUG neutron.service [req-1e1058b3-e7b0-4ebb-8dda-a329aaa50b24 - - - - -] returning from RpcWorker wait() _wait /var/lib/kolla/venv/lib/python3.6/site-packages/neutron/service.py:135
2025-06-05 02:13:04.716 7 INFO oslo_service.service [-] Child 26 exited with status 0
2025-06-05 02:13:06.491 23 DEBUG neutron_lib.callbacks.manager [req-2d9d4e6e-6173-44d7-9dc4-7c0208a034fd - - - - -] Publish callbacks ['neutron.services.segments.db._update_segment_host_mapping_for_agent-8772693143360', 'neutron.plugins.ml2.plugin.Ml2Plugin._retry_binding_revived_agents-842003'] for agent (a91bf309-2193-4848-a1d3-c25dc3a3560b), after_update _notify_loop /var/lib/kolla/venv/lib/python3.6/site-packages/neutron_lib/callbacks/manager.py:177
2025-06-05 02:13:06.961 23 DEBUG neutron.service [-] calling stop on stop /var/lib/kolla/venv/lib/python3.6/site-packages/neutron/service.py:141
2025-06-05 02:13:06.965 24 DEBUG neutron.service [-] calling stop on stop /var/lib/kolla/venv/lib/python3.6/site-packages/neutron/service.py:141
2025-06-05 02:13:06.969 25 DEBUG neutron.service [-] calling stop on stop /var/lib/kolla/venv/lib/python3.6/site-packages/neutron/service.py:141
2025-06-05 02:13:06.983 23 DEBUG neutron.service [-] calling stop on stop /var/lib/kolla/venv/lib/python3.6/site-packages/neutron/service.py:141
2025-06-05 02:13:06.984 25 DEBUG neutron.service [-] calling stop on stop /var/lib/kolla/venv/lib/python3.6/site-packages/neutron/service.py:141
2025-06-05 02:13:06.994 29 DEBUG oslo_concurrency.lockutils [req-1e1058b3-e7b0-4ebb-8dda-a329aaa50b24 - - - - -] Acquired lock "singleton_lock" lock /var/lib/kolla/venv/lib/python3.6/site-packages/oslo_concurrency/lockutils.py:294
2025-06-05 02:13:06.995 29 DEBUG oslo_concurrency.lockutils [req-1e1058b3-e7b0-4ebb-8dda-a329aaa50b24 - - - - -] Releasing lock "singleton_lock" lock /var/lib/kolla/venv/lib/python3.6/site-packages/oslo_concurrency/lockutils.py:312
2025-06-05 02:13:06.995 29 DEBUG neutron.service [req-1e1058b3-e7b0-4ebb-8dda-a329aaa50b24 - - - - -] calling RpcWorker wait() _wait /var/lib/kolla/venv/lib/python3.6/site-packages/neutron/service.py:128
2025-06-05 02:13:06.995 29 DEBUG neutron.service [req-1e1058b3-e7b0-4ebb-8dda-a329aaa50b24 - - - - -] calling wait on _wait /var/lib/kolla/venv/lib/python3.6/site-packages/neutron/service.py:131
2025-06-05 02:13:06.997 24 DEBUG neutron.service [-] calling stop on stop /var/lib/kolla/venv/lib/python3.6/site-packages/neutron/service.py:141
2025-06-05 02:13:07.002 29 WARNING amqp [req-1e1058b3-e7b0-4ebb-8dda-a329aaa50b24 - - - - -] Received method (60, 30) during closing channel 1. This method will be ignored
2025-06-05 02:13:07.004 29 DEBUG neutron.service [req-1e1058b3-e7b0-4ebb-8dda-a329aaa50b24 - - - - -] returning from RpcWorker wait() _wait /var/lib/kolla/venv/lib/python3.6/site-packages/neutron/service.py:135
2025-06-05 02:13:07.013 24 DEBUG neutron.service [-] calling stop on stop /var/lib/kolla/venv/lib/python3.6/site-packages/neutron/service.py:141
2025-06-05 02:13:07.014 7 INFO oslo_service.service [-] Child 29 exited with status 0
2025-06-05 02:13:07.014 23 DEBUG neutron.service [-] calling stop on stop /var/lib/kolla/venv/lib/python3.6/site-packages/neutron/service.py:141
2025-06-05 02:13:07.015 28 DEBUG oslo_concurrency.lockutils [req-1e1058b3-e7b0-4ebb-8dda-a329aaa50b24 - - - - -] Acquired lock "singleton_lock" lock /var/lib/kolla/venv/lib/python3.6/site-packages/oslo_concurrency/lockutils.py:294
2025-06-05 02:13:07.015 28 DEBUG oslo_concurrency.lockutils [req-1e1058b3-e7b0-4ebb-8dda-a329aaa50b24 - - - - -] Releasing lock "singleton_lock" lock /var/lib/kolla/venv/lib/python3.6/site-packages/oslo_concurrency/lockutils.py:312
2025-06-05 02:13:07.016 28 DEBUG neutron.service [req-1e1058b3-e7b0-4ebb-8dda-a329aaa50b24 - - - - -] calling RpcWorker wait() _wait /var/lib/kolla/venv/lib/python3.6/site-packages/neutron/service.py:128
2025-06-05 02:13:07.017 28 DEBUG neutron.service [req-1e1058b3-e7b0-4ebb-8dda-a329aaa50b24 - - - - -] calling wait on _wait /var/lib/kolla/venv/lib/python3.6/site-packages/neutron/service.py:131
2025-06-05 02:13:07.020 25 DEBUG neutron.service [-] calling stop on stop /var/lib/kolla/venv/lib/python3.6/site-packages/neutron/service.py:141
2025-06-05 02:13:07.023 28 WARNING amqp [req-1e1058b3-e7b0-4ebb-8dda-a329aaa50b24 - - - - -] Received method (60, 30) during closing channel 1. This method will be ignored
2025-06-05 02:13:07.025 28 DEBUG neutron.service [req-1e1058b3-e7b0-4ebb-8dda-a329aaa50b24 - - - - -] returning from RpcWorker wait() _wait /var/lib/kolla/venv/lib/python3.6/site-packages/neutron/service.py:135
2025-06-05 02:13:07.030 7 INFO oslo_service.service [-] Child 28 exited with status 0
2025-06-05 02:13:07.031 23 DEBUG oslo_concurrency.lockutils [req-1e1058b3-e7b0-4ebb-8dda-a329aaa50b24 - - - - -] Acquired lock "singleton_lock" lock /var/lib/kolla/venv/lib/python3.6/site-packages/oslo_concurrency/lockutils.py:294
2025-06-05 02:13:07.032 23 DEBUG oslo_concurrency.lockutils [req-1e1058b3-e7b0-4ebb-8dda-a329aaa50b24 - - - - -] Releasing lock "singleton_lock" lock /var/lib/kolla/venv/lib/python3.6/site-packages/oslo_concurrency/lockutils.py:312
2025-06-05 02:13:07.032 23 DEBUG neutron.service [req-1e1058b3-e7b0-4ebb-8dda-a329aaa50b24 - - - - -] calling RpcWorker wait() _wait /var/lib/kolla/venv/lib/python3.6/site-packages/neutron/service.py:128
2025-06-05 02:13:07.032 23 DEBUG neutron.service [req-1e1058b3-e7b0-4ebb-8dda-a329aaa50b24 - - - - -] calling wait on _wait /var/lib/kolla/venv/lib/python3.6/site-packages/neutron/service.py:131
2025-06-05 02:13:07.035 24 DEBUG oslo_concurrency.lockutils [req-1e1058b3-e7b0-4ebb-8dda-a329aaa50b24 - - - - -] Acquired lock "singleton_lock" lock /var/lib/kolla/venv/lib/python3.6/site-packages/oslo_concurrency/lockutils.py:294
2025-06-05 02:13:07.035 24 DEBUG oslo_concurrency.lockutils [req-1e1058b3-e7b0-4ebb-8dda-a329aaa50b24 - - - - -] Releasing lock "singleton_lock" lock /var/lib/kolla/venv/lib/python3.6/site-packages/oslo_concurrency/lockutils.py:312
2025-06-05 02:13:07.037 24 DEBUG neutron.service [req-1e1058b3-e7b0-4ebb-8dda-a329aaa50b24 - - - - -] calling RpcWorker wait() _wait /var/lib/kolla/venv/lib/python3.6/site-packages/neutron/service.py:128
2025-06-05 02:13:07.037 24 DEBUG neutron.service [req-1e1058b3-e7b0-4ebb-8dda-a329aaa50b24 - - - - -] calling wait on _wait /var/lib/kolla/venv/lib/python3.6/site-packages/neutron/service.py:131
2025-06-05 02:13:07.039 23 WARNING amqp [req-1e1058b3-e7b0-4ebb-8dda-a329aaa50b24 - - - - -] Received method (60, 30) during closing channel 1. This method will be ignored
2025-06-05 02:13:07.040 23 DEBUG neutron.service [req-1e1058b3-e7b0-4ebb-8dda-a329aaa50b24 - - - - -] calling wait on _wait /var/lib/kolla/venv/lib/python3.6/site-packages/neutron/service.py:131
2025-06-05 02:13:07.043 24 WARNING amqp [req-1e1058b3-e7b0-4ebb-8dda-a329aaa50b24 - - - - -] Received method (60, 30) during closing channel 1. This method will be ignored
2025-06-05 02:13:07.043 25 DEBUG oslo_concurrency.lockutils [req-1e1058b3-e7b0-4ebb-8dda-a329aaa50b24 - - - - -] Acquired lock "singleton_lock" lock /var/lib/kolla/venv/lib/python3.6/site-packages/oslo_concurrency/lockutils.py:294
2025-06-05 02:13:07.043 24 DEBUG neutron.service [req-1e1058b3-e7b0-4ebb-8dda-a329aaa50b24 - - - - -] calling wait on _wait /var/lib/kolla/venv/lib/python3.6/site-packages/neutron/service.py:131
2025-06-05 02:13:07.044 25 DEBUG oslo_concurrency.lockutils [req-1e1058b3-e7b0-4ebb-8dda-a329aaa50b24 - - - - -] Releasing lock "singleton_lock" lock /var/lib/kolla/venv/lib/python3.6/site-packages/oslo_concurrency/lockutils.py:312
2025-06-05 02:13:07.044 25 DEBUG neutron.service [req-1e1058b3-e7b0-4ebb-8dda-a329aaa50b24 - - - - -] calling RpcWorker wait() _wait /var/lib/kolla/venv/lib/python3.6/site-packages/neutron/service.py:128
2025-06-05 02:13:07.044 25 DEBUG neutron.service [req-1e1058b3-e7b0-4ebb-8dda-a329aaa50b24 - - - - -] calling wait on _wait /var/lib/kolla/venv/lib/python3.6/site-packages/neutron/service.py:131
2025-06-05 02:13:07.047 23 WARNING amqp [req-1e1058b3-e7b0-4ebb-8dda-a329aaa50b24 - - - - -] Received method (60, 30) during closing channel 1. This method will be ignored
2025-06-05 02:13:07.049 23 DEBUG neutron.service [req-1e1058b3-e7b0-4ebb-8dda-a329aaa50b24 - - - - -] calling wait on _wait /var/lib/kolla/venv/lib/python3.6/site-packages/neutron/service.py:131
2025-06-05 02:13:07.051 24 WARNING amqp [req-1e1058b3-e7b0-4ebb-8dda-a329aaa50b24 - - - - -] Received method (60, 30) during closing channel 1. This method will be ignored
2025-06-05 02:13:07.054 25 WARNING amqp [req-1e1058b3-e7b0-4ebb-8dda-a329aaa50b24 - - - - -] Received method (60, 30) during closing channel 1. This method will be ignored
2025-06-05 02:13:07.055 25 DEBUG neutron.service [req-1e1058b3-e7b0-4ebb-8dda-a329aaa50b24 - - - - -] calling wait on _wait /var/lib/kolla/venv/lib/python3.6/site-packages/neutron/service.py:131
2025-06-05 02:13:07.056 23 WARNING amqp [req-1e1058b3-e7b0-4ebb-8dda-a329aaa50b24 - - - - -] Received method (60, 30) during closing channel 1. This method will be ignored
2025-06-05 02:13:07.054 24 DEBUG neutron.service [req-1e1058b3-e7b0-4ebb-8dda-a329aaa50b24 - - - - -] calling wait on _wait /var/lib/kolla/venv/lib/python3.6/site-packages/neutron/service.py:131
2025-06-05 02:13:07.060 25 WARNING amqp [req-1e1058b3-e7b0-4ebb-8dda-a329aaa50b24 - - - - -] Received method (60, 30) during closing channel 1. This method will be ignored
2025-06-05 02:13:07.058 23 DEBUG neutron.service [req-1e1058b3-e7b0-4ebb-8dda-a329aaa50b24 - - - - -] calling wait on _wait /var/lib/kolla/venv/lib/python3.6/site-packages/neutron/service.py:131
2025-06-05 02:13:07.062 25 DEBUG neutron.service [req-1e1058b3-e7b0-4ebb-8dda-a329aaa50b24 - - - - -] calling wait on _wait /var/lib/kolla/venv/lib/python3.6/site-packages/neutron/service.py:131
2025-06-05 02:13:07.065 24 WARNING amqp [req-1e1058b3-e7b0-4ebb-8dda-a329aaa50b24 - - - - -] Received method (60, 30) during closing channel 1. This method will be ignored
2025-06-05 02:13:07.066 23 WARNING amqp [req-1e1058b3-e7b0-4ebb-8dda-a329aaa50b24 - - - - -] Received method (60, 30) during closing channel 1. This method will be ignored
2025-06-05 02:13:07.069 24 DEBUG neutron.service [req-1e1058b3-e7b0-4ebb-8dda-a329aaa50b24 - - - - -] calling wait on _wait /var/lib/kolla/venv/lib/python3.6/site-packages/neutron/service.py:131
2025-06-05 02:13:07.070 23 DEBUG neutron.service [req-1e1058b3-e7b0-4ebb-8dda-a329aaa50b24 - - - - -] returning from RpcWorker wait() _wait /var/lib/kolla/venv/lib/python3.6/site-packages/neutron/service.py:135
2025-06-05 02:13:07.072 25 WARNING amqp [req-1e1058b3-e7b0-4ebb-8dda-a329aaa50b24 - - - - -] Received method (60, 30) during closing channel 1. This method will be ignored
2025-06-05 02:13:07.074 25 DEBUG neutron.service [req-1e1058b3-e7b0-4ebb-8dda-a329aaa50b24 - - - - -] calling wait on _wait /var/lib/kolla/venv/lib/python3.6/site-packages/neutron/service.py:131
2025-06-05 02:13:07.075 24 WARNING amqp [req-1e1058b3-e7b0-4ebb-8dda-a329aaa50b24 - - - - -] Received method (60, 30) during closing channel 1. This method will be ignored
2025-06-05 02:13:07.077 24 DEBUG neutron.service [req-1e1058b3-e7b0-4ebb-8dda-a329aaa50b24 - - - - -] returning from RpcWorker wait() _wait /var/lib/kolla/venv/lib/python3.6/site-packages/neutron/service.py:135
2025-06-05 02:13:07.080 7 INFO oslo_service.service [-] Child 23 exited with status 0
2025-06-05 02:13:07.081 25 WARNING amqp [req-1e1058b3-e7b0-4ebb-8dda-a329aaa50b24 - - - - -] Received method (60, 30) during closing channel 1. This method will be ignored
2025-06-05 02:13:07.086 7 INFO oslo_service.service [-] Child 24 exited with status 0
2025-06-05 02:13:07.086 25 DEBUG neutron.service [req-1e1058b3-e7b0-4ebb-8dda-a329aaa50b24 - - - - -] returning from RpcWorker wait() _wait /var/lib/kolla/venv/lib/python3.6/site-packages/neutron/service.py:135
2025-06-05 02:13:07.094 7 INFO oslo_service.service [-] Child 25 exited with status 0
2025-06-05 02:13:07.094 7 INFO oslo_service.service [-] Wait called after thread killed. Cleaning up.
