2025-06-02 00:40:13.091 133125 DEBUG nova.service [req-1c858d3b-06d1-4d66-8ca7-a8a6297c97da - - - - -] Join ServiceGroup membership for this service scheduler start /usr/lib/python3/dist-packages/nova/service.py:199
2025-06-02 00:40:13.091 132756 DEBUG oslo_service.service [req-51efd0a6-0018-449d-9b87-2fed248b48e1 - - - - -] api.use_neutron_default_nets = False log_opt_values /usr/lib/python3/dist-packages/oslo_config/cfg.py:2609
2025-06-02 00:40:13.091 133125 DEBUG nova.servicegroup.drivers.db [req-1c858d3b-06d1-4d66-8ca7-a8a6297c97da - - - - -] DB_Driver: join new ServiceGroup member juju-e70598-0-lxd-7 to the scheduler group, service = join /usr/lib/python3/dist-packages/nova/servicegroup/drivers/db.py:44
2025-06-02 00:40:13.091 132756 DEBUG oslo_service.service [req-51efd0a6-0018-449d-9b87-2fed248b48e1 - - - - -] api.vendordata_dynamic_connect_timeout = 5 log_opt_values /usr/lib/python3/dist-packages/oslo_config/cfg.py:2609
2025-06-02 00:40:13.091 132756 DEBUG oslo_service.service [req-51efd0a6-0018-449d-9b87-2fed248b48e1 - - - - -] api.vendordata_dynamic_failure_fatal = False log_opt_values /usr/lib/python3/dist-packages/oslo_config/cfg.py:2609
2025-06-02 00:40:13.092 132756 DEBUG oslo_service.service [req-51efd0a6-0018-449d-9b87-2fed248b48e1 - - - - -] api.vendordata_dynamic_read_timeout = 5 log_opt_values /usr/lib/python3/dist-packages/oslo_config/cfg.py:2609
2025-06-02 00:40:13.092 132756 DEBUG oslo_service.service [req-51efd0a6-0018-449d-9b87-2fed248b48e1 - - - - -] api.vendordata_dynamic_ssl_certfile = log_opt_values /usr/lib/python3/dist-packages/oslo_config/cfg.py:2609
2025-06-02 00:40:13.092 132756 DEBUG oslo_service.service [req-51efd0a6-0018-449d-9b87-2fed248b48e1 - - - - -] api.vendordata_dynamic_targets = [] log_opt_values /usr/lib/python3/dist-packages/oslo_config/cfg.py:2609
2025-06-02 00:40:13.092 132756 DEBUG oslo_service.service [req-51efd0a6-0018-449d-9b87-2fed248b48e1 - - - - -] api.vendordata_jsonfile_path = None log_opt_values /usr/lib/python3/dist-packages/oslo_config/cfg.py:2609
2025-06-02 00:40:13.093 132756 DEBUG oslo_service.service [req-51efd0a6-0018-449d-9b87-2fed248b48e1 - - - - -] api.vendordata_providers = ['StaticJSON'] log_opt_values /usr/lib/python3/dist-packages/oslo_config/cfg.py:2609
2025-06-02 00:40:13.094 133125 DEBUG oslo_messaging._drivers.amqpdriver [-] AMQPListener connection timeout poll /usr/lib/python3/dist-packages/oslo_messaging/_drivers/amqpdriver.py:360
2025-06-02 00:40:13.094 133125 DEBUG oslo_messaging._drivers.amqpdriver [-] Listener is running poll /usr/lib/python3/dist-packages/oslo_messaging/_drivers/amqpdriver.py:343
2025-06-02 00:40:13.094 132756 DEBUG oslo_service.service [req-51efd0a6-0018-449d-9b87-2fed248b48e1 - - - - -] cache.backend = dogpile.cache.null log_opt_values /usr/lib/python3/dist-packages/oslo_config/cfg.py:2609
2025-06-02 00:40:13.094 133125 DEBUG oslo_messaging._drivers.amqpdriver [-] AMQPListener connection consume poll /usr/lib/python3/dist-packages/oslo_messaging/_drivers/amqpdriver.py:357
2025-06-02 00:40:13.094 132756 DEBUG oslo_service.service [req-51efd0a6-0018-449d-9b87-2fed248b48e1 - - - - -] cache.backend_argument = **** log_opt_values /usr/lib/python3/dist-packages/oslo_config/cfg.py:2609
2025-06-02 00:40:13.094 132756 DEBUG oslo_service.service [req-51efd0a6-0018-449d-9b87-2fed248b48e1 - - - - -] cache.config_prefix = cache.oslo log_opt_values /usr/lib/python3/dist-packages/oslo_config/cfg.py:2609
2025-06-02 00:40:13.095 132756 DEBUG oslo_service.service [req-51efd0a6-0018-449d-9b87-2fed248b48e1 - - - - -] cache.debug_cache_backend = False log_opt_values /usr/lib/python3/dist-packages/oslo_config/cfg.py:2609
2025-06-02 00:40:13.095 132756 DEBUG oslo_service.service [req-51efd0a6-0018-449d-9b87-2fed248b48e1 - - - - -] cache.enabled = False log_opt_values /usr/lib/python3/dist-packages/oslo_config/cfg.py:2609
2025-06-02 00:40:13.095 132756 DEBUG oslo_service.service [req-51efd0a6-0018-449d-9b87-2fed248b48e1 - - - - -] cache.expiration_time = 600 log_opt_values /usr/lib/python3/dist-packages/oslo_config/cfg.py:2609
2025-06-02 00:40:13.095 132756 DEBUG oslo_service.service [req-51efd0a6-0018-449d-9b87-2fed248b48e1 - - - - -] cache.memcache_dead_retry = 300 log_opt_values /usr/lib/python3/dist-packages/oslo_config/cfg.py:2609
2025-06-02 00:40:13.095 132756 DEBUG oslo_service.service [req-51efd0a6-0018-449d-9b87-2fed248b48e1 - - - - -] cache.memcache_pool_connection_get_timeout = 10 log_opt_values /usr/lib/python3/dist-packages/oslo_config/cfg.py:2609
2025-06-02 00:40:13.096 132756 DEBUG oslo_service.service [req-51efd0a6-0018-449d-9b87-2fed248b48e1 - - - - -] cache.memcache_pool_flush_on_reconnect = False log_opt_values /usr/lib/python3/dist-packages/oslo_config/cfg.py:2609
2025-06-02 00:40:13.096 132756 DEBUG oslo_service.service [req-51efd0a6-0018-449d-9b87-2fed248b48e1 - - - - -] cache.memcache_pool_maxsize = 10 log_opt_values /usr/lib/python3/dist-packages/oslo_config/cfg.py:2609
2025-06-02 00:40:13.096 132756 DEBUG oslo_service.service [req-51efd0a6-0018-449d-9b87-2fed248b48e1 - - - - -] cache.memcache_pool_unused_timeout = 60 log_opt_values /usr/lib/python3/dist-packages/oslo_config/cfg.py:2609
2025-06-02 00:40:13.096 132756 DEBUG oslo_service.service [req-51efd0a6-0018-449d-9b87-2fed248b48e1 - - - - -] cache.memcache_servers = ['localhost:11211'] log_opt_values /usr/lib/python3/dist-packages/oslo_config/cfg.py:2609
2025-06-02 00:40:13.097 132756 DEBUG oslo_service.service [req-51efd0a6-0018-449d-9b87-2fed248b48e1 - - - - -] cache.memcache_socket_timeout = 1.0 log_opt_values /usr/lib/python3/dist-packages/oslo_config/cfg.py:2609
2025-06-02 00:40:13.097 132756 DEBUG oslo_service.service [req-51efd0a6-0018-449d-9b87-2fed248b48e1 - - - - -] cache.proxies = [] log_opt_values /usr/lib/python3/dist-packages/oslo_config/cfg.py:2609
2025-06-02 00:40:13.097 133132 DEBUG nova.service [req-eef46b7f-a91b-40d3-bb25-b17ca4a90545 - - - - -] Creating RPC server for service scheduler start /usr/lib/python3/dist-packages/nova/service.py:182
2025-06-02 00:40:13.097 132756 DEBUG oslo_service.service [req-51efd0a6-0018-449d-9b87-2fed248b48e1 - - - - -] cache.tls_allowed_ciphers = None log_opt_values /usr/lib/python3/dist-packages/oslo_config/cfg.py:2609
2025-06-02 00:40:13.098 132756 DEBUG oslo_service.service [req-51efd0a6-0018-449d-9b87-2fed248b48e1 - - - - -] cache.tls_cafile = None log_opt_values /usr/lib/python3/dist-packages/oslo_config/cfg.py:2609
2025-06-02 00:40:13.098 132756 DEBUG oslo_service.service [req-51efd0a6-0018-449d-9b87-2fed248b48e1 - - - - -] cache.tls_certfile = None log_opt_values /usr/lib/python3/dist-packages/oslo_config/cfg.py:2609
2025-06-02 00:40:13.099 132756 DEBUG oslo_service.service [req-51efd0a6-0018-449d-9b87-2fed248b48e1 - - - - -] cache.tls_enabled = False log_opt_values /usr/lib/python3/dist-packages/oslo_config/cfg.py:2609
2025-06-02 00:40:13.099 132756 DEBUG oslo_service.service [req-51efd0a6-0018-449d-9b87-2fed248b48e1 - - - - -] cache.tls_keyfile = None log_opt_values /usr/lib/python3/dist-packages/oslo_config/cfg.py:2609
2025-06-02 00:40:13.099 132756 DEBUG oslo_service.service [req-51efd0a6-0018-449d-9b87-2fed248b48e1 - - - - -] cinder.auth_section = None log_opt_values /usr/lib/python3/dist-packages/oslo_config/cfg.py:2609
2025-06-02 00:40:13.099 132756 DEBUG oslo_service.service [req-51efd0a6-0018-449d-9b87-2fed248b48e1 - - - - -] cinder.auth_type = None log_opt_values /usr/lib/python3/dist-packages/oslo_config/cfg.py:2609
2025-06-02 00:40:13.100 132756 DEBUG oslo_service.service [req-51efd0a6-0018-449d-9b87-2fed248b48e1 - - - - -] cinder.cafile = None log_opt_values /usr/lib/python3/dist-packages/oslo_config/cfg.py:2609
2025-06-02 00:40:13.100 132756 DEBUG oslo_service.service [req-51efd0a6-0018-449d-9b87-2fed248b48e1 - - - - -] cinder.catalog_info = volumev3::publicURL log_opt_values /usr/lib/python3/dist-packages/oslo_config/cfg.py:2609
2025-06-02 00:40:13.101 132756 DEBUG oslo_service.service [req-51efd0a6-0018-449d-9b87-2fed248b48e1 - - - - -] cinder.certfile = None log_opt_values /usr/lib/python3/dist-packages/oslo_config/cfg.py:2609
2025-06-02 00:40:13.102 132756 DEBUG oslo_service.service [req-51efd0a6-0018-449d-9b87-2fed248b48e1 - - - - -] cinder.collect_timing = False log_opt_values /usr/lib/python3/dist-packages/oslo_config/cfg.py:2609
2025-06-02 00:40:13.102 132756 DEBUG oslo_service.service [req-51efd0a6-0018-449d-9b87-2fed248b48e1 - - - - -] cinder.cross_az_attach = True log_opt_values /usr/lib/python3/dist-packages/oslo_config/cfg.py:2609
2025-06-02 00:40:13.102 132756 DEBUG oslo_service.service [req-51efd0a6-0018-449d-9b87-2fed248b48e1 - - - - -] cinder.debug = False log_opt_values /usr/lib/python3/dist-packages/oslo_config/cfg.py:2609
2025-06-02 00:40:13.102 132756 DEBUG oslo_service.service [req-51efd0a6-0018-449d-9b87-2fed248b48e1 - - - - -] cinder.endpoint_template = None log_opt_values /usr/lib/python3/dist-packages/oslo_config/cfg.py:2609
2025-06-02 00:40:13.103 132756 DEBUG oslo_service.service [req-51efd0a6-0018-449d-9b87-2fed248b48e1 - - - - -] cinder.http_retries = 3 log_opt_values /usr/lib/python3/dist-packages/oslo_config/cfg.py:2609
2025-06-02 00:40:13.103 132756 DEBUG oslo_service.service [req-51efd0a6-0018-449d-9b87-2fed248b48e1 - - - - -] cinder.insecure = False log_opt_values /usr/lib/python3/dist-packages/oslo_config/cfg.py:2609
2025-06-02 00:40:13.103 132756 DEBUG oslo_service.service [req-51efd0a6-0018-449d-9b87-2fed248b48e1 - - - - -] cinder.keyfile = None log_opt_values /usr/lib/python3/dist-packages/oslo_config/cfg.py:2609
2025-06-02 00:40:13.103 133119 DEBUG oslo_messaging._drivers.amqpdriver [-] Listener is running poll /usr/lib/python3/dist-packages/oslo_messaging/_drivers/amqpdriver.py:343
2025-06-02 00:40:13.103 132756 DEBUG oslo_service.service [req-51efd0a6-0018-449d-9b87-2fed248b48e1 - - - - -] cinder.os_region_name = None log_opt_values /usr/lib/python3/dist-packages/oslo_config/cfg.py:2609
2025-06-02 00:40:13.104 133119 DEBUG oslo_messaging._drivers.amqpdriver [-] AMQPListener connection consume poll /usr/lib/python3/dist-packages/oslo_messaging/_drivers/amqpdriver.py:357
2025-06-02 00:40:13.104 132756 DEBUG oslo_service.service [req-51efd0a6-0018-449d-9b87-2fed248b48e1 - - - - -] cinder.split_loggers = False log_opt_values /usr/lib/python3/dist-packages/oslo_config/cfg.py:2609
2025-06-02 00:40:13.104 132756 DEBUG oslo_service.service [req-51efd0a6-0018-449d-9b87-2fed248b48e1 - - - - -] cinder.timeout = None log_opt_values /usr/lib/python3/dist-packages/oslo_config/cfg.py:2609
2025-06-02 00:40:13.104 132756 DEBUG oslo_service.service [req-51efd0a6-0018-449d-9b87-2fed248b48e1 - - - - -] compute.consecutive_build_service_disable_threshold = 10 log_opt_values /usr/lib/python3/dist-packages/oslo_config/cfg.py:2609
2025-06-02 00:40:13.104 132756 DEBUG oslo_service.service [req-51efd0a6-0018-449d-9b87-2fed248b48e1 - - - - -] compute.cpu_dedicated_set = None log_opt_values /usr/lib/python3/dist-packages/oslo_config/cfg.py:2609
2025-06-02 00:40:13.104 133119 DEBUG nova.service [req-add5f642-baa2-4c89-9e32-ba0d11761dbb - - - - -] Join ServiceGroup membership for this service scheduler start /usr/lib/python3/dist-packages/nova/service.py:199
2025-06-02 00:40:13.105 132756 DEBUG oslo_service.service [req-51efd0a6-0018-449d-9b87-2fed248b48e1 - - - - -] compute.cpu_shared_set = None log_opt_values /usr/lib/python3/dist-packages/oslo_config/cfg.py:2609
2025-06-02 00:40:13.105 132756 DEBUG oslo_service.service [req-51efd0a6-0018-449d-9b87-2fed248b48e1 - - - - -] compute.image_type_exclude_list = [] log_opt_values /usr/lib/python3/dist-packages/oslo_config/cfg.py:2609
2025-06-02 00:40:13.105 133119 DEBUG nova.servicegroup.drivers.db [req-add5f642-baa2-4c89-9e32-ba0d11761dbb - - - - -] DB_Driver: join new ServiceGroup member juju-e70598-0-lxd-7 to the scheduler group, service = join /usr/lib/python3/dist-packages/nova/servicegroup/drivers/db.py:44
2025-06-02 00:40:13.105 132756 DEBUG oslo_service.service [req-51efd0a6-0018-449d-9b87-2fed248b48e1 - - - - -] compute.live_migration_wait_for_vif_plug = True log_opt_values /usr/lib/python3/dist-packages/oslo_config/cfg.py:2609
2025-06-02 00:40:13.105 132756 DEBUG oslo_service.service [req-51efd0a6-0018-449d-9b87-2fed248b48e1 - - - - -] compute.max_concurrent_disk_ops = 0 log_opt_values /usr/lib/python3/dist-packages/oslo_config/cfg.py:2609
2025-06-02 00:40:13.105 132756 DEBUG oslo_service.service [req-51efd0a6-0018-449d-9b87-2fed248b48e1 - - - - -] compute.max_disk_devices_to_attach = -1 log_opt_values /usr/lib/python3/dist-packages/oslo_config/cfg.py:2609
2025-06-02 00:40:13.105 132756 DEBUG oslo_service.service [req-51efd0a6-0018-449d-9b87-2fed248b48e1 - - - - -] compute.packing_host_numa_cells_allocation_strategy = True log_opt_values /usr/lib/python3/dist-packages/oslo_config/cfg.py:2609
2025-06-02 00:40:13.106 132756 DEBUG oslo_service.service [req-51efd0a6-0018-449d-9b87-2fed248b48e1 - - - - -] compute.provider_config_location = /etc/nova/provider_config/ log_opt_values /usr/lib/python3/dist-packages/oslo_config/cfg.py:2609
2025-06-02 00:40:13.106 132756 DEBUG oslo_service.service [req-51efd0a6-0018-449d-9b87-2fed248b48e1 - - - - -] compute.resource_provider_association_refresh = 300 log_opt_values /usr/lib/python3/dist-packages/oslo_config/cfg.py:2609
2025-06-02 00:40:13.106 132756 DEBUG oslo_service.service [req-51efd0a6-0018-449d-9b87-2fed248b48e1 - - - - -] compute.shutdown_retry_interval = 10 log_opt_values /usr/lib/python3/dist-packages/oslo_config/cfg.py:2609
2025-06-02 00:40:13.106 132756 DEBUG oslo_service.service [req-51efd0a6-0018-449d-9b87-2fed248b48e1 - - - - -] compute.vmdk_allowed_types = ['streamOptimized', 'monolithicSparse'] log_opt_values /usr/lib/python3/dist-packages/oslo_config/cfg.py:2609
2025-06-02 00:40:13.106 132756 DEBUG oslo_service.service [req-51efd0a6-0018-449d-9b87-2fed248b48e1 - - - - -] conductor.workers = 4 log_opt_values /usr/lib/python3/dist-packages/oslo_config/cfg.py:2609
2025-06-02 00:40:13.106 132756 DEBUG oslo_service.service [req-51efd0a6-0018-449d-9b87-2fed248b48e1 - - - - -] console.allowed_origins = [] log_opt_values /usr/lib/python3/dist-packages/oslo_config/cfg.py:2609
2025-06-02 00:40:13.107 132756 DEBUG oslo_service.service [req-51efd0a6-0018-449d-9b87-2fed248b48e1 - - - - -] console.ssl_ciphers = None log_opt_values /usr/lib/python3/dist-packages/oslo_config/cfg.py:2609
2025-06-02 00:40:13.107 132756 DEBUG oslo_service.service [req-51efd0a6-0018-449d-9b87-2fed248b48e1 - - - - -] console.ssl_minimum_version = default log_opt_values /usr/lib/python3/dist-packages/oslo_config/cfg.py:2609
2025-06-02 00:40:13.107 132756 DEBUG oslo_service.service [req-51efd0a6-0018-449d-9b87-2fed248b48e1 - - - - -] consoleauth.token_ttl = 600 log_opt_values /usr/lib/python3/dist-packages/oslo_config/cfg.py:2609
2025-06-02 00:40:13.107 132756 DEBUG oslo_service.service [req-51efd0a6-0018-449d-9b87-2fed248b48e1 - - - - -] cyborg.cafile = None log_opt_values /usr/lib/python3/dist-packages/oslo_config/cfg.py:2609
2025-06-02 00:40:13.108 132756 DEBUG oslo_service.service [req-51efd0a6-0018-449d-9b87-2fed248b48e1 - - - - -] cyborg.certfile = None log_opt_values /usr/lib/python3/dist-packages/oslo_config/cfg.py:2609
2025-06-02 00:40:13.108 132756 DEBUG oslo_service.service [req-51efd0a6-0018-449d-9b87-2fed248b48e1 - - - - -] cyborg.collect_timing = False log_opt_values /usr/lib/python3/dist-packages/oslo_config/cfg.py:2609
2025-06-02 00:40:13.108 132756 DEBUG oslo_service.service [req-51efd0a6-0018-449d-9b87-2fed248b48e1 - - - - -] cyborg.connect_retries = None log_opt_values /usr/lib/python3/dist-packages/oslo_config/cfg.py:2609
2025-06-02 00:40:13.108 132756 DEBUG oslo_service.service [req-51efd0a6-0018-449d-9b87-2fed248b48e1 - - - - -] cyborg.connect_retry_delay = None log_opt_values /usr/lib/python3/dist-packages/oslo_config/cfg.py:2609
2025-06-02 00:40:13.108 132756 DEBUG oslo_service.service [req-51efd0a6-0018-449d-9b87-2fed248b48e1 - - - - -] cyborg.endpoint_override = None log_opt_values /usr/lib/python3/dist-packages/oslo_config/cfg.py:2609
2025-06-02 00:40:13.108 132756 DEBUG oslo_service.service [req-51efd0a6-0018-449d-9b87-2fed248b48e1 - - - - -] cyborg.insecure = False log_opt_values /usr/lib/python3/dist-packages/oslo_config/cfg.py:2609
2025-06-02 00:40:13.109 132756 DEBUG oslo_service.service [req-51efd0a6-0018-449d-9b87-2fed248b48e1 - - - - -] cyborg.keyfile = None log_opt_values /usr/lib/python3/dist-packages/oslo_config/cfg.py:2609
2025-06-02 00:40:13.109 132756 DEBUG oslo_service.service [req-51efd0a6-0018-449d-9b87-2fed248b48e1 - - - - -] cyborg.max_version = None log_opt_values /usr/lib/python3/dist-packages/oslo_config/cfg.py:2609
2025-06-02 00:40:13.109 132756 DEBUG oslo_service.service [req-51efd0a6-0018-449d-9b87-2fed248b48e1 - - - - -] cyborg.min_version = None log_opt_values /usr/lib/python3/dist-packages/oslo_config/cfg.py:2609
2025-06-02 00:40:13.109 132756 DEBUG oslo_service.service [req-51efd0a6-0018-449d-9b87-2fed248b48e1 - - - - -] cyborg.region_name = None log_opt_values /usr/lib/python3/dist-packages/oslo_config/cfg.py:2609
2025-06-02 00:40:13.109 132756 DEBUG oslo_service.service [req-51efd0a6-0018-449d-9b87-2fed248b48e1 - - - - -] cyborg.service_name = None log_opt_values /usr/lib/python3/dist-packages/oslo_config/cfg.py:2609
2025-06-02 00:40:13.109 132756 DEBUG oslo_service.service [req-51efd0a6-0018-449d-9b87-2fed248b48e1 - - - - -] cyborg.service_type = accelerator log_opt_values /usr/lib/python3/dist-packages/oslo_config/cfg.py:2609
2025-06-02 00:40:13.109 132756 DEBUG oslo_service.service [req-51efd0a6-0018-449d-9b87-2fed248b48e1 - - - - -] cyborg.split_loggers = False log_opt_values /usr/lib/python3/dist-packages/oslo_config/cfg.py:2609
2025-06-02 00:40:13.110 132756 DEBUG oslo_service.service [req-51efd0a6-0018-449d-9b87-2fed248b48e1 - - - - -] cyborg.status_code_retries = None log_opt_values /usr/lib/python3/dist-packages/oslo_config/cfg.py:2609
2025-06-02 00:40:13.110 132756 DEBUG oslo_service.service [req-51efd0a6-0018-449d-9b87-2fed248b48e1 - - - - -] cyborg.status_code_retry_delay = None log_opt_values /usr/lib/python3/dist-packages/oslo_config/cfg.py:2609
2025-06-02 00:40:13.110 132756 DEBUG oslo_service.service [req-51efd0a6-0018-449d-9b87-2fed248b48e1 - - - - -] cyborg.timeout = None log_opt_values /usr/lib/python3/dist-packages/oslo_config/cfg.py:2609
2025-06-02 00:40:13.110 132756 DEBUG oslo_service.service [req-51efd0a6-0018-449d-9b87-2fed248b48e1 - - - - -] cyborg.valid_interfaces = ['internal', 'public'] log_opt_values /usr/lib/python3/dist-packages/oslo_config/cfg.py:2609
2025-06-02 00:40:13.110 132756 DEBUG oslo_service.service [req-51efd0a6-0018-449d-9b87-2fed248b48e1 - - - - -] cyborg.version = None log_opt_values /usr/lib/python3/dist-packages/oslo_config/cfg.py:2609
2025-06-02 00:40:13.110 132756 DEBUG oslo_service.service [req-51efd0a6-0018-449d-9b87-2fed248b48e1 - - - - -] database.backend = sqlalchemy log_opt_values /usr/lib/python3/dist-packages/oslo_config/cfg.py:2609
2025-06-02 00:40:13.111 132756 DEBUG oslo_service.service [req-51efd0a6-0018-449d-9b87-2fed248b48e1 - - - - -] database.connection = **** log_opt_values /usr/lib/python3/dist-packages/oslo_config/cfg.py:2609
2025-06-02 00:40:13.111 132756 DEBUG oslo_service.service [req-51efd0a6-0018-449d-9b87-2fed248b48e1 - - - - -] database.connection_debug = 0 log_opt_values /usr/lib/python3/dist-packages/oslo_config/cfg.py:2609
2025-06-02 00:40:13.111 132756 DEBUG oslo_service.service [req-51efd0a6-0018-449d-9b87-2fed248b48e1 - - - - -] database.connection_parameters = log_opt_values /usr/lib/python3/dist-packages/oslo_config/cfg.py:2609
2025-06-02 00:40:13.111 132756 DEBUG oslo_service.service [req-51efd0a6-0018-449d-9b87-2fed248b48e1 - - - - -] database.connection_recycle_time = 3600 log_opt_values /usr/lib/python3/dist-packages/oslo_config/cfg.py:2609
2025-06-02 00:40:13.111 132756 DEBUG oslo_service.service [req-51efd0a6-0018-449d-9b87-2fed248b48e1 - - - - -] database.connection_trace = False log_opt_values /usr/lib/python3/dist-packages/oslo_config/cfg.py:2609
2025-06-02 00:40:13.112 132756 DEBUG oslo_service.service [req-51efd0a6-0018-449d-9b87-2fed248b48e1 - - - - -] database.db_inc_retry_interval = True log_opt_values /usr/lib/python3/dist-packages/oslo_config/cfg.py:2609
2025-06-02 00:40:13.112 132756 DEBUG oslo_service.service [req-51efd0a6-0018-449d-9b87-2fed248b48e1 - - - - -] database.db_max_retries = 20 log_opt_values /usr/lib/python3/dist-packages/oslo_config/cfg.py:2609
2025-06-02 00:40:13.112 132756 DEBUG oslo_service.service [req-51efd0a6-0018-449d-9b87-2fed248b48e1 - - - - -] database.db_max_retry_interval = 10 log_opt_values /usr/lib/python3/dist-packages/oslo_config/cfg.py:2609
2025-06-02 00:40:13.112 132756 DEBUG oslo_service.service [req-51efd0a6-0018-449d-9b87-2fed248b48e1 - - - - -] database.db_retry_interval = 1 log_opt_values /usr/lib/python3/dist-packages/oslo_config/cfg.py:2609
2025-06-02 00:40:13.112 132756 DEBUG oslo_service.service [req-51efd0a6-0018-449d-9b87-2fed248b48e1 - - - - -] database.max_overflow = 50 log_opt_values /usr/lib/python3/dist-packages/oslo_config/cfg.py:2609
2025-06-02 00:40:13.112 132756 DEBUG oslo_service.service [req-51efd0a6-0018-449d-9b87-2fed248b48e1 - - - - -] database.max_pool_size = 4 log_opt_values /usr/lib/python3/dist-packages/oslo_config/cfg.py:2609
2025-06-02 00:40:13.113 132756 DEBUG oslo_service.service [req-51efd0a6-0018-449d-9b87-2fed248b48e1 - - - - -] database.max_retries = 10 log_opt_values /usr/lib/python3/dist-packages/oslo_config/cfg.py:2609
2025-06-02 00:40:13.113 132756 DEBUG oslo_service.service [req-51efd0a6-0018-449d-9b87-2fed248b48e1 - - - - -] database.mysql_enable_ndb = False log_opt_values /usr/lib/python3/dist-packages/oslo_config/cfg.py:2609
2025-06-02 00:40:13.114 132756 DEBUG oslo_service.service [req-51efd0a6-0018-449d-9b87-2fed248b48e1 - - - - -] database.mysql_sql_mode = TRADITIONAL log_opt_values /usr/lib/python3/dist-packages/oslo_config/cfg.py:2609
2025-06-02 00:40:13.114 132756 DEBUG oslo_service.service [req-51efd0a6-0018-449d-9b87-2fed248b48e1 - - - - -] database.pool_timeout = None log_opt_values /usr/lib/python3/dist-packages/oslo_config/cfg.py:2609
2025-06-02 00:40:13.115 132756 DEBUG oslo_service.service [req-51efd0a6-0018-449d-9b87-2fed248b48e1 - - - - -] database.retry_interval = 10 log_opt_values /usr/lib/python3/dist-packages/oslo_config/cfg.py:2609
2025-06-02 00:40:13.115 132756 DEBUG oslo_service.service [req-51efd0a6-0018-449d-9b87-2fed248b48e1 - - - - -] database.slave_connection = **** log_opt_values /usr/lib/python3/dist-packages/oslo_config/cfg.py:2609
2025-06-02 00:40:13.115 133131 DEBUG oslo_messaging._drivers.amqpdriver [-] Listener is running poll /usr/lib/python3/dist-packages/oslo_messaging/_drivers/amqpdriver.py:343
2025-06-02 00:40:13.115 132756 DEBUG oslo_service.service [req-51efd0a6-0018-449d-9b87-2fed248b48e1 - - - - -] database.sqlite_synchronous = True log_opt_values /usr/lib/python3/dist-packages/oslo_config/cfg.py:2609
2025-06-02 00:40:13.115 133131 DEBUG oslo_messaging._drivers.amqpdriver [-] AMQPListener connection consume poll /usr/lib/python3/dist-packages/oslo_messaging/_drivers/amqpdriver.py:357
2025-06-02 00:40:13.115 132756 DEBUG oslo_service.service [req-51efd0a6-0018-449d-9b87-2fed248b48e1 - - - - -] database.use_db_reconnect = False log_opt_values /usr/lib/python3/dist-packages/oslo_config/cfg.py:2609
2025-06-02 00:40:13.116 132756 DEBUG oslo_service.service [req-51efd0a6-0018-449d-9b87-2fed248b48e1 - - - - -] api_database.backend = sqlalchemy log_opt_values /usr/lib/python3/dist-packages/oslo_config/cfg.py:2609
2025-06-02 00:40:13.116 132756 DEBUG oslo_service.service [req-51efd0a6-0018-449d-9b87-2fed248b48e1 - - - - -] api_database.connection = **** log_opt_values /usr/lib/python3/dist-packages/oslo_config/cfg.py:2609
2025-06-02 00:40:13.116 133131 DEBUG nova.service [req-67ce0cb4-3dae-4d73-90f9-10dc90f882f9 - - - - -] Join ServiceGroup membership for this service scheduler start /usr/lib/python3/dist-packages/nova/service.py:199
2025-06-02 00:40:13.116 132756 DEBUG oslo_service.service [req-51efd0a6-0018-449d-9b87-2fed248b48e1 - - - - -] api_database.connection_debug = 0 log_opt_values /usr/lib/python3/dist-packages/oslo_config/cfg.py:2609
2025-06-02 00:40:13.116 132756 DEBUG oslo_service.service [req-51efd0a6-0018-449d-9b87-2fed248b48e1 - - - - -] api_database.connection_parameters = log_opt_values /usr/lib/python3/dist-packages/oslo_config/cfg.py:2609
2025-06-02 00:40:13.116 133131 DEBUG nova.servicegroup.drivers.db [req-67ce0cb4-3dae-4d73-90f9-10dc90f882f9 - - - - -] DB_Driver: join new ServiceGroup member juju-e70598-0-lxd-7 to the scheduler group, service = join /usr/lib/python3/dist-packages/nova/servicegroup/drivers/db.py:44
2025-06-02 00:40:13.116 132756 DEBUG oslo_service.service [req-51efd0a6-0018-449d-9b87-2fed248b48e1 - - - - -] api_database.connection_recycle_time = 3600 log_opt_values /usr/lib/python3/dist-packages/oslo_config/cfg.py:2609
2025-06-02 00:40:13.116 132756 DEBUG oslo_service.service [req-51efd0a6-0018-449d-9b87-2fed248b48e1 - - - - -] api_database.connection_trace = False log_opt_values /usr/lib/python3/dist-packages/oslo_config/cfg.py:2609
2025-06-02 00:40:13.117 132756 DEBUG oslo_service.service [req-51efd0a6-0018-449d-9b87-2fed248b48e1 - - - - -] api_database.db_inc_retry_interval = True log_opt_values /usr/lib/python3/dist-packages/oslo_config/cfg.py:2609
2025-06-02 00:40:13.117 132756 DEBUG oslo_service.service [req-51efd0a6-0018-449d-9b87-2fed248b48e1 - - - - -] api_database.db_max_retries = 20 log_opt_values /usr/lib/python3/dist-packages/oslo_config/cfg.py:2609
2025-06-02 00:40:13.117 132756 DEBUG oslo_service.service [req-51efd0a6-0018-449d-9b87-2fed248b48e1 - - - - -] api_database.db_max_retry_interval = 10 log_opt_values /usr/lib/python3/dist-packages/oslo_config/cfg.py:2609
2025-06-02 00:40:13.117 132756 DEBUG oslo_service.service [req-51efd0a6-0018-449d-9b87-2fed248b48e1 - - - - -] api_database.db_retry_interval = 1 log_opt_values /usr/lib/python3/dist-packages/oslo_config/cfg.py:2609
2025-06-02 00:40:13.118 132756 DEBUG oslo_service.service [req-51efd0a6-0018-449d-9b87-2fed248b48e1 - - - - -] api_database.max_overflow = 50 log_opt_values /usr/lib/python3/dist-packages/oslo_config/cfg.py:2609
2025-06-02 00:40:13.118 132756 DEBUG oslo_service.service [req-51efd0a6-0018-449d-9b87-2fed248b48e1 - - - - -] api_database.max_pool_size = 4 log_opt_values /usr/lib/python3/dist-packages/oslo_config/cfg.py:2609
2025-06-02 00:40:13.118 132756 DEBUG oslo_service.service [req-51efd0a6-0018-449d-9b87-2fed248b48e1 - - - - -] api_database.max_retries = 10 log_opt_values /usr/lib/python3/dist-packages/oslo_config/cfg.py:2609
2025-06-02 00:40:13.118 133119 DEBUG oslo_messaging._drivers.amqpdriver [-] AMQPListener connection timeout poll /usr/lib/python3/dist-packages/oslo_messaging/_drivers/amqpdriver.py:360
2025-06-02 00:40:13.118 133119 DEBUG oslo_messaging._drivers.amqpdriver [-] Listener is running poll /usr/lib/python3/dist-packages/oslo_messaging/_drivers/amqpdriver.py:343
2025-06-02 00:40:13.119 133119 DEBUG oslo_messaging._drivers.amqpdriver [-] AMQPListener connection consume poll /usr/lib/python3/dist-packages/oslo_messaging/_drivers/amqpdriver.py:357
2025-06-02 00:40:13.118 132756 DEBUG oslo_service.service [req-51efd0a6-0018-449d-9b87-2fed248b48e1 - - - - -] api_database.mysql_enable_ndb = False log_opt_values /usr/lib/python3/dist-packages/oslo_config/cfg.py:2609
2025-06-02 00:40:13.119 133131 DEBUG oslo_messaging._drivers.amqpdriver [-] AMQPListener connection timeout poll /usr/lib/python3/dist-packages/oslo_messaging/_drivers/amqpdriver.py:360
2025-06-02 00:40:13.119 132756 DEBUG oslo_service.service [req-51efd0a6-0018-449d-9b87-2fed248b48e1 - - - - -] api_database.mysql_sql_mode = TRADITIONAL log_opt_values /usr/lib/python3/dist-packages/oslo_config/cfg.py:2609
2025-06-02 00:40:13.119 133131 DEBUG oslo_messaging._drivers.amqpdriver [-] Listener is running poll /usr/lib/python3/dist-packages/oslo_messaging/_drivers/amqpdriver.py:343
2025-06-02 00:40:13.119 133131 DEBUG oslo_messaging._drivers.amqpdriver [-] AMQPListener connection consume poll /usr/lib/python3/dist-packages/oslo_messaging/_drivers/amqpdriver.py:357
2025-06-02 00:40:13.119 132756 DEBUG oslo_service.service [req-51efd0a6-0018-449d-9b87-2fed248b48e1 - - - - -] api_database.pool_timeout = None log_opt_values /usr/lib/python3/dist-packages/oslo_config/cfg.py:2609
2025-06-02 00:40:13.119 132756 DEBUG oslo_service.service [req-51efd0a6-0018-449d-9b87-2fed248b48e1 - - - - -] api_database.retry_interval = 10 log_opt_values /usr/lib/python3/dist-packages/oslo_config/cfg.py:2609
2025-06-02 00:40:13.119 132756 DEBUG oslo_service.service [req-51efd0a6-0018-449d-9b87-2fed248b48e1 - - - - -] api_database.slave_connection = **** log_opt_values /usr/lib/python3/dist-packages/oslo_config/cfg.py:2609
2025-06-02 00:40:13.120 132756 DEBUG oslo_service.service [req-51efd0a6-0018-449d-9b87-2fed248b48e1 - - - - -] api_database.sqlite_synchronous = True log_opt_values /usr/lib/python3/dist-packages/oslo_config/cfg.py:2609
2025-06-02 00:40:13.120 132756 DEBUG oslo_service.service [req-51efd0a6-0018-449d-9b87-2fed248b48e1 - - - - -] devices.enabled_mdev_types = [] log_opt_values /usr/lib/python3/dist-packages/oslo_config/cfg.py:2609
2025-06-02 00:40:13.120 132756 DEBUG oslo_service.service [req-51efd0a6-0018-449d-9b87-2fed248b48e1 - - - - -] ephemeral_storage_encryption.cipher = aes-xts-plain64 log_opt_values /usr/lib/python3/dist-packages/oslo_config/cfg.py:2609
2025-06-02 00:40:13.121 132756 DEBUG oslo_service.service [req-51efd0a6-0018-449d-9b87-2fed248b48e1 - - - - -] ephemeral_storage_encryption.enabled = False log_opt_values /usr/lib/python3/dist-packages/oslo_config/cfg.py:2609
2025-06-02 00:40:13.121 132756 DEBUG oslo_service.service [req-51efd0a6-0018-449d-9b87-2fed248b48e1 - - - - -] ephemeral_storage_encryption.key_size = 512 log_opt_values /usr/lib/python3/dist-packages/oslo_config/cfg.py:2609
2025-06-02 00:40:13.121 132756 WARNING oslo_config.cfg [req-51efd0a6-0018-449d-9b87-2fed248b48e1 - - - - -] Deprecated: Option "api_servers" from group "glance" is deprecated for removal ( Support for image service configuration via standard keystoneauth1 Adapter options was added in the 17.0.0 Queens release. The api_servers option was retained temporarily to allow consumers time to cut over to a real load balancing solution. ). Its value may be silently ignored in the future.
2025-06-02 00:40:13.121 132756 DEBUG oslo_service.service [req-51efd0a6-0018-449d-9b87-2fed248b48e1 - - - - -] glance.api_servers = ['http://252.129.169.17:9292'] log_opt_values /usr/lib/python3/dist-packages/oslo_config/cfg.py:2609
2025-06-02 00:40:13.122 132756 DEBUG oslo_service.service [req-51efd0a6-0018-449d-9b87-2fed248b48e1 - - - - -] glance.cafile = None log_opt_values /usr/lib/python3/dist-packages/oslo_config/cfg.py:2609
2025-06-02 00:40:13.122 132756 DEBUG oslo_service.service [req-51efd0a6-0018-449d-9b87-2fed248b48e1 - - - - -] glance.certfile = None log_opt_values /usr/lib/python3/dist-packages/oslo_config/cfg.py:2609
2025-06-02 00:40:13.122 132756 DEBUG oslo_service.service [req-51efd0a6-0018-449d-9b87-2fed248b48e1 - - - - -] glance.collect_timing = False log_opt_values /usr/lib/python3/dist-packages/oslo_config/cfg.py:2609
2025-06-02 00:40:13.122 132756 DEBUG oslo_service.service [req-51efd0a6-0018-449d-9b87-2fed248b48e1 - - - - -] glance.connect_retries = None log_opt_values /usr/lib/python3/dist-packages/oslo_config/cfg.py:2609
2025-06-02 00:40:13.122 132756 DEBUG oslo_service.service [req-51efd0a6-0018-449d-9b87-2fed248b48e1 - - - - -] glance.connect_retry_delay = None log_opt_values /usr/lib/python3/dist-packages/oslo_config/cfg.py:2609
2025-06-02 00:40:13.123 132756 DEBUG oslo_service.service [req-51efd0a6-0018-449d-9b87-2fed248b48e1 - - - - -] glance.debug = False log_opt_values /usr/lib/python3/dist-packages/oslo_config/cfg.py:2609
2025-06-02 00:40:13.123 132756 DEBUG oslo_service.service [req-51efd0a6-0018-449d-9b87-2fed248b48e1 - - - - -] glance.default_trusted_certificate_ids = [] log_opt_values /usr/lib/python3/dist-packages/oslo_config/cfg.py:2609
2025-06-02 00:40:13.123 132756 DEBUG oslo_service.service [req-51efd0a6-0018-449d-9b87-2fed248b48e1 - - - - -] glance.enable_certificate_validation = False log_opt_values /usr/lib/python3/dist-packages/oslo_config/cfg.py:2609
2025-06-02 00:40:13.123 132756 DEBUG oslo_service.service [req-51efd0a6-0018-449d-9b87-2fed248b48e1 - - - - -] glance.enable_rbd_download = False log_opt_values /usr/lib/python3/dist-packages/oslo_config/cfg.py:2609
2025-06-02 00:40:13.123 132756 DEBUG oslo_service.service [req-51efd0a6-0018-449d-9b87-2fed248b48e1 - - - - -] glance.endpoint_override = None log_opt_values /usr/lib/python3/dist-packages/oslo_config/cfg.py:2609
2025-06-02 00:40:13.124 132756 DEBUG oslo_service.service [req-51efd0a6-0018-449d-9b87-2fed248b48e1 - - - - -] glance.insecure = False log_opt_values /usr/lib/python3/dist-packages/oslo_config/cfg.py:2609
2025-06-02 00:40:13.124 132756 DEBUG oslo_service.service [req-51efd0a6-0018-449d-9b87-2fed248b48e1 - - - - -] glance.keyfile = None log_opt_values /usr/lib/python3/dist-packages/oslo_config/cfg.py:2609
2025-06-02 00:40:13.124 132756 DEBUG oslo_service.service [req-51efd0a6-0018-449d-9b87-2fed248b48e1 - - - - -] glance.max_version = None log_opt_values /usr/lib/python3/dist-packages/oslo_config/cfg.py:2609
2025-06-02 00:40:13.125 132756 DEBUG oslo_service.service [req-51efd0a6-0018-449d-9b87-2fed248b48e1 - - - - -] glance.min_version = None log_opt_values /usr/lib/python3/dist-packages/oslo_config/cfg.py:2609
2025-06-02 00:40:13.125 132756 DEBUG oslo_service.service [req-51efd0a6-0018-449d-9b87-2fed248b48e1 - - - - -] glance.num_retries = 3 log_opt_values /usr/lib/python3/dist-packages/oslo_config/cfg.py:2609
2025-06-02 00:40:13.125 132756 DEBUG oslo_service.service [req-51efd0a6-0018-449d-9b87-2fed248b48e1 - - - - -] glance.rbd_ceph_conf = log_opt_values /usr/lib/python3/dist-packages/oslo_config/cfg.py:2609
2025-06-02 00:40:13.125 132756 DEBUG oslo_service.service [req-51efd0a6-0018-449d-9b87-2fed248b48e1 - - - - -] glance.rbd_connect_timeout = 5 log_opt_values /usr/lib/python3/dist-packages/oslo_config/cfg.py:2609
2025-06-02 00:40:13.125 132756 DEBUG oslo_service.service [req-51efd0a6-0018-449d-9b87-2fed248b48e1 - - - - -] glance.rbd_pool = log_opt_values /usr/lib/python3/dist-packages/oslo_config/cfg.py:2609
2025-06-02 00:40:13.125 132756 DEBUG oslo_service.service [req-51efd0a6-0018-449d-9b87-2fed248b48e1 - - - - -] glance.rbd_user = log_opt_values /usr/lib/python3/dist-packages/oslo_config/cfg.py:2609
2025-06-02 00:40:13.126 132756 DEBUG oslo_service.service [req-51efd0a6-0018-449d-9b87-2fed248b48e1 - - - - -] glance.region_name = None log_opt_values /usr/lib/python3/dist-packages/oslo_config/cfg.py:2609
2025-06-02 00:40:13.126 132756 DEBUG oslo_service.service [req-51efd0a6-0018-449d-9b87-2fed248b48e1 - - - - -] glance.service_name = None log_opt_values /usr/lib/python3/dist-packages/oslo_config/cfg.py:2609
2025-06-02 00:40:13.126 132756 DEBUG oslo_service.service [req-51efd0a6-0018-449d-9b87-2fed248b48e1 - - - - -] glance.service_type = image log_opt_values /usr/lib/python3/dist-packages/oslo_config/cfg.py:2609
2025-06-02 00:40:13.126 132756 DEBUG oslo_service.service [req-51efd0a6-0018-449d-9b87-2fed248b48e1 - - - - -] glance.split_loggers = False log_opt_values /usr/lib/python3/dist-packages/oslo_config/cfg.py:2609
2025-06-02 00:40:13.126 132756 DEBUG oslo_service.service [req-51efd0a6-0018-449d-9b87-2fed248b48e1 - - - - -] glance.status_code_retries = None log_opt_values /usr/lib/python3/dist-packages/oslo_config/cfg.py:2609
2025-06-02 00:40:13.127 132756 DEBUG oslo_service.service [req-51efd0a6-0018-449d-9b87-2fed248b48e1 - - - - -] glance.status_code_retry_delay = None log_opt_values /usr/lib/python3/dist-packages/oslo_config/cfg.py:2609
2025-06-02 00:40:13.128 132756 DEBUG oslo_service.service [req-51efd0a6-0018-449d-9b87-2fed248b48e1 - - - - -] glance.timeout = None log_opt_values /usr/lib/python3/dist-packages/oslo_config/cfg.py:2609
2025-06-02 00:40:13.128 132756 DEBUG oslo_service.service [req-51efd0a6-0018-449d-9b87-2fed248b48e1 - - - - -] glance.valid_interfaces = ['internal', 'public'] log_opt_values /usr/lib/python3/dist-packages/oslo_config/cfg.py:2609
2025-06-02 00:40:13.128 132756 DEBUG oslo_service.service [req-51efd0a6-0018-449d-9b87-2fed248b48e1 - - - - -] glance.verify_glance_signatures = False log_opt_values /usr/lib/python3/dist-packages/oslo_config/cfg.py:2609
2025-06-02 00:40:13.129 132756 DEBUG oslo_service.service [req-51efd0a6-0018-449d-9b87-2fed248b48e1 - - - - -] glance.version = None log_opt_values /usr/lib/python3/dist-packages/oslo_config/cfg.py:2609
2025-06-02 00:40:13.129 132756 DEBUG oslo_service.service [req-51efd0a6-0018-449d-9b87-2fed248b48e1 - - - - -] guestfs.debug = False log_opt_values /usr/lib/python3/dist-packages/oslo_config/cfg.py:2609
2025-06-02 00:40:13.129 132756 DEBUG oslo_service.service [req-51efd0a6-0018-449d-9b87-2fed248b48e1 - - - - -] hyperv.config_drive_cdrom = False log_opt_values /usr/lib/python3/dist-packages/oslo_config/cfg.py:2609
2025-06-02 00:40:13.129 132756 DEBUG oslo_service.service [req-51efd0a6-0018-449d-9b87-2fed248b48e1 - - - - -] hyperv.config_drive_inject_password = False log_opt_values /usr/lib/python3/dist-packages/oslo_config/cfg.py:2609
2025-06-02 00:40:13.130 132756 DEBUG oslo_service.service [req-51efd0a6-0018-449d-9b87-2fed248b48e1 - - - - -] hyperv.dynamic_memory_ratio = 1.0 log_opt_values /usr/lib/python3/dist-packages/oslo_config/cfg.py:2609
2025-06-02 00:40:13.130 132756 DEBUG oslo_service.service [req-51efd0a6-0018-449d-9b87-2fed248b48e1 - - - - -] hyperv.enable_instance_metrics_collection = False log_opt_values /usr/lib/python3/dist-packages/oslo_config/cfg.py:2609
2025-06-02 00:40:13.130 132756 DEBUG oslo_service.service [req-51efd0a6-0018-449d-9b87-2fed248b48e1 - - - - -] hyperv.enable_remotefx = False log_opt_values /usr/lib/python3/dist-packages/oslo_config/cfg.py:2609
2025-06-02 00:40:13.130 132756 DEBUG oslo_service.service [req-51efd0a6-0018-449d-9b87-2fed248b48e1 - - - - -] hyperv.instances_path_share = log_opt_values /usr/lib/python3/dist-packages/oslo_config/cfg.py:2609
2025-06-02 00:40:13.130 132756 DEBUG oslo_service.service [req-51efd0a6-0018-449d-9b87-2fed248b48e1 - - - - -] hyperv.iscsi_initiator_list = [] log_opt_values /usr/lib/python3/dist-packages/oslo_config/cfg.py:2609
2025-06-02 00:40:13.130 133132 DEBUG oslo_messaging._drivers.amqpdriver [-] Listener is running poll /usr/lib/python3/dist-packages/oslo_messaging/_drivers/amqpdriver.py:343
2025-06-02 00:40:13.130 132756 DEBUG oslo_service.service [req-51efd0a6-0018-449d-9b87-2fed248b48e1 - - - - -] hyperv.limit_cpu_features = False log_opt_values /usr/lib/python3/dist-packages/oslo_config/cfg.py:2609
2025-06-02 00:40:13.130 133132 DEBUG oslo_messaging._drivers.amqpdriver [-] AMQPListener connection consume poll /usr/lib/python3/dist-packages/oslo_messaging/_drivers/amqpdriver.py:357
2025-06-02 00:40:13.131 132756 DEBUG oslo_service.service [req-51efd0a6-0018-449d-9b87-2fed248b48e1 - - - - -] hyperv.mounted_disk_query_retry_count = 10 log_opt_values /usr/lib/python3/dist-packages/oslo_config/cfg.py:2609
2025-06-02 00:40:13.131 132756 DEBUG oslo_service.service [req-51efd0a6-0018-449d-9b87-2fed248b48e1 - - - - -] hyperv.mounted_disk_query_retry_interval = 5 log_opt_values /usr/lib/python3/dist-packages/oslo_config/cfg.py:2609
2025-06-02 00:40:13.131 132756 DEBUG oslo_service.service [req-51efd0a6-0018-449d-9b87-2fed248b48e1 - - - - -] hyperv.power_state_check_timeframe = 60 log_opt_values /usr/lib/python3/dist-packages/oslo_config/cfg.py:2609
2025-06-02 00:40:13.131 132756 DEBUG oslo_service.service [req-51efd0a6-0018-449d-9b87-2fed248b48e1 - - - - -] hyperv.power_state_event_polling_interval = 2 log_opt_values /usr/lib/python3/dist-packages/oslo_config/cfg.py:2609
2025-06-02 00:40:13.131 133132 DEBUG nova.service [req-eef46b7f-a91b-40d3-bb25-b17ca4a90545 - - - - -] Join ServiceGroup membership for this service scheduler start /usr/lib/python3/dist-packages/nova/service.py:199
2025-06-02 00:40:13.131 132756 DEBUG oslo_service.service [req-51efd0a6-0018-449d-9b87-2fed248b48e1 - - - - -] hyperv.qemu_img_cmd = qemu-img.exe log_opt_values /usr/lib/python3/dist-packages/oslo_config/cfg.py:2609
2025-06-02 00:40:13.132 132756 DEBUG oslo_service.service [req-51efd0a6-0018-449d-9b87-2fed248b48e1 - - - - -] hyperv.use_multipath_io = False log_opt_values /usr/lib/python3/dist-packages/oslo_config/cfg.py:2609
2025-06-02 00:40:13.131 133132 DEBUG nova.servicegroup.drivers.db [req-eef46b7f-a91b-40d3-bb25-b17ca4a90545 - - - - -] DB_Driver: join new ServiceGroup member juju-e70598-0-lxd-7 to the scheduler group, service = join /usr/lib/python3/dist-packages/nova/servicegroup/drivers/db.py:44
2025-06-02 00:40:13.132 132756 DEBUG oslo_service.service [req-51efd0a6-0018-449d-9b87-2fed248b48e1 - - - - -] hyperv.volume_attach_retry_count = 10 log_opt_values /usr/lib/python3/dist-packages/oslo_config/cfg.py:2609
2025-06-02 00:40:13.132 132756 DEBUG oslo_service.service [req-51efd0a6-0018-449d-9b87-2fed248b48e1 - - - - -] hyperv.volume_attach_retry_interval = 5 log_opt_values /usr/lib/python3/dist-packages/oslo_config/cfg.py:2609
2025-06-02 00:40:13.132 132756 DEBUG oslo_service.service [req-51efd0a6-0018-449d-9b87-2fed248b48e1 - - - - -] hyperv.vswitch_name = None log_opt_values /usr/lib/python3/dist-packages/oslo_config/cfg.py:2609
2025-06-02 00:40:13.132 132756 DEBUG oslo_service.service [req-51efd0a6-0018-449d-9b87-2fed248b48e1 - - - - -] hyperv.wait_soft_reboot_seconds = 60 log_opt_values /usr/lib/python3/dist-packages/oslo_config/cfg.py:2609
2025-06-02 00:40:13.132 132756 DEBUG oslo_service.service [req-51efd0a6-0018-449d-9b87-2fed248b48e1 - - - - -] mks.enabled = False log_opt_values /usr/lib/python3/dist-packages/oslo_config/cfg.py:2609
2025-06-02 00:40:13.133 132756 DEBUG oslo_service.service [req-51efd0a6-0018-449d-9b87-2fed248b48e1 - - - - -] mks.mksproxy_base_url = http://127.0.0.1:6090/ log_opt_values /usr/lib/python3/dist-packages/oslo_config/cfg.py:2609
2025-06-02 00:40:13.133 132756 DEBUG oslo_service.service [req-51efd0a6-0018-449d-9b87-2fed248b48e1 - - - - -] image_cache.manager_interval = 2400 log_opt_values /usr/lib/python3/dist-packages/oslo_config/cfg.py:2609
2025-06-02 00:40:13.134 132756 DEBUG oslo_service.service [req-51efd0a6-0018-449d-9b87-2fed248b48e1 - - - - -] image_cache.precache_concurrency = 1 log_opt_values /usr/lib/python3/dist-packages/oslo_config/cfg.py:2609
2025-06-02 00:40:13.134 132756 DEBUG oslo_service.service [req-51efd0a6-0018-449d-9b87-2fed248b48e1 - - - - -] image_cache.remove_unused_base_images = True log_opt_values /usr/lib/python3/dist-packages/oslo_config/cfg.py:2609
2025-06-02 00:40:13.134 132756 DEBUG oslo_service.service [req-51efd0a6-0018-449d-9b87-2fed248b48e1 - - - - -] image_cache.remove_unused_original_minimum_age_seconds = 86400 log_opt_values /usr/lib/python3/dist-packages/oslo_config/cfg.py:2609
2025-06-02 00:40:13.134 133132 DEBUG oslo_messaging._drivers.amqpdriver [-] AMQPListener connection timeout poll /usr/lib/python3/dist-packages/oslo_messaging/_drivers/amqpdriver.py:360
2025-06-02 00:40:13.134 133132 DEBUG oslo_messaging._drivers.amqpdriver [-] Listener is running poll /usr/lib/python3/dist-packages/oslo_messaging/_drivers/amqpdriver.py:343
2025-06-02 00:40:13.134 132756 DEBUG oslo_service.service [req-51efd0a6-0018-449d-9b87-2fed248b48e1 - - - - -] image_cache.remove_unused_resized_minimum_age_seconds = 3600 log_opt_values /usr/lib/python3/dist-packages/oslo_config/cfg.py:2609
2025-06-02 00:40:13.134 133132 DEBUG oslo_messaging._drivers.amqpdriver [-] AMQPListener connection consume poll /usr/lib/python3/dist-packages/oslo_messaging/_drivers/amqpdriver.py:357
2025-06-02 00:40:13.134 132756 DEBUG oslo_service.service [req-51efd0a6-0018-449d-9b87-2fed248b48e1 - - - - -] image_cache.subdirectory_name = _base log_opt_values /usr/lib/python3/dist-packages/oslo_config/cfg.py:2609
2025-06-02 00:40:13.135 132756 DEBUG oslo_service.service [req-51efd0a6-0018-449d-9b87-2fed248b48e1 - - - - -] ironic.api_max_retries = 60 log_opt_values /usr/lib/python3/dist-packages/oslo_config/cfg.py:2609
2025-06-02 00:40:13.135 132756 DEBUG oslo_service.service [req-51efd0a6-0018-449d-9b87-2fed248b48e1 - - - - -] ironic.api_retry_interval = 2 log_opt_values /usr/lib/python3/dist-packages/oslo_config/cfg.py:2609
2025-06-02 00:40:13.135 132756 DEBUG oslo_service.service [req-51efd0a6-0018-449d-9b87-2fed248b48e1 - - - - -] ironic.auth_section = None log_opt_values /usr/lib/python3/dist-packages/oslo_config/cfg.py:2609
2025-06-02 00:40:13.135 132756 DEBUG oslo_service.service [req-51efd0a6-0018-449d-9b87-2fed248b48e1 - - - - -] ironic.auth_type = None log_opt_values /usr/lib/python3/dist-packages/oslo_config/cfg.py:2609
2025-06-02 00:40:13.136 132756 DEBUG oslo_service.service [req-51efd0a6-0018-449d-9b87-2fed248b48e1 - - - - -] ironic.cafile = None log_opt_values /usr/lib/python3/dist-packages/oslo_config/cfg.py:2609
2025-06-02 00:40:13.136 132756 DEBUG oslo_service.service [req-51efd0a6-0018-449d-9b87-2fed248b48e1 - - - - -] ironic.certfile = None log_opt_values /usr/lib/python3/dist-packages/oslo_config/cfg.py:2609
2025-06-02 00:40:13.136 132756 DEBUG oslo_service.service [req-51efd0a6-0018-449d-9b87-2fed248b48e1 - - - - -] ironic.collect_timing = False log_opt_values /usr/lib/python3/dist-packages/oslo_config/cfg.py:2609
2025-06-02 00:40:13.136 132756 DEBUG oslo_service.service [req-51efd0a6-0018-449d-9b87-2fed248b48e1 - - - - -] ironic.connect_retries = None log_opt_values /usr/lib/python3/dist-packages/oslo_config/cfg.py:2609
2025-06-02 00:40:13.136 132756 DEBUG oslo_service.service [req-51efd0a6-0018-449d-9b87-2fed248b48e1 - - - - -] ironic.connect_retry_delay = None log_opt_values /usr/lib/python3/dist-packages/oslo_config/cfg.py:2609
2025-06-02 00:40:13.136 132756 DEBUG oslo_service.service [req-51efd0a6-0018-449d-9b87-2fed248b48e1 - - - - -] ironic.endpoint_override = None log_opt_values /usr/lib/python3/dist-packages/oslo_config/cfg.py:2609
2025-06-02 00:40:13.137 132756 DEBUG oslo_service.service [req-51efd0a6-0018-449d-9b87-2fed248b48e1 - - - - -] ironic.insecure = False log_opt_values /usr/lib/python3/dist-packages/oslo_config/cfg.py:2609
2025-06-02 00:40:13.137 132756 DEBUG oslo_service.service [req-51efd0a6-0018-449d-9b87-2fed248b48e1 - - - - -] ironic.keyfile = None log_opt_values /usr/lib/python3/dist-packages/oslo_config/cfg.py:2609
2025-06-02 00:40:13.137 132756 DEBUG oslo_service.service [req-51efd0a6-0018-449d-9b87-2fed248b48e1 - - - - -] ironic.max_version = None log_opt_values /usr/lib/python3/dist-packages/oslo_config/cfg.py:2609
2025-06-02 00:40:13.137 132756 DEBUG oslo_service.service [req-51efd0a6-0018-449d-9b87-2fed248b48e1 - - - - -] ironic.min_version = None log_opt_values /usr/lib/python3/dist-packages/oslo_config/cfg.py:2609
2025-06-02 00:40:13.137 132756 DEBUG oslo_service.service [req-51efd0a6-0018-449d-9b87-2fed248b48e1 - - - - -] ironic.partition_key = None log_opt_values /usr/lib/python3/dist-packages/oslo_config/cfg.py:2609
2025-06-02 00:40:13.137 132756 DEBUG oslo_service.service [req-51efd0a6-0018-449d-9b87-2fed248b48e1 - - - - -] ironic.peer_list = [] log_opt_values /usr/lib/python3/dist-packages/oslo_config/cfg.py:2609
2025-06-02 00:40:13.138 132756 DEBUG oslo_service.service [req-51efd0a6-0018-449d-9b87-2fed248b48e1 - - - - -] ironic.region_name = None log_opt_values /usr/lib/python3/dist-packages/oslo_config/cfg.py:2609
2025-06-02 00:40:13.138 132756 DEBUG oslo_service.service [req-51efd0a6-0018-449d-9b87-2fed248b48e1 - - - - -] ironic.serial_console_state_timeout = 10 log_opt_values /usr/lib/python3/dist-packages/oslo_config/cfg.py:2609
2025-06-02 00:40:13.138 132756 DEBUG oslo_service.service [req-51efd0a6-0018-449d-9b87-2fed248b48e1 - - - - -] ironic.service_name = None log_opt_values /usr/lib/python3/dist-packages/oslo_config/cfg.py:2609
2025-06-02 00:40:13.138 132756 DEBUG oslo_service.service [req-51efd0a6-0018-449d-9b87-2fed248b48e1 - - - - -] ironic.service_type = baremetal log_opt_values /usr/lib/python3/dist-packages/oslo_config/cfg.py:2609
2025-06-02 00:40:13.139 132756 DEBUG oslo_service.service [req-51efd0a6-0018-449d-9b87-2fed248b48e1 - - - - -] ironic.split_loggers = False log_opt_values /usr/lib/python3/dist-packages/oslo_config/cfg.py:2609
2025-06-02 00:40:13.139 132756 DEBUG oslo_service.service [req-51efd0a6-0018-449d-9b87-2fed248b48e1 - - - - -] ironic.status_code_retries = None log_opt_values /usr/lib/python3/dist-packages/oslo_config/cfg.py:2609
2025-06-02 00:40:13.139 132756 DEBUG oslo_service.service [req-51efd0a6-0018-449d-9b87-2fed248b48e1 - - - - -] ironic.status_code_retry_delay = None log_opt_values /usr/lib/python3/dist-packages/oslo_config/cfg.py:2609
2025-06-02 00:40:13.139 132756 DEBUG oslo_service.service [req-51efd0a6-0018-449d-9b87-2fed248b48e1 - - - - -] ironic.timeout = None log_opt_values /usr/lib/python3/dist-packages/oslo_config/cfg.py:2609
2025-06-02 00:40:13.140 132756 DEBUG oslo_service.service [req-51efd0a6-0018-449d-9b87-2fed248b48e1 - - - - -] ironic.valid_interfaces = ['internal', 'public'] log_opt_values /usr/lib/python3/dist-packages/oslo_config/cfg.py:2609
2025-06-02 00:40:13.140 132756 DEBUG oslo_service.service [req-51efd0a6-0018-449d-9b87-2fed248b48e1 - - - - -] ironic.version = None log_opt_values /usr/lib/python3/dist-packages/oslo_config/cfg.py:2609
2025-06-02 00:40:13.140 132756 DEBUG oslo_service.service [req-51efd0a6-0018-449d-9b87-2fed248b48e1 - - - - -] key_manager.backend = barbican log_opt_values /usr/lib/python3/dist-packages/oslo_config/cfg.py:2609
