2025-06-02 00:38:22.671 117081 DEBUG oslo_service.service [req-ca4021d2-f517-4da2-a80e-065216ab27a1 - - - - -] glance.timeout = None log_opt_values /usr/lib/python3/dist-packages/oslo_config/cfg.py:2609
2025-06-02 00:38:22.671 117081 DEBUG oslo_service.service [req-ca4021d2-f517-4da2-a80e-065216ab27a1 - - - - -] glance.valid_interfaces = ['internal', 'public'] log_opt_values /usr/lib/python3/dist-packages/oslo_config/cfg.py:2609
2025-06-02 00:38:22.671 117081 DEBUG oslo_service.service [req-ca4021d2-f517-4da2-a80e-065216ab27a1 - - - - -] glance.verify_glance_signatures = False log_opt_values /usr/lib/python3/dist-packages/oslo_config/cfg.py:2609
2025-06-02 00:38:22.671 117081 DEBUG oslo_service.service [req-ca4021d2-f517-4da2-a80e-065216ab27a1 - - - - -] glance.version = None log_opt_values /usr/lib/python3/dist-packages/oslo_config/cfg.py:2609
2025-06-02 00:38:22.672 117081 DEBUG oslo_service.service [req-ca4021d2-f517-4da2-a80e-065216ab27a1 - - - - -] guestfs.debug = False log_opt_values /usr/lib/python3/dist-packages/oslo_config/cfg.py:2609
2025-06-02 00:38:22.672 117081 DEBUG oslo_service.service [req-ca4021d2-f517-4da2-a80e-065216ab27a1 - - - - -] hyperv.config_drive_cdrom = False log_opt_values /usr/lib/python3/dist-packages/oslo_config/cfg.py:2609
2025-06-02 00:38:22.673 117081 DEBUG oslo_service.service [req-ca4021d2-f517-4da2-a80e-065216ab27a1 - - - - -] hyperv.config_drive_inject_password = False log_opt_values /usr/lib/python3/dist-packages/oslo_config/cfg.py:2609
2025-06-02 00:38:22.673 117081 DEBUG oslo_service.service [req-ca4021d2-f517-4da2-a80e-065216ab27a1 - - - - -] hyperv.dynamic_memory_ratio = 1.0 log_opt_values /usr/lib/python3/dist-packages/oslo_config/cfg.py:2609
2025-06-02 00:38:22.673 117081 DEBUG oslo_service.service [req-ca4021d2-f517-4da2-a80e-065216ab27a1 - - - - -] hyperv.enable_instance_metrics_collection = False log_opt_values /usr/lib/python3/dist-packages/oslo_config/cfg.py:2609
2025-06-02 00:38:22.673 117081 DEBUG oslo_service.service [req-ca4021d2-f517-4da2-a80e-065216ab27a1 - - - - -] hyperv.enable_remotefx = False log_opt_values /usr/lib/python3/dist-packages/oslo_config/cfg.py:2609
2025-06-02 00:38:22.674 117081 DEBUG oslo_service.service [req-ca4021d2-f517-4da2-a80e-065216ab27a1 - - - - -] hyperv.instances_path_share = log_opt_values /usr/lib/python3/dist-packages/oslo_config/cfg.py:2609
2025-06-02 00:38:22.674 117081 DEBUG oslo_service.service [req-ca4021d2-f517-4da2-a80e-065216ab27a1 - - - - -] hyperv.iscsi_initiator_list = [] log_opt_values /usr/lib/python3/dist-packages/oslo_config/cfg.py:2609
2025-06-02 00:38:22.674 117081 DEBUG oslo_service.service [req-ca4021d2-f517-4da2-a80e-065216ab27a1 - - - - -] hyperv.limit_cpu_features = False log_opt_values /usr/lib/python3/dist-packages/oslo_config/cfg.py:2609
2025-06-02 00:38:22.674 117081 DEBUG oslo_service.service [req-ca4021d2-f517-4da2-a80e-065216ab27a1 - - - - -] hyperv.mounted_disk_query_retry_count = 10 log_opt_values /usr/lib/python3/dist-packages/oslo_config/cfg.py:2609
2025-06-02 00:38:22.676 117081 DEBUG oslo_service.service [req-ca4021d2-f517-4da2-a80e-065216ab27a1 - - - - -] hyperv.mounted_disk_query_retry_interval = 5 log_opt_values /usr/lib/python3/dist-packages/oslo_config/cfg.py:2609
2025-06-02 00:38:22.676 117081 DEBUG oslo_service.service [req-ca4021d2-f517-4da2-a80e-065216ab27a1 - - - - -] hyperv.power_state_check_timeframe = 60 log_opt_values /usr/lib/python3/dist-packages/oslo_config/cfg.py:2609
2025-06-02 00:38:22.676 117081 DEBUG oslo_service.service [req-ca4021d2-f517-4da2-a80e-065216ab27a1 - - - - -] hyperv.power_state_event_polling_interval = 2 log_opt_values /usr/lib/python3/dist-packages/oslo_config/cfg.py:2609
2025-06-02 00:38:22.676 117081 DEBUG oslo_service.service [req-ca4021d2-f517-4da2-a80e-065216ab27a1 - - - - -] hyperv.qemu_img_cmd = qemu-img.exe log_opt_values /usr/lib/python3/dist-packages/oslo_config/cfg.py:2609
2025-06-02 00:38:22.677 117081 DEBUG oslo_service.service [req-ca4021d2-f517-4da2-a80e-065216ab27a1 - - - - -] hyperv.use_multipath_io = False log_opt_values /usr/lib/python3/dist-packages/oslo_config/cfg.py:2609
2025-06-02 00:38:22.677 117081 DEBUG oslo_service.service [req-ca4021d2-f517-4da2-a80e-065216ab27a1 - - - - -] hyperv.volume_attach_retry_count = 10 log_opt_values /usr/lib/python3/dist-packages/oslo_config/cfg.py:2609
2025-06-02 00:38:22.677 117081 DEBUG oslo_service.service [req-ca4021d2-f517-4da2-a80e-065216ab27a1 - - - - -] hyperv.volume_attach_retry_interval = 5 log_opt_values /usr/lib/python3/dist-packages/oslo_config/cfg.py:2609
2025-06-02 00:38:22.677 117081 DEBUG oslo_service.service [req-ca4021d2-f517-4da2-a80e-065216ab27a1 - - - - -] hyperv.vswitch_name = None log_opt_values /usr/lib/python3/dist-packages/oslo_config/cfg.py:2609
2025-06-02 00:38:22.678 117081 DEBUG oslo_service.service [req-ca4021d2-f517-4da2-a80e-065216ab27a1 - - - - -] hyperv.wait_soft_reboot_seconds = 60 log_opt_values /usr/lib/python3/dist-packages/oslo_config/cfg.py:2609
2025-06-02 00:38:22.678 117081 DEBUG oslo_service.service [req-ca4021d2-f517-4da2-a80e-065216ab27a1 - - - - -] mks.enabled = False log_opt_values /usr/lib/python3/dist-packages/oslo_config/cfg.py:2609
2025-06-02 00:38:22.679 117081 DEBUG oslo_service.service [req-ca4021d2-f517-4da2-a80e-065216ab27a1 - - - - -] mks.mksproxy_base_url = http://127.0.0.1:6090/ log_opt_values /usr/lib/python3/dist-packages/oslo_config/cfg.py:2609
2025-06-02 00:38:22.679 117081 DEBUG oslo_service.service [req-ca4021d2-f517-4da2-a80e-065216ab27a1 - - - - -] image_cache.manager_interval = 2400 log_opt_values /usr/lib/python3/dist-packages/oslo_config/cfg.py:2609
2025-06-02 00:38:22.679 117081 DEBUG oslo_service.service [req-ca4021d2-f517-4da2-a80e-065216ab27a1 - - - - -] image_cache.precache_concurrency = 1 log_opt_values /usr/lib/python3/dist-packages/oslo_config/cfg.py:2609
2025-06-02 00:38:22.679 117081 DEBUG oslo_service.service [req-ca4021d2-f517-4da2-a80e-065216ab27a1 - - - - -] image_cache.remove_unused_base_images = True log_opt_values /usr/lib/python3/dist-packages/oslo_config/cfg.py:2609
2025-06-02 00:38:22.680 117081 DEBUG oslo_service.service [req-ca4021d2-f517-4da2-a80e-065216ab27a1 - - - - -] image_cache.remove_unused_original_minimum_age_seconds = 86400 log_opt_values /usr/lib/python3/dist-packages/oslo_config/cfg.py:2609
2025-06-02 00:38:22.680 117081 DEBUG oslo_service.service [req-ca4021d2-f517-4da2-a80e-065216ab27a1 - - - - -] image_cache.remove_unused_resized_minimum_age_seconds = 3600 log_opt_values /usr/lib/python3/dist-packages/oslo_config/cfg.py:2609
2025-06-02 00:38:22.680 117081 DEBUG oslo_service.service [req-ca4021d2-f517-4da2-a80e-065216ab27a1 - - - - -] image_cache.subdirectory_name = _base log_opt_values /usr/lib/python3/dist-packages/oslo_config/cfg.py:2609
2025-06-02 00:38:22.680 117081 DEBUG oslo_service.service [req-ca4021d2-f517-4da2-a80e-065216ab27a1 - - - - -] ironic.api_max_retries = 60 log_opt_values /usr/lib/python3/dist-packages/oslo_config/cfg.py:2609
2025-06-02 00:38:22.680 117081 DEBUG oslo_service.service [req-ca4021d2-f517-4da2-a80e-065216ab27a1 - - - - -] ironic.api_retry_interval = 2 log_opt_values /usr/lib/python3/dist-packages/oslo_config/cfg.py:2609
2025-06-02 00:38:22.680 117081 DEBUG oslo_service.service [req-ca4021d2-f517-4da2-a80e-065216ab27a1 - - - - -] ironic.auth_section = None log_opt_values /usr/lib/python3/dist-packages/oslo_config/cfg.py:2609
2025-06-02 00:38:22.681 117081 DEBUG oslo_service.service [req-ca4021d2-f517-4da2-a80e-065216ab27a1 - - - - -] ironic.auth_type = None log_opt_values /usr/lib/python3/dist-packages/oslo_config/cfg.py:2609
2025-06-02 00:38:22.681 117081 DEBUG oslo_service.service [req-ca4021d2-f517-4da2-a80e-065216ab27a1 - - - - -] ironic.cafile = None log_opt_values /usr/lib/python3/dist-packages/oslo_config/cfg.py:2609
2025-06-02 00:38:22.681 117081 DEBUG oslo_service.service [req-ca4021d2-f517-4da2-a80e-065216ab27a1 - - - - -] ironic.certfile = None log_opt_values /usr/lib/python3/dist-packages/oslo_config/cfg.py:2609
2025-06-02 00:38:22.681 117081 DEBUG oslo_service.service [req-ca4021d2-f517-4da2-a80e-065216ab27a1 - - - - -] ironic.collect_timing = False log_opt_values /usr/lib/python3/dist-packages/oslo_config/cfg.py:2609
2025-06-02 00:38:22.681 117081 DEBUG oslo_service.service [req-ca4021d2-f517-4da2-a80e-065216ab27a1 - - - - -] ironic.connect_retries = None log_opt_values /usr/lib/python3/dist-packages/oslo_config/cfg.py:2609
2025-06-02 00:38:22.681 117081 DEBUG oslo_service.service [req-ca4021d2-f517-4da2-a80e-065216ab27a1 - - - - -] ironic.connect_retry_delay = None log_opt_values /usr/lib/python3/dist-packages/oslo_config/cfg.py:2609
2025-06-02 00:38:22.682 117081 DEBUG oslo_service.service [req-ca4021d2-f517-4da2-a80e-065216ab27a1 - - - - -] ironic.endpoint_override = None log_opt_values /usr/lib/python3/dist-packages/oslo_config/cfg.py:2609
2025-06-02 00:38:22.682 117081 DEBUG oslo_service.service [req-ca4021d2-f517-4da2-a80e-065216ab27a1 - - - - -] ironic.insecure = False log_opt_values /usr/lib/python3/dist-packages/oslo_config/cfg.py:2609
2025-06-02 00:38:22.682 117081 DEBUG oslo_service.service [req-ca4021d2-f517-4da2-a80e-065216ab27a1 - - - - -] ironic.keyfile = None log_opt_values /usr/lib/python3/dist-packages/oslo_config/cfg.py:2609
2025-06-02 00:38:22.682 118711 DEBUG oslo_messaging._drivers.amqpdriver [-] Listener is running poll /usr/lib/python3/dist-packages/oslo_messaging/_drivers/amqpdriver.py:343
2025-06-02 00:38:22.682 117081 DEBUG oslo_service.service [req-ca4021d2-f517-4da2-a80e-065216ab27a1 - - - - -] ironic.max_version = None log_opt_values /usr/lib/python3/dist-packages/oslo_config/cfg.py:2609
2025-06-02 00:38:22.682 118711 DEBUG oslo_messaging._drivers.amqpdriver [-] AMQPListener connection consume poll /usr/lib/python3/dist-packages/oslo_messaging/_drivers/amqpdriver.py:357
2025-06-02 00:38:22.682 117081 DEBUG oslo_service.service [req-ca4021d2-f517-4da2-a80e-065216ab27a1 - - - - -] ironic.min_version = None log_opt_values /usr/lib/python3/dist-packages/oslo_config/cfg.py:2609
2025-06-02 00:38:22.683 117081 DEBUG oslo_service.service [req-ca4021d2-f517-4da2-a80e-065216ab27a1 - - - - -] ironic.partition_key = None log_opt_values /usr/lib/python3/dist-packages/oslo_config/cfg.py:2609
2025-06-02 00:38:22.683 117081 DEBUG oslo_service.service [req-ca4021d2-f517-4da2-a80e-065216ab27a1 - - - - -] ironic.peer_list = [] log_opt_values /usr/lib/python3/dist-packages/oslo_config/cfg.py:2609
2025-06-02 00:38:22.683 117081 DEBUG oslo_service.service [req-ca4021d2-f517-4da2-a80e-065216ab27a1 - - - - -] ironic.region_name = None log_opt_values /usr/lib/python3/dist-packages/oslo_config/cfg.py:2609
2025-06-02 00:38:22.683 118711 DEBUG nova.service [req-be606fdb-92e2-4204-b96b-55c21d064e79 - - - - -] Join ServiceGroup membership for this service scheduler start /usr/lib/python3/dist-packages/nova/service.py:199
2025-06-02 00:38:22.683 117081 DEBUG oslo_service.service [req-ca4021d2-f517-4da2-a80e-065216ab27a1 - - - - -] ironic.serial_console_state_timeout = 10 log_opt_values /usr/lib/python3/dist-packages/oslo_config/cfg.py:2609
2025-06-02 00:38:22.683 118712 DEBUG oslo_messaging._drivers.amqpdriver [-] Listener is running poll /usr/lib/python3/dist-packages/oslo_messaging/_drivers/amqpdriver.py:343
2025-06-02 00:38:22.683 117081 DEBUG oslo_service.service [req-ca4021d2-f517-4da2-a80e-065216ab27a1 - - - - -] ironic.service_name = None log_opt_values /usr/lib/python3/dist-packages/oslo_config/cfg.py:2609
2025-06-02 00:38:22.684 117081 DEBUG oslo_service.service [req-ca4021d2-f517-4da2-a80e-065216ab27a1 - - - - -] ironic.service_type = baremetal log_opt_values /usr/lib/python3/dist-packages/oslo_config/cfg.py:2609
2025-06-02 00:38:22.684 118712 DEBUG oslo_messaging._drivers.amqpdriver [-] AMQPListener connection consume poll /usr/lib/python3/dist-packages/oslo_messaging/_drivers/amqpdriver.py:357
2025-06-02 00:38:22.684 118711 DEBUG nova.servicegroup.drivers.db [req-be606fdb-92e2-4204-b96b-55c21d064e79 - - - - -] DB_Driver: join new ServiceGroup member juju-e70598-0-lxd-7 to the scheduler group, service = join /usr/lib/python3/dist-packages/nova/servicegroup/drivers/db.py:44
2025-06-02 00:38:22.684 117081 DEBUG oslo_service.service [req-ca4021d2-f517-4da2-a80e-065216ab27a1 - - - - -] ironic.split_loggers = False log_opt_values /usr/lib/python3/dist-packages/oslo_config/cfg.py:2609
2025-06-02 00:38:22.684 117081 DEBUG oslo_service.service [req-ca4021d2-f517-4da2-a80e-065216ab27a1 - - - - -] ironic.status_code_retries = None log_opt_values /usr/lib/python3/dist-packages/oslo_config/cfg.py:2609
2025-06-02 00:38:22.684 117081 DEBUG oslo_service.service [req-ca4021d2-f517-4da2-a80e-065216ab27a1 - - - - -] ironic.status_code_retry_delay = None log_opt_values /usr/lib/python3/dist-packages/oslo_config/cfg.py:2609
2025-06-02 00:38:22.685 117081 DEBUG oslo_service.service [req-ca4021d2-f517-4da2-a80e-065216ab27a1 - - - - -] ironic.timeout = None log_opt_values /usr/lib/python3/dist-packages/oslo_config/cfg.py:2609
2025-06-02 00:38:22.685 117081 DEBUG oslo_service.service [req-ca4021d2-f517-4da2-a80e-065216ab27a1 - - - - -] ironic.valid_interfaces = ['internal', 'public'] log_opt_values /usr/lib/python3/dist-packages/oslo_config/cfg.py:2609
2025-06-02 00:38:22.685 117081 DEBUG oslo_service.service [req-ca4021d2-f517-4da2-a80e-065216ab27a1 - - - - -] ironic.version = None log_opt_values /usr/lib/python3/dist-packages/oslo_config/cfg.py:2609
2025-06-02 00:38:22.685 117081 DEBUG oslo_service.service [req-ca4021d2-f517-4da2-a80e-065216ab27a1 - - - - -] key_manager.backend = barbican log_opt_values /usr/lib/python3/dist-packages/oslo_config/cfg.py:2609
2025-06-02 00:38:22.685 117081 DEBUG oslo_service.service [req-ca4021d2-f517-4da2-a80e-065216ab27a1 - - - - -] key_manager.fixed_key = **** log_opt_values /usr/lib/python3/dist-packages/oslo_config/cfg.py:2609
2025-06-02 00:38:22.686 117081 DEBUG oslo_service.service [req-ca4021d2-f517-4da2-a80e-065216ab27a1 - - - - -] barbican.auth_endpoint = http://localhost/identity/v3 log_opt_values /usr/lib/python3/dist-packages/oslo_config/cfg.py:2609
2025-06-02 00:38:22.685 118718 DEBUG oslo_messaging._drivers.amqpdriver [-] Listener is running poll /usr/lib/python3/dist-packages/oslo_messaging/_drivers/amqpdriver.py:343
2025-06-02 00:38:22.686 117081 DEBUG oslo_service.service [req-ca4021d2-f517-4da2-a80e-065216ab27a1 - - - - -] barbican.barbican_api_version = None log_opt_values /usr/lib/python3/dist-packages/oslo_config/cfg.py:2609
2025-06-02 00:38:22.686 118712 DEBUG nova.service [req-d2bbc4c2-4317-48f5-a264-a739f3a27cd7 - - - - -] Join ServiceGroup membership for this service scheduler start /usr/lib/python3/dist-packages/nova/service.py:199
2025-06-02 00:38:22.686 118718 DEBUG oslo_messaging._drivers.amqpdriver [-] AMQPListener connection consume poll /usr/lib/python3/dist-packages/oslo_messaging/_drivers/amqpdriver.py:357
2025-06-02 00:38:22.686 117081 DEBUG oslo_service.service [req-ca4021d2-f517-4da2-a80e-065216ab27a1 - - - - -] barbican.barbican_endpoint = None log_opt_values /usr/lib/python3/dist-packages/oslo_config/cfg.py:2609
2025-06-02 00:38:22.686 117081 DEBUG oslo_service.service [req-ca4021d2-f517-4da2-a80e-065216ab27a1 - - - - -] barbican.barbican_endpoint_type = public log_opt_values /usr/lib/python3/dist-packages/oslo_config/cfg.py:2609
2025-06-02 00:38:22.686 118712 DEBUG nova.servicegroup.drivers.db [req-d2bbc4c2-4317-48f5-a264-a739f3a27cd7 - - - - -] DB_Driver: join new ServiceGroup member juju-e70598-0-lxd-7 to the scheduler group, service = join /usr/lib/python3/dist-packages/nova/servicegroup/drivers/db.py:44
2025-06-02 00:38:22.686 117081 DEBUG oslo_service.service [req-ca4021d2-f517-4da2-a80e-065216ab27a1 - - - - -] barbican.barbican_region_name = None log_opt_values /usr/lib/python3/dist-packages/oslo_config/cfg.py:2609
2025-06-02 00:38:22.686 117081 DEBUG oslo_service.service [req-ca4021d2-f517-4da2-a80e-065216ab27a1 - - - - -] barbican.cafile = None log_opt_values /usr/lib/python3/dist-packages/oslo_config/cfg.py:2609
2025-06-02 00:38:22.687 117081 DEBUG oslo_service.service [req-ca4021d2-f517-4da2-a80e-065216ab27a1 - - - - -] barbican.certfile = None log_opt_values /usr/lib/python3/dist-packages/oslo_config/cfg.py:2609
2025-06-02 00:38:22.687 117081 DEBUG oslo_service.service [req-ca4021d2-f517-4da2-a80e-065216ab27a1 - - - - -] barbican.collect_timing = False log_opt_values /usr/lib/python3/dist-packages/oslo_config/cfg.py:2609
2025-06-02 00:38:22.687 118712 DEBUG oslo_messaging._drivers.amqpdriver [-] AMQPListener connection timeout poll /usr/lib/python3/dist-packages/oslo_messaging/_drivers/amqpdriver.py:360
2025-06-02 00:38:22.687 118712 DEBUG oslo_messaging._drivers.amqpdriver [-] Listener is running poll /usr/lib/python3/dist-packages/oslo_messaging/_drivers/amqpdriver.py:343
2025-06-02 00:38:22.687 118712 DEBUG oslo_messaging._drivers.amqpdriver [-] AMQPListener connection consume poll /usr/lib/python3/dist-packages/oslo_messaging/_drivers/amqpdriver.py:357
2025-06-02 00:38:22.687 117081 DEBUG oslo_service.service [req-ca4021d2-f517-4da2-a80e-065216ab27a1 - - - - -] barbican.insecure = False log_opt_values /usr/lib/python3/dist-packages/oslo_config/cfg.py:2609
2025-06-02 00:38:22.687 117081 DEBUG oslo_service.service [req-ca4021d2-f517-4da2-a80e-065216ab27a1 - - - - -] barbican.keyfile = None log_opt_values /usr/lib/python3/dist-packages/oslo_config/cfg.py:2609
2025-06-02 00:38:22.687 117081 DEBUG oslo_service.service [req-ca4021d2-f517-4da2-a80e-065216ab27a1 - - - - -] barbican.number_of_retries = 60 log_opt_values /usr/lib/python3/dist-packages/oslo_config/cfg.py:2609
2025-06-02 00:38:22.686 118718 DEBUG nova.service [req-893bdb7e-fca8-43c8-a8cd-9935795f88c0 - - - - -] Join ServiceGroup membership for this service scheduler start /usr/lib/python3/dist-packages/nova/service.py:199
2025-06-02 00:38:22.688 117081 DEBUG oslo_service.service [req-ca4021d2-f517-4da2-a80e-065216ab27a1 - - - - -] barbican.retry_delay = 1 log_opt_values /usr/lib/python3/dist-packages/oslo_config/cfg.py:2609
2025-06-02 00:38:22.688 117081 DEBUG oslo_service.service [req-ca4021d2-f517-4da2-a80e-065216ab27a1 - - - - -] barbican.send_service_user_token = False log_opt_values /usr/lib/python3/dist-packages/oslo_config/cfg.py:2609
2025-06-02 00:38:22.688 118718 DEBUG nova.servicegroup.drivers.db [req-893bdb7e-fca8-43c8-a8cd-9935795f88c0 - - - - -] DB_Driver: join new ServiceGroup member juju-e70598-0-lxd-7 to the scheduler group, service = join /usr/lib/python3/dist-packages/nova/servicegroup/drivers/db.py:44
2025-06-02 00:38:22.687 118711 DEBUG oslo_messaging._drivers.amqpdriver [-] AMQPListener connection timeout poll /usr/lib/python3/dist-packages/oslo_messaging/_drivers/amqpdriver.py:360
2025-06-02 00:38:22.688 117081 DEBUG oslo_service.service [req-ca4021d2-f517-4da2-a80e-065216ab27a1 - - - - -] barbican.split_loggers = False log_opt_values /usr/lib/python3/dist-packages/oslo_config/cfg.py:2609
2025-06-02 00:38:22.688 117081 DEBUG oslo_service.service [req-ca4021d2-f517-4da2-a80e-065216ab27a1 - - - - -] barbican.timeout = None log_opt_values /usr/lib/python3/dist-packages/oslo_config/cfg.py:2609
2025-06-02 00:38:22.688 117081 DEBUG oslo_service.service [req-ca4021d2-f517-4da2-a80e-065216ab27a1 - - - - -] barbican.verify_ssl = True log_opt_values /usr/lib/python3/dist-packages/oslo_config/cfg.py:2609
2025-06-02 00:38:22.688 118711 DEBUG oslo_messaging._drivers.amqpdriver [-] Listener is running poll /usr/lib/python3/dist-packages/oslo_messaging/_drivers/amqpdriver.py:343
2025-06-02 00:38:22.689 117081 DEBUG oslo_service.service [req-ca4021d2-f517-4da2-a80e-065216ab27a1 - - - - -] barbican.verify_ssl_path = None log_opt_values /usr/lib/python3/dist-packages/oslo_config/cfg.py:2609
2025-06-02 00:38:22.689 118711 DEBUG oslo_messaging._drivers.amqpdriver [-] AMQPListener connection consume poll /usr/lib/python3/dist-packages/oslo_messaging/_drivers/amqpdriver.py:357
2025-06-02 00:38:22.689 117081 DEBUG oslo_service.service [req-ca4021d2-f517-4da2-a80e-065216ab27a1 - - - - -] barbican_service_user.auth_section = None log_opt_values /usr/lib/python3/dist-packages/oslo_config/cfg.py:2609
2025-06-02 00:38:22.689 117081 DEBUG oslo_service.service [req-ca4021d2-f517-4da2-a80e-065216ab27a1 - - - - -] barbican_service_user.auth_type = None log_opt_values /usr/lib/python3/dist-packages/oslo_config/cfg.py:2609
2025-06-02 00:38:22.689 117081 DEBUG oslo_service.service [req-ca4021d2-f517-4da2-a80e-065216ab27a1 - - - - -] barbican_service_user.cafile = None log_opt_values /usr/lib/python3/dist-packages/oslo_config/cfg.py:2609
2025-06-02 00:38:22.689 117081 DEBUG oslo_service.service [req-ca4021d2-f517-4da2-a80e-065216ab27a1 - - - - -] barbican_service_user.certfile = None log_opt_values /usr/lib/python3/dist-packages/oslo_config/cfg.py:2609
2025-06-02 00:38:22.690 117081 DEBUG oslo_service.service [req-ca4021d2-f517-4da2-a80e-065216ab27a1 - - - - -] barbican_service_user.collect_timing = False log_opt_values /usr/lib/python3/dist-packages/oslo_config/cfg.py:2609
2025-06-02 00:38:22.690 117081 DEBUG oslo_service.service [req-ca4021d2-f517-4da2-a80e-065216ab27a1 - - - - -] barbican_service_user.insecure = False log_opt_values /usr/lib/python3/dist-packages/oslo_config/cfg.py:2609
2025-06-02 00:38:22.690 117081 DEBUG oslo_service.service [req-ca4021d2-f517-4da2-a80e-065216ab27a1 - - - - -] barbican_service_user.keyfile = None log_opt_values /usr/lib/python3/dist-packages/oslo_config/cfg.py:2609
2025-06-02 00:38:22.690 117081 DEBUG oslo_service.service [req-ca4021d2-f517-4da2-a80e-065216ab27a1 - - - - -] barbican_service_user.split_loggers = False log_opt_values /usr/lib/python3/dist-packages/oslo_config/cfg.py:2609
2025-06-02 00:38:22.690 117081 DEBUG oslo_service.service [req-ca4021d2-f517-4da2-a80e-065216ab27a1 - - - - -] barbican_service_user.timeout = None log_opt_values /usr/lib/python3/dist-packages/oslo_config/cfg.py:2609
2025-06-02 00:38:22.690 117081 DEBUG oslo_service.service [req-ca4021d2-f517-4da2-a80e-065216ab27a1 - - - - -] vault.approle_role_id = None log_opt_values /usr/lib/python3/dist-packages/oslo_config/cfg.py:2609
2025-06-02 00:38:22.691 117081 DEBUG oslo_service.service [req-ca4021d2-f517-4da2-a80e-065216ab27a1 - - - - -] vault.approle_secret_id = None log_opt_values /usr/lib/python3/dist-packages/oslo_config/cfg.py:2609
2025-06-02 00:38:22.691 117081 DEBUG oslo_service.service [req-ca4021d2-f517-4da2-a80e-065216ab27a1 - - - - -] vault.cafile = None log_opt_values /usr/lib/python3/dist-packages/oslo_config/cfg.py:2609
2025-06-02 00:38:22.691 117081 DEBUG oslo_service.service [req-ca4021d2-f517-4da2-a80e-065216ab27a1 - - - - -] vault.certfile = None log_opt_values /usr/lib/python3/dist-packages/oslo_config/cfg.py:2609
2025-06-02 00:38:22.691 118718 DEBUG oslo_messaging._drivers.amqpdriver [-] AMQPListener connection timeout poll /usr/lib/python3/dist-packages/oslo_messaging/_drivers/amqpdriver.py:360
2025-06-02 00:38:22.691 117081 DEBUG oslo_service.service [req-ca4021d2-f517-4da2-a80e-065216ab27a1 - - - - -] vault.collect_timing = False log_opt_values /usr/lib/python3/dist-packages/oslo_config/cfg.py:2609
2025-06-02 00:38:22.691 117081 DEBUG oslo_service.service [req-ca4021d2-f517-4da2-a80e-065216ab27a1 - - - - -] vault.insecure = False log_opt_values /usr/lib/python3/dist-packages/oslo_config/cfg.py:2609
2025-06-02 00:38:22.691 118718 DEBUG oslo_messaging._drivers.amqpdriver [-] Listener is running poll /usr/lib/python3/dist-packages/oslo_messaging/_drivers/amqpdriver.py:343
2025-06-02 00:38:22.691 117081 DEBUG oslo_service.service [req-ca4021d2-f517-4da2-a80e-065216ab27a1 - - - - -] vault.keyfile = None log_opt_values /usr/lib/python3/dist-packages/oslo_config/cfg.py:2609
2025-06-02 00:38:22.691 118718 DEBUG oslo_messaging._drivers.amqpdriver [-] AMQPListener connection consume poll /usr/lib/python3/dist-packages/oslo_messaging/_drivers/amqpdriver.py:357
2025-06-02 00:38:22.692 117081 DEBUG oslo_service.service [req-ca4021d2-f517-4da2-a80e-065216ab27a1 - - - - -] vault.kv_mountpoint = secret log_opt_values /usr/lib/python3/dist-packages/oslo_config/cfg.py:2609
2025-06-02 00:38:22.692 117081 DEBUG oslo_service.service [req-ca4021d2-f517-4da2-a80e-065216ab27a1 - - - - -] vault.kv_version = 2 log_opt_values /usr/lib/python3/dist-packages/oslo_config/cfg.py:2609
2025-06-02 00:38:22.692 117081 DEBUG oslo_service.service [req-ca4021d2-f517-4da2-a80e-065216ab27a1 - - - - -] vault.namespace = None log_opt_values /usr/lib/python3/dist-packages/oslo_config/cfg.py:2609
2025-06-02 00:38:22.692 117081 DEBUG oslo_service.service [req-ca4021d2-f517-4da2-a80e-065216ab27a1 - - - - -] vault.root_token_id = None log_opt_values /usr/lib/python3/dist-packages/oslo_config/cfg.py:2609
2025-06-02 00:38:22.693 117081 DEBUG oslo_service.service [req-ca4021d2-f517-4da2-a80e-065216ab27a1 - - - - -] vault.split_loggers = False log_opt_values /usr/lib/python3/dist-packages/oslo_config/cfg.py:2609
2025-06-02 00:38:22.693 117081 DEBUG oslo_service.service [req-ca4021d2-f517-4da2-a80e-065216ab27a1 - - - - -] vault.ssl_ca_crt_file = None log_opt_values /usr/lib/python3/dist-packages/oslo_config/cfg.py:2609
2025-06-02 00:38:22.693 117081 DEBUG oslo_service.service [req-ca4021d2-f517-4da2-a80e-065216ab27a1 - - - - -] vault.timeout = None log_opt_values /usr/lib/python3/dist-packages/oslo_config/cfg.py:2609
2025-06-02 00:38:22.693 117081 DEBUG oslo_service.service [req-ca4021d2-f517-4da2-a80e-065216ab27a1 - - - - -] vault.use_ssl = False log_opt_values /usr/lib/python3/dist-packages/oslo_config/cfg.py:2609
2025-06-02 00:38:22.693 117081 DEBUG oslo_service.service [req-ca4021d2-f517-4da2-a80e-065216ab27a1 - - - - -] vault.vault_url = http://127.0.0.1:8200 log_opt_values /usr/lib/python3/dist-packages/oslo_config/cfg.py:2609
2025-06-02 00:38:22.694 117081 DEBUG oslo_service.service [req-ca4021d2-f517-4da2-a80e-065216ab27a1 - - - - -] keystone.cafile = None log_opt_values /usr/lib/python3/dist-packages/oslo_config/cfg.py:2609
2025-06-02 00:38:22.694 117081 DEBUG oslo_service.service [req-ca4021d2-f517-4da2-a80e-065216ab27a1 - - - - -] keystone.certfile = None log_opt_values /usr/lib/python3/dist-packages/oslo_config/cfg.py:2609
2025-06-02 00:38:22.694 117081 DEBUG oslo_service.service [req-ca4021d2-f517-4da2-a80e-065216ab27a1 - - - - -] keystone.collect_timing = False log_opt_values /usr/lib/python3/dist-packages/oslo_config/cfg.py:2609
2025-06-02 00:38:22.694 117081 DEBUG oslo_service.service [req-ca4021d2-f517-4da2-a80e-065216ab27a1 - - - - -] keystone.connect_retries = None log_opt_values /usr/lib/python3/dist-packages/oslo_config/cfg.py:2609
2025-06-02 00:38:22.695 117081 DEBUG oslo_service.service [req-ca4021d2-f517-4da2-a80e-065216ab27a1 - - - - -] keystone.connect_retry_delay = None log_opt_values /usr/lib/python3/dist-packages/oslo_config/cfg.py:2609
2025-06-02 00:38:22.695 117081 DEBUG oslo_service.service [req-ca4021d2-f517-4da2-a80e-065216ab27a1 - - - - -] keystone.endpoint_override = None log_opt_values /usr/lib/python3/dist-packages/oslo_config/cfg.py:2609
2025-06-02 00:38:22.695 117081 DEBUG oslo_service.service [req-ca4021d2-f517-4da2-a80e-065216ab27a1 - - - - -] keystone.insecure = False log_opt_values /usr/lib/python3/dist-packages/oslo_config/cfg.py:2609
2025-06-02 00:38:22.695 117081 DEBUG oslo_service.service [req-ca4021d2-f517-4da2-a80e-065216ab27a1 - - - - -] keystone.keyfile = None log_opt_values /usr/lib/python3/dist-packages/oslo_config/cfg.py:2609
2025-06-02 00:38:22.695 117081 DEBUG oslo_service.service [req-ca4021d2-f517-4da2-a80e-065216ab27a1 - - - - -] keystone.max_version = None log_opt_values /usr/lib/python3/dist-packages/oslo_config/cfg.py:2609
2025-06-02 00:38:22.696 117081 DEBUG oslo_service.service [req-ca4021d2-f517-4da2-a80e-065216ab27a1 - - - - -] keystone.min_version = None log_opt_values /usr/lib/python3/dist-packages/oslo_config/cfg.py:2609
2025-06-02 00:38:22.696 117081 DEBUG oslo_service.service [req-ca4021d2-f517-4da2-a80e-065216ab27a1 - - - - -] keystone.region_name = None log_opt_values /usr/lib/python3/dist-packages/oslo_config/cfg.py:2609
2025-06-02 00:38:22.696 117081 DEBUG oslo_service.service [req-ca4021d2-f517-4da2-a80e-065216ab27a1 - - - - -] keystone.service_name = None log_opt_values /usr/lib/python3/dist-packages/oslo_config/cfg.py:2609
2025-06-02 00:38:22.696 117081 DEBUG oslo_service.service [req-ca4021d2-f517-4da2-a80e-065216ab27a1 - - - - -] keystone.service_type = identity log_opt_values /usr/lib/python3/dist-packages/oslo_config/cfg.py:2609
2025-06-02 00:38:22.696 117081 DEBUG oslo_service.service [req-ca4021d2-f517-4da2-a80e-065216ab27a1 - - - - -] keystone.split_loggers = False log_opt_values /usr/lib/python3/dist-packages/oslo_config/cfg.py:2609
2025-06-02 00:38:22.697 117081 DEBUG oslo_service.service [req-ca4021d2-f517-4da2-a80e-065216ab27a1 - - - - -] keystone.status_code_retries = None log_opt_values /usr/lib/python3/dist-packages/oslo_config/cfg.py:2609
2025-06-02 00:38:22.697 117081 DEBUG oslo_service.service [req-ca4021d2-f517-4da2-a80e-065216ab27a1 - - - - -] keystone.status_code_retry_delay = None log_opt_values /usr/lib/python3/dist-packages/oslo_config/cfg.py:2609
2025-06-02 00:38:22.697 117081 DEBUG oslo_service.service [req-ca4021d2-f517-4da2-a80e-065216ab27a1 - - - - -] keystone.timeout = None log_opt_values /usr/lib/python3/dist-packages/oslo_config/cfg.py:2609
2025-06-02 00:38:22.697 117081 DEBUG oslo_service.service [req-ca4021d2-f517-4da2-a80e-065216ab27a1 - - - - -] keystone.valid_interfaces = ['internal', 'public'] log_opt_values /usr/lib/python3/dist-packages/oslo_config/cfg.py:2609
2025-06-02 00:38:22.697 117081 DEBUG oslo_service.service [req-ca4021d2-f517-4da2-a80e-065216ab27a1 - - - - -] keystone.version = None log_opt_values /usr/lib/python3/dist-packages/oslo_config/cfg.py:2609
2025-06-02 00:38:22.698 117081 DEBUG oslo_service.service [req-ca4021d2-f517-4da2-a80e-065216ab27a1 - - - - -] libvirt.connection_uri = log_opt_values /usr/lib/python3/dist-packages/oslo_config/cfg.py:2609
2025-06-02 00:38:22.698 117081 DEBUG oslo_service.service [req-ca4021d2-f517-4da2-a80e-065216ab27a1 - - - - -] libvirt.cpu_mode = None log_opt_values /usr/lib/python3/dist-packages/oslo_config/cfg.py:2609
2025-06-02 00:38:22.698 117081 DEBUG oslo_service.service [req-ca4021d2-f517-4da2-a80e-065216ab27a1 - - - - -] libvirt.cpu_model_extra_flags = [] log_opt_values /usr/lib/python3/dist-packages/oslo_config/cfg.py:2609
2025-06-02 00:38:22.699 117081 DEBUG oslo_service.service [req-ca4021d2-f517-4da2-a80e-065216ab27a1 - - - - -] libvirt.cpu_models = [] log_opt_values /usr/lib/python3/dist-packages/oslo_config/cfg.py:2609
2025-06-02 00:38:22.699 117081 DEBUG oslo_service.service [req-ca4021d2-f517-4da2-a80e-065216ab27a1 - - - - -] libvirt.device_detach_attempts = 8 log_opt_values /usr/lib/python3/dist-packages/oslo_config/cfg.py:2609
2025-06-02 00:38:22.699 117081 DEBUG oslo_service.service [req-ca4021d2-f517-4da2-a80e-065216ab27a1 - - - - -] libvirt.device_detach_timeout = 20 log_opt_values /usr/lib/python3/dist-packages/oslo_config/cfg.py:2609
2025-06-02 00:38:22.699 117081 DEBUG oslo_service.service [req-ca4021d2-f517-4da2-a80e-065216ab27a1 - - - - -] libvirt.disk_cachemodes = [] log_opt_values /usr/lib/python3/dist-packages/oslo_config/cfg.py:2609
2025-06-02 00:38:22.700 117081 DEBUG oslo_service.service [req-ca4021d2-f517-4da2-a80e-065216ab27a1 - - - - -] libvirt.disk_prefix = None log_opt_values /usr/lib/python3/dist-packages/oslo_config/cfg.py:2609
2025-06-02 00:38:22.700 117081 DEBUG oslo_service.service [req-ca4021d2-f517-4da2-a80e-065216ab27a1 - - - - -] libvirt.enabled_perf_events = [] log_opt_values /usr/lib/python3/dist-packages/oslo_config/cfg.py:2609
2025-06-02 00:38:22.701 117081 DEBUG oslo_service.service [req-ca4021d2-f517-4da2-a80e-065216ab27a1 - - - - -] libvirt.file_backed_memory = 0 log_opt_values /usr/lib/python3/dist-packages/oslo_config/cfg.py:2609
2025-06-02 00:38:22.700 118713 DEBUG oslo_messaging._drivers.amqpdriver [-] Listener is running poll /usr/lib/python3/dist-packages/oslo_messaging/_drivers/amqpdriver.py:343
2025-06-02 00:38:22.701 117081 DEBUG oslo_service.service [req-ca4021d2-f517-4da2-a80e-065216ab27a1 - - - - -] libvirt.gid_maps = [] log_opt_values /usr/lib/python3/dist-packages/oslo_config/cfg.py:2609
2025-06-02 00:38:22.701 118713 DEBUG oslo_messaging._drivers.amqpdriver [-] AMQPListener connection consume poll /usr/lib/python3/dist-packages/oslo_messaging/_drivers/amqpdriver.py:357
2025-06-02 00:38:22.701 117081 DEBUG oslo_service.service [req-ca4021d2-f517-4da2-a80e-065216ab27a1 - - - - -] libvirt.hw_disk_discard = None log_opt_values /usr/lib/python3/dist-packages/oslo_config/cfg.py:2609
2025-06-02 00:38:22.701 117081 DEBUG oslo_service.service [req-ca4021d2-f517-4da2-a80e-065216ab27a1 - - - - -] libvirt.hw_machine_type = None log_opt_values /usr/lib/python3/dist-packages/oslo_config/cfg.py:2609
2025-06-02 00:38:22.702 117081 DEBUG oslo_service.service [req-ca4021d2-f517-4da2-a80e-065216ab27a1 - - - - -] libvirt.images_rbd_ceph_conf = log_opt_values /usr/lib/python3/dist-packages/oslo_config/cfg.py:2609
2025-06-02 00:38:22.702 117081 DEBUG oslo_service.service [req-ca4021d2-f517-4da2-a80e-065216ab27a1 - - - - -] libvirt.images_rbd_glance_copy_poll_interval = 15 log_opt_values /usr/lib/python3/dist-packages/oslo_config/cfg.py:2609
2025-06-02 00:38:22.702 118713 DEBUG nova.service [req-dd851463-7e93-4ba7-b4f1-288093040e67 - - - - -] Join ServiceGroup membership for this service scheduler start /usr/lib/python3/dist-packages/nova/service.py:199
2025-06-02 00:38:22.702 117081 DEBUG oslo_service.service [req-ca4021d2-f517-4da2-a80e-065216ab27a1 - - - - -] libvirt.images_rbd_glance_copy_timeout = 600 log_opt_values /usr/lib/python3/dist-packages/oslo_config/cfg.py:2609
2025-06-02 00:38:22.702 117081 DEBUG oslo_service.service [req-ca4021d2-f517-4da2-a80e-065216ab27a1 - - - - -] libvirt.images_rbd_glance_store_name = log_opt_values /usr/lib/python3/dist-packages/oslo_config/cfg.py:2609
2025-06-02 00:38:22.702 118713 DEBUG nova.servicegroup.drivers.db [req-dd851463-7e93-4ba7-b4f1-288093040e67 - - - - -] DB_Driver: join new ServiceGroup member juju-e70598-0-lxd-7 to the scheduler group, service = join /usr/lib/python3/dist-packages/nova/servicegroup/drivers/db.py:44
2025-06-02 00:38:22.702 117081 DEBUG oslo_service.service [req-ca4021d2-f517-4da2-a80e-065216ab27a1 - - - - -] libvirt.images_rbd_pool = rbd log_opt_values /usr/lib/python3/dist-packages/oslo_config/cfg.py:2609
2025-06-02 00:38:22.703 117081 DEBUG oslo_service.service [req-ca4021d2-f517-4da2-a80e-065216ab27a1 - - - - -] libvirt.images_type = default log_opt_values /usr/lib/python3/dist-packages/oslo_config/cfg.py:2609
2025-06-02 00:38:22.703 117081 DEBUG oslo_service.service [req-ca4021d2-f517-4da2-a80e-065216ab27a1 - - - - -] libvirt.images_volume_group = None log_opt_values /usr/lib/python3/dist-packages/oslo_config/cfg.py:2609
2025-06-02 00:38:22.703 117081 DEBUG oslo_service.service [req-ca4021d2-f517-4da2-a80e-065216ab27a1 - - - - -] libvirt.inject_key = False log_opt_values /usr/lib/python3/dist-packages/oslo_config/cfg.py:2609
2025-06-02 00:38:22.703 117081 DEBUG oslo_service.service [req-ca4021d2-f517-4da2-a80e-065216ab27a1 - - - - -] libvirt.inject_partition = -2 log_opt_values /usr/lib/python3/dist-packages/oslo_config/cfg.py:2609
2025-06-02 00:38:22.704 117081 DEBUG oslo_service.service [req-ca4021d2-f517-4da2-a80e-065216ab27a1 - - - - -] libvirt.inject_password = False log_opt_values /usr/lib/python3/dist-packages/oslo_config/cfg.py:2609
2025-06-02 00:38:22.704 117081 DEBUG oslo_service.service [req-ca4021d2-f517-4da2-a80e-065216ab27a1 - - - - -] libvirt.iscsi_iface = None log_opt_values /usr/lib/python3/dist-packages/oslo_config/cfg.py:2609
2025-06-02 00:38:22.704 117081 DEBUG oslo_service.service [req-ca4021d2-f517-4da2-a80e-065216ab27a1 - - - - -] libvirt.iser_use_multipath = False log_opt_values /usr/lib/python3/dist-packages/oslo_config/cfg.py:2609
2025-06-02 00:38:22.704 117081 DEBUG oslo_service.service [req-ca4021d2-f517-4da2-a80e-065216ab27a1 - - - - -] libvirt.live_migration_bandwidth = 0 log_opt_values /usr/lib/python3/dist-packages/oslo_config/cfg.py:2609
2025-06-02 00:38:22.705 117081 DEBUG oslo_service.service [req-ca4021d2-f517-4da2-a80e-065216ab27a1 - - - - -] libvirt.live_migration_completion_timeout = 800 log_opt_values /usr/lib/python3/dist-packages/oslo_config/cfg.py:2609
2025-06-02 00:38:22.705 118713 DEBUG oslo_messaging._drivers.amqpdriver [-] AMQPListener connection timeout poll /usr/lib/python3/dist-packages/oslo_messaging/_drivers/amqpdriver.py:360
2025-06-02 00:38:22.705 118713 DEBUG oslo_messaging._drivers.amqpdriver [-] Listener is running poll /usr/lib/python3/dist-packages/oslo_messaging/_drivers/amqpdriver.py:343
2025-06-02 00:38:22.705 117081 DEBUG oslo_service.service [req-ca4021d2-f517-4da2-a80e-065216ab27a1 - - - - -] libvirt.live_migration_downtime = 500 log_opt_values /usr/lib/python3/dist-packages/oslo_config/cfg.py:2609
2025-06-02 00:38:22.705 118713 DEBUG oslo_messaging._drivers.amqpdriver [-] AMQPListener connection consume poll /usr/lib/python3/dist-packages/oslo_messaging/_drivers/amqpdriver.py:357
2025-06-02 00:38:22.705 117081 DEBUG oslo_service.service [req-ca4021d2-f517-4da2-a80e-065216ab27a1 - - - - -] libvirt.live_migration_downtime_delay = 75 log_opt_values /usr/lib/python3/dist-packages/oslo_config/cfg.py:2609
2025-06-02 00:38:22.705 117081 DEBUG oslo_service.service [req-ca4021d2-f517-4da2-a80e-065216ab27a1 - - - - -] libvirt.live_migration_downtime_steps = 10 log_opt_values /usr/lib/python3/dist-packages/oslo_config/cfg.py:2609
2025-06-02 00:38:22.706 117081 DEBUG oslo_service.service [req-ca4021d2-f517-4da2-a80e-065216ab27a1 - - - - -] libvirt.live_migration_inbound_addr = None log_opt_values /usr/lib/python3/dist-packages/oslo_config/cfg.py:2609
2025-06-02 00:38:22.706 117081 DEBUG oslo_service.service [req-ca4021d2-f517-4da2-a80e-065216ab27a1 - - - - -] libvirt.live_migration_permit_auto_converge = False log_opt_values /usr/lib/python3/dist-packages/oslo_config/cfg.py:2609
2025-06-02 00:38:22.706 117081 DEBUG oslo_service.service [req-ca4021d2-f517-4da2-a80e-065216ab27a1 - - - - -] libvirt.live_migration_permit_post_copy = False log_opt_values /usr/lib/python3/dist-packages/oslo_config/cfg.py:2609
2025-06-02 00:38:22.706 117081 DEBUG oslo_service.service [req-ca4021d2-f517-4da2-a80e-065216ab27a1 - - - - -] libvirt.live_migration_scheme = None log_opt_values /usr/lib/python3/dist-packages/oslo_config/cfg.py:2609
2025-06-02 00:38:22.707 117081 DEBUG oslo_service.service [req-ca4021d2-f517-4da2-a80e-065216ab27a1 - - - - -] libvirt.live_migration_timeout_action = abort log_opt_values /usr/lib/python3/dist-packages/oslo_config/cfg.py:2609
2025-06-02 00:38:22.707 117081 DEBUG oslo_service.service [req-ca4021d2-f517-4da2-a80e-065216ab27a1 - - - - -] libvirt.live_migration_tunnelled = False log_opt_values /usr/lib/python3/dist-packages/oslo_config/cfg.py:2609
2025-06-02 00:38:22.708 117081 DEBUG oslo_service.service [req-ca4021d2-f517-4da2-a80e-065216ab27a1 - - - - -] libvirt.live_migration_uri = None log_opt_values /usr/lib/python3/dist-packages/oslo_config/cfg.py:2609
2025-06-02 00:38:22.708 117081 DEBUG oslo_service.service [req-ca4021d2-f517-4da2-a80e-065216ab27a1 - - - - -] libvirt.live_migration_with_native_tls = False log_opt_values /usr/lib/python3/dist-packages/oslo_config/cfg.py:2609
2025-06-02 00:38:22.708 117081 DEBUG oslo_service.service [req-ca4021d2-f517-4da2-a80e-065216ab27a1 - - - - -] libvirt.max_queues = None log_opt_values /usr/lib/python3/dist-packages/oslo_config/cfg.py:2609
2025-06-02 00:38:22.708 117081 DEBUG oslo_service.service [req-ca4021d2-f517-4da2-a80e-065216ab27a1 - - - - -] libvirt.mem_stats_period_seconds = 10 log_opt_values /usr/lib/python3/dist-packages/oslo_config/cfg.py:2609
2025-06-02 00:38:22.709 117081 DEBUG oslo_service.service [req-ca4021d2-f517-4da2-a80e-065216ab27a1 - - - - -] libvirt.nfs_mount_options = None log_opt_values /usr/lib/python3/dist-packages/oslo_config/cfg.py:2609
2025-06-02 00:38:22.709 117081 DEBUG oslo_service.service [req-ca4021d2-f517-4da2-a80e-065216ab27a1 - - - - -] libvirt.nfs_mount_point_base = /var/lib/nova/mnt log_opt_values /usr/lib/python3/dist-packages/oslo_config/cfg.py:2609
2025-06-02 00:38:22.709 117081 DEBUG oslo_service.service [req-ca4021d2-f517-4da2-a80e-065216ab27a1 - - - - -] libvirt.num_aoe_discover_tries = 3 log_opt_values /usr/lib/python3/dist-packages/oslo_config/cfg.py:2609
2025-06-02 00:38:22.709 117081 DEBUG oslo_service.service [req-ca4021d2-f517-4da2-a80e-065216ab27a1 - - - - -] libvirt.num_iser_scan_tries = 5 log_opt_values /usr/lib/python3/dist-packages/oslo_config/cfg.py:2609
2025-06-02 00:38:22.709 117081 DEBUG oslo_service.service [req-ca4021d2-f517-4da2-a80e-065216ab27a1 - - - - -] libvirt.num_memory_encrypted_guests = None log_opt_values /usr/lib/python3/dist-packages/oslo_config/cfg.py:2609
2025-06-02 00:38:22.711 117081 DEBUG oslo_service.service [req-ca4021d2-f517-4da2-a80e-065216ab27a1 - - - - -] libvirt.num_nvme_discover_tries = 5 log_opt_values /usr/lib/python3/dist-packages/oslo_config/cfg.py:2609
2025-06-02 00:38:22.711 117081 DEBUG oslo_service.service [req-ca4021d2-f517-4da2-a80e-065216ab27a1 - - - - -] libvirt.num_pcie_ports = 0 log_opt_values /usr/lib/python3/dist-packages/oslo_config/cfg.py:2609
2025-06-02 00:38:22.711 117081 DEBUG oslo_service.service [req-ca4021d2-f517-4da2-a80e-065216ab27a1 - - - - -] libvirt.num_volume_scan_tries = 5 log_opt_values /usr/lib/python3/dist-packages/oslo_config/cfg.py:2609
2025-06-02 00:38:22.711 117081 DEBUG oslo_service.service [req-ca4021d2-f517-4da2-a80e-065216ab27a1 - - - - -] libvirt.pmem_namespaces = [] log_opt_values /usr/lib/python3/dist-packages/oslo_config/cfg.py:2609
2025-06-02 00:38:22.712 117081 DEBUG oslo_service.service [req-ca4021d2-f517-4da2-a80e-065216ab27a1 - - - - -] libvirt.quobyte_client_cfg = None log_opt_values /usr/lib/python3/dist-packages/oslo_config/cfg.py:2609
2025-06-02 00:38:22.712 117081 DEBUG oslo_service.service [req-ca4021d2-f517-4da2-a80e-065216ab27a1 - - - - -] libvirt.quobyte_mount_point_base = /var/lib/nova/mnt log_opt_values /usr/lib/python3/dist-packages/oslo_config/cfg.py:2609
2025-06-02 00:38:22.712 117081 DEBUG oslo_service.service [req-ca4021d2-f517-4da2-a80e-065216ab27a1 - - - - -] libvirt.rbd_connect_timeout = 5 log_opt_values /usr/lib/python3/dist-packages/oslo_config/cfg.py:2609
2025-06-02 00:38:22.712 117081 DEBUG oslo_service.service [req-ca4021d2-f517-4da2-a80e-065216ab27a1 - - - - -] libvirt.rbd_destroy_volume_retries = 12 log_opt_values /usr/lib/python3/dist-packages/oslo_config/cfg.py:2609
2025-06-02 00:38:22.712 117081 DEBUG oslo_service.service [req-ca4021d2-f517-4da2-a80e-065216ab27a1 - - - - -] libvirt.rbd_destroy_volume_retry_interval = 5 log_opt_values /usr/lib/python3/dist-packages/oslo_config/cfg.py:2609
2025-06-02 00:38:22.713 117081 DEBUG oslo_service.service [req-ca4021d2-f517-4da2-a80e-065216ab27a1 - - - - -] libvirt.rbd_secret_uuid = None log_opt_values /usr/lib/python3/dist-packages/oslo_config/cfg.py:2609
2025-06-02 00:38:22.713 117081 DEBUG oslo_service.service [req-ca4021d2-f517-4da2-a80e-065216ab27a1 - - - - -] libvirt.rbd_user = None log_opt_values /usr/lib/python3/dist-packages/oslo_config/cfg.py:2609
2025-06-02 00:38:22.713 117081 DEBUG oslo_service.service [req-ca4021d2-f517-4da2-a80e-065216ab27a1 - - - - -] libvirt.realtime_scheduler_priority = 1 log_opt_values /usr/lib/python3/dist-packages/oslo_config/cfg.py:2609
2025-06-02 00:38:22.713 117081 DEBUG oslo_service.service [req-ca4021d2-f517-4da2-a80e-065216ab27a1 - - - - -] libvirt.remote_filesystem_transport = ssh log_opt_values /usr/lib/python3/dist-packages/oslo_config/cfg.py:2609
2025-06-02 00:38:22.713 117081 DEBUG oslo_service.service [req-ca4021d2-f517-4da2-a80e-065216ab27a1 - - - - -] libvirt.rescue_image_id = None log_opt_values /usr/lib/python3/dist-packages/oslo_config/cfg.py:2609
2025-06-02 00:38:22.713 117081 DEBUG oslo_service.service [req-ca4021d2-f517-4da2-a80e-065216ab27a1 - - - - -] libvirt.rescue_kernel_id = None log_opt_values /usr/lib/python3/dist-packages/oslo_config/cfg.py:2609
2025-06-02 00:38:22.714 117081 DEBUG oslo_service.service [req-ca4021d2-f517-4da2-a80e-065216ab27a1 - - - - -] libvirt.rescue_ramdisk_id = None log_opt_values /usr/lib/python3/dist-packages/oslo_config/cfg.py:2609
2025-06-02 00:38:22.714 117081 DEBUG oslo_service.service [req-ca4021d2-f517-4da2-a80e-065216ab27a1 - - - - -] libvirt.rng_dev_path = /dev/urandom log_opt_values /usr/lib/python3/dist-packages/oslo_config/cfg.py:2609
2025-06-02 00:38:22.714 117081 DEBUG oslo_service.service [req-ca4021d2-f517-4da2-a80e-065216ab27a1 - - - - -] libvirt.rx_queue_size = None log_opt_values /usr/lib/python3/dist-packages/oslo_config/cfg.py:2609
2025-06-02 00:38:22.714 117081 DEBUG oslo_service.service [req-ca4021d2-f517-4da2-a80e-065216ab27a1 - - - - -] libvirt.smbfs_mount_options = log_opt_values /usr/lib/python3/dist-packages/oslo_config/cfg.py:2609
2025-06-02 00:38:22.715 117081 DEBUG oslo_service.service [req-ca4021d2-f517-4da2-a80e-065216ab27a1 - - - - -] libvirt.smbfs_mount_point_base = /var/lib/nova/mnt log_opt_values /usr/lib/python3/dist-packages/oslo_config/cfg.py:2609
2025-06-02 00:38:22.715 117081 DEBUG oslo_service.service [req-ca4021d2-f517-4da2-a80e-065216ab27a1 - - - - -] libvirt.snapshot_compression = False log_opt_values /usr/lib/python3/dist-packages/oslo_config/cfg.py:2609
2025-06-02 00:38:22.715 117081 DEBUG oslo_service.service [req-ca4021d2-f517-4da2-a80e-065216ab27a1 - - - - -] libvirt.snapshot_image_format = None log_opt_values /usr/lib/python3/dist-packages/oslo_config/cfg.py:2609
2025-06-02 00:38:22.715 117081 DEBUG oslo_service.service [req-ca4021d2-f517-4da2-a80e-065216ab27a1 - - - - -] libvirt.snapshots_directory = /var/lib/nova/instances/snapshots log_opt_values /usr/lib/python3/dist-packages/oslo_config/cfg.py:2609
2025-06-02 00:38:22.716 117081 DEBUG oslo_service.service [req-ca4021d2-f517-4da2-a80e-065216ab27a1 - - - - -] libvirt.sparse_logical_volumes = False log_opt_values /usr/lib/python3/dist-packages/oslo_config/cfg.py:2609
2025-06-02 00:38:22.716 117081 DEBUG oslo_service.service [req-ca4021d2-f517-4da2-a80e-065216ab27a1 - - - - -] libvirt.swtpm_enabled = False log_opt_values /usr/lib/python3/dist-packages/oslo_config/cfg.py:2609
2025-06-02 00:38:22.716 117081 DEBUG oslo_service.service [req-ca4021d2-f517-4da2-a80e-065216ab27a1 - - - - -] libvirt.swtpm_group = tss log_opt_values /usr/lib/python3/dist-packages/oslo_config/cfg.py:2609
2025-06-02 00:38:22.716 117081 DEBUG oslo_service.service [req-ca4021d2-f517-4da2-a80e-065216ab27a1 - - - - -] libvirt.swtpm_user = tss log_opt_values /usr/lib/python3/dist-packages/oslo_config/cfg.py:2609
2025-06-02 00:38:22.716 117081 DEBUG oslo_service.service [req-ca4021d2-f517-4da2-a80e-065216ab27a1 - - - - -] libvirt.sysinfo_serial = unique log_opt_values /usr/lib/python3/dist-packages/oslo_config/cfg.py:2609
2025-06-02 00:38:22.717 117081 DEBUG oslo_service.service [req-ca4021d2-f517-4da2-a80e-065216ab27a1 - - - - -] libvirt.tx_queue_size = None log_opt_values /usr/lib/python3/dist-packages/oslo_config/cfg.py:2609
2025-06-02 00:38:22.717 117081 DEBUG oslo_service.service [req-ca4021d2-f517-4da2-a80e-065216ab27a1 - - - - -] libvirt.uid_maps = [] log_opt_values /usr/lib/python3/dist-packages/oslo_config/cfg.py:2609
2025-06-02 00:38:22.717 117081 DEBUG oslo_service.service [req-ca4021d2-f517-4da2-a80e-065216ab27a1 - - - - -] libvirt.use_virtio_for_bridges = True log_opt_values /usr/lib/python3/dist-packages/oslo_config/cfg.py:2609
2025-06-02 00:38:22.718 117081 DEBUG oslo_service.service [req-ca4021d2-f517-4da2-a80e-065216ab27a1 - - - - -] libvirt.virt_type = kvm log_opt_values /usr/lib/python3/dist-packages/oslo_config/cfg.py:2609
2025-06-02 00:38:22.718 117081 DEBUG oslo_service.service [req-ca4021d2-f517-4da2-a80e-065216ab27a1 - - - - -] libvirt.volume_clear = zero log_opt_values /usr/lib/python3/dist-packages/oslo_config/cfg.py:2609
2025-06-02 00:38:22.718 117081 DEBUG oslo_service.service [req-ca4021d2-f517-4da2-a80e-065216ab27a1 - - - - -] libvirt.volume_clear_size = 0 log_opt_values /usr/lib/python3/dist-packages/oslo_config/cfg.py:2609
2025-06-02 00:38:22.719 117081 DEBUG oslo_service.service [req-ca4021d2-f517-4da2-a80e-065216ab27a1 - - - - -] libvirt.volume_use_multipath = False log_opt_values /usr/lib/python3/dist-packages/oslo_config/cfg.py:2609
2025-06-02 00:38:22.719 117081 DEBUG oslo_service.service [req-ca4021d2-f517-4da2-a80e-065216ab27a1 - - - - -] libvirt.vzstorage_cache_path = None log_opt_values /usr/lib/python3/dist-packages/oslo_config/cfg.py:2609
2025-06-02 00:38:22.719 117081 DEBUG oslo_service.service [req-ca4021d2-f517-4da2-a80e-065216ab27a1 - - - - -] libvirt.vzstorage_log_path = /var/log/vstorage/%(cluster_name)s/nova.log.gz log_opt_values /usr/lib/python3/dist-packages/oslo_config/cfg.py:2609
2025-06-02 00:38:22.719 117081 DEBUG oslo_service.service [req-ca4021d2-f517-4da2-a80e-065216ab27a1 - - - - -] libvirt.vzstorage_mount_group = qemu log_opt_values /usr/lib/python3/dist-packages/oslo_config/cfg.py:2609
2025-06-02 00:38:22.720 117081 DEBUG oslo_service.service [req-ca4021d2-f517-4da2-a80e-065216ab27a1 - - - - -] libvirt.vzstorage_mount_opts = [] log_opt_values /usr/lib/python3/dist-packages/oslo_config/cfg.py:2609
2025-06-02 00:38:22.720 117081 DEBUG oslo_service.service [req-ca4021d2-f517-4da2-a80e-065216ab27a1 - - - - -] libvirt.vzstorage_mount_perms = 0770 log_opt_values /usr/lib/python3/dist-packages/oslo_config/cfg.py:2609
2025-06-02 00:38:22.720 117081 DEBUG oslo_service.service [req-ca4021d2-f517-4da2-a80e-065216ab27a1 - - - - -] libvirt.vzstorage_mount_point_base = /var/lib/nova/mnt log_opt_values /usr/lib/python3/dist-packages/oslo_config/cfg.py:2609
