2025-06-02 00:40:03.292 123843 DEBUG oslo_messaging._drivers.amqpdriver [-] AMQPListener connection consume poll /usr/lib/python3/dist-packages/oslo_messaging/_drivers/amqpdriver.py:357
2025-06-02 00:40:03.309 123843 DEBUG oslo_messaging._drivers.amqpdriver [req-ef529cbd-6b01-4d5d-a358-80799446441a - - - - -] sending reply msg_id: d3cd70e6e7df4a3fb23b5d8adc9c7139 reply queue: reply_8af285ccb4704a76913517e855fb0c9b time elapsed: 0.021667237000201567s _send_reply /usr/lib/python3/dist-packages/oslo_messaging/_drivers/amqpdriver.py:118
2025-06-02 00:40:04.294 123843 DEBUG oslo_messaging._drivers.amqpdriver [-] AMQPListener connection timeout poll /usr/lib/python3/dist-packages/oslo_messaging/_drivers/amqpdriver.py:360
2025-06-02 00:40:04.294 123843 DEBUG oslo_messaging._drivers.amqpdriver [-] Listener is running poll /usr/lib/python3/dist-packages/oslo_messaging/_drivers/amqpdriver.py:343
2025-06-02 00:40:04.294 123843 DEBUG oslo_messaging._drivers.amqpdriver [-] AMQPListener connection consume poll /usr/lib/python3/dist-packages/oslo_messaging/_drivers/amqpdriver.py:357
2025-06-02 00:40:05.089 123840 DEBUG oslo_messaging._drivers.amqpdriver [-] AMQPListener connection timeout poll /usr/lib/python3/dist-packages/oslo_messaging/_drivers/amqpdriver.py:360
2025-06-02 00:40:05.089 123840 DEBUG oslo_messaging._drivers.amqpdriver [-] Listener is running poll /usr/lib/python3/dist-packages/oslo_messaging/_drivers/amqpdriver.py:343
2025-06-02 00:40:05.089 123840 DEBUG oslo_messaging._drivers.amqpdriver [-] AMQPListener connection consume poll /usr/lib/python3/dist-packages/oslo_messaging/_drivers/amqpdriver.py:357
2025-06-02 00:40:06.297 123843 DEBUG oslo_messaging._drivers.amqpdriver [-] AMQPListener connection timeout poll /usr/lib/python3/dist-packages/oslo_messaging/_drivers/amqpdriver.py:360
2025-06-02 00:40:06.297 123843 DEBUG oslo_messaging._drivers.amqpdriver [-] Listener is running poll /usr/lib/python3/dist-packages/oslo_messaging/_drivers/amqpdriver.py:343
2025-06-02 00:40:06.297 123843 DEBUG oslo_messaging._drivers.amqpdriver [-] AMQPListener connection consume poll /usr/lib/python3/dist-packages/oslo_messaging/_drivers/amqpdriver.py:357
2025-06-02 00:40:08.941 123841 DEBUG oslo_messaging._drivers.amqpdriver [-] AMQPListener connection timeout poll /usr/lib/python3/dist-packages/oslo_messaging/_drivers/amqpdriver.py:360
2025-06-02 00:40:08.941 123841 DEBUG oslo_messaging._drivers.amqpdriver [-] Listener is running poll /usr/lib/python3/dist-packages/oslo_messaging/_drivers/amqpdriver.py:343
2025-06-02 00:40:08.941 123841 DEBUG oslo_messaging._drivers.amqpdriver [-] AMQPListener connection consume poll /usr/lib/python3/dist-packages/oslo_messaging/_drivers/amqpdriver.py:357
2025-06-02 00:40:08.981 123842 DEBUG oslo_messaging._drivers.amqpdriver [-] AMQPListener connection timeout poll /usr/lib/python3/dist-packages/oslo_messaging/_drivers/amqpdriver.py:360
2025-06-02 00:40:08.981 123842 DEBUG oslo_messaging._drivers.amqpdriver [-] Listener is running poll /usr/lib/python3/dist-packages/oslo_messaging/_drivers/amqpdriver.py:343
2025-06-02 00:40:08.981 123842 DEBUG oslo_messaging._drivers.amqpdriver [-] AMQPListener connection consume poll /usr/lib/python3/dist-packages/oslo_messaging/_drivers/amqpdriver.py:357
2025-06-02 00:40:12.155 123332 INFO oslo_service.service [req-a0226337-313f-449f-89ac-6a89dab94e54 - - - - -] Caught SIGTERM, stopping children
2025-06-02 00:40:12.156 123332 DEBUG oslo_concurrency.lockutils [req-a0226337-313f-449f-89ac-6a89dab94e54 - - - - -] Acquired lock "singleton_lock" lock /usr/lib/python3/dist-packages/oslo_concurrency/lockutils.py:294
2025-06-02 00:40:12.157 123332 DEBUG oslo_concurrency.lockutils [req-a0226337-313f-449f-89ac-6a89dab94e54 - - - - -] Releasing lock "singleton_lock" lock /usr/lib/python3/dist-packages/oslo_concurrency/lockutils.py:312
2025-06-02 00:40:12.158 123332 DEBUG oslo_service.service [req-a0226337-313f-449f-89ac-6a89dab94e54 - - - - -] Stop services. stop /usr/lib/python3/dist-packages/oslo_service/service.py:695
2025-06-02 00:40:12.158 123332 DEBUG oslo_service.service [req-a0226337-313f-449f-89ac-6a89dab94e54 - - - - -] Killing children. stop /usr/lib/python3/dist-packages/oslo_service/service.py:700
2025-06-02 00:40:12.166 123332 INFO oslo_service.service [req-a0226337-313f-449f-89ac-6a89dab94e54 - - - - -] Waiting on 4 children to exit
2025-06-02 00:40:12.167 123332 INFO oslo_service.service [req-a0226337-313f-449f-89ac-6a89dab94e54 - - - - -] Child 123840 killed by signal 15
2025-06-02 00:40:12.172 123332 INFO oslo_service.service [req-a0226337-313f-449f-89ac-6a89dab94e54 - - - - -] Child 123842 killed by signal 15
2025-06-02 00:40:12.172 123332 INFO oslo_service.service [req-a0226337-313f-449f-89ac-6a89dab94e54 - - - - -] Child 123841 killed by signal 15
2025-06-02 00:40:12.182 123332 INFO oslo_service.service [req-a0226337-313f-449f-89ac-6a89dab94e54 - - - - -] Child 123843 killed by signal 15
2025-06-02 00:40:14.357 132895 DEBUG oslo_db.sqlalchemy.engines [req-18d54ec8-a447-4564-8109-a9ff8d94dc3f - - - - -] MySQL server mode set to STRICT_TRANS_TABLES,STRICT_ALL_TABLES,NO_ZERO_IN_DATE,NO_ZERO_DATE,ERROR_FOR_DIVISION_BY_ZERO,TRADITIONAL,NO_ENGINE_SUBSTITUTION _check_effective_sql_mode /usr/lib/python3/dist-packages/oslo_db/sqlalchemy/engines.py:314
2025-06-02 00:40:14.462 132895 DEBUG nova.context [req-18d54ec8-a447-4564-8109-a9ff8d94dc3f - - - - -] Found 2 cells: 00000000-0000-0000-0000-000000000000(cell0),ecfba419-227b-471e-af87-2869bcc19d70(cell1) load_cells /usr/lib/python3/dist-packages/nova/context.py:464
2025-06-02 00:40:14.464 132895 DEBUG oslo_concurrency.lockutils [req-18d54ec8-a447-4564-8109-a9ff8d94dc3f - - - - -] Lock "00000000-0000-0000-0000-000000000000" acquired by "nova.context.set_target_cell..get_or_set_cached_cell_and_set_connections" :: waited 0.000s inner /usr/lib/python3/dist-packages/oslo_concurrency/lockutils.py:386
2025-06-02 00:40:14.465 132895 DEBUG oslo_concurrency.lockutils [req-18d54ec8-a447-4564-8109-a9ff8d94dc3f - - - - -] Lock "00000000-0000-0000-0000-000000000000" "released" by "nova.context.set_target_cell..get_or_set_cached_cell_and_set_connections" :: held 0.001s inner /usr/lib/python3/dist-packages/oslo_concurrency/lockutils.py:400
2025-06-02 00:40:14.466 132895 DEBUG oslo_concurrency.lockutils [req-18d54ec8-a447-4564-8109-a9ff8d94dc3f - - - - -] Lock "ecfba419-227b-471e-af87-2869bcc19d70" acquired by "nova.context.set_target_cell..get_or_set_cached_cell_and_set_connections" :: waited 0.000s inner /usr/lib/python3/dist-packages/oslo_concurrency/lockutils.py:386
2025-06-02 00:40:14.467 132895 DEBUG oslo_concurrency.lockutils [req-18d54ec8-a447-4564-8109-a9ff8d94dc3f - - - - -] Lock "ecfba419-227b-471e-af87-2869bcc19d70" "released" by "nova.context.set_target_cell..get_or_set_cached_cell_and_set_connections" :: held 0.001s inner /usr/lib/python3/dist-packages/oslo_concurrency/lockutils.py:400
2025-06-02 00:40:14.473 132895 DEBUG oslo_db.sqlalchemy.engines [req-18d54ec8-a447-4564-8109-a9ff8d94dc3f - - - - -] MySQL server mode set to STRICT_TRANS_TABLES,STRICT_ALL_TABLES,NO_ZERO_IN_DATE,NO_ZERO_DATE,ERROR_FOR_DIVISION_BY_ZERO,TRADITIONAL,NO_ENGINE_SUBSTITUTION _check_effective_sql_mode /usr/lib/python3/dist-packages/oslo_db/sqlalchemy/engines.py:314
2025-06-02 00:40:14.475 132895 DEBUG oslo_db.sqlalchemy.engines [req-18d54ec8-a447-4564-8109-a9ff8d94dc3f - - - - -] MySQL server mode set to STRICT_TRANS_TABLES,STRICT_ALL_TABLES,NO_ZERO_IN_DATE,NO_ZERO_DATE,ERROR_FOR_DIVISION_BY_ZERO,TRADITIONAL,NO_ENGINE_SUBSTITUTION _check_effective_sql_mode /usr/lib/python3/dist-packages/oslo_db/sqlalchemy/engines.py:314
2025-06-02 00:40:14.554 132895 DEBUG oslo_concurrency.lockutils [req-18d54ec8-a447-4564-8109-a9ff8d94dc3f - - - - -] Acquired lock "singleton_lock" lock /usr/lib/python3/dist-packages/oslo_concurrency/lockutils.py:294
2025-06-02 00:40:14.555 132895 DEBUG oslo_concurrency.lockutils [req-18d54ec8-a447-4564-8109-a9ff8d94dc3f - - - - -] Releasing lock "singleton_lock" lock /usr/lib/python3/dist-packages/oslo_concurrency/lockutils.py:312
2025-06-02 00:40:14.556 132895 INFO oslo_service.service [req-18d54ec8-a447-4564-8109-a9ff8d94dc3f - - - - -] Starting 4 workers
2025-06-02 00:40:14.560 132895 DEBUG oslo_service.service [req-18d54ec8-a447-4564-8109-a9ff8d94dc3f - - - - -] Started child 133215 _start_child /usr/lib/python3/dist-packages/oslo_service/service.py:575
2025-06-02 00:40:14.564 133215 INFO nova.service [-] Starting conductor node (version 25.2.1)
2025-06-02 00:40:14.566 132895 DEBUG oslo_service.service [req-18d54ec8-a447-4564-8109-a9ff8d94dc3f - - - - -] Started child 133216 _start_child /usr/lib/python3/dist-packages/oslo_service/service.py:575
2025-06-02 00:40:14.571 133216 INFO nova.service [-] Starting conductor node (version 25.2.1)
2025-06-02 00:40:14.572 132895 DEBUG oslo_service.service [req-18d54ec8-a447-4564-8109-a9ff8d94dc3f - - - - -] Started child 133217 _start_child /usr/lib/python3/dist-packages/oslo_service/service.py:575
2025-06-02 00:40:14.576 133217 INFO nova.service [-] Starting conductor node (version 25.2.1)
2025-06-02 00:40:14.577 133215 DEBUG oslo_db.sqlalchemy.engines [req-4cc91439-64ec-4204-89ca-cc3a66b8d48d - - - - -] MySQL server mode set to STRICT_TRANS_TABLES,STRICT_ALL_TABLES,NO_ZERO_IN_DATE,NO_ZERO_DATE,ERROR_FOR_DIVISION_BY_ZERO,TRADITIONAL,NO_ENGINE_SUBSTITUTION _check_effective_sql_mode /usr/lib/python3/dist-packages/oslo_db/sqlalchemy/engines.py:314
2025-06-02 00:40:14.578 132895 DEBUG oslo_service.service [req-18d54ec8-a447-4564-8109-a9ff8d94dc3f - - - - -] Started child 133218 _start_child /usr/lib/python3/dist-packages/oslo_service/service.py:575
2025-06-02 00:40:14.580 132895 DEBUG oslo_service.service [req-18d54ec8-a447-4564-8109-a9ff8d94dc3f - - - - -] Full set of CONF: wait /usr/lib/python3/dist-packages/oslo_service/service.py:649
2025-06-02 00:40:14.580 132895 DEBUG oslo_service.service [req-18d54ec8-a447-4564-8109-a9ff8d94dc3f - - - - -] ******************************************************************************** log_opt_values /usr/lib/python3/dist-packages/oslo_config/cfg.py:2589
2025-06-02 00:40:14.580 132895 DEBUG oslo_service.service [req-18d54ec8-a447-4564-8109-a9ff8d94dc3f - - - - -] Configuration options gathered from: log_opt_values /usr/lib/python3/dist-packages/oslo_config/cfg.py:2590
2025-06-02 00:40:14.581 132895 DEBUG oslo_service.service [req-18d54ec8-a447-4564-8109-a9ff8d94dc3f - - - - -] command line args: ['--config-file=/etc/nova/nova.conf', '--log-file=/var/log/nova/nova-conductor.log'] log_opt_values /usr/lib/python3/dist-packages/oslo_config/cfg.py:2591
2025-06-02 00:40:14.581 132895 DEBUG oslo_service.service [req-18d54ec8-a447-4564-8109-a9ff8d94dc3f - - - - -] config files: ['/etc/nova/nova.conf'] log_opt_values /usr/lib/python3/dist-packages/oslo_config/cfg.py:2592
2025-06-02 00:40:14.581 132895 DEBUG oslo_service.service [req-18d54ec8-a447-4564-8109-a9ff8d94dc3f - - - - -] ================================================================================ log_opt_values /usr/lib/python3/dist-packages/oslo_config/cfg.py:2594
2025-06-02 00:40:14.582 132895 DEBUG oslo_service.service [req-18d54ec8-a447-4564-8109-a9ff8d94dc3f - - - - -] allow_resize_to_same_host = False log_opt_values /usr/lib/python3/dist-packages/oslo_config/cfg.py:2602
2025-06-02 00:40:14.583 133218 INFO nova.service [-] Starting conductor node (version 25.2.1)
2025-06-02 00:40:14.583 132895 DEBUG oslo_service.service [req-18d54ec8-a447-4564-8109-a9ff8d94dc3f - - - - -] arq_binding_timeout = 300 log_opt_values /usr/lib/python3/dist-packages/oslo_config/cfg.py:2602
2025-06-02 00:40:14.585 132895 DEBUG oslo_service.service [req-18d54ec8-a447-4564-8109-a9ff8d94dc3f - - - - -] block_device_allocate_retries = 60 log_opt_values /usr/lib/python3/dist-packages/oslo_config/cfg.py:2602
2025-06-02 00:40:14.585 132895 DEBUG oslo_service.service [req-18d54ec8-a447-4564-8109-a9ff8d94dc3f - - - - -] block_device_allocate_retries_interval = 3 log_opt_values /usr/lib/python3/dist-packages/oslo_config/cfg.py:2602
2025-06-02 00:40:14.585 133216 DEBUG oslo_db.sqlalchemy.engines [req-87b76479-b1ae-4f93-bedb-7608edaa2e8b - - - - -] MySQL server mode set to STRICT_TRANS_TABLES,STRICT_ALL_TABLES,NO_ZERO_IN_DATE,NO_ZERO_DATE,ERROR_FOR_DIVISION_BY_ZERO,TRADITIONAL,NO_ENGINE_SUBSTITUTION _check_effective_sql_mode /usr/lib/python3/dist-packages/oslo_db/sqlalchemy/engines.py:314
2025-06-02 00:40:14.586 132895 DEBUG oslo_service.service [req-18d54ec8-a447-4564-8109-a9ff8d94dc3f - - - - -] cert = self.pem log_opt_values /usr/lib/python3/dist-packages/oslo_config/cfg.py:2602
2025-06-02 00:40:14.586 132895 DEBUG oslo_service.service [req-18d54ec8-a447-4564-8109-a9ff8d94dc3f - - - - -] compute_driver = libvirt.LibvirtDriver log_opt_values /usr/lib/python3/dist-packages/oslo_config/cfg.py:2602
2025-06-02 00:40:14.586 132895 DEBUG oslo_service.service [req-18d54ec8-a447-4564-8109-a9ff8d94dc3f - - - - -] compute_monitors = [] log_opt_values /usr/lib/python3/dist-packages/oslo_config/cfg.py:2602
2025-06-02 00:40:14.586 132895 DEBUG oslo_service.service [req-18d54ec8-a447-4564-8109-a9ff8d94dc3f - - - - -] config_dir = [] log_opt_values /usr/lib/python3/dist-packages/oslo_config/cfg.py:2602
2025-06-02 00:40:14.587 132895 DEBUG oslo_service.service [req-18d54ec8-a447-4564-8109-a9ff8d94dc3f - - - - -] config_drive_format = iso9660 log_opt_values /usr/lib/python3/dist-packages/oslo_config/cfg.py:2602
2025-06-02 00:40:14.587 132895 DEBUG oslo_service.service [req-18d54ec8-a447-4564-8109-a9ff8d94dc3f - - - - -] config_file = ['/etc/nova/nova.conf'] log_opt_values /usr/lib/python3/dist-packages/oslo_config/cfg.py:2602
2025-06-02 00:40:14.587 132895 DEBUG oslo_service.service [req-18d54ec8-a447-4564-8109-a9ff8d94dc3f - - - - -] config_source = [] log_opt_values /usr/lib/python3/dist-packages/oslo_config/cfg.py:2602
2025-06-02 00:40:14.587 132895 DEBUG oslo_service.service [req-18d54ec8-a447-4564-8109-a9ff8d94dc3f - - - - -] console_host = juju-e70598-0-lxd-7 log_opt_values /usr/lib/python3/dist-packages/oslo_config/cfg.py:2602
2025-06-02 00:40:14.587 132895 DEBUG oslo_service.service [req-18d54ec8-a447-4564-8109-a9ff8d94dc3f - - - - -] control_exchange = nova log_opt_values /usr/lib/python3/dist-packages/oslo_config/cfg.py:2602
2025-06-02 00:40:14.587 133217 DEBUG oslo_db.sqlalchemy.engines [req-643a6e3d-8ddb-448b-b177-13e5199171b8 - - - - -] MySQL server mode set to STRICT_TRANS_TABLES,STRICT_ALL_TABLES,NO_ZERO_IN_DATE,NO_ZERO_DATE,ERROR_FOR_DIVISION_BY_ZERO,TRADITIONAL,NO_ENGINE_SUBSTITUTION _check_effective_sql_mode /usr/lib/python3/dist-packages/oslo_db/sqlalchemy/engines.py:314
2025-06-02 00:40:14.588 132895 DEBUG oslo_service.service [req-18d54ec8-a447-4564-8109-a9ff8d94dc3f - - - - -] cpu_allocation_ratio = 2.0 log_opt_values /usr/lib/python3/dist-packages/oslo_config/cfg.py:2602
2025-06-02 00:40:14.588 132895 DEBUG oslo_service.service [req-18d54ec8-a447-4564-8109-a9ff8d94dc3f - - - - -] daemon = False log_opt_values /usr/lib/python3/dist-packages/oslo_config/cfg.py:2602
2025-06-02 00:40:14.589 132895 DEBUG oslo_service.service [req-18d54ec8-a447-4564-8109-a9ff8d94dc3f - - - - -] debug = True log_opt_values /usr/lib/python3/dist-packages/oslo_config/cfg.py:2602
2025-06-02 00:40:14.589 132895 DEBUG oslo_service.service [req-18d54ec8-a447-4564-8109-a9ff8d94dc3f - - - - -] default_access_ip_network_name = None log_opt_values /usr/lib/python3/dist-packages/oslo_config/cfg.py:2602
2025-06-02 00:40:14.589 132895 DEBUG oslo_service.service [req-18d54ec8-a447-4564-8109-a9ff8d94dc3f - - - - -] default_availability_zone = nova log_opt_values /usr/lib/python3/dist-packages/oslo_config/cfg.py:2602
2025-06-02 00:40:14.589 132895 DEBUG oslo_service.service [req-18d54ec8-a447-4564-8109-a9ff8d94dc3f - - - - -] default_ephemeral_format = None log_opt_values /usr/lib/python3/dist-packages/oslo_config/cfg.py:2602
2025-06-02 00:40:14.589 132895 DEBUG oslo_service.service [req-18d54ec8-a447-4564-8109-a9ff8d94dc3f - - - - -] default_log_levels = ['amqp=WARN', 'amqplib=WARN', 'boto=WARN', 'qpid=WARN', 'sqlalchemy=WARN', 'suds=INFO', 'oslo.messaging=INFO', 'oslo_messaging=DEBUG', 'iso8601=WARN', 'requests.packages.urllib3.connectionpool=WARN', 'urllib3.connectionpool=WARN', 'websocket=WARN', 'requests.packages.urllib3.util.retry=WARN', 'urllib3.util.retry=WARN', 'keystonemiddleware=WARN', 'routes.middleware=WARN', 'stevedore=WARN', 'taskflow=WARN', 'keystoneauth=WARN', 'oslo.cache=INFO', 'dogpile.core.dogpile=INFO', 'glanceclient=WARN', 'oslo.privsep.daemon=INFO'] log_opt_values /usr/lib/python3/dist-packages/oslo_config/cfg.py:2602
2025-06-02 00:40:14.590 132895 DEBUG oslo_service.service [req-18d54ec8-a447-4564-8109-a9ff8d94dc3f - - - - -] default_schedule_zone = None log_opt_values /usr/lib/python3/dist-packages/oslo_config/cfg.py:2602
2025-06-02 00:40:14.590 132895 DEBUG oslo_service.service [req-18d54ec8-a447-4564-8109-a9ff8d94dc3f - - - - -] disk_allocation_ratio = 1.0 log_opt_values /usr/lib/python3/dist-packages/oslo_config/cfg.py:2602
2025-06-02 00:40:14.591 132895 DEBUG oslo_service.service [req-18d54ec8-a447-4564-8109-a9ff8d94dc3f - - - - -] enable_new_services = True log_opt_values /usr/lib/python3/dist-packages/oslo_config/cfg.py:2602
2025-06-02 00:40:14.591 132895 DEBUG oslo_service.service [req-18d54ec8-a447-4564-8109-a9ff8d94dc3f - - - - -] enabled_apis = ['osapi_compute', 'metadata'] log_opt_values /usr/lib/python3/dist-packages/oslo_config/cfg.py:2602
2025-06-02 00:40:14.591 132895 DEBUG oslo_service.service [req-18d54ec8-a447-4564-8109-a9ff8d94dc3f - - - - -] enabled_ssl_apis = [] log_opt_values /usr/lib/python3/dist-packages/oslo_config/cfg.py:2602
2025-06-02 00:40:14.591 132895 DEBUG oslo_service.service [req-18d54ec8-a447-4564-8109-a9ff8d94dc3f - - - - -] fatal_deprecations = False log_opt_values /usr/lib/python3/dist-packages/oslo_config/cfg.py:2602
2025-06-02 00:40:14.591 132895 DEBUG oslo_service.service [req-18d54ec8-a447-4564-8109-a9ff8d94dc3f - - - - -] flat_injected = False log_opt_values /usr/lib/python3/dist-packages/oslo_config/cfg.py:2602
2025-06-02 00:40:14.592 132895 DEBUG oslo_service.service [req-18d54ec8-a447-4564-8109-a9ff8d94dc3f - - - - -] force_config_drive = False log_opt_values /usr/lib/python3/dist-packages/oslo_config/cfg.py:2602
2025-06-02 00:40:14.592 132895 DEBUG oslo_service.service [req-18d54ec8-a447-4564-8109-a9ff8d94dc3f - - - - -] force_raw_images = True log_opt_values /usr/lib/python3/dist-packages/oslo_config/cfg.py:2602
2025-06-02 00:40:14.592 132895 DEBUG oslo_service.service [req-18d54ec8-a447-4564-8109-a9ff8d94dc3f - - - - -] graceful_shutdown_timeout = 60 log_opt_values /usr/lib/python3/dist-packages/oslo_config/cfg.py:2602
2025-06-02 00:40:14.592 132895 DEBUG oslo_service.service [req-18d54ec8-a447-4564-8109-a9ff8d94dc3f - - - - -] heal_instance_info_cache_interval = 60 log_opt_values /usr/lib/python3/dist-packages/oslo_config/cfg.py:2602
2025-06-02 00:40:14.593 132895 DEBUG oslo_service.service [req-18d54ec8-a447-4564-8109-a9ff8d94dc3f - - - - -] host = juju-e70598-0-lxd-7 log_opt_values /usr/lib/python3/dist-packages/oslo_config/cfg.py:2602
2025-06-02 00:40:14.593 132895 DEBUG oslo_service.service [req-18d54ec8-a447-4564-8109-a9ff8d94dc3f - - - - -] initial_cpu_allocation_ratio = 16.0 log_opt_values /usr/lib/python3/dist-packages/oslo_config/cfg.py:2602
2025-06-02 00:40:14.593 132895 DEBUG oslo_service.service [req-18d54ec8-a447-4564-8109-a9ff8d94dc3f - - - - -] initial_disk_allocation_ratio = 1.0 log_opt_values /usr/lib/python3/dist-packages/oslo_config/cfg.py:2602
2025-06-02 00:40:14.593 132895 DEBUG oslo_service.service [req-18d54ec8-a447-4564-8109-a9ff8d94dc3f - - - - -] initial_ram_allocation_ratio = 1.5 log_opt_values /usr/lib/python3/dist-packages/oslo_config/cfg.py:2602
2025-06-02 00:40:14.593 132895 DEBUG oslo_service.service [req-18d54ec8-a447-4564-8109-a9ff8d94dc3f - - - - -] injected_network_template = /usr/lib/python3/dist-packages/nova/virt/interfaces.template log_opt_values /usr/lib/python3/dist-packages/oslo_config/cfg.py:2602
2025-06-02 00:40:14.594 132895 DEBUG oslo_service.service [req-18d54ec8-a447-4564-8109-a9ff8d94dc3f - - - - -] instance_build_timeout = 0 log_opt_values /usr/lib/python3/dist-packages/oslo_config/cfg.py:2602
2025-06-02 00:40:14.594 132895 DEBUG oslo_service.service [req-18d54ec8-a447-4564-8109-a9ff8d94dc3f - - - - -] instance_delete_interval = 300 log_opt_values /usr/lib/python3/dist-packages/oslo_config/cfg.py:2602
2025-06-02 00:40:14.594 132895 DEBUG oslo_service.service [req-18d54ec8-a447-4564-8109-a9ff8d94dc3f - - - - -] instance_format = [instance: %(uuid)s] log_opt_values /usr/lib/python3/dist-packages/oslo_config/cfg.py:2602
2025-06-02 00:40:14.594 132895 DEBUG oslo_service.service [req-18d54ec8-a447-4564-8109-a9ff8d94dc3f - - - - -] instance_name_template = instance-%08x log_opt_values /usr/lib/python3/dist-packages/oslo_config/cfg.py:2602
2025-06-02 00:40:14.594 132895 DEBUG oslo_service.service [req-18d54ec8-a447-4564-8109-a9ff8d94dc3f - - - - -] instance_usage_audit = False log_opt_values /usr/lib/python3/dist-packages/oslo_config/cfg.py:2602
2025-06-02 00:40:14.594 132895 DEBUG oslo_service.service [req-18d54ec8-a447-4564-8109-a9ff8d94dc3f - - - - -] instance_usage_audit_period = month log_opt_values /usr/lib/python3/dist-packages/oslo_config/cfg.py:2602
2025-06-02 00:40:14.595 132895 DEBUG oslo_service.service [req-18d54ec8-a447-4564-8109-a9ff8d94dc3f - - - - -] instance_uuid_format = [instance: %(uuid)s] log_opt_values /usr/lib/python3/dist-packages/oslo_config/cfg.py:2602
2025-06-02 00:40:14.595 132895 DEBUG oslo_service.service [req-18d54ec8-a447-4564-8109-a9ff8d94dc3f - - - - -] instances_path = /var/lib/nova/instances log_opt_values /usr/lib/python3/dist-packages/oslo_config/cfg.py:2602
2025-06-02 00:40:14.596 132895 DEBUG oslo_service.service [req-18d54ec8-a447-4564-8109-a9ff8d94dc3f - - - - -] internal_service_availability_zone = internal log_opt_values /usr/lib/python3/dist-packages/oslo_config/cfg.py:2602
2025-06-02 00:40:14.596 132895 DEBUG oslo_service.service [req-18d54ec8-a447-4564-8109-a9ff8d94dc3f - - - - -] key = None log_opt_values /usr/lib/python3/dist-packages/oslo_config/cfg.py:2602
2025-06-02 00:40:14.597 132895 DEBUG oslo_service.service [req-18d54ec8-a447-4564-8109-a9ff8d94dc3f - - - - -] live_migration_retry_count = 30 log_opt_values /usr/lib/python3/dist-packages/oslo_config/cfg.py:2602
2025-06-02 00:40:14.597 132895 DEBUG oslo_service.service [req-18d54ec8-a447-4564-8109-a9ff8d94dc3f - - - - -] log_config_append = None log_opt_values /usr/lib/python3/dist-packages/oslo_config/cfg.py:2602
2025-06-02 00:40:14.597 132895 DEBUG oslo_service.service [req-18d54ec8-a447-4564-8109-a9ff8d94dc3f - - - - -] log_date_format = %Y-%m-%d %H:%M:%S log_opt_values /usr/lib/python3/dist-packages/oslo_config/cfg.py:2602
2025-06-02 00:40:14.597 132895 DEBUG oslo_service.service [req-18d54ec8-a447-4564-8109-a9ff8d94dc3f - - - - -] log_dir = /var/log/nova log_opt_values /usr/lib/python3/dist-packages/oslo_config/cfg.py:2602
2025-06-02 00:40:14.598 132895 DEBUG oslo_service.service [req-18d54ec8-a447-4564-8109-a9ff8d94dc3f - - - - -] log_file = /var/log/nova/nova-conductor.log log_opt_values /usr/lib/python3/dist-packages/oslo_config/cfg.py:2602
2025-06-02 00:40:14.598 132895 DEBUG oslo_service.service [req-18d54ec8-a447-4564-8109-a9ff8d94dc3f - - - - -] log_options = True log_opt_values /usr/lib/python3/dist-packages/oslo_config/cfg.py:2602
2025-06-02 00:40:14.598 133215 DEBUG nova.service [req-4cc91439-64ec-4204-89ca-cc3a66b8d48d - - - - -] Creating RPC server for service conductor start /usr/lib/python3/dist-packages/nova/service.py:182
2025-06-02 00:40:14.598 132895 DEBUG oslo_service.service [req-18d54ec8-a447-4564-8109-a9ff8d94dc3f - - - - -] log_rotate_interval = 1 log_opt_values /usr/lib/python3/dist-packages/oslo_config/cfg.py:2602
2025-06-02 00:40:14.599 132895 DEBUG oslo_service.service [req-18d54ec8-a447-4564-8109-a9ff8d94dc3f - - - - -] log_rotate_interval_type = days log_opt_values /usr/lib/python3/dist-packages/oslo_config/cfg.py:2602
2025-06-02 00:40:14.599 132895 DEBUG oslo_service.service [req-18d54ec8-a447-4564-8109-a9ff8d94dc3f - - - - -] log_rotation_type = none log_opt_values /usr/lib/python3/dist-packages/oslo_config/cfg.py:2602
2025-06-02 00:40:14.599 132895 DEBUG oslo_service.service [req-18d54ec8-a447-4564-8109-a9ff8d94dc3f - - - - -] logging_context_format_string = %(asctime)s.%(msecs)03d %(process)d %(levelname)s %(name)s [%(request_id)s %(user_identity)s] %(instance)s%(message)s log_opt_values /usr/lib/python3/dist-packages/oslo_config/cfg.py:2602
2025-06-02 00:40:14.600 132895 DEBUG oslo_service.service [req-18d54ec8-a447-4564-8109-a9ff8d94dc3f - - - - -] logging_debug_format_suffix = %(funcName)s %(pathname)s:%(lineno)d log_opt_values /usr/lib/python3/dist-packages/oslo_config/cfg.py:2602
2025-06-02 00:40:14.600 132895 DEBUG oslo_service.service [req-18d54ec8-a447-4564-8109-a9ff8d94dc3f - - - - -] logging_default_format_string = %(asctime)s.%(msecs)03d %(process)d %(levelname)s %(name)s [-] %(instance)s%(message)s log_opt_values /usr/lib/python3/dist-packages/oslo_config/cfg.py:2602
2025-06-02 00:40:14.600 132895 DEBUG oslo_service.service [req-18d54ec8-a447-4564-8109-a9ff8d94dc3f - - - - -] logging_exception_prefix = %(asctime)s.%(msecs)03d %(process)d ERROR %(name)s %(instance)s log_opt_values /usr/lib/python3/dist-packages/oslo_config/cfg.py:2602
2025-06-02 00:40:14.600 132895 DEBUG oslo_service.service [req-18d54ec8-a447-4564-8109-a9ff8d94dc3f - - - - -] logging_user_identity_format = %(user)s %(project)s %(domain)s %(user_domain)s %(project_domain)s log_opt_values /usr/lib/python3/dist-packages/oslo_config/cfg.py:2602
2025-06-02 00:40:14.600 132895 DEBUG oslo_service.service [req-18d54ec8-a447-4564-8109-a9ff8d94dc3f - - - - -] long_rpc_timeout = 1800 log_opt_values /usr/lib/python3/dist-packages/oslo_config/cfg.py:2602
2025-06-02 00:40:14.601 132895 DEBUG oslo_service.service [req-18d54ec8-a447-4564-8109-a9ff8d94dc3f - - - - -] max_concurrent_builds = 10 log_opt_values /usr/lib/python3/dist-packages/oslo_config/cfg.py:2602
2025-06-02 00:40:14.601 132895 DEBUG oslo_service.service [req-18d54ec8-a447-4564-8109-a9ff8d94dc3f - - - - -] max_concurrent_live_migrations = 1 log_opt_values /usr/lib/python3/dist-packages/oslo_config/cfg.py:2602
2025-06-02 00:40:14.601 132895 DEBUG oslo_service.service [req-18d54ec8-a447-4564-8109-a9ff8d94dc3f - - - - -] max_concurrent_snapshots = 5 log_opt_values /usr/lib/python3/dist-packages/oslo_config/cfg.py:2602
2025-06-02 00:40:14.601 133218 DEBUG oslo_db.sqlalchemy.engines [req-c8a290a5-590e-4fa8-ad6a-697651d1b8a2 - - - - -] MySQL server mode set to STRICT_TRANS_TABLES,STRICT_ALL_TABLES,NO_ZERO_IN_DATE,NO_ZERO_DATE,ERROR_FOR_DIVISION_BY_ZERO,TRADITIONAL,NO_ENGINE_SUBSTITUTION _check_effective_sql_mode /usr/lib/python3/dist-packages/oslo_db/sqlalchemy/engines.py:314
2025-06-02 00:40:14.601 132895 DEBUG oslo_service.service [req-18d54ec8-a447-4564-8109-a9ff8d94dc3f - - - - -] max_local_block_devices = 3 log_opt_values /usr/lib/python3/dist-packages/oslo_config/cfg.py:2602
2025-06-02 00:40:14.601 132895 DEBUG oslo_service.service [req-18d54ec8-a447-4564-8109-a9ff8d94dc3f - - - - -] max_logfile_count = 30 log_opt_values /usr/lib/python3/dist-packages/oslo_config/cfg.py:2602
2025-06-02 00:40:14.601 133216 DEBUG nova.service [req-87b76479-b1ae-4f93-bedb-7608edaa2e8b - - - - -] Creating RPC server for service conductor start /usr/lib/python3/dist-packages/nova/service.py:182
2025-06-02 00:40:14.602 132895 DEBUG oslo_service.service [req-18d54ec8-a447-4564-8109-a9ff8d94dc3f - - - - -] max_logfile_size_mb = 200 log_opt_values /usr/lib/python3/dist-packages/oslo_config/cfg.py:2602
2025-06-02 00:40:14.602 132895 DEBUG oslo_service.service [req-18d54ec8-a447-4564-8109-a9ff8d94dc3f - - - - -] maximum_instance_delete_attempts = 5 log_opt_values /usr/lib/python3/dist-packages/oslo_config/cfg.py:2602
2025-06-02 00:40:14.602 132895 DEBUG oslo_service.service [req-18d54ec8-a447-4564-8109-a9ff8d94dc3f - - - - -] metadata_listen = 0.0.0.0 log_opt_values /usr/lib/python3/dist-packages/oslo_config/cfg.py:2602
2025-06-02 00:40:14.603 132895 DEBUG oslo_service.service [req-18d54ec8-a447-4564-8109-a9ff8d94dc3f - - - - -] metadata_listen_port = 8765 log_opt_values /usr/lib/python3/dist-packages/oslo_config/cfg.py:2602
2025-06-02 00:40:14.603 132895 DEBUG oslo_service.service [req-18d54ec8-a447-4564-8109-a9ff8d94dc3f - - - - -] metadata_workers = None log_opt_values /usr/lib/python3/dist-packages/oslo_config/cfg.py:2602
2025-06-02 00:40:14.603 132895 DEBUG oslo_service.service [req-18d54ec8-a447-4564-8109-a9ff8d94dc3f - - - - -] migrate_max_retries = -1 log_opt_values /usr/lib/python3/dist-packages/oslo_config/cfg.py:2602
2025-06-02 00:40:14.603 132895 DEBUG oslo_service.service [req-18d54ec8-a447-4564-8109-a9ff8d94dc3f - - - - -] mkisofs_cmd = genisoimage log_opt_values /usr/lib/python3/dist-packages/oslo_config/cfg.py:2602
2025-06-02 00:40:14.604 132895 DEBUG oslo_service.service [req-18d54ec8-a447-4564-8109-a9ff8d94dc3f - - - - -] my_block_storage_ip = 252.129.0.216 log_opt_values /usr/lib/python3/dist-packages/oslo_config/cfg.py:2602
2025-06-02 00:40:14.605 132895 DEBUG oslo_service.service [req-18d54ec8-a447-4564-8109-a9ff8d94dc3f - - - - -] my_ip = 252.129.0.216 log_opt_values /usr/lib/python3/dist-packages/oslo_config/cfg.py:2602
2025-06-02 00:40:14.605 132895 DEBUG oslo_service.service [req-18d54ec8-a447-4564-8109-a9ff8d94dc3f - - - - -] network_allocate_retries = 0 log_opt_values /usr/lib/python3/dist-packages/oslo_config/cfg.py:2602
2025-06-02 00:40:14.605 132895 DEBUG oslo_service.service [req-18d54ec8-a447-4564-8109-a9ff8d94dc3f - - - - -] non_inheritable_image_properties = ['cache_in_nova', 'bittorrent'] log_opt_values /usr/lib/python3/dist-packages/oslo_config/cfg.py:2602
2025-06-02 00:40:14.605 132895 DEBUG oslo_service.service [req-18d54ec8-a447-4564-8109-a9ff8d94dc3f - - - - -] osapi_compute_listen = 0.0.0.0 log_opt_values /usr/lib/python3/dist-packages/oslo_config/cfg.py:2602
2025-06-02 00:40:14.605 132895 DEBUG oslo_service.service [req-18d54ec8-a447-4564-8109-a9ff8d94dc3f - - - - -] osapi_compute_listen_port = 8764 log_opt_values /usr/lib/python3/dist-packages/oslo_config/cfg.py:2602
2025-06-02 00:40:14.606 132895 DEBUG oslo_service.service [req-18d54ec8-a447-4564-8109-a9ff8d94dc3f - - - - -] osapi_compute_unique_server_name_scope = log_opt_values /usr/lib/python3/dist-packages/oslo_config/cfg.py:2602
2025-06-02 00:40:14.606 132895 DEBUG oslo_service.service [req-18d54ec8-a447-4564-8109-a9ff8d94dc3f - - - - -] osapi_compute_workers = 4 log_opt_values /usr/lib/python3/dist-packages/oslo_config/cfg.py:2602
2025-06-02 00:40:14.606 132895 DEBUG oslo_service.service [req-18d54ec8-a447-4564-8109-a9ff8d94dc3f - - - - -] password_length = 12 log_opt_values /usr/lib/python3/dist-packages/oslo_config/cfg.py:2602
2025-06-02 00:40:14.607 132895 DEBUG oslo_service.service [req-18d54ec8-a447-4564-8109-a9ff8d94dc3f - - - - -] periodic_enable = True log_opt_values /usr/lib/python3/dist-packages/oslo_config/cfg.py:2602
2025-06-02 00:40:14.607 132895 DEBUG oslo_service.service [req-18d54ec8-a447-4564-8109-a9ff8d94dc3f - - - - -] periodic_fuzzy_delay = 60 log_opt_values /usr/lib/python3/dist-packages/oslo_config/cfg.py:2602
2025-06-02 00:40:14.607 132895 DEBUG oslo_service.service [req-18d54ec8-a447-4564-8109-a9ff8d94dc3f - - - - -] pointer_model = usbtablet log_opt_values /usr/lib/python3/dist-packages/oslo_config/cfg.py:2602
2025-06-02 00:40:14.607 132895 DEBUG oslo_service.service [req-18d54ec8-a447-4564-8109-a9ff8d94dc3f - - - - -] preallocate_images = none log_opt_values /usr/lib/python3/dist-packages/oslo_config/cfg.py:2602
2025-06-02 00:40:14.608 132895 DEBUG oslo_service.service [req-18d54ec8-a447-4564-8109-a9ff8d94dc3f - - - - -] publish_errors = False log_opt_values /usr/lib/python3/dist-packages/oslo_config/cfg.py:2602
2025-06-02 00:40:14.608 132895 DEBUG oslo_service.service [req-18d54ec8-a447-4564-8109-a9ff8d94dc3f - - - - -] pybasedir = /usr/lib/python3/dist-packages log_opt_values /usr/lib/python3/dist-packages/oslo_config/cfg.py:2602
2025-06-02 00:40:14.608 132895 DEBUG oslo_service.service [req-18d54ec8-a447-4564-8109-a9ff8d94dc3f - - - - -] ram_allocation_ratio = 0.98 log_opt_values /usr/lib/python3/dist-packages/oslo_config/cfg.py:2602
2025-06-02 00:40:14.608 132895 DEBUG oslo_service.service [req-18d54ec8-a447-4564-8109-a9ff8d94dc3f - - - - -] rate_limit_burst = 0 log_opt_values /usr/lib/python3/dist-packages/oslo_config/cfg.py:2602
2025-06-02 00:40:14.608 132895 DEBUG oslo_service.service [req-18d54ec8-a447-4564-8109-a9ff8d94dc3f - - - - -] rate_limit_except_level = CRITICAL log_opt_values /usr/lib/python3/dist-packages/oslo_config/cfg.py:2602
2025-06-02 00:40:14.609 132895 DEBUG oslo_service.service [req-18d54ec8-a447-4564-8109-a9ff8d94dc3f - - - - -] rate_limit_interval = 0 log_opt_values /usr/lib/python3/dist-packages/oslo_config/cfg.py:2602
2025-06-02 00:40:14.609 132895 DEBUG oslo_service.service [req-18d54ec8-a447-4564-8109-a9ff8d94dc3f - - - - -] reboot_timeout = 0 log_opt_values /usr/lib/python3/dist-packages/oslo_config/cfg.py:2602
2025-06-02 00:40:14.609 132895 DEBUG oslo_service.service [req-18d54ec8-a447-4564-8109-a9ff8d94dc3f - - - - -] reclaim_instance_interval = 0 log_opt_values /usr/lib/python3/dist-packages/oslo_config/cfg.py:2602
2025-06-02 00:40:14.609 132895 DEBUG oslo_service.service [req-18d54ec8-a447-4564-8109-a9ff8d94dc3f - - - - -] record = None log_opt_values /usr/lib/python3/dist-packages/oslo_config/cfg.py:2602
2025-06-02 00:40:14.609 133217 DEBUG nova.service [req-643a6e3d-8ddb-448b-b177-13e5199171b8 - - - - -] Creating RPC server for service conductor start /usr/lib/python3/dist-packages/nova/service.py:182
2025-06-02 00:40:14.609 132895 DEBUG oslo_service.service [req-18d54ec8-a447-4564-8109-a9ff8d94dc3f - - - - -] report_interval = 10 log_opt_values /usr/lib/python3/dist-packages/oslo_config/cfg.py:2602
2025-06-02 00:40:14.610 132895 DEBUG oslo_service.service [req-18d54ec8-a447-4564-8109-a9ff8d94dc3f - - - - -] rescue_timeout = 0 log_opt_values /usr/lib/python3/dist-packages/oslo_config/cfg.py:2602
2025-06-02 00:40:14.610 132895 DEBUG oslo_service.service [req-18d54ec8-a447-4564-8109-a9ff8d94dc3f - - - - -] reserved_host_cpus = 0 log_opt_values /usr/lib/python3/dist-packages/oslo_config/cfg.py:2602
2025-06-02 00:40:14.610 132895 DEBUG oslo_service.service [req-18d54ec8-a447-4564-8109-a9ff8d94dc3f - - - - -] reserved_host_disk_mb = 0 log_opt_values /usr/lib/python3/dist-packages/oslo_config/cfg.py:2602
2025-06-02 00:40:14.610 132895 DEBUG oslo_service.service [req-18d54ec8-a447-4564-8109-a9ff8d94dc3f - - - - -] reserved_host_memory_mb = 512 log_opt_values /usr/lib/python3/dist-packages/oslo_config/cfg.py:2602
2025-06-02 00:40:14.611 132895 DEBUG oslo_service.service [req-18d54ec8-a447-4564-8109-a9ff8d94dc3f - - - - -] reserved_huge_pages = None log_opt_values /usr/lib/python3/dist-packages/oslo_config/cfg.py:2602
2025-06-02 00:40:14.611 132895 DEBUG oslo_service.service [req-18d54ec8-a447-4564-8109-a9ff8d94dc3f - - - - -] resize_confirm_window = 0 log_opt_values /usr/lib/python3/dist-packages/oslo_config/cfg.py:2602
2025-06-02 00:40:14.611 132895 DEBUG oslo_service.service [req-18d54ec8-a447-4564-8109-a9ff8d94dc3f - - - - -] resize_fs_using_block_device = False log_opt_values /usr/lib/python3/dist-packages/oslo_config/cfg.py:2602
2025-06-02 00:40:14.611 132895 DEBUG oslo_service.service [req-18d54ec8-a447-4564-8109-a9ff8d94dc3f - - - - -] resume_guests_state_on_host_boot = False log_opt_values /usr/lib/python3/dist-packages/oslo_config/cfg.py:2602
2025-06-02 00:40:14.611 132895 DEBUG oslo_service.service [req-18d54ec8-a447-4564-8109-a9ff8d94dc3f - - - - -] rootwrap_config = /etc/nova/rootwrap.conf log_opt_values /usr/lib/python3/dist-packages/oslo_config/cfg.py:2602
2025-06-02 00:40:14.612 132895 DEBUG oslo_service.service [req-18d54ec8-a447-4564-8109-a9ff8d94dc3f - - - - -] rpc_response_timeout = 60 log_opt_values /usr/lib/python3/dist-packages/oslo_config/cfg.py:2602
2025-06-02 00:40:14.612 132895 DEBUG oslo_service.service [req-18d54ec8-a447-4564-8109-a9ff8d94dc3f - - - - -] run_external_periodic_tasks = True log_opt_values /usr/lib/python3/dist-packages/oslo_config/cfg.py:2602
2025-06-02 00:40:14.613 132895 DEBUG oslo_service.service [req-18d54ec8-a447-4564-8109-a9ff8d94dc3f - - - - -] running_deleted_instance_action = reap log_opt_values /usr/lib/python3/dist-packages/oslo_config/cfg.py:2602
2025-06-02 00:40:14.613 132895 DEBUG oslo_service.service [req-18d54ec8-a447-4564-8109-a9ff8d94dc3f - - - - -] running_deleted_instance_poll_interval = 1800 log_opt_values /usr/lib/python3/dist-packages/oslo_config/cfg.py:2602
2025-06-02 00:40:14.613 132895 DEBUG oslo_service.service [req-18d54ec8-a447-4564-8109-a9ff8d94dc3f - - - - -] running_deleted_instance_timeout = 0 log_opt_values /usr/lib/python3/dist-packages/oslo_config/cfg.py:2602
2025-06-02 00:40:14.613 132895 DEBUG oslo_service.service [req-18d54ec8-a447-4564-8109-a9ff8d94dc3f - - - - -] scheduler_instance_sync_interval = 120 log_opt_values /usr/lib/python3/dist-packages/oslo_config/cfg.py:2602
2025-06-02 00:40:14.613 132895 DEBUG oslo_service.service [req-18d54ec8-a447-4564-8109-a9ff8d94dc3f - - - - -] service_down_time = 60 log_opt_values /usr/lib/python3/dist-packages/oslo_config/cfg.py:2602
2025-06-02 00:40:14.614 132895 DEBUG oslo_service.service [req-18d54ec8-a447-4564-8109-a9ff8d94dc3f - - - - -] servicegroup_driver = db log_opt_values /usr/lib/python3/dist-packages/oslo_config/cfg.py:2602
2025-06-02 00:40:14.614 132895 DEBUG oslo_service.service [req-18d54ec8-a447-4564-8109-a9ff8d94dc3f - - - - -] shelved_offload_time = 0 log_opt_values /usr/lib/python3/dist-packages/oslo_config/cfg.py:2602
2025-06-02 00:40:14.614 132895 DEBUG oslo_service.service [req-18d54ec8-a447-4564-8109-a9ff8d94dc3f - - - - -] shelved_poll_interval = 3600 log_opt_values /usr/lib/python3/dist-packages/oslo_config/cfg.py:2602
2025-06-02 00:40:14.614 132895 DEBUG oslo_service.service [req-18d54ec8-a447-4564-8109-a9ff8d94dc3f - - - - -] shutdown_timeout = 60 log_opt_values /usr/lib/python3/dist-packages/oslo_config/cfg.py:2602
2025-06-02 00:40:14.615 132895 DEBUG oslo_service.service [req-18d54ec8-a447-4564-8109-a9ff8d94dc3f - - - - -] source_is_ipv6 = False log_opt_values /usr/lib/python3/dist-packages/oslo_config/cfg.py:2602
2025-06-02 00:40:14.615 132895 DEBUG oslo_service.service [req-18d54ec8-a447-4564-8109-a9ff8d94dc3f - - - - -] ssl_only = False log_opt_values /usr/lib/python3/dist-packages/oslo_config/cfg.py:2602
2025-06-02 00:40:14.615 132895 DEBUG oslo_service.service [req-18d54ec8-a447-4564-8109-a9ff8d94dc3f - - - - -] state_path = /var/lib/nova log_opt_values /usr/lib/python3/dist-packages/oslo_config/cfg.py:2602
2025-06-02 00:40:14.615 132895 DEBUG oslo_service.service [req-18d54ec8-a447-4564-8109-a9ff8d94dc3f - - - - -] sync_power_state_interval = 600 log_opt_values /usr/lib/python3/dist-packages/oslo_config/cfg.py:2602
2025-06-02 00:40:14.615 132895 DEBUG oslo_service.service [req-18d54ec8-a447-4564-8109-a9ff8d94dc3f - - - - -] sync_power_state_pool_size = 1000 log_opt_values /usr/lib/python3/dist-packages/oslo_config/cfg.py:2602
2025-06-02 00:40:14.616 132895 DEBUG oslo_service.service [req-18d54ec8-a447-4564-8109-a9ff8d94dc3f - - - - -] syslog_log_facility = LOG_USER log_opt_values /usr/lib/python3/dist-packages/oslo_config/cfg.py:2602
2025-06-02 00:40:14.616 132895 DEBUG oslo_service.service [req-18d54ec8-a447-4564-8109-a9ff8d94dc3f - - - - -] tempdir = None log_opt_values /usr/lib/python3/dist-packages/oslo_config/cfg.py:2602
2025-06-02 00:40:14.616 132895 DEBUG oslo_service.service [req-18d54ec8-a447-4564-8109-a9ff8d94dc3f - - - - -] timeout_nbd = 10 log_opt_values /usr/lib/python3/dist-packages/oslo_config/cfg.py:2602
2025-06-02 00:40:14.616 132895 DEBUG oslo_service.service [req-18d54ec8-a447-4564-8109-a9ff8d94dc3f - - - - -] transport_url = **** log_opt_values /usr/lib/python3/dist-packages/oslo_config/cfg.py:2602
2025-06-02 00:40:14.617 132895 DEBUG oslo_service.service [req-18d54ec8-a447-4564-8109-a9ff8d94dc3f - - - - -] update_resources_interval = 0 log_opt_values /usr/lib/python3/dist-packages/oslo_config/cfg.py:2602
2025-06-02 00:40:14.617 132895 DEBUG oslo_service.service [req-18d54ec8-a447-4564-8109-a9ff8d94dc3f - - - - -] use_cow_images = True log_opt_values /usr/lib/python3/dist-packages/oslo_config/cfg.py:2602
2025-06-02 00:40:14.618 132895 DEBUG oslo_service.service [req-18d54ec8-a447-4564-8109-a9ff8d94dc3f - - - - -] use_eventlog = False log_opt_values /usr/lib/python3/dist-packages/oslo_config/cfg.py:2602
2025-06-02 00:40:14.618 133218 DEBUG nova.service [req-c8a290a5-590e-4fa8-ad6a-697651d1b8a2 - - - - -] Creating RPC server for service conductor start /usr/lib/python3/dist-packages/nova/service.py:182
2025-06-02 00:40:14.618 132895 DEBUG oslo_service.service [req-18d54ec8-a447-4564-8109-a9ff8d94dc3f - - - - -] use_journal = False log_opt_values /usr/lib/python3/dist-packages/oslo_config/cfg.py:2602
2025-06-02 00:40:14.619 132895 DEBUG oslo_service.service [req-18d54ec8-a447-4564-8109-a9ff8d94dc3f - - - - -] use_json = False log_opt_values /usr/lib/python3/dist-packages/oslo_config/cfg.py:2602
2025-06-02 00:40:14.620 132895 DEBUG oslo_service.service [req-18d54ec8-a447-4564-8109-a9ff8d94dc3f - - - - -] use_rootwrap_daemon = False log_opt_values /usr/lib/python3/dist-packages/oslo_config/cfg.py:2602
2025-06-02 00:40:14.621 132895 DEBUG oslo_service.service [req-18d54ec8-a447-4564-8109-a9ff8d94dc3f - - - - -] use_stderr = False log_opt_values /usr/lib/python3/dist-packages/oslo_config/cfg.py:2602
2025-06-02 00:40:14.621 132895 DEBUG oslo_service.service [req-18d54ec8-a447-4564-8109-a9ff8d94dc3f - - - - -] use_syslog = False log_opt_values /usr/lib/python3/dist-packages/oslo_config/cfg.py:2602
2025-06-02 00:40:14.622 132895 DEBUG oslo_service.service [req-18d54ec8-a447-4564-8109-a9ff8d94dc3f - - - - -] vcpu_pin_set = None log_opt_values /usr/lib/python3/dist-packages/oslo_config/cfg.py:2602
2025-06-02 00:40:14.622 132895 DEBUG oslo_service.service [req-18d54ec8-a447-4564-8109-a9ff8d94dc3f - - - - -] vif_plugging_is_fatal = True log_opt_values /usr/lib/python3/dist-packages/oslo_config/cfg.py:2602
2025-06-02 00:40:14.622 132895 DEBUG oslo_service.service [req-18d54ec8-a447-4564-8109-a9ff8d94dc3f - - - - -] vif_plugging_timeout = 300 log_opt_values /usr/lib/python3/dist-packages/oslo_config/cfg.py:2602
2025-06-02 00:40:14.623 132895 DEBUG oslo_service.service [req-18d54ec8-a447-4564-8109-a9ff8d94dc3f - - - - -] virt_mkfs = [] log_opt_values /usr/lib/python3/dist-packages/oslo_config/cfg.py:2602
2025-06-02 00:40:14.625 132895 DEBUG oslo_service.service [req-18d54ec8-a447-4564-8109-a9ff8d94dc3f - - - - -] volume_usage_poll_interval = 0 log_opt_values /usr/lib/python3/dist-packages/oslo_config/cfg.py:2602
2025-06-02 00:40:14.626 132895 DEBUG oslo_service.service [req-18d54ec8-a447-4564-8109-a9ff8d94dc3f - - - - -] watch_log_file = False log_opt_values /usr/lib/python3/dist-packages/oslo_config/cfg.py:2602
2025-06-02 00:40:14.627 133215 DEBUG oslo_messaging._drivers.amqpdriver [-] Listener is running poll /usr/lib/python3/dist-packages/oslo_messaging/_drivers/amqpdriver.py:343
2025-06-02 00:40:14.628 133215 DEBUG oslo_messaging._drivers.amqpdriver [-] AMQPListener connection consume poll /usr/lib/python3/dist-packages/oslo_messaging/_drivers/amqpdriver.py:357
2025-06-02 00:40:14.628 133215 DEBUG nova.service [req-4cc91439-64ec-4204-89ca-cc3a66b8d48d - - - - -] Join ServiceGroup membership for this service conductor start /usr/lib/python3/dist-packages/nova/service.py:199
2025-06-02 00:40:14.629 133215 DEBUG nova.servicegroup.drivers.db [req-4cc91439-64ec-4204-89ca-cc3a66b8d48d - - - - -] DB_Driver: join new ServiceGroup member juju-e70598-0-lxd-7 to the conductor group, service = join /usr/lib/python3/dist-packages/nova/servicegroup/drivers/db.py:44
2025-06-02 00:40:14.629 132895 DEBUG oslo_service.service [req-18d54ec8-a447-4564-8109-a9ff8d94dc3f - - - - -] web = /usr/share/spice-html5 log_opt_values /usr/lib/python3/dist-packages/oslo_config/cfg.py:2602
2025-06-02 00:40:14.629 132895 DEBUG oslo_service.service [req-18d54ec8-a447-4564-8109-a9ff8d94dc3f - - - - -] oslo_concurrency.disable_process_locking = False log_opt_values /usr/lib/python3/dist-packages/oslo_config/cfg.py:2609
2025-06-02 00:40:14.630 132895 DEBUG oslo_service.service [req-18d54ec8-a447-4564-8109-a9ff8d94dc3f - - - - -] oslo_concurrency.lock_path = /var/lock/nova log_opt_values /usr/lib/python3/dist-packages/oslo_config/cfg.py:2609
2025-06-02 00:40:14.630 133215 DEBUG oslo_messaging._drivers.amqpdriver [-] received message msg_id: f6283524e5d3407c974693364fddd4d6 reply to reply_8af285ccb4704a76913517e855fb0c9b __call__ /usr/lib/python3/dist-packages/oslo_messaging/_drivers/amqpdriver.py:320
2025-06-02 00:40:14.630 132895 DEBUG oslo_service.service [req-18d54ec8-a447-4564-8109-a9ff8d94dc3f - - - - -] oslo_messaging_metrics.metrics_buffer_size = 1000 log_opt_values /usr/lib/python3/dist-packages/oslo_config/cfg.py:2609
2025-06-02 00:40:14.630 132895 DEBUG oslo_service.service [req-18d54ec8-a447-4564-8109-a9ff8d94dc3f - - - - -] oslo_messaging_metrics.metrics_enabled = False log_opt_values /usr/lib/python3/dist-packages/oslo_config/cfg.py:2609
2025-06-02 00:40:14.630 133215 DEBUG oslo_messaging._drivers.amqpdriver [-] received message msg_id: ce3e6ef5a77340b1a213f2e7f8f26b5c reply to reply_8af285ccb4704a76913517e855fb0c9b __call__ /usr/lib/python3/dist-packages/oslo_messaging/_drivers/amqpdriver.py:320
2025-06-02 00:40:14.631 132895 DEBUG oslo_service.service [req-18d54ec8-a447-4564-8109-a9ff8d94dc3f - - - - -] oslo_messaging_metrics.metrics_process_name = log_opt_values /usr/lib/python3/dist-packages/oslo_config/cfg.py:2609
2025-06-02 00:40:14.631 133216 DEBUG oslo_messaging._drivers.amqpdriver [-] Listener is running poll /usr/lib/python3/dist-packages/oslo_messaging/_drivers/amqpdriver.py:343
2025-06-02 00:40:14.631 132895 DEBUG oslo_service.service [req-18d54ec8-a447-4564-8109-a9ff8d94dc3f - - - - -] oslo_messaging_metrics.metrics_socket_file = /var/tmp/metrics_collector.sock log_opt_values /usr/lib/python3/dist-packages/oslo_config/cfg.py:2609
2025-06-02 00:40:14.631 133216 DEBUG oslo_messaging._drivers.amqpdriver [-] AMQPListener connection consume poll /usr/lib/python3/dist-packages/oslo_messaging/_drivers/amqpdriver.py:357
2025-06-02 00:40:14.631 132895 DEBUG oslo_service.service [req-18d54ec8-a447-4564-8109-a9ff8d94dc3f - - - - -] oslo_messaging_metrics.metrics_thread_stop_timeout = 10 log_opt_values /usr/lib/python3/dist-packages/oslo_config/cfg.py:2609
2025-06-02 00:40:14.632 132895 WARNING oslo_config.cfg [req-18d54ec8-a447-4564-8109-a9ff8d94dc3f - - - - -] Deprecated: Option "auth_strategy" from group "api" is deprecated for removal ( The only non-default choice, ``noauth2``, is for internal development and testing purposes only and should not be used in deployments. This option and its middleware, NoAuthMiddleware[V2_18], will be removed in a future release. ). Its value may be silently ignored in the future.
2025-06-02 00:40:14.632 132895 DEBUG oslo_service.service [req-18d54ec8-a447-4564-8109-a9ff8d94dc3f - - - - -] api.auth_strategy = keystone log_opt_values /usr/lib/python3/dist-packages/oslo_config/cfg.py:2609
2025-06-02 00:40:14.632 133216 DEBUG nova.service [req-87b76479-b1ae-4f93-bedb-7608edaa2e8b - - - - -] Join ServiceGroup membership for this service conductor start /usr/lib/python3/dist-packages/nova/service.py:199
2025-06-02 00:40:14.633 133215 DEBUG oslo_messaging._drivers.amqpdriver [-] AMQPListener connection timeout poll /usr/lib/python3/dist-packages/oslo_messaging/_drivers/amqpdriver.py:360
2025-06-02 00:40:14.633 132895 DEBUG oslo_service.service [req-18d54ec8-a447-4564-8109-a9ff8d94dc3f - - - - -] api.compute_link_prefix = None log_opt_values /usr/lib/python3/dist-packages/oslo_config/cfg.py:2609
2025-06-02 00:40:14.633 133215 DEBUG oslo_messaging._drivers.amqpdriver [-] Listener is running poll /usr/lib/python3/dist-packages/oslo_messaging/_drivers/amqpdriver.py:343
2025-06-02 00:40:14.633 133215 DEBUG oslo_messaging._drivers.amqpdriver [-] Poll the incoming message with unique_id: 0a45ab8ad45d4b59893ded77b69c4497 poll /usr/lib/python3/dist-packages/oslo_messaging/_drivers/amqpdriver.py:346
2025-06-02 00:40:14.633 133216 DEBUG nova.servicegroup.drivers.db [req-87b76479-b1ae-4f93-bedb-7608edaa2e8b - - - - -] DB_Driver: join new ServiceGroup member juju-e70598-0-lxd-7 to the conductor group, service = join /usr/lib/python3/dist-packages/nova/servicegroup/drivers/db.py:44
2025-06-02 00:40:14.633 132895 DEBUG oslo_service.service [req-18d54ec8-a447-4564-8109-a9ff8d94dc3f - - - - -] api.config_drive_skip_versions = 1.0 2007-01-19 2007-03-01 2007-08-29 2007-10-10 2007-12-15 2008-02-01 2008-09-01 log_opt_values /usr/lib/python3/dist-packages/oslo_config/cfg.py:2609
2025-06-02 00:40:14.633 132895 DEBUG oslo_service.service [req-18d54ec8-a447-4564-8109-a9ff8d94dc3f - - - - -] api.dhcp_domain = novalocal log_opt_values /usr/lib/python3/dist-packages/oslo_config/cfg.py:2609
2025-06-02 00:40:14.633 133215 DEBUG oslo_messaging._drivers.amqpdriver [-] Listener is running poll /usr/lib/python3/dist-packages/oslo_messaging/_drivers/amqpdriver.py:343
2025-06-02 00:40:14.633 133215 DEBUG oslo_messaging._drivers.amqpdriver [-] Poll the incoming message with unique_id: f168c52303314568a2acbbc6a05af3f0 poll /usr/lib/python3/dist-packages/oslo_messaging/_drivers/amqpdriver.py:346
2025-06-02 00:40:14.633 132895 DEBUG oslo_service.service [req-18d54ec8-a447-4564-8109-a9ff8d94dc3f - - - - -] api.enable_instance_password = True log_opt_values /usr/lib/python3/dist-packages/oslo_config/cfg.py:2609
