2025-06-02 00:38:22.449 117080 DEBUG oslo_service.service [req-ecdafce8-9fbf-4595-abfc-e72122ec223e - - - - -] api.metadata_cache_expiration = 15 log_opt_values /usr/lib/python3/dist-packages/oslo_config/cfg.py:2609
2025-06-02 00:38:22.449 117080 DEBUG oslo_service.service [req-ecdafce8-9fbf-4595-abfc-e72122ec223e - - - - -] api.neutron_default_tenant_id = default log_opt_values /usr/lib/python3/dist-packages/oslo_config/cfg.py:2609
2025-06-02 00:38:22.450 117080 DEBUG oslo_service.service [req-ecdafce8-9fbf-4595-abfc-e72122ec223e - - - - -] api.use_forwarded_for = False log_opt_values /usr/lib/python3/dist-packages/oslo_config/cfg.py:2609
2025-06-02 00:38:22.450 117080 DEBUG oslo_service.service [req-ecdafce8-9fbf-4595-abfc-e72122ec223e - - - - -] api.use_neutron_default_nets = False log_opt_values /usr/lib/python3/dist-packages/oslo_config/cfg.py:2609
2025-06-02 00:38:22.450 117080 DEBUG oslo_service.service [req-ecdafce8-9fbf-4595-abfc-e72122ec223e - - - - -] api.vendordata_dynamic_connect_timeout = 5 log_opt_values /usr/lib/python3/dist-packages/oslo_config/cfg.py:2609
2025-06-02 00:38:22.452 117080 DEBUG oslo_service.service [req-ecdafce8-9fbf-4595-abfc-e72122ec223e - - - - -] api.vendordata_dynamic_failure_fatal = False log_opt_values /usr/lib/python3/dist-packages/oslo_config/cfg.py:2609
2025-06-02 00:38:22.452 117080 DEBUG oslo_service.service [req-ecdafce8-9fbf-4595-abfc-e72122ec223e - - - - -] api.vendordata_dynamic_read_timeout = 5 log_opt_values /usr/lib/python3/dist-packages/oslo_config/cfg.py:2609
2025-06-02 00:38:22.453 117080 DEBUG oslo_service.service [req-ecdafce8-9fbf-4595-abfc-e72122ec223e - - - - -] api.vendordata_dynamic_ssl_certfile = log_opt_values /usr/lib/python3/dist-packages/oslo_config/cfg.py:2609
2025-06-02 00:38:22.454 117080 DEBUG oslo_service.service [req-ecdafce8-9fbf-4595-abfc-e72122ec223e - - - - -] api.vendordata_dynamic_targets = [] log_opt_values /usr/lib/python3/dist-packages/oslo_config/cfg.py:2609
2025-06-02 00:38:22.454 117080 DEBUG oslo_service.service [req-ecdafce8-9fbf-4595-abfc-e72122ec223e - - - - -] api.vendordata_jsonfile_path = None log_opt_values /usr/lib/python3/dist-packages/oslo_config/cfg.py:2609
2025-06-02 00:38:22.454 117080 DEBUG oslo_service.service [req-ecdafce8-9fbf-4595-abfc-e72122ec223e - - - - -] api.vendordata_providers = ['StaticJSON'] log_opt_values /usr/lib/python3/dist-packages/oslo_config/cfg.py:2609
2025-06-02 00:38:22.456 117080 DEBUG oslo_service.service [req-ecdafce8-9fbf-4595-abfc-e72122ec223e - - - - -] cache.backend = dogpile.cache.null log_opt_values /usr/lib/python3/dist-packages/oslo_config/cfg.py:2609
2025-06-02 00:38:22.456 117080 DEBUG oslo_service.service [req-ecdafce8-9fbf-4595-abfc-e72122ec223e - - - - -] cache.backend_argument = **** log_opt_values /usr/lib/python3/dist-packages/oslo_config/cfg.py:2609
2025-06-02 00:38:22.456 117080 DEBUG oslo_service.service [req-ecdafce8-9fbf-4595-abfc-e72122ec223e - - - - -] cache.config_prefix = cache.oslo log_opt_values /usr/lib/python3/dist-packages/oslo_config/cfg.py:2609
2025-06-02 00:38:22.456 117080 DEBUG oslo_service.service [req-ecdafce8-9fbf-4595-abfc-e72122ec223e - - - - -] cache.debug_cache_backend = False log_opt_values /usr/lib/python3/dist-packages/oslo_config/cfg.py:2609
2025-06-02 00:38:22.457 117080 DEBUG oslo_service.service [req-ecdafce8-9fbf-4595-abfc-e72122ec223e - - - - -] cache.enabled = False log_opt_values /usr/lib/python3/dist-packages/oslo_config/cfg.py:2609
2025-06-02 00:38:22.457 117080 DEBUG oslo_service.service [req-ecdafce8-9fbf-4595-abfc-e72122ec223e - - - - -] cache.expiration_time = 600 log_opt_values /usr/lib/python3/dist-packages/oslo_config/cfg.py:2609
2025-06-02 00:38:22.457 117080 DEBUG oslo_service.service [req-ecdafce8-9fbf-4595-abfc-e72122ec223e - - - - -] cache.memcache_dead_retry = 300 log_opt_values /usr/lib/python3/dist-packages/oslo_config/cfg.py:2609
2025-06-02 00:38:22.457 117080 DEBUG oslo_service.service [req-ecdafce8-9fbf-4595-abfc-e72122ec223e - - - - -] cache.memcache_pool_connection_get_timeout = 10 log_opt_values /usr/lib/python3/dist-packages/oslo_config/cfg.py:2609
2025-06-02 00:38:22.457 117080 DEBUG oslo_service.service [req-ecdafce8-9fbf-4595-abfc-e72122ec223e - - - - -] cache.memcache_pool_flush_on_reconnect = False log_opt_values /usr/lib/python3/dist-packages/oslo_config/cfg.py:2609
2025-06-02 00:38:22.463 117080 DEBUG oslo_service.service [req-ecdafce8-9fbf-4595-abfc-e72122ec223e - - - - -] cache.memcache_pool_maxsize = 10 log_opt_values /usr/lib/python3/dist-packages/oslo_config/cfg.py:2609
2025-06-02 00:38:22.464 117080 DEBUG oslo_service.service [req-ecdafce8-9fbf-4595-abfc-e72122ec223e - - - - -] cache.memcache_pool_unused_timeout = 60 log_opt_values /usr/lib/python3/dist-packages/oslo_config/cfg.py:2609
2025-06-02 00:38:22.464 117080 DEBUG oslo_service.service [req-ecdafce8-9fbf-4595-abfc-e72122ec223e - - - - -] cache.memcache_servers = ['localhost:11211'] log_opt_values /usr/lib/python3/dist-packages/oslo_config/cfg.py:2609
2025-06-02 00:38:22.465 117080 DEBUG oslo_service.service [req-ecdafce8-9fbf-4595-abfc-e72122ec223e - - - - -] cache.memcache_socket_timeout = 1.0 log_opt_values /usr/lib/python3/dist-packages/oslo_config/cfg.py:2609
2025-06-02 00:38:22.465 117080 DEBUG oslo_service.service [req-ecdafce8-9fbf-4595-abfc-e72122ec223e - - - - -] cache.proxies = [] log_opt_values /usr/lib/python3/dist-packages/oslo_config/cfg.py:2609
2025-06-02 00:38:22.465 117080 DEBUG oslo_service.service [req-ecdafce8-9fbf-4595-abfc-e72122ec223e - - - - -] cache.tls_allowed_ciphers = None log_opt_values /usr/lib/python3/dist-packages/oslo_config/cfg.py:2609
2025-06-02 00:38:22.465 117080 DEBUG oslo_service.service [req-ecdafce8-9fbf-4595-abfc-e72122ec223e - - - - -] cache.tls_cafile = None log_opt_values /usr/lib/python3/dist-packages/oslo_config/cfg.py:2609
2025-06-02 00:38:22.466 117080 DEBUG oslo_service.service [req-ecdafce8-9fbf-4595-abfc-e72122ec223e - - - - -] cache.tls_certfile = None log_opt_values /usr/lib/python3/dist-packages/oslo_config/cfg.py:2609
2025-06-02 00:38:22.467 118649 DEBUG nova.service [req-2936b9ba-0935-471b-90a9-57e181cdb789 - - - - -] Creating RPC server for service conductor start /usr/lib/python3/dist-packages/nova/service.py:182
2025-06-02 00:38:22.467 117080 DEBUG oslo_service.service [req-ecdafce8-9fbf-4595-abfc-e72122ec223e - - - - -] cache.tls_enabled = False log_opt_values /usr/lib/python3/dist-packages/oslo_config/cfg.py:2609
2025-06-02 00:38:22.467 117080 DEBUG oslo_service.service [req-ecdafce8-9fbf-4595-abfc-e72122ec223e - - - - -] cache.tls_keyfile = None log_opt_values /usr/lib/python3/dist-packages/oslo_config/cfg.py:2609
2025-06-02 00:38:22.468 117080 DEBUG oslo_service.service [req-ecdafce8-9fbf-4595-abfc-e72122ec223e - - - - -] cinder.auth_section = None log_opt_values /usr/lib/python3/dist-packages/oslo_config/cfg.py:2609
2025-06-02 00:38:22.468 117080 DEBUG oslo_service.service [req-ecdafce8-9fbf-4595-abfc-e72122ec223e - - - - -] cinder.auth_type = None log_opt_values /usr/lib/python3/dist-packages/oslo_config/cfg.py:2609
2025-06-02 00:38:22.468 117080 DEBUG oslo_service.service [req-ecdafce8-9fbf-4595-abfc-e72122ec223e - - - - -] cinder.cafile = None log_opt_values /usr/lib/python3/dist-packages/oslo_config/cfg.py:2609
2025-06-02 00:38:22.469 118648 DEBUG nova.service [req-3ea2752b-36f3-4c67-9d1a-270c9738ce3e - - - - -] Creating RPC server for service conductor start /usr/lib/python3/dist-packages/nova/service.py:182
2025-06-02 00:38:22.468 117080 DEBUG oslo_service.service [req-ecdafce8-9fbf-4595-abfc-e72122ec223e - - - - -] cinder.catalog_info = volumev3::publicURL log_opt_values /usr/lib/python3/dist-packages/oslo_config/cfg.py:2609
2025-06-02 00:38:22.470 117080 DEBUG oslo_service.service [req-ecdafce8-9fbf-4595-abfc-e72122ec223e - - - - -] cinder.certfile = None log_opt_values /usr/lib/python3/dist-packages/oslo_config/cfg.py:2609
2025-06-02 00:38:22.470 117080 DEBUG oslo_service.service [req-ecdafce8-9fbf-4595-abfc-e72122ec223e - - - - -] cinder.collect_timing = False log_opt_values /usr/lib/python3/dist-packages/oslo_config/cfg.py:2609
2025-06-02 00:38:22.470 117080 DEBUG oslo_service.service [req-ecdafce8-9fbf-4595-abfc-e72122ec223e - - - - -] cinder.cross_az_attach = True log_opt_values /usr/lib/python3/dist-packages/oslo_config/cfg.py:2609
2025-06-02 00:38:22.471 117080 DEBUG oslo_service.service [req-ecdafce8-9fbf-4595-abfc-e72122ec223e - - - - -] cinder.debug = False log_opt_values /usr/lib/python3/dist-packages/oslo_config/cfg.py:2609
2025-06-02 00:38:22.472 117080 DEBUG oslo_service.service [req-ecdafce8-9fbf-4595-abfc-e72122ec223e - - - - -] cinder.endpoint_template = None log_opt_values /usr/lib/python3/dist-packages/oslo_config/cfg.py:2609
2025-06-02 00:38:22.472 117080 DEBUG oslo_service.service [req-ecdafce8-9fbf-4595-abfc-e72122ec223e - - - - -] cinder.http_retries = 3 log_opt_values /usr/lib/python3/dist-packages/oslo_config/cfg.py:2609
2025-06-02 00:38:22.472 117080 DEBUG oslo_service.service [req-ecdafce8-9fbf-4595-abfc-e72122ec223e - - - - -] cinder.insecure = False log_opt_values /usr/lib/python3/dist-packages/oslo_config/cfg.py:2609
2025-06-02 00:38:22.473 117080 DEBUG oslo_service.service [req-ecdafce8-9fbf-4595-abfc-e72122ec223e - - - - -] cinder.keyfile = None log_opt_values /usr/lib/python3/dist-packages/oslo_config/cfg.py:2609
2025-06-02 00:38:22.473 117080 DEBUG oslo_service.service [req-ecdafce8-9fbf-4595-abfc-e72122ec223e - - - - -] cinder.os_region_name = None log_opt_values /usr/lib/python3/dist-packages/oslo_config/cfg.py:2609
2025-06-02 00:38:22.473 117080 DEBUG oslo_service.service [req-ecdafce8-9fbf-4595-abfc-e72122ec223e - - - - -] cinder.split_loggers = False log_opt_values /usr/lib/python3/dist-packages/oslo_config/cfg.py:2609
2025-06-02 00:38:22.474 117080 DEBUG oslo_service.service [req-ecdafce8-9fbf-4595-abfc-e72122ec223e - - - - -] cinder.timeout = None log_opt_values /usr/lib/python3/dist-packages/oslo_config/cfg.py:2609
2025-06-02 00:38:22.474 117080 DEBUG oslo_service.service [req-ecdafce8-9fbf-4595-abfc-e72122ec223e - - - - -] compute.consecutive_build_service_disable_threshold = 10 log_opt_values /usr/lib/python3/dist-packages/oslo_config/cfg.py:2609
2025-06-02 00:38:22.474 117080 DEBUG oslo_service.service [req-ecdafce8-9fbf-4595-abfc-e72122ec223e - - - - -] compute.cpu_dedicated_set = None log_opt_values /usr/lib/python3/dist-packages/oslo_config/cfg.py:2609
2025-06-02 00:38:22.475 117080 DEBUG oslo_service.service [req-ecdafce8-9fbf-4595-abfc-e72122ec223e - - - - -] compute.cpu_shared_set = None log_opt_values /usr/lib/python3/dist-packages/oslo_config/cfg.py:2609
2025-06-02 00:38:22.475 117080 DEBUG oslo_service.service [req-ecdafce8-9fbf-4595-abfc-e72122ec223e - - - - -] compute.image_type_exclude_list = [] log_opt_values /usr/lib/python3/dist-packages/oslo_config/cfg.py:2609
2025-06-02 00:38:22.475 117080 DEBUG oslo_service.service [req-ecdafce8-9fbf-4595-abfc-e72122ec223e - - - - -] compute.live_migration_wait_for_vif_plug = True log_opt_values /usr/lib/python3/dist-packages/oslo_config/cfg.py:2609
2025-06-02 00:38:22.475 117080 DEBUG oslo_service.service [req-ecdafce8-9fbf-4595-abfc-e72122ec223e - - - - -] compute.max_concurrent_disk_ops = 0 log_opt_values /usr/lib/python3/dist-packages/oslo_config/cfg.py:2609
2025-06-02 00:38:22.475 117080 DEBUG oslo_service.service [req-ecdafce8-9fbf-4595-abfc-e72122ec223e - - - - -] compute.max_disk_devices_to_attach = -1 log_opt_values /usr/lib/python3/dist-packages/oslo_config/cfg.py:2609
2025-06-02 00:38:22.476 117080 DEBUG oslo_service.service [req-ecdafce8-9fbf-4595-abfc-e72122ec223e - - - - -] compute.packing_host_numa_cells_allocation_strategy = True log_opt_values /usr/lib/python3/dist-packages/oslo_config/cfg.py:2609
2025-06-02 00:38:22.477 117080 DEBUG oslo_service.service [req-ecdafce8-9fbf-4595-abfc-e72122ec223e - - - - -] compute.provider_config_location = /etc/nova/provider_config/ log_opt_values /usr/lib/python3/dist-packages/oslo_config/cfg.py:2609
2025-06-02 00:38:22.477 117080 DEBUG oslo_service.service [req-ecdafce8-9fbf-4595-abfc-e72122ec223e - - - - -] compute.resource_provider_association_refresh = 300 log_opt_values /usr/lib/python3/dist-packages/oslo_config/cfg.py:2609
2025-06-02 00:38:22.477 117080 DEBUG oslo_service.service [req-ecdafce8-9fbf-4595-abfc-e72122ec223e - - - - -] compute.shutdown_retry_interval = 10 log_opt_values /usr/lib/python3/dist-packages/oslo_config/cfg.py:2609
2025-06-02 00:38:22.477 117080 DEBUG oslo_service.service [req-ecdafce8-9fbf-4595-abfc-e72122ec223e - - - - -] compute.vmdk_allowed_types = ['streamOptimized', 'monolithicSparse'] log_opt_values /usr/lib/python3/dist-packages/oslo_config/cfg.py:2609
2025-06-02 00:38:22.478 117080 DEBUG oslo_service.service [req-ecdafce8-9fbf-4595-abfc-e72122ec223e - - - - -] conductor.workers = 4 log_opt_values /usr/lib/python3/dist-packages/oslo_config/cfg.py:2609
2025-06-02 00:38:22.478 117080 DEBUG oslo_service.service [req-ecdafce8-9fbf-4595-abfc-e72122ec223e - - - - -] console.allowed_origins = [] log_opt_values /usr/lib/python3/dist-packages/oslo_config/cfg.py:2609
2025-06-02 00:38:22.479 117080 DEBUG oslo_service.service [req-ecdafce8-9fbf-4595-abfc-e72122ec223e - - - - -] console.ssl_ciphers = None log_opt_values /usr/lib/python3/dist-packages/oslo_config/cfg.py:2609
2025-06-02 00:38:22.479 117080 DEBUG oslo_service.service [req-ecdafce8-9fbf-4595-abfc-e72122ec223e - - - - -] console.ssl_minimum_version = default log_opt_values /usr/lib/python3/dist-packages/oslo_config/cfg.py:2609
2025-06-02 00:38:22.481 117080 DEBUG oslo_service.service [req-ecdafce8-9fbf-4595-abfc-e72122ec223e - - - - -] consoleauth.token_ttl = 600 log_opt_values /usr/lib/python3/dist-packages/oslo_config/cfg.py:2609
2025-06-02 00:38:22.481 117080 DEBUG oslo_service.service [req-ecdafce8-9fbf-4595-abfc-e72122ec223e - - - - -] cyborg.cafile = None log_opt_values /usr/lib/python3/dist-packages/oslo_config/cfg.py:2609
2025-06-02 00:38:22.481 117080 DEBUG oslo_service.service [req-ecdafce8-9fbf-4595-abfc-e72122ec223e - - - - -] cyborg.certfile = None log_opt_values /usr/lib/python3/dist-packages/oslo_config/cfg.py:2609
2025-06-02 00:38:22.481 117080 DEBUG oslo_service.service [req-ecdafce8-9fbf-4595-abfc-e72122ec223e - - - - -] cyborg.collect_timing = False log_opt_values /usr/lib/python3/dist-packages/oslo_config/cfg.py:2609
2025-06-02 00:38:22.481 117080 DEBUG oslo_service.service [req-ecdafce8-9fbf-4595-abfc-e72122ec223e - - - - -] cyborg.connect_retries = None log_opt_values /usr/lib/python3/dist-packages/oslo_config/cfg.py:2609
2025-06-02 00:38:22.482 117080 DEBUG oslo_service.service [req-ecdafce8-9fbf-4595-abfc-e72122ec223e - - - - -] cyborg.connect_retry_delay = None log_opt_values /usr/lib/python3/dist-packages/oslo_config/cfg.py:2609
2025-06-02 00:38:22.482 117080 DEBUG oslo_service.service [req-ecdafce8-9fbf-4595-abfc-e72122ec223e - - - - -] cyborg.endpoint_override = None log_opt_values /usr/lib/python3/dist-packages/oslo_config/cfg.py:2609
2025-06-02 00:38:22.482 117080 DEBUG oslo_service.service [req-ecdafce8-9fbf-4595-abfc-e72122ec223e - - - - -] cyborg.insecure = False log_opt_values /usr/lib/python3/dist-packages/oslo_config/cfg.py:2609
2025-06-02 00:38:22.482 117080 DEBUG oslo_service.service [req-ecdafce8-9fbf-4595-abfc-e72122ec223e - - - - -] cyborg.keyfile = None log_opt_values /usr/lib/python3/dist-packages/oslo_config/cfg.py:2609
2025-06-02 00:38:22.482 117080 DEBUG oslo_service.service [req-ecdafce8-9fbf-4595-abfc-e72122ec223e - - - - -] cyborg.max_version = None log_opt_values /usr/lib/python3/dist-packages/oslo_config/cfg.py:2609
2025-06-02 00:38:22.483 117080 DEBUG oslo_service.service [req-ecdafce8-9fbf-4595-abfc-e72122ec223e - - - - -] cyborg.min_version = None log_opt_values /usr/lib/python3/dist-packages/oslo_config/cfg.py:2609
2025-06-02 00:38:22.483 117080 DEBUG oslo_service.service [req-ecdafce8-9fbf-4595-abfc-e72122ec223e - - - - -] cyborg.region_name = None log_opt_values /usr/lib/python3/dist-packages/oslo_config/cfg.py:2609
2025-06-02 00:38:22.483 117080 DEBUG oslo_service.service [req-ecdafce8-9fbf-4595-abfc-e72122ec223e - - - - -] cyborg.service_name = None log_opt_values /usr/lib/python3/dist-packages/oslo_config/cfg.py:2609
2025-06-02 00:38:22.483 117080 DEBUG oslo_service.service [req-ecdafce8-9fbf-4595-abfc-e72122ec223e - - - - -] cyborg.service_type = accelerator log_opt_values /usr/lib/python3/dist-packages/oslo_config/cfg.py:2609
2025-06-02 00:38:22.483 117080 DEBUG oslo_service.service [req-ecdafce8-9fbf-4595-abfc-e72122ec223e - - - - -] cyborg.split_loggers = False log_opt_values /usr/lib/python3/dist-packages/oslo_config/cfg.py:2609
2025-06-02 00:38:22.484 117080 DEBUG oslo_service.service [req-ecdafce8-9fbf-4595-abfc-e72122ec223e - - - - -] cyborg.status_code_retries = None log_opt_values /usr/lib/python3/dist-packages/oslo_config/cfg.py:2609
2025-06-02 00:38:22.484 117080 DEBUG oslo_service.service [req-ecdafce8-9fbf-4595-abfc-e72122ec223e - - - - -] cyborg.status_code_retry_delay = None log_opt_values /usr/lib/python3/dist-packages/oslo_config/cfg.py:2609
2025-06-02 00:38:22.484 117080 DEBUG oslo_service.service [req-ecdafce8-9fbf-4595-abfc-e72122ec223e - - - - -] cyborg.timeout = None log_opt_values /usr/lib/python3/dist-packages/oslo_config/cfg.py:2609
2025-06-02 00:38:22.485 117080 DEBUG oslo_service.service [req-ecdafce8-9fbf-4595-abfc-e72122ec223e - - - - -] cyborg.valid_interfaces = ['internal', 'public'] log_opt_values /usr/lib/python3/dist-packages/oslo_config/cfg.py:2609
2025-06-02 00:38:22.485 117080 DEBUG oslo_service.service [req-ecdafce8-9fbf-4595-abfc-e72122ec223e - - - - -] cyborg.version = None log_opt_values /usr/lib/python3/dist-packages/oslo_config/cfg.py:2609
2025-06-02 00:38:22.486 117080 DEBUG oslo_service.service [req-ecdafce8-9fbf-4595-abfc-e72122ec223e - - - - -] database.backend = sqlalchemy log_opt_values /usr/lib/python3/dist-packages/oslo_config/cfg.py:2609
2025-06-02 00:38:22.486 118650 DEBUG oslo_messaging._drivers.amqpdriver [-] Listener is running poll /usr/lib/python3/dist-packages/oslo_messaging/_drivers/amqpdriver.py:343
2025-06-02 00:38:22.487 118650 DEBUG oslo_messaging._drivers.amqpdriver [-] AMQPListener connection consume poll /usr/lib/python3/dist-packages/oslo_messaging/_drivers/amqpdriver.py:357
2025-06-02 00:38:22.487 117080 DEBUG oslo_service.service [req-ecdafce8-9fbf-4595-abfc-e72122ec223e - - - - -] database.connection = **** log_opt_values /usr/lib/python3/dist-packages/oslo_config/cfg.py:2609
2025-06-02 00:38:22.487 117080 DEBUG oslo_service.service [req-ecdafce8-9fbf-4595-abfc-e72122ec223e - - - - -] database.connection_debug = 0 log_opt_values /usr/lib/python3/dist-packages/oslo_config/cfg.py:2609
2025-06-02 00:38:22.488 117080 DEBUG oslo_service.service [req-ecdafce8-9fbf-4595-abfc-e72122ec223e - - - - -] database.connection_parameters = log_opt_values /usr/lib/python3/dist-packages/oslo_config/cfg.py:2609
2025-06-02 00:38:22.487 118650 DEBUG nova.service [req-9bcf02f3-dabe-47db-b334-5b58a4d28f7c - - - - -] Join ServiceGroup membership for this service conductor start /usr/lib/python3/dist-packages/nova/service.py:199
2025-06-02 00:38:22.488 117080 DEBUG oslo_service.service [req-ecdafce8-9fbf-4595-abfc-e72122ec223e - - - - -] database.connection_recycle_time = 3600 log_opt_values /usr/lib/python3/dist-packages/oslo_config/cfg.py:2609
2025-06-02 00:38:22.488 118650 DEBUG nova.servicegroup.drivers.db [req-9bcf02f3-dabe-47db-b334-5b58a4d28f7c - - - - -] DB_Driver: join new ServiceGroup member juju-e70598-0-lxd-7 to the conductor group, service = join /usr/lib/python3/dist-packages/nova/servicegroup/drivers/db.py:44
2025-06-02 00:38:22.488 117080 DEBUG oslo_service.service [req-ecdafce8-9fbf-4595-abfc-e72122ec223e - - - - -] database.connection_trace = False log_opt_values /usr/lib/python3/dist-packages/oslo_config/cfg.py:2609
2025-06-02 00:38:22.489 117080 DEBUG oslo_service.service [req-ecdafce8-9fbf-4595-abfc-e72122ec223e - - - - -] database.db_inc_retry_interval = True log_opt_values /usr/lib/python3/dist-packages/oslo_config/cfg.py:2609
2025-06-02 00:38:22.489 117080 DEBUG oslo_service.service [req-ecdafce8-9fbf-4595-abfc-e72122ec223e - - - - -] database.db_max_retries = 20 log_opt_values /usr/lib/python3/dist-packages/oslo_config/cfg.py:2609
2025-06-02 00:38:22.489 117080 DEBUG oslo_service.service [req-ecdafce8-9fbf-4595-abfc-e72122ec223e - - - - -] database.db_max_retry_interval = 10 log_opt_values /usr/lib/python3/dist-packages/oslo_config/cfg.py:2609
2025-06-02 00:38:22.489 117080 DEBUG oslo_service.service [req-ecdafce8-9fbf-4595-abfc-e72122ec223e - - - - -] database.db_retry_interval = 1 log_opt_values /usr/lib/python3/dist-packages/oslo_config/cfg.py:2609
2025-06-02 00:38:22.490 117080 DEBUG oslo_service.service [req-ecdafce8-9fbf-4595-abfc-e72122ec223e - - - - -] database.max_overflow = 50 log_opt_values /usr/lib/python3/dist-packages/oslo_config/cfg.py:2609
2025-06-02 00:38:22.490 117080 DEBUG oslo_service.service [req-ecdafce8-9fbf-4595-abfc-e72122ec223e - - - - -] database.max_pool_size = 4 log_opt_values /usr/lib/python3/dist-packages/oslo_config/cfg.py:2609
2025-06-02 00:38:22.490 117080 DEBUG oslo_service.service [req-ecdafce8-9fbf-4595-abfc-e72122ec223e - - - - -] database.max_retries = 10 log_opt_values /usr/lib/python3/dist-packages/oslo_config/cfg.py:2609
2025-06-02 00:38:22.490 117080 DEBUG oslo_service.service [req-ecdafce8-9fbf-4595-abfc-e72122ec223e - - - - -] database.mysql_enable_ndb = False log_opt_values /usr/lib/python3/dist-packages/oslo_config/cfg.py:2609
2025-06-02 00:38:22.490 117080 DEBUG oslo_service.service [req-ecdafce8-9fbf-4595-abfc-e72122ec223e - - - - -] database.mysql_sql_mode = TRADITIONAL log_opt_values /usr/lib/python3/dist-packages/oslo_config/cfg.py:2609
2025-06-02 00:38:22.491 118650 DEBUG oslo_messaging._drivers.amqpdriver [-] AMQPListener connection timeout poll /usr/lib/python3/dist-packages/oslo_messaging/_drivers/amqpdriver.py:360
2025-06-02 00:38:22.491 118650 DEBUG oslo_messaging._drivers.amqpdriver [-] Listener is running poll /usr/lib/python3/dist-packages/oslo_messaging/_drivers/amqpdriver.py:343
2025-06-02 00:38:22.492 118650 DEBUG oslo_messaging._drivers.amqpdriver [-] AMQPListener connection consume poll /usr/lib/python3/dist-packages/oslo_messaging/_drivers/amqpdriver.py:357
2025-06-02 00:38:22.491 118642 DEBUG oslo_messaging._drivers.amqpdriver [-] Listener is running poll /usr/lib/python3/dist-packages/oslo_messaging/_drivers/amqpdriver.py:343
2025-06-02 00:38:22.492 118642 DEBUG oslo_messaging._drivers.amqpdriver [-] AMQPListener connection consume poll /usr/lib/python3/dist-packages/oslo_messaging/_drivers/amqpdriver.py:357
2025-06-02 00:38:22.492 118642 DEBUG nova.service [req-338b1a49-32fb-4acc-8f55-cc1e22f15bb6 - - - - -] Join ServiceGroup membership for this service conductor start /usr/lib/python3/dist-packages/nova/service.py:199
2025-06-02 00:38:22.493 118642 DEBUG nova.servicegroup.drivers.db [req-338b1a49-32fb-4acc-8f55-cc1e22f15bb6 - - - - -] DB_Driver: join new ServiceGroup member juju-e70598-0-lxd-7 to the conductor group, service = join /usr/lib/python3/dist-packages/nova/servicegroup/drivers/db.py:44
2025-06-02 00:38:22.491 117080 DEBUG oslo_service.service [req-ecdafce8-9fbf-4595-abfc-e72122ec223e - - - - -] database.pool_timeout = None log_opt_values /usr/lib/python3/dist-packages/oslo_config/cfg.py:2609
2025-06-02 00:38:22.494 117080 DEBUG oslo_service.service [req-ecdafce8-9fbf-4595-abfc-e72122ec223e - - - - -] database.retry_interval = 10 log_opt_values /usr/lib/python3/dist-packages/oslo_config/cfg.py:2609
2025-06-02 00:38:22.494 117080 DEBUG oslo_service.service [req-ecdafce8-9fbf-4595-abfc-e72122ec223e - - - - -] database.slave_connection = **** log_opt_values /usr/lib/python3/dist-packages/oslo_config/cfg.py:2609
2025-06-02 00:38:22.494 117080 DEBUG oslo_service.service [req-ecdafce8-9fbf-4595-abfc-e72122ec223e - - - - -] database.sqlite_synchronous = True log_opt_values /usr/lib/python3/dist-packages/oslo_config/cfg.py:2609
2025-06-02 00:38:22.495 117080 DEBUG oslo_service.service [req-ecdafce8-9fbf-4595-abfc-e72122ec223e - - - - -] database.use_db_reconnect = False log_opt_values /usr/lib/python3/dist-packages/oslo_config/cfg.py:2609
2025-06-02 00:38:22.495 117080 DEBUG oslo_service.service [req-ecdafce8-9fbf-4595-abfc-e72122ec223e - - - - -] api_database.backend = sqlalchemy log_opt_values /usr/lib/python3/dist-packages/oslo_config/cfg.py:2609
2025-06-02 00:38:22.495 117080 DEBUG oslo_service.service [req-ecdafce8-9fbf-4595-abfc-e72122ec223e - - - - -] api_database.connection = **** log_opt_values /usr/lib/python3/dist-packages/oslo_config/cfg.py:2609
2025-06-02 00:38:22.496 117080 DEBUG oslo_service.service [req-ecdafce8-9fbf-4595-abfc-e72122ec223e - - - - -] api_database.connection_debug = 0 log_opt_values /usr/lib/python3/dist-packages/oslo_config/cfg.py:2609
2025-06-02 00:38:22.496 117080 DEBUG oslo_service.service [req-ecdafce8-9fbf-4595-abfc-e72122ec223e - - - - -] api_database.connection_parameters = log_opt_values /usr/lib/python3/dist-packages/oslo_config/cfg.py:2609
2025-06-02 00:38:22.496 117080 DEBUG oslo_service.service [req-ecdafce8-9fbf-4595-abfc-e72122ec223e - - - - -] api_database.connection_recycle_time = 3600 log_opt_values /usr/lib/python3/dist-packages/oslo_config/cfg.py:2609
2025-06-02 00:38:22.497 118642 DEBUG oslo_messaging._drivers.amqpdriver [-] AMQPListener connection timeout poll /usr/lib/python3/dist-packages/oslo_messaging/_drivers/amqpdriver.py:360
2025-06-02 00:38:22.497 118642 DEBUG oslo_messaging._drivers.amqpdriver [-] Listener is running poll /usr/lib/python3/dist-packages/oslo_messaging/_drivers/amqpdriver.py:343
2025-06-02 00:38:22.497 118642 DEBUG oslo_messaging._drivers.amqpdriver [-] AMQPListener connection consume poll /usr/lib/python3/dist-packages/oslo_messaging/_drivers/amqpdriver.py:357
2025-06-02 00:38:22.496 117080 DEBUG oslo_service.service [req-ecdafce8-9fbf-4595-abfc-e72122ec223e - - - - -] api_database.connection_trace = False log_opt_values /usr/lib/python3/dist-packages/oslo_config/cfg.py:2609
2025-06-02 00:38:22.497 117080 DEBUG oslo_service.service [req-ecdafce8-9fbf-4595-abfc-e72122ec223e - - - - -] api_database.db_inc_retry_interval = True log_opt_values /usr/lib/python3/dist-packages/oslo_config/cfg.py:2609
2025-06-02 00:38:22.498 117080 DEBUG oslo_service.service [req-ecdafce8-9fbf-4595-abfc-e72122ec223e - - - - -] api_database.db_max_retries = 20 log_opt_values /usr/lib/python3/dist-packages/oslo_config/cfg.py:2609
2025-06-02 00:38:22.498 117080 DEBUG oslo_service.service [req-ecdafce8-9fbf-4595-abfc-e72122ec223e - - - - -] api_database.db_max_retry_interval = 10 log_opt_values /usr/lib/python3/dist-packages/oslo_config/cfg.py:2609
2025-06-02 00:38:22.498 117080 DEBUG oslo_service.service [req-ecdafce8-9fbf-4595-abfc-e72122ec223e - - - - -] api_database.db_retry_interval = 1 log_opt_values /usr/lib/python3/dist-packages/oslo_config/cfg.py:2609
2025-06-02 00:38:22.498 117080 DEBUG oslo_service.service [req-ecdafce8-9fbf-4595-abfc-e72122ec223e - - - - -] api_database.max_overflow = 50 log_opt_values /usr/lib/python3/dist-packages/oslo_config/cfg.py:2609
2025-06-02 00:38:22.499 117080 DEBUG oslo_service.service [req-ecdafce8-9fbf-4595-abfc-e72122ec223e - - - - -] api_database.max_pool_size = 4 log_opt_values /usr/lib/python3/dist-packages/oslo_config/cfg.py:2609
2025-06-02 00:38:22.499 117080 DEBUG oslo_service.service [req-ecdafce8-9fbf-4595-abfc-e72122ec223e - - - - -] api_database.max_retries = 10 log_opt_values /usr/lib/python3/dist-packages/oslo_config/cfg.py:2609
2025-06-02 00:38:22.499 117080 DEBUG oslo_service.service [req-ecdafce8-9fbf-4595-abfc-e72122ec223e - - - - -] api_database.mysql_enable_ndb = False log_opt_values /usr/lib/python3/dist-packages/oslo_config/cfg.py:2609
2025-06-02 00:38:22.499 117080 DEBUG oslo_service.service [req-ecdafce8-9fbf-4595-abfc-e72122ec223e - - - - -] api_database.mysql_sql_mode = TRADITIONAL log_opt_values /usr/lib/python3/dist-packages/oslo_config/cfg.py:2609
2025-06-02 00:38:22.499 117080 DEBUG oslo_service.service [req-ecdafce8-9fbf-4595-abfc-e72122ec223e - - - - -] api_database.pool_timeout = None log_opt_values /usr/lib/python3/dist-packages/oslo_config/cfg.py:2609
2025-06-02 00:38:22.500 117080 DEBUG oslo_service.service [req-ecdafce8-9fbf-4595-abfc-e72122ec223e - - - - -] api_database.retry_interval = 10 log_opt_values /usr/lib/python3/dist-packages/oslo_config/cfg.py:2609
2025-06-02 00:38:22.500 117080 DEBUG oslo_service.service [req-ecdafce8-9fbf-4595-abfc-e72122ec223e - - - - -] api_database.slave_connection = **** log_opt_values /usr/lib/python3/dist-packages/oslo_config/cfg.py:2609
2025-06-02 00:38:22.500 117080 DEBUG oslo_service.service [req-ecdafce8-9fbf-4595-abfc-e72122ec223e - - - - -] api_database.sqlite_synchronous = True log_opt_values /usr/lib/python3/dist-packages/oslo_config/cfg.py:2609
2025-06-02 00:38:22.500 117080 DEBUG oslo_service.service [req-ecdafce8-9fbf-4595-abfc-e72122ec223e - - - - -] devices.enabled_mdev_types = [] log_opt_values /usr/lib/python3/dist-packages/oslo_config/cfg.py:2609
2025-06-02 00:38:22.501 117080 DEBUG oslo_service.service [req-ecdafce8-9fbf-4595-abfc-e72122ec223e - - - - -] ephemeral_storage_encryption.cipher = aes-xts-plain64 log_opt_values /usr/lib/python3/dist-packages/oslo_config/cfg.py:2609
2025-06-02 00:38:22.501 117080 DEBUG oslo_service.service [req-ecdafce8-9fbf-4595-abfc-e72122ec223e - - - - -] ephemeral_storage_encryption.enabled = False log_opt_values /usr/lib/python3/dist-packages/oslo_config/cfg.py:2609
2025-06-02 00:38:22.501 117080 DEBUG oslo_service.service [req-ecdafce8-9fbf-4595-abfc-e72122ec223e - - - - -] ephemeral_storage_encryption.key_size = 512 log_opt_values /usr/lib/python3/dist-packages/oslo_config/cfg.py:2609
2025-06-02 00:38:22.501 117080 WARNING oslo_config.cfg [req-ecdafce8-9fbf-4595-abfc-e72122ec223e - - - - -] Deprecated: Option "api_servers" from group "glance" is deprecated for removal ( Support for image service configuration via standard keystoneauth1 Adapter options was added in the 17.0.0 Queens release. The api_servers option was retained temporarily to allow consumers time to cut over to a real load balancing solution. ). Its value may be silently ignored in the future.
2025-06-02 00:38:22.502 117080 DEBUG oslo_service.service [req-ecdafce8-9fbf-4595-abfc-e72122ec223e - - - - -] glance.api_servers = ['http://252.129.169.17:9292'] log_opt_values /usr/lib/python3/dist-packages/oslo_config/cfg.py:2609
2025-06-02 00:38:22.502 117080 DEBUG oslo_service.service [req-ecdafce8-9fbf-4595-abfc-e72122ec223e - - - - -] glance.cafile = None log_opt_values /usr/lib/python3/dist-packages/oslo_config/cfg.py:2609
2025-06-02 00:38:22.503 117080 DEBUG oslo_service.service [req-ecdafce8-9fbf-4595-abfc-e72122ec223e - - - - -] glance.certfile = None log_opt_values /usr/lib/python3/dist-packages/oslo_config/cfg.py:2609
2025-06-02 00:38:22.504 117080 DEBUG oslo_service.service [req-ecdafce8-9fbf-4595-abfc-e72122ec223e - - - - -] glance.collect_timing = False log_opt_values /usr/lib/python3/dist-packages/oslo_config/cfg.py:2609
2025-06-02 00:38:22.504 117080 DEBUG oslo_service.service [req-ecdafce8-9fbf-4595-abfc-e72122ec223e - - - - -] glance.connect_retries = None log_opt_values /usr/lib/python3/dist-packages/oslo_config/cfg.py:2609
2025-06-02 00:38:22.505 117080 DEBUG oslo_service.service [req-ecdafce8-9fbf-4595-abfc-e72122ec223e - - - - -] glance.connect_retry_delay = None log_opt_values /usr/lib/python3/dist-packages/oslo_config/cfg.py:2609
2025-06-02 00:38:22.505 117080 DEBUG oslo_service.service [req-ecdafce8-9fbf-4595-abfc-e72122ec223e - - - - -] glance.debug = False log_opt_values /usr/lib/python3/dist-packages/oslo_config/cfg.py:2609
2025-06-02 00:38:22.505 117080 DEBUG oslo_service.service [req-ecdafce8-9fbf-4595-abfc-e72122ec223e - - - - -] glance.default_trusted_certificate_ids = [] log_opt_values /usr/lib/python3/dist-packages/oslo_config/cfg.py:2609
2025-06-02 00:38:22.505 117080 DEBUG oslo_service.service [req-ecdafce8-9fbf-4595-abfc-e72122ec223e - - - - -] glance.enable_certificate_validation = False log_opt_values /usr/lib/python3/dist-packages/oslo_config/cfg.py:2609
2025-06-02 00:38:22.506 117080 DEBUG oslo_service.service [req-ecdafce8-9fbf-4595-abfc-e72122ec223e - - - - -] glance.enable_rbd_download = False log_opt_values /usr/lib/python3/dist-packages/oslo_config/cfg.py:2609
2025-06-02 00:38:22.506 117080 DEBUG oslo_service.service [req-ecdafce8-9fbf-4595-abfc-e72122ec223e - - - - -] glance.endpoint_override = None log_opt_values /usr/lib/python3/dist-packages/oslo_config/cfg.py:2609
2025-06-02 00:38:22.506 117080 DEBUG oslo_service.service [req-ecdafce8-9fbf-4595-abfc-e72122ec223e - - - - -] glance.insecure = False log_opt_values /usr/lib/python3/dist-packages/oslo_config/cfg.py:2609
2025-06-02 00:38:22.507 117080 DEBUG oslo_service.service [req-ecdafce8-9fbf-4595-abfc-e72122ec223e - - - - -] glance.keyfile = None log_opt_values /usr/lib/python3/dist-packages/oslo_config/cfg.py:2609
2025-06-02 00:38:22.507 117080 DEBUG oslo_service.service [req-ecdafce8-9fbf-4595-abfc-e72122ec223e - - - - -] glance.max_version = None log_opt_values /usr/lib/python3/dist-packages/oslo_config/cfg.py:2609
2025-06-02 00:38:22.507 117080 DEBUG oslo_service.service [req-ecdafce8-9fbf-4595-abfc-e72122ec223e - - - - -] glance.min_version = None log_opt_values /usr/lib/python3/dist-packages/oslo_config/cfg.py:2609
2025-06-02 00:38:22.507 117080 DEBUG oslo_service.service [req-ecdafce8-9fbf-4595-abfc-e72122ec223e - - - - -] glance.num_retries = 3 log_opt_values /usr/lib/python3/dist-packages/oslo_config/cfg.py:2609
2025-06-02 00:38:22.507 117080 DEBUG oslo_service.service [req-ecdafce8-9fbf-4595-abfc-e72122ec223e - - - - -] glance.rbd_ceph_conf = log_opt_values /usr/lib/python3/dist-packages/oslo_config/cfg.py:2609
2025-06-02 00:38:22.508 117080 DEBUG oslo_service.service [req-ecdafce8-9fbf-4595-abfc-e72122ec223e - - - - -] glance.rbd_connect_timeout = 5 log_opt_values /usr/lib/python3/dist-packages/oslo_config/cfg.py:2609
2025-06-02 00:38:22.508 117080 DEBUG oslo_service.service [req-ecdafce8-9fbf-4595-abfc-e72122ec223e - - - - -] glance.rbd_pool = log_opt_values /usr/lib/python3/dist-packages/oslo_config/cfg.py:2609
2025-06-02 00:38:22.508 117080 DEBUG oslo_service.service [req-ecdafce8-9fbf-4595-abfc-e72122ec223e - - - - -] glance.rbd_user = log_opt_values /usr/lib/python3/dist-packages/oslo_config/cfg.py:2609
2025-06-02 00:38:22.508 118649 DEBUG oslo_messaging._drivers.amqpdriver [-] Listener is running poll /usr/lib/python3/dist-packages/oslo_messaging/_drivers/amqpdriver.py:343
2025-06-02 00:38:22.508 117080 DEBUG oslo_service.service [req-ecdafce8-9fbf-4595-abfc-e72122ec223e - - - - -] glance.region_name = None log_opt_values /usr/lib/python3/dist-packages/oslo_config/cfg.py:2609
2025-06-02 00:38:22.508 118649 DEBUG oslo_messaging._drivers.amqpdriver [-] AMQPListener connection consume poll /usr/lib/python3/dist-packages/oslo_messaging/_drivers/amqpdriver.py:357
2025-06-02 00:38:22.508 117080 DEBUG oslo_service.service [req-ecdafce8-9fbf-4595-abfc-e72122ec223e - - - - -] glance.service_name = None log_opt_values /usr/lib/python3/dist-packages/oslo_config/cfg.py:2609
2025-06-02 00:38:22.508 117080 DEBUG oslo_service.service [req-ecdafce8-9fbf-4595-abfc-e72122ec223e - - - - -] glance.service_type = image log_opt_values /usr/lib/python3/dist-packages/oslo_config/cfg.py:2609
2025-06-02 00:38:22.509 117080 DEBUG oslo_service.service [req-ecdafce8-9fbf-4595-abfc-e72122ec223e - - - - -] glance.split_loggers = False log_opt_values /usr/lib/python3/dist-packages/oslo_config/cfg.py:2609
2025-06-02 00:38:22.509 117080 DEBUG oslo_service.service [req-ecdafce8-9fbf-4595-abfc-e72122ec223e - - - - -] glance.status_code_retries = None log_opt_values /usr/lib/python3/dist-packages/oslo_config/cfg.py:2609
2025-06-02 00:38:22.509 118649 DEBUG nova.service [req-2936b9ba-0935-471b-90a9-57e181cdb789 - - - - -] Join ServiceGroup membership for this service conductor start /usr/lib/python3/dist-packages/nova/service.py:199
2025-06-02 00:38:22.509 117080 DEBUG oslo_service.service [req-ecdafce8-9fbf-4595-abfc-e72122ec223e - - - - -] glance.status_code_retry_delay = None log_opt_values /usr/lib/python3/dist-packages/oslo_config/cfg.py:2609
2025-06-02 00:38:22.509 118649 DEBUG nova.servicegroup.drivers.db [req-2936b9ba-0935-471b-90a9-57e181cdb789 - - - - -] DB_Driver: join new ServiceGroup member juju-e70598-0-lxd-7 to the conductor group, service = join /usr/lib/python3/dist-packages/nova/servicegroup/drivers/db.py:44
2025-06-02 00:38:22.509 118648 DEBUG oslo_messaging._drivers.amqpdriver [-] Listener is running poll /usr/lib/python3/dist-packages/oslo_messaging/_drivers/amqpdriver.py:343
2025-06-02 00:38:22.509 117080 DEBUG oslo_service.service [req-ecdafce8-9fbf-4595-abfc-e72122ec223e - - - - -] glance.timeout = None log_opt_values /usr/lib/python3/dist-packages/oslo_config/cfg.py:2609
2025-06-02 00:38:22.509 118648 DEBUG oslo_messaging._drivers.amqpdriver [-] AMQPListener connection consume poll /usr/lib/python3/dist-packages/oslo_messaging/_drivers/amqpdriver.py:357
2025-06-02 00:38:22.509 117080 DEBUG oslo_service.service [req-ecdafce8-9fbf-4595-abfc-e72122ec223e - - - - -] glance.valid_interfaces = ['internal', 'public'] log_opt_values /usr/lib/python3/dist-packages/oslo_config/cfg.py:2609
2025-06-02 00:38:22.510 117080 DEBUG oslo_service.service [req-ecdafce8-9fbf-4595-abfc-e72122ec223e - - - - -] glance.verify_glance_signatures = False log_opt_values /usr/lib/python3/dist-packages/oslo_config/cfg.py:2609
2025-06-02 00:38:22.510 117080 DEBUG oslo_service.service [req-ecdafce8-9fbf-4595-abfc-e72122ec223e - - - - -] glance.version = None log_opt_values /usr/lib/python3/dist-packages/oslo_config/cfg.py:2609
2025-06-02 00:38:22.510 117080 DEBUG oslo_service.service [req-ecdafce8-9fbf-4595-abfc-e72122ec223e - - - - -] guestfs.debug = False log_opt_values /usr/lib/python3/dist-packages/oslo_config/cfg.py:2609
2025-06-02 00:38:22.510 117080 DEBUG oslo_service.service [req-ecdafce8-9fbf-4595-abfc-e72122ec223e - - - - -] hyperv.config_drive_cdrom = False log_opt_values /usr/lib/python3/dist-packages/oslo_config/cfg.py:2609
2025-06-02 00:38:22.510 117080 DEBUG oslo_service.service [req-ecdafce8-9fbf-4595-abfc-e72122ec223e - - - - -] hyperv.config_drive_inject_password = False log_opt_values /usr/lib/python3/dist-packages/oslo_config/cfg.py:2609
2025-06-02 00:38:22.510 118648 DEBUG nova.service [req-3ea2752b-36f3-4c67-9d1a-270c9738ce3e - - - - -] Join ServiceGroup membership for this service conductor start /usr/lib/python3/dist-packages/nova/service.py:199
2025-06-02 00:38:22.510 117080 DEBUG oslo_service.service [req-ecdafce8-9fbf-4595-abfc-e72122ec223e - - - - -] hyperv.dynamic_memory_ratio = 1.0 log_opt_values /usr/lib/python3/dist-packages/oslo_config/cfg.py:2609
2025-06-02 00:38:22.510 118648 DEBUG nova.servicegroup.drivers.db [req-3ea2752b-36f3-4c67-9d1a-270c9738ce3e - - - - -] DB_Driver: join new ServiceGroup member juju-e70598-0-lxd-7 to the conductor group, service = join /usr/lib/python3/dist-packages/nova/servicegroup/drivers/db.py:44
2025-06-02 00:38:22.511 117080 DEBUG oslo_service.service [req-ecdafce8-9fbf-4595-abfc-e72122ec223e - - - - -] hyperv.enable_instance_metrics_collection = False log_opt_values /usr/lib/python3/dist-packages/oslo_config/cfg.py:2609
2025-06-02 00:38:22.512 117080 DEBUG oslo_service.service [req-ecdafce8-9fbf-4595-abfc-e72122ec223e - - - - -] hyperv.enable_remotefx = False log_opt_values /usr/lib/python3/dist-packages/oslo_config/cfg.py:2609
2025-06-02 00:38:22.512 117080 DEBUG oslo_service.service [req-ecdafce8-9fbf-4595-abfc-e72122ec223e - - - - -] hyperv.instances_path_share = log_opt_values /usr/lib/python3/dist-packages/oslo_config/cfg.py:2609
2025-06-02 00:38:22.512 118649 DEBUG oslo_messaging._drivers.amqpdriver [-] AMQPListener connection timeout poll /usr/lib/python3/dist-packages/oslo_messaging/_drivers/amqpdriver.py:360
2025-06-02 00:38:22.512 118649 DEBUG oslo_messaging._drivers.amqpdriver [-] Listener is running poll /usr/lib/python3/dist-packages/oslo_messaging/_drivers/amqpdriver.py:343
2025-06-02 00:38:22.512 117080 DEBUG oslo_service.service [req-ecdafce8-9fbf-4595-abfc-e72122ec223e - - - - -] hyperv.iscsi_initiator_list = [] log_opt_values /usr/lib/python3/dist-packages/oslo_config/cfg.py:2609
2025-06-02 00:38:22.512 118649 DEBUG oslo_messaging._drivers.amqpdriver [-] AMQPListener connection consume poll /usr/lib/python3/dist-packages/oslo_messaging/_drivers/amqpdriver.py:357
2025-06-02 00:38:22.512 117080 DEBUG oslo_service.service [req-ecdafce8-9fbf-4595-abfc-e72122ec223e - - - - -] hyperv.limit_cpu_features = False log_opt_values /usr/lib/python3/dist-packages/oslo_config/cfg.py:2609
2025-06-02 00:38:22.513 117080 DEBUG oslo_service.service [req-ecdafce8-9fbf-4595-abfc-e72122ec223e - - - - -] hyperv.mounted_disk_query_retry_count = 10 log_opt_values /usr/lib/python3/dist-packages/oslo_config/cfg.py:2609
2025-06-02 00:38:22.513 117080 DEBUG oslo_service.service [req-ecdafce8-9fbf-4595-abfc-e72122ec223e - - - - -] hyperv.mounted_disk_query_retry_interval = 5 log_opt_values /usr/lib/python3/dist-packages/oslo_config/cfg.py:2609
2025-06-02 00:38:22.513 117080 DEBUG oslo_service.service [req-ecdafce8-9fbf-4595-abfc-e72122ec223e - - - - -] hyperv.power_state_check_timeframe = 60 log_opt_values /usr/lib/python3/dist-packages/oslo_config/cfg.py:2609
2025-06-02 00:38:22.513 117080 DEBUG oslo_service.service [req-ecdafce8-9fbf-4595-abfc-e72122ec223e - - - - -] hyperv.power_state_event_polling_interval = 2 log_opt_values /usr/lib/python3/dist-packages/oslo_config/cfg.py:2609
2025-06-02 00:38:22.514 117080 DEBUG oslo_service.service [req-ecdafce8-9fbf-4595-abfc-e72122ec223e - - - - -] hyperv.qemu_img_cmd = qemu-img.exe log_opt_values /usr/lib/python3/dist-packages/oslo_config/cfg.py:2609
2025-06-02 00:38:22.514 118648 DEBUG oslo_messaging._drivers.amqpdriver [-] AMQPListener connection timeout poll /usr/lib/python3/dist-packages/oslo_messaging/_drivers/amqpdriver.py:360
2025-06-02 00:38:22.514 117080 DEBUG oslo_service.service [req-ecdafce8-9fbf-4595-abfc-e72122ec223e - - - - -] hyperv.use_multipath_io = False log_opt_values /usr/lib/python3/dist-packages/oslo_config/cfg.py:2609
2025-06-02 00:38:22.514 118648 DEBUG oslo_messaging._drivers.amqpdriver [-] Listener is running poll /usr/lib/python3/dist-packages/oslo_messaging/_drivers/amqpdriver.py:343
2025-06-02 00:38:22.514 117080 DEBUG oslo_service.service [req-ecdafce8-9fbf-4595-abfc-e72122ec223e - - - - -] hyperv.volume_attach_retry_count = 10 log_opt_values /usr/lib/python3/dist-packages/oslo_config/cfg.py:2609
2025-06-02 00:38:22.514 118648 DEBUG oslo_messaging._drivers.amqpdriver [-] AMQPListener connection consume poll /usr/lib/python3/dist-packages/oslo_messaging/_drivers/amqpdriver.py:357
2025-06-02 00:38:22.515 117080 DEBUG oslo_service.service [req-ecdafce8-9fbf-4595-abfc-e72122ec223e - - - - -] hyperv.volume_attach_retry_interval = 5 log_opt_values /usr/lib/python3/dist-packages/oslo_config/cfg.py:2609
2025-06-02 00:38:22.515 117080 DEBUG oslo_service.service [req-ecdafce8-9fbf-4595-abfc-e72122ec223e - - - - -] hyperv.vswitch_name = None log_opt_values /usr/lib/python3/dist-packages/oslo_config/cfg.py:2609
2025-06-02 00:38:22.515 117080 DEBUG oslo_service.service [req-ecdafce8-9fbf-4595-abfc-e72122ec223e - - - - -] hyperv.wait_soft_reboot_seconds = 60 log_opt_values /usr/lib/python3/dist-packages/oslo_config/cfg.py:2609
2025-06-02 00:38:22.515 117080 DEBUG oslo_service.service [req-ecdafce8-9fbf-4595-abfc-e72122ec223e - - - - -] mks.enabled = False log_opt_values /usr/lib/python3/dist-packages/oslo_config/cfg.py:2609
2025-06-02 00:38:22.516 117080 DEBUG oslo_service.service [req-ecdafce8-9fbf-4595-abfc-e72122ec223e - - - - -] mks.mksproxy_base_url = http://127.0.0.1:6090/ log_opt_values /usr/lib/python3/dist-packages/oslo_config/cfg.py:2609
2025-06-02 00:38:22.516 117080 DEBUG oslo_service.service [req-ecdafce8-9fbf-4595-abfc-e72122ec223e - - - - -] image_cache.manager_interval = 2400 log_opt_values /usr/lib/python3/dist-packages/oslo_config/cfg.py:2609
2025-06-02 00:38:22.516 117080 DEBUG oslo_service.service [req-ecdafce8-9fbf-4595-abfc-e72122ec223e - - - - -] image_cache.precache_concurrency = 1 log_opt_values /usr/lib/python3/dist-packages/oslo_config/cfg.py:2609
2025-06-02 00:38:22.516 117080 DEBUG oslo_service.service [req-ecdafce8-9fbf-4595-abfc-e72122ec223e - - - - -] image_cache.remove_unused_base_images = True log_opt_values /usr/lib/python3/dist-packages/oslo_config/cfg.py:2609
2025-06-02 00:38:22.516 117080 DEBUG oslo_service.service [req-ecdafce8-9fbf-4595-abfc-e72122ec223e - - - - -] image_cache.remove_unused_original_minimum_age_seconds = 86400 log_opt_values /usr/lib/python3/dist-packages/oslo_config/cfg.py:2609
2025-06-02 00:38:22.517 117080 DEBUG oslo_service.service [req-ecdafce8-9fbf-4595-abfc-e72122ec223e - - - - -] image_cache.remove_unused_resized_minimum_age_seconds = 3600 log_opt_values /usr/lib/python3/dist-packages/oslo_config/cfg.py:2609
2025-06-02 00:38:22.517 117080 DEBUG oslo_service.service [req-ecdafce8-9fbf-4595-abfc-e72122ec223e - - - - -] image_cache.subdirectory_name = _base log_opt_values /usr/lib/python3/dist-packages/oslo_config/cfg.py:2609
2025-06-02 00:38:22.517 117080 DEBUG oslo_service.service [req-ecdafce8-9fbf-4595-abfc-e72122ec223e - - - - -] ironic.api_max_retries = 60 log_opt_values /usr/lib/python3/dist-packages/oslo_config/cfg.py:2609
2025-06-02 00:38:22.518 117080 DEBUG oslo_service.service [req-ecdafce8-9fbf-4595-abfc-e72122ec223e - - - - -] ironic.api_retry_interval = 2 log_opt_values /usr/lib/python3/dist-packages/oslo_config/cfg.py:2609
2025-06-02 00:38:22.518 117080 DEBUG oslo_service.service [req-ecdafce8-9fbf-4595-abfc-e72122ec223e - - - - -] ironic.auth_section = None log_opt_values /usr/lib/python3/dist-packages/oslo_config/cfg.py:2609
2025-06-02 00:38:22.519 117080 DEBUG oslo_service.service [req-ecdafce8-9fbf-4595-abfc-e72122ec223e - - - - -] ironic.auth_type = None log_opt_values /usr/lib/python3/dist-packages/oslo_config/cfg.py:2609
2025-06-02 00:38:22.519 117080 DEBUG oslo_service.service [req-ecdafce8-9fbf-4595-abfc-e72122ec223e - - - - -] ironic.cafile = None log_opt_values /usr/lib/python3/dist-packages/oslo_config/cfg.py:2609
2025-06-02 00:38:22.519 117080 DEBUG oslo_service.service [req-ecdafce8-9fbf-4595-abfc-e72122ec223e - - - - -] ironic.certfile = None log_opt_values /usr/lib/python3/dist-packages/oslo_config/cfg.py:2609
2025-06-02 00:38:22.519 117080 DEBUG oslo_service.service [req-ecdafce8-9fbf-4595-abfc-e72122ec223e - - - - -] ironic.collect_timing = False log_opt_values /usr/lib/python3/dist-packages/oslo_config/cfg.py:2609
2025-06-02 00:38:22.519 117080 DEBUG oslo_service.service [req-ecdafce8-9fbf-4595-abfc-e72122ec223e - - - - -] ironic.connect_retries = None log_opt_values /usr/lib/python3/dist-packages/oslo_config/cfg.py:2609
2025-06-02 00:38:22.520 117080 DEBUG oslo_service.service [req-ecdafce8-9fbf-4595-abfc-e72122ec223e - - - - -] ironic.connect_retry_delay = None log_opt_values /usr/lib/python3/dist-packages/oslo_config/cfg.py:2609
2025-06-02 00:38:22.520 117080 DEBUG oslo_service.service [req-ecdafce8-9fbf-4595-abfc-e72122ec223e - - - - -] ironic.endpoint_override = None log_opt_values /usr/lib/python3/dist-packages/oslo_config/cfg.py:2609
2025-06-02 00:38:22.520 117080 DEBUG oslo_service.service [req-ecdafce8-9fbf-4595-abfc-e72122ec223e - - - - -] ironic.insecure = False log_opt_values /usr/lib/python3/dist-packages/oslo_config/cfg.py:2609
2025-06-02 00:38:22.521 117080 DEBUG oslo_service.service [req-ecdafce8-9fbf-4595-abfc-e72122ec223e - - - - -] ironic.keyfile = None log_opt_values /usr/lib/python3/dist-packages/oslo_config/cfg.py:2609
2025-06-02 00:38:22.521 117080 DEBUG oslo_service.service [req-ecdafce8-9fbf-4595-abfc-e72122ec223e - - - - -] ironic.max_version = None log_opt_values /usr/lib/python3/dist-packages/oslo_config/cfg.py:2609
2025-06-02 00:38:22.521 117080 DEBUG oslo_service.service [req-ecdafce8-9fbf-4595-abfc-e72122ec223e - - - - -] ironic.min_version = None log_opt_values /usr/lib/python3/dist-packages/oslo_config/cfg.py:2609
2025-06-02 00:38:22.522 117080 DEBUG oslo_service.service [req-ecdafce8-9fbf-4595-abfc-e72122ec223e - - - - -] ironic.partition_key = None log_opt_values /usr/lib/python3/dist-packages/oslo_config/cfg.py:2609
2025-06-02 00:38:22.522 117080 DEBUG oslo_service.service [req-ecdafce8-9fbf-4595-abfc-e72122ec223e - - - - -] ironic.peer_list = [] log_opt_values /usr/lib/python3/dist-packages/oslo_config/cfg.py:2609
2025-06-02 00:38:22.522 117080 DEBUG oslo_service.service [req-ecdafce8-9fbf-4595-abfc-e72122ec223e - - - - -] ironic.region_name = None log_opt_values /usr/lib/python3/dist-packages/oslo_config/cfg.py:2609
2025-06-02 00:38:22.523 117080 DEBUG oslo_service.service [req-ecdafce8-9fbf-4595-abfc-e72122ec223e - - - - -] ironic.serial_console_state_timeout = 10 log_opt_values /usr/lib/python3/dist-packages/oslo_config/cfg.py:2609
2025-06-02 00:38:22.523 117080 DEBUG oslo_service.service [req-ecdafce8-9fbf-4595-abfc-e72122ec223e - - - - -] ironic.service_name = None log_opt_values /usr/lib/python3/dist-packages/oslo_config/cfg.py:2609
2025-06-02 00:38:22.523 117080 DEBUG oslo_service.service [req-ecdafce8-9fbf-4595-abfc-e72122ec223e - - - - -] ironic.service_type = baremetal log_opt_values /usr/lib/python3/dist-packages/oslo_config/cfg.py:2609
2025-06-02 00:38:22.524 117080 DEBUG oslo_service.service [req-ecdafce8-9fbf-4595-abfc-e72122ec223e - - - - -] ironic.split_loggers = False log_opt_values /usr/lib/python3/dist-packages/oslo_config/cfg.py:2609
2025-06-02 00:38:22.524 117080 DEBUG oslo_service.service [req-ecdafce8-9fbf-4595-abfc-e72122ec223e - - - - -] ironic.status_code_retries = None log_opt_values /usr/lib/python3/dist-packages/oslo_config/cfg.py:2609
