2025-06-02 00:32:27.048 36068 DEBUG oslo_service.service [-] clients_zaqar.key_file = None log_opt_values /usr/lib/python3/dist-packages/oslo_config/cfg.py:2609
2025-06-02 00:32:27.048 36068 DEBUG oslo_service.service [-] database.backend = sqlalchemy log_opt_values /usr/lib/python3/dist-packages/oslo_config/cfg.py:2609
2025-06-02 00:32:27.050 36068 DEBUG oslo_service.service [-] database.connection = **** log_opt_values /usr/lib/python3/dist-packages/oslo_config/cfg.py:2609
2025-06-02 00:32:27.051 36068 DEBUG oslo_service.service [-] database.connection_debug = 0 log_opt_values /usr/lib/python3/dist-packages/oslo_config/cfg.py:2609
2025-06-02 00:32:27.051 36068 DEBUG oslo_service.service [-] database.connection_parameters = log_opt_values /usr/lib/python3/dist-packages/oslo_config/cfg.py:2609
2025-06-02 00:32:27.051 36068 DEBUG oslo_service.service [-] database.connection_recycle_time = 3600 log_opt_values /usr/lib/python3/dist-packages/oslo_config/cfg.py:2609
2025-06-02 00:32:27.051 36068 DEBUG oslo_service.service [-] database.connection_trace = False log_opt_values /usr/lib/python3/dist-packages/oslo_config/cfg.py:2609
2025-06-02 00:32:27.051 36068 DEBUG oslo_service.service [-] database.db_inc_retry_interval = True log_opt_values /usr/lib/python3/dist-packages/oslo_config/cfg.py:2609
2025-06-02 00:32:27.051 36068 DEBUG oslo_service.service [-] database.db_max_retries = 20 log_opt_values /usr/lib/python3/dist-packages/oslo_config/cfg.py:2609
2025-06-02 00:32:27.051 36295 DEBUG oslo_db.sqlalchemy.engines [req-552a946e-1346-4f5d-8d5a-21e3cf83779d - - - - -] MySQL server mode set to STRICT_TRANS_TABLES,STRICT_ALL_TABLES,NO_ZERO_IN_DATE,NO_ZERO_DATE,ERROR_FOR_DIVISION_BY_ZERO,TRADITIONAL,NO_ENGINE_SUBSTITUTION _check_effective_sql_mode /usr/lib/python3/dist-packages/oslo_db/sqlalchemy/engines.py:314
2025-06-02 00:32:27.051 36068 DEBUG oslo_service.service [-] database.db_max_retry_interval = 10 log_opt_values /usr/lib/python3/dist-packages/oslo_config/cfg.py:2609
2025-06-02 00:32:27.052 36068 DEBUG oslo_service.service [-] database.db_retry_interval = 1 log_opt_values /usr/lib/python3/dist-packages/oslo_config/cfg.py:2609
2025-06-02 00:32:27.052 36068 DEBUG oslo_service.service [-] database.max_overflow = 50 log_opt_values /usr/lib/python3/dist-packages/oslo_config/cfg.py:2609
2025-06-02 00:32:27.052 36068 DEBUG oslo_service.service [-] database.max_pool_size = 5 log_opt_values /usr/lib/python3/dist-packages/oslo_config/cfg.py:2609
2025-06-02 00:32:27.052 36068 DEBUG oslo_service.service [-] database.max_retries = 10 log_opt_values /usr/lib/python3/dist-packages/oslo_config/cfg.py:2609
2025-06-02 00:32:27.052 36068 DEBUG oslo_service.service [-] database.mysql_enable_ndb = False log_opt_values /usr/lib/python3/dist-packages/oslo_config/cfg.py:2609
2025-06-02 00:32:27.052 36068 DEBUG oslo_service.service [-] database.mysql_sql_mode = TRADITIONAL log_opt_values /usr/lib/python3/dist-packages/oslo_config/cfg.py:2609
2025-06-02 00:32:27.052 36068 DEBUG oslo_service.service [-] database.pool_timeout = None log_opt_values /usr/lib/python3/dist-packages/oslo_config/cfg.py:2609
2025-06-02 00:32:27.054 36293 DEBUG oslo_db.sqlalchemy.engines [req-4ca68444-b91d-450d-adeb-e3739f3cdf6d - - - - -] MySQL server mode set to STRICT_TRANS_TABLES,STRICT_ALL_TABLES,NO_ZERO_IN_DATE,NO_ZERO_DATE,ERROR_FOR_DIVISION_BY_ZERO,TRADITIONAL,NO_ENGINE_SUBSTITUTION _check_effective_sql_mode /usr/lib/python3/dist-packages/oslo_db/sqlalchemy/engines.py:314
2025-06-02 00:32:27.052 36068 DEBUG oslo_service.service [-] database.retry_interval = 10 log_opt_values /usr/lib/python3/dist-packages/oslo_config/cfg.py:2609
2025-06-02 00:32:27.056 36068 DEBUG oslo_service.service [-] database.slave_connection = **** log_opt_values /usr/lib/python3/dist-packages/oslo_config/cfg.py:2609
2025-06-02 00:32:27.057 36068 DEBUG oslo_service.service [-] database.sqlite_synchronous = True log_opt_values /usr/lib/python3/dist-packages/oslo_config/cfg.py:2609
2025-06-02 00:32:27.057 36068 DEBUG oslo_service.service [-] database.use_db_reconnect = False log_opt_values /usr/lib/python3/dist-packages/oslo_config/cfg.py:2609
2025-06-02 00:32:27.057 36068 DEBUG oslo_service.service [-] oslo_messaging_metrics.metrics_buffer_size = 1000 log_opt_values /usr/lib/python3/dist-packages/oslo_config/cfg.py:2609
2025-06-02 00:32:27.057 36068 DEBUG oslo_service.service [-] oslo_messaging_metrics.metrics_enabled = False log_opt_values /usr/lib/python3/dist-packages/oslo_config/cfg.py:2609
2025-06-02 00:32:27.057 36068 DEBUG oslo_service.service [-] oslo_messaging_metrics.metrics_process_name = log_opt_values /usr/lib/python3/dist-packages/oslo_config/cfg.py:2609
2025-06-02 00:32:27.058 36068 DEBUG oslo_service.service [-] oslo_messaging_metrics.metrics_socket_file = /var/tmp/metrics_collector.sock log_opt_values /usr/lib/python3/dist-packages/oslo_config/cfg.py:2609
2025-06-02 00:32:27.058 36068 DEBUG oslo_service.service [-] oslo_messaging_metrics.metrics_thread_stop_timeout = 10 log_opt_values /usr/lib/python3/dist-packages/oslo_config/cfg.py:2609
2025-06-02 00:32:27.058 36068 DEBUG oslo_service.service [-] oslo_policy.enforce_new_defaults = False log_opt_values /usr/lib/python3/dist-packages/oslo_config/cfg.py:2609
2025-06-02 00:32:27.058 36068 DEBUG oslo_service.service [-] oslo_policy.enforce_scope = False log_opt_values /usr/lib/python3/dist-packages/oslo_config/cfg.py:2609
2025-06-02 00:32:27.058 36068 DEBUG oslo_service.service [-] oslo_policy.policy_default_rule = default log_opt_values /usr/lib/python3/dist-packages/oslo_config/cfg.py:2609
2025-06-02 00:32:27.058 36068 DEBUG oslo_service.service [-] oslo_policy.policy_dirs = ['policy.d'] log_opt_values /usr/lib/python3/dist-packages/oslo_config/cfg.py:2609
2025-06-02 00:32:27.059 36068 DEBUG oslo_service.service [-] oslo_policy.policy_file = policy.yaml log_opt_values /usr/lib/python3/dist-packages/oslo_config/cfg.py:2609
2025-06-02 00:32:27.059 36068 DEBUG oslo_service.service [-] oslo_policy.remote_content_type = application/x-www-form-urlencoded log_opt_values /usr/lib/python3/dist-packages/oslo_config/cfg.py:2609
2025-06-02 00:32:27.059 36068 DEBUG oslo_service.service [-] oslo_policy.remote_ssl_ca_crt_file = None log_opt_values /usr/lib/python3/dist-packages/oslo_config/cfg.py:2609
2025-06-02 00:32:27.059 36068 DEBUG oslo_service.service [-] oslo_policy.remote_ssl_client_crt_file = None log_opt_values /usr/lib/python3/dist-packages/oslo_config/cfg.py:2609
2025-06-02 00:32:27.059 36068 DEBUG oslo_service.service [-] oslo_policy.remote_ssl_client_key_file = None log_opt_values /usr/lib/python3/dist-packages/oslo_config/cfg.py:2609
2025-06-02 00:32:27.059 36068 DEBUG oslo_service.service [-] oslo_policy.remote_ssl_verify_server_crt = False log_opt_values /usr/lib/python3/dist-packages/oslo_config/cfg.py:2609
2025-06-02 00:32:27.059 36068 DEBUG oslo_service.service [-] trustee.auth_section = None log_opt_values /usr/lib/python3/dist-packages/oslo_config/cfg.py:2609
2025-06-02 00:32:27.060 36068 WARNING oslo_config.cfg [-] Deprecated: Option "auth_plugin" from group "trustee" is deprecated. Use option "auth_type" from group "trustee".
2025-06-02 00:32:27.060 36068 DEBUG oslo_service.service [-] trustee.auth_type = password log_opt_values /usr/lib/python3/dist-packages/oslo_config/cfg.py:2609
2025-06-02 00:32:27.062 36068 DEBUG oslo_service.service [-] oslo_versionedobjects.fatal_exception_format_errors = False log_opt_values /usr/lib/python3/dist-packages/oslo_config/cfg.py:2609
2025-06-02 00:32:27.062 36068 DEBUG oslo_service.service [-] oslo_messaging_rabbit.amqp_auto_delete = False log_opt_values /usr/lib/python3/dist-packages/oslo_config/cfg.py:2609
2025-06-02 00:32:27.062 36068 DEBUG oslo_service.service [-] oslo_messaging_rabbit.amqp_durable_queues = False log_opt_values /usr/lib/python3/dist-packages/oslo_config/cfg.py:2609
2025-06-02 00:32:27.062 36068 DEBUG oslo_service.service [-] oslo_messaging_rabbit.conn_pool_min_size = 2 log_opt_values /usr/lib/python3/dist-packages/oslo_config/cfg.py:2609
2025-06-02 00:32:27.062 36068 DEBUG oslo_service.service [-] oslo_messaging_rabbit.conn_pool_ttl = 1200 log_opt_values /usr/lib/python3/dist-packages/oslo_config/cfg.py:2609
2025-06-02 00:32:27.062 36068 DEBUG oslo_service.service [-] oslo_messaging_rabbit.direct_mandatory_flag = True log_opt_values /usr/lib/python3/dist-packages/oslo_config/cfg.py:2609
2025-06-02 00:32:27.063 36068 DEBUG oslo_service.service [-] oslo_messaging_rabbit.enable_cancel_on_failover = False log_opt_values /usr/lib/python3/dist-packages/oslo_config/cfg.py:2609
2025-06-02 00:32:27.063 36068 DEBUG oslo_service.service [-] oslo_messaging_rabbit.heartbeat_in_pthread = False log_opt_values /usr/lib/python3/dist-packages/oslo_config/cfg.py:2609
2025-06-02 00:32:27.064 36068 DEBUG oslo_service.service [-] oslo_messaging_rabbit.heartbeat_rate = 2 log_opt_values /usr/lib/python3/dist-packages/oslo_config/cfg.py:2609
2025-06-02 00:32:27.064 36068 DEBUG oslo_service.service [-] oslo_messaging_rabbit.heartbeat_timeout_threshold = 60 log_opt_values /usr/lib/python3/dist-packages/oslo_config/cfg.py:2609
2025-06-02 00:32:27.064 36068 DEBUG oslo_service.service [-] oslo_messaging_rabbit.kombu_compression = None log_opt_values /usr/lib/python3/dist-packages/oslo_config/cfg.py:2609
2025-06-02 00:32:27.064 36068 DEBUG oslo_service.service [-] oslo_messaging_rabbit.kombu_failover_strategy = round-robin log_opt_values /usr/lib/python3/dist-packages/oslo_config/cfg.py:2609
2025-06-02 00:32:27.064 36068 DEBUG oslo_service.service [-] oslo_messaging_rabbit.kombu_missing_consumer_retry_timeout = 60 log_opt_values /usr/lib/python3/dist-packages/oslo_config/cfg.py:2609
2025-06-02 00:32:27.064 36068 DEBUG oslo_service.service [-] oslo_messaging_rabbit.kombu_reconnect_delay = 1.0 log_opt_values /usr/lib/python3/dist-packages/oslo_config/cfg.py:2609
2025-06-02 00:32:27.064 36068 DEBUG oslo_service.service [-] oslo_messaging_rabbit.rabbit_ha_queues = False log_opt_values /usr/lib/python3/dist-packages/oslo_config/cfg.py:2609
2025-06-02 00:32:27.064 36068 DEBUG oslo_service.service [-] oslo_messaging_rabbit.rabbit_interval_max = 30 log_opt_values /usr/lib/python3/dist-packages/oslo_config/cfg.py:2609
2025-06-02 00:32:27.065 36068 DEBUG oslo_service.service [-] oslo_messaging_rabbit.rabbit_login_method = AMQPLAIN log_opt_values /usr/lib/python3/dist-packages/oslo_config/cfg.py:2609
2025-06-02 00:32:27.065 36068 DEBUG oslo_service.service [-] oslo_messaging_rabbit.rabbit_qos_prefetch_count = 0 log_opt_values /usr/lib/python3/dist-packages/oslo_config/cfg.py:2609
2025-06-02 00:32:27.065 36068 DEBUG oslo_service.service [-] oslo_messaging_rabbit.rabbit_quorum_queue = False log_opt_values /usr/lib/python3/dist-packages/oslo_config/cfg.py:2609
2025-06-02 00:32:27.065 36068 DEBUG oslo_service.service [-] oslo_messaging_rabbit.rabbit_retry_backoff = 2 log_opt_values /usr/lib/python3/dist-packages/oslo_config/cfg.py:2609
2025-06-02 00:32:27.065 36068 DEBUG oslo_service.service [-] oslo_messaging_rabbit.rabbit_retry_interval = 1 log_opt_values /usr/lib/python3/dist-packages/oslo_config/cfg.py:2609
2025-06-02 00:32:27.065 36068 DEBUG oslo_service.service [-] oslo_messaging_rabbit.rabbit_transient_queues_ttl = 1800 log_opt_values /usr/lib/python3/dist-packages/oslo_config/cfg.py:2609
2025-06-02 00:32:27.065 36068 DEBUG oslo_service.service [-] oslo_messaging_rabbit.rpc_conn_pool_size = 30 log_opt_values /usr/lib/python3/dist-packages/oslo_config/cfg.py:2609
2025-06-02 00:32:27.065 36068 DEBUG oslo_service.service [-] oslo_messaging_rabbit.ssl = False log_opt_values /usr/lib/python3/dist-packages/oslo_config/cfg.py:2609
2025-06-02 00:32:27.066 36068 DEBUG oslo_service.service [-] oslo_messaging_rabbit.ssl_ca_file = log_opt_values /usr/lib/python3/dist-packages/oslo_config/cfg.py:2609
2025-06-02 00:32:27.065 36294 DEBUG oslo_db.sqlalchemy.engines [req-413e3231-053e-470c-939c-8acc26497dd2 - - - - -] MySQL server mode set to STRICT_TRANS_TABLES,STRICT_ALL_TABLES,NO_ZERO_IN_DATE,NO_ZERO_DATE,ERROR_FOR_DIVISION_BY_ZERO,TRADITIONAL,NO_ENGINE_SUBSTITUTION _check_effective_sql_mode /usr/lib/python3/dist-packages/oslo_db/sqlalchemy/engines.py:314
2025-06-02 00:32:27.066 36068 DEBUG oslo_service.service [-] oslo_messaging_rabbit.ssl_cert_file = log_opt_values /usr/lib/python3/dist-packages/oslo_config/cfg.py:2609
2025-06-02 00:32:27.066 36068 DEBUG oslo_service.service [-] oslo_messaging_rabbit.ssl_key_file = log_opt_values /usr/lib/python3/dist-packages/oslo_config/cfg.py:2609
2025-06-02 00:32:27.066 36068 DEBUG oslo_service.service [-] oslo_messaging_rabbit.ssl_version = log_opt_values /usr/lib/python3/dist-packages/oslo_config/cfg.py:2609
2025-06-02 00:32:27.066 36068 DEBUG oslo_service.service [-] oslo_messaging_notifications.driver = [] log_opt_values /usr/lib/python3/dist-packages/oslo_config/cfg.py:2609
2025-06-02 00:32:27.066 36068 DEBUG oslo_service.service [-] oslo_messaging_notifications.retry = -1 log_opt_values /usr/lib/python3/dist-packages/oslo_config/cfg.py:2609
2025-06-02 00:32:27.068 36068 DEBUG oslo_service.service [-] oslo_messaging_notifications.topics = ['notifications'] log_opt_values /usr/lib/python3/dist-packages/oslo_config/cfg.py:2609
2025-06-02 00:32:27.068 36068 DEBUG oslo_service.service [-] oslo_messaging_notifications.transport_url = **** log_opt_values /usr/lib/python3/dist-packages/oslo_config/cfg.py:2609
2025-06-02 00:32:27.068 36068 DEBUG oslo_service.service [-] cache.backend = dogpile.cache.null log_opt_values /usr/lib/python3/dist-packages/oslo_config/cfg.py:2609
2025-06-02 00:32:27.068 36068 DEBUG oslo_service.service [-] cache.backend_argument = **** log_opt_values /usr/lib/python3/dist-packages/oslo_config/cfg.py:2609
2025-06-02 00:32:27.069 36068 DEBUG oslo_service.service [-] cache.config_prefix = cache.oslo log_opt_values /usr/lib/python3/dist-packages/oslo_config/cfg.py:2609
2025-06-02 00:32:27.069 36068 DEBUG oslo_service.service [-] cache.debug_cache_backend = False log_opt_values /usr/lib/python3/dist-packages/oslo_config/cfg.py:2609
2025-06-02 00:32:27.069 36068 DEBUG oslo_service.service [-] cache.enabled = False log_opt_values /usr/lib/python3/dist-packages/oslo_config/cfg.py:2609
2025-06-02 00:32:27.069 36068 DEBUG oslo_service.service [-] cache.expiration_time = 600 log_opt_values /usr/lib/python3/dist-packages/oslo_config/cfg.py:2609
2025-06-02 00:32:27.069 36068 DEBUG oslo_service.service [-] cache.memcache_dead_retry = 300 log_opt_values /usr/lib/python3/dist-packages/oslo_config/cfg.py:2609
2025-06-02 00:32:27.069 36068 DEBUG oslo_service.service [-] cache.memcache_pool_connection_get_timeout = 10 log_opt_values /usr/lib/python3/dist-packages/oslo_config/cfg.py:2609
2025-06-02 00:32:27.069 36068 DEBUG oslo_service.service [-] cache.memcache_pool_flush_on_reconnect = False log_opt_values /usr/lib/python3/dist-packages/oslo_config/cfg.py:2609
2025-06-02 00:32:27.069 36068 DEBUG oslo_service.service [-] cache.memcache_pool_maxsize = 10 log_opt_values /usr/lib/python3/dist-packages/oslo_config/cfg.py:2609
2025-06-02 00:32:27.069 36068 DEBUG oslo_service.service [-] cache.memcache_pool_unused_timeout = 60 log_opt_values /usr/lib/python3/dist-packages/oslo_config/cfg.py:2609
2025-06-02 00:32:27.070 36068 DEBUG oslo_service.service [-] cache.memcache_servers = ['localhost:11211'] log_opt_values /usr/lib/python3/dist-packages/oslo_config/cfg.py:2609
2025-06-02 00:32:27.070 36068 DEBUG oslo_service.service [-] cache.memcache_socket_timeout = 1.0 log_opt_values /usr/lib/python3/dist-packages/oslo_config/cfg.py:2609
2025-06-02 00:32:27.070 36068 DEBUG oslo_service.service [-] cache.proxies = [] log_opt_values /usr/lib/python3/dist-packages/oslo_config/cfg.py:2609
2025-06-02 00:32:27.070 36068 DEBUG oslo_service.service [-] cache.tls_allowed_ciphers = None log_opt_values /usr/lib/python3/dist-packages/oslo_config/cfg.py:2609
2025-06-02 00:32:27.070 36068 DEBUG oslo_service.service [-] cache.tls_cafile = None log_opt_values /usr/lib/python3/dist-packages/oslo_config/cfg.py:2609
2025-06-02 00:32:27.070 36068 DEBUG oslo_service.service [-] cache.tls_certfile = None log_opt_values /usr/lib/python3/dist-packages/oslo_config/cfg.py:2609
2025-06-02 00:32:27.070 36068 DEBUG oslo_service.service [-] cache.tls_enabled = False log_opt_values /usr/lib/python3/dist-packages/oslo_config/cfg.py:2609
2025-06-02 00:32:27.071 36292 DEBUG oslo_db.sqlalchemy.engines [req-96b1f884-104c-4ccb-87c4-1fe3973dc206 - - - - -] MySQL server mode set to STRICT_TRANS_TABLES,STRICT_ALL_TABLES,NO_ZERO_IN_DATE,NO_ZERO_DATE,ERROR_FOR_DIVISION_BY_ZERO,TRADITIONAL,NO_ENGINE_SUBSTITUTION _check_effective_sql_mode /usr/lib/python3/dist-packages/oslo_db/sqlalchemy/engines.py:314
2025-06-02 00:32:27.070 36068 DEBUG oslo_service.service [-] cache.tls_keyfile = None log_opt_values /usr/lib/python3/dist-packages/oslo_config/cfg.py:2609
2025-06-02 00:32:27.073 36068 DEBUG oslo_service.service [-] constraint_validation_cache.caching = True log_opt_values /usr/lib/python3/dist-packages/oslo_config/cfg.py:2609
2025-06-02 00:32:27.073 36068 DEBUG oslo_service.service [-] constraint_validation_cache.expiration_time = 60 log_opt_values /usr/lib/python3/dist-packages/oslo_config/cfg.py:2609
2025-06-02 00:32:27.073 36068 DEBUG oslo_service.service [-] service_extension_cache.caching = True log_opt_values /usr/lib/python3/dist-packages/oslo_config/cfg.py:2609
2025-06-02 00:32:27.073 36068 DEBUG oslo_service.service [-] service_extension_cache.expiration_time = 3600 log_opt_values /usr/lib/python3/dist-packages/oslo_config/cfg.py:2609
2025-06-02 00:32:27.073 36068 DEBUG oslo_service.service [-] resource_finder_cache.caching = True log_opt_values /usr/lib/python3/dist-packages/oslo_config/cfg.py:2609
2025-06-02 00:32:27.074 36068 DEBUG oslo_service.service [-] resource_finder_cache.expiration_time = 3600 log_opt_values /usr/lib/python3/dist-packages/oslo_config/cfg.py:2609
2025-06-02 00:32:27.074 36068 DEBUG oslo_service.service [-] yaql.limit_iterators = 200 log_opt_values /usr/lib/python3/dist-packages/oslo_config/cfg.py:2609
2025-06-02 00:32:27.074 36068 DEBUG oslo_service.service [-] yaql.memory_quota = 10000 log_opt_values /usr/lib/python3/dist-packages/oslo_config/cfg.py:2609
2025-06-02 00:32:27.075 36068 DEBUG oslo_service.service [-] ******************************************************************************** log_opt_values /usr/lib/python3/dist-packages/oslo_config/cfg.py:2613
2025-06-02 00:32:27.132 36295 DEBUG heat.engine.service [req-1564a083-e5cf-4919-a409-61fd1baa9828 - - - - -] Service c0caba7f-c52a-4126-a54b-f0f59b1b3ae5 is started service_manage_report /usr/lib/python3/dist-packages/heat/engine/service.py:2363
2025-06-02 00:32:27.143 36293 DEBUG heat.engine.service [req-9524b897-2782-4355-b920-e39754b259cd - - - - -] Service d3272961-c297-4378-8fa8-49a524294872 is started service_manage_report /usr/lib/python3/dist-packages/heat/engine/service.py:2363
2025-06-02 00:32:27.160 36295 DEBUG heat.engine.service [req-1564a083-e5cf-4919-a409-61fd1baa9828 - - - - -] Service c0caba7f-c52a-4126-a54b-f0f59b1b3ae5 is updated service_manage_report /usr/lib/python3/dist-packages/heat/engine/service.py:2370
2025-06-02 00:32:27.164 36294 DEBUG heat.engine.service [req-4eb99e2d-a2cd-43d8-a2a2-dffea448450b - - - - -] Service 88346042-767b-4747-9199-b87c9d35bb53 is started service_manage_report /usr/lib/python3/dist-packages/heat/engine/service.py:2363
2025-06-02 00:32:27.166 36292 DEBUG heat.engine.service [req-30243fe7-10c0-43a0-9419-474027d41bd0 - - - - -] Service 250c3ac2-8c15-44d9-92ae-f474e511c108 is started service_manage_report /usr/lib/python3/dist-packages/heat/engine/service.py:2363
2025-06-02 00:32:27.169 36293 DEBUG heat.engine.service [req-9524b897-2782-4355-b920-e39754b259cd - - - - -] Service d3272961-c297-4378-8fa8-49a524294872 is updated service_manage_report /usr/lib/python3/dist-packages/heat/engine/service.py:2370
2025-06-02 00:32:27.188 36294 DEBUG heat.engine.service [req-4eb99e2d-a2cd-43d8-a2a2-dffea448450b - - - - -] Service 88346042-767b-4747-9199-b87c9d35bb53 is updated service_manage_report /usr/lib/python3/dist-packages/heat/engine/service.py:2370
2025-06-02 00:32:27.197 36292 DEBUG heat.engine.service [req-30243fe7-10c0-43a0-9419-474027d41bd0 - - - - -] Service 250c3ac2-8c15-44d9-92ae-f474e511c108 is updated service_manage_report /usr/lib/python3/dist-packages/heat/engine/service.py:2370
2025-06-02 00:33:27.126 36295 DEBUG heat.engine.service [req-d7f7e2c9-eae3-4c87-9c1b-772244294f5a - - - - -] Service c0caba7f-c52a-4126-a54b-f0f59b1b3ae5 is updated service_manage_report /usr/lib/python3/dist-packages/heat/engine/service.py:2370
2025-06-02 00:33:27.151 36294 DEBUG heat.engine.service [req-99ca8529-49b7-4ca8-9152-d0ab9094768b - - - - -] Service 88346042-767b-4747-9199-b87c9d35bb53 is updated service_manage_report /usr/lib/python3/dist-packages/heat/engine/service.py:2370
2025-06-02 00:33:27.152 36293 DEBUG heat.engine.service [req-6719a907-2a79-4135-b801-ddef4635be57 - - - - -] Service d3272961-c297-4378-8fa8-49a524294872 is updated service_manage_report /usr/lib/python3/dist-packages/heat/engine/service.py:2370
2025-06-02 00:33:27.154 36292 DEBUG heat.engine.service [req-53490b46-d06e-4489-97d3-1c995e856560 - - - - -] Service 250c3ac2-8c15-44d9-92ae-f474e511c108 is updated service_manage_report /usr/lib/python3/dist-packages/heat/engine/service.py:2370
2025-06-02 00:34:27.144 36295 DEBUG heat.engine.service [req-526f7583-ea81-4847-922c-fe70b6ff1454 - - - - -] Service c0caba7f-c52a-4126-a54b-f0f59b1b3ae5 is updated service_manage_report /usr/lib/python3/dist-packages/heat/engine/service.py:2370
2025-06-02 00:34:27.152 36292 DEBUG heat.engine.service [req-7a7a1583-c8d1-4152-9986-7ae7dcaaf08c - - - - -] Service 250c3ac2-8c15-44d9-92ae-f474e511c108 is updated service_manage_report /usr/lib/python3/dist-packages/heat/engine/service.py:2370
2025-06-02 00:34:27.162 36293 DEBUG heat.engine.service [req-513f80e7-7922-46fc-84b7-4ffa3a157028 - - - - -] Service d3272961-c297-4378-8fa8-49a524294872 is updated service_manage_report /usr/lib/python3/dist-packages/heat/engine/service.py:2370
2025-06-02 00:34:27.173 36294 DEBUG heat.engine.service [req-fb50c5e9-83aa-4637-a956-cfdbff72710f - - - - -] Service 88346042-767b-4747-9199-b87c9d35bb53 is updated service_manage_report /usr/lib/python3/dist-packages/heat/engine/service.py:2370
2025-06-02 00:35:27.127 36295 DEBUG heat.engine.service [req-1ea7439e-989c-4889-a98a-8a1f8e1a3372 - - - - -] Service c0caba7f-c52a-4126-a54b-f0f59b1b3ae5 is updated service_manage_report /usr/lib/python3/dist-packages/heat/engine/service.py:2370
2025-06-02 00:35:27.141 36292 DEBUG heat.engine.service [req-aa6a119b-98d1-4c62-8303-99a11e3c73b7 - - - - -] Service 250c3ac2-8c15-44d9-92ae-f474e511c108 is updated service_manage_report /usr/lib/python3/dist-packages/heat/engine/service.py:2370
2025-06-02 00:35:27.149 36293 DEBUG heat.engine.service [req-159a59ea-a0af-496d-824f-a3aa33ac3f4c - - - - -] Service d3272961-c297-4378-8fa8-49a524294872 is updated service_manage_report /usr/lib/python3/dist-packages/heat/engine/service.py:2370
2025-06-02 00:35:27.150 36294 DEBUG heat.engine.service [req-91ec7037-fc28-40f4-903d-7f570e297cf8 - - - - -] Service 88346042-767b-4747-9199-b87c9d35bb53 is updated service_manage_report /usr/lib/python3/dist-packages/heat/engine/service.py:2370
2025-06-02 00:36:27.130 36295 DEBUG heat.engine.service [req-34cc72fb-810e-46a8-926e-49404f3d9ee4 - - - - -] Service c0caba7f-c52a-4126-a54b-f0f59b1b3ae5 is updated service_manage_report /usr/lib/python3/dist-packages/heat/engine/service.py:2370
2025-06-02 00:36:27.145 36292 DEBUG heat.engine.service [req-ce43cb3b-7314-4c1a-9160-f5d5a6dd72ee - - - - -] Service 250c3ac2-8c15-44d9-92ae-f474e511c108 is updated service_manage_report /usr/lib/python3/dist-packages/heat/engine/service.py:2370
2025-06-02 00:36:27.162 36293 DEBUG heat.engine.service [req-0c4c8d46-703b-4404-a94b-ed70d2ef4034 - - - - -] Service d3272961-c297-4378-8fa8-49a524294872 is updated service_manage_report /usr/lib/python3/dist-packages/heat/engine/service.py:2370
2025-06-02 00:36:27.168 36294 DEBUG heat.engine.service [req-e096004f-d4b7-46f6-a09e-a129c7945416 - - - - -] Service 88346042-767b-4747-9199-b87c9d35bb53 is updated service_manage_report /usr/lib/python3/dist-packages/heat/engine/service.py:2370
2025-06-02 00:37:27.117 36295 DEBUG heat.engine.service [req-c482b9e9-5819-430c-aef1-68a2d62d38c0 - - - - -] Service c0caba7f-c52a-4126-a54b-f0f59b1b3ae5 is updated service_manage_report /usr/lib/python3/dist-packages/heat/engine/service.py:2370
2025-06-02 00:37:27.142 36292 DEBUG heat.engine.service [req-9fd89ba3-e514-4996-8dc3-732db9932c82 - - - - -] Service 250c3ac2-8c15-44d9-92ae-f474e511c108 is updated service_manage_report /usr/lib/python3/dist-packages/heat/engine/service.py:2370
2025-06-02 00:37:27.144 36294 DEBUG heat.engine.service [req-bdf8d124-a1fd-4092-96f6-3e45e4e5ee5b - - - - -] Service 88346042-767b-4747-9199-b87c9d35bb53 is updated service_manage_report /usr/lib/python3/dist-packages/heat/engine/service.py:2370
2025-06-02 00:37:27.147 36293 DEBUG heat.engine.service [req-2feb4ebe-7b55-4385-a699-a79e7e77ca5b - - - - -] Service d3272961-c297-4378-8fa8-49a524294872 is updated service_manage_report /usr/lib/python3/dist-packages/heat/engine/service.py:2370
2025-06-02 00:38:27.128 36295 DEBUG heat.engine.service [req-a6618364-66bb-418e-8beb-871a557be74c - - - - -] Service c0caba7f-c52a-4126-a54b-f0f59b1b3ae5 is updated service_manage_report /usr/lib/python3/dist-packages/heat/engine/service.py:2370
2025-06-02 00:38:27.144 36292 DEBUG heat.engine.service [req-a726210f-9d39-4139-a234-805062423fb6 - - - - -] Service 250c3ac2-8c15-44d9-92ae-f474e511c108 is updated service_manage_report /usr/lib/python3/dist-packages/heat/engine/service.py:2370
2025-06-02 00:38:27.148 36294 DEBUG heat.engine.service [req-ae686005-fbc0-4f5f-bda7-1f92fd8ce7f5 - - - - -] Service 88346042-767b-4747-9199-b87c9d35bb53 is updated service_manage_report /usr/lib/python3/dist-packages/heat/engine/service.py:2370
2025-06-02 00:38:27.166 36293 DEBUG heat.engine.service [req-22c1cb9b-806d-44f6-a136-c2499a48f5aa - - - - -] Service d3272961-c297-4378-8fa8-49a524294872 is updated service_manage_report /usr/lib/python3/dist-packages/heat/engine/service.py:2370
2025-06-02 00:39:27.122 36295 DEBUG heat.engine.service [req-fc213194-d75f-4245-8ac8-28f5bea75795 - - - - -] Service c0caba7f-c52a-4126-a54b-f0f59b1b3ae5 is updated service_manage_report /usr/lib/python3/dist-packages/heat/engine/service.py:2370
2025-06-02 00:39:27.146 36292 DEBUG heat.engine.service [req-316e4c94-0ef3-41ac-99b0-81c7ec695bc8 - - - - -] Service 250c3ac2-8c15-44d9-92ae-f474e511c108 is updated service_manage_report /usr/lib/python3/dist-packages/heat/engine/service.py:2370
2025-06-02 00:39:27.147 36294 DEBUG heat.engine.service [req-abadb6b4-c104-4b0e-94e5-49ef6e726c7c - - - - -] Service 88346042-767b-4747-9199-b87c9d35bb53 is updated service_manage_report /usr/lib/python3/dist-packages/heat/engine/service.py:2370
2025-06-02 00:39:27.154 36293 DEBUG heat.engine.service [req-38d7c4fa-ffac-463b-a6c5-e8a16d1c36d6 - - - - -] Service d3272961-c297-4378-8fa8-49a524294872 is updated service_manage_report /usr/lib/python3/dist-packages/heat/engine/service.py:2370
2025-06-02 00:40:27.128 36295 DEBUG heat.engine.service [req-7c68f09d-8216-47a5-a740-7cac696d0fe0 - - - - -] Service c0caba7f-c52a-4126-a54b-f0f59b1b3ae5 is updated service_manage_report /usr/lib/python3/dist-packages/heat/engine/service.py:2370
2025-06-02 00:40:27.147 36292 DEBUG heat.engine.service [req-6d54bbd7-f7f2-4263-b5ec-a7cdf71799af - - - - -] Service 250c3ac2-8c15-44d9-92ae-f474e511c108 is updated service_manage_report /usr/lib/python3/dist-packages/heat/engine/service.py:2370
2025-06-02 00:40:27.157 36294 DEBUG heat.engine.service [req-6c37cb31-9bc9-463b-9eaf-fa7b62557623 - - - - -] Service 88346042-767b-4747-9199-b87c9d35bb53 is updated service_manage_report /usr/lib/python3/dist-packages/heat/engine/service.py:2370
2025-06-02 00:40:27.157 36293 DEBUG heat.engine.service [req-fce90a91-b541-4c09-a8c7-502f5ed4639f - - - - -] Service d3272961-c297-4378-8fa8-49a524294872 is updated service_manage_report /usr/lib/python3/dist-packages/heat/engine/service.py:2370
2025-06-02 00:41:27.134 36295 DEBUG heat.engine.service [req-b841f4b8-e0b0-410c-9a9d-307c786f4ea4 - - - - -] Service c0caba7f-c52a-4126-a54b-f0f59b1b3ae5 is updated service_manage_report /usr/lib/python3/dist-packages/heat/engine/service.py:2370
2025-06-02 00:41:27.140 36292 DEBUG heat.engine.service [req-5b6332b4-3eb9-494d-b918-aeb78b2f8de3 - - - - -] Service 250c3ac2-8c15-44d9-92ae-f474e511c108 is updated service_manage_report /usr/lib/python3/dist-packages/heat/engine/service.py:2370
2025-06-02 00:41:27.141 36294 DEBUG heat.engine.service [req-28c7af35-f113-487a-af68-028f4c20bff6 - - - - -] Service 88346042-767b-4747-9199-b87c9d35bb53 is updated service_manage_report /usr/lib/python3/dist-packages/heat/engine/service.py:2370
2025-06-02 00:41:27.151 36293 DEBUG heat.engine.service [req-ba62987f-73cd-4c81-9e25-2f6e5a702b64 - - - - -] Service d3272961-c297-4378-8fa8-49a524294872 is updated service_manage_report /usr/lib/python3/dist-packages/heat/engine/service.py:2370
2025-06-02 00:42:27.141 36295 DEBUG heat.engine.service [req-020034ff-da26-4605-9e0d-1d1abf2427ed - - - - -] Service c0caba7f-c52a-4126-a54b-f0f59b1b3ae5 is updated service_manage_report /usr/lib/python3/dist-packages/heat/engine/service.py:2370
2025-06-02 00:42:27.143 36292 DEBUG heat.engine.service [req-161d266d-130d-458a-aa28-3ed5bd072be9 - - - - -] Service 250c3ac2-8c15-44d9-92ae-f474e511c108 is updated service_manage_report /usr/lib/python3/dist-packages/heat/engine/service.py:2370
2025-06-02 00:42:27.145 36294 DEBUG heat.engine.service [req-31f81fe1-434b-40db-8d57-ca03d788d109 - - - - -] Service 88346042-767b-4747-9199-b87c9d35bb53 is updated service_manage_report /usr/lib/python3/dist-packages/heat/engine/service.py:2370
2025-06-02 00:42:27.154 36293 DEBUG heat.engine.service [req-22b31ec1-3e7c-45f8-9437-fced4a321464 - - - - -] Service d3272961-c297-4378-8fa8-49a524294872 is updated service_manage_report /usr/lib/python3/dist-packages/heat/engine/service.py:2370
2025-06-02 00:43:27.137 36295 DEBUG heat.engine.service [req-71808dfe-d40d-4b53-976d-915bea3357fd - - - - -] Service c0caba7f-c52a-4126-a54b-f0f59b1b3ae5 is updated service_manage_report /usr/lib/python3/dist-packages/heat/engine/service.py:2370
2025-06-02 00:43:27.145 36292 DEBUG heat.engine.service [req-2e9bf8c1-1180-4745-b7d9-a1576e89bf13 - - - - -] Service 250c3ac2-8c15-44d9-92ae-f474e511c108 is updated service_manage_report /usr/lib/python3/dist-packages/heat/engine/service.py:2370
2025-06-02 00:43:27.150 36294 DEBUG heat.engine.service [req-dfafd0a2-9f6b-43a7-a793-faef6dda2f8d - - - - -] Service 88346042-767b-4747-9199-b87c9d35bb53 is updated service_manage_report /usr/lib/python3/dist-packages/heat/engine/service.py:2370
2025-06-02 00:43:27.160 36293 DEBUG heat.engine.service [req-9d81088b-721a-4a19-bba2-94170ea584a3 - - - - -] Service d3272961-c297-4378-8fa8-49a524294872 is updated service_manage_report /usr/lib/python3/dist-packages/heat/engine/service.py:2370
2025-06-02 00:44:27.145 36295 DEBUG heat.engine.service [req-342abcbb-b091-49c1-acdc-fdb209408a03 - - - - -] Service c0caba7f-c52a-4126-a54b-f0f59b1b3ae5 is updated service_manage_report /usr/lib/python3/dist-packages/heat/engine/service.py:2370
2025-06-02 00:44:27.152 36292 DEBUG heat.engine.service [req-ce4fe7fd-9b8e-4141-9899-9845133642c5 - - - - -] Service 250c3ac2-8c15-44d9-92ae-f474e511c108 is updated service_manage_report /usr/lib/python3/dist-packages/heat/engine/service.py:2370
2025-06-02 00:44:27.159 36293 DEBUG heat.engine.service [req-d00d4dae-10cc-479d-bc53-9abfa7074e9e - - - - -] Service d3272961-c297-4378-8fa8-49a524294872 is updated service_manage_report /usr/lib/python3/dist-packages/heat/engine/service.py:2370
2025-06-02 00:44:27.161 36294 DEBUG heat.engine.service [req-e913b1ed-54d3-4efe-bee9-52e7994b75e2 - - - - -] Service 88346042-767b-4747-9199-b87c9d35bb53 is updated service_manage_report /usr/lib/python3/dist-packages/heat/engine/service.py:2370
2025-06-02 00:45:27.143 36295 DEBUG heat.engine.service [req-171b001c-9740-4a35-8287-43a3c60b43c1 - - - - -] Service c0caba7f-c52a-4126-a54b-f0f59b1b3ae5 is updated service_manage_report /usr/lib/python3/dist-packages/heat/engine/service.py:2370
2025-06-02 00:45:27.147 36292 DEBUG heat.engine.service [req-ccd7d53d-2da8-484a-b813-5d7feeba3805 - - - - -] Service 250c3ac2-8c15-44d9-92ae-f474e511c108 is updated service_manage_report /usr/lib/python3/dist-packages/heat/engine/service.py:2370
2025-06-02 00:45:27.154 36293 DEBUG heat.engine.service [req-03330b4f-7f42-4d05-82db-b9e6f11bc64a - - - - -] Service d3272961-c297-4378-8fa8-49a524294872 is updated service_manage_report /usr/lib/python3/dist-packages/heat/engine/service.py:2370
2025-06-02 00:45:27.161 36294 DEBUG heat.engine.service [req-151d58d1-a733-4cc5-bc3d-27b2f724a5bf - - - - -] Service 88346042-767b-4747-9199-b87c9d35bb53 is updated service_manage_report /usr/lib/python3/dist-packages/heat/engine/service.py:2370
2025-06-02 00:46:27.138 36295 DEBUG heat.engine.service [req-ba8636b9-f716-4af2-9b54-8b156653b3ee - - - - -] Service c0caba7f-c52a-4126-a54b-f0f59b1b3ae5 is updated service_manage_report /usr/lib/python3/dist-packages/heat/engine/service.py:2370
2025-06-02 00:46:27.154 36292 DEBUG heat.engine.service [req-dd5aa2be-724c-47a7-9e99-05ade7989a60 - - - - -] Service 250c3ac2-8c15-44d9-92ae-f474e511c108 is updated service_manage_report /usr/lib/python3/dist-packages/heat/engine/service.py:2370
2025-06-02 00:46:27.157 36294 DEBUG heat.engine.service [req-9a1b6036-1ccb-4a8e-b85e-fda7a3bc4300 - - - - -] Service 88346042-767b-4747-9199-b87c9d35bb53 is updated service_manage_report /usr/lib/python3/dist-packages/heat/engine/service.py:2370
2025-06-02 00:46:27.163 36293 DEBUG heat.engine.service [req-19780231-331f-4d95-95fa-e4ca52e8dd08 - - - - -] Service d3272961-c297-4378-8fa8-49a524294872 is updated service_manage_report /usr/lib/python3/dist-packages/heat/engine/service.py:2370
2025-06-02 00:47:27.145 36295 DEBUG heat.engine.service [req-defabdb0-4596-4e54-928b-b80718d4572f - - - - -] Service c0caba7f-c52a-4126-a54b-f0f59b1b3ae5 is updated service_manage_report /usr/lib/python3/dist-packages/heat/engine/service.py:2370
2025-06-02 00:47:27.149 36292 DEBUG heat.engine.service [req-36483496-2ad1-499e-b108-bf69a1868974 - - - - -] Service 250c3ac2-8c15-44d9-92ae-f474e511c108 is updated service_manage_report /usr/lib/python3/dist-packages/heat/engine/service.py:2370
2025-06-02 00:47:27.152 36294 DEBUG heat.engine.service [req-cfc8168a-9e56-4003-840d-26d68550961c - - - - -] Service 88346042-767b-4747-9199-b87c9d35bb53 is updated service_manage_report /usr/lib/python3/dist-packages/heat/engine/service.py:2370
2025-06-02 00:47:27.158 36293 DEBUG heat.engine.service [req-38b7f30c-1a89-4952-a83b-f5859663f320 - - - - -] Service d3272961-c297-4378-8fa8-49a524294872 is updated service_manage_report /usr/lib/python3/dist-packages/heat/engine/service.py:2370
2025-06-02 00:48:27.141 36295 DEBUG heat.engine.service [req-a6800c68-360d-4c55-bf06-ee6a147051a0 - - - - -] Service c0caba7f-c52a-4126-a54b-f0f59b1b3ae5 is updated service_manage_report /usr/lib/python3/dist-packages/heat/engine/service.py:2370
2025-06-02 00:48:27.157 36292 DEBUG heat.engine.service [req-87acd2b9-3f32-4921-8855-5e63fb348d35 - - - - -] Service 250c3ac2-8c15-44d9-92ae-f474e511c108 is updated service_manage_report /usr/lib/python3/dist-packages/heat/engine/service.py:2370
2025-06-02 00:48:27.159 36294 DEBUG heat.engine.service [req-f80ed953-fcea-4d5e-ac6a-4f7691f4b8f4 - - - - -] Service 88346042-767b-4747-9199-b87c9d35bb53 is updated service_manage_report /usr/lib/python3/dist-packages/heat/engine/service.py:2370
2025-06-02 00:48:27.166 36293 DEBUG heat.engine.service [req-4ddaec78-50cc-4986-9b0c-f346ee404edc - - - - -] Service d3272961-c297-4378-8fa8-49a524294872 is updated service_manage_report /usr/lib/python3/dist-packages/heat/engine/service.py:2370
2025-06-02 00:49:27.140 36295 DEBUG heat.engine.service [req-0646ee0d-49ee-4081-8ac5-f9b62ca44811 - - - - -] Service c0caba7f-c52a-4126-a54b-f0f59b1b3ae5 is updated service_manage_report /usr/lib/python3/dist-packages/heat/engine/service.py:2370
2025-06-02 00:49:27.151 36292 DEBUG heat.engine.service [req-7cfd0301-4d98-4204-aef4-63bc4a5496cf - - - - -] Service 250c3ac2-8c15-44d9-92ae-f474e511c108 is updated service_manage_report /usr/lib/python3/dist-packages/heat/engine/service.py:2370
2025-06-02 00:49:27.153 36294 DEBUG heat.engine.service [req-e6bbbd71-01fb-45ca-812c-e4fcd18eb7af - - - - -] Service 88346042-767b-4747-9199-b87c9d35bb53 is updated service_manage_report /usr/lib/python3/dist-packages/heat/engine/service.py:2370
2025-06-02 00:49:27.160 36293 DEBUG heat.engine.service [req-2f9a16e6-bf52-480d-87a7-9fc735cedd90 - - - - -] Service d3272961-c297-4378-8fa8-49a524294872 is updated service_manage_report /usr/lib/python3/dist-packages/heat/engine/service.py:2370
2025-06-02 00:50:27.136 36295 DEBUG heat.engine.service [req-a82ba3b7-a449-4c28-a67d-b155a8e68580 - - - - -] Service c0caba7f-c52a-4126-a54b-f0f59b1b3ae5 is updated service_manage_report /usr/lib/python3/dist-packages/heat/engine/service.py:2370
2025-06-02 00:50:27.159 36294 DEBUG heat.engine.service [req-f6cde4ef-4f88-43e7-96f2-f5f1e2e5ef8f - - - - -] Service 88346042-767b-4747-9199-b87c9d35bb53 is updated service_manage_report /usr/lib/python3/dist-packages/heat/engine/service.py:2370
2025-06-02 00:50:27.161 36292 DEBUG heat.engine.service [req-f3096f79-3341-4e95-a497-6c8f240633a1 - - - - -] Service 250c3ac2-8c15-44d9-92ae-f474e511c108 is updated service_manage_report /usr/lib/python3/dist-packages/heat/engine/service.py:2370
2025-06-02 00:50:27.167 36293 DEBUG heat.engine.service [req-779d4d74-4527-46f4-9188-43409ee5b605 - - - - -] Service d3272961-c297-4378-8fa8-49a524294872 is updated service_manage_report /usr/lib/python3/dist-packages/heat/engine/service.py:2370
2025-06-02 00:51:27.132 36295 DEBUG heat.engine.service [req-1184afc5-1dc0-4e98-ba71-519067809957 - - - - -] Service c0caba7f-c52a-4126-a54b-f0f59b1b3ae5 is updated service_manage_report /usr/lib/python3/dist-packages/heat/engine/service.py:2370
2025-06-02 00:51:27.157 36292 DEBUG heat.engine.service [req-46762f2c-ae2d-4597-af52-eb5ff1db7003 - - - - -] Service 250c3ac2-8c15-44d9-92ae-f474e511c108 is updated service_manage_report /usr/lib/python3/dist-packages/heat/engine/service.py:2370
2025-06-02 00:51:27.162 36294 DEBUG heat.engine.service [req-97faa38a-a820-4c15-ae18-044cfe6c11ec - - - - -] Service 88346042-767b-4747-9199-b87c9d35bb53 is updated service_manage_report /usr/lib/python3/dist-packages/heat/engine/service.py:2370
2025-06-02 00:51:27.167 36293 DEBUG heat.engine.service [req-0c69c243-0752-461c-a3a5-df2084f1fe9a - - - - -] Service d3272961-c297-4378-8fa8-49a524294872 is updated service_manage_report /usr/lib/python3/dist-packages/heat/engine/service.py:2370
2025-06-02 00:52:27.138 36295 DEBUG heat.engine.service [req-a7d0b44d-1ba7-4f4c-a0a6-5fb78585f24d - - - - -] Service c0caba7f-c52a-4126-a54b-f0f59b1b3ae5 is updated service_manage_report /usr/lib/python3/dist-packages/heat/engine/service.py:2370
2025-06-02 00:52:27.153 36292 DEBUG heat.engine.service [req-54855923-8aeb-421e-8dad-434a5af15df3 - - - - -] Service 250c3ac2-8c15-44d9-92ae-f474e511c108 is updated service_manage_report /usr/lib/python3/dist-packages/heat/engine/service.py:2370
2025-06-02 00:52:27.162 36294 DEBUG heat.engine.service [req-0725020a-7292-495c-a163-7a290806121c - - - - -] Service 88346042-767b-4747-9199-b87c9d35bb53 is updated service_manage_report /usr/lib/python3/dist-packages/heat/engine/service.py:2370
2025-06-02 00:52:27.167 36293 DEBUG heat.engine.service [req-03bbb5e0-320e-4a1d-aa53-58f5eb72575f - - - - -] Service d3272961-c297-4378-8fa8-49a524294872 is updated service_manage_report /usr/lib/python3/dist-packages/heat/engine/service.py:2370
2025-06-02 00:53:27.134 36295 DEBUG heat.engine.service [req-62ee8e88-ef20-414f-8f49-26abddd2cb80 - - - - -] Service c0caba7f-c52a-4126-a54b-f0f59b1b3ae5 is updated service_manage_report /usr/lib/python3/dist-packages/heat/engine/service.py:2370
2025-06-02 00:53:27.148 36292 DEBUG heat.engine.service [req-cecc5bf1-fcf4-402d-ae44-44512a459226 - - - - -] Service 250c3ac2-8c15-44d9-92ae-f474e511c108 is updated service_manage_report /usr/lib/python3/dist-packages/heat/engine/service.py:2370
2025-06-02 00:53:27.159 36294 DEBUG heat.engine.service [req-7148153c-0b8f-4512-9ec7-5daada0e5210 - - - - -] Service 88346042-767b-4747-9199-b87c9d35bb53 is updated service_manage_report /usr/lib/python3/dist-packages/heat/engine/service.py:2370
2025-06-02 00:53:27.162 36293 DEBUG heat.engine.service [req-9913af4a-7e32-442d-ac72-134b614a83c8 - - - - -] Service d3272961-c297-4378-8fa8-49a524294872 is updated service_manage_report /usr/lib/python3/dist-packages/heat/engine/service.py:2370
2025-06-02 00:54:27.139 36295 DEBUG heat.engine.service [req-d11d8f98-b90a-4966-a283-7a2063e5417e - - - - -] Service c0caba7f-c52a-4126-a54b-f0f59b1b3ae5 is updated service_manage_report /usr/lib/python3/dist-packages/heat/engine/service.py:2370
2025-06-02 00:54:27.153 36294 DEBUG heat.engine.service [req-84b6e719-0988-4cc1-a1af-c13413f1f79c - - - - -] Service 88346042-767b-4747-9199-b87c9d35bb53 is updated service_manage_report /usr/lib/python3/dist-packages/heat/engine/service.py:2370
2025-06-02 00:54:27.156 36292 DEBUG heat.engine.service [req-b93a0baa-3441-4dac-8d9e-d99269cad5e5 - - - - -] Service 250c3ac2-8c15-44d9-92ae-f474e511c108 is updated service_manage_report /usr/lib/python3/dist-packages/heat/engine/service.py:2370
2025-06-02 00:54:27.171 36293 DEBUG heat.engine.service [req-a97ad994-2f83-417d-b2b2-a467b52a6036 - - - - -] Service d3272961-c297-4378-8fa8-49a524294872 is updated service_manage_report /usr/lib/python3/dist-packages/heat/engine/service.py:2370
2025-06-02 00:55:27.147 36295 DEBUG heat.engine.service [req-e78db0b4-5bf5-49a7-a010-bd13751ac02f - - - - -] Service c0caba7f-c52a-4126-a54b-f0f59b1b3ae5 is updated service_manage_report /usr/lib/python3/dist-packages/heat/engine/service.py:2370
2025-06-02 00:55:27.162 36292 DEBUG heat.engine.service [req-56f6601d-efca-4c9e-ad5d-ced0a1146603 - - - - -] Service 250c3ac2-8c15-44d9-92ae-f474e511c108 is updated service_manage_report /usr/lib/python3/dist-packages/heat/engine/service.py:2370
2025-06-02 00:55:27.163 36294 DEBUG heat.engine.service [req-da52022c-e258-423b-a37a-09156e3956c2 - - - - -] Service 88346042-767b-4747-9199-b87c9d35bb53 is updated service_manage_report /usr/lib/python3/dist-packages/heat/engine/service.py:2370
2025-06-02 00:55:27.171 36293 DEBUG heat.engine.service [req-fb55c566-a23c-40f2-b002-1fe4243c9110 - - - - -] Service d3272961-c297-4378-8fa8-49a524294872 is updated service_manage_report /usr/lib/python3/dist-packages/heat/engine/service.py:2370
2025-06-02 00:56:27.141 36295 DEBUG heat.engine.service [req-d817ebab-e60b-4fb3-9fa9-7633427a9c46 - - - - -] Service c0caba7f-c52a-4126-a54b-f0f59b1b3ae5 is updated service_manage_report /usr/lib/python3/dist-packages/heat/engine/service.py:2370
2025-06-02 00:56:27.156 36292 DEBUG heat.engine.service [req-eb6c2017-dbda-4e0f-b43b-479231f8397b - - - - -] Service 250c3ac2-8c15-44d9-92ae-f474e511c108 is updated service_manage_report /usr/lib/python3/dist-packages/heat/engine/service.py:2370
2025-06-02 00:56:27.158 36294 DEBUG heat.engine.service [req-a8f46058-d3ad-4736-ab7e-568ba0cbbaf4 - - - - -] Service 88346042-767b-4747-9199-b87c9d35bb53 is updated service_manage_report /usr/lib/python3/dist-packages/heat/engine/service.py:2370
2025-06-02 00:56:27.164 36293 DEBUG heat.engine.service [req-d0071f0c-de1b-435b-b540-894342a289bf - - - - -] Service d3272961-c297-4378-8fa8-49a524294872 is updated service_manage_report /usr/lib/python3/dist-packages/heat/engine/service.py:2370
2025-06-02 00:57:27.148 36295 DEBUG heat.engine.service [req-ccd78a59-7b26-43f0-8d8b-936f85015d9a - - - - -] Service c0caba7f-c52a-4126-a54b-f0f59b1b3ae5 is updated service_manage_report /usr/lib/python3/dist-packages/heat/engine/service.py:2370
2025-06-02 00:57:27.162 36292 DEBUG heat.engine.service [req-1fe6ca5f-a14f-4ea1-a8c3-061c2b2606da - - - - -] Service 250c3ac2-8c15-44d9-92ae-f474e511c108 is updated service_manage_report /usr/lib/python3/dist-packages/heat/engine/service.py:2370
2025-06-02 00:57:27.168 36294 DEBUG heat.engine.service [req-8f0fe1d8-11d8-4cd5-8501-789af8033d6f - - - - -] Service 88346042-767b-4747-9199-b87c9d35bb53 is updated service_manage_report /usr/lib/python3/dist-packages/heat/engine/service.py:2370
2025-06-02 00:57:27.170 36293 DEBUG heat.engine.service [req-020a1abd-7f57-425c-99bd-9c03241c4c55 - - - - -] Service d3272961-c297-4378-8fa8-49a524294872 is updated service_manage_report /usr/lib/python3/dist-packages/heat/engine/service.py:2370
2025-06-02 00:58:27.146 36295 DEBUG heat.engine.service [req-d472ce43-7619-44b8-9f92-8696a1d55ec9 - - - - -] Service c0caba7f-c52a-4126-a54b-f0f59b1b3ae5 is updated service_manage_report /usr/lib/python3/dist-packages/heat/engine/service.py:2370
2025-06-02 00:58:27.165 36294 DEBUG heat.engine.service [req-5d68ede1-9a12-4dfe-a118-999f0b9367e4 - - - - -] Service 88346042-767b-4747-9199-b87c9d35bb53 is updated service_manage_report /usr/lib/python3/dist-packages/heat/engine/service.py:2370
2025-06-02 00:58:27.169 36293 DEBUG heat.engine.service [req-6751966e-77bb-4dcd-83f2-b3f8f53beb8d - - - - -] Service d3272961-c297-4378-8fa8-49a524294872 is updated service_manage_report /usr/lib/python3/dist-packages/heat/engine/service.py:2370
2025-06-02 00:58:27.169 36292 DEBUG heat.engine.service [req-0be196d2-805c-4bcb-ad4c-d9f4f11639cc - - - - -] Service 250c3ac2-8c15-44d9-92ae-f474e511c108 is updated service_manage_report /usr/lib/python3/dist-packages/heat/engine/service.py:2370
2025-06-02 00:59:27.142 36295 DEBUG heat.engine.service [req-fd06192f-5800-4333-9205-cee381670874 - - - - -] Service c0caba7f-c52a-4126-a54b-f0f59b1b3ae5 is updated service_manage_report /usr/lib/python3/dist-packages/heat/engine/service.py:2370
2025-06-02 00:59:27.160 36294 DEBUG heat.engine.service [req-325d2192-97cf-49b1-9865-28110cdb6f1b - - - - -] Service 88346042-767b-4747-9199-b87c9d35bb53 is updated service_manage_report /usr/lib/python3/dist-packages/heat/engine/service.py:2370
2025-06-02 00:59:27.166 36292 DEBUG heat.engine.service [req-49bb94d4-c850-44df-aef1-4998a3b76531 - - - - -] Service 250c3ac2-8c15-44d9-92ae-f474e511c108 is updated service_manage_report /usr/lib/python3/dist-packages/heat/engine/service.py:2370
2025-06-02 00:59:27.168 36293 DEBUG heat.engine.service [req-1d0842d4-2076-4df8-8ee5-d303eed6c346 - - - - -] Service d3272961-c297-4378-8fa8-49a524294872 is updated service_manage_report /usr/lib/python3/dist-packages/heat/engine/service.py:2370
2025-06-02 01:00:27.136 36295 DEBUG heat.engine.service [req-52f54904-4f39-4294-a4d4-0f499d154451 - - - - -] Service c0caba7f-c52a-4126-a54b-f0f59b1b3ae5 is updated service_manage_report /usr/lib/python3/dist-packages/heat/engine/service.py:2370
2025-06-02 01:00:27.163 36292 DEBUG heat.engine.service [req-b97cd4fe-f843-4bb3-bb23-f224b8f9367a - - - - -] Service 250c3ac2-8c15-44d9-92ae-f474e511c108 is updated service_manage_report /usr/lib/python3/dist-packages/heat/engine/service.py:2370
2025-06-02 01:00:27.167 36293 DEBUG heat.engine.service [req-bd8b2340-372f-4515-be1c-00b938fe13e7 - - - - -] Service d3272961-c297-4378-8fa8-49a524294872 is updated service_manage_report /usr/lib/python3/dist-packages/heat/engine/service.py:2370
2025-06-02 01:00:27.167 36294 DEBUG heat.engine.service [req-6e96255d-7a55-406a-adbb-d04660e98ff1 - - - - -] Service 88346042-767b-4747-9199-b87c9d35bb53 is updated service_manage_report /usr/lib/python3/dist-packages/heat/engine/service.py:2370
2025-06-02 01:01:27.146 36295 DEBUG heat.engine.service [req-ac88840e-0ddc-496f-ba56-c59f9afad018 - - - - -] Service c0caba7f-c52a-4126-a54b-f0f59b1b3ae5 is updated service_manage_report /usr/lib/python3/dist-packages/heat/engine/service.py:2370
2025-06-02 01:01:27.160 36292 DEBUG heat.engine.service [req-85df7fcb-b3d8-402e-973c-03bb118ebf6d - - - - -] Service 250c3ac2-8c15-44d9-92ae-f474e511c108 is updated service_manage_report /usr/lib/python3/dist-packages/heat/engine/service.py:2370
2025-06-02 01:01:27.163 36293 DEBUG heat.engine.service [req-1d974134-be49-4f52-863e-6b1d5878fbed - - - - -] Service d3272961-c297-4378-8fa8-49a524294872 is updated service_manage_report /usr/lib/python3/dist-packages/heat/engine/service.py:2370
2025-06-02 01:01:27.164 36294 DEBUG heat.engine.service [req-41449d89-4585-4b76-9a02-ca6c2de0818d - - - - -] Service 88346042-767b-4747-9199-b87c9d35bb53 is updated service_manage_report /usr/lib/python3/dist-packages/heat/engine/service.py:2370
2025-06-02 01:02:27.143 36295 DEBUG heat.engine.service [req-6c6803ce-3ef5-4898-afa0-93b4819636f1 - - - - -] Service c0caba7f-c52a-4126-a54b-f0f59b1b3ae5 is updated service_manage_report /usr/lib/python3/dist-packages/heat/engine/service.py:2370
2025-06-02 01:02:27.155 36292 DEBUG heat.engine.service [req-26dc5dc5-0d60-470f-b66c-8a167bcb0f61 - - - - -] Service 250c3ac2-8c15-44d9-92ae-f474e511c108 is updated service_manage_report /usr/lib/python3/dist-packages/heat/engine/service.py:2370
2025-06-02 01:02:27.159 36293 DEBUG heat.engine.service [req-776b48a7-6ce8-44fe-b9ad-18dba0438636 - - - - -] Service d3272961-c297-4378-8fa8-49a524294872 is updated service_manage_report /usr/lib/python3/dist-packages/heat/engine/service.py:2370
2025-06-02 01:02:27.162 36294 DEBUG heat.engine.service [req-6de62859-ca9e-45eb-a1b2-555bc81ed544 - - - - -] Service 88346042-767b-4747-9199-b87c9d35bb53 is updated service_manage_report /usr/lib/python3/dist-packages/heat/engine/service.py:2370
