2025-06-02 02:07:12.557 74514 DEBUG oslo_service.service [-] clients_aodh.cert_file = None log_opt_values /usr/lib/python3/dist-packages/oslo_config/cfg.py:2609
2025-06-02 02:07:12.557 74514 DEBUG oslo_service.service [-] clients_aodh.endpoint_type = None log_opt_values /usr/lib/python3/dist-packages/oslo_config/cfg.py:2609
2025-06-02 02:07:12.557 74514 DEBUG oslo_service.service [-] clients_aodh.insecure = None log_opt_values /usr/lib/python3/dist-packages/oslo_config/cfg.py:2609
2025-06-02 02:07:12.557 74514 DEBUG oslo_service.service [-] clients_aodh.key_file = None log_opt_values /usr/lib/python3/dist-packages/oslo_config/cfg.py:2609
2025-06-02 02:07:12.557 74514 DEBUG oslo_service.service [-] clients_barbican.ca_file = None log_opt_values /usr/lib/python3/dist-packages/oslo_config/cfg.py:2609
2025-06-02 02:07:12.570 74514 DEBUG oslo_service.service [-] clients_barbican.cert_file = None log_opt_values /usr/lib/python3/dist-packages/oslo_config/cfg.py:2609
2025-06-02 02:07:12.571 74514 DEBUG oslo_service.service [-] clients_barbican.endpoint_type = None log_opt_values /usr/lib/python3/dist-packages/oslo_config/cfg.py:2609
2025-06-02 02:07:12.571 74514 DEBUG oslo_service.service [-] clients_barbican.insecure = None log_opt_values /usr/lib/python3/dist-packages/oslo_config/cfg.py:2609
2025-06-02 02:07:12.571 74514 DEBUG oslo_service.service [-] clients_barbican.key_file = None log_opt_values /usr/lib/python3/dist-packages/oslo_config/cfg.py:2609
2025-06-02 02:07:12.571 74514 DEBUG oslo_service.service [-] clients_cinder.ca_file = None log_opt_values /usr/lib/python3/dist-packages/oslo_config/cfg.py:2609
2025-06-02 02:07:12.571 74514 DEBUG oslo_service.service [-] clients_cinder.cert_file = None log_opt_values /usr/lib/python3/dist-packages/oslo_config/cfg.py:2609
2025-06-02 02:07:12.572 74514 DEBUG oslo_service.service [-] clients_cinder.endpoint_type = None log_opt_values /usr/lib/python3/dist-packages/oslo_config/cfg.py:2609
2025-06-02 02:07:12.572 74514 DEBUG oslo_service.service [-] clients_cinder.http_log_debug = False log_opt_values /usr/lib/python3/dist-packages/oslo_config/cfg.py:2609
2025-06-02 02:07:12.572 74514 DEBUG oslo_service.service [-] clients_cinder.insecure = None log_opt_values /usr/lib/python3/dist-packages/oslo_config/cfg.py:2609
2025-06-02 02:07:12.572 74514 DEBUG oslo_service.service [-] clients_cinder.key_file = None log_opt_values /usr/lib/python3/dist-packages/oslo_config/cfg.py:2609
2025-06-02 02:07:12.572 74514 DEBUG oslo_service.service [-] clients_designate.ca_file = None log_opt_values /usr/lib/python3/dist-packages/oslo_config/cfg.py:2609
2025-06-02 02:07:12.573 74514 DEBUG oslo_service.service [-] clients_designate.cert_file = None log_opt_values /usr/lib/python3/dist-packages/oslo_config/cfg.py:2609
2025-06-02 02:07:12.573 74514 DEBUG oslo_service.service [-] clients_designate.endpoint_type = None log_opt_values /usr/lib/python3/dist-packages/oslo_config/cfg.py:2609
2025-06-02 02:07:12.573 74514 DEBUG oslo_service.service [-] clients_designate.insecure = None log_opt_values /usr/lib/python3/dist-packages/oslo_config/cfg.py:2609
2025-06-02 02:07:12.573 74514 DEBUG oslo_service.service [-] clients_designate.key_file = None log_opt_values /usr/lib/python3/dist-packages/oslo_config/cfg.py:2609
2025-06-02 02:07:12.573 74514 DEBUG oslo_service.service [-] clients_glance.ca_file = None log_opt_values /usr/lib/python3/dist-packages/oslo_config/cfg.py:2609
2025-06-02 02:07:12.573 74514 DEBUG oslo_service.service [-] clients_glance.cert_file = None log_opt_values /usr/lib/python3/dist-packages/oslo_config/cfg.py:2609
2025-06-02 02:07:12.573 74514 DEBUG oslo_service.service [-] clients_glance.endpoint_type = None log_opt_values /usr/lib/python3/dist-packages/oslo_config/cfg.py:2609
2025-06-02 02:07:12.574 74514 DEBUG oslo_service.service [-] clients_glance.insecure = None log_opt_values /usr/lib/python3/dist-packages/oslo_config/cfg.py:2609
2025-06-02 02:07:12.574 74514 DEBUG oslo_service.service [-] clients_glance.key_file = None log_opt_values /usr/lib/python3/dist-packages/oslo_config/cfg.py:2609
2025-06-02 02:07:12.578 74514 DEBUG oslo_service.service [-] clients_heat.ca_file = None log_opt_values /usr/lib/python3/dist-packages/oslo_config/cfg.py:2609
2025-06-02 02:07:12.578 74514 DEBUG oslo_service.service [-] clients_heat.cert_file = None log_opt_values /usr/lib/python3/dist-packages/oslo_config/cfg.py:2609
2025-06-02 02:07:12.578 74514 DEBUG oslo_service.service [-] clients_heat.endpoint_type = None log_opt_values /usr/lib/python3/dist-packages/oslo_config/cfg.py:2609
2025-06-02 02:07:12.579 74514 DEBUG oslo_service.service [-] clients_heat.insecure = None log_opt_values /usr/lib/python3/dist-packages/oslo_config/cfg.py:2609
2025-06-02 02:07:12.580 74514 DEBUG oslo_service.service [-] clients_heat.key_file = None log_opt_values /usr/lib/python3/dist-packages/oslo_config/cfg.py:2609
2025-06-02 02:07:12.580 74514 DEBUG oslo_service.service [-] clients_heat.url = log_opt_values /usr/lib/python3/dist-packages/oslo_config/cfg.py:2609
2025-06-02 02:07:12.580 74514 DEBUG oslo_service.service [-] clients_keystone.auth_uri = http://252.129.134.190:5050 log_opt_values /usr/lib/python3/dist-packages/oslo_config/cfg.py:2609
2025-06-02 02:07:12.580 74514 DEBUG oslo_service.service [-] clients_keystone.ca_file = None log_opt_values /usr/lib/python3/dist-packages/oslo_config/cfg.py:2609
2025-06-02 02:07:12.580 74514 DEBUG oslo_service.service [-] clients_keystone.cert_file = None log_opt_values /usr/lib/python3/dist-packages/oslo_config/cfg.py:2609
2025-06-02 02:07:12.580 74514 DEBUG oslo_service.service [-] clients_keystone.endpoint_type = None log_opt_values /usr/lib/python3/dist-packages/oslo_config/cfg.py:2609
2025-06-02 02:07:12.580 74514 DEBUG oslo_service.service [-] clients_keystone.insecure = None log_opt_values /usr/lib/python3/dist-packages/oslo_config/cfg.py:2609
2025-06-02 02:07:12.581 74514 DEBUG oslo_service.service [-] clients_keystone.key_file = None log_opt_values /usr/lib/python3/dist-packages/oslo_config/cfg.py:2609
2025-06-02 02:07:12.581 74514 DEBUG oslo_service.service [-] clients_magnum.ca_file = None log_opt_values /usr/lib/python3/dist-packages/oslo_config/cfg.py:2609
2025-06-02 02:07:12.582 74514 DEBUG oslo_service.service [-] clients_magnum.cert_file = None log_opt_values /usr/lib/python3/dist-packages/oslo_config/cfg.py:2609
2025-06-02 02:07:12.582 74514 DEBUG oslo_service.service [-] clients_magnum.endpoint_type = None log_opt_values /usr/lib/python3/dist-packages/oslo_config/cfg.py:2609
2025-06-02 02:07:12.582 74514 DEBUG oslo_service.service [-] clients_magnum.insecure = None log_opt_values /usr/lib/python3/dist-packages/oslo_config/cfg.py:2609
2025-06-02 02:07:12.583 74514 DEBUG oslo_service.service [-] clients_magnum.key_file = None log_opt_values /usr/lib/python3/dist-packages/oslo_config/cfg.py:2609
2025-06-02 02:07:12.583 74514 DEBUG oslo_service.service [-] clients_manila.ca_file = None log_opt_values /usr/lib/python3/dist-packages/oslo_config/cfg.py:2609
2025-06-02 02:07:12.583 74514 DEBUG oslo_service.service [-] clients_manila.cert_file = None log_opt_values /usr/lib/python3/dist-packages/oslo_config/cfg.py:2609
2025-06-02 02:07:12.583 74514 DEBUG oslo_service.service [-] clients_manila.endpoint_type = None log_opt_values /usr/lib/python3/dist-packages/oslo_config/cfg.py:2609
2025-06-02 02:07:12.583 74514 DEBUG oslo_service.service [-] clients_manila.insecure = None log_opt_values /usr/lib/python3/dist-packages/oslo_config/cfg.py:2609
2025-06-02 02:07:12.584 74514 DEBUG oslo_service.service [-] clients_manila.key_file = None log_opt_values /usr/lib/python3/dist-packages/oslo_config/cfg.py:2609
2025-06-02 02:07:12.584 74514 DEBUG oslo_service.service [-] clients_mistral.ca_file = None log_opt_values /usr/lib/python3/dist-packages/oslo_config/cfg.py:2609
2025-06-02 02:07:12.584 74514 DEBUG oslo_service.service [-] clients_mistral.cert_file = None log_opt_values /usr/lib/python3/dist-packages/oslo_config/cfg.py:2609
2025-06-02 02:07:12.584 74514 DEBUG oslo_service.service [-] clients_mistral.endpoint_type = None log_opt_values /usr/lib/python3/dist-packages/oslo_config/cfg.py:2609
2025-06-02 02:07:12.584 74514 DEBUG oslo_service.service [-] clients_mistral.insecure = None log_opt_values /usr/lib/python3/dist-packages/oslo_config/cfg.py:2609
2025-06-02 02:07:12.584 74514 DEBUG oslo_service.service [-] clients_mistral.key_file = None log_opt_values /usr/lib/python3/dist-packages/oslo_config/cfg.py:2609
2025-06-02 02:07:12.584 74514 DEBUG oslo_service.service [-] clients_monasca.ca_file = None log_opt_values /usr/lib/python3/dist-packages/oslo_config/cfg.py:2609
2025-06-02 02:07:12.585 74514 DEBUG oslo_service.service [-] clients_monasca.cert_file = None log_opt_values /usr/lib/python3/dist-packages/oslo_config/cfg.py:2609
2025-06-02 02:07:12.585 74514 DEBUG oslo_service.service [-] clients_monasca.endpoint_type = None log_opt_values /usr/lib/python3/dist-packages/oslo_config/cfg.py:2609
2025-06-02 02:07:12.585 74514 DEBUG oslo_service.service [-] clients_monasca.insecure = None log_opt_values /usr/lib/python3/dist-packages/oslo_config/cfg.py:2609
2025-06-02 02:07:12.585 74514 DEBUG oslo_service.service [-] clients_monasca.key_file = None log_opt_values /usr/lib/python3/dist-packages/oslo_config/cfg.py:2609
2025-06-02 02:07:12.585 74514 DEBUG oslo_service.service [-] clients_neutron.ca_file = None log_opt_values /usr/lib/python3/dist-packages/oslo_config/cfg.py:2609
2025-06-02 02:07:12.585 74514 DEBUG oslo_service.service [-] clients_neutron.cert_file = None log_opt_values /usr/lib/python3/dist-packages/oslo_config/cfg.py:2609
2025-06-02 02:07:12.585 74514 DEBUG oslo_service.service [-] clients_neutron.endpoint_type = None log_opt_values /usr/lib/python3/dist-packages/oslo_config/cfg.py:2609
2025-06-02 02:07:12.586 74514 DEBUG oslo_service.service [-] clients_neutron.insecure = None log_opt_values /usr/lib/python3/dist-packages/oslo_config/cfg.py:2609
2025-06-02 02:07:12.586 74514 DEBUG oslo_service.service [-] clients_neutron.key_file = None log_opt_values /usr/lib/python3/dist-packages/oslo_config/cfg.py:2609
2025-06-02 02:07:12.587 74514 DEBUG oslo_service.service [-] clients_nova.ca_file = None log_opt_values /usr/lib/python3/dist-packages/oslo_config/cfg.py:2609
2025-06-02 02:07:12.587 74514 DEBUG oslo_service.service [-] clients_nova.cert_file = None log_opt_values /usr/lib/python3/dist-packages/oslo_config/cfg.py:2609
2025-06-02 02:07:12.587 74514 DEBUG oslo_service.service [-] clients_nova.endpoint_type = None log_opt_values /usr/lib/python3/dist-packages/oslo_config/cfg.py:2609
2025-06-02 02:07:12.587 74514 DEBUG oslo_service.service [-] clients_nova.http_log_debug = False log_opt_values /usr/lib/python3/dist-packages/oslo_config/cfg.py:2609
2025-06-02 02:07:12.588 74514 DEBUG oslo_service.service [-] clients_nova.insecure = None log_opt_values /usr/lib/python3/dist-packages/oslo_config/cfg.py:2609
2025-06-02 02:07:12.588 74514 DEBUG oslo_service.service [-] clients_nova.key_file = None log_opt_values /usr/lib/python3/dist-packages/oslo_config/cfg.py:2609
2025-06-02 02:07:12.588 74514 DEBUG oslo_service.service [-] clients_octavia.ca_file = None log_opt_values /usr/lib/python3/dist-packages/oslo_config/cfg.py:2609
2025-06-02 02:07:12.588 74514 DEBUG oslo_service.service [-] clients_octavia.cert_file = None log_opt_values /usr/lib/python3/dist-packages/oslo_config/cfg.py:2609
2025-06-02 02:07:12.588 74514 DEBUG oslo_service.service [-] clients_octavia.endpoint_type = None log_opt_values /usr/lib/python3/dist-packages/oslo_config/cfg.py:2609
2025-06-02 02:07:12.588 74514 DEBUG oslo_service.service [-] clients_octavia.insecure = None log_opt_values /usr/lib/python3/dist-packages/oslo_config/cfg.py:2609
2025-06-02 02:07:12.588 74514 DEBUG oslo_service.service [-] clients_octavia.key_file = None log_opt_values /usr/lib/python3/dist-packages/oslo_config/cfg.py:2609
2025-06-02 02:07:12.588 74514 DEBUG oslo_service.service [-] clients_sahara.ca_file = None log_opt_values /usr/lib/python3/dist-packages/oslo_config/cfg.py:2609
2025-06-02 02:07:12.588 74514 DEBUG oslo_service.service [-] clients_sahara.cert_file = None log_opt_values /usr/lib/python3/dist-packages/oslo_config/cfg.py:2609
2025-06-02 02:07:12.589 74514 DEBUG oslo_service.service [-] clients_sahara.endpoint_type = None log_opt_values /usr/lib/python3/dist-packages/oslo_config/cfg.py:2609
2025-06-02 02:07:12.589 74514 DEBUG oslo_service.service [-] clients_sahara.insecure = None log_opt_values /usr/lib/python3/dist-packages/oslo_config/cfg.py:2609
2025-06-02 02:07:12.589 74514 DEBUG oslo_service.service [-] clients_sahara.key_file = None log_opt_values /usr/lib/python3/dist-packages/oslo_config/cfg.py:2609
2025-06-02 02:07:12.589 74514 DEBUG oslo_service.service [-] clients_senlin.ca_file = None log_opt_values /usr/lib/python3/dist-packages/oslo_config/cfg.py:2609
2025-06-02 02:07:12.589 74514 DEBUG oslo_service.service [-] clients_senlin.cert_file = None log_opt_values /usr/lib/python3/dist-packages/oslo_config/cfg.py:2609
2025-06-02 02:07:12.589 74514 DEBUG oslo_service.service [-] clients_senlin.endpoint_type = None log_opt_values /usr/lib/python3/dist-packages/oslo_config/cfg.py:2609
2025-06-02 02:07:12.589 74514 DEBUG oslo_service.service [-] clients_senlin.insecure = None log_opt_values /usr/lib/python3/dist-packages/oslo_config/cfg.py:2609
2025-06-02 02:07:12.589 74514 DEBUG oslo_service.service [-] clients_senlin.key_file = None log_opt_values /usr/lib/python3/dist-packages/oslo_config/cfg.py:2609
2025-06-02 02:07:12.590 74514 DEBUG oslo_service.service [-] clients_swift.ca_file = None log_opt_values /usr/lib/python3/dist-packages/oslo_config/cfg.py:2609
2025-06-02 02:07:12.590 74514 DEBUG oslo_service.service [-] clients_swift.cert_file = None log_opt_values /usr/lib/python3/dist-packages/oslo_config/cfg.py:2609
2025-06-02 02:07:12.590 74514 DEBUG oslo_service.service [-] clients_swift.endpoint_type = None log_opt_values /usr/lib/python3/dist-packages/oslo_config/cfg.py:2609
2025-06-02 02:07:12.590 74514 DEBUG oslo_service.service [-] clients_swift.insecure = None log_opt_values /usr/lib/python3/dist-packages/oslo_config/cfg.py:2609
2025-06-02 02:07:12.590 74514 DEBUG oslo_service.service [-] clients_swift.key_file = None log_opt_values /usr/lib/python3/dist-packages/oslo_config/cfg.py:2609
2025-06-02 02:07:12.590 74514 DEBUG oslo_service.service [-] clients_trove.ca_file = None log_opt_values /usr/lib/python3/dist-packages/oslo_config/cfg.py:2609
2025-06-02 02:07:12.591 74514 DEBUG oslo_service.service [-] clients_trove.cert_file = None log_opt_values /usr/lib/python3/dist-packages/oslo_config/cfg.py:2609
2025-06-02 02:07:12.591 74514 DEBUG oslo_service.service [-] clients_trove.endpoint_type = None log_opt_values /usr/lib/python3/dist-packages/oslo_config/cfg.py:2609
2025-06-02 02:07:12.591 74514 DEBUG oslo_service.service [-] clients_trove.insecure = None log_opt_values /usr/lib/python3/dist-packages/oslo_config/cfg.py:2609
2025-06-02 02:07:12.591 74514 DEBUG oslo_service.service [-] clients_trove.key_file = None log_opt_values /usr/lib/python3/dist-packages/oslo_config/cfg.py:2609
2025-06-02 02:07:12.591 74514 DEBUG oslo_service.service [-] clients_vitrage.ca_file = None log_opt_values /usr/lib/python3/dist-packages/oslo_config/cfg.py:2609
2025-06-02 02:07:12.591 74514 DEBUG oslo_service.service [-] clients_vitrage.cert_file = None log_opt_values /usr/lib/python3/dist-packages/oslo_config/cfg.py:2609
2025-06-02 02:07:12.591 74514 DEBUG oslo_service.service [-] clients_vitrage.endpoint_type = None log_opt_values /usr/lib/python3/dist-packages/oslo_config/cfg.py:2609
2025-06-02 02:07:12.591 74514 DEBUG oslo_service.service [-] clients_vitrage.insecure = None log_opt_values /usr/lib/python3/dist-packages/oslo_config/cfg.py:2609
2025-06-02 02:07:12.591 74514 DEBUG oslo_service.service [-] clients_vitrage.key_file = None log_opt_values /usr/lib/python3/dist-packages/oslo_config/cfg.py:2609
2025-06-02 02:07:12.592 74514 DEBUG oslo_service.service [-] clients_zaqar.ca_file = None log_opt_values /usr/lib/python3/dist-packages/oslo_config/cfg.py:2609
2025-06-02 02:07:12.592 74514 DEBUG oslo_service.service [-] clients_zaqar.cert_file = None log_opt_values /usr/lib/python3/dist-packages/oslo_config/cfg.py:2609
2025-06-02 02:07:12.592 74514 DEBUG oslo_service.service [-] clients_zaqar.endpoint_type = None log_opt_values /usr/lib/python3/dist-packages/oslo_config/cfg.py:2609
2025-06-02 02:07:12.592 74514 DEBUG oslo_service.service [-] clients_zaqar.insecure = None log_opt_values /usr/lib/python3/dist-packages/oslo_config/cfg.py:2609
2025-06-02 02:07:12.592 74514 DEBUG oslo_service.service [-] clients_zaqar.key_file = None log_opt_values /usr/lib/python3/dist-packages/oslo_config/cfg.py:2609
2025-06-02 02:07:12.592 74514 DEBUG oslo_service.service [-] database.backend = sqlalchemy log_opt_values /usr/lib/python3/dist-packages/oslo_config/cfg.py:2609
2025-06-02 02:07:12.592 74514 DEBUG oslo_service.service [-] database.connection = **** log_opt_values /usr/lib/python3/dist-packages/oslo_config/cfg.py:2609
2025-06-02 02:07:12.593 74514 DEBUG oslo_service.service [-] database.connection_debug = 0 log_opt_values /usr/lib/python3/dist-packages/oslo_config/cfg.py:2609
2025-06-02 02:07:12.593 74514 DEBUG oslo_service.service [-] database.connection_parameters = log_opt_values /usr/lib/python3/dist-packages/oslo_config/cfg.py:2609
2025-06-02 02:07:12.593 74514 DEBUG oslo_service.service [-] database.connection_recycle_time = 3600 log_opt_values /usr/lib/python3/dist-packages/oslo_config/cfg.py:2609
2025-06-02 02:07:12.593 74514 DEBUG oslo_service.service [-] database.connection_trace = False log_opt_values /usr/lib/python3/dist-packages/oslo_config/cfg.py:2609
2025-06-02 02:07:12.593 74514 DEBUG oslo_service.service [-] database.db_inc_retry_interval = True log_opt_values /usr/lib/python3/dist-packages/oslo_config/cfg.py:2609
2025-06-02 02:07:12.593 74514 DEBUG oslo_service.service [-] database.db_max_retries = 20 log_opt_values /usr/lib/python3/dist-packages/oslo_config/cfg.py:2609
2025-06-02 02:07:12.593 74514 DEBUG oslo_service.service [-] database.db_max_retry_interval = 10 log_opt_values /usr/lib/python3/dist-packages/oslo_config/cfg.py:2609
2025-06-02 02:07:12.593 74514 DEBUG oslo_service.service [-] database.db_retry_interval = 1 log_opt_values /usr/lib/python3/dist-packages/oslo_config/cfg.py:2609
2025-06-02 02:07:12.593 74514 DEBUG oslo_service.service [-] database.max_overflow = 50 log_opt_values /usr/lib/python3/dist-packages/oslo_config/cfg.py:2609
2025-06-02 02:07:12.594 74514 DEBUG oslo_service.service [-] database.max_pool_size = 5 log_opt_values /usr/lib/python3/dist-packages/oslo_config/cfg.py:2609
2025-06-02 02:07:12.594 74514 DEBUG oslo_service.service [-] database.max_retries = 10 log_opt_values /usr/lib/python3/dist-packages/oslo_config/cfg.py:2609
2025-06-02 02:07:12.594 74514 DEBUG oslo_service.service [-] database.mysql_enable_ndb = False log_opt_values /usr/lib/python3/dist-packages/oslo_config/cfg.py:2609
2025-06-02 02:07:12.594 74514 DEBUG oslo_service.service [-] database.mysql_sql_mode = TRADITIONAL log_opt_values /usr/lib/python3/dist-packages/oslo_config/cfg.py:2609
2025-06-02 02:07:12.594 74514 DEBUG oslo_service.service [-] database.pool_timeout = None log_opt_values /usr/lib/python3/dist-packages/oslo_config/cfg.py:2609
2025-06-02 02:07:12.594 74514 DEBUG oslo_service.service [-] database.retry_interval = 10 log_opt_values /usr/lib/python3/dist-packages/oslo_config/cfg.py:2609
2025-06-02 02:07:12.594 74514 DEBUG oslo_service.service [-] database.slave_connection = **** log_opt_values /usr/lib/python3/dist-packages/oslo_config/cfg.py:2609
2025-06-02 02:07:12.594 74514 DEBUG oslo_service.service [-] database.sqlite_synchronous = True log_opt_values /usr/lib/python3/dist-packages/oslo_config/cfg.py:2609
2025-06-02 02:07:12.595 74514 DEBUG oslo_service.service [-] database.use_db_reconnect = False log_opt_values /usr/lib/python3/dist-packages/oslo_config/cfg.py:2609
2025-06-02 02:07:12.595 74514 DEBUG oslo_service.service [-] oslo_messaging_metrics.metrics_buffer_size = 1000 log_opt_values /usr/lib/python3/dist-packages/oslo_config/cfg.py:2609
2025-06-02 02:07:12.595 74514 DEBUG oslo_service.service [-] oslo_messaging_metrics.metrics_enabled = False log_opt_values /usr/lib/python3/dist-packages/oslo_config/cfg.py:2609
2025-06-02 02:07:12.595 74514 DEBUG oslo_service.service [-] oslo_messaging_metrics.metrics_process_name = log_opt_values /usr/lib/python3/dist-packages/oslo_config/cfg.py:2609
2025-06-02 02:07:12.595 74514 DEBUG oslo_service.service [-] oslo_messaging_metrics.metrics_socket_file = /var/tmp/metrics_collector.sock log_opt_values /usr/lib/python3/dist-packages/oslo_config/cfg.py:2609
2025-06-02 02:07:12.595 74514 DEBUG oslo_service.service [-] oslo_messaging_metrics.metrics_thread_stop_timeout = 10 log_opt_values /usr/lib/python3/dist-packages/oslo_config/cfg.py:2609
2025-06-02 02:07:12.595 74514 DEBUG oslo_service.service [-] oslo_policy.enforce_new_defaults = False log_opt_values /usr/lib/python3/dist-packages/oslo_config/cfg.py:2609
2025-06-02 02:07:12.596 74514 DEBUG oslo_service.service [-] oslo_policy.enforce_scope = False log_opt_values /usr/lib/python3/dist-packages/oslo_config/cfg.py:2609
2025-06-02 02:07:12.596 74514 DEBUG oslo_service.service [-] oslo_policy.policy_default_rule = default log_opt_values /usr/lib/python3/dist-packages/oslo_config/cfg.py:2609
2025-06-02 02:07:12.596 74514 DEBUG oslo_service.service [-] oslo_policy.policy_dirs = ['policy.d'] log_opt_values /usr/lib/python3/dist-packages/oslo_config/cfg.py:2609
2025-06-02 02:07:12.596 74514 DEBUG oslo_service.service [-] oslo_policy.policy_file = policy.yaml log_opt_values /usr/lib/python3/dist-packages/oslo_config/cfg.py:2609
2025-06-02 02:07:12.596 74514 DEBUG oslo_service.service [-] oslo_policy.remote_content_type = application/x-www-form-urlencoded log_opt_values /usr/lib/python3/dist-packages/oslo_config/cfg.py:2609
2025-06-02 02:07:12.596 74514 DEBUG oslo_service.service [-] oslo_policy.remote_ssl_ca_crt_file = None log_opt_values /usr/lib/python3/dist-packages/oslo_config/cfg.py:2609
2025-06-02 02:07:12.596 74514 DEBUG oslo_service.service [-] oslo_policy.remote_ssl_client_crt_file = None log_opt_values /usr/lib/python3/dist-packages/oslo_config/cfg.py:2609
2025-06-02 02:07:12.597 74514 DEBUG oslo_service.service [-] oslo_policy.remote_ssl_client_key_file = None log_opt_values /usr/lib/python3/dist-packages/oslo_config/cfg.py:2609
2025-06-02 02:07:12.597 74514 DEBUG oslo_service.service [-] oslo_policy.remote_ssl_verify_server_crt = False log_opt_values /usr/lib/python3/dist-packages/oslo_config/cfg.py:2609
2025-06-02 02:07:12.597 74514 DEBUG oslo_service.service [-] trustee.auth_section = None log_opt_values /usr/lib/python3/dist-packages/oslo_config/cfg.py:2609
2025-06-02 02:07:12.597 74514 WARNING oslo_config.cfg [-] Deprecated: Option "auth_plugin" from group "trustee" is deprecated. Use option "auth_type" from group "trustee".
2025-06-02 02:07:12.598 74514 DEBUG oslo_service.service [-] trustee.auth_type = password log_opt_values /usr/lib/python3/dist-packages/oslo_config/cfg.py:2609
2025-06-02 02:07:12.598 74744 INFO heat.engine.worker [-] Starting engine_worker (1.4) in engine 0d662d9e-a1bd-41df-9c82-1d7c0733a302.
2025-06-02 02:07:12.598 74514 DEBUG oslo_service.service [-] oslo_versionedobjects.fatal_exception_format_errors = False log_opt_values /usr/lib/python3/dist-packages/oslo_config/cfg.py:2609
2025-06-02 02:07:12.598 74514 DEBUG oslo_service.service [-] oslo_messaging_rabbit.amqp_auto_delete = False log_opt_values /usr/lib/python3/dist-packages/oslo_config/cfg.py:2609
2025-06-02 02:07:12.599 74514 DEBUG oslo_service.service [-] oslo_messaging_rabbit.amqp_durable_queues = False log_opt_values /usr/lib/python3/dist-packages/oslo_config/cfg.py:2609
2025-06-02 02:07:12.599 74514 DEBUG oslo_service.service [-] oslo_messaging_rabbit.conn_pool_min_size = 2 log_opt_values /usr/lib/python3/dist-packages/oslo_config/cfg.py:2609
2025-06-02 02:07:12.599 74514 DEBUG oslo_service.service [-] oslo_messaging_rabbit.conn_pool_ttl = 1200 log_opt_values /usr/lib/python3/dist-packages/oslo_config/cfg.py:2609
2025-06-02 02:07:12.599 74514 DEBUG oslo_service.service [-] oslo_messaging_rabbit.direct_mandatory_flag = True log_opt_values /usr/lib/python3/dist-packages/oslo_config/cfg.py:2609
2025-06-02 02:07:12.599 74514 DEBUG oslo_service.service [-] oslo_messaging_rabbit.enable_cancel_on_failover = False log_opt_values /usr/lib/python3/dist-packages/oslo_config/cfg.py:2609
2025-06-02 02:07:12.599 74514 DEBUG oslo_service.service [-] oslo_messaging_rabbit.heartbeat_in_pthread = False log_opt_values /usr/lib/python3/dist-packages/oslo_config/cfg.py:2609
2025-06-02 02:07:12.599 74745 INFO heat.engine.worker [-] Starting engine_worker (1.4) in engine 361bf8d9-5d90-495a-b95a-be4e05d9cf7c.
2025-06-02 02:07:12.599 74514 DEBUG oslo_service.service [-] oslo_messaging_rabbit.heartbeat_rate = 2 log_opt_values /usr/lib/python3/dist-packages/oslo_config/cfg.py:2609
2025-06-02 02:07:12.600 74514 DEBUG oslo_service.service [-] oslo_messaging_rabbit.heartbeat_timeout_threshold = 60 log_opt_values /usr/lib/python3/dist-packages/oslo_config/cfg.py:2609
2025-06-02 02:07:12.601 74514 DEBUG oslo_service.service [-] oslo_messaging_rabbit.kombu_compression = None log_opt_values /usr/lib/python3/dist-packages/oslo_config/cfg.py:2609
2025-06-02 02:07:12.601 74514 DEBUG oslo_service.service [-] oslo_messaging_rabbit.kombu_failover_strategy = round-robin log_opt_values /usr/lib/python3/dist-packages/oslo_config/cfg.py:2609
2025-06-02 02:07:12.604 74514 DEBUG oslo_service.service [-] oslo_messaging_rabbit.kombu_missing_consumer_retry_timeout = 60 log_opt_values /usr/lib/python3/dist-packages/oslo_config/cfg.py:2609
2025-06-02 02:07:12.605 74514 DEBUG oslo_service.service [-] oslo_messaging_rabbit.kombu_reconnect_delay = 1.0 log_opt_values /usr/lib/python3/dist-packages/oslo_config/cfg.py:2609
2025-06-02 02:07:12.606 74514 DEBUG oslo_service.service [-] oslo_messaging_rabbit.rabbit_ha_queues = False log_opt_values /usr/lib/python3/dist-packages/oslo_config/cfg.py:2609
2025-06-02 02:07:12.608 74514 DEBUG oslo_service.service [-] oslo_messaging_rabbit.rabbit_interval_max = 30 log_opt_values /usr/lib/python3/dist-packages/oslo_config/cfg.py:2609
2025-06-02 02:07:12.608 74514 DEBUG oslo_service.service [-] oslo_messaging_rabbit.rabbit_login_method = AMQPLAIN log_opt_values /usr/lib/python3/dist-packages/oslo_config/cfg.py:2609
2025-06-02 02:07:12.608 74514 DEBUG oslo_service.service [-] oslo_messaging_rabbit.rabbit_qos_prefetch_count = 0 log_opt_values /usr/lib/python3/dist-packages/oslo_config/cfg.py:2609
2025-06-02 02:07:12.608 74514 DEBUG oslo_service.service [-] oslo_messaging_rabbit.rabbit_quorum_queue = False log_opt_values /usr/lib/python3/dist-packages/oslo_config/cfg.py:2609
2025-06-02 02:07:12.609 74514 DEBUG oslo_service.service [-] oslo_messaging_rabbit.rabbit_retry_backoff = 2 log_opt_values /usr/lib/python3/dist-packages/oslo_config/cfg.py:2609
2025-06-02 02:07:12.609 74514 DEBUG oslo_service.service [-] oslo_messaging_rabbit.rabbit_retry_interval = 1 log_opt_values /usr/lib/python3/dist-packages/oslo_config/cfg.py:2609
2025-06-02 02:07:12.609 74514 DEBUG oslo_service.service [-] oslo_messaging_rabbit.rabbit_transient_queues_ttl = 1800 log_opt_values /usr/lib/python3/dist-packages/oslo_config/cfg.py:2609
2025-06-02 02:07:12.609 74514 DEBUG oslo_service.service [-] oslo_messaging_rabbit.rpc_conn_pool_size = 30 log_opt_values /usr/lib/python3/dist-packages/oslo_config/cfg.py:2609
2025-06-02 02:07:12.609 74514 DEBUG oslo_service.service [-] oslo_messaging_rabbit.ssl = False log_opt_values /usr/lib/python3/dist-packages/oslo_config/cfg.py:2609
2025-06-02 02:07:12.609 74514 DEBUG oslo_service.service [-] oslo_messaging_rabbit.ssl_ca_file = log_opt_values /usr/lib/python3/dist-packages/oslo_config/cfg.py:2609
2025-06-02 02:07:12.609 74514 DEBUG oslo_service.service [-] oslo_messaging_rabbit.ssl_cert_file = log_opt_values /usr/lib/python3/dist-packages/oslo_config/cfg.py:2609
2025-06-02 02:07:12.612 74514 DEBUG oslo_service.service [-] oslo_messaging_rabbit.ssl_key_file = log_opt_values /usr/lib/python3/dist-packages/oslo_config/cfg.py:2609
2025-06-02 02:07:12.612 74514 DEBUG oslo_service.service [-] oslo_messaging_rabbit.ssl_version = log_opt_values /usr/lib/python3/dist-packages/oslo_config/cfg.py:2609
2025-06-02 02:07:12.613 74514 DEBUG oslo_service.service [-] oslo_messaging_notifications.driver = [] log_opt_values /usr/lib/python3/dist-packages/oslo_config/cfg.py:2609
2025-06-02 02:07:12.613 74514 DEBUG oslo_service.service [-] oslo_messaging_notifications.retry = -1 log_opt_values /usr/lib/python3/dist-packages/oslo_config/cfg.py:2609
2025-06-02 02:07:12.613 74514 DEBUG oslo_service.service [-] oslo_messaging_notifications.topics = ['notifications'] log_opt_values /usr/lib/python3/dist-packages/oslo_config/cfg.py:2609
2025-06-02 02:07:12.613 74514 DEBUG oslo_service.service [-] oslo_messaging_notifications.transport_url = **** log_opt_values /usr/lib/python3/dist-packages/oslo_config/cfg.py:2609
2025-06-02 02:07:12.613 74514 DEBUG oslo_service.service [-] cache.backend = dogpile.cache.null log_opt_values /usr/lib/python3/dist-packages/oslo_config/cfg.py:2609
2025-06-02 02:07:12.613 74514 DEBUG oslo_service.service [-] cache.backend_argument = **** log_opt_values /usr/lib/python3/dist-packages/oslo_config/cfg.py:2609
2025-06-02 02:07:12.613 74514 DEBUG oslo_service.service [-] cache.config_prefix = cache.oslo log_opt_values /usr/lib/python3/dist-packages/oslo_config/cfg.py:2609
2025-06-02 02:07:12.614 74514 DEBUG oslo_service.service [-] cache.debug_cache_backend = False log_opt_values /usr/lib/python3/dist-packages/oslo_config/cfg.py:2609
2025-06-02 02:07:12.614 74514 DEBUG oslo_service.service [-] cache.enabled = False log_opt_values /usr/lib/python3/dist-packages/oslo_config/cfg.py:2609
2025-06-02 02:07:12.614 74514 DEBUG oslo_service.service [-] cache.expiration_time = 600 log_opt_values /usr/lib/python3/dist-packages/oslo_config/cfg.py:2609
2025-06-02 02:07:12.614 74514 DEBUG oslo_service.service [-] cache.memcache_dead_retry = 300 log_opt_values /usr/lib/python3/dist-packages/oslo_config/cfg.py:2609
2025-06-02 02:07:12.614 74514 DEBUG oslo_service.service [-] cache.memcache_pool_connection_get_timeout = 10 log_opt_values /usr/lib/python3/dist-packages/oslo_config/cfg.py:2609
2025-06-02 02:07:12.614 74514 DEBUG oslo_service.service [-] cache.memcache_pool_flush_on_reconnect = False log_opt_values /usr/lib/python3/dist-packages/oslo_config/cfg.py:2609
2025-06-02 02:07:12.614 74514 DEBUG oslo_service.service [-] cache.memcache_pool_maxsize = 10 log_opt_values /usr/lib/python3/dist-packages/oslo_config/cfg.py:2609
2025-06-02 02:07:12.614 74514 DEBUG oslo_service.service [-] cache.memcache_pool_unused_timeout = 60 log_opt_values /usr/lib/python3/dist-packages/oslo_config/cfg.py:2609
2025-06-02 02:07:12.615 74514 DEBUG oslo_service.service [-] cache.memcache_servers = ['localhost:11211'] log_opt_values /usr/lib/python3/dist-packages/oslo_config/cfg.py:2609
2025-06-02 02:07:12.615 74514 DEBUG oslo_service.service [-] cache.memcache_socket_timeout = 1.0 log_opt_values /usr/lib/python3/dist-packages/oslo_config/cfg.py:2609
2025-06-02 02:07:12.615 74514 DEBUG oslo_service.service [-] cache.proxies = [] log_opt_values /usr/lib/python3/dist-packages/oslo_config/cfg.py:2609
2025-06-02 02:07:12.615 74514 DEBUG oslo_service.service [-] cache.tls_allowed_ciphers = None log_opt_values /usr/lib/python3/dist-packages/oslo_config/cfg.py:2609
2025-06-02 02:07:12.615 74514 DEBUG oslo_service.service [-] cache.tls_cafile = None log_opt_values /usr/lib/python3/dist-packages/oslo_config/cfg.py:2609
2025-06-02 02:07:12.615 74514 DEBUG oslo_service.service [-] cache.tls_certfile = None log_opt_values /usr/lib/python3/dist-packages/oslo_config/cfg.py:2609
2025-06-02 02:07:12.615 74514 DEBUG oslo_service.service [-] cache.tls_enabled = False log_opt_values /usr/lib/python3/dist-packages/oslo_config/cfg.py:2609
2025-06-02 02:07:12.615 74514 DEBUG oslo_service.service [-] cache.tls_keyfile = None log_opt_values /usr/lib/python3/dist-packages/oslo_config/cfg.py:2609
2025-06-02 02:07:12.615 74514 DEBUG oslo_service.service [-] constraint_validation_cache.caching = True log_opt_values /usr/lib/python3/dist-packages/oslo_config/cfg.py:2609
2025-06-02 02:07:12.616 74514 DEBUG oslo_service.service [-] constraint_validation_cache.expiration_time = 60 log_opt_values /usr/lib/python3/dist-packages/oslo_config/cfg.py:2609
2025-06-02 02:07:12.616 74514 DEBUG oslo_service.service [-] service_extension_cache.caching = True log_opt_values /usr/lib/python3/dist-packages/oslo_config/cfg.py:2609
2025-06-02 02:07:12.616 74514 DEBUG oslo_service.service [-] service_extension_cache.expiration_time = 3600 log_opt_values /usr/lib/python3/dist-packages/oslo_config/cfg.py:2609
2025-06-02 02:07:12.616 74514 DEBUG oslo_service.service [-] resource_finder_cache.caching = True log_opt_values /usr/lib/python3/dist-packages/oslo_config/cfg.py:2609
2025-06-02 02:07:12.616 74514 DEBUG oslo_service.service [-] resource_finder_cache.expiration_time = 3600 log_opt_values /usr/lib/python3/dist-packages/oslo_config/cfg.py:2609
2025-06-02 02:07:12.616 74514 DEBUG oslo_service.service [-] yaql.limit_iterators = 200 log_opt_values /usr/lib/python3/dist-packages/oslo_config/cfg.py:2609
2025-06-02 02:07:12.616 74514 DEBUG oslo_service.service [-] yaql.memory_quota = 10000 log_opt_values /usr/lib/python3/dist-packages/oslo_config/cfg.py:2609
2025-06-02 02:07:12.616 74514 DEBUG oslo_service.service [-] ******************************************************************************** log_opt_values /usr/lib/python3/dist-packages/oslo_config/cfg.py:2613
2025-06-02 02:07:12.644 74742 DEBUG oslo_db.sqlalchemy.engines [req-91d55f06-3b2a-4d27-b48d-aad95e61aaf9 - - - - -] MySQL server mode set to STRICT_TRANS_TABLES,STRICT_ALL_TABLES,NO_ZERO_IN_DATE,NO_ZERO_DATE,ERROR_FOR_DIVISION_BY_ZERO,TRADITIONAL,NO_ENGINE_SUBSTITUTION _check_effective_sql_mode /usr/lib/python3/dist-packages/oslo_db/sqlalchemy/engines.py:314
2025-06-02 02:07:12.645 74743 DEBUG oslo_db.sqlalchemy.engines [req-2bd054f0-674e-4087-adfa-2ed9fd6d39b3 - - - - -] MySQL server mode set to STRICT_TRANS_TABLES,STRICT_ALL_TABLES,NO_ZERO_IN_DATE,NO_ZERO_DATE,ERROR_FOR_DIVISION_BY_ZERO,TRADITIONAL,NO_ENGINE_SUBSTITUTION _check_effective_sql_mode /usr/lib/python3/dist-packages/oslo_db/sqlalchemy/engines.py:314
2025-06-02 02:07:12.681 74744 DEBUG oslo_db.sqlalchemy.engines [req-730d56ee-fac0-4d90-8da4-f49b54c2b4ae - - - - -] MySQL server mode set to STRICT_TRANS_TABLES,STRICT_ALL_TABLES,NO_ZERO_IN_DATE,NO_ZERO_DATE,ERROR_FOR_DIVISION_BY_ZERO,TRADITIONAL,NO_ENGINE_SUBSTITUTION _check_effective_sql_mode /usr/lib/python3/dist-packages/oslo_db/sqlalchemy/engines.py:314
2025-06-02 02:07:12.694 74745 DEBUG oslo_db.sqlalchemy.engines [req-1393b15c-d466-49fa-b410-34280cb61e82 - - - - -] MySQL server mode set to STRICT_TRANS_TABLES,STRICT_ALL_TABLES,NO_ZERO_IN_DATE,NO_ZERO_DATE,ERROR_FOR_DIVISION_BY_ZERO,TRADITIONAL,NO_ENGINE_SUBSTITUTION _check_effective_sql_mode /usr/lib/python3/dist-packages/oslo_db/sqlalchemy/engines.py:314
2025-06-02 02:07:12.728 74743 DEBUG heat.engine.service [req-2bd054f0-674e-4087-adfa-2ed9fd6d39b3 - - - - -] Service 3984cec2-d429-46d4-8f69-363d623c0dec was aborted service_manage_cleanup /usr/lib/python3/dist-packages/heat/engine/service.py:2391
2025-06-02 02:07:12.731 74742 DEBUG heat.engine.service [req-91d55f06-3b2a-4d27-b48d-aad95e61aaf9 - - - - -] Service 3984cec2-d429-46d4-8f69-363d623c0dec was aborted service_manage_cleanup /usr/lib/python3/dist-packages/heat/engine/service.py:2391
2025-06-02 02:07:12.754 74742 DEBUG heat.engine.service [req-91d55f06-3b2a-4d27-b48d-aad95e61aaf9 - - - - -] Service 4a6bc82e-d878-4089-8881-58f521d60e10 was aborted service_manage_cleanup /usr/lib/python3/dist-packages/heat/engine/service.py:2391
2025-06-02 02:07:12.759 74743 DEBUG heat.engine.service [req-2bd054f0-674e-4087-adfa-2ed9fd6d39b3 - - - - -] Service 4a6bc82e-d878-4089-8881-58f521d60e10 was aborted service_manage_cleanup /usr/lib/python3/dist-packages/heat/engine/service.py:2391
2025-06-02 02:07:12.761 74744 DEBUG heat.engine.service [req-730d56ee-fac0-4d90-8da4-f49b54c2b4ae - - - - -] Service 4a6bc82e-d878-4089-8881-58f521d60e10 was aborted service_manage_cleanup /usr/lib/python3/dist-packages/heat/engine/service.py:2391
2025-06-02 02:07:12.762 74745 DEBUG heat.engine.service [req-1393b15c-d466-49fa-b410-34280cb61e82 - - - - -] Service 4a6bc82e-d878-4089-8881-58f521d60e10 was aborted service_manage_cleanup /usr/lib/python3/dist-packages/heat/engine/service.py:2391
2025-06-02 02:07:12.772 74742 DEBUG heat.engine.service [req-91d55f06-3b2a-4d27-b48d-aad95e61aaf9 - - - - -] Service 69065c2f-2e3b-4334-8298-104a36d02ca9 was aborted service_manage_cleanup /usr/lib/python3/dist-packages/heat/engine/service.py:2391
2025-06-02 02:07:12.773 74743 DEBUG heat.engine.service [req-2bd054f0-674e-4087-adfa-2ed9fd6d39b3 - - - - -] Service 69065c2f-2e3b-4334-8298-104a36d02ca9 was aborted service_manage_cleanup /usr/lib/python3/dist-packages/heat/engine/service.py:2391
2025-06-02 02:07:12.775 74745 DEBUG heat.engine.service [req-1393b15c-d466-49fa-b410-34280cb61e82 - - - - -] Service 69065c2f-2e3b-4334-8298-104a36d02ca9 was aborted service_manage_cleanup /usr/lib/python3/dist-packages/heat/engine/service.py:2391
2025-06-02 02:07:12.782 74744 DEBUG heat.engine.service [req-730d56ee-fac0-4d90-8da4-f49b54c2b4ae - - - - -] Service 69065c2f-2e3b-4334-8298-104a36d02ca9 was aborted service_manage_cleanup /usr/lib/python3/dist-packages/heat/engine/service.py:2391
2025-06-02 02:07:12.787 74742 DEBUG heat.engine.service [req-91d55f06-3b2a-4d27-b48d-aad95e61aaf9 - - - - -] Service 941fe17a-433e-4c41-95a5-7c7a629ff20a was aborted service_manage_cleanup /usr/lib/python3/dist-packages/heat/engine/service.py:2391
2025-06-02 02:07:12.788 74745 DEBUG heat.engine.service [req-1393b15c-d466-49fa-b410-34280cb61e82 - - - - -] Service 941fe17a-433e-4c41-95a5-7c7a629ff20a was aborted service_manage_cleanup /usr/lib/python3/dist-packages/heat/engine/service.py:2391
2025-06-02 02:07:12.791 74743 DEBUG heat.engine.service [req-2bd054f0-674e-4087-adfa-2ed9fd6d39b3 - - - - -] Service 941fe17a-433e-4c41-95a5-7c7a629ff20a was aborted service_manage_cleanup /usr/lib/python3/dist-packages/heat/engine/service.py:2391
2025-06-02 02:07:12.793 74744 DEBUG heat.engine.service [req-730d56ee-fac0-4d90-8da4-f49b54c2b4ae - - - - -] Service 941fe17a-433e-4c41-95a5-7c7a629ff20a was aborted service_manage_cleanup /usr/lib/python3/dist-packages/heat/engine/service.py:2391
2025-06-02 02:07:12.820 74742 DEBUG heat.engine.service [req-e080c73d-22c9-468e-afbe-ba01251447bb - - - - -] Service 6d47e6da-1a61-4d37-9c55-d9f806a66333 is started service_manage_report /usr/lib/python3/dist-packages/heat/engine/service.py:2363
2025-06-02 02:07:12.830 74745 DEBUG heat.engine.service [req-cae21243-cb15-4c80-9286-5f5e47fb3a74 - - - - -] Service 1251984c-316a-4de8-820f-60b5f89588e8 is started service_manage_report /usr/lib/python3/dist-packages/heat/engine/service.py:2363
2025-06-02 02:07:12.844 74743 DEBUG heat.engine.service [req-921f5725-7ef3-4e75-bb0b-d37b5a536f7c - - - - -] Service aad63782-bdc6-4c3f-9e3d-6925be768966 is started service_manage_report /usr/lib/python3/dist-packages/heat/engine/service.py:2363
2025-06-02 02:07:12.845 74744 DEBUG heat.engine.service [req-6fb3f797-597b-4f75-9734-aee85f25d413 - - - - -] Service f848af0f-3ae0-4812-96a8-f1a9036d09b5 is started service_manage_report /usr/lib/python3/dist-packages/heat/engine/service.py:2363
2025-06-02 02:07:12.850 74742 DEBUG heat.engine.service [req-e080c73d-22c9-468e-afbe-ba01251447bb - - - - -] Service 6d47e6da-1a61-4d37-9c55-d9f806a66333 is updated service_manage_report /usr/lib/python3/dist-packages/heat/engine/service.py:2370
2025-06-02 02:07:12.852 74745 DEBUG heat.engine.service [req-cae21243-cb15-4c80-9286-5f5e47fb3a74 - - - - -] Service 1251984c-316a-4de8-820f-60b5f89588e8 is updated service_manage_report /usr/lib/python3/dist-packages/heat/engine/service.py:2370
2025-06-02 02:07:12.864 74743 DEBUG heat.engine.service [req-921f5725-7ef3-4e75-bb0b-d37b5a536f7c - - - - -] Service aad63782-bdc6-4c3f-9e3d-6925be768966 is updated service_manage_report /usr/lib/python3/dist-packages/heat/engine/service.py:2370
2025-06-02 02:07:12.879 74744 DEBUG heat.engine.service [req-6fb3f797-597b-4f75-9734-aee85f25d413 - - - - -] Service f848af0f-3ae0-4812-96a8-f1a9036d09b5 is updated service_manage_report /usr/lib/python3/dist-packages/heat/engine/service.py:2370
2025-06-02 02:08:12.816 74742 DEBUG heat.engine.service [req-6246fd31-8d2f-4030-8238-c10a8abde492 - - - - -] Service 6d47e6da-1a61-4d37-9c55-d9f806a66333 is updated service_manage_report /usr/lib/python3/dist-packages/heat/engine/service.py:2370
2025-06-02 02:08:12.821 74745 DEBUG heat.engine.service [req-12f8bec5-5006-481f-beeb-0e2296a0c20e - - - - -] Service 1251984c-316a-4de8-820f-60b5f89588e8 is updated service_manage_report /usr/lib/python3/dist-packages/heat/engine/service.py:2370
2025-06-02 02:08:12.826 74743 DEBUG heat.engine.service [req-86dbfab7-b920-498d-a9ab-2f1d4e54f0b6 - - - - -] Service aad63782-bdc6-4c3f-9e3d-6925be768966 is updated service_manage_report /usr/lib/python3/dist-packages/heat/engine/service.py:2370
2025-06-02 02:08:12.831 74744 DEBUG heat.engine.service [req-474377e0-758f-4b15-b567-0ef2db62b07c - - - - -] Service f848af0f-3ae0-4812-96a8-f1a9036d09b5 is updated service_manage_report /usr/lib/python3/dist-packages/heat/engine/service.py:2370
2025-06-02 02:09:12.822 74745 DEBUG heat.engine.service [req-43d2c6b4-ce65-429c-8b28-70bf2c487e77 - - - - -] Service 1251984c-316a-4de8-820f-60b5f89588e8 is updated service_manage_report /usr/lib/python3/dist-packages/heat/engine/service.py:2370
2025-06-02 02:09:12.830 74743 DEBUG heat.engine.service [req-743f8533-a6cf-486c-92d2-f7bac13e79d8 - - - - -] Service aad63782-bdc6-4c3f-9e3d-6925be768966 is updated service_manage_report /usr/lib/python3/dist-packages/heat/engine/service.py:2370
2025-06-02 02:09:12.832 74744 DEBUG heat.engine.service [req-73c3855e-2569-4101-9a33-e1ae5327e980 - - - - -] Service f848af0f-3ae0-4812-96a8-f1a9036d09b5 is updated service_manage_report /usr/lib/python3/dist-packages/heat/engine/service.py:2370
2025-06-02 02:09:12.832 74742 DEBUG heat.engine.service [req-28200e96-53fa-44df-88ab-fec22b74a930 - - - - -] Service 6d47e6da-1a61-4d37-9c55-d9f806a66333 is updated service_manage_report /usr/lib/python3/dist-packages/heat/engine/service.py:2370
2025-06-02 02:10:12.818 74742 DEBUG heat.engine.service [req-007f1006-d2fb-4053-b759-cf62316a91d1 - - - - -] Service 6d47e6da-1a61-4d37-9c55-d9f806a66333 is updated service_manage_report /usr/lib/python3/dist-packages/heat/engine/service.py:2370
2025-06-02 02:10:12.821 74745 DEBUG heat.engine.service [req-64becd67-6e3e-4b0e-a5f3-82ba3a6462e6 - - - - -] Service 1251984c-316a-4de8-820f-60b5f89588e8 is updated service_manage_report /usr/lib/python3/dist-packages/heat/engine/service.py:2370
2025-06-02 02:10:12.826 74743 DEBUG heat.engine.service [req-784f0a86-6c4d-4722-adec-bf106407491c - - - - -] Service aad63782-bdc6-4c3f-9e3d-6925be768966 is updated service_manage_report /usr/lib/python3/dist-packages/heat/engine/service.py:2370
2025-06-02 02:10:12.829 74744 DEBUG heat.engine.service [req-54806d43-3765-4f72-8abd-9e6e5cb54401 - - - - -] Service f848af0f-3ae0-4812-96a8-f1a9036d09b5 is updated service_manage_report /usr/lib/python3/dist-packages/heat/engine/service.py:2370
2025-06-02 02:11:12.817 74745 DEBUG heat.engine.service [req-8d60f1f9-c75d-4fea-aa2f-c6fb426797e7 - - - - -] Service 1251984c-316a-4de8-820f-60b5f89588e8 is updated service_manage_report /usr/lib/python3/dist-packages/heat/engine/service.py:2370
2025-06-02 02:11:12.825 74744 DEBUG heat.engine.service [req-aa8b1e4e-cca5-4f94-ac1b-e82ec5ce6fd2 - - - - -] Service f848af0f-3ae0-4812-96a8-f1a9036d09b5 is updated service_manage_report /usr/lib/python3/dist-packages/heat/engine/service.py:2370
2025-06-02 02:11:12.829 74742 DEBUG heat.engine.service [req-74210219-d4bc-4ada-867a-a88babc24aa8 - - - - -] Service 6d47e6da-1a61-4d37-9c55-d9f806a66333 is updated service_manage_report /usr/lib/python3/dist-packages/heat/engine/service.py:2370
2025-06-02 02:11:12.832 74743 DEBUG heat.engine.service [req-ccff6794-bb6d-4fdb-b8e3-124b72cfcb2a - - - - -] Service aad63782-bdc6-4c3f-9e3d-6925be768966 is updated service_manage_report /usr/lib/python3/dist-packages/heat/engine/service.py:2370
2025-06-02 02:12:12.830 74745 DEBUG heat.engine.service [req-acf7ae51-a557-471e-a71a-41fd334d82f5 - - - - -] Service 1251984c-316a-4de8-820f-60b5f89588e8 is updated service_manage_report /usr/lib/python3/dist-packages/heat/engine/service.py:2370
2025-06-02 02:12:12.836 74742 DEBUG heat.engine.service [req-640d6fe9-7fd8-43d0-a788-c56f6e624945 - - - - -] Service 6d47e6da-1a61-4d37-9c55-d9f806a66333 is updated service_manage_report /usr/lib/python3/dist-packages/heat/engine/service.py:2370
2025-06-02 02:12:12.845 74744 DEBUG heat.engine.service [req-a7498d21-d530-494a-852d-3796c8f9ccb7 - - - - -] Service f848af0f-3ae0-4812-96a8-f1a9036d09b5 is updated service_manage_report /usr/lib/python3/dist-packages/heat/engine/service.py:2370
2025-06-02 02:12:12.845 74743 DEBUG heat.engine.service [req-d00c2f42-2c16-43c5-a430-d32bdc63857f - - - - -] Service aad63782-bdc6-4c3f-9e3d-6925be768966 is updated service_manage_report /usr/lib/python3/dist-packages/heat/engine/service.py:2370
2025-06-02 02:13:12.815 74745 DEBUG heat.engine.service [req-159bd241-469c-4478-98a9-aef9a5992b09 - - - - -] Service 1251984c-316a-4de8-820f-60b5f89588e8 is updated service_manage_report /usr/lib/python3/dist-packages/heat/engine/service.py:2370
2025-06-02 02:13:12.820 74742 DEBUG heat.engine.service [req-efa505ea-8d94-4f16-8229-29c15a841a5c - - - - -] Service 6d47e6da-1a61-4d37-9c55-d9f806a66333 is updated service_manage_report /usr/lib/python3/dist-packages/heat/engine/service.py:2370
2025-06-02 02:13:12.832 74744 DEBUG heat.engine.service [req-9345de52-ee05-44c2-8e78-5c6d13b591a0 - - - - -] Service f848af0f-3ae0-4812-96a8-f1a9036d09b5 is updated service_manage_report /usr/lib/python3/dist-packages/heat/engine/service.py:2370
2025-06-02 02:13:12.841 74743 DEBUG heat.engine.service [req-cd8c6a6a-a226-47cf-bec4-2f4b000f0dbc - - - - -] Service aad63782-bdc6-4c3f-9e3d-6925be768966 is updated service_manage_report /usr/lib/python3/dist-packages/heat/engine/service.py:2370
2025-06-02 02:14:12.813 74745 DEBUG heat.engine.service [req-e591c4af-11a5-41f6-a2ee-8e88c17ae9d8 - - - - -] Service 1251984c-316a-4de8-820f-60b5f89588e8 is updated service_manage_report /usr/lib/python3/dist-packages/heat/engine/service.py:2370
2025-06-02 02:14:12.825 74742 DEBUG heat.engine.service [req-85f1318b-02b3-4840-9de2-aa231ef3f3be - - - - -] Service 6d47e6da-1a61-4d37-9c55-d9f806a66333 is updated service_manage_report /usr/lib/python3/dist-packages/heat/engine/service.py:2370
2025-06-02 02:14:12.828 74744 DEBUG heat.engine.service [req-b4626407-ccdd-4074-a74b-a2f9bf3bfea6 - - - - -] Service f848af0f-3ae0-4812-96a8-f1a9036d09b5 is updated service_manage_report /usr/lib/python3/dist-packages/heat/engine/service.py:2370
2025-06-02 02:14:12.848 74743 DEBUG heat.engine.service [req-059f6293-ec5c-4a03-9fca-0614aad8b873 - - - - -] Service aad63782-bdc6-4c3f-9e3d-6925be768966 is updated service_manage_report /usr/lib/python3/dist-packages/heat/engine/service.py:2370
2025-06-02 02:15:12.820 74745 DEBUG heat.engine.service [req-3097cfa8-4517-4308-9dc2-88306fdada95 - - - - -] Service 1251984c-316a-4de8-820f-60b5f89588e8 is updated service_manage_report /usr/lib/python3/dist-packages/heat/engine/service.py:2370
2025-06-02 02:15:12.913 74742 DEBUG heat.engine.service [req-149cb53e-2226-4828-b80f-35ccadf4f73e - - - - -] Service 6d47e6da-1a61-4d37-9c55-d9f806a66333 is updated service_manage_report /usr/lib/python3/dist-packages/heat/engine/service.py:2370
2025-06-02 02:15:12.913 74743 DEBUG heat.engine.service [req-ac352b8c-2bcf-4db7-acde-8e254d8b1c0d - - - - -] Service aad63782-bdc6-4c3f-9e3d-6925be768966 is updated service_manage_report /usr/lib/python3/dist-packages/heat/engine/service.py:2370
2025-06-02 02:15:12.913 74744 DEBUG heat.engine.service [req-a828fd96-e221-44c0-af01-be876b74060b - - - - -] Service f848af0f-3ae0-4812-96a8-f1a9036d09b5 is updated service_manage_report /usr/lib/python3/dist-packages/heat/engine/service.py:2370
2025-06-02 02:16:12.818 74745 DEBUG heat.engine.service [req-f6a98ed4-02a8-4b2c-b7a8-333133174511 - - - - -] Service 1251984c-316a-4de8-820f-60b5f89588e8 is updated service_manage_report /usr/lib/python3/dist-packages/heat/engine/service.py:2370
2025-06-02 02:16:12.830 74744 DEBUG heat.engine.service [req-6a16f6ac-0320-418e-bc3a-d93d36764071 - - - - -] Service f848af0f-3ae0-4812-96a8-f1a9036d09b5 is updated service_manage_report /usr/lib/python3/dist-packages/heat/engine/service.py:2370
2025-06-02 02:16:12.830 74742 DEBUG heat.engine.service [req-6df70b5a-6f4b-4541-9f47-948bf04649be - - - - -] Service 6d47e6da-1a61-4d37-9c55-d9f806a66333 is updated service_manage_report /usr/lib/python3/dist-packages/heat/engine/service.py:2370
2025-06-02 02:16:12.850 74743 DEBUG heat.engine.service [req-a9431eb0-be17-450a-bbfd-26a08eeeedb0 - - - - -] Service aad63782-bdc6-4c3f-9e3d-6925be768966 is updated service_manage_report /usr/lib/python3/dist-packages/heat/engine/service.py:2370
2025-06-02 02:17:12.814 74745 DEBUG heat.engine.service [req-e16cfc3f-0eb6-469a-a7c0-fb4b3a782f08 - - - - -] Service 1251984c-316a-4de8-820f-60b5f89588e8 is updated service_manage_report /usr/lib/python3/dist-packages/heat/engine/service.py:2370
