2025-06-02 02:14:05.928 7 DEBUG oslo_service.service [-] ml2_type_gre.tunnel_id_ranges = [] log_opt_values /var/lib/kolla/venv/lib/python3.6/site-packages/oslo_config/cfg.py:2611
2025-06-02 02:14:05.928 7 DEBUG oslo_service.service [-] ml2_type_vlan.network_vlan_ranges = [] log_opt_values /var/lib/kolla/venv/lib/python3.6/site-packages/oslo_config/cfg.py:2611
2025-06-02 02:14:05.928 7 DEBUG oslo_service.service [-] ml2_type_vxlan.vni_ranges = [] log_opt_values /var/lib/kolla/venv/lib/python3.6/site-packages/oslo_config/cfg.py:2611
2025-06-02 02:14:05.928 7 DEBUG oslo_service.service [-] ml2_type_vxlan.vxlan_group = None log_opt_values /var/lib/kolla/venv/lib/python3.6/site-packages/oslo_config/cfg.py:2611
2025-06-02 02:14:05.928 7 DEBUG oslo_service.service [-] database.backend = sqlalchemy log_opt_values /var/lib/kolla/venv/lib/python3.6/site-packages/oslo_config/cfg.py:2611
2025-06-02 02:14:05.928 7 DEBUG oslo_service.service [-] database.connection = **** log_opt_values /var/lib/kolla/venv/lib/python3.6/site-packages/oslo_config/cfg.py:2611
2025-06-02 02:14:05.929 7 DEBUG oslo_service.service [-] database.connection_debug = 0 log_opt_values /var/lib/kolla/venv/lib/python3.6/site-packages/oslo_config/cfg.py:2611
2025-06-02 02:14:05.929 7 DEBUG oslo_service.service [-] database.connection_parameters = log_opt_values /var/lib/kolla/venv/lib/python3.6/site-packages/oslo_config/cfg.py:2611
2025-06-02 02:14:05.929 7 DEBUG oslo_service.service [-] database.connection_recycle_time = 10 log_opt_values /var/lib/kolla/venv/lib/python3.6/site-packages/oslo_config/cfg.py:2611
2025-06-02 02:14:05.929 7 DEBUG oslo_service.service [-] database.connection_trace = False log_opt_values /var/lib/kolla/venv/lib/python3.6/site-packages/oslo_config/cfg.py:2611
2025-06-02 02:14:05.929 7 DEBUG oslo_service.service [-] database.db_inc_retry_interval = True log_opt_values /var/lib/kolla/venv/lib/python3.6/site-packages/oslo_config/cfg.py:2611
2025-06-02 02:14:05.929 7 DEBUG oslo_service.service [-] database.db_max_retries = 20 log_opt_values /var/lib/kolla/venv/lib/python3.6/site-packages/oslo_config/cfg.py:2611
2025-06-02 02:14:05.929 7 DEBUG oslo_service.service [-] database.db_max_retry_interval = 10 log_opt_values /var/lib/kolla/venv/lib/python3.6/site-packages/oslo_config/cfg.py:2611
2025-06-02 02:14:05.929 7 DEBUG oslo_service.service [-] database.db_retry_interval = 1 log_opt_values /var/lib/kolla/venv/lib/python3.6/site-packages/oslo_config/cfg.py:2611
2025-06-02 02:14:05.929 7 DEBUG oslo_service.service [-] database.max_overflow = 50 log_opt_values /var/lib/kolla/venv/lib/python3.6/site-packages/oslo_config/cfg.py:2611
2025-06-02 02:14:05.929 7 DEBUG oslo_service.service [-] database.max_pool_size = 1 log_opt_values /var/lib/kolla/venv/lib/python3.6/site-packages/oslo_config/cfg.py:2611
2025-06-02 02:14:05.929 7 DEBUG oslo_service.service [-] database.max_retries = -1 log_opt_values /var/lib/kolla/venv/lib/python3.6/site-packages/oslo_config/cfg.py:2611
2025-06-02 02:14:05.929 7 DEBUG oslo_service.service [-] database.mysql_enable_ndb = False log_opt_values /var/lib/kolla/venv/lib/python3.6/site-packages/oslo_config/cfg.py:2611
2025-06-02 02:14:05.929 7 DEBUG oslo_service.service [-] database.mysql_sql_mode = TRADITIONAL log_opt_values /var/lib/kolla/venv/lib/python3.6/site-packages/oslo_config/cfg.py:2611
2025-06-02 02:14:05.929 7 DEBUG oslo_service.service [-] database.pool_timeout = None log_opt_values /var/lib/kolla/venv/lib/python3.6/site-packages/oslo_config/cfg.py:2611
2025-06-02 02:14:05.929 7 DEBUG oslo_service.service [-] database.retry_interval = 10 log_opt_values /var/lib/kolla/venv/lib/python3.6/site-packages/oslo_config/cfg.py:2611
2025-06-02 02:14:05.929 7 DEBUG oslo_service.service [-] database.slave_connection = **** log_opt_values /var/lib/kolla/venv/lib/python3.6/site-packages/oslo_config/cfg.py:2611
2025-06-02 02:14:05.930 7 DEBUG oslo_service.service [-] database.sqlite_synchronous = True log_opt_values /var/lib/kolla/venv/lib/python3.6/site-packages/oslo_config/cfg.py:2611
2025-06-02 02:14:05.930 7 DEBUG oslo_service.service [-] database.use_db_reconnect = False log_opt_values /var/lib/kolla/venv/lib/python3.6/site-packages/oslo_config/cfg.py:2611
2025-06-02 02:14:05.930 7 DEBUG oslo_service.service [-] ******************************************************************************** log_opt_values /var/lib/kolla/venv/lib/python3.6/site-packages/oslo_config/cfg.py:2613
2025-06-02 02:14:07.503 22 DEBUG neutron.wsgi [-] (22) accepted ('10.0.0.242', 37240) server /var/lib/kolla/venv/lib/python3.6/site-packages/eventlet/wsgi.py:1004
2025-06-02 02:14:07.509 22 INFO neutron.wsgi [-] 10.0.0.242 "GET / HTTP/1.1" status: 200 len: 228 time: 0.0052404
2025-06-02 02:14:11.051 24 DEBUG neutron.api.rpc.handlers.dhcp_rpc [req-a9ba27b1-7961-4482-9903-2cdbd97d781e - - - - -] get_active_networks_info from cn-jenkins-deploy-platform-ansible-os-3384-1 get_active_networks_info /var/lib/kolla/venv/lib/python3.6/site-packages/neutron/api/rpc/handlers/dhcp_rpc.py:159
2025-06-02 02:14:11.071 26 DEBUG neutron_lib.callbacks.manager [req-bd82c9f6-10b7-4102-a7fa-759a941516fa - - - - -] Publish callbacks ['neutron.services.segments.db._update_segment_host_mapping_for_agent-8730738145395', 'neutron.services.l3_router.l3_router_plugin.DVRResourceOperationHandler.create_fip_agent_gw_ports-989187'] for agent (7c1fe57a-6b28-466a-b5f9-1c2df3266da7), after_create _notify_loop /var/lib/kolla/venv/lib/python3.6/site-packages/neutron_lib/callbacks/manager.py:177
2025-06-02 02:14:11.094 24 DEBUG neutron.scheduler.dhcp_agent_scheduler [req-a9ba27b1-7961-4482-9903-2cdbd97d781e - - - - -] No non-hosted networks auto_schedule_networks /var/lib/kolla/venv/lib/python3.6/site-packages/neutron/scheduler/dhcp_agent_scheduler.py:60
2025-06-02 02:14:30.437 28 DEBUG neutron_lib.callbacks.manager [req-03ad8a7f-65d3-4e98-8333-a295ed0c6a4f - - - - -] Publish callbacks ['neutron.services.segments.db._update_segment_host_mapping_for_agent-8730738145395', 'neutron.services.l3_router.l3_router_plugin.DVRResourceOperationHandler.create_fip_agent_gw_ports-989187'] for agent (dba16b7a-2e18-4f72-8430-d38ea3acfc38), after_create _notify_loop /var/lib/kolla/venv/lib/python3.6/site-packages/neutron_lib/callbacks/manager.py:177
2025-06-02 02:14:37.557 22 DEBUG neutron.wsgi [-] (22) accepted ('10.0.0.242', 33946) server /var/lib/kolla/venv/lib/python3.6/site-packages/eventlet/wsgi.py:1004
2025-06-02 02:14:37.561 22 INFO neutron.wsgi [-] 10.0.0.242 "GET / HTTP/1.1" status: 200 len: 228 time: 0.0031474
2025-06-02 02:14:41.048 24 DEBUG neutron_lib.callbacks.manager [req-bdb480f9-df5e-4511-a568-45aae4ad9dd9 - - - - -] Publish callbacks ['neutron.services.segments.db._update_segment_host_mapping_for_agent-8730738145395', 'neutron.plugins.ml2.plugin.Ml2Plugin._retry_binding_revived_agents--9223372036852930672'] for agent (7c1fe57a-6b28-466a-b5f9-1c2df3266da7), after_update _notify_loop /var/lib/kolla/venv/lib/python3.6/site-packages/neutron_lib/callbacks/manager.py:177
2025-06-02 02:15:00.426 23 DEBUG neutron_lib.callbacks.manager [req-03ad8a7f-65d3-4e98-8333-a295ed0c6a4f - - - - -] Publish callbacks ['neutron.services.segments.db._update_segment_host_mapping_for_agent-8730738145395', 'neutron.plugins.ml2.plugin.Ml2Plugin._retry_binding_revived_agents--9223372036852930672'] for agent (dba16b7a-2e18-4f72-8430-d38ea3acfc38), after_update _notify_loop /var/lib/kolla/venv/lib/python3.6/site-packages/neutron_lib/callbacks/manager.py:177
2025-06-02 02:15:04.888 29 DEBUG neutron.db.agents_db [req-9aa967e3-0f65-4881-ae56-91401d4051ed - - - - -] Agent healthcheck: found 2 active agents agent_health_check /var/lib/kolla/venv/lib/python3.6/site-packages/neutron/db/agents_db.py:318
2025-06-02 02:15:07.605 22 DEBUG neutron.wsgi [-] (22) accepted ('10.0.0.242', 46176) server /var/lib/kolla/venv/lib/python3.6/site-packages/eventlet/wsgi.py:1004
2025-06-02 02:15:07.609 22 INFO neutron.wsgi [-] 10.0.0.242 "GET / HTTP/1.1" status: 200 len: 228 time: 0.0030077
2025-06-02 02:15:11.059 27 DEBUG neutron_lib.callbacks.manager [req-b1a2a91a-6f7e-4fb2-8816-99d4674a83a6 - - - - -] Publish callbacks ['neutron.services.segments.db._update_segment_host_mapping_for_agent-8730738145395', 'neutron.plugins.ml2.plugin.Ml2Plugin._retry_binding_revived_agents--9223372036852930672'] for agent (7c1fe57a-6b28-466a-b5f9-1c2df3266da7), after_update _notify_loop /var/lib/kolla/venv/lib/python3.6/site-packages/neutron_lib/callbacks/manager.py:177
2025-06-02 02:15:30.426 25 DEBUG neutron_lib.callbacks.manager [req-03ad8a7f-65d3-4e98-8333-a295ed0c6a4f - - - - -] Publish callbacks ['neutron.services.segments.db._update_segment_host_mapping_for_agent-8730738145395', 'neutron.plugins.ml2.plugin.Ml2Plugin._retry_binding_revived_agents--9223372036852930672'] for agent (dba16b7a-2e18-4f72-8430-d38ea3acfc38), after_update _notify_loop /var/lib/kolla/venv/lib/python3.6/site-packages/neutron_lib/callbacks/manager.py:177
2025-06-02 02:15:37.652 22 DEBUG neutron.wsgi [-] (22) accepted ('10.0.0.242', 52346) server /var/lib/kolla/venv/lib/python3.6/site-packages/eventlet/wsgi.py:1004
2025-06-02 02:15:37.656 22 INFO neutron.wsgi [-] 10.0.0.242 "GET / HTTP/1.1" status: 200 len: 228 time: 0.0028870
2025-06-02 02:15:41.041 26 DEBUG neutron_lib.callbacks.manager [req-fb70323c-46b0-40aa-811d-e126fb54ff82 - - - - -] Publish callbacks ['neutron.services.segments.db._update_segment_host_mapping_for_agent-8730738145395', 'neutron.plugins.ml2.plugin.Ml2Plugin._retry_binding_revived_agents--9223372036852930672'] for agent (7c1fe57a-6b28-466a-b5f9-1c2df3266da7), after_update _notify_loop /var/lib/kolla/venv/lib/python3.6/site-packages/neutron_lib/callbacks/manager.py:177
2025-06-02 02:15:41.885 29 DEBUG neutron.db.agents_db [req-9aa967e3-0f65-4881-ae56-91401d4051ed - - - - -] Agent healthcheck: found 2 active agents agent_health_check /var/lib/kolla/venv/lib/python3.6/site-packages/neutron/db/agents_db.py:318
2025-06-02 02:16:00.414 28 DEBUG neutron_lib.callbacks.manager [req-03ad8a7f-65d3-4e98-8333-a295ed0c6a4f - - - - -] Publish callbacks ['neutron.services.segments.db._update_segment_host_mapping_for_agent-8730738145395', 'neutron.plugins.ml2.plugin.Ml2Plugin._retry_binding_revived_agents--9223372036852930672'] for agent (dba16b7a-2e18-4f72-8430-d38ea3acfc38), after_update _notify_loop /var/lib/kolla/venv/lib/python3.6/site-packages/neutron_lib/callbacks/manager.py:177
2025-06-02 02:16:07.701 22 DEBUG neutron.wsgi [-] (22) accepted ('10.0.0.242', 52288) server /var/lib/kolla/venv/lib/python3.6/site-packages/eventlet/wsgi.py:1004
2025-06-02 02:16:07.704 22 INFO neutron.wsgi [-] 10.0.0.242 "GET / HTTP/1.1" status: 200 len: 228 time: 0.0028167
2025-06-02 02:16:11.043 24 DEBUG neutron_lib.callbacks.manager [req-ee345bf8-bd58-471b-963a-7f518f24be6b - - - - -] Publish callbacks ['neutron.services.segments.db._update_segment_host_mapping_for_agent-8730738145395', 'neutron.plugins.ml2.plugin.Ml2Plugin._retry_binding_revived_agents--9223372036852930672'] for agent (7c1fe57a-6b28-466a-b5f9-1c2df3266da7), after_update _notify_loop /var/lib/kolla/venv/lib/python3.6/site-packages/neutron_lib/callbacks/manager.py:177
2025-06-02 02:16:18.891 29 DEBUG neutron.db.agents_db [req-9aa967e3-0f65-4881-ae56-91401d4051ed - - - - -] Agent healthcheck: found 2 active agents agent_health_check /var/lib/kolla/venv/lib/python3.6/site-packages/neutron/db/agents_db.py:318
2025-06-02 02:16:30.414 23 DEBUG neutron_lib.callbacks.manager [req-03ad8a7f-65d3-4e98-8333-a295ed0c6a4f - - - - -] Publish callbacks ['neutron.services.segments.db._update_segment_host_mapping_for_agent-8730738145395', 'neutron.plugins.ml2.plugin.Ml2Plugin._retry_binding_revived_agents--9223372036852930672'] for agent (dba16b7a-2e18-4f72-8430-d38ea3acfc38), after_update _notify_loop /var/lib/kolla/venv/lib/python3.6/site-packages/neutron_lib/callbacks/manager.py:177
2025-06-02 02:16:37.748 22 DEBUG neutron.wsgi [-] (22) accepted ('10.0.0.242', 58304) server /var/lib/kolla/venv/lib/python3.6/site-packages/eventlet/wsgi.py:1004
2025-06-02 02:16:37.751 22 INFO neutron.wsgi [-] 10.0.0.242 "GET / HTTP/1.1" status: 200 len: 228 time: 0.0029953
2025-06-02 02:16:41.049 27 DEBUG neutron_lib.callbacks.manager [req-5894159c-fa42-4181-8fbf-2a1deeacbaa0 - - - - -] Publish callbacks ['neutron.services.segments.db._update_segment_host_mapping_for_agent-8730738145395', 'neutron.plugins.ml2.plugin.Ml2Plugin._retry_binding_revived_agents--9223372036852930672'] for agent (7c1fe57a-6b28-466a-b5f9-1c2df3266da7), after_update _notify_loop /var/lib/kolla/venv/lib/python3.6/site-packages/neutron_lib/callbacks/manager.py:177
2025-06-02 02:16:55.900 29 DEBUG neutron.db.agents_db [req-9aa967e3-0f65-4881-ae56-91401d4051ed - - - - -] Agent healthcheck: found 2 active agents agent_health_check /var/lib/kolla/venv/lib/python3.6/site-packages/neutron/db/agents_db.py:318
2025-06-02 02:17:00.417 25 DEBUG neutron_lib.callbacks.manager [req-03ad8a7f-65d3-4e98-8333-a295ed0c6a4f - - - - -] Publish callbacks ['neutron.services.segments.db._update_segment_host_mapping_for_agent-8730738145395', 'neutron.plugins.ml2.plugin.Ml2Plugin._retry_binding_revived_agents--9223372036852930672'] for agent (dba16b7a-2e18-4f72-8430-d38ea3acfc38), after_update _notify_loop /var/lib/kolla/venv/lib/python3.6/site-packages/neutron_lib/callbacks/manager.py:177
2025-06-02 02:17:07.796 22 DEBUG neutron.wsgi [-] (22) accepted ('10.0.0.242', 48898) server /var/lib/kolla/venv/lib/python3.6/site-packages/eventlet/wsgi.py:1004
2025-06-02 02:17:07.800 22 INFO neutron.wsgi [-] 10.0.0.242 "GET / HTTP/1.1" status: 200 len: 228 time: 0.0028658
2025-06-02 02:17:11.046 26 DEBUG neutron_lib.callbacks.manager [req-a205a062-55ba-4a9d-b2f9-782d717c39d2 - - - - -] Publish callbacks ['neutron.services.segments.db._update_segment_host_mapping_for_agent-8730738145395', 'neutron.plugins.ml2.plugin.Ml2Plugin._retry_binding_revived_agents--9223372036852930672'] for agent (7c1fe57a-6b28-466a-b5f9-1c2df3266da7), after_update _notify_loop /var/lib/kolla/venv/lib/python3.6/site-packages/neutron_lib/callbacks/manager.py:177
2025-06-02 02:17:30.419 28 DEBUG neutron_lib.callbacks.manager [req-03ad8a7f-65d3-4e98-8333-a295ed0c6a4f - - - - -] Publish callbacks ['neutron.services.segments.db._update_segment_host_mapping_for_agent-8730738145395', 'neutron.plugins.ml2.plugin.Ml2Plugin._retry_binding_revived_agents--9223372036852930672'] for agent (dba16b7a-2e18-4f72-8430-d38ea3acfc38), after_update _notify_loop /var/lib/kolla/venv/lib/python3.6/site-packages/neutron_lib/callbacks/manager.py:177
2025-06-02 02:17:32.897 29 DEBUG neutron.db.agents_db [req-9aa967e3-0f65-4881-ae56-91401d4051ed - - - - -] Agent healthcheck: found 2 active agents agent_health_check /var/lib/kolla/venv/lib/python3.6/site-packages/neutron/db/agents_db.py:318
2025-06-02 02:17:37.843 22 DEBUG neutron.wsgi [-] (22) accepted ('10.0.0.242', 36618) server /var/lib/kolla/venv/lib/python3.6/site-packages/eventlet/wsgi.py:1004
2025-06-02 02:17:37.847 22 INFO neutron.wsgi [-] 10.0.0.242 "GET / HTTP/1.1" status: 200 len: 228 time: 0.0027335
2025-06-02 02:17:41.041 24 DEBUG neutron_lib.callbacks.manager [req-5e07913c-a035-43d7-bf00-1cdba8d528da - - - - -] Publish callbacks ['neutron.services.segments.db._update_segment_host_mapping_for_agent-8730738145395', 'neutron.plugins.ml2.plugin.Ml2Plugin._retry_binding_revived_agents--9223372036852930672'] for agent (7c1fe57a-6b28-466a-b5f9-1c2df3266da7), after_update _notify_loop /var/lib/kolla/venv/lib/python3.6/site-packages/neutron_lib/callbacks/manager.py:177
2025-06-02 02:18:00.421 23 DEBUG neutron_lib.callbacks.manager [req-03ad8a7f-65d3-4e98-8333-a295ed0c6a4f - - - - -] Publish callbacks ['neutron.services.segments.db._update_segment_host_mapping_for_agent-8730738145395', 'neutron.plugins.ml2.plugin.Ml2Plugin._retry_binding_revived_agents--9223372036852930672'] for agent (dba16b7a-2e18-4f72-8430-d38ea3acfc38), after_update _notify_loop /var/lib/kolla/venv/lib/python3.6/site-packages/neutron_lib/callbacks/manager.py:177
2025-06-02 02:18:07.891 22 DEBUG neutron.wsgi [-] (22) accepted ('10.0.0.242', 44434) server /var/lib/kolla/venv/lib/python3.6/site-packages/eventlet/wsgi.py:1004
2025-06-02 02:18:07.894 22 INFO neutron.wsgi [-] 10.0.0.242 "GET / HTTP/1.1" status: 200 len: 228 time: 0.0027752
2025-06-02 02:18:09.907 29 DEBUG neutron.db.agents_db [req-9aa967e3-0f65-4881-ae56-91401d4051ed - - - - -] Agent healthcheck: found 2 active agents agent_health_check /var/lib/kolla/venv/lib/python3.6/site-packages/neutron/db/agents_db.py:318
2025-06-02 02:18:11.046 27 DEBUG neutron_lib.callbacks.manager [req-6cf88f04-f77e-48dd-92c3-b5955232d50a - - - - -] Publish callbacks ['neutron.services.segments.db._update_segment_host_mapping_for_agent-8730738145395', 'neutron.plugins.ml2.plugin.Ml2Plugin._retry_binding_revived_agents--9223372036852930672'] for agent (7c1fe57a-6b28-466a-b5f9-1c2df3266da7), after_update _notify_loop /var/lib/kolla/venv/lib/python3.6/site-packages/neutron_lib/callbacks/manager.py:177
2025-06-02 02:18:30.446 25 DEBUG neutron_lib.callbacks.manager [req-03ad8a7f-65d3-4e98-8333-a295ed0c6a4f - - - - -] Publish callbacks ['neutron.services.segments.db._update_segment_host_mapping_for_agent-8730738145395', 'neutron.plugins.ml2.plugin.Ml2Plugin._retry_binding_revived_agents--9223372036852930672'] for agent (dba16b7a-2e18-4f72-8430-d38ea3acfc38), after_update _notify_loop /var/lib/kolla/venv/lib/python3.6/site-packages/neutron_lib/callbacks/manager.py:177
2025-06-02 02:18:37.966 22 DEBUG neutron.wsgi [-] (22) accepted ('10.0.0.242', 47252) server /var/lib/kolla/venv/lib/python3.6/site-packages/eventlet/wsgi.py:1004
2025-06-02 02:18:37.973 22 INFO neutron.wsgi [-] 10.0.0.242 "GET / HTTP/1.1" status: 200 len: 228 time: 0.0056298
2025-06-02 02:18:41.051 26 DEBUG neutron_lib.callbacks.manager [req-86e2a3dd-1afc-4f9c-ae50-8ad8930c99a4 - - - - -] Publish callbacks ['neutron.services.segments.db._update_segment_host_mapping_for_agent-8730738145395', 'neutron.plugins.ml2.plugin.Ml2Plugin._retry_binding_revived_agents--9223372036852930672'] for agent (7c1fe57a-6b28-466a-b5f9-1c2df3266da7), after_update _notify_loop /var/lib/kolla/venv/lib/python3.6/site-packages/neutron_lib/callbacks/manager.py:177
2025-06-02 02:18:46.912 29 DEBUG neutron.db.agents_db [req-9aa967e3-0f65-4881-ae56-91401d4051ed - - - - -] Agent healthcheck: found 2 active agents agent_health_check /var/lib/kolla/venv/lib/python3.6/site-packages/neutron/db/agents_db.py:318
2025-06-02 02:19:00.427 28 DEBUG neutron_lib.callbacks.manager [req-03ad8a7f-65d3-4e98-8333-a295ed0c6a4f - - - - -] Publish callbacks ['neutron.services.segments.db._update_segment_host_mapping_for_agent-8730738145395', 'neutron.plugins.ml2.plugin.Ml2Plugin._retry_binding_revived_agents--9223372036852930672'] for agent (dba16b7a-2e18-4f72-8430-d38ea3acfc38), after_update _notify_loop /var/lib/kolla/venv/lib/python3.6/site-packages/neutron_lib/callbacks/manager.py:177
2025-06-02 02:19:08.018 22 DEBUG neutron.wsgi [-] (22) accepted ('10.0.0.242', 56148) server /var/lib/kolla/venv/lib/python3.6/site-packages/eventlet/wsgi.py:1004
2025-06-02 02:19:08.021 22 INFO neutron.wsgi [-] 10.0.0.242 "GET / HTTP/1.1" status: 200 len: 228 time: 0.0027034
2025-06-02 02:19:11.055 24 DEBUG neutron_lib.callbacks.manager [req-c49723cf-0128-49f3-8b85-b8a318ab698b - - - - -] Publish callbacks ['neutron.services.segments.db._update_segment_host_mapping_for_agent-8730738145395', 'neutron.plugins.ml2.plugin.Ml2Plugin._retry_binding_revived_agents--9223372036852930672'] for agent (7c1fe57a-6b28-466a-b5f9-1c2df3266da7), after_update _notify_loop /var/lib/kolla/venv/lib/python3.6/site-packages/neutron_lib/callbacks/manager.py:177
2025-06-02 02:19:23.909 29 DEBUG neutron.db.agents_db [req-9aa967e3-0f65-4881-ae56-91401d4051ed - - - - -] Agent healthcheck: found 2 active agents agent_health_check /var/lib/kolla/venv/lib/python3.6/site-packages/neutron/db/agents_db.py:318
2025-06-02 02:19:30.428 23 DEBUG neutron_lib.callbacks.manager [req-03ad8a7f-65d3-4e98-8333-a295ed0c6a4f - - - - -] Publish callbacks ['neutron.services.segments.db._update_segment_host_mapping_for_agent-8730738145395', 'neutron.plugins.ml2.plugin.Ml2Plugin._retry_binding_revived_agents--9223372036852930672'] for agent (dba16b7a-2e18-4f72-8430-d38ea3acfc38), after_update _notify_loop /var/lib/kolla/venv/lib/python3.6/site-packages/neutron_lib/callbacks/manager.py:177
2025-06-02 02:19:38.064 22 DEBUG neutron.wsgi [-] (22) accepted ('10.0.0.242', 33512) server /var/lib/kolla/venv/lib/python3.6/site-packages/eventlet/wsgi.py:1004
2025-06-02 02:19:38.068 22 INFO neutron.wsgi [-] 10.0.0.242 "GET / HTTP/1.1" status: 200 len: 228 time: 0.0026984
2025-06-02 02:19:41.060 27 DEBUG neutron_lib.callbacks.manager [req-33bef4a0-e442-4816-a11e-0d1ec470ba89 - - - - -] Publish callbacks ['neutron.services.segments.db._update_segment_host_mapping_for_agent-8730738145395', 'neutron.plugins.ml2.plugin.Ml2Plugin._retry_binding_revived_agents--9223372036852930672'] for agent (7c1fe57a-6b28-466a-b5f9-1c2df3266da7), after_update _notify_loop /var/lib/kolla/venv/lib/python3.6/site-packages/neutron_lib/callbacks/manager.py:177
2025-06-02 02:20:00.430 25 DEBUG neutron_lib.callbacks.manager [req-03ad8a7f-65d3-4e98-8333-a295ed0c6a4f - - - - -] Publish callbacks ['neutron.services.segments.db._update_segment_host_mapping_for_agent-8730738145395', 'neutron.plugins.ml2.plugin.Ml2Plugin._retry_binding_revived_agents--9223372036852930672'] for agent (dba16b7a-2e18-4f72-8430-d38ea3acfc38), after_update _notify_loop /var/lib/kolla/venv/lib/python3.6/site-packages/neutron_lib/callbacks/manager.py:177
2025-06-02 02:20:00.914 29 DEBUG neutron.db.agents_db [req-9aa967e3-0f65-4881-ae56-91401d4051ed - - - - -] Agent healthcheck: found 2 active agents agent_health_check /var/lib/kolla/venv/lib/python3.6/site-packages/neutron/db/agents_db.py:318
2025-06-02 02:20:08.112 22 DEBUG neutron.wsgi [-] (22) accepted ('10.0.0.242', 39510) server /var/lib/kolla/venv/lib/python3.6/site-packages/eventlet/wsgi.py:1004
2025-06-02 02:20:08.115 22 INFO neutron.wsgi [-] 10.0.0.242 "GET / HTTP/1.1" status: 200 len: 228 time: 0.0028491
2025-06-02 02:20:11.065 26 DEBUG neutron_lib.callbacks.manager [req-1a9a9224-d67c-4f08-a3f2-8ad9c309e43f - - - - -] Publish callbacks ['neutron.services.segments.db._update_segment_host_mapping_for_agent-8730738145395', 'neutron.plugins.ml2.plugin.Ml2Plugin._retry_binding_revived_agents--9223372036852930672'] for agent (7c1fe57a-6b28-466a-b5f9-1c2df3266da7), after_update _notify_loop /var/lib/kolla/venv/lib/python3.6/site-packages/neutron_lib/callbacks/manager.py:177
2025-06-02 02:20:30.432 28 DEBUG neutron_lib.callbacks.manager [req-03ad8a7f-65d3-4e98-8333-a295ed0c6a4f - - - - -] Publish callbacks ['neutron.services.segments.db._update_segment_host_mapping_for_agent-8730738145395', 'neutron.plugins.ml2.plugin.Ml2Plugin._retry_binding_revived_agents--9223372036852930672'] for agent (dba16b7a-2e18-4f72-8430-d38ea3acfc38), after_update _notify_loop /var/lib/kolla/venv/lib/python3.6/site-packages/neutron_lib/callbacks/manager.py:177
2025-06-02 02:20:37.911 29 DEBUG neutron.db.agents_db [req-9aa967e3-0f65-4881-ae56-91401d4051ed - - - - -] Agent healthcheck: found 2 active agents agent_health_check /var/lib/kolla/venv/lib/python3.6/site-packages/neutron/db/agents_db.py:318
2025-06-02 02:20:38.160 22 DEBUG neutron.wsgi [-] (22) accepted ('10.0.0.242', 59122) server /var/lib/kolla/venv/lib/python3.6/site-packages/eventlet/wsgi.py:1004
2025-06-02 02:20:38.163 22 INFO neutron.wsgi [-] 10.0.0.242 "GET / HTTP/1.1" status: 200 len: 228 time: 0.0026672
2025-06-02 02:20:41.073 24 DEBUG neutron_lib.callbacks.manager [req-5224a1b5-fa60-4a3e-a971-1b7a955e6545 - - - - -] Publish callbacks ['neutron.services.segments.db._update_segment_host_mapping_for_agent-8730738145395', 'neutron.plugins.ml2.plugin.Ml2Plugin._retry_binding_revived_agents--9223372036852930672'] for agent (7c1fe57a-6b28-466a-b5f9-1c2df3266da7), after_update _notify_loop /var/lib/kolla/venv/lib/python3.6/site-packages/neutron_lib/callbacks/manager.py:177
2025-06-02 02:21:00.437 23 DEBUG neutron_lib.callbacks.manager [req-03ad8a7f-65d3-4e98-8333-a295ed0c6a4f - - - - -] Publish callbacks ['neutron.services.segments.db._update_segment_host_mapping_for_agent-8730738145395', 'neutron.plugins.ml2.plugin.Ml2Plugin._retry_binding_revived_agents--9223372036852930672'] for agent (dba16b7a-2e18-4f72-8430-d38ea3acfc38), after_update _notify_loop /var/lib/kolla/venv/lib/python3.6/site-packages/neutron_lib/callbacks/manager.py:177
2025-06-02 02:21:08.207 22 DEBUG neutron.wsgi [-] (22) accepted ('10.0.0.242', 39478) server /var/lib/kolla/venv/lib/python3.6/site-packages/eventlet/wsgi.py:1004
2025-06-02 02:21:08.211 22 INFO neutron.wsgi [-] 10.0.0.242 "GET / HTTP/1.1" status: 200 len: 228 time: 0.0030279
2025-06-02 02:21:11.069 27 DEBUG neutron_lib.callbacks.manager [req-134ce9ac-4093-4ad9-b84d-4bf4d0f3835f - - - - -] Publish callbacks ['neutron.services.segments.db._update_segment_host_mapping_for_agent-8730738145395', 'neutron.plugins.ml2.plugin.Ml2Plugin._retry_binding_revived_agents--9223372036852930672'] for agent (7c1fe57a-6b28-466a-b5f9-1c2df3266da7), after_update _notify_loop /var/lib/kolla/venv/lib/python3.6/site-packages/neutron_lib/callbacks/manager.py:177
2025-06-02 02:21:14.919 29 DEBUG neutron.db.agents_db [req-9aa967e3-0f65-4881-ae56-91401d4051ed - - - - -] Agent healthcheck: found 2 active agents agent_health_check /var/lib/kolla/venv/lib/python3.6/site-packages/neutron/db/agents_db.py:318
2025-06-02 02:21:30.435 25 DEBUG neutron_lib.callbacks.manager [req-03ad8a7f-65d3-4e98-8333-a295ed0c6a4f - - - - -] Publish callbacks ['neutron.services.segments.db._update_segment_host_mapping_for_agent-8730738145395', 'neutron.plugins.ml2.plugin.Ml2Plugin._retry_binding_revived_agents--9223372036852930672'] for agent (dba16b7a-2e18-4f72-8430-d38ea3acfc38), after_update _notify_loop /var/lib/kolla/venv/lib/python3.6/site-packages/neutron_lib/callbacks/manager.py:177
2025-06-02 02:21:38.262 22 DEBUG neutron.wsgi [-] (22) accepted ('10.0.0.242', 60496) server /var/lib/kolla/venv/lib/python3.6/site-packages/eventlet/wsgi.py:1004
2025-06-02 02:21:38.267 22 INFO neutron.wsgi [-] 10.0.0.242 "GET / HTTP/1.1" status: 200 len: 228 time: 0.0028870
2025-06-02 02:21:41.065 26 DEBUG neutron_lib.callbacks.manager [req-a35383b9-dae2-43bc-9260-6ba5ecf0314c - - - - -] Publish callbacks ['neutron.services.segments.db._update_segment_host_mapping_for_agent-8730738145395', 'neutron.plugins.ml2.plugin.Ml2Plugin._retry_binding_revived_agents--9223372036852930672'] for agent (7c1fe57a-6b28-466a-b5f9-1c2df3266da7), after_update _notify_loop /var/lib/kolla/venv/lib/python3.6/site-packages/neutron_lib/callbacks/manager.py:177
2025-06-02 02:21:51.927 29 DEBUG neutron.db.agents_db [req-9aa967e3-0f65-4881-ae56-91401d4051ed - - - - -] Agent healthcheck: found 2 active agents agent_health_check /var/lib/kolla/venv/lib/python3.6/site-packages/neutron/db/agents_db.py:318
2025-06-02 02:22:00.437 28 DEBUG neutron_lib.callbacks.manager [req-03ad8a7f-65d3-4e98-8333-a295ed0c6a4f - - - - -] Publish callbacks ['neutron.services.segments.db._update_segment_host_mapping_for_agent-8730738145395', 'neutron.plugins.ml2.plugin.Ml2Plugin._retry_binding_revived_agents--9223372036852930672'] for agent (dba16b7a-2e18-4f72-8430-d38ea3acfc38), after_update _notify_loop /var/lib/kolla/venv/lib/python3.6/site-packages/neutron_lib/callbacks/manager.py:177
2025-06-02 02:22:08.312 22 DEBUG neutron.wsgi [-] (22) accepted ('10.0.0.242', 50514) server /var/lib/kolla/venv/lib/python3.6/site-packages/eventlet/wsgi.py:1004
2025-06-02 02:22:08.316 22 INFO neutron.wsgi [-] 10.0.0.242 "GET / HTTP/1.1" status: 200 len: 228 time: 0.0027335
2025-06-02 02:22:11.094 24 DEBUG neutron_lib.callbacks.manager [req-41318074-e936-4e73-8d87-bbb680c90b85 - - - - -] Publish callbacks ['neutron.services.segments.db._update_segment_host_mapping_for_agent-8730738145395', 'neutron.plugins.ml2.plugin.Ml2Plugin._retry_binding_revived_agents--9223372036852930672'] for agent (7c1fe57a-6b28-466a-b5f9-1c2df3266da7), after_update _notify_loop /var/lib/kolla/venv/lib/python3.6/site-packages/neutron_lib/callbacks/manager.py:177
2025-06-02 02:22:28.918 29 DEBUG neutron.db.agents_db [req-9aa967e3-0f65-4881-ae56-91401d4051ed - - - - -] Agent healthcheck: found 2 active agents agent_health_check /var/lib/kolla/venv/lib/python3.6/site-packages/neutron/db/agents_db.py:318
2025-06-02 02:22:30.441 23 DEBUG neutron_lib.callbacks.manager [req-03ad8a7f-65d3-4e98-8333-a295ed0c6a4f - - - - -] Publish callbacks ['neutron.services.segments.db._update_segment_host_mapping_for_agent-8730738145395', 'neutron.plugins.ml2.plugin.Ml2Plugin._retry_binding_revived_agents--9223372036852930672'] for agent (dba16b7a-2e18-4f72-8430-d38ea3acfc38), after_update _notify_loop /var/lib/kolla/venv/lib/python3.6/site-packages/neutron_lib/callbacks/manager.py:177
2025-06-02 02:22:32.077 7 INFO oslo_service.service [-] Caught SIGTERM, stopping children
2025-06-02 02:22:32.077 7 DEBUG oslo_concurrency.lockutils [-] Acquired lock "singleton_lock" lock /var/lib/kolla/venv/lib/python3.6/site-packages/oslo_concurrency/lockutils.py:294
2025-06-02 02:22:32.077 7 DEBUG oslo_concurrency.lockutils [-] Releasing lock "singleton_lock" lock /var/lib/kolla/venv/lib/python3.6/site-packages/oslo_concurrency/lockutils.py:312
2025-06-02 02:22:32.078 7 DEBUG oslo_service.service [-] Stop services. stop /var/lib/kolla/venv/lib/python3.6/site-packages/oslo_service/service.py:695
2025-06-02 02:22:32.078 7 DEBUG neutron.service [-] calling RpcWorker stop() stop /var/lib/kolla/venv/lib/python3.6/site-packages/neutron/service.py:138
2025-06-02 02:22:32.078 7 DEBUG neutron.service [-] calling RpcWorker stop() stop /var/lib/kolla/venv/lib/python3.6/site-packages/neutron/service.py:138
2025-06-02 02:22:32.078 7 DEBUG oslo_service.service [-] Killing children. stop /var/lib/kolla/venv/lib/python3.6/site-packages/oslo_service/service.py:700
2025-06-02 02:22:32.078 7 INFO oslo_service.service [-] Waiting on 8 children to exit
2025-06-02 02:22:32.079 23 DEBUG neutron.service [-] calling RpcWorker stop() stop /var/lib/kolla/venv/lib/python3.6/site-packages/neutron/service.py:138
2025-06-02 02:22:32.079 22 INFO neutron.wsgi [-] (22) wsgi exited, is_accepting=True
2025-06-02 02:22:32.079 26 DEBUG neutron.service [-] calling RpcWorker stop() stop /var/lib/kolla/venv/lib/python3.6/site-packages/neutron/service.py:138
2025-06-02 02:22:32.079 22 DEBUG oslo_concurrency.lockutils [req-0331f555-5791-4a61-8842-99a634c00235 - - - - -] Acquired lock "singleton_lock" lock /var/lib/kolla/venv/lib/python3.6/site-packages/oslo_concurrency/lockutils.py:294
2025-06-02 02:22:32.080 22 DEBUG oslo_concurrency.lockutils [req-0331f555-5791-4a61-8842-99a634c00235 - - - - -] Releasing lock "singleton_lock" lock /var/lib/kolla/venv/lib/python3.6/site-packages/oslo_concurrency/lockutils.py:312
2025-06-02 02:22:32.079 26 DEBUG neutron.service [-] calling stop on stop /var/lib/kolla/venv/lib/python3.6/site-packages/neutron/service.py:141
2025-06-02 02:22:32.079 23 DEBUG neutron.service [-] calling stop on stop /var/lib/kolla/venv/lib/python3.6/site-packages/neutron/service.py:141
2025-06-02 02:22:32.082 24 DEBUG neutron.service [-] calling RpcWorker stop() stop /var/lib/kolla/venv/lib/python3.6/site-packages/neutron/service.py:138
2025-06-02 02:22:32.082 25 DEBUG neutron.service [-] calling RpcWorker stop() stop /var/lib/kolla/venv/lib/python3.6/site-packages/neutron/service.py:138
2025-06-02 02:22:32.082 24 DEBUG neutron.service [-] calling stop on stop /var/lib/kolla/venv/lib/python3.6/site-packages/neutron/service.py:141
2025-06-02 02:22:32.083 25 DEBUG neutron.service [-] calling stop on stop /var/lib/kolla/venv/lib/python3.6/site-packages/neutron/service.py:141
2025-06-02 02:22:32.086 29 DEBUG neutron.service [-] calling RpcWorker stop() stop /var/lib/kolla/venv/lib/python3.6/site-packages/neutron/service.py:138
2025-06-02 02:22:32.086 29 DEBUG neutron.service [-] calling stop on stop /var/lib/kolla/venv/lib/python3.6/site-packages/neutron/service.py:141
2025-06-02 02:22:32.087 7 INFO oslo_service.service [-] Child 22 exited with status 0
2025-06-02 02:22:32.095 27 DEBUG neutron.service [-] calling RpcWorker stop() stop /var/lib/kolla/venv/lib/python3.6/site-packages/neutron/service.py:138
2025-06-02 02:22:32.095 27 DEBUG neutron.service [-] calling stop on stop /var/lib/kolla/venv/lib/python3.6/site-packages/neutron/service.py:141
2025-06-02 02:22:32.099 28 DEBUG neutron.service [-] calling RpcWorker stop() stop /var/lib/kolla/venv/lib/python3.6/site-packages/neutron/service.py:138
2025-06-02 02:22:32.099 28 DEBUG neutron.service [-] calling stop on stop /var/lib/kolla/venv/lib/python3.6/site-packages/neutron/service.py:141
2025-06-02 02:22:33.634 28 DEBUG oslo_concurrency.lockutils [req-0331f555-5791-4a61-8842-99a634c00235 - - - - -] Acquired lock "singleton_lock" lock /var/lib/kolla/venv/lib/python3.6/site-packages/oslo_concurrency/lockutils.py:294
2025-06-02 02:22:33.635 28 DEBUG oslo_concurrency.lockutils [req-0331f555-5791-4a61-8842-99a634c00235 - - - - -] Releasing lock "singleton_lock" lock /var/lib/kolla/venv/lib/python3.6/site-packages/oslo_concurrency/lockutils.py:312
2025-06-02 02:22:33.635 28 DEBUG neutron.service [req-0331f555-5791-4a61-8842-99a634c00235 - - - - -] calling RpcWorker wait() _wait /var/lib/kolla/venv/lib/python3.6/site-packages/neutron/service.py:128
2025-06-02 02:22:33.635 28 DEBUG neutron.service [req-0331f555-5791-4a61-8842-99a634c00235 - - - - -] calling wait on _wait /var/lib/kolla/venv/lib/python3.6/site-packages/neutron/service.py:131
2025-06-02 02:22:33.642 28 WARNING amqp [req-0331f555-5791-4a61-8842-99a634c00235 - - - - -] Received method (60, 30) during closing channel 1. This method will be ignored
2025-06-02 02:22:33.642 28 DEBUG neutron.service [req-0331f555-5791-4a61-8842-99a634c00235 - - - - -] returning from RpcWorker wait() _wait /var/lib/kolla/venv/lib/python3.6/site-packages/neutron/service.py:135
2025-06-02 02:22:33.647 7 INFO oslo_service.service [-] Child 28 exited with status 0
2025-06-02 02:22:34.267 26 DEBUG oslo_concurrency.lockutils [req-0331f555-5791-4a61-8842-99a634c00235 - - - - -] Acquired lock "singleton_lock" lock /var/lib/kolla/venv/lib/python3.6/site-packages/oslo_concurrency/lockutils.py:294
2025-06-02 02:22:34.267 26 DEBUG oslo_concurrency.lockutils [req-0331f555-5791-4a61-8842-99a634c00235 - - - - -] Releasing lock "singleton_lock" lock /var/lib/kolla/venv/lib/python3.6/site-packages/oslo_concurrency/lockutils.py:312
2025-06-02 02:22:34.267 26 DEBUG neutron.service [req-0331f555-5791-4a61-8842-99a634c00235 - - - - -] calling RpcWorker wait() _wait /var/lib/kolla/venv/lib/python3.6/site-packages/neutron/service.py:128
2025-06-02 02:22:34.267 26 DEBUG neutron.service [req-0331f555-5791-4a61-8842-99a634c00235 - - - - -] calling wait on _wait /var/lib/kolla/venv/lib/python3.6/site-packages/neutron/service.py:131
2025-06-02 02:22:34.272 26 WARNING amqp [req-0331f555-5791-4a61-8842-99a634c00235 - - - - -] Received method (60, 30) during closing channel 1. This method will be ignored
2025-06-02 02:22:34.273 26 DEBUG neutron.service [req-0331f555-5791-4a61-8842-99a634c00235 - - - - -] returning from RpcWorker wait() _wait /var/lib/kolla/venv/lib/python3.6/site-packages/neutron/service.py:135
2025-06-02 02:22:34.279 7 INFO oslo_service.service [-] Child 26 exited with status 0
2025-06-02 02:22:40.874 23 DEBUG neutron.service [-] calling stop on stop /var/lib/kolla/venv/lib/python3.6/site-packages/neutron/service.py:141
2025-06-02 02:22:40.877 24 DEBUG neutron.service [-] calling stop on stop /var/lib/kolla/venv/lib/python3.6/site-packages/neutron/service.py:141
2025-06-02 02:22:40.889 23 DEBUG neutron.service [-] calling stop on stop /var/lib/kolla/venv/lib/python3.6/site-packages/neutron/service.py:141
2025-06-02 02:22:40.889 24 DEBUG neutron.service [-] calling stop on stop /var/lib/kolla/venv/lib/python3.6/site-packages/neutron/service.py:141
2025-06-02 02:22:40.891 29 DEBUG oslo_concurrency.lockutils [req-0331f555-5791-4a61-8842-99a634c00235 - - - - -] Acquired lock "singleton_lock" lock /var/lib/kolla/venv/lib/python3.6/site-packages/oslo_concurrency/lockutils.py:294
2025-06-02 02:22:40.891 29 DEBUG oslo_concurrency.lockutils [req-0331f555-5791-4a61-8842-99a634c00235 - - - - -] Releasing lock "singleton_lock" lock /var/lib/kolla/venv/lib/python3.6/site-packages/oslo_concurrency/lockutils.py:312
2025-06-02 02:22:40.892 29 DEBUG neutron.service [req-0331f555-5791-4a61-8842-99a634c00235 - - - - -] calling RpcWorker wait() _wait /var/lib/kolla/venv/lib/python3.6/site-packages/neutron/service.py:128
2025-06-02 02:22:40.892 29 DEBUG neutron.service [req-0331f555-5791-4a61-8842-99a634c00235 - - - - -] calling wait on _wait /var/lib/kolla/venv/lib/python3.6/site-packages/neutron/service.py:131
2025-06-02 02:22:40.898 29 WARNING amqp [req-0331f555-5791-4a61-8842-99a634c00235 - - - - -] Received method (60, 30) during closing channel 1. This method will be ignored
2025-06-02 02:22:40.898 29 DEBUG neutron.service [req-0331f555-5791-4a61-8842-99a634c00235 - - - - -] returning from RpcWorker wait() _wait /var/lib/kolla/venv/lib/python3.6/site-packages/neutron/service.py:135
2025-06-02 02:22:40.900 25 DEBUG neutron.service [-] calling stop on stop /var/lib/kolla/venv/lib/python3.6/site-packages/neutron/service.py:141
2025-06-02 02:22:40.904 7 INFO oslo_service.service [-] Child 29 exited with status 0
2025-06-02 02:22:40.912 25 DEBUG neutron.service [-] calling stop on stop /var/lib/kolla/venv/lib/python3.6/site-packages/neutron/service.py:141
2025-06-02 02:22:40.916 27 DEBUG oslo_concurrency.lockutils [req-0331f555-5791-4a61-8842-99a634c00235 - - - - -] Acquired lock "singleton_lock" lock /var/lib/kolla/venv/lib/python3.6/site-packages/oslo_concurrency/lockutils.py:294
2025-06-02 02:22:40.916 27 DEBUG oslo_concurrency.lockutils [req-0331f555-5791-4a61-8842-99a634c00235 - - - - -] Releasing lock "singleton_lock" lock /var/lib/kolla/venv/lib/python3.6/site-packages/oslo_concurrency/lockutils.py:312
2025-06-02 02:22:40.916 27 DEBUG neutron.service [req-0331f555-5791-4a61-8842-99a634c00235 - - - - -] calling RpcWorker wait() _wait /var/lib/kolla/venv/lib/python3.6/site-packages/neutron/service.py:128
2025-06-02 02:22:40.917 27 DEBUG neutron.service [req-0331f555-5791-4a61-8842-99a634c00235 - - - - -] calling wait on _wait /var/lib/kolla/venv/lib/python3.6/site-packages/neutron/service.py:131
2025-06-02 02:22:40.922 27 WARNING amqp [req-0331f555-5791-4a61-8842-99a634c00235 - - - - -] Received method (60, 30) during closing channel 1. This method will be ignored
2025-06-02 02:22:40.923 27 DEBUG neutron.service [req-0331f555-5791-4a61-8842-99a634c00235 - - - - -] returning from RpcWorker wait() _wait /var/lib/kolla/venv/lib/python3.6/site-packages/neutron/service.py:135
2025-06-02 02:22:40.924 25 DEBUG neutron.service [-] calling stop on stop /var/lib/kolla/venv/lib/python3.6/site-packages/neutron/service.py:141
2025-06-02 02:22:40.927 7 INFO oslo_service.service [-] Child 27 exited with status 0
2025-06-02 02:22:40.933 25 DEBUG oslo_concurrency.lockutils [req-0331f555-5791-4a61-8842-99a634c00235 - - - - -] Acquired lock "singleton_lock" lock /var/lib/kolla/venv/lib/python3.6/site-packages/oslo_concurrency/lockutils.py:294
2025-06-02 02:22:40.933 25 DEBUG oslo_concurrency.lockutils [req-0331f555-5791-4a61-8842-99a634c00235 - - - - -] Releasing lock "singleton_lock" lock /var/lib/kolla/venv/lib/python3.6/site-packages/oslo_concurrency/lockutils.py:312
2025-06-02 02:22:40.933 25 DEBUG neutron.service [req-0331f555-5791-4a61-8842-99a634c00235 - - - - -] calling RpcWorker wait() _wait /var/lib/kolla/venv/lib/python3.6/site-packages/neutron/service.py:128
2025-06-02 02:22:40.933 25 DEBUG neutron.service [req-0331f555-5791-4a61-8842-99a634c00235 - - - - -] calling wait on _wait /var/lib/kolla/venv/lib/python3.6/site-packages/neutron/service.py:131
2025-06-02 02:22:40.939 25 WARNING amqp [req-0331f555-5791-4a61-8842-99a634c00235 - - - - -] Received method (60, 30) during closing channel 1. This method will be ignored
2025-06-02 02:22:40.940 25 DEBUG neutron.service [req-0331f555-5791-4a61-8842-99a634c00235 - - - - -] calling wait on _wait /var/lib/kolla/venv/lib/python3.6/site-packages/neutron/service.py:131
2025-06-02 02:22:40.944 25 WARNING amqp [req-0331f555-5791-4a61-8842-99a634c00235 - - - - -] Received method (60, 30) during closing channel 1. This method will be ignored
2025-06-02 02:22:40.944 25 DEBUG neutron.service [req-0331f555-5791-4a61-8842-99a634c00235 - - - - -] calling wait on _wait /var/lib/kolla/venv/lib/python3.6/site-packages/neutron/service.py:131
2025-06-02 02:22:40.947 25 WARNING amqp [req-0331f555-5791-4a61-8842-99a634c00235 - - - - -] Received method (60, 30) during closing channel 1. This method will be ignored
2025-06-02 02:22:40.948 25 DEBUG neutron.service [req-0331f555-5791-4a61-8842-99a634c00235 - - - - -] calling wait on _wait /var/lib/kolla/venv/lib/python3.6/site-packages/neutron/service.py:131
2025-06-02 02:22:40.952 25 WARNING amqp [req-0331f555-5791-4a61-8842-99a634c00235 - - - - -] Received method (60, 30) during closing channel 1. This method will be ignored
2025-06-02 02:22:40.953 25 DEBUG neutron.service [req-0331f555-5791-4a61-8842-99a634c00235 - - - - -] returning from RpcWorker wait() _wait /var/lib/kolla/venv/lib/python3.6/site-packages/neutron/service.py:135
2025-06-02 02:22:40.958 7 INFO oslo_service.service [-] Child 25 exited with status 0
2025-06-02 02:22:41.053 24 DEBUG neutron.service [-] calling stop on stop /var/lib/kolla/venv/lib/python3.6/site-packages/neutron/service.py:141
2025-06-02 02:22:41.062 24 DEBUG neutron_lib.callbacks.manager [req-4e019adf-65cc-4118-aa18-5b4548f7390a - - - - -] Publish callbacks ['neutron.services.segments.db._update_segment_host_mapping_for_agent-8730738145395', 'neutron.plugins.ml2.plugin.Ml2Plugin._retry_binding_revived_agents--9223372036852930672'] for agent (7c1fe57a-6b28-466a-b5f9-1c2df3266da7), after_update _notify_loop /var/lib/kolla/venv/lib/python3.6/site-packages/neutron_lib/callbacks/manager.py:177
2025-06-02 02:22:45.076 6 INFO neutron.common.config [-] Logging enabled!
2025-06-02 02:22:45.077 6 INFO neutron.common.config [-] /var/lib/kolla/venv/bin/neutron-server version 20.5.1.dev23
2025-06-02 02:22:45.077 6 DEBUG neutron.common.config [-] command line: /var/lib/kolla/venv/bin/neutron-server --config-file /etc/neutron/neutron.conf --config-file /etc/neutron/ContrailPlugin.ini --config-file /etc/neutron/api-paste.ini setup_logging /var/lib/kolla/venv/lib/python3.6/site-packages/neutron/common/config.py:115
2025-06-02 02:22:45.080 6 INFO neutron.common.config [-] Logging enabled!
2025-06-02 02:22:45.081 6 INFO neutron.common.config [-] /var/lib/kolla/venv/bin/neutron-server version 20.5.1.dev23
2025-06-02 02:22:45.081 6 DEBUG neutron.common.config [-] command line: /var/lib/kolla/venv/bin/neutron-server --config-file /etc/neutron/neutron.conf --config-file /etc/neutron/ContrailPlugin.ini --config-file /etc/neutron/api-paste.ini setup_logging /var/lib/kolla/venv/lib/python3.6/site-packages/neutron/common/config.py:115
2025-06-02 02:22:45.081 6 DEBUG neutron.common.config [-] ******************************************************************************** log_opt_values /var/lib/kolla/venv/lib/python3.6/site-packages/oslo_config/cfg.py:2589
2025-06-02 02:22:45.081 6 DEBUG neutron.common.config [-] Configuration options gathered from: log_opt_values /var/lib/kolla/venv/lib/python3.6/site-packages/oslo_config/cfg.py:2590
2025-06-02 02:22:45.082 6 DEBUG neutron.common.config [-] command line args: ['--config-file', '/etc/neutron/neutron.conf', '--config-file', '/etc/neutron/ContrailPlugin.ini', '--config-file', '/etc/neutron/api-paste.ini'] log_opt_values /var/lib/kolla/venv/lib/python3.6/site-packages/oslo_config/cfg.py:2591
2025-06-02 02:22:45.082 6 DEBUG neutron.common.config [-] config files: ['/etc/neutron/neutron.conf', '/etc/neutron/ContrailPlugin.ini', '/etc/neutron/api-paste.ini'] log_opt_values /var/lib/kolla/venv/lib/python3.6/site-packages/oslo_config/cfg.py:2593
2025-06-02 02:22:45.082 6 DEBUG neutron.common.config [-] ================================================================================ log_opt_values /var/lib/kolla/venv/lib/python3.6/site-packages/oslo_config/cfg.py:2594
2025-06-02 02:22:45.083 6 DEBUG neutron.common.config [-] allow_bulk = True log_opt_values /var/lib/kolla/venv/lib/python3.6/site-packages/oslo_config/cfg.py:2603
2025-06-02 02:22:45.083 6 WARNING oslo_config.cfg [-] Deprecated: Option "allow_overlapping_ips" from group "DEFAULT" is deprecated for removal. Its value may be silently ignored in the future.
2025-06-02 02:22:45.083 6 DEBUG neutron.common.config [-] allow_overlapping_ips = True log_opt_values /var/lib/kolla/venv/lib/python3.6/site-packages/oslo_config/cfg.py:2603
2025-06-02 02:22:45.083 6 DEBUG neutron.common.config [-] api_extensions_path = /opt/plugin/site-packages/neutron_plugin_contrail/extensions:/opt/plugin/site-packages/neutron_lbaas/extensions log_opt_values /var/lib/kolla/venv/lib/python3.6/site-packages/oslo_config/cfg.py:2603
2025-06-02 02:22:45.083 6 DEBUG neutron.common.config [-] api_paste_config = /etc/neutron/api-paste.ini log_opt_values /var/lib/kolla/venv/lib/python3.6/site-packages/oslo_config/cfg.py:2603
2025-06-02 02:22:45.083 6 DEBUG neutron.common.config [-] api_workers = 1 log_opt_values /var/lib/kolla/venv/lib/python3.6/site-packages/oslo_config/cfg.py:2603
2025-06-02 02:22:45.083 6 DEBUG neutron.common.config [-] auth_strategy = keystone log_opt_values /var/lib/kolla/venv/lib/python3.6/site-packages/oslo_config/cfg.py:2603
2025-06-02 02:22:45.084 6 DEBUG neutron.common.config [-] backlog = 4096 log_opt_values /var/lib/kolla/venv/lib/python3.6/site-packages/oslo_config/cfg.py:2603
2025-06-02 02:22:45.084 6 DEBUG neutron.common.config [-] base_mac = fa:16:3e:00:00:00 log_opt_values /var/lib/kolla/venv/lib/python3.6/site-packages/oslo_config/cfg.py:2603
2025-06-02 02:22:45.084 6 DEBUG neutron.common.config [-] bind_host = 10.0.0.242 log_opt_values /var/lib/kolla/venv/lib/python3.6/site-packages/oslo_config/cfg.py:2603
2025-06-02 02:22:45.084 6 DEBUG neutron.common.config [-] bind_port = 9696 log_opt_values /var/lib/kolla/venv/lib/python3.6/site-packages/oslo_config/cfg.py:2603
2025-06-02 02:22:45.084 6 DEBUG neutron.common.config [-] client_socket_timeout = 900 log_opt_values /var/lib/kolla/venv/lib/python3.6/site-packages/oslo_config/cfg.py:2603
2025-06-02 02:22:45.084 6 DEBUG neutron.common.config [-] config_dir = [] log_opt_values /var/lib/kolla/venv/lib/python3.6/site-packages/oslo_config/cfg.py:2603
2025-06-02 02:22:45.084 6 DEBUG neutron.common.config [-] config_file = ['/etc/neutron/neutron.conf', '/etc/neutron/ContrailPlugin.ini', '/etc/neutron/api-paste.ini'] log_opt_values /var/lib/kolla/venv/lib/python3.6/site-packages/oslo_config/cfg.py:2603
2025-06-02 02:22:45.084 6 DEBUG neutron.common.config [-] config_source = [] log_opt_values /var/lib/kolla/venv/lib/python3.6/site-packages/oslo_config/cfg.py:2603
2025-06-02 02:22:45.085 6 DEBUG neutron.common.config [-] control_exchange = neutron log_opt_values /var/lib/kolla/venv/lib/python3.6/site-packages/oslo_config/cfg.py:2603
2025-06-02 02:22:45.085 6 DEBUG neutron.common.config [-] core_plugin = neutron_plugin_contrail.plugins.opencontrail.contrail_plugin.NeutronPluginContrailCoreV2 log_opt_values /var/lib/kolla/venv/lib/python3.6/site-packages/oslo_config/cfg.py:2603
2025-06-02 02:22:45.085 6 DEBUG neutron.common.config [-] debug = True log_opt_values /var/lib/kolla/venv/lib/python3.6/site-packages/oslo_config/cfg.py:2603
2025-06-02 02:22:45.085 6 DEBUG neutron.common.config [-] default_availability_zones = [] log_opt_values /var/lib/kolla/venv/lib/python3.6/site-packages/oslo_config/cfg.py:2603
2025-06-02 02:22:45.085 6 DEBUG neutron.common.config [-] default_log_levels = ['amqp=WARN', 'amqplib=WARN', 'boto=WARN', 'qpid=WARN', 'sqlalchemy=WARN', 'suds=INFO', 'oslo.messaging=INFO', 'oslo_messaging=INFO', 'iso8601=WARN', 'requests.packages.urllib3.connectionpool=WARN', 'urllib3.connectionpool=WARN', 'websocket=WARN', 'requests.packages.urllib3.util.retry=WARN', 'urllib3.util.retry=WARN', 'keystonemiddleware=WARN', 'routes.middleware=WARN', 'stevedore=WARN', 'taskflow=WARN', 'keystoneauth=WARN', 'oslo.cache=INFO', 'oslo_policy=INFO', 'dogpile.core.dogpile=INFO', 'OFPHandler=INFO', 'OfctlService=INFO', 'os_ken.base.app_manager=INFO', 'os_ken.controller.controller=INFO'] log_opt_values /var/lib/kolla/venv/lib/python3.6/site-packages/oslo_config/cfg.py:2603
2025-06-02 02:22:45.085 6 DEBUG neutron.common.config [-] dhcp_agent_notification = True log_opt_values /var/lib/kolla/venv/lib/python3.6/site-packages/oslo_config/cfg.py:2603
2025-06-02 02:22:45.085 6 DEBUG neutron.common.config [-] dhcp_lease_duration = 86400 log_opt_values /var/lib/kolla/venv/lib/python3.6/site-packages/oslo_config/cfg.py:2603
2025-06-02 02:22:45.086 6 DEBUG neutron.common.config [-] dns_domain = openstacklocal log_opt_values /var/lib/kolla/venv/lib/python3.6/site-packages/oslo_config/cfg.py:2603
2025-06-02 02:22:45.086 6 DEBUG neutron.common.config [-] enable_traditional_dhcp = True log_opt_values /var/lib/kolla/venv/lib/python3.6/site-packages/oslo_config/cfg.py:2603
2025-06-02 02:22:45.086 6 DEBUG neutron.common.config [-] external_dns_driver = None log_opt_values /var/lib/kolla/venv/lib/python3.6/site-packages/oslo_config/cfg.py:2603
2025-06-02 02:22:45.086 6 DEBUG neutron.common.config [-] filter_validation = True log_opt_values /var/lib/kolla/venv/lib/python3.6/site-packages/oslo_config/cfg.py:2603
2025-06-02 02:22:45.086 6 DEBUG neutron.common.config [-] global_physnet_mtu = 1500 log_opt_values /var/lib/kolla/venv/lib/python3.6/site-packages/oslo_config/cfg.py:2603
