2025-05-29 00:41:28.084 130458 DEBUG oslo_service.service [req-eef8ee13-448a-4d82-a808-b12edda9b036 - - - - -] servicegroup_driver = db log_opt_values /usr/lib/python3/dist-packages/oslo_config/cfg.py:2602
2025-05-29 00:41:28.084 130458 DEBUG oslo_service.service [req-eef8ee13-448a-4d82-a808-b12edda9b036 - - - - -] shelved_offload_time = 0 log_opt_values /usr/lib/python3/dist-packages/oslo_config/cfg.py:2602
2025-05-29 00:41:28.084 130458 DEBUG oslo_service.service [req-eef8ee13-448a-4d82-a808-b12edda9b036 - - - - -] shelved_poll_interval = 3600 log_opt_values /usr/lib/python3/dist-packages/oslo_config/cfg.py:2602
2025-05-29 00:41:28.085 130458 DEBUG oslo_service.service [req-eef8ee13-448a-4d82-a808-b12edda9b036 - - - - -] shutdown_timeout = 60 log_opt_values /usr/lib/python3/dist-packages/oslo_config/cfg.py:2602
2025-05-29 00:41:28.085 130458 DEBUG oslo_service.service [req-eef8ee13-448a-4d82-a808-b12edda9b036 - - - - -] source_is_ipv6 = False log_opt_values /usr/lib/python3/dist-packages/oslo_config/cfg.py:2602
2025-05-29 00:41:28.085 130458 DEBUG oslo_service.service [req-eef8ee13-448a-4d82-a808-b12edda9b036 - - - - -] ssl_only = False log_opt_values /usr/lib/python3/dist-packages/oslo_config/cfg.py:2602
2025-05-29 00:41:28.085 130458 DEBUG oslo_service.service [req-eef8ee13-448a-4d82-a808-b12edda9b036 - - - - -] state_path = /var/lib/nova log_opt_values /usr/lib/python3/dist-packages/oslo_config/cfg.py:2602
2025-05-29 00:41:28.085 130458 DEBUG oslo_service.service [req-eef8ee13-448a-4d82-a808-b12edda9b036 - - - - -] sync_power_state_interval = 600 log_opt_values /usr/lib/python3/dist-packages/oslo_config/cfg.py:2602
2025-05-29 00:41:28.085 130458 DEBUG oslo_service.service [req-eef8ee13-448a-4d82-a808-b12edda9b036 - - - - -] sync_power_state_pool_size = 1000 log_opt_values /usr/lib/python3/dist-packages/oslo_config/cfg.py:2602
2025-05-29 00:41:28.086 130458 DEBUG oslo_service.service [req-eef8ee13-448a-4d82-a808-b12edda9b036 - - - - -] syslog_log_facility = LOG_USER log_opt_values /usr/lib/python3/dist-packages/oslo_config/cfg.py:2602
2025-05-29 00:41:28.086 130458 DEBUG oslo_service.service [req-eef8ee13-448a-4d82-a808-b12edda9b036 - - - - -] tempdir = None log_opt_values /usr/lib/python3/dist-packages/oslo_config/cfg.py:2602
2025-05-29 00:41:28.086 130458 DEBUG oslo_service.service [req-eef8ee13-448a-4d82-a808-b12edda9b036 - - - - -] timeout_nbd = 10 log_opt_values /usr/lib/python3/dist-packages/oslo_config/cfg.py:2602
2025-05-29 00:41:28.086 130458 DEBUG oslo_service.service [req-eef8ee13-448a-4d82-a808-b12edda9b036 - - - - -] transport_url = **** log_opt_values /usr/lib/python3/dist-packages/oslo_config/cfg.py:2602
2025-05-29 00:41:28.086 130458 DEBUG oslo_service.service [req-eef8ee13-448a-4d82-a808-b12edda9b036 - - - - -] update_resources_interval = 0 log_opt_values /usr/lib/python3/dist-packages/oslo_config/cfg.py:2602
2025-05-29 00:41:28.086 130458 DEBUG oslo_service.service [req-eef8ee13-448a-4d82-a808-b12edda9b036 - - - - -] use_cow_images = True log_opt_values /usr/lib/python3/dist-packages/oslo_config/cfg.py:2602
2025-05-29 00:41:28.087 130458 DEBUG oslo_service.service [req-eef8ee13-448a-4d82-a808-b12edda9b036 - - - - -] use_eventlog = False log_opt_values /usr/lib/python3/dist-packages/oslo_config/cfg.py:2602
2025-05-29 00:41:28.087 130458 DEBUG oslo_service.service [req-eef8ee13-448a-4d82-a808-b12edda9b036 - - - - -] use_journal = False log_opt_values /usr/lib/python3/dist-packages/oslo_config/cfg.py:2602
2025-05-29 00:41:28.087 130458 DEBUG oslo_service.service [req-eef8ee13-448a-4d82-a808-b12edda9b036 - - - - -] use_json = False log_opt_values /usr/lib/python3/dist-packages/oslo_config/cfg.py:2602
2025-05-29 00:41:28.087 130458 DEBUG oslo_service.service [req-eef8ee13-448a-4d82-a808-b12edda9b036 - - - - -] use_rootwrap_daemon = False log_opt_values /usr/lib/python3/dist-packages/oslo_config/cfg.py:2602
2025-05-29 00:41:28.087 130458 DEBUG oslo_service.service [req-eef8ee13-448a-4d82-a808-b12edda9b036 - - - - -] use_stderr = False log_opt_values /usr/lib/python3/dist-packages/oslo_config/cfg.py:2602
2025-05-29 00:41:28.087 130458 DEBUG oslo_service.service [req-eef8ee13-448a-4d82-a808-b12edda9b036 - - - - -] use_syslog = False log_opt_values /usr/lib/python3/dist-packages/oslo_config/cfg.py:2602
2025-05-29 00:41:28.087 130458 DEBUG oslo_service.service [req-eef8ee13-448a-4d82-a808-b12edda9b036 - - - - -] vcpu_pin_set = None log_opt_values /usr/lib/python3/dist-packages/oslo_config/cfg.py:2602
2025-05-29 00:41:28.088 130458 DEBUG oslo_service.service [req-eef8ee13-448a-4d82-a808-b12edda9b036 - - - - -] vif_plugging_is_fatal = True log_opt_values /usr/lib/python3/dist-packages/oslo_config/cfg.py:2602
2025-05-29 00:41:28.088 130458 DEBUG oslo_service.service [req-eef8ee13-448a-4d82-a808-b12edda9b036 - - - - -] vif_plugging_timeout = 300 log_opt_values /usr/lib/python3/dist-packages/oslo_config/cfg.py:2602
2025-05-29 00:41:28.088 130458 DEBUG oslo_service.service [req-eef8ee13-448a-4d82-a808-b12edda9b036 - - - - -] virt_mkfs = [] log_opt_values /usr/lib/python3/dist-packages/oslo_config/cfg.py:2602
2025-05-29 00:41:28.088 130458 DEBUG oslo_service.service [req-eef8ee13-448a-4d82-a808-b12edda9b036 - - - - -] volume_usage_poll_interval = 0 log_opt_values /usr/lib/python3/dist-packages/oslo_config/cfg.py:2602
2025-05-29 00:41:28.088 130458 DEBUG oslo_service.service [req-eef8ee13-448a-4d82-a808-b12edda9b036 - - - - -] watch_log_file = False log_opt_values /usr/lib/python3/dist-packages/oslo_config/cfg.py:2602
2025-05-29 00:41:28.089 130458 DEBUG oslo_service.service [req-eef8ee13-448a-4d82-a808-b12edda9b036 - - - - -] web = /usr/share/spice-html5 log_opt_values /usr/lib/python3/dist-packages/oslo_config/cfg.py:2602
2025-05-29 00:41:28.089 130458 DEBUG oslo_service.service [req-eef8ee13-448a-4d82-a808-b12edda9b036 - - - - -] oslo_concurrency.disable_process_locking = False log_opt_values /usr/lib/python3/dist-packages/oslo_config/cfg.py:2609
2025-05-29 00:41:28.089 130458 DEBUG oslo_service.service [req-eef8ee13-448a-4d82-a808-b12edda9b036 - - - - -] oslo_concurrency.lock_path = /var/lock/nova log_opt_values /usr/lib/python3/dist-packages/oslo_config/cfg.py:2609
2025-05-29 00:41:28.090 130458 WARNING oslo_config.cfg [req-eef8ee13-448a-4d82-a808-b12edda9b036 - - - - -] Deprecated: Option "auth_strategy" from group "api" is deprecated for removal ( The only non-default choice, ``noauth2``, is for internal development and testing purposes only and should not be used in deployments. This option and its middleware, NoAuthMiddleware[V2_18], will be removed in a future release. ). Its value may be silently ignored in the future.
2025-05-29 00:41:28.090 130458 DEBUG oslo_service.service [req-eef8ee13-448a-4d82-a808-b12edda9b036 - - - - -] api.auth_strategy = keystone log_opt_values /usr/lib/python3/dist-packages/oslo_config/cfg.py:2609
2025-05-29 00:41:28.090 130458 DEBUG oslo_service.service [req-eef8ee13-448a-4d82-a808-b12edda9b036 - - - - -] api.compute_link_prefix = None log_opt_values /usr/lib/python3/dist-packages/oslo_config/cfg.py:2609
2025-05-29 00:41:28.090 130458 DEBUG oslo_service.service [req-eef8ee13-448a-4d82-a808-b12edda9b036 - - - - -] api.config_drive_skip_versions = 1.0 2007-01-19 2007-03-01 2007-08-29 2007-10-10 2007-12-15 2008-02-01 2008-09-01 log_opt_values /usr/lib/python3/dist-packages/oslo_config/cfg.py:2609
2025-05-29 00:41:28.090 130458 DEBUG oslo_service.service [req-eef8ee13-448a-4d82-a808-b12edda9b036 - - - - -] api.dhcp_domain = novalocal log_opt_values /usr/lib/python3/dist-packages/oslo_config/cfg.py:2609
2025-05-29 00:41:28.091 130458 DEBUG oslo_service.service [req-eef8ee13-448a-4d82-a808-b12edda9b036 - - - - -] api.enable_instance_password = True log_opt_values /usr/lib/python3/dist-packages/oslo_config/cfg.py:2609
2025-05-29 00:41:28.091 130458 DEBUG oslo_service.service [req-eef8ee13-448a-4d82-a808-b12edda9b036 - - - - -] api.glance_link_prefix = None log_opt_values /usr/lib/python3/dist-packages/oslo_config/cfg.py:2609
2025-05-29 00:41:28.091 130458 DEBUG oslo_service.service [req-eef8ee13-448a-4d82-a808-b12edda9b036 - - - - -] api.instance_list_cells_batch_fixed_size = 100 log_opt_values /usr/lib/python3/dist-packages/oslo_config/cfg.py:2609
2025-05-29 00:41:28.091 130458 DEBUG oslo_service.service [req-eef8ee13-448a-4d82-a808-b12edda9b036 - - - - -] api.instance_list_cells_batch_strategy = distributed log_opt_values /usr/lib/python3/dist-packages/oslo_config/cfg.py:2609
2025-05-29 00:41:28.091 130458 DEBUG oslo_service.service [req-eef8ee13-448a-4d82-a808-b12edda9b036 - - - - -] api.instance_list_per_project_cells = False log_opt_values /usr/lib/python3/dist-packages/oslo_config/cfg.py:2609
2025-05-29 00:41:28.091 130458 DEBUG oslo_service.service [req-eef8ee13-448a-4d82-a808-b12edda9b036 - - - - -] api.list_records_by_skipping_down_cells = True log_opt_values /usr/lib/python3/dist-packages/oslo_config/cfg.py:2609
2025-05-29 00:41:28.092 130458 DEBUG oslo_service.service [req-eef8ee13-448a-4d82-a808-b12edda9b036 - - - - -] api.local_metadata_per_cell = False log_opt_values /usr/lib/python3/dist-packages/oslo_config/cfg.py:2609
2025-05-29 00:41:28.092 130458 DEBUG oslo_service.service [req-eef8ee13-448a-4d82-a808-b12edda9b036 - - - - -] api.max_limit = 1000 log_opt_values /usr/lib/python3/dist-packages/oslo_config/cfg.py:2609
2025-05-29 00:41:28.092 130458 DEBUG oslo_service.service [req-eef8ee13-448a-4d82-a808-b12edda9b036 - - - - -] api.metadata_cache_expiration = 15 log_opt_values /usr/lib/python3/dist-packages/oslo_config/cfg.py:2609
2025-05-29 00:41:28.093 130458 DEBUG oslo_service.service [req-eef8ee13-448a-4d82-a808-b12edda9b036 - - - - -] api.neutron_default_tenant_id = default log_opt_values /usr/lib/python3/dist-packages/oslo_config/cfg.py:2609
2025-05-29 00:41:28.093 130458 DEBUG oslo_service.service [req-eef8ee13-448a-4d82-a808-b12edda9b036 - - - - -] api.use_forwarded_for = False log_opt_values /usr/lib/python3/dist-packages/oslo_config/cfg.py:2609
2025-05-29 00:41:28.094 130458 DEBUG oslo_service.service [req-eef8ee13-448a-4d82-a808-b12edda9b036 - - - - -] api.use_neutron_default_nets = False log_opt_values /usr/lib/python3/dist-packages/oslo_config/cfg.py:2609
2025-05-29 00:41:28.094 130458 DEBUG oslo_service.service [req-eef8ee13-448a-4d82-a808-b12edda9b036 - - - - -] api.vendordata_dynamic_connect_timeout = 5 log_opt_values /usr/lib/python3/dist-packages/oslo_config/cfg.py:2609
2025-05-29 00:41:28.094 130458 DEBUG oslo_service.service [req-eef8ee13-448a-4d82-a808-b12edda9b036 - - - - -] api.vendordata_dynamic_failure_fatal = False log_opt_values /usr/lib/python3/dist-packages/oslo_config/cfg.py:2609
2025-05-29 00:41:28.094 130458 DEBUG oslo_service.service [req-eef8ee13-448a-4d82-a808-b12edda9b036 - - - - -] api.vendordata_dynamic_read_timeout = 5 log_opt_values /usr/lib/python3/dist-packages/oslo_config/cfg.py:2609
2025-05-29 00:41:28.095 130458 DEBUG oslo_service.service [req-eef8ee13-448a-4d82-a808-b12edda9b036 - - - - -] api.vendordata_dynamic_ssl_certfile = log_opt_values /usr/lib/python3/dist-packages/oslo_config/cfg.py:2609
2025-05-29 00:41:28.095 130458 DEBUG oslo_service.service [req-eef8ee13-448a-4d82-a808-b12edda9b036 - - - - -] api.vendordata_dynamic_targets = [] log_opt_values /usr/lib/python3/dist-packages/oslo_config/cfg.py:2609
2025-05-29 00:41:28.095 130458 DEBUG oslo_service.service [req-eef8ee13-448a-4d82-a808-b12edda9b036 - - - - -] api.vendordata_jsonfile_path = None log_opt_values /usr/lib/python3/dist-packages/oslo_config/cfg.py:2609
2025-05-29 00:41:28.095 130458 DEBUG oslo_service.service [req-eef8ee13-448a-4d82-a808-b12edda9b036 - - - - -] api.vendordata_providers = ['StaticJSON'] log_opt_values /usr/lib/python3/dist-packages/oslo_config/cfg.py:2609
2025-05-29 00:41:28.095 130458 DEBUG oslo_service.service [req-eef8ee13-448a-4d82-a808-b12edda9b036 - - - - -] cache.backend = dogpile.cache.null log_opt_values /usr/lib/python3/dist-packages/oslo_config/cfg.py:2609
2025-05-29 00:41:28.095 131272 DEBUG oslo_messaging._drivers.amqpdriver [-] Listener is running poll /usr/lib/python3/dist-packages/oslo_messaging/_drivers/amqpdriver.py:343
2025-05-29 00:41:28.096 130458 DEBUG oslo_service.service [req-eef8ee13-448a-4d82-a808-b12edda9b036 - - - - -] cache.backend_argument = **** log_opt_values /usr/lib/python3/dist-packages/oslo_config/cfg.py:2609
2025-05-29 00:41:28.096 131272 DEBUG oslo_messaging._drivers.amqpdriver [-] AMQPListener connection consume poll /usr/lib/python3/dist-packages/oslo_messaging/_drivers/amqpdriver.py:357
2025-05-29 00:41:28.096 130458 DEBUG oslo_service.service [req-eef8ee13-448a-4d82-a808-b12edda9b036 - - - - -] cache.config_prefix = cache.oslo log_opt_values /usr/lib/python3/dist-packages/oslo_config/cfg.py:2609
2025-05-29 00:41:28.096 130458 DEBUG oslo_service.service [req-eef8ee13-448a-4d82-a808-b12edda9b036 - - - - -] cache.debug_cache_backend = False log_opt_values /usr/lib/python3/dist-packages/oslo_config/cfg.py:2609
2025-05-29 00:41:28.096 130458 DEBUG oslo_service.service [req-eef8ee13-448a-4d82-a808-b12edda9b036 - - - - -] cache.enabled = False log_opt_values /usr/lib/python3/dist-packages/oslo_config/cfg.py:2609
2025-05-29 00:41:28.096 130458 DEBUG oslo_service.service [req-eef8ee13-448a-4d82-a808-b12edda9b036 - - - - -] cache.expiration_time = 600 log_opt_values /usr/lib/python3/dist-packages/oslo_config/cfg.py:2609
2025-05-29 00:41:28.096 131272 DEBUG nova.service [req-ad932d39-a6bf-4b15-825c-40402cd3388b - - - - -] Join ServiceGroup membership for this service scheduler start /usr/lib/python3/dist-packages/nova/service.py:199
2025-05-29 00:41:28.096 130458 DEBUG oslo_service.service [req-eef8ee13-448a-4d82-a808-b12edda9b036 - - - - -] cache.memcache_dead_retry = 300 log_opt_values /usr/lib/python3/dist-packages/oslo_config/cfg.py:2609
2025-05-29 00:41:28.097 131272 DEBUG nova.servicegroup.drivers.db [req-ad932d39-a6bf-4b15-825c-40402cd3388b - - - - -] DB_Driver: join new ServiceGroup member juju-b0de6f-0-lxd-7 to the scheduler group, service = join /usr/lib/python3/dist-packages/nova/servicegroup/drivers/db.py:44
2025-05-29 00:41:28.097 131271 DEBUG oslo_messaging._drivers.amqpdriver [-] Listener is running poll /usr/lib/python3/dist-packages/oslo_messaging/_drivers/amqpdriver.py:343
2025-05-29 00:41:28.098 130458 DEBUG oslo_service.service [req-eef8ee13-448a-4d82-a808-b12edda9b036 - - - - -] cache.memcache_pool_connection_get_timeout = 10 log_opt_values /usr/lib/python3/dist-packages/oslo_config/cfg.py:2609
2025-05-29 00:41:28.099 130458 DEBUG oslo_service.service [req-eef8ee13-448a-4d82-a808-b12edda9b036 - - - - -] cache.memcache_pool_flush_on_reconnect = False log_opt_values /usr/lib/python3/dist-packages/oslo_config/cfg.py:2609
2025-05-29 00:41:28.099 130458 DEBUG oslo_service.service [req-eef8ee13-448a-4d82-a808-b12edda9b036 - - - - -] cache.memcache_pool_maxsize = 10 log_opt_values /usr/lib/python3/dist-packages/oslo_config/cfg.py:2609
2025-05-29 00:41:28.098 131271 DEBUG oslo_messaging._drivers.amqpdriver [-] AMQPListener connection consume poll /usr/lib/python3/dist-packages/oslo_messaging/_drivers/amqpdriver.py:357
2025-05-29 00:41:28.099 130458 DEBUG oslo_service.service [req-eef8ee13-448a-4d82-a808-b12edda9b036 - - - - -] cache.memcache_pool_unused_timeout = 60 log_opt_values /usr/lib/python3/dist-packages/oslo_config/cfg.py:2609
2025-05-29 00:41:28.099 131280 DEBUG nova.service [req-c256e848-3788-4a4a-b201-d977ce56d2ae - - - - -] Creating RPC server for service scheduler start /usr/lib/python3/dist-packages/nova/service.py:182
2025-05-29 00:41:28.099 130458 DEBUG oslo_service.service [req-eef8ee13-448a-4d82-a808-b12edda9b036 - - - - -] cache.memcache_servers = ['localhost:11211'] log_opt_values /usr/lib/python3/dist-packages/oslo_config/cfg.py:2609
2025-05-29 00:41:28.099 130458 DEBUG oslo_service.service [req-eef8ee13-448a-4d82-a808-b12edda9b036 - - - - -] cache.memcache_socket_timeout = 1.0 log_opt_values /usr/lib/python3/dist-packages/oslo_config/cfg.py:2609
2025-05-29 00:41:28.099 131271 DEBUG nova.service [req-acd644d6-ba89-47ee-ba94-108e83e49ec9 - - - - -] Join ServiceGroup membership for this service scheduler start /usr/lib/python3/dist-packages/nova/service.py:199
2025-05-29 00:41:28.100 130458 DEBUG oslo_service.service [req-eef8ee13-448a-4d82-a808-b12edda9b036 - - - - -] cache.proxies = [] log_opt_values /usr/lib/python3/dist-packages/oslo_config/cfg.py:2609
2025-05-29 00:41:28.100 130458 DEBUG oslo_service.service [req-eef8ee13-448a-4d82-a808-b12edda9b036 - - - - -] cache.tls_allowed_ciphers = None log_opt_values /usr/lib/python3/dist-packages/oslo_config/cfg.py:2609
2025-05-29 00:41:28.100 131271 DEBUG nova.servicegroup.drivers.db [req-acd644d6-ba89-47ee-ba94-108e83e49ec9 - - - - -] DB_Driver: join new ServiceGroup member juju-b0de6f-0-lxd-7 to the scheduler group, service = join /usr/lib/python3/dist-packages/nova/servicegroup/drivers/db.py:44
2025-05-29 00:41:28.100 130458 DEBUG oslo_service.service [req-eef8ee13-448a-4d82-a808-b12edda9b036 - - - - -] cache.tls_cafile = None log_opt_values /usr/lib/python3/dist-packages/oslo_config/cfg.py:2609
2025-05-29 00:41:28.100 130458 DEBUG oslo_service.service [req-eef8ee13-448a-4d82-a808-b12edda9b036 - - - - -] cache.tls_certfile = None log_opt_values /usr/lib/python3/dist-packages/oslo_config/cfg.py:2609
2025-05-29 00:41:28.100 130458 DEBUG oslo_service.service [req-eef8ee13-448a-4d82-a808-b12edda9b036 - - - - -] cache.tls_enabled = False log_opt_values /usr/lib/python3/dist-packages/oslo_config/cfg.py:2609
2025-05-29 00:41:28.100 130458 DEBUG oslo_service.service [req-eef8ee13-448a-4d82-a808-b12edda9b036 - - - - -] cache.tls_keyfile = None log_opt_values /usr/lib/python3/dist-packages/oslo_config/cfg.py:2609
2025-05-29 00:41:28.101 130458 DEBUG oslo_service.service [req-eef8ee13-448a-4d82-a808-b12edda9b036 - - - - -] cinder.auth_section = None log_opt_values /usr/lib/python3/dist-packages/oslo_config/cfg.py:2609
2025-05-29 00:41:28.101 131272 DEBUG oslo_messaging._drivers.amqpdriver [-] AMQPListener connection timeout poll /usr/lib/python3/dist-packages/oslo_messaging/_drivers/amqpdriver.py:360
2025-05-29 00:41:28.101 130458 DEBUG oslo_service.service [req-eef8ee13-448a-4d82-a808-b12edda9b036 - - - - -] cinder.auth_type = None log_opt_values /usr/lib/python3/dist-packages/oslo_config/cfg.py:2609
2025-05-29 00:41:28.101 130458 DEBUG oslo_service.service [req-eef8ee13-448a-4d82-a808-b12edda9b036 - - - - -] cinder.cafile = None log_opt_values /usr/lib/python3/dist-packages/oslo_config/cfg.py:2609
2025-05-29 00:41:28.101 131272 DEBUG oslo_messaging._drivers.amqpdriver [-] Listener is running poll /usr/lib/python3/dist-packages/oslo_messaging/_drivers/amqpdriver.py:343
2025-05-29 00:41:28.101 131272 DEBUG oslo_messaging._drivers.amqpdriver [-] AMQPListener connection consume poll /usr/lib/python3/dist-packages/oslo_messaging/_drivers/amqpdriver.py:357
2025-05-29 00:41:28.101 130458 DEBUG oslo_service.service [req-eef8ee13-448a-4d82-a808-b12edda9b036 - - - - -] cinder.catalog_info = volumev3::publicURL log_opt_values /usr/lib/python3/dist-packages/oslo_config/cfg.py:2609
2025-05-29 00:41:28.101 130458 DEBUG oslo_service.service [req-eef8ee13-448a-4d82-a808-b12edda9b036 - - - - -] cinder.certfile = None log_opt_values /usr/lib/python3/dist-packages/oslo_config/cfg.py:2609
2025-05-29 00:41:28.101 130458 DEBUG oslo_service.service [req-eef8ee13-448a-4d82-a808-b12edda9b036 - - - - -] cinder.collect_timing = False log_opt_values /usr/lib/python3/dist-packages/oslo_config/cfg.py:2609
2025-05-29 00:41:28.102 130458 DEBUG oslo_service.service [req-eef8ee13-448a-4d82-a808-b12edda9b036 - - - - -] cinder.cross_az_attach = True log_opt_values /usr/lib/python3/dist-packages/oslo_config/cfg.py:2609
2025-05-29 00:41:28.102 130458 DEBUG oslo_service.service [req-eef8ee13-448a-4d82-a808-b12edda9b036 - - - - -] cinder.debug = False log_opt_values /usr/lib/python3/dist-packages/oslo_config/cfg.py:2609
2025-05-29 00:41:28.102 130458 DEBUG oslo_service.service [req-eef8ee13-448a-4d82-a808-b12edda9b036 - - - - -] cinder.endpoint_template = None log_opt_values /usr/lib/python3/dist-packages/oslo_config/cfg.py:2609
2025-05-29 00:41:28.102 130458 DEBUG oslo_service.service [req-eef8ee13-448a-4d82-a808-b12edda9b036 - - - - -] cinder.http_retries = 3 log_opt_values /usr/lib/python3/dist-packages/oslo_config/cfg.py:2609
2025-05-29 00:41:28.102 131271 DEBUG oslo_messaging._drivers.amqpdriver [-] AMQPListener connection timeout poll /usr/lib/python3/dist-packages/oslo_messaging/_drivers/amqpdriver.py:360
2025-05-29 00:41:28.102 130458 DEBUG oslo_service.service [req-eef8ee13-448a-4d82-a808-b12edda9b036 - - - - -] cinder.insecure = False log_opt_values /usr/lib/python3/dist-packages/oslo_config/cfg.py:2609
2025-05-29 00:41:28.102 130458 DEBUG oslo_service.service [req-eef8ee13-448a-4d82-a808-b12edda9b036 - - - - -] cinder.keyfile = None log_opt_values /usr/lib/python3/dist-packages/oslo_config/cfg.py:2609
2025-05-29 00:41:28.103 130458 DEBUG oslo_service.service [req-eef8ee13-448a-4d82-a808-b12edda9b036 - - - - -] cinder.os_region_name = None log_opt_values /usr/lib/python3/dist-packages/oslo_config/cfg.py:2609
2025-05-29 00:41:28.103 130458 DEBUG oslo_service.service [req-eef8ee13-448a-4d82-a808-b12edda9b036 - - - - -] cinder.split_loggers = False log_opt_values /usr/lib/python3/dist-packages/oslo_config/cfg.py:2609
2025-05-29 00:41:28.102 131271 DEBUG oslo_messaging._drivers.amqpdriver [-] Listener is running poll /usr/lib/python3/dist-packages/oslo_messaging/_drivers/amqpdriver.py:343
2025-05-29 00:41:28.103 130458 DEBUG oslo_service.service [req-eef8ee13-448a-4d82-a808-b12edda9b036 - - - - -] cinder.timeout = None log_opt_values /usr/lib/python3/dist-packages/oslo_config/cfg.py:2609
2025-05-29 00:41:28.103 131271 DEBUG oslo_messaging._drivers.amqpdriver [-] AMQPListener connection consume poll /usr/lib/python3/dist-packages/oslo_messaging/_drivers/amqpdriver.py:357
2025-05-29 00:41:28.103 130458 DEBUG oslo_service.service [req-eef8ee13-448a-4d82-a808-b12edda9b036 - - - - -] compute.consecutive_build_service_disable_threshold = 10 log_opt_values /usr/lib/python3/dist-packages/oslo_config/cfg.py:2609
2025-05-29 00:41:28.103 130458 DEBUG oslo_service.service [req-eef8ee13-448a-4d82-a808-b12edda9b036 - - - - -] compute.cpu_dedicated_set = None log_opt_values /usr/lib/python3/dist-packages/oslo_config/cfg.py:2609
2025-05-29 00:41:28.103 130458 DEBUG oslo_service.service [req-eef8ee13-448a-4d82-a808-b12edda9b036 - - - - -] compute.cpu_shared_set = None log_opt_values /usr/lib/python3/dist-packages/oslo_config/cfg.py:2609
2025-05-29 00:41:28.104 130458 DEBUG oslo_service.service [req-eef8ee13-448a-4d82-a808-b12edda9b036 - - - - -] compute.image_type_exclude_list = [] log_opt_values /usr/lib/python3/dist-packages/oslo_config/cfg.py:2609
2025-05-29 00:41:28.104 130458 DEBUG oslo_service.service [req-eef8ee13-448a-4d82-a808-b12edda9b036 - - - - -] compute.live_migration_wait_for_vif_plug = True log_opt_values /usr/lib/python3/dist-packages/oslo_config/cfg.py:2609
2025-05-29 00:41:28.104 130458 DEBUG oslo_service.service [req-eef8ee13-448a-4d82-a808-b12edda9b036 - - - - -] compute.max_concurrent_disk_ops = 0 log_opt_values /usr/lib/python3/dist-packages/oslo_config/cfg.py:2609
2025-05-29 00:41:28.104 130458 DEBUG oslo_service.service [req-eef8ee13-448a-4d82-a808-b12edda9b036 - - - - -] compute.max_disk_devices_to_attach = -1 log_opt_values /usr/lib/python3/dist-packages/oslo_config/cfg.py:2609
2025-05-29 00:41:28.104 130458 DEBUG oslo_service.service [req-eef8ee13-448a-4d82-a808-b12edda9b036 - - - - -] compute.packing_host_numa_cells_allocation_strategy = True log_opt_values /usr/lib/python3/dist-packages/oslo_config/cfg.py:2609
2025-05-29 00:41:28.104 130458 DEBUG oslo_service.service [req-eef8ee13-448a-4d82-a808-b12edda9b036 - - - - -] compute.provider_config_location = /etc/nova/provider_config/ log_opt_values /usr/lib/python3/dist-packages/oslo_config/cfg.py:2609
2025-05-29 00:41:28.105 130458 DEBUG oslo_service.service [req-eef8ee13-448a-4d82-a808-b12edda9b036 - - - - -] compute.resource_provider_association_refresh = 300 log_opt_values /usr/lib/python3/dist-packages/oslo_config/cfg.py:2609
2025-05-29 00:41:28.105 130458 DEBUG oslo_service.service [req-eef8ee13-448a-4d82-a808-b12edda9b036 - - - - -] compute.shutdown_retry_interval = 10 log_opt_values /usr/lib/python3/dist-packages/oslo_config/cfg.py:2609
2025-05-29 00:41:28.105 130458 DEBUG oslo_service.service [req-eef8ee13-448a-4d82-a808-b12edda9b036 - - - - -] compute.vmdk_allowed_types = ['streamOptimized', 'monolithicSparse'] log_opt_values /usr/lib/python3/dist-packages/oslo_config/cfg.py:2609
2025-05-29 00:41:28.105 130458 DEBUG oslo_service.service [req-eef8ee13-448a-4d82-a808-b12edda9b036 - - - - -] conductor.workers = 4 log_opt_values /usr/lib/python3/dist-packages/oslo_config/cfg.py:2609
2025-05-29 00:41:28.105 130458 DEBUG oslo_service.service [req-eef8ee13-448a-4d82-a808-b12edda9b036 - - - - -] console.allowed_origins = [] log_opt_values /usr/lib/python3/dist-packages/oslo_config/cfg.py:2609
2025-05-29 00:41:28.106 130458 DEBUG oslo_service.service [req-eef8ee13-448a-4d82-a808-b12edda9b036 - - - - -] console.ssl_ciphers = None log_opt_values /usr/lib/python3/dist-packages/oslo_config/cfg.py:2609
2025-05-29 00:41:28.106 130458 DEBUG oslo_service.service [req-eef8ee13-448a-4d82-a808-b12edda9b036 - - - - -] console.ssl_minimum_version = default log_opt_values /usr/lib/python3/dist-packages/oslo_config/cfg.py:2609
2025-05-29 00:41:28.106 130458 DEBUG oslo_service.service [req-eef8ee13-448a-4d82-a808-b12edda9b036 - - - - -] consoleauth.token_ttl = 600 log_opt_values /usr/lib/python3/dist-packages/oslo_config/cfg.py:2609
2025-05-29 00:41:28.106 130458 DEBUG oslo_service.service [req-eef8ee13-448a-4d82-a808-b12edda9b036 - - - - -] cyborg.cafile = None log_opt_values /usr/lib/python3/dist-packages/oslo_config/cfg.py:2609
2025-05-29 00:41:28.106 130458 DEBUG oslo_service.service [req-eef8ee13-448a-4d82-a808-b12edda9b036 - - - - -] cyborg.certfile = None log_opt_values /usr/lib/python3/dist-packages/oslo_config/cfg.py:2609
2025-05-29 00:41:28.106 130458 DEBUG oslo_service.service [req-eef8ee13-448a-4d82-a808-b12edda9b036 - - - - -] cyborg.collect_timing = False log_opt_values /usr/lib/python3/dist-packages/oslo_config/cfg.py:2609
2025-05-29 00:41:28.107 130458 DEBUG oslo_service.service [req-eef8ee13-448a-4d82-a808-b12edda9b036 - - - - -] cyborg.connect_retries = None log_opt_values /usr/lib/python3/dist-packages/oslo_config/cfg.py:2609
2025-05-29 00:41:28.107 130458 DEBUG oslo_service.service [req-eef8ee13-448a-4d82-a808-b12edda9b036 - - - - -] cyborg.connect_retry_delay = None log_opt_values /usr/lib/python3/dist-packages/oslo_config/cfg.py:2609
2025-05-29 00:41:28.107 130458 DEBUG oslo_service.service [req-eef8ee13-448a-4d82-a808-b12edda9b036 - - - - -] cyborg.endpoint_override = None log_opt_values /usr/lib/python3/dist-packages/oslo_config/cfg.py:2609
2025-05-29 00:41:28.107 130458 DEBUG oslo_service.service [req-eef8ee13-448a-4d82-a808-b12edda9b036 - - - - -] cyborg.insecure = False log_opt_values /usr/lib/python3/dist-packages/oslo_config/cfg.py:2609
2025-05-29 00:41:28.107 130458 DEBUG oslo_service.service [req-eef8ee13-448a-4d82-a808-b12edda9b036 - - - - -] cyborg.keyfile = None log_opt_values /usr/lib/python3/dist-packages/oslo_config/cfg.py:2609
2025-05-29 00:41:28.107 130458 DEBUG oslo_service.service [req-eef8ee13-448a-4d82-a808-b12edda9b036 - - - - -] cyborg.max_version = None log_opt_values /usr/lib/python3/dist-packages/oslo_config/cfg.py:2609
2025-05-29 00:41:28.107 130458 DEBUG oslo_service.service [req-eef8ee13-448a-4d82-a808-b12edda9b036 - - - - -] cyborg.min_version = None log_opt_values /usr/lib/python3/dist-packages/oslo_config/cfg.py:2609
2025-05-29 00:41:28.108 130458 DEBUG oslo_service.service [req-eef8ee13-448a-4d82-a808-b12edda9b036 - - - - -] cyborg.region_name = None log_opt_values /usr/lib/python3/dist-packages/oslo_config/cfg.py:2609
2025-05-29 00:41:28.108 130458 DEBUG oslo_service.service [req-eef8ee13-448a-4d82-a808-b12edda9b036 - - - - -] cyborg.service_name = None log_opt_values /usr/lib/python3/dist-packages/oslo_config/cfg.py:2609
2025-05-29 00:41:28.108 130458 DEBUG oslo_service.service [req-eef8ee13-448a-4d82-a808-b12edda9b036 - - - - -] cyborg.service_type = accelerator log_opt_values /usr/lib/python3/dist-packages/oslo_config/cfg.py:2609
2025-05-29 00:41:28.108 130458 DEBUG oslo_service.service [req-eef8ee13-448a-4d82-a808-b12edda9b036 - - - - -] cyborg.split_loggers = False log_opt_values /usr/lib/python3/dist-packages/oslo_config/cfg.py:2609
2025-05-29 00:41:28.108 130458 DEBUG oslo_service.service [req-eef8ee13-448a-4d82-a808-b12edda9b036 - - - - -] cyborg.status_code_retries = None log_opt_values /usr/lib/python3/dist-packages/oslo_config/cfg.py:2609
2025-05-29 00:41:28.108 130458 DEBUG oslo_service.service [req-eef8ee13-448a-4d82-a808-b12edda9b036 - - - - -] cyborg.status_code_retry_delay = None log_opt_values /usr/lib/python3/dist-packages/oslo_config/cfg.py:2609
2025-05-29 00:41:28.109 130458 DEBUG oslo_service.service [req-eef8ee13-448a-4d82-a808-b12edda9b036 - - - - -] cyborg.timeout = None log_opt_values /usr/lib/python3/dist-packages/oslo_config/cfg.py:2609
2025-05-29 00:41:28.109 130458 DEBUG oslo_service.service [req-eef8ee13-448a-4d82-a808-b12edda9b036 - - - - -] cyborg.valid_interfaces = ['internal', 'public'] log_opt_values /usr/lib/python3/dist-packages/oslo_config/cfg.py:2609
2025-05-29 00:41:28.109 130458 DEBUG oslo_service.service [req-eef8ee13-448a-4d82-a808-b12edda9b036 - - - - -] cyborg.version = None log_opt_values /usr/lib/python3/dist-packages/oslo_config/cfg.py:2609
2025-05-29 00:41:28.109 130458 DEBUG oslo_service.service [req-eef8ee13-448a-4d82-a808-b12edda9b036 - - - - -] database.backend = sqlalchemy log_opt_values /usr/lib/python3/dist-packages/oslo_config/cfg.py:2609
2025-05-29 00:41:28.109 130458 DEBUG oslo_service.service [req-eef8ee13-448a-4d82-a808-b12edda9b036 - - - - -] database.connection = **** log_opt_values /usr/lib/python3/dist-packages/oslo_config/cfg.py:2609
2025-05-29 00:41:28.110 130458 DEBUG oslo_service.service [req-eef8ee13-448a-4d82-a808-b12edda9b036 - - - - -] database.connection_debug = 0 log_opt_values /usr/lib/python3/dist-packages/oslo_config/cfg.py:2609
2025-05-29 00:41:28.110 130458 DEBUG oslo_service.service [req-eef8ee13-448a-4d82-a808-b12edda9b036 - - - - -] database.connection_parameters = log_opt_values /usr/lib/python3/dist-packages/oslo_config/cfg.py:2609
2025-05-29 00:41:28.110 130458 DEBUG oslo_service.service [req-eef8ee13-448a-4d82-a808-b12edda9b036 - - - - -] database.connection_recycle_time = 3600 log_opt_values /usr/lib/python3/dist-packages/oslo_config/cfg.py:2609
2025-05-29 00:41:28.110 130458 DEBUG oslo_service.service [req-eef8ee13-448a-4d82-a808-b12edda9b036 - - - - -] database.connection_trace = False log_opt_values /usr/lib/python3/dist-packages/oslo_config/cfg.py:2609
2025-05-29 00:41:28.110 130458 DEBUG oslo_service.service [req-eef8ee13-448a-4d82-a808-b12edda9b036 - - - - -] database.db_inc_retry_interval = True log_opt_values /usr/lib/python3/dist-packages/oslo_config/cfg.py:2609
2025-05-29 00:41:28.111 130458 DEBUG oslo_service.service [req-eef8ee13-448a-4d82-a808-b12edda9b036 - - - - -] database.db_max_retries = 20 log_opt_values /usr/lib/python3/dist-packages/oslo_config/cfg.py:2609
2025-05-29 00:41:28.111 130458 DEBUG oslo_service.service [req-eef8ee13-448a-4d82-a808-b12edda9b036 - - - - -] database.db_max_retry_interval = 10 log_opt_values /usr/lib/python3/dist-packages/oslo_config/cfg.py:2609
2025-05-29 00:41:28.111 130458 DEBUG oslo_service.service [req-eef8ee13-448a-4d82-a808-b12edda9b036 - - - - -] database.db_retry_interval = 1 log_opt_values /usr/lib/python3/dist-packages/oslo_config/cfg.py:2609
2025-05-29 00:41:28.111 130458 DEBUG oslo_service.service [req-eef8ee13-448a-4d82-a808-b12edda9b036 - - - - -] database.max_overflow = 50 log_opt_values /usr/lib/python3/dist-packages/oslo_config/cfg.py:2609
2025-05-29 00:41:28.111 130458 DEBUG oslo_service.service [req-eef8ee13-448a-4d82-a808-b12edda9b036 - - - - -] database.max_pool_size = 4 log_opt_values /usr/lib/python3/dist-packages/oslo_config/cfg.py:2609
2025-05-29 00:41:28.111 130458 DEBUG oslo_service.service [req-eef8ee13-448a-4d82-a808-b12edda9b036 - - - - -] database.max_retries = 10 log_opt_values /usr/lib/python3/dist-packages/oslo_config/cfg.py:2609
2025-05-29 00:41:28.112 130458 DEBUG oslo_service.service [req-eef8ee13-448a-4d82-a808-b12edda9b036 - - - - -] database.mysql_enable_ndb = False log_opt_values /usr/lib/python3/dist-packages/oslo_config/cfg.py:2609
2025-05-29 00:41:28.112 130458 DEBUG oslo_service.service [req-eef8ee13-448a-4d82-a808-b12edda9b036 - - - - -] database.mysql_sql_mode = TRADITIONAL log_opt_values /usr/lib/python3/dist-packages/oslo_config/cfg.py:2609
2025-05-29 00:41:28.112 130458 DEBUG oslo_service.service [req-eef8ee13-448a-4d82-a808-b12edda9b036 - - - - -] database.pool_timeout = None log_opt_values /usr/lib/python3/dist-packages/oslo_config/cfg.py:2609
2025-05-29 00:41:28.112 130458 DEBUG oslo_service.service [req-eef8ee13-448a-4d82-a808-b12edda9b036 - - - - -] database.retry_interval = 10 log_opt_values /usr/lib/python3/dist-packages/oslo_config/cfg.py:2609
2025-05-29 00:41:28.112 130458 DEBUG oslo_service.service [req-eef8ee13-448a-4d82-a808-b12edda9b036 - - - - -] database.slave_connection = **** log_opt_values /usr/lib/python3/dist-packages/oslo_config/cfg.py:2609
2025-05-29 00:41:28.112 130458 DEBUG oslo_service.service [req-eef8ee13-448a-4d82-a808-b12edda9b036 - - - - -] database.sqlite_synchronous = True log_opt_values /usr/lib/python3/dist-packages/oslo_config/cfg.py:2609
2025-05-29 00:41:28.113 130458 DEBUG oslo_service.service [req-eef8ee13-448a-4d82-a808-b12edda9b036 - - - - -] database.use_db_reconnect = False log_opt_values /usr/lib/python3/dist-packages/oslo_config/cfg.py:2609
2025-05-29 00:41:28.113 130458 DEBUG oslo_service.service [req-eef8ee13-448a-4d82-a808-b12edda9b036 - - - - -] api_database.backend = sqlalchemy log_opt_values /usr/lib/python3/dist-packages/oslo_config/cfg.py:2609
2025-05-29 00:41:28.113 130458 DEBUG oslo_service.service [req-eef8ee13-448a-4d82-a808-b12edda9b036 - - - - -] api_database.connection = **** log_opt_values /usr/lib/python3/dist-packages/oslo_config/cfg.py:2609
2025-05-29 00:41:28.113 130458 DEBUG oslo_service.service [req-eef8ee13-448a-4d82-a808-b12edda9b036 - - - - -] api_database.connection_debug = 0 log_opt_values /usr/lib/python3/dist-packages/oslo_config/cfg.py:2609
2025-05-29 00:41:28.113 130458 DEBUG oslo_service.service [req-eef8ee13-448a-4d82-a808-b12edda9b036 - - - - -] api_database.connection_parameters = log_opt_values /usr/lib/python3/dist-packages/oslo_config/cfg.py:2609
2025-05-29 00:41:28.114 130458 DEBUG oslo_service.service [req-eef8ee13-448a-4d82-a808-b12edda9b036 - - - - -] api_database.connection_recycle_time = 3600 log_opt_values /usr/lib/python3/dist-packages/oslo_config/cfg.py:2609
2025-05-29 00:41:28.114 130458 DEBUG oslo_service.service [req-eef8ee13-448a-4d82-a808-b12edda9b036 - - - - -] api_database.connection_trace = False log_opt_values /usr/lib/python3/dist-packages/oslo_config/cfg.py:2609
2025-05-29 00:41:28.114 130458 DEBUG oslo_service.service [req-eef8ee13-448a-4d82-a808-b12edda9b036 - - - - -] api_database.db_inc_retry_interval = True log_opt_values /usr/lib/python3/dist-packages/oslo_config/cfg.py:2609
2025-05-29 00:41:28.114 130458 DEBUG oslo_service.service [req-eef8ee13-448a-4d82-a808-b12edda9b036 - - - - -] api_database.db_max_retries = 20 log_opt_values /usr/lib/python3/dist-packages/oslo_config/cfg.py:2609
2025-05-29 00:41:28.114 130458 DEBUG oslo_service.service [req-eef8ee13-448a-4d82-a808-b12edda9b036 - - - - -] api_database.db_max_retry_interval = 10 log_opt_values /usr/lib/python3/dist-packages/oslo_config/cfg.py:2609
2025-05-29 00:41:28.114 130458 DEBUG oslo_service.service [req-eef8ee13-448a-4d82-a808-b12edda9b036 - - - - -] api_database.db_retry_interval = 1 log_opt_values /usr/lib/python3/dist-packages/oslo_config/cfg.py:2609
2025-05-29 00:41:28.115 130458 DEBUG oslo_service.service [req-eef8ee13-448a-4d82-a808-b12edda9b036 - - - - -] api_database.max_overflow = 50 log_opt_values /usr/lib/python3/dist-packages/oslo_config/cfg.py:2609
2025-05-29 00:41:28.115 130458 DEBUG oslo_service.service [req-eef8ee13-448a-4d82-a808-b12edda9b036 - - - - -] api_database.max_pool_size = 4 log_opt_values /usr/lib/python3/dist-packages/oslo_config/cfg.py:2609
2025-05-29 00:41:28.115 130458 DEBUG oslo_service.service [req-eef8ee13-448a-4d82-a808-b12edda9b036 - - - - -] api_database.max_retries = 10 log_opt_values /usr/lib/python3/dist-packages/oslo_config/cfg.py:2609
2025-05-29 00:41:28.115 130458 DEBUG oslo_service.service [req-eef8ee13-448a-4d82-a808-b12edda9b036 - - - - -] api_database.mysql_enable_ndb = False log_opt_values /usr/lib/python3/dist-packages/oslo_config/cfg.py:2609
2025-05-29 00:41:28.113 131273 DEBUG oslo_messaging._drivers.amqpdriver [-] Listener is running poll /usr/lib/python3/dist-packages/oslo_messaging/_drivers/amqpdriver.py:343
2025-05-29 00:41:28.115 130458 DEBUG oslo_service.service [req-eef8ee13-448a-4d82-a808-b12edda9b036 - - - - -] api_database.mysql_sql_mode = TRADITIONAL log_opt_values /usr/lib/python3/dist-packages/oslo_config/cfg.py:2609
2025-05-29 00:41:28.116 130458 DEBUG oslo_service.service [req-eef8ee13-448a-4d82-a808-b12edda9b036 - - - - -] api_database.pool_timeout = None log_opt_values /usr/lib/python3/dist-packages/oslo_config/cfg.py:2609
2025-05-29 00:41:28.116 130458 DEBUG oslo_service.service [req-eef8ee13-448a-4d82-a808-b12edda9b036 - - - - -] api_database.retry_interval = 10 log_opt_values /usr/lib/python3/dist-packages/oslo_config/cfg.py:2609
2025-05-29 00:41:28.116 130458 DEBUG oslo_service.service [req-eef8ee13-448a-4d82-a808-b12edda9b036 - - - - -] api_database.slave_connection = **** log_opt_values /usr/lib/python3/dist-packages/oslo_config/cfg.py:2609
2025-05-29 00:41:28.116 130458 DEBUG oslo_service.service [req-eef8ee13-448a-4d82-a808-b12edda9b036 - - - - -] api_database.sqlite_synchronous = True log_opt_values /usr/lib/python3/dist-packages/oslo_config/cfg.py:2609
2025-05-29 00:41:28.116 130458 DEBUG oslo_service.service [req-eef8ee13-448a-4d82-a808-b12edda9b036 - - - - -] devices.enabled_mdev_types = [] log_opt_values /usr/lib/python3/dist-packages/oslo_config/cfg.py:2609
2025-05-29 00:41:28.117 130458 DEBUG oslo_service.service [req-eef8ee13-448a-4d82-a808-b12edda9b036 - - - - -] ephemeral_storage_encryption.cipher = aes-xts-plain64 log_opt_values /usr/lib/python3/dist-packages/oslo_config/cfg.py:2609
2025-05-29 00:41:28.117 130458 DEBUG oslo_service.service [req-eef8ee13-448a-4d82-a808-b12edda9b036 - - - - -] ephemeral_storage_encryption.enabled = False log_opt_values /usr/lib/python3/dist-packages/oslo_config/cfg.py:2609
2025-05-29 00:41:28.117 130458 DEBUG oslo_service.service [req-eef8ee13-448a-4d82-a808-b12edda9b036 - - - - -] ephemeral_storage_encryption.key_size = 512 log_opt_values /usr/lib/python3/dist-packages/oslo_config/cfg.py:2609
2025-05-29 00:41:28.117 130458 WARNING oslo_config.cfg [req-eef8ee13-448a-4d82-a808-b12edda9b036 - - - - -] Deprecated: Option "api_servers" from group "glance" is deprecated for removal ( Support for image service configuration via standard keystoneauth1 Adapter options was added in the 17.0.0 Queens release. The api_servers option was retained temporarily to allow consumers time to cut over to a real load balancing solution. ). Its value may be silently ignored in the future.
2025-05-29 00:41:28.117 130458 DEBUG oslo_service.service [req-eef8ee13-448a-4d82-a808-b12edda9b036 - - - - -] glance.api_servers = ['http://252.19.174.245:9292'] log_opt_values /usr/lib/python3/dist-packages/oslo_config/cfg.py:2609
2025-05-29 00:41:28.118 131273 DEBUG oslo_messaging._drivers.amqpdriver [-] AMQPListener connection consume poll /usr/lib/python3/dist-packages/oslo_messaging/_drivers/amqpdriver.py:357
2025-05-29 00:41:28.118 130458 DEBUG oslo_service.service [req-eef8ee13-448a-4d82-a808-b12edda9b036 - - - - -] glance.cafile = None log_opt_values /usr/lib/python3/dist-packages/oslo_config/cfg.py:2609
2025-05-29 00:41:28.118 130458 DEBUG oslo_service.service [req-eef8ee13-448a-4d82-a808-b12edda9b036 - - - - -] glance.certfile = None log_opt_values /usr/lib/python3/dist-packages/oslo_config/cfg.py:2609
2025-05-29 00:41:28.118 130458 DEBUG oslo_service.service [req-eef8ee13-448a-4d82-a808-b12edda9b036 - - - - -] glance.collect_timing = False log_opt_values /usr/lib/python3/dist-packages/oslo_config/cfg.py:2609
2025-05-29 00:41:28.118 130458 DEBUG oslo_service.service [req-eef8ee13-448a-4d82-a808-b12edda9b036 - - - - -] glance.connect_retries = None log_opt_values /usr/lib/python3/dist-packages/oslo_config/cfg.py:2609
2025-05-29 00:41:28.118 130458 DEBUG oslo_service.service [req-eef8ee13-448a-4d82-a808-b12edda9b036 - - - - -] glance.connect_retry_delay = None log_opt_values /usr/lib/python3/dist-packages/oslo_config/cfg.py:2609
2025-05-29 00:41:28.118 131273 DEBUG nova.service [req-70711ec2-0920-47fb-b698-306e4a6c2428 - - - - -] Join ServiceGroup membership for this service scheduler start /usr/lib/python3/dist-packages/nova/service.py:199
2025-05-29 00:41:28.119 130458 DEBUG oslo_service.service [req-eef8ee13-448a-4d82-a808-b12edda9b036 - - - - -] glance.debug = False log_opt_values /usr/lib/python3/dist-packages/oslo_config/cfg.py:2609
2025-05-29 00:41:28.119 130458 DEBUG oslo_service.service [req-eef8ee13-448a-4d82-a808-b12edda9b036 - - - - -] glance.default_trusted_certificate_ids = [] log_opt_values /usr/lib/python3/dist-packages/oslo_config/cfg.py:2609
2025-05-29 00:41:28.119 131273 DEBUG nova.servicegroup.drivers.db [req-70711ec2-0920-47fb-b698-306e4a6c2428 - - - - -] DB_Driver: join new ServiceGroup member juju-b0de6f-0-lxd-7 to the scheduler group, service = join /usr/lib/python3/dist-packages/nova/servicegroup/drivers/db.py:44
2025-05-29 00:41:28.119 130458 DEBUG oslo_service.service [req-eef8ee13-448a-4d82-a808-b12edda9b036 - - - - -] glance.enable_certificate_validation = False log_opt_values /usr/lib/python3/dist-packages/oslo_config/cfg.py:2609
2025-05-29 00:41:28.119 130458 DEBUG oslo_service.service [req-eef8ee13-448a-4d82-a808-b12edda9b036 - - - - -] glance.enable_rbd_download = False log_opt_values /usr/lib/python3/dist-packages/oslo_config/cfg.py:2609
2025-05-29 00:41:28.119 130458 DEBUG oslo_service.service [req-eef8ee13-448a-4d82-a808-b12edda9b036 - - - - -] glance.endpoint_override = None log_opt_values /usr/lib/python3/dist-packages/oslo_config/cfg.py:2609
2025-05-29 00:41:28.120 130458 DEBUG oslo_service.service [req-eef8ee13-448a-4d82-a808-b12edda9b036 - - - - -] glance.insecure = False log_opt_values /usr/lib/python3/dist-packages/oslo_config/cfg.py:2609
2025-05-29 00:41:28.120 130458 DEBUG oslo_service.service [req-eef8ee13-448a-4d82-a808-b12edda9b036 - - - - -] glance.keyfile = None log_opt_values /usr/lib/python3/dist-packages/oslo_config/cfg.py:2609
2025-05-29 00:41:28.120 130458 DEBUG oslo_service.service [req-eef8ee13-448a-4d82-a808-b12edda9b036 - - - - -] glance.max_version = None log_opt_values /usr/lib/python3/dist-packages/oslo_config/cfg.py:2609
2025-05-29 00:41:28.120 130458 DEBUG oslo_service.service [req-eef8ee13-448a-4d82-a808-b12edda9b036 - - - - -] glance.min_version = None log_opt_values /usr/lib/python3/dist-packages/oslo_config/cfg.py:2609
2025-05-29 00:41:28.120 130458 DEBUG oslo_service.service [req-eef8ee13-448a-4d82-a808-b12edda9b036 - - - - -] glance.num_retries = 3 log_opt_values /usr/lib/python3/dist-packages/oslo_config/cfg.py:2609
2025-05-29 00:41:28.121 130458 DEBUG oslo_service.service [req-eef8ee13-448a-4d82-a808-b12edda9b036 - - - - -] glance.rbd_ceph_conf = log_opt_values /usr/lib/python3/dist-packages/oslo_config/cfg.py:2609
2025-05-29 00:41:28.121 130458 DEBUG oslo_service.service [req-eef8ee13-448a-4d82-a808-b12edda9b036 - - - - -] glance.rbd_connect_timeout = 5 log_opt_values /usr/lib/python3/dist-packages/oslo_config/cfg.py:2609
2025-05-29 00:41:28.121 130458 DEBUG oslo_service.service [req-eef8ee13-448a-4d82-a808-b12edda9b036 - - - - -] glance.rbd_pool = log_opt_values /usr/lib/python3/dist-packages/oslo_config/cfg.py:2609
2025-05-29 00:41:28.121 130458 DEBUG oslo_service.service [req-eef8ee13-448a-4d82-a808-b12edda9b036 - - - - -] glance.rbd_user = log_opt_values /usr/lib/python3/dist-packages/oslo_config/cfg.py:2609
2025-05-29 00:41:28.121 130458 DEBUG oslo_service.service [req-eef8ee13-448a-4d82-a808-b12edda9b036 - - - - -] glance.region_name = None log_opt_values /usr/lib/python3/dist-packages/oslo_config/cfg.py:2609
2025-05-29 00:41:28.121 130458 DEBUG oslo_service.service [req-eef8ee13-448a-4d82-a808-b12edda9b036 - - - - -] glance.service_name = None log_opt_values /usr/lib/python3/dist-packages/oslo_config/cfg.py:2609
2025-05-29 00:41:28.122 130458 DEBUG oslo_service.service [req-eef8ee13-448a-4d82-a808-b12edda9b036 - - - - -] glance.service_type = image log_opt_values /usr/lib/python3/dist-packages/oslo_config/cfg.py:2609
2025-05-29 00:41:28.122 130458 DEBUG oslo_service.service [req-eef8ee13-448a-4d82-a808-b12edda9b036 - - - - -] glance.split_loggers = False log_opt_values /usr/lib/python3/dist-packages/oslo_config/cfg.py:2609
2025-05-29 00:41:28.122 130458 DEBUG oslo_service.service [req-eef8ee13-448a-4d82-a808-b12edda9b036 - - - - -] glance.status_code_retries = None log_opt_values /usr/lib/python3/dist-packages/oslo_config/cfg.py:2609
2025-05-29 00:41:28.122 130458 DEBUG oslo_service.service [req-eef8ee13-448a-4d82-a808-b12edda9b036 - - - - -] glance.status_code_retry_delay = None log_opt_values /usr/lib/python3/dist-packages/oslo_config/cfg.py:2609
2025-05-29 00:41:28.122 130458 DEBUG oslo_service.service [req-eef8ee13-448a-4d82-a808-b12edda9b036 - - - - -] glance.timeout = None log_opt_values /usr/lib/python3/dist-packages/oslo_config/cfg.py:2609
2025-05-29 00:41:28.123 130458 DEBUG oslo_service.service [req-eef8ee13-448a-4d82-a808-b12edda9b036 - - - - -] glance.valid_interfaces = ['internal', 'public'] log_opt_values /usr/lib/python3/dist-packages/oslo_config/cfg.py:2609
2025-05-29 00:41:28.123 130458 DEBUG oslo_service.service [req-eef8ee13-448a-4d82-a808-b12edda9b036 - - - - -] glance.verify_glance_signatures = False log_opt_values /usr/lib/python3/dist-packages/oslo_config/cfg.py:2609
2025-05-29 00:41:28.123 130458 DEBUG oslo_service.service [req-eef8ee13-448a-4d82-a808-b12edda9b036 - - - - -] glance.version = None log_opt_values /usr/lib/python3/dist-packages/oslo_config/cfg.py:2609
2025-05-29 00:41:28.123 130458 DEBUG oslo_service.service [req-eef8ee13-448a-4d82-a808-b12edda9b036 - - - - -] guestfs.debug = False log_opt_values /usr/lib/python3/dist-packages/oslo_config/cfg.py:2609
2025-05-29 00:41:28.123 131273 DEBUG oslo_messaging._drivers.amqpdriver [-] AMQPListener connection timeout poll /usr/lib/python3/dist-packages/oslo_messaging/_drivers/amqpdriver.py:360
2025-05-29 00:41:28.124 130458 DEBUG oslo_service.service [req-eef8ee13-448a-4d82-a808-b12edda9b036 - - - - -] hyperv.config_drive_cdrom = False log_opt_values /usr/lib/python3/dist-packages/oslo_config/cfg.py:2609
2025-05-29 00:41:28.124 130458 DEBUG oslo_service.service [req-eef8ee13-448a-4d82-a808-b12edda9b036 - - - - -] hyperv.config_drive_inject_password = False log_opt_values /usr/lib/python3/dist-packages/oslo_config/cfg.py:2609
2025-05-29 00:41:28.124 130458 DEBUG oslo_service.service [req-eef8ee13-448a-4d82-a808-b12edda9b036 - - - - -] hyperv.dynamic_memory_ratio = 1.0 log_opt_values /usr/lib/python3/dist-packages/oslo_config/cfg.py:2609
2025-05-29 00:41:28.124 131273 DEBUG oslo_messaging._drivers.amqpdriver [-] Listener is running poll /usr/lib/python3/dist-packages/oslo_messaging/_drivers/amqpdriver.py:343
2025-05-29 00:41:28.124 130458 DEBUG oslo_service.service [req-eef8ee13-448a-4d82-a808-b12edda9b036 - - - - -] hyperv.enable_instance_metrics_collection = False log_opt_values /usr/lib/python3/dist-packages/oslo_config/cfg.py:2609
2025-05-29 00:41:28.124 131273 DEBUG oslo_messaging._drivers.amqpdriver [-] AMQPListener connection consume poll /usr/lib/python3/dist-packages/oslo_messaging/_drivers/amqpdriver.py:357
2025-05-29 00:41:28.124 130458 DEBUG oslo_service.service [req-eef8ee13-448a-4d82-a808-b12edda9b036 - - - - -] hyperv.enable_remotefx = False log_opt_values /usr/lib/python3/dist-packages/oslo_config/cfg.py:2609
2025-05-29 00:41:28.125 130458 DEBUG oslo_service.service [req-eef8ee13-448a-4d82-a808-b12edda9b036 - - - - -] hyperv.instances_path_share = log_opt_values /usr/lib/python3/dist-packages/oslo_config/cfg.py:2609
2025-05-29 00:41:28.125 130458 DEBUG oslo_service.service [req-eef8ee13-448a-4d82-a808-b12edda9b036 - - - - -] hyperv.iscsi_initiator_list = [] log_opt_values /usr/lib/python3/dist-packages/oslo_config/cfg.py:2609
2025-05-29 00:41:28.125 130458 DEBUG oslo_service.service [req-eef8ee13-448a-4d82-a808-b12edda9b036 - - - - -] hyperv.limit_cpu_features = False log_opt_values /usr/lib/python3/dist-packages/oslo_config/cfg.py:2609
2025-05-29 00:41:28.125 130458 DEBUG oslo_service.service [req-eef8ee13-448a-4d82-a808-b12edda9b036 - - - - -] hyperv.mounted_disk_query_retry_count = 10 log_opt_values /usr/lib/python3/dist-packages/oslo_config/cfg.py:2609
2025-05-29 00:41:28.125 130458 DEBUG oslo_service.service [req-eef8ee13-448a-4d82-a808-b12edda9b036 - - - - -] hyperv.mounted_disk_query_retry_interval = 5 log_opt_values /usr/lib/python3/dist-packages/oslo_config/cfg.py:2609
2025-05-29 00:41:28.126 130458 DEBUG oslo_service.service [req-eef8ee13-448a-4d82-a808-b12edda9b036 - - - - -] hyperv.power_state_check_timeframe = 60 log_opt_values /usr/lib/python3/dist-packages/oslo_config/cfg.py:2609
