2025-05-29 00:40:13.877 124804 DEBUG oslo_service.service [req-6a606a13-70d4-4bd0-b789-88bd5d344de1 - - - - -] libvirt.inject_key = False log_opt_values /usr/lib/python3/dist-packages/oslo_config/cfg.py:2609
2025-05-29 00:40:13.877 124804 DEBUG oslo_service.service [req-6a606a13-70d4-4bd0-b789-88bd5d344de1 - - - - -] libvirt.inject_partition = -2 log_opt_values /usr/lib/python3/dist-packages/oslo_config/cfg.py:2609
2025-05-29 00:40:13.877 126274 DEBUG oslo_messaging._drivers.amqpdriver [-] Listener is running poll /usr/lib/python3/dist-packages/oslo_messaging/_drivers/amqpdriver.py:343
2025-05-29 00:40:13.877 124804 DEBUG oslo_service.service [req-6a606a13-70d4-4bd0-b789-88bd5d344de1 - - - - -] libvirt.inject_password = False log_opt_values /usr/lib/python3/dist-packages/oslo_config/cfg.py:2609
2025-05-29 00:40:13.877 126274 DEBUG oslo_messaging._drivers.amqpdriver [-] AMQPListener connection consume poll /usr/lib/python3/dist-packages/oslo_messaging/_drivers/amqpdriver.py:357
2025-05-29 00:40:13.878 124804 DEBUG oslo_service.service [req-6a606a13-70d4-4bd0-b789-88bd5d344de1 - - - - -] libvirt.iscsi_iface = None log_opt_values /usr/lib/python3/dist-packages/oslo_config/cfg.py:2609
2025-05-29 00:40:13.878 124804 DEBUG oslo_service.service [req-6a606a13-70d4-4bd0-b789-88bd5d344de1 - - - - -] libvirt.iser_use_multipath = False log_opt_values /usr/lib/python3/dist-packages/oslo_config/cfg.py:2609
2025-05-29 00:40:13.878 124804 DEBUG oslo_service.service [req-6a606a13-70d4-4bd0-b789-88bd5d344de1 - - - - -] libvirt.live_migration_bandwidth = 0 log_opt_values /usr/lib/python3/dist-packages/oslo_config/cfg.py:2609
2025-05-29 00:40:13.878 124804 DEBUG oslo_service.service [req-6a606a13-70d4-4bd0-b789-88bd5d344de1 - - - - -] libvirt.live_migration_completion_timeout = 800 log_opt_values /usr/lib/python3/dist-packages/oslo_config/cfg.py:2609
2025-05-29 00:40:13.878 126274 DEBUG nova.service [req-f06aac40-e829-4fc2-8af9-3b1e75c94451 - - - - -] Join ServiceGroup membership for this service scheduler start /usr/lib/python3/dist-packages/nova/service.py:199
2025-05-29 00:40:13.878 124804 DEBUG oslo_service.service [req-6a606a13-70d4-4bd0-b789-88bd5d344de1 - - - - -] libvirt.live_migration_downtime = 500 log_opt_values /usr/lib/python3/dist-packages/oslo_config/cfg.py:2609
2025-05-29 00:40:13.879 124804 DEBUG oslo_service.service [req-6a606a13-70d4-4bd0-b789-88bd5d344de1 - - - - -] libvirt.live_migration_downtime_delay = 75 log_opt_values /usr/lib/python3/dist-packages/oslo_config/cfg.py:2609
2025-05-29 00:40:13.879 126274 DEBUG nova.servicegroup.drivers.db [req-f06aac40-e829-4fc2-8af9-3b1e75c94451 - - - - -] DB_Driver: join new ServiceGroup member juju-b0de6f-0-lxd-7 to the scheduler group, service = join /usr/lib/python3/dist-packages/nova/servicegroup/drivers/db.py:44
2025-05-29 00:40:13.879 124804 DEBUG oslo_service.service [req-6a606a13-70d4-4bd0-b789-88bd5d344de1 - - - - -] libvirt.live_migration_downtime_steps = 10 log_opt_values /usr/lib/python3/dist-packages/oslo_config/cfg.py:2609
2025-05-29 00:40:13.879 124804 DEBUG oslo_service.service [req-6a606a13-70d4-4bd0-b789-88bd5d344de1 - - - - -] libvirt.live_migration_inbound_addr = None log_opt_values /usr/lib/python3/dist-packages/oslo_config/cfg.py:2609
2025-05-29 00:40:13.879 124804 DEBUG oslo_service.service [req-6a606a13-70d4-4bd0-b789-88bd5d344de1 - - - - -] libvirt.live_migration_permit_auto_converge = False log_opt_values /usr/lib/python3/dist-packages/oslo_config/cfg.py:2609
2025-05-29 00:40:13.879 124804 DEBUG oslo_service.service [req-6a606a13-70d4-4bd0-b789-88bd5d344de1 - - - - -] libvirt.live_migration_permit_post_copy = False log_opt_values /usr/lib/python3/dist-packages/oslo_config/cfg.py:2609
2025-05-29 00:40:13.879 124804 DEBUG oslo_service.service [req-6a606a13-70d4-4bd0-b789-88bd5d344de1 - - - - -] libvirt.live_migration_scheme = None log_opt_values /usr/lib/python3/dist-packages/oslo_config/cfg.py:2609
2025-05-29 00:40:13.879 126281 DEBUG nova.service [req-8ea744c9-bd12-4d5c-9ebc-71c384cf35b7 - - - - -] Join ServiceGroup membership for this service scheduler start /usr/lib/python3/dist-packages/nova/service.py:199
2025-05-29 00:40:13.880 124804 DEBUG oslo_service.service [req-6a606a13-70d4-4bd0-b789-88bd5d344de1 - - - - -] libvirt.live_migration_timeout_action = abort log_opt_values /usr/lib/python3/dist-packages/oslo_config/cfg.py:2609
2025-05-29 00:40:13.880 124804 DEBUG oslo_service.service [req-6a606a13-70d4-4bd0-b789-88bd5d344de1 - - - - -] libvirt.live_migration_tunnelled = False log_opt_values /usr/lib/python3/dist-packages/oslo_config/cfg.py:2609
2025-05-29 00:40:13.880 126281 DEBUG nova.servicegroup.drivers.db [req-8ea744c9-bd12-4d5c-9ebc-71c384cf35b7 - - - - -] DB_Driver: join new ServiceGroup member juju-b0de6f-0-lxd-7 to the scheduler group, service = join /usr/lib/python3/dist-packages/nova/servicegroup/drivers/db.py:44
2025-05-29 00:40:13.880 124804 DEBUG oslo_service.service [req-6a606a13-70d4-4bd0-b789-88bd5d344de1 - - - - -] libvirt.live_migration_uri = None log_opt_values /usr/lib/python3/dist-packages/oslo_config/cfg.py:2609
2025-05-29 00:40:13.880 124804 DEBUG oslo_service.service [req-6a606a13-70d4-4bd0-b789-88bd5d344de1 - - - - -] libvirt.live_migration_with_native_tls = False log_opt_values /usr/lib/python3/dist-packages/oslo_config/cfg.py:2609
2025-05-29 00:40:13.880 124804 DEBUG oslo_service.service [req-6a606a13-70d4-4bd0-b789-88bd5d344de1 - - - - -] libvirt.max_queues = None log_opt_values /usr/lib/python3/dist-packages/oslo_config/cfg.py:2609
2025-05-29 00:40:13.880 126281 DEBUG oslo_messaging._drivers.amqpdriver [-] AMQPListener connection timeout poll /usr/lib/python3/dist-packages/oslo_messaging/_drivers/amqpdriver.py:360
2025-05-29 00:40:13.881 124804 DEBUG oslo_service.service [req-6a606a13-70d4-4bd0-b789-88bd5d344de1 - - - - -] libvirt.mem_stats_period_seconds = 10 log_opt_values /usr/lib/python3/dist-packages/oslo_config/cfg.py:2609
2025-05-29 00:40:13.881 126281 DEBUG oslo_messaging._drivers.amqpdriver [-] Listener is running poll /usr/lib/python3/dist-packages/oslo_messaging/_drivers/amqpdriver.py:343
2025-05-29 00:40:13.881 124804 DEBUG oslo_service.service [req-6a606a13-70d4-4bd0-b789-88bd5d344de1 - - - - -] libvirt.nfs_mount_options = None log_opt_values /usr/lib/python3/dist-packages/oslo_config/cfg.py:2609
2025-05-29 00:40:13.881 126281 DEBUG oslo_messaging._drivers.amqpdriver [-] AMQPListener connection consume poll /usr/lib/python3/dist-packages/oslo_messaging/_drivers/amqpdriver.py:357
2025-05-29 00:40:13.881 124804 DEBUG oslo_service.service [req-6a606a13-70d4-4bd0-b789-88bd5d344de1 - - - - -] libvirt.nfs_mount_point_base = /var/lib/nova/mnt log_opt_values /usr/lib/python3/dist-packages/oslo_config/cfg.py:2609
2025-05-29 00:40:13.881 124804 DEBUG oslo_service.service [req-6a606a13-70d4-4bd0-b789-88bd5d344de1 - - - - -] libvirt.num_aoe_discover_tries = 3 log_opt_values /usr/lib/python3/dist-packages/oslo_config/cfg.py:2609
2025-05-29 00:40:13.881 124804 DEBUG oslo_service.service [req-6a606a13-70d4-4bd0-b789-88bd5d344de1 - - - - -] libvirt.num_iser_scan_tries = 5 log_opt_values /usr/lib/python3/dist-packages/oslo_config/cfg.py:2609
2025-05-29 00:40:13.882 124804 DEBUG oslo_service.service [req-6a606a13-70d4-4bd0-b789-88bd5d344de1 - - - - -] libvirt.num_memory_encrypted_guests = None log_opt_values /usr/lib/python3/dist-packages/oslo_config/cfg.py:2609
2025-05-29 00:40:13.882 124804 DEBUG oslo_service.service [req-6a606a13-70d4-4bd0-b789-88bd5d344de1 - - - - -] libvirt.num_nvme_discover_tries = 5 log_opt_values /usr/lib/python3/dist-packages/oslo_config/cfg.py:2609
2025-05-29 00:40:13.882 124804 DEBUG oslo_service.service [req-6a606a13-70d4-4bd0-b789-88bd5d344de1 - - - - -] libvirt.num_pcie_ports = 0 log_opt_values /usr/lib/python3/dist-packages/oslo_config/cfg.py:2609
2025-05-29 00:40:13.882 124804 DEBUG oslo_service.service [req-6a606a13-70d4-4bd0-b789-88bd5d344de1 - - - - -] libvirt.num_volume_scan_tries = 5 log_opt_values /usr/lib/python3/dist-packages/oslo_config/cfg.py:2609
2025-05-29 00:40:13.882 126274 DEBUG oslo_messaging._drivers.amqpdriver [-] AMQPListener connection timeout poll /usr/lib/python3/dist-packages/oslo_messaging/_drivers/amqpdriver.py:360
2025-05-29 00:40:13.882 124804 DEBUG oslo_service.service [req-6a606a13-70d4-4bd0-b789-88bd5d344de1 - - - - -] libvirt.pmem_namespaces = [] log_opt_values /usr/lib/python3/dist-packages/oslo_config/cfg.py:2609
2025-05-29 00:40:13.882 126274 DEBUG oslo_messaging._drivers.amqpdriver [-] Listener is running poll /usr/lib/python3/dist-packages/oslo_messaging/_drivers/amqpdriver.py:343
2025-05-29 00:40:13.882 126274 DEBUG oslo_messaging._drivers.amqpdriver [-] AMQPListener connection consume poll /usr/lib/python3/dist-packages/oslo_messaging/_drivers/amqpdriver.py:357
2025-05-29 00:40:13.882 124804 DEBUG oslo_service.service [req-6a606a13-70d4-4bd0-b789-88bd5d344de1 - - - - -] libvirt.quobyte_client_cfg = None log_opt_values /usr/lib/python3/dist-packages/oslo_config/cfg.py:2609
2025-05-29 00:40:13.883 124804 DEBUG oslo_service.service [req-6a606a13-70d4-4bd0-b789-88bd5d344de1 - - - - -] libvirt.quobyte_mount_point_base = /var/lib/nova/mnt log_opt_values /usr/lib/python3/dist-packages/oslo_config/cfg.py:2609
2025-05-29 00:40:13.883 124804 DEBUG oslo_service.service [req-6a606a13-70d4-4bd0-b789-88bd5d344de1 - - - - -] libvirt.rbd_connect_timeout = 5 log_opt_values /usr/lib/python3/dist-packages/oslo_config/cfg.py:2609
2025-05-29 00:40:13.883 124804 DEBUG oslo_service.service [req-6a606a13-70d4-4bd0-b789-88bd5d344de1 - - - - -] libvirt.rbd_destroy_volume_retries = 12 log_opt_values /usr/lib/python3/dist-packages/oslo_config/cfg.py:2609
2025-05-29 00:40:13.883 124804 DEBUG oslo_service.service [req-6a606a13-70d4-4bd0-b789-88bd5d344de1 - - - - -] libvirt.rbd_destroy_volume_retry_interval = 5 log_opt_values /usr/lib/python3/dist-packages/oslo_config/cfg.py:2609
2025-05-29 00:40:13.884 124804 DEBUG oslo_service.service [req-6a606a13-70d4-4bd0-b789-88bd5d344de1 - - - - -] libvirt.rbd_secret_uuid = None log_opt_values /usr/lib/python3/dist-packages/oslo_config/cfg.py:2609
2025-05-29 00:40:13.884 124804 DEBUG oslo_service.service [req-6a606a13-70d4-4bd0-b789-88bd5d344de1 - - - - -] libvirt.rbd_user = None log_opt_values /usr/lib/python3/dist-packages/oslo_config/cfg.py:2609
2025-05-29 00:40:13.884 124804 DEBUG oslo_service.service [req-6a606a13-70d4-4bd0-b789-88bd5d344de1 - - - - -] libvirt.realtime_scheduler_priority = 1 log_opt_values /usr/lib/python3/dist-packages/oslo_config/cfg.py:2609
2025-05-29 00:40:13.884 124804 DEBUG oslo_service.service [req-6a606a13-70d4-4bd0-b789-88bd5d344de1 - - - - -] libvirt.remote_filesystem_transport = ssh log_opt_values /usr/lib/python3/dist-packages/oslo_config/cfg.py:2609
2025-05-29 00:40:13.884 124804 DEBUG oslo_service.service [req-6a606a13-70d4-4bd0-b789-88bd5d344de1 - - - - -] libvirt.rescue_image_id = None log_opt_values /usr/lib/python3/dist-packages/oslo_config/cfg.py:2609
2025-05-29 00:40:13.884 124804 DEBUG oslo_service.service [req-6a606a13-70d4-4bd0-b789-88bd5d344de1 - - - - -] libvirt.rescue_kernel_id = None log_opt_values /usr/lib/python3/dist-packages/oslo_config/cfg.py:2609
2025-05-29 00:40:13.885 124804 DEBUG oslo_service.service [req-6a606a13-70d4-4bd0-b789-88bd5d344de1 - - - - -] libvirt.rescue_ramdisk_id = None log_opt_values /usr/lib/python3/dist-packages/oslo_config/cfg.py:2609
2025-05-29 00:40:13.885 124804 DEBUG oslo_service.service [req-6a606a13-70d4-4bd0-b789-88bd5d344de1 - - - - -] libvirt.rng_dev_path = /dev/urandom log_opt_values /usr/lib/python3/dist-packages/oslo_config/cfg.py:2609
2025-05-29 00:40:13.885 124804 DEBUG oslo_service.service [req-6a606a13-70d4-4bd0-b789-88bd5d344de1 - - - - -] libvirt.rx_queue_size = None log_opt_values /usr/lib/python3/dist-packages/oslo_config/cfg.py:2609
2025-05-29 00:40:13.885 124804 DEBUG oslo_service.service [req-6a606a13-70d4-4bd0-b789-88bd5d344de1 - - - - -] libvirt.smbfs_mount_options = log_opt_values /usr/lib/python3/dist-packages/oslo_config/cfg.py:2609
2025-05-29 00:40:13.886 124804 DEBUG oslo_service.service [req-6a606a13-70d4-4bd0-b789-88bd5d344de1 - - - - -] libvirt.smbfs_mount_point_base = /var/lib/nova/mnt log_opt_values /usr/lib/python3/dist-packages/oslo_config/cfg.py:2609
2025-05-29 00:40:13.886 124804 DEBUG oslo_service.service [req-6a606a13-70d4-4bd0-b789-88bd5d344de1 - - - - -] libvirt.snapshot_compression = False log_opt_values /usr/lib/python3/dist-packages/oslo_config/cfg.py:2609
2025-05-29 00:40:13.886 124804 DEBUG oslo_service.service [req-6a606a13-70d4-4bd0-b789-88bd5d344de1 - - - - -] libvirt.snapshot_image_format = None log_opt_values /usr/lib/python3/dist-packages/oslo_config/cfg.py:2609
2025-05-29 00:40:13.886 124804 DEBUG oslo_service.service [req-6a606a13-70d4-4bd0-b789-88bd5d344de1 - - - - -] libvirt.snapshots_directory = /var/lib/nova/instances/snapshots log_opt_values /usr/lib/python3/dist-packages/oslo_config/cfg.py:2609
2025-05-29 00:40:13.887 124804 DEBUG oslo_service.service [req-6a606a13-70d4-4bd0-b789-88bd5d344de1 - - - - -] libvirt.sparse_logical_volumes = False log_opt_values /usr/lib/python3/dist-packages/oslo_config/cfg.py:2609
2025-05-29 00:40:13.887 124804 DEBUG oslo_service.service [req-6a606a13-70d4-4bd0-b789-88bd5d344de1 - - - - -] libvirt.swtpm_enabled = False log_opt_values /usr/lib/python3/dist-packages/oslo_config/cfg.py:2609
2025-05-29 00:40:13.887 124804 DEBUG oslo_service.service [req-6a606a13-70d4-4bd0-b789-88bd5d344de1 - - - - -] libvirt.swtpm_group = tss log_opt_values /usr/lib/python3/dist-packages/oslo_config/cfg.py:2609
2025-05-29 00:40:13.887 124804 DEBUG oslo_service.service [req-6a606a13-70d4-4bd0-b789-88bd5d344de1 - - - - -] libvirt.swtpm_user = tss log_opt_values /usr/lib/python3/dist-packages/oslo_config/cfg.py:2609
2025-05-29 00:40:13.887 124804 DEBUG oslo_service.service [req-6a606a13-70d4-4bd0-b789-88bd5d344de1 - - - - -] libvirt.sysinfo_serial = unique log_opt_values /usr/lib/python3/dist-packages/oslo_config/cfg.py:2609
2025-05-29 00:40:13.888 124804 DEBUG oslo_service.service [req-6a606a13-70d4-4bd0-b789-88bd5d344de1 - - - - -] libvirt.tx_queue_size = None log_opt_values /usr/lib/python3/dist-packages/oslo_config/cfg.py:2609
2025-05-29 00:40:13.888 124804 DEBUG oslo_service.service [req-6a606a13-70d4-4bd0-b789-88bd5d344de1 - - - - -] libvirt.uid_maps = [] log_opt_values /usr/lib/python3/dist-packages/oslo_config/cfg.py:2609
2025-05-29 00:40:13.888 124804 DEBUG oslo_service.service [req-6a606a13-70d4-4bd0-b789-88bd5d344de1 - - - - -] libvirt.use_virtio_for_bridges = True log_opt_values /usr/lib/python3/dist-packages/oslo_config/cfg.py:2609
2025-05-29 00:40:13.888 124804 DEBUG oslo_service.service [req-6a606a13-70d4-4bd0-b789-88bd5d344de1 - - - - -] libvirt.virt_type = kvm log_opt_values /usr/lib/python3/dist-packages/oslo_config/cfg.py:2609
2025-05-29 00:40:13.888 124804 DEBUG oslo_service.service [req-6a606a13-70d4-4bd0-b789-88bd5d344de1 - - - - -] libvirt.volume_clear = zero log_opt_values /usr/lib/python3/dist-packages/oslo_config/cfg.py:2609
2025-05-29 00:40:13.889 124804 DEBUG oslo_service.service [req-6a606a13-70d4-4bd0-b789-88bd5d344de1 - - - - -] libvirt.volume_clear_size = 0 log_opt_values /usr/lib/python3/dist-packages/oslo_config/cfg.py:2609
2025-05-29 00:40:13.889 124804 DEBUG oslo_service.service [req-6a606a13-70d4-4bd0-b789-88bd5d344de1 - - - - -] libvirt.volume_use_multipath = False log_opt_values /usr/lib/python3/dist-packages/oslo_config/cfg.py:2609
2025-05-29 00:40:13.889 124804 DEBUG oslo_service.service [req-6a606a13-70d4-4bd0-b789-88bd5d344de1 - - - - -] libvirt.vzstorage_cache_path = None log_opt_values /usr/lib/python3/dist-packages/oslo_config/cfg.py:2609
2025-05-29 00:40:13.889 124804 DEBUG oslo_service.service [req-6a606a13-70d4-4bd0-b789-88bd5d344de1 - - - - -] libvirt.vzstorage_log_path = /var/log/vstorage/%(cluster_name)s/nova.log.gz log_opt_values /usr/lib/python3/dist-packages/oslo_config/cfg.py:2609
2025-05-29 00:40:13.890 124804 DEBUG oslo_service.service [req-6a606a13-70d4-4bd0-b789-88bd5d344de1 - - - - -] libvirt.vzstorage_mount_group = qemu log_opt_values /usr/lib/python3/dist-packages/oslo_config/cfg.py:2609
2025-05-29 00:40:13.890 124804 DEBUG oslo_service.service [req-6a606a13-70d4-4bd0-b789-88bd5d344de1 - - - - -] libvirt.vzstorage_mount_opts = [] log_opt_values /usr/lib/python3/dist-packages/oslo_config/cfg.py:2609
2025-05-29 00:40:13.890 124804 DEBUG oslo_service.service [req-6a606a13-70d4-4bd0-b789-88bd5d344de1 - - - - -] libvirt.vzstorage_mount_perms = 0770 log_opt_values /usr/lib/python3/dist-packages/oslo_config/cfg.py:2609
2025-05-29 00:40:13.890 124804 DEBUG oslo_service.service [req-6a606a13-70d4-4bd0-b789-88bd5d344de1 - - - - -] libvirt.vzstorage_mount_point_base = /var/lib/nova/mnt log_opt_values /usr/lib/python3/dist-packages/oslo_config/cfg.py:2609
2025-05-29 00:40:13.891 124804 DEBUG oslo_service.service [req-6a606a13-70d4-4bd0-b789-88bd5d344de1 - - - - -] libvirt.vzstorage_mount_user = stack log_opt_values /usr/lib/python3/dist-packages/oslo_config/cfg.py:2609
2025-05-29 00:40:13.891 124804 DEBUG oslo_service.service [req-6a606a13-70d4-4bd0-b789-88bd5d344de1 - - - - -] libvirt.wait_soft_reboot_seconds = 120 log_opt_values /usr/lib/python3/dist-packages/oslo_config/cfg.py:2609
2025-05-29 00:40:13.891 124804 DEBUG oslo_service.service [req-6a606a13-70d4-4bd0-b789-88bd5d344de1 - - - - -] neutron.auth_section = None log_opt_values /usr/lib/python3/dist-packages/oslo_config/cfg.py:2609
2025-05-29 00:40:13.891 124804 DEBUG oslo_service.service [req-6a606a13-70d4-4bd0-b789-88bd5d344de1 - - - - -] neutron.auth_type = password log_opt_values /usr/lib/python3/dist-packages/oslo_config/cfg.py:2609
2025-05-29 00:40:13.891 124804 DEBUG oslo_service.service [req-6a606a13-70d4-4bd0-b789-88bd5d344de1 - - - - -] neutron.cafile = None log_opt_values /usr/lib/python3/dist-packages/oslo_config/cfg.py:2609
2025-05-29 00:40:13.891 124804 DEBUG oslo_service.service [req-6a606a13-70d4-4bd0-b789-88bd5d344de1 - - - - -] neutron.certfile = None log_opt_values /usr/lib/python3/dist-packages/oslo_config/cfg.py:2609
2025-05-29 00:40:13.892 124804 DEBUG oslo_service.service [req-6a606a13-70d4-4bd0-b789-88bd5d344de1 - - - - -] neutron.collect_timing = False log_opt_values /usr/lib/python3/dist-packages/oslo_config/cfg.py:2609
2025-05-29 00:40:13.892 124804 DEBUG oslo_service.service [req-6a606a13-70d4-4bd0-b789-88bd5d344de1 - - - - -] neutron.connect_retries = None log_opt_values /usr/lib/python3/dist-packages/oslo_config/cfg.py:2609
2025-05-29 00:40:13.892 124804 DEBUG oslo_service.service [req-6a606a13-70d4-4bd0-b789-88bd5d344de1 - - - - -] neutron.connect_retry_delay = None log_opt_values /usr/lib/python3/dist-packages/oslo_config/cfg.py:2609
2025-05-29 00:40:13.892 124804 DEBUG oslo_service.service [req-6a606a13-70d4-4bd0-b789-88bd5d344de1 - - - - -] neutron.default_floating_pool = nova log_opt_values /usr/lib/python3/dist-packages/oslo_config/cfg.py:2609
2025-05-29 00:40:13.893 124804 DEBUG oslo_service.service [req-6a606a13-70d4-4bd0-b789-88bd5d344de1 - - - - -] neutron.endpoint_override = None log_opt_values /usr/lib/python3/dist-packages/oslo_config/cfg.py:2609
2025-05-29 00:40:13.894 124804 DEBUG oslo_service.service [req-6a606a13-70d4-4bd0-b789-88bd5d344de1 - - - - -] neutron.extension_sync_interval = 600 log_opt_values /usr/lib/python3/dist-packages/oslo_config/cfg.py:2609
2025-05-29 00:40:13.894 124804 DEBUG oslo_service.service [req-6a606a13-70d4-4bd0-b789-88bd5d344de1 - - - - -] neutron.http_retries = 3 log_opt_values /usr/lib/python3/dist-packages/oslo_config/cfg.py:2609
2025-05-29 00:40:13.894 124804 DEBUG oslo_service.service [req-6a606a13-70d4-4bd0-b789-88bd5d344de1 - - - - -] neutron.insecure = False log_opt_values /usr/lib/python3/dist-packages/oslo_config/cfg.py:2609
2025-05-29 00:40:13.894 124804 DEBUG oslo_service.service [req-6a606a13-70d4-4bd0-b789-88bd5d344de1 - - - - -] neutron.keyfile = None log_opt_values /usr/lib/python3/dist-packages/oslo_config/cfg.py:2609
2025-05-29 00:40:13.894 124804 DEBUG oslo_service.service [req-6a606a13-70d4-4bd0-b789-88bd5d344de1 - - - - -] neutron.max_version = None log_opt_values /usr/lib/python3/dist-packages/oslo_config/cfg.py:2609
2025-05-29 00:40:13.894 124804 DEBUG oslo_service.service [req-6a606a13-70d4-4bd0-b789-88bd5d344de1 - - - - -] neutron.metadata_proxy_shared_secret = **** log_opt_values /usr/lib/python3/dist-packages/oslo_config/cfg.py:2609
2025-05-29 00:40:13.895 124804 DEBUG oslo_service.service [req-6a606a13-70d4-4bd0-b789-88bd5d344de1 - - - - -] neutron.min_version = None log_opt_values /usr/lib/python3/dist-packages/oslo_config/cfg.py:2609
2025-05-29 00:40:13.895 124804 DEBUG oslo_service.service [req-6a606a13-70d4-4bd0-b789-88bd5d344de1 - - - - -] neutron.ovs_bridge = br-int log_opt_values /usr/lib/python3/dist-packages/oslo_config/cfg.py:2609
2025-05-29 00:40:13.895 124804 DEBUG oslo_service.service [req-6a606a13-70d4-4bd0-b789-88bd5d344de1 - - - - -] neutron.physnets = [] log_opt_values /usr/lib/python3/dist-packages/oslo_config/cfg.py:2609
2025-05-29 00:40:13.895 124804 DEBUG oslo_service.service [req-6a606a13-70d4-4bd0-b789-88bd5d344de1 - - - - -] neutron.region_name = RegionOne log_opt_values /usr/lib/python3/dist-packages/oslo_config/cfg.py:2609
2025-05-29 00:40:13.896 124804 DEBUG oslo_service.service [req-6a606a13-70d4-4bd0-b789-88bd5d344de1 - - - - -] neutron.service_metadata_proxy = True log_opt_values /usr/lib/python3/dist-packages/oslo_config/cfg.py:2609
2025-05-29 00:40:13.896 124804 DEBUG oslo_service.service [req-6a606a13-70d4-4bd0-b789-88bd5d344de1 - - - - -] neutron.service_name = None log_opt_values /usr/lib/python3/dist-packages/oslo_config/cfg.py:2609
2025-05-29 00:40:13.896 124804 DEBUG oslo_service.service [req-6a606a13-70d4-4bd0-b789-88bd5d344de1 - - - - -] neutron.service_type = network log_opt_values /usr/lib/python3/dist-packages/oslo_config/cfg.py:2609
2025-05-29 00:40:13.896 124804 DEBUG oslo_service.service [req-6a606a13-70d4-4bd0-b789-88bd5d344de1 - - - - -] neutron.split_loggers = False log_opt_values /usr/lib/python3/dist-packages/oslo_config/cfg.py:2609
2025-05-29 00:40:13.896 124804 DEBUG oslo_service.service [req-6a606a13-70d4-4bd0-b789-88bd5d344de1 - - - - -] neutron.status_code_retries = None log_opt_values /usr/lib/python3/dist-packages/oslo_config/cfg.py:2609
2025-05-29 00:40:13.896 124804 DEBUG oslo_service.service [req-6a606a13-70d4-4bd0-b789-88bd5d344de1 - - - - -] neutron.status_code_retry_delay = None log_opt_values /usr/lib/python3/dist-packages/oslo_config/cfg.py:2609
2025-05-29 00:40:13.897 124804 DEBUG oslo_service.service [req-6a606a13-70d4-4bd0-b789-88bd5d344de1 - - - - -] neutron.timeout = None log_opt_values /usr/lib/python3/dist-packages/oslo_config/cfg.py:2609
2025-05-29 00:40:13.897 124804 DEBUG oslo_service.service [req-6a606a13-70d4-4bd0-b789-88bd5d344de1 - - - - -] neutron.valid_interfaces = ['internal', 'public'] log_opt_values /usr/lib/python3/dist-packages/oslo_config/cfg.py:2609
2025-05-29 00:40:13.897 124804 DEBUG oslo_service.service [req-6a606a13-70d4-4bd0-b789-88bd5d344de1 - - - - -] neutron.version = None log_opt_values /usr/lib/python3/dist-packages/oslo_config/cfg.py:2609
2025-05-29 00:40:13.897 124804 DEBUG oslo_service.service [req-6a606a13-70d4-4bd0-b789-88bd5d344de1 - - - - -] notifications.bdms_in_notifications = False log_opt_values /usr/lib/python3/dist-packages/oslo_config/cfg.py:2609
2025-05-29 00:40:13.897 124804 DEBUG oslo_service.service [req-6a606a13-70d4-4bd0-b789-88bd5d344de1 - - - - -] notifications.default_level = INFO log_opt_values /usr/lib/python3/dist-packages/oslo_config/cfg.py:2609
2025-05-29 00:40:13.898 124804 DEBUG oslo_service.service [req-6a606a13-70d4-4bd0-b789-88bd5d344de1 - - - - -] notifications.notification_format = unversioned log_opt_values /usr/lib/python3/dist-packages/oslo_config/cfg.py:2609
2025-05-29 00:40:13.898 124804 DEBUG oslo_service.service [req-6a606a13-70d4-4bd0-b789-88bd5d344de1 - - - - -] notifications.notify_on_state_change = None log_opt_values /usr/lib/python3/dist-packages/oslo_config/cfg.py:2609
2025-05-29 00:40:13.898 124804 DEBUG oslo_service.service [req-6a606a13-70d4-4bd0-b789-88bd5d344de1 - - - - -] notifications.versioned_notifications_topics = ['versioned_notifications'] log_opt_values /usr/lib/python3/dist-packages/oslo_config/cfg.py:2609
2025-05-29 00:40:13.898 126273 DEBUG oslo_messaging._drivers.amqpdriver [-] Listener is running poll /usr/lib/python3/dist-packages/oslo_messaging/_drivers/amqpdriver.py:343
2025-05-29 00:40:13.899 126273 DEBUG oslo_messaging._drivers.amqpdriver [-] AMQPListener connection consume poll /usr/lib/python3/dist-packages/oslo_messaging/_drivers/amqpdriver.py:357
2025-05-29 00:40:13.899 124804 DEBUG oslo_service.service [req-6a606a13-70d4-4bd0-b789-88bd5d344de1 - - - - -] pci.alias = [] log_opt_values /usr/lib/python3/dist-packages/oslo_config/cfg.py:2609
2025-05-29 00:40:13.899 124804 DEBUG oslo_service.service [req-6a606a13-70d4-4bd0-b789-88bd5d344de1 - - - - -] pci.passthrough_whitelist = [] log_opt_values /usr/lib/python3/dist-packages/oslo_config/cfg.py:2609
2025-05-29 00:40:13.899 124804 DEBUG oslo_service.service [req-6a606a13-70d4-4bd0-b789-88bd5d344de1 - - - - -] placement.auth_section = None log_opt_values /usr/lib/python3/dist-packages/oslo_config/cfg.py:2609
2025-05-29 00:40:13.899 124804 DEBUG oslo_service.service [req-6a606a13-70d4-4bd0-b789-88bd5d344de1 - - - - -] placement.auth_type = password log_opt_values /usr/lib/python3/dist-packages/oslo_config/cfg.py:2609
2025-05-29 00:40:13.899 124804 DEBUG oslo_service.service [req-6a606a13-70d4-4bd0-b789-88bd5d344de1 - - - - -] placement.auth_url = http://252.19.156.132:35357 log_opt_values /usr/lib/python3/dist-packages/oslo_config/cfg.py:2609
2025-05-29 00:40:13.900 124804 DEBUG oslo_service.service [req-6a606a13-70d4-4bd0-b789-88bd5d344de1 - - - - -] placement.cafile = None log_opt_values /usr/lib/python3/dist-packages/oslo_config/cfg.py:2609
2025-05-29 00:40:13.899 126273 DEBUG nova.service [req-4bd84eb5-85b1-48ba-b8ae-efaa5b0b001b - - - - -] Join ServiceGroup membership for this service scheduler start /usr/lib/python3/dist-packages/nova/service.py:199
2025-05-29 00:40:13.900 124804 DEBUG oslo_service.service [req-6a606a13-70d4-4bd0-b789-88bd5d344de1 - - - - -] placement.certfile = None log_opt_values /usr/lib/python3/dist-packages/oslo_config/cfg.py:2609
2025-05-29 00:40:13.900 124804 DEBUG oslo_service.service [req-6a606a13-70d4-4bd0-b789-88bd5d344de1 - - - - -] placement.collect_timing = False log_opt_values /usr/lib/python3/dist-packages/oslo_config/cfg.py:2609
2025-05-29 00:40:13.900 124804 DEBUG oslo_service.service [req-6a606a13-70d4-4bd0-b789-88bd5d344de1 - - - - -] placement.connect_retries = None log_opt_values /usr/lib/python3/dist-packages/oslo_config/cfg.py:2609
2025-05-29 00:40:13.900 126273 DEBUG nova.servicegroup.drivers.db [req-4bd84eb5-85b1-48ba-b8ae-efaa5b0b001b - - - - -] DB_Driver: join new ServiceGroup member juju-b0de6f-0-lxd-7 to the scheduler group, service = join /usr/lib/python3/dist-packages/nova/servicegroup/drivers/db.py:44
2025-05-29 00:40:13.900 124804 DEBUG oslo_service.service [req-6a606a13-70d4-4bd0-b789-88bd5d344de1 - - - - -] placement.connect_retry_delay = None log_opt_values /usr/lib/python3/dist-packages/oslo_config/cfg.py:2609
2025-05-29 00:40:13.900 124804 DEBUG oslo_service.service [req-6a606a13-70d4-4bd0-b789-88bd5d344de1 - - - - -] placement.default_domain_id = None log_opt_values /usr/lib/python3/dist-packages/oslo_config/cfg.py:2609
2025-05-29 00:40:13.901 124804 DEBUG oslo_service.service [req-6a606a13-70d4-4bd0-b789-88bd5d344de1 - - - - -] placement.default_domain_name = None log_opt_values /usr/lib/python3/dist-packages/oslo_config/cfg.py:2609
2025-05-29 00:40:13.901 124804 DEBUG oslo_service.service [req-6a606a13-70d4-4bd0-b789-88bd5d344de1 - - - - -] placement.domain_id = None log_opt_values /usr/lib/python3/dist-packages/oslo_config/cfg.py:2609
2025-05-29 00:40:13.901 124804 DEBUG oslo_service.service [req-6a606a13-70d4-4bd0-b789-88bd5d344de1 - - - - -] placement.domain_name = None log_opt_values /usr/lib/python3/dist-packages/oslo_config/cfg.py:2609
2025-05-29 00:40:13.901 124804 DEBUG oslo_service.service [req-6a606a13-70d4-4bd0-b789-88bd5d344de1 - - - - -] placement.endpoint_override = None log_opt_values /usr/lib/python3/dist-packages/oslo_config/cfg.py:2609
2025-05-29 00:40:13.901 124804 DEBUG oslo_service.service [req-6a606a13-70d4-4bd0-b789-88bd5d344de1 - - - - -] placement.insecure = False log_opt_values /usr/lib/python3/dist-packages/oslo_config/cfg.py:2609
2025-05-29 00:40:13.902 124804 DEBUG oslo_service.service [req-6a606a13-70d4-4bd0-b789-88bd5d344de1 - - - - -] placement.keyfile = None log_opt_values /usr/lib/python3/dist-packages/oslo_config/cfg.py:2609
2025-05-29 00:40:13.902 124804 DEBUG oslo_service.service [req-6a606a13-70d4-4bd0-b789-88bd5d344de1 - - - - -] placement.max_version = None log_opt_values /usr/lib/python3/dist-packages/oslo_config/cfg.py:2609
2025-05-29 00:40:13.902 124804 DEBUG oslo_service.service [req-6a606a13-70d4-4bd0-b789-88bd5d344de1 - - - - -] placement.min_version = None log_opt_values /usr/lib/python3/dist-packages/oslo_config/cfg.py:2609
2025-05-29 00:40:13.902 124804 DEBUG oslo_service.service [req-6a606a13-70d4-4bd0-b789-88bd5d344de1 - - - - -] placement.password = **** log_opt_values /usr/lib/python3/dist-packages/oslo_config/cfg.py:2609
2025-05-29 00:40:13.904 124804 DEBUG oslo_service.service [req-6a606a13-70d4-4bd0-b789-88bd5d344de1 - - - - -] placement.project_domain_id = None log_opt_values /usr/lib/python3/dist-packages/oslo_config/cfg.py:2609
2025-05-29 00:40:13.904 124804 DEBUG oslo_service.service [req-6a606a13-70d4-4bd0-b789-88bd5d344de1 - - - - -] placement.project_domain_name = service_domain log_opt_values /usr/lib/python3/dist-packages/oslo_config/cfg.py:2609
2025-05-29 00:40:13.905 124804 DEBUG oslo_service.service [req-6a606a13-70d4-4bd0-b789-88bd5d344de1 - - - - -] placement.project_id = None log_opt_values /usr/lib/python3/dist-packages/oslo_config/cfg.py:2609
2025-05-29 00:40:13.905 124804 DEBUG oslo_service.service [req-6a606a13-70d4-4bd0-b789-88bd5d344de1 - - - - -] placement.project_name = services log_opt_values /usr/lib/python3/dist-packages/oslo_config/cfg.py:2609
2025-05-29 00:40:13.905 124804 DEBUG oslo_service.service [req-6a606a13-70d4-4bd0-b789-88bd5d344de1 - - - - -] placement.region_name = RegionOne log_opt_values /usr/lib/python3/dist-packages/oslo_config/cfg.py:2609
2025-05-29 00:40:13.904 126273 DEBUG oslo_messaging._drivers.amqpdriver [-] AMQPListener connection timeout poll /usr/lib/python3/dist-packages/oslo_messaging/_drivers/amqpdriver.py:360
2025-05-29 00:40:13.905 124804 DEBUG oslo_service.service [req-6a606a13-70d4-4bd0-b789-88bd5d344de1 - - - - -] placement.service_name = None log_opt_values /usr/lib/python3/dist-packages/oslo_config/cfg.py:2609
2025-05-29 00:40:13.905 126273 DEBUG oslo_messaging._drivers.amqpdriver [-] Listener is running poll /usr/lib/python3/dist-packages/oslo_messaging/_drivers/amqpdriver.py:343
2025-05-29 00:40:13.906 124804 DEBUG oslo_service.service [req-6a606a13-70d4-4bd0-b789-88bd5d344de1 - - - - -] placement.service_type = placement log_opt_values /usr/lib/python3/dist-packages/oslo_config/cfg.py:2609
2025-05-29 00:40:13.906 126273 DEBUG oslo_messaging._drivers.amqpdriver [-] AMQPListener connection consume poll /usr/lib/python3/dist-packages/oslo_messaging/_drivers/amqpdriver.py:357
2025-05-29 00:40:13.906 124804 DEBUG oslo_service.service [req-6a606a13-70d4-4bd0-b789-88bd5d344de1 - - - - -] placement.split_loggers = False log_opt_values /usr/lib/python3/dist-packages/oslo_config/cfg.py:2609
2025-05-29 00:40:13.906 124804 DEBUG oslo_service.service [req-6a606a13-70d4-4bd0-b789-88bd5d344de1 - - - - -] placement.status_code_retries = None log_opt_values /usr/lib/python3/dist-packages/oslo_config/cfg.py:2609
2025-05-29 00:40:13.906 124804 DEBUG oslo_service.service [req-6a606a13-70d4-4bd0-b789-88bd5d344de1 - - - - -] placement.status_code_retry_delay = None log_opt_values /usr/lib/python3/dist-packages/oslo_config/cfg.py:2609
2025-05-29 00:40:13.907 124804 DEBUG oslo_service.service [req-6a606a13-70d4-4bd0-b789-88bd5d344de1 - - - - -] placement.system_scope = None log_opt_values /usr/lib/python3/dist-packages/oslo_config/cfg.py:2609
2025-05-29 00:40:13.907 124804 DEBUG oslo_service.service [req-6a606a13-70d4-4bd0-b789-88bd5d344de1 - - - - -] placement.timeout = None log_opt_values /usr/lib/python3/dist-packages/oslo_config/cfg.py:2609
2025-05-29 00:40:13.908 124804 DEBUG oslo_service.service [req-6a606a13-70d4-4bd0-b789-88bd5d344de1 - - - - -] placement.trust_id = None log_opt_values /usr/lib/python3/dist-packages/oslo_config/cfg.py:2609
2025-05-29 00:40:13.908 124804 DEBUG oslo_service.service [req-6a606a13-70d4-4bd0-b789-88bd5d344de1 - - - - -] placement.user_domain_id = None log_opt_values /usr/lib/python3/dist-packages/oslo_config/cfg.py:2609
2025-05-29 00:40:13.909 124804 DEBUG oslo_service.service [req-6a606a13-70d4-4bd0-b789-88bd5d344de1 - - - - -] placement.user_domain_name = service_domain log_opt_values /usr/lib/python3/dist-packages/oslo_config/cfg.py:2609
2025-05-29 00:40:13.909 124804 DEBUG oslo_service.service [req-6a606a13-70d4-4bd0-b789-88bd5d344de1 - - - - -] placement.user_id = None log_opt_values /usr/lib/python3/dist-packages/oslo_config/cfg.py:2609
2025-05-29 00:40:13.909 124804 DEBUG oslo_service.service [req-6a606a13-70d4-4bd0-b789-88bd5d344de1 - - - - -] placement.username = nova log_opt_values /usr/lib/python3/dist-packages/oslo_config/cfg.py:2609
2025-05-29 00:40:13.909 124804 DEBUG oslo_service.service [req-6a606a13-70d4-4bd0-b789-88bd5d344de1 - - - - -] placement.valid_interfaces = ['internal', 'public'] log_opt_values /usr/lib/python3/dist-packages/oslo_config/cfg.py:2609
2025-05-29 00:40:13.910 124804 DEBUG oslo_service.service [req-6a606a13-70d4-4bd0-b789-88bd5d344de1 - - - - -] placement.version = None log_opt_values /usr/lib/python3/dist-packages/oslo_config/cfg.py:2609
2025-05-29 00:40:13.910 124804 DEBUG oslo_service.service [req-6a606a13-70d4-4bd0-b789-88bd5d344de1 - - - - -] powervm.disk_driver = localdisk log_opt_values /usr/lib/python3/dist-packages/oslo_config/cfg.py:2609
2025-05-29 00:40:13.910 124804 DEBUG oslo_service.service [req-6a606a13-70d4-4bd0-b789-88bd5d344de1 - - - - -] powervm.proc_units_factor = 0.1 log_opt_values /usr/lib/python3/dist-packages/oslo_config/cfg.py:2609
2025-05-29 00:40:13.911 124804 DEBUG oslo_service.service [req-6a606a13-70d4-4bd0-b789-88bd5d344de1 - - - - -] powervm.volume_group_name = log_opt_values /usr/lib/python3/dist-packages/oslo_config/cfg.py:2609
2025-05-29 00:40:13.911 124804 DEBUG oslo_service.service [req-6a606a13-70d4-4bd0-b789-88bd5d344de1 - - - - -] quota.cores = 20 log_opt_values /usr/lib/python3/dist-packages/oslo_config/cfg.py:2609
2025-05-29 00:40:13.911 124804 DEBUG oslo_service.service [req-6a606a13-70d4-4bd0-b789-88bd5d344de1 - - - - -] quota.count_usage_from_placement = False log_opt_values /usr/lib/python3/dist-packages/oslo_config/cfg.py:2609
2025-05-29 00:40:13.912 124804 DEBUG oslo_service.service [req-6a606a13-70d4-4bd0-b789-88bd5d344de1 - - - - -] quota.driver = nova.quota.DbQuotaDriver log_opt_values /usr/lib/python3/dist-packages/oslo_config/cfg.py:2609
2025-05-29 00:40:13.912 124804 DEBUG oslo_service.service [req-6a606a13-70d4-4bd0-b789-88bd5d344de1 - - - - -] quota.injected_file_content_bytes = 10240 log_opt_values /usr/lib/python3/dist-packages/oslo_config/cfg.py:2609
2025-05-29 00:40:13.912 124804 DEBUG oslo_service.service [req-6a606a13-70d4-4bd0-b789-88bd5d344de1 - - - - -] quota.injected_file_path_length = 255 log_opt_values /usr/lib/python3/dist-packages/oslo_config/cfg.py:2609
2025-05-29 00:40:13.913 124804 DEBUG oslo_service.service [req-6a606a13-70d4-4bd0-b789-88bd5d344de1 - - - - -] quota.injected_files = 5 log_opt_values /usr/lib/python3/dist-packages/oslo_config/cfg.py:2609
2025-05-29 00:40:13.913 124804 DEBUG oslo_service.service [req-6a606a13-70d4-4bd0-b789-88bd5d344de1 - - - - -] quota.instances = 10 log_opt_values /usr/lib/python3/dist-packages/oslo_config/cfg.py:2609
2025-05-29 00:40:13.913 124804 DEBUG oslo_service.service [req-6a606a13-70d4-4bd0-b789-88bd5d344de1 - - - - -] quota.key_pairs = 100 log_opt_values /usr/lib/python3/dist-packages/oslo_config/cfg.py:2609
2025-05-29 00:40:13.913 124804 DEBUG oslo_service.service [req-6a606a13-70d4-4bd0-b789-88bd5d344de1 - - - - -] quota.metadata_items = 128 log_opt_values /usr/lib/python3/dist-packages/oslo_config/cfg.py:2609
2025-05-29 00:40:13.914 124804 DEBUG oslo_service.service [req-6a606a13-70d4-4bd0-b789-88bd5d344de1 - - - - -] quota.ram = 51200 log_opt_values /usr/lib/python3/dist-packages/oslo_config/cfg.py:2609
2025-05-29 00:40:13.914 124804 DEBUG oslo_service.service [req-6a606a13-70d4-4bd0-b789-88bd5d344de1 - - - - -] quota.recheck_quota = True log_opt_values /usr/lib/python3/dist-packages/oslo_config/cfg.py:2609
2025-05-29 00:40:13.914 124804 DEBUG oslo_service.service [req-6a606a13-70d4-4bd0-b789-88bd5d344de1 - - - - -] quota.server_group_members = 10 log_opt_values /usr/lib/python3/dist-packages/oslo_config/cfg.py:2609
2025-05-29 00:40:13.915 124804 DEBUG oslo_service.service [req-6a606a13-70d4-4bd0-b789-88bd5d344de1 - - - - -] quota.server_groups = 10 log_opt_values /usr/lib/python3/dist-packages/oslo_config/cfg.py:2609
2025-05-29 00:40:13.915 124804 DEBUG oslo_service.service [req-6a606a13-70d4-4bd0-b789-88bd5d344de1 - - - - -] rdp.enabled = False log_opt_values /usr/lib/python3/dist-packages/oslo_config/cfg.py:2609
2025-05-29 00:40:13.916 124804 DEBUG oslo_service.service [req-6a606a13-70d4-4bd0-b789-88bd5d344de1 - - - - -] rdp.html5_proxy_base_url = http://127.0.0.1:6083/ log_opt_values /usr/lib/python3/dist-packages/oslo_config/cfg.py:2609
2025-05-29 00:40:13.916 124804 DEBUG oslo_service.service [req-6a606a13-70d4-4bd0-b789-88bd5d344de1 - - - - -] scheduler.discover_hosts_in_cells_interval = 30 log_opt_values /usr/lib/python3/dist-packages/oslo_config/cfg.py:2609
2025-05-29 00:40:13.916 124804 DEBUG oslo_service.service [req-6a606a13-70d4-4bd0-b789-88bd5d344de1 - - - - -] scheduler.enable_isolated_aggregate_filtering = False log_opt_values /usr/lib/python3/dist-packages/oslo_config/cfg.py:2609
2025-05-29 00:40:13.917 124804 DEBUG oslo_service.service [req-6a606a13-70d4-4bd0-b789-88bd5d344de1 - - - - -] scheduler.image_metadata_prefilter = False log_opt_values /usr/lib/python3/dist-packages/oslo_config/cfg.py:2609
2025-05-29 00:40:13.917 124804 DEBUG oslo_service.service [req-6a606a13-70d4-4bd0-b789-88bd5d344de1 - - - - -] scheduler.limit_tenants_to_placement_aggregate = False log_opt_values /usr/lib/python3/dist-packages/oslo_config/cfg.py:2609
2025-05-29 00:40:13.917 124804 DEBUG oslo_service.service [req-6a606a13-70d4-4bd0-b789-88bd5d344de1 - - - - -] scheduler.max_attempts = 3 log_opt_values /usr/lib/python3/dist-packages/oslo_config/cfg.py:2609
2025-05-29 00:40:13.917 124804 DEBUG oslo_service.service [req-6a606a13-70d4-4bd0-b789-88bd5d344de1 - - - - -] scheduler.max_placement_results = 1000 log_opt_values /usr/lib/python3/dist-packages/oslo_config/cfg.py:2609
2025-05-29 00:40:13.918 124804 DEBUG oslo_service.service [req-6a606a13-70d4-4bd0-b789-88bd5d344de1 - - - - -] scheduler.placement_aggregate_required_for_tenants = False log_opt_values /usr/lib/python3/dist-packages/oslo_config/cfg.py:2609
2025-05-29 00:40:13.918 124804 DEBUG oslo_service.service [req-6a606a13-70d4-4bd0-b789-88bd5d344de1 - - - - -] scheduler.query_placement_for_availability_zone = True log_opt_values /usr/lib/python3/dist-packages/oslo_config/cfg.py:2609
2025-05-29 00:40:13.918 126280 DEBUG oslo_messaging._drivers.amqpdriver [-] Listener is running poll /usr/lib/python3/dist-packages/oslo_messaging/_drivers/amqpdriver.py:343
2025-05-29 00:40:13.918 124804 DEBUG oslo_service.service [req-6a606a13-70d4-4bd0-b789-88bd5d344de1 - - - - -] scheduler.query_placement_for_image_type_support = False log_opt_values /usr/lib/python3/dist-packages/oslo_config/cfg.py:2609
2025-05-29 00:40:13.919 126280 DEBUG oslo_messaging._drivers.amqpdriver [-] AMQPListener connection consume poll /usr/lib/python3/dist-packages/oslo_messaging/_drivers/amqpdriver.py:357
2025-05-29 00:40:13.919 124804 DEBUG oslo_service.service [req-6a606a13-70d4-4bd0-b789-88bd5d344de1 - - - - -] scheduler.query_placement_for_routed_network_aggregates = False log_opt_values /usr/lib/python3/dist-packages/oslo_config/cfg.py:2609
2025-05-29 00:40:13.919 124804 DEBUG oslo_service.service [req-6a606a13-70d4-4bd0-b789-88bd5d344de1 - - - - -] scheduler.workers = 4 log_opt_values /usr/lib/python3/dist-packages/oslo_config/cfg.py:2609
2025-05-29 00:40:13.919 124804 DEBUG oslo_service.service [req-6a606a13-70d4-4bd0-b789-88bd5d344de1 - - - - -] filter_scheduler.aggregate_image_properties_isolation_namespace = None log_opt_values /usr/lib/python3/dist-packages/oslo_config/cfg.py:2609
2025-05-29 00:40:13.920 124804 DEBUG oslo_service.service [req-6a606a13-70d4-4bd0-b789-88bd5d344de1 - - - - -] filter_scheduler.aggregate_image_properties_isolation_separator = . log_opt_values /usr/lib/python3/dist-packages/oslo_config/cfg.py:2609
2025-05-29 00:40:13.920 126280 DEBUG nova.service [req-17556a9f-b492-49fe-bdfa-acc3b8639011 - - - - -] Join ServiceGroup membership for this service scheduler start /usr/lib/python3/dist-packages/nova/service.py:199
2025-05-29 00:40:13.920 124804 DEBUG oslo_service.service [req-6a606a13-70d4-4bd0-b789-88bd5d344de1 - - - - -] filter_scheduler.available_filters = ['nova.scheduler.filters.all_filters'] log_opt_values /usr/lib/python3/dist-packages/oslo_config/cfg.py:2609
2025-05-29 00:40:13.920 124804 DEBUG oslo_service.service [req-6a606a13-70d4-4bd0-b789-88bd5d344de1 - - - - -] filter_scheduler.build_failure_weight_multiplier = 0.0 log_opt_values /usr/lib/python3/dist-packages/oslo_config/cfg.py:2609
2025-05-29 00:40:13.920 126280 DEBUG nova.servicegroup.drivers.db [req-17556a9f-b492-49fe-bdfa-acc3b8639011 - - - - -] DB_Driver: join new ServiceGroup member juju-b0de6f-0-lxd-7 to the scheduler group, service = join /usr/lib/python3/dist-packages/nova/servicegroup/drivers/db.py:44
2025-05-29 00:40:13.921 124804 DEBUG oslo_service.service [req-6a606a13-70d4-4bd0-b789-88bd5d344de1 - - - - -] filter_scheduler.cpu_weight_multiplier = 1.0 log_opt_values /usr/lib/python3/dist-packages/oslo_config/cfg.py:2609
2025-05-29 00:40:13.921 124804 DEBUG oslo_service.service [req-6a606a13-70d4-4bd0-b789-88bd5d344de1 - - - - -] filter_scheduler.cross_cell_move_weight_multiplier = 1000000.0 log_opt_values /usr/lib/python3/dist-packages/oslo_config/cfg.py:2609
2025-05-29 00:40:13.921 124804 DEBUG oslo_service.service [req-6a606a13-70d4-4bd0-b789-88bd5d344de1 - - - - -] filter_scheduler.disk_weight_multiplier = 1.0 log_opt_values /usr/lib/python3/dist-packages/oslo_config/cfg.py:2609
2025-05-29 00:40:13.921 124804 DEBUG oslo_service.service [req-6a606a13-70d4-4bd0-b789-88bd5d344de1 - - - - -] filter_scheduler.enabled_filters = ['AvailabilityZoneFilter', 'ComputeFilter', 'ComputeCapabilitiesFilter', 'ImagePropertiesFilter', 'ServerGroupAntiAffinityFilter', 'ServerGroupAffinityFilter', 'DifferentHostFilter', 'SameHostFilter'] log_opt_values /usr/lib/python3/dist-packages/oslo_config/cfg.py:2609
2025-05-29 00:40:13.922 124804 DEBUG oslo_service.service [req-6a606a13-70d4-4bd0-b789-88bd5d344de1 - - - - -] filter_scheduler.host_subset_size = 1 log_opt_values /usr/lib/python3/dist-packages/oslo_config/cfg.py:2609
2025-05-29 00:40:13.922 124804 DEBUG oslo_service.service [req-6a606a13-70d4-4bd0-b789-88bd5d344de1 - - - - -] filter_scheduler.image_properties_default_architecture = None log_opt_values /usr/lib/python3/dist-packages/oslo_config/cfg.py:2609
2025-05-29 00:40:13.922 124804 DEBUG oslo_service.service [req-6a606a13-70d4-4bd0-b789-88bd5d344de1 - - - - -] filter_scheduler.io_ops_weight_multiplier = -1.0 log_opt_values /usr/lib/python3/dist-packages/oslo_config/cfg.py:2609
2025-05-29 00:40:13.923 124804 DEBUG oslo_service.service [req-6a606a13-70d4-4bd0-b789-88bd5d344de1 - - - - -] filter_scheduler.isolated_hosts = [] log_opt_values /usr/lib/python3/dist-packages/oslo_config/cfg.py:2609
2025-05-29 00:40:13.923 124804 DEBUG oslo_service.service [req-6a606a13-70d4-4bd0-b789-88bd5d344de1 - - - - -] filter_scheduler.isolated_images = [] log_opt_values /usr/lib/python3/dist-packages/oslo_config/cfg.py:2609
2025-05-29 00:40:13.923 124804 DEBUG oslo_service.service [req-6a606a13-70d4-4bd0-b789-88bd5d344de1 - - - - -] filter_scheduler.max_instances_per_host = 50 log_opt_values /usr/lib/python3/dist-packages/oslo_config/cfg.py:2609
2025-05-29 00:40:13.924 124804 DEBUG oslo_service.service [req-6a606a13-70d4-4bd0-b789-88bd5d344de1 - - - - -] filter_scheduler.max_io_ops_per_host = 8 log_opt_values /usr/lib/python3/dist-packages/oslo_config/cfg.py:2609
2025-05-29 00:40:13.924 126280 DEBUG oslo_messaging._drivers.amqpdriver [-] AMQPListener connection timeout poll /usr/lib/python3/dist-packages/oslo_messaging/_drivers/amqpdriver.py:360
2025-05-29 00:40:13.924 124804 DEBUG oslo_service.service [req-6a606a13-70d4-4bd0-b789-88bd5d344de1 - - - - -] filter_scheduler.pci_weight_multiplier = 1.0 log_opt_values /usr/lib/python3/dist-packages/oslo_config/cfg.py:2609
2025-05-29 00:40:13.924 126280 DEBUG oslo_messaging._drivers.amqpdriver [-] Listener is running poll /usr/lib/python3/dist-packages/oslo_messaging/_drivers/amqpdriver.py:343
2025-05-29 00:40:13.924 126280 DEBUG oslo_messaging._drivers.amqpdriver [-] AMQPListener connection consume poll /usr/lib/python3/dist-packages/oslo_messaging/_drivers/amqpdriver.py:357
2025-05-29 00:40:13.924 124804 DEBUG oslo_service.service [req-6a606a13-70d4-4bd0-b789-88bd5d344de1 - - - - -] filter_scheduler.ram_weight_multiplier = 1.0 log_opt_values /usr/lib/python3/dist-packages/oslo_config/cfg.py:2609
2025-05-29 00:40:13.925 124804 DEBUG oslo_service.service [req-6a606a13-70d4-4bd0-b789-88bd5d344de1 - - - - -] filter_scheduler.restrict_isolated_hosts_to_isolated_images = True log_opt_values /usr/lib/python3/dist-packages/oslo_config/cfg.py:2609
2025-05-29 00:40:13.925 124804 DEBUG oslo_service.service [req-6a606a13-70d4-4bd0-b789-88bd5d344de1 - - - - -] filter_scheduler.shuffle_best_same_weighed_hosts = False log_opt_values /usr/lib/python3/dist-packages/oslo_config/cfg.py:2609
2025-05-29 00:40:13.925 124804 DEBUG oslo_service.service [req-6a606a13-70d4-4bd0-b789-88bd5d344de1 - - - - -] filter_scheduler.soft_affinity_weight_multiplier = 1.0 log_opt_values /usr/lib/python3/dist-packages/oslo_config/cfg.py:2609
2025-05-29 00:40:13.925 124804 DEBUG oslo_service.service [req-6a606a13-70d4-4bd0-b789-88bd5d344de1 - - - - -] filter_scheduler.soft_anti_affinity_weight_multiplier = 1.0 log_opt_values /usr/lib/python3/dist-packages/oslo_config/cfg.py:2609
2025-05-29 00:40:13.926 124804 DEBUG oslo_service.service [req-6a606a13-70d4-4bd0-b789-88bd5d344de1 - - - - -] filter_scheduler.track_instance_changes = True log_opt_values /usr/lib/python3/dist-packages/oslo_config/cfg.py:2609
2025-05-29 00:40:13.926 124804 DEBUG oslo_service.service [req-6a606a13-70d4-4bd0-b789-88bd5d344de1 - - - - -] filter_scheduler.weight_classes = ['nova.scheduler.weights.all_weighers'] log_opt_values /usr/lib/python3/dist-packages/oslo_config/cfg.py:2609
2025-05-29 00:40:13.926 124804 DEBUG oslo_service.service [req-6a606a13-70d4-4bd0-b789-88bd5d344de1 - - - - -] metrics.required = True log_opt_values /usr/lib/python3/dist-packages/oslo_config/cfg.py:2609
2025-05-29 00:40:13.926 124804 DEBUG oslo_service.service [req-6a606a13-70d4-4bd0-b789-88bd5d344de1 - - - - -] metrics.weight_multiplier = 1.0 log_opt_values /usr/lib/python3/dist-packages/oslo_config/cfg.py:2609
2025-05-29 00:40:13.926 124804 DEBUG oslo_service.service [req-6a606a13-70d4-4bd0-b789-88bd5d344de1 - - - - -] metrics.weight_of_unavailable = -10000.0 log_opt_values /usr/lib/python3/dist-packages/oslo_config/cfg.py:2609
2025-05-29 00:40:13.927 124804 DEBUG oslo_service.service [req-6a606a13-70d4-4bd0-b789-88bd5d344de1 - - - - -] metrics.weight_setting = [] log_opt_values /usr/lib/python3/dist-packages/oslo_config/cfg.py:2609
2025-05-29 00:40:13.927 124804 DEBUG oslo_service.service [req-6a606a13-70d4-4bd0-b789-88bd5d344de1 - - - - -] serial_console.base_url = wss://252.19.157.33:6083/ log_opt_values /usr/lib/python3/dist-packages/oslo_config/cfg.py:2609
2025-05-29 00:40:13.927 124804 DEBUG oslo_service.service [req-6a606a13-70d4-4bd0-b789-88bd5d344de1 - - - - -] serial_console.enabled = False log_opt_values /usr/lib/python3/dist-packages/oslo_config/cfg.py:2609
2025-05-29 00:40:13.928 124804 DEBUG oslo_service.service [req-6a606a13-70d4-4bd0-b789-88bd5d344de1 - - - - -] serial_console.port_range = 10000:20000 log_opt_values /usr/lib/python3/dist-packages/oslo_config/cfg.py:2609
2025-05-29 00:40:13.928 124804 DEBUG oslo_service.service [req-6a606a13-70d4-4bd0-b789-88bd5d344de1 - - - - -] serial_console.proxyclient_address = 127.0.0.1 log_opt_values /usr/lib/python3/dist-packages/oslo_config/cfg.py:2609
2025-05-29 00:40:13.928 124804 DEBUG oslo_service.service [req-6a606a13-70d4-4bd0-b789-88bd5d344de1 - - - - -] serial_console.serialproxy_host = 0.0.0.0 log_opt_values /usr/lib/python3/dist-packages/oslo_config/cfg.py:2609
2025-05-29 00:40:13.928 124804 DEBUG oslo_service.service [req-6a606a13-70d4-4bd0-b789-88bd5d344de1 - - - - -] serial_console.serialproxy_port = 6083 log_opt_values /usr/lib/python3/dist-packages/oslo_config/cfg.py:2609
2025-05-29 00:40:13.929 124804 DEBUG oslo_service.service [req-6a606a13-70d4-4bd0-b789-88bd5d344de1 - - - - -] service_user.auth_section = None log_opt_values /usr/lib/python3/dist-packages/oslo_config/cfg.py:2609
2025-05-29 00:40:13.929 124804 DEBUG oslo_service.service [req-6a606a13-70d4-4bd0-b789-88bd5d344de1 - - - - -] service_user.auth_type = password log_opt_values /usr/lib/python3/dist-packages/oslo_config/cfg.py:2609
