2025-05-29 00:42:10.302 145440 DEBUG oslo_service.service [req-6becc176-74e5-473a-b308-f77caffce04a - - - - -] use_stderr = False log_opt_values /usr/lib/python3/dist-packages/oslo_config/cfg.py:2602
2025-05-29 00:42:10.303 145440 DEBUG oslo_service.service [req-6becc176-74e5-473a-b308-f77caffce04a - - - - -] use_syslog = False log_opt_values /usr/lib/python3/dist-packages/oslo_config/cfg.py:2602
2025-05-29 00:42:10.303 145440 DEBUG oslo_service.service [req-6becc176-74e5-473a-b308-f77caffce04a - - - - -] vcpu_pin_set = None log_opt_values /usr/lib/python3/dist-packages/oslo_config/cfg.py:2602
2025-05-29 00:42:10.303 145440 DEBUG oslo_service.service [req-6becc176-74e5-473a-b308-f77caffce04a - - - - -] vif_plugging_is_fatal = True log_opt_values /usr/lib/python3/dist-packages/oslo_config/cfg.py:2602
2025-05-29 00:42:10.303 145440 DEBUG oslo_service.service [req-6becc176-74e5-473a-b308-f77caffce04a - - - - -] vif_plugging_timeout = 300 log_opt_values /usr/lib/python3/dist-packages/oslo_config/cfg.py:2602
2025-05-29 00:42:10.303 145440 DEBUG oslo_service.service [req-6becc176-74e5-473a-b308-f77caffce04a - - - - -] virt_mkfs = [] log_opt_values /usr/lib/python3/dist-packages/oslo_config/cfg.py:2602
2025-05-29 00:42:10.303 145779 DEBUG nova.service [req-3a167dd4-b1aa-4bff-9d6f-be82a4e88965 - - - - -] Creating RPC server for service conductor start /usr/lib/python3/dist-packages/nova/service.py:182
2025-05-29 00:42:10.303 145440 DEBUG oslo_service.service [req-6becc176-74e5-473a-b308-f77caffce04a - - - - -] volume_usage_poll_interval = 0 log_opt_values /usr/lib/python3/dist-packages/oslo_config/cfg.py:2602
2025-05-29 00:42:10.304 145440 DEBUG oslo_service.service [req-6becc176-74e5-473a-b308-f77caffce04a - - - - -] watch_log_file = False log_opt_values /usr/lib/python3/dist-packages/oslo_config/cfg.py:2602
2025-05-29 00:42:10.304 145440 DEBUG oslo_service.service [req-6becc176-74e5-473a-b308-f77caffce04a - - - - -] web = /usr/share/spice-html5 log_opt_values /usr/lib/python3/dist-packages/oslo_config/cfg.py:2602
2025-05-29 00:42:10.304 145440 DEBUG oslo_service.service [req-6becc176-74e5-473a-b308-f77caffce04a - - - - -] oslo_concurrency.disable_process_locking = False log_opt_values /usr/lib/python3/dist-packages/oslo_config/cfg.py:2609
2025-05-29 00:42:10.304 145440 DEBUG oslo_service.service [req-6becc176-74e5-473a-b308-f77caffce04a - - - - -] oslo_concurrency.lock_path = /var/lock/nova log_opt_values /usr/lib/python3/dist-packages/oslo_config/cfg.py:2609
2025-05-29 00:42:10.304 145440 DEBUG oslo_service.service [req-6becc176-74e5-473a-b308-f77caffce04a - - - - -] oslo_messaging_metrics.metrics_buffer_size = 1000 log_opt_values /usr/lib/python3/dist-packages/oslo_config/cfg.py:2609
2025-05-29 00:42:10.306 145440 DEBUG oslo_service.service [req-6becc176-74e5-473a-b308-f77caffce04a - - - - -] oslo_messaging_metrics.metrics_enabled = False log_opt_values /usr/lib/python3/dist-packages/oslo_config/cfg.py:2609
2025-05-29 00:42:10.306 145440 DEBUG oslo_service.service [req-6becc176-74e5-473a-b308-f77caffce04a - - - - -] oslo_messaging_metrics.metrics_process_name = log_opt_values /usr/lib/python3/dist-packages/oslo_config/cfg.py:2609
2025-05-29 00:42:10.306 145440 DEBUG oslo_service.service [req-6becc176-74e5-473a-b308-f77caffce04a - - - - -] oslo_messaging_metrics.metrics_socket_file = /var/tmp/metrics_collector.sock log_opt_values /usr/lib/python3/dist-packages/oslo_config/cfg.py:2609
2025-05-29 00:42:10.306 145440 DEBUG oslo_service.service [req-6becc176-74e5-473a-b308-f77caffce04a - - - - -] oslo_messaging_metrics.metrics_thread_stop_timeout = 10 log_opt_values /usr/lib/python3/dist-packages/oslo_config/cfg.py:2609
2025-05-29 00:42:10.307 145440 WARNING oslo_config.cfg [req-6becc176-74e5-473a-b308-f77caffce04a - - - - -] Deprecated: Option "auth_strategy" from group "api" is deprecated for removal ( The only non-default choice, ``noauth2``, is for internal development and testing purposes only and should not be used in deployments. This option and its middleware, NoAuthMiddleware[V2_18], will be removed in a future release. ). Its value may be silently ignored in the future.
2025-05-29 00:42:10.307 145440 DEBUG oslo_service.service [req-6becc176-74e5-473a-b308-f77caffce04a - - - - -] api.auth_strategy = keystone log_opt_values /usr/lib/python3/dist-packages/oslo_config/cfg.py:2609
2025-05-29 00:42:10.308 145440 DEBUG oslo_service.service [req-6becc176-74e5-473a-b308-f77caffce04a - - - - -] api.compute_link_prefix = None log_opt_values /usr/lib/python3/dist-packages/oslo_config/cfg.py:2609
2025-05-29 00:42:10.308 145440 DEBUG oslo_service.service [req-6becc176-74e5-473a-b308-f77caffce04a - - - - -] api.config_drive_skip_versions = 1.0 2007-01-19 2007-03-01 2007-08-29 2007-10-10 2007-12-15 2008-02-01 2008-09-01 log_opt_values /usr/lib/python3/dist-packages/oslo_config/cfg.py:2609
2025-05-29 00:42:10.308 145440 DEBUG oslo_service.service [req-6becc176-74e5-473a-b308-f77caffce04a - - - - -] api.dhcp_domain = novalocal log_opt_values /usr/lib/python3/dist-packages/oslo_config/cfg.py:2609
2025-05-29 00:42:10.308 145440 DEBUG oslo_service.service [req-6becc176-74e5-473a-b308-f77caffce04a - - - - -] api.enable_instance_password = True log_opt_values /usr/lib/python3/dist-packages/oslo_config/cfg.py:2609
2025-05-29 00:42:10.309 145440 DEBUG oslo_service.service [req-6becc176-74e5-473a-b308-f77caffce04a - - - - -] api.glance_link_prefix = None log_opt_values /usr/lib/python3/dist-packages/oslo_config/cfg.py:2609
2025-05-29 00:42:10.309 145440 DEBUG oslo_service.service [req-6becc176-74e5-473a-b308-f77caffce04a - - - - -] api.instance_list_cells_batch_fixed_size = 100 log_opt_values /usr/lib/python3/dist-packages/oslo_config/cfg.py:2609
2025-05-29 00:42:10.309 145440 DEBUG oslo_service.service [req-6becc176-74e5-473a-b308-f77caffce04a - - - - -] api.instance_list_cells_batch_strategy = distributed log_opt_values /usr/lib/python3/dist-packages/oslo_config/cfg.py:2609
2025-05-29 00:42:10.310 145440 DEBUG oslo_service.service [req-6becc176-74e5-473a-b308-f77caffce04a - - - - -] api.instance_list_per_project_cells = False log_opt_values /usr/lib/python3/dist-packages/oslo_config/cfg.py:2609
2025-05-29 00:42:10.310 145440 DEBUG oslo_service.service [req-6becc176-74e5-473a-b308-f77caffce04a - - - - -] api.list_records_by_skipping_down_cells = True log_opt_values /usr/lib/python3/dist-packages/oslo_config/cfg.py:2609
2025-05-29 00:42:10.310 145440 DEBUG oslo_service.service [req-6becc176-74e5-473a-b308-f77caffce04a - - - - -] api.local_metadata_per_cell = False log_opt_values /usr/lib/python3/dist-packages/oslo_config/cfg.py:2609
2025-05-29 00:42:10.310 145440 DEBUG oslo_service.service [req-6becc176-74e5-473a-b308-f77caffce04a - - - - -] api.max_limit = 1000 log_opt_values /usr/lib/python3/dist-packages/oslo_config/cfg.py:2609
2025-05-29 00:42:10.311 145440 DEBUG oslo_service.service [req-6becc176-74e5-473a-b308-f77caffce04a - - - - -] api.metadata_cache_expiration = 15 log_opt_values /usr/lib/python3/dist-packages/oslo_config/cfg.py:2609
2025-05-29 00:42:10.311 145440 DEBUG oslo_service.service [req-6becc176-74e5-473a-b308-f77caffce04a - - - - -] api.neutron_default_tenant_id = default log_opt_values /usr/lib/python3/dist-packages/oslo_config/cfg.py:2609
2025-05-29 00:42:10.311 145440 DEBUG oslo_service.service [req-6becc176-74e5-473a-b308-f77caffce04a - - - - -] api.use_forwarded_for = False log_opt_values /usr/lib/python3/dist-packages/oslo_config/cfg.py:2609
2025-05-29 00:42:10.312 145440 DEBUG oslo_service.service [req-6becc176-74e5-473a-b308-f77caffce04a - - - - -] api.use_neutron_default_nets = False log_opt_values /usr/lib/python3/dist-packages/oslo_config/cfg.py:2609
2025-05-29 00:42:10.312 145440 DEBUG oslo_service.service [req-6becc176-74e5-473a-b308-f77caffce04a - - - - -] api.vendordata_dynamic_connect_timeout = 5 log_opt_values /usr/lib/python3/dist-packages/oslo_config/cfg.py:2609
2025-05-29 00:42:10.312 145440 DEBUG oslo_service.service [req-6becc176-74e5-473a-b308-f77caffce04a - - - - -] api.vendordata_dynamic_failure_fatal = False log_opt_values /usr/lib/python3/dist-packages/oslo_config/cfg.py:2609
2025-05-29 00:42:10.312 145440 DEBUG oslo_service.service [req-6becc176-74e5-473a-b308-f77caffce04a - - - - -] api.vendordata_dynamic_read_timeout = 5 log_opt_values /usr/lib/python3/dist-packages/oslo_config/cfg.py:2609
2025-05-29 00:42:10.312 145440 DEBUG oslo_service.service [req-6becc176-74e5-473a-b308-f77caffce04a - - - - -] api.vendordata_dynamic_ssl_certfile = log_opt_values /usr/lib/python3/dist-packages/oslo_config/cfg.py:2609
2025-05-29 00:42:10.314 145440 DEBUG oslo_service.service [req-6becc176-74e5-473a-b308-f77caffce04a - - - - -] api.vendordata_dynamic_targets = [] log_opt_values /usr/lib/python3/dist-packages/oslo_config/cfg.py:2609
2025-05-29 00:42:10.315 145440 DEBUG oslo_service.service [req-6becc176-74e5-473a-b308-f77caffce04a - - - - -] api.vendordata_jsonfile_path = None log_opt_values /usr/lib/python3/dist-packages/oslo_config/cfg.py:2609
2025-05-29 00:42:10.316 145440 DEBUG oslo_service.service [req-6becc176-74e5-473a-b308-f77caffce04a - - - - -] api.vendordata_providers = ['StaticJSON'] log_opt_values /usr/lib/python3/dist-packages/oslo_config/cfg.py:2609
2025-05-29 00:42:10.316 145440 DEBUG oslo_service.service [req-6becc176-74e5-473a-b308-f77caffce04a - - - - -] cache.backend = dogpile.cache.null log_opt_values /usr/lib/python3/dist-packages/oslo_config/cfg.py:2609
2025-05-29 00:42:10.316 145440 DEBUG oslo_service.service [req-6becc176-74e5-473a-b308-f77caffce04a - - - - -] cache.backend_argument = **** log_opt_values /usr/lib/python3/dist-packages/oslo_config/cfg.py:2609
2025-05-29 00:42:10.316 145772 DEBUG oslo_messaging._drivers.amqpdriver [-] Listener is running poll /usr/lib/python3/dist-packages/oslo_messaging/_drivers/amqpdriver.py:343
2025-05-29 00:42:10.317 145440 DEBUG oslo_service.service [req-6becc176-74e5-473a-b308-f77caffce04a - - - - -] cache.config_prefix = cache.oslo log_opt_values /usr/lib/python3/dist-packages/oslo_config/cfg.py:2609
2025-05-29 00:42:10.317 145772 DEBUG oslo_messaging._drivers.amqpdriver [-] AMQPListener connection consume poll /usr/lib/python3/dist-packages/oslo_messaging/_drivers/amqpdriver.py:357
2025-05-29 00:42:10.317 145440 DEBUG oslo_service.service [req-6becc176-74e5-473a-b308-f77caffce04a - - - - -] cache.debug_cache_backend = False log_opt_values /usr/lib/python3/dist-packages/oslo_config/cfg.py:2609
2025-05-29 00:42:10.317 145440 DEBUG oslo_service.service [req-6becc176-74e5-473a-b308-f77caffce04a - - - - -] cache.enabled = False log_opt_values /usr/lib/python3/dist-packages/oslo_config/cfg.py:2609
2025-05-29 00:42:10.317 145772 DEBUG nova.service [req-600c827d-9ba1-4512-826a-a7c7c95a64c8 - - - - -] Join ServiceGroup membership for this service conductor start /usr/lib/python3/dist-packages/nova/service.py:199
2025-05-29 00:42:10.317 145440 DEBUG oslo_service.service [req-6becc176-74e5-473a-b308-f77caffce04a - - - - -] cache.expiration_time = 600 log_opt_values /usr/lib/python3/dist-packages/oslo_config/cfg.py:2609
2025-05-29 00:42:10.318 145440 DEBUG oslo_service.service [req-6becc176-74e5-473a-b308-f77caffce04a - - - - -] cache.memcache_dead_retry = 300 log_opt_values /usr/lib/python3/dist-packages/oslo_config/cfg.py:2609
2025-05-29 00:42:10.318 145772 DEBUG nova.servicegroup.drivers.db [req-600c827d-9ba1-4512-826a-a7c7c95a64c8 - - - - -] DB_Driver: join new ServiceGroup member juju-b0de6f-0-lxd-7 to the conductor group, service = join /usr/lib/python3/dist-packages/nova/servicegroup/drivers/db.py:44
2025-05-29 00:42:10.318 145771 DEBUG oslo_messaging._drivers.amqpdriver [-] Listener is running poll /usr/lib/python3/dist-packages/oslo_messaging/_drivers/amqpdriver.py:343
2025-05-29 00:42:10.318 145440 DEBUG oslo_service.service [req-6becc176-74e5-473a-b308-f77caffce04a - - - - -] cache.memcache_pool_connection_get_timeout = 10 log_opt_values /usr/lib/python3/dist-packages/oslo_config/cfg.py:2609
2025-05-29 00:42:10.319 145771 DEBUG oslo_messaging._drivers.amqpdriver [-] AMQPListener connection consume poll /usr/lib/python3/dist-packages/oslo_messaging/_drivers/amqpdriver.py:357
2025-05-29 00:42:10.319 145440 DEBUG oslo_service.service [req-6becc176-74e5-473a-b308-f77caffce04a - - - - -] cache.memcache_pool_flush_on_reconnect = False log_opt_values /usr/lib/python3/dist-packages/oslo_config/cfg.py:2609
2025-05-29 00:42:10.320 145771 DEBUG nova.service [req-2340345f-d2c2-42b9-92f9-3914d7440a1a - - - - -] Join ServiceGroup membership for this service conductor start /usr/lib/python3/dist-packages/nova/service.py:199
2025-05-29 00:42:10.320 145772 DEBUG oslo_messaging._drivers.amqpdriver [-] AMQPListener connection timeout poll /usr/lib/python3/dist-packages/oslo_messaging/_drivers/amqpdriver.py:360
2025-05-29 00:42:10.320 145440 DEBUG oslo_service.service [req-6becc176-74e5-473a-b308-f77caffce04a - - - - -] cache.memcache_pool_maxsize = 10 log_opt_values /usr/lib/python3/dist-packages/oslo_config/cfg.py:2609
2025-05-29 00:42:10.320 145772 DEBUG oslo_messaging._drivers.amqpdriver [-] Listener is running poll /usr/lib/python3/dist-packages/oslo_messaging/_drivers/amqpdriver.py:343
2025-05-29 00:42:10.320 145771 DEBUG nova.servicegroup.drivers.db [req-2340345f-d2c2-42b9-92f9-3914d7440a1a - - - - -] DB_Driver: join new ServiceGroup member juju-b0de6f-0-lxd-7 to the conductor group, service = join /usr/lib/python3/dist-packages/nova/servicegroup/drivers/db.py:44
2025-05-29 00:42:10.320 145772 DEBUG oslo_messaging._drivers.amqpdriver [-] AMQPListener connection consume poll /usr/lib/python3/dist-packages/oslo_messaging/_drivers/amqpdriver.py:357
2025-05-29 00:42:10.320 145440 DEBUG oslo_service.service [req-6becc176-74e5-473a-b308-f77caffce04a - - - - -] cache.memcache_pool_unused_timeout = 60 log_opt_values /usr/lib/python3/dist-packages/oslo_config/cfg.py:2609
2025-05-29 00:42:10.321 145440 DEBUG oslo_service.service [req-6becc176-74e5-473a-b308-f77caffce04a - - - - -] cache.memcache_servers = ['localhost:11211'] log_opt_values /usr/lib/python3/dist-packages/oslo_config/cfg.py:2609
2025-05-29 00:42:10.321 145440 DEBUG oslo_service.service [req-6becc176-74e5-473a-b308-f77caffce04a - - - - -] cache.memcache_socket_timeout = 1.0 log_opt_values /usr/lib/python3/dist-packages/oslo_config/cfg.py:2609
2025-05-29 00:42:10.322 145440 DEBUG oslo_service.service [req-6becc176-74e5-473a-b308-f77caffce04a - - - - -] cache.proxies = [] log_opt_values /usr/lib/python3/dist-packages/oslo_config/cfg.py:2609
2025-05-29 00:42:10.322 145440 DEBUG oslo_service.service [req-6becc176-74e5-473a-b308-f77caffce04a - - - - -] cache.tls_allowed_ciphers = None log_opt_values /usr/lib/python3/dist-packages/oslo_config/cfg.py:2609
2025-05-29 00:42:10.322 145440 DEBUG oslo_service.service [req-6becc176-74e5-473a-b308-f77caffce04a - - - - -] cache.tls_cafile = None log_opt_values /usr/lib/python3/dist-packages/oslo_config/cfg.py:2609
2025-05-29 00:42:10.322 145440 DEBUG oslo_service.service [req-6becc176-74e5-473a-b308-f77caffce04a - - - - -] cache.tls_certfile = None log_opt_values /usr/lib/python3/dist-packages/oslo_config/cfg.py:2609
2025-05-29 00:42:10.322 145440 DEBUG oslo_service.service [req-6becc176-74e5-473a-b308-f77caffce04a - - - - -] cache.tls_enabled = False log_opt_values /usr/lib/python3/dist-packages/oslo_config/cfg.py:2609
2025-05-29 00:42:10.322 145440 DEBUG oslo_service.service [req-6becc176-74e5-473a-b308-f77caffce04a - - - - -] cache.tls_keyfile = None log_opt_values /usr/lib/python3/dist-packages/oslo_config/cfg.py:2609
2025-05-29 00:42:10.323 145440 DEBUG oslo_service.service [req-6becc176-74e5-473a-b308-f77caffce04a - - - - -] cinder.auth_section = None log_opt_values /usr/lib/python3/dist-packages/oslo_config/cfg.py:2609
2025-05-29 00:42:10.322 145778 DEBUG oslo_messaging._drivers.amqpdriver [-] Listener is running poll /usr/lib/python3/dist-packages/oslo_messaging/_drivers/amqpdriver.py:343
2025-05-29 00:42:10.323 145440 DEBUG oslo_service.service [req-6becc176-74e5-473a-b308-f77caffce04a - - - - -] cinder.auth_type = None log_opt_values /usr/lib/python3/dist-packages/oslo_config/cfg.py:2609
2025-05-29 00:42:10.323 145771 DEBUG oslo_messaging._drivers.amqpdriver [-] AMQPListener connection timeout poll /usr/lib/python3/dist-packages/oslo_messaging/_drivers/amqpdriver.py:360
2025-05-29 00:42:10.323 145771 DEBUG oslo_messaging._drivers.amqpdriver [-] Listener is running poll /usr/lib/python3/dist-packages/oslo_messaging/_drivers/amqpdriver.py:343
2025-05-29 00:42:10.323 145771 DEBUG oslo_messaging._drivers.amqpdriver [-] AMQPListener connection consume poll /usr/lib/python3/dist-packages/oslo_messaging/_drivers/amqpdriver.py:357
2025-05-29 00:42:10.323 145778 DEBUG oslo_messaging._drivers.amqpdriver [-] AMQPListener connection consume poll /usr/lib/python3/dist-packages/oslo_messaging/_drivers/amqpdriver.py:357
2025-05-29 00:42:10.323 145440 DEBUG oslo_service.service [req-6becc176-74e5-473a-b308-f77caffce04a - - - - -] cinder.cafile = None log_opt_values /usr/lib/python3/dist-packages/oslo_config/cfg.py:2609
2025-05-29 00:42:10.324 145440 DEBUG oslo_service.service [req-6becc176-74e5-473a-b308-f77caffce04a - - - - -] cinder.catalog_info = volumev3::publicURL log_opt_values /usr/lib/python3/dist-packages/oslo_config/cfg.py:2609
2025-05-29 00:42:10.324 145440 DEBUG oslo_service.service [req-6becc176-74e5-473a-b308-f77caffce04a - - - - -] cinder.certfile = None log_opt_values /usr/lib/python3/dist-packages/oslo_config/cfg.py:2609
2025-05-29 00:42:10.325 145440 DEBUG oslo_service.service [req-6becc176-74e5-473a-b308-f77caffce04a - - - - -] cinder.collect_timing = False log_opt_values /usr/lib/python3/dist-packages/oslo_config/cfg.py:2609
2025-05-29 00:42:10.325 145440 DEBUG oslo_service.service [req-6becc176-74e5-473a-b308-f77caffce04a - - - - -] cinder.cross_az_attach = True log_opt_values /usr/lib/python3/dist-packages/oslo_config/cfg.py:2609
2025-05-29 00:42:10.325 145440 DEBUG oslo_service.service [req-6becc176-74e5-473a-b308-f77caffce04a - - - - -] cinder.debug = False log_opt_values /usr/lib/python3/dist-packages/oslo_config/cfg.py:2609
2025-05-29 00:42:10.326 145440 DEBUG oslo_service.service [req-6becc176-74e5-473a-b308-f77caffce04a - - - - -] cinder.endpoint_template = None log_opt_values /usr/lib/python3/dist-packages/oslo_config/cfg.py:2609
2025-05-29 00:42:10.325 145778 DEBUG nova.service [req-0a316e29-7d7d-4402-9769-deb9eef6987f - - - - -] Join ServiceGroup membership for this service conductor start /usr/lib/python3/dist-packages/nova/service.py:199
2025-05-29 00:42:10.326 145440 DEBUG oslo_service.service [req-6becc176-74e5-473a-b308-f77caffce04a - - - - -] cinder.http_retries = 3 log_opt_values /usr/lib/python3/dist-packages/oslo_config/cfg.py:2609
2025-05-29 00:42:10.326 145440 DEBUG oslo_service.service [req-6becc176-74e5-473a-b308-f77caffce04a - - - - -] cinder.insecure = False log_opt_values /usr/lib/python3/dist-packages/oslo_config/cfg.py:2609
2025-05-29 00:42:10.326 145778 DEBUG nova.servicegroup.drivers.db [req-0a316e29-7d7d-4402-9769-deb9eef6987f - - - - -] DB_Driver: join new ServiceGroup member juju-b0de6f-0-lxd-7 to the conductor group, service = join /usr/lib/python3/dist-packages/nova/servicegroup/drivers/db.py:44
2025-05-29 00:42:10.326 145440 DEBUG oslo_service.service [req-6becc176-74e5-473a-b308-f77caffce04a - - - - -] cinder.keyfile = None log_opt_values /usr/lib/python3/dist-packages/oslo_config/cfg.py:2609
2025-05-29 00:42:10.326 145440 DEBUG oslo_service.service [req-6becc176-74e5-473a-b308-f77caffce04a - - - - -] cinder.os_region_name = None log_opt_values /usr/lib/python3/dist-packages/oslo_config/cfg.py:2609
2025-05-29 00:42:10.327 145440 DEBUG oslo_service.service [req-6becc176-74e5-473a-b308-f77caffce04a - - - - -] cinder.split_loggers = False log_opt_values /usr/lib/python3/dist-packages/oslo_config/cfg.py:2609
2025-05-29 00:42:10.327 145440 DEBUG oslo_service.service [req-6becc176-74e5-473a-b308-f77caffce04a - - - - -] cinder.timeout = None log_opt_values /usr/lib/python3/dist-packages/oslo_config/cfg.py:2609
2025-05-29 00:42:10.327 145440 DEBUG oslo_service.service [req-6becc176-74e5-473a-b308-f77caffce04a - - - - -] compute.consecutive_build_service_disable_threshold = 10 log_opt_values /usr/lib/python3/dist-packages/oslo_config/cfg.py:2609
2025-05-29 00:42:10.327 145440 DEBUG oslo_service.service [req-6becc176-74e5-473a-b308-f77caffce04a - - - - -] compute.cpu_dedicated_set = None log_opt_values /usr/lib/python3/dist-packages/oslo_config/cfg.py:2609
2025-05-29 00:42:10.328 145440 DEBUG oslo_service.service [req-6becc176-74e5-473a-b308-f77caffce04a - - - - -] compute.cpu_shared_set = None log_opt_values /usr/lib/python3/dist-packages/oslo_config/cfg.py:2609
2025-05-29 00:42:10.328 145440 DEBUG oslo_service.service [req-6becc176-74e5-473a-b308-f77caffce04a - - - - -] compute.image_type_exclude_list = [] log_opt_values /usr/lib/python3/dist-packages/oslo_config/cfg.py:2609
2025-05-29 00:42:10.328 145440 DEBUG oslo_service.service [req-6becc176-74e5-473a-b308-f77caffce04a - - - - -] compute.live_migration_wait_for_vif_plug = True log_opt_values /usr/lib/python3/dist-packages/oslo_config/cfg.py:2609
2025-05-29 00:42:10.328 145778 DEBUG oslo_messaging._drivers.amqpdriver [-] AMQPListener connection timeout poll /usr/lib/python3/dist-packages/oslo_messaging/_drivers/amqpdriver.py:360
2025-05-29 00:42:10.328 145440 DEBUG oslo_service.service [req-6becc176-74e5-473a-b308-f77caffce04a - - - - -] compute.max_concurrent_disk_ops = 0 log_opt_values /usr/lib/python3/dist-packages/oslo_config/cfg.py:2609
2025-05-29 00:42:10.328 145778 DEBUG oslo_messaging._drivers.amqpdriver [-] Listener is running poll /usr/lib/python3/dist-packages/oslo_messaging/_drivers/amqpdriver.py:343
2025-05-29 00:42:10.328 145440 DEBUG oslo_service.service [req-6becc176-74e5-473a-b308-f77caffce04a - - - - -] compute.max_disk_devices_to_attach = -1 log_opt_values /usr/lib/python3/dist-packages/oslo_config/cfg.py:2609
2025-05-29 00:42:10.329 145778 DEBUG oslo_messaging._drivers.amqpdriver [-] AMQPListener connection consume poll /usr/lib/python3/dist-packages/oslo_messaging/_drivers/amqpdriver.py:357
2025-05-29 00:42:10.329 145440 DEBUG oslo_service.service [req-6becc176-74e5-473a-b308-f77caffce04a - - - - -] compute.packing_host_numa_cells_allocation_strategy = True log_opt_values /usr/lib/python3/dist-packages/oslo_config/cfg.py:2609
2025-05-29 00:42:10.329 145440 DEBUG oslo_service.service [req-6becc176-74e5-473a-b308-f77caffce04a - - - - -] compute.provider_config_location = /etc/nova/provider_config/ log_opt_values /usr/lib/python3/dist-packages/oslo_config/cfg.py:2609
2025-05-29 00:42:10.329 145440 DEBUG oslo_service.service [req-6becc176-74e5-473a-b308-f77caffce04a - - - - -] compute.resource_provider_association_refresh = 300 log_opt_values /usr/lib/python3/dist-packages/oslo_config/cfg.py:2609
2025-05-29 00:42:10.329 145440 DEBUG oslo_service.service [req-6becc176-74e5-473a-b308-f77caffce04a - - - - -] compute.shutdown_retry_interval = 10 log_opt_values /usr/lib/python3/dist-packages/oslo_config/cfg.py:2609
2025-05-29 00:42:10.329 145440 DEBUG oslo_service.service [req-6becc176-74e5-473a-b308-f77caffce04a - - - - -] compute.vmdk_allowed_types = ['streamOptimized', 'monolithicSparse'] log_opt_values /usr/lib/python3/dist-packages/oslo_config/cfg.py:2609
2025-05-29 00:42:10.330 145440 DEBUG oslo_service.service [req-6becc176-74e5-473a-b308-f77caffce04a - - - - -] conductor.workers = 4 log_opt_values /usr/lib/python3/dist-packages/oslo_config/cfg.py:2609
2025-05-29 00:42:10.330 145440 DEBUG oslo_service.service [req-6becc176-74e5-473a-b308-f77caffce04a - - - - -] console.allowed_origins = [] log_opt_values /usr/lib/python3/dist-packages/oslo_config/cfg.py:2609
2025-05-29 00:42:10.330 145440 DEBUG oslo_service.service [req-6becc176-74e5-473a-b308-f77caffce04a - - - - -] console.ssl_ciphers = None log_opt_values /usr/lib/python3/dist-packages/oslo_config/cfg.py:2609
2025-05-29 00:42:10.330 145440 DEBUG oslo_service.service [req-6becc176-74e5-473a-b308-f77caffce04a - - - - -] console.ssl_minimum_version = default log_opt_values /usr/lib/python3/dist-packages/oslo_config/cfg.py:2609
2025-05-29 00:42:10.330 145440 DEBUG oslo_service.service [req-6becc176-74e5-473a-b308-f77caffce04a - - - - -] consoleauth.token_ttl = 600 log_opt_values /usr/lib/python3/dist-packages/oslo_config/cfg.py:2609
2025-05-29 00:42:10.331 145440 DEBUG oslo_service.service [req-6becc176-74e5-473a-b308-f77caffce04a - - - - -] cyborg.cafile = None log_opt_values /usr/lib/python3/dist-packages/oslo_config/cfg.py:2609
2025-05-29 00:42:10.331 145440 DEBUG oslo_service.service [req-6becc176-74e5-473a-b308-f77caffce04a - - - - -] cyborg.certfile = None log_opt_values /usr/lib/python3/dist-packages/oslo_config/cfg.py:2609
2025-05-29 00:42:10.331 145440 DEBUG oslo_service.service [req-6becc176-74e5-473a-b308-f77caffce04a - - - - -] cyborg.collect_timing = False log_opt_values /usr/lib/python3/dist-packages/oslo_config/cfg.py:2609
2025-05-29 00:42:10.331 145440 DEBUG oslo_service.service [req-6becc176-74e5-473a-b308-f77caffce04a - - - - -] cyborg.connect_retries = None log_opt_values /usr/lib/python3/dist-packages/oslo_config/cfg.py:2609
2025-05-29 00:42:10.331 145440 DEBUG oslo_service.service [req-6becc176-74e5-473a-b308-f77caffce04a - - - - -] cyborg.connect_retry_delay = None log_opt_values /usr/lib/python3/dist-packages/oslo_config/cfg.py:2609
2025-05-29 00:42:10.331 145440 DEBUG oslo_service.service [req-6becc176-74e5-473a-b308-f77caffce04a - - - - -] cyborg.endpoint_override = None log_opt_values /usr/lib/python3/dist-packages/oslo_config/cfg.py:2609
2025-05-29 00:42:10.331 145440 DEBUG oslo_service.service [req-6becc176-74e5-473a-b308-f77caffce04a - - - - -] cyborg.insecure = False log_opt_values /usr/lib/python3/dist-packages/oslo_config/cfg.py:2609
2025-05-29 00:42:10.332 145440 DEBUG oslo_service.service [req-6becc176-74e5-473a-b308-f77caffce04a - - - - -] cyborg.keyfile = None log_opt_values /usr/lib/python3/dist-packages/oslo_config/cfg.py:2609
2025-05-29 00:42:10.332 145440 DEBUG oslo_service.service [req-6becc176-74e5-473a-b308-f77caffce04a - - - - -] cyborg.max_version = None log_opt_values /usr/lib/python3/dist-packages/oslo_config/cfg.py:2609
2025-05-29 00:42:10.332 145440 DEBUG oslo_service.service [req-6becc176-74e5-473a-b308-f77caffce04a - - - - -] cyborg.min_version = None log_opt_values /usr/lib/python3/dist-packages/oslo_config/cfg.py:2609
2025-05-29 00:42:10.332 145440 DEBUG oslo_service.service [req-6becc176-74e5-473a-b308-f77caffce04a - - - - -] cyborg.region_name = None log_opt_values /usr/lib/python3/dist-packages/oslo_config/cfg.py:2609
2025-05-29 00:42:10.332 145440 DEBUG oslo_service.service [req-6becc176-74e5-473a-b308-f77caffce04a - - - - -] cyborg.service_name = None log_opt_values /usr/lib/python3/dist-packages/oslo_config/cfg.py:2609
2025-05-29 00:42:10.332 145440 DEBUG oslo_service.service [req-6becc176-74e5-473a-b308-f77caffce04a - - - - -] cyborg.service_type = accelerator log_opt_values /usr/lib/python3/dist-packages/oslo_config/cfg.py:2609
2025-05-29 00:42:10.333 145440 DEBUG oslo_service.service [req-6becc176-74e5-473a-b308-f77caffce04a - - - - -] cyborg.split_loggers = False log_opt_values /usr/lib/python3/dist-packages/oslo_config/cfg.py:2609
2025-05-29 00:42:10.333 145440 DEBUG oslo_service.service [req-6becc176-74e5-473a-b308-f77caffce04a - - - - -] cyborg.status_code_retries = None log_opt_values /usr/lib/python3/dist-packages/oslo_config/cfg.py:2609
2025-05-29 00:42:10.333 145440 DEBUG oslo_service.service [req-6becc176-74e5-473a-b308-f77caffce04a - - - - -] cyborg.status_code_retry_delay = None log_opt_values /usr/lib/python3/dist-packages/oslo_config/cfg.py:2609
2025-05-29 00:42:10.333 145440 DEBUG oslo_service.service [req-6becc176-74e5-473a-b308-f77caffce04a - - - - -] cyborg.timeout = None log_opt_values /usr/lib/python3/dist-packages/oslo_config/cfg.py:2609
2025-05-29 00:42:10.333 145779 DEBUG oslo_messaging._drivers.amqpdriver [-] Listener is running poll /usr/lib/python3/dist-packages/oslo_messaging/_drivers/amqpdriver.py:343
2025-05-29 00:42:10.333 145440 DEBUG oslo_service.service [req-6becc176-74e5-473a-b308-f77caffce04a - - - - -] cyborg.valid_interfaces = ['internal', 'public'] log_opt_values /usr/lib/python3/dist-packages/oslo_config/cfg.py:2609
2025-05-29 00:42:10.333 145779 DEBUG oslo_messaging._drivers.amqpdriver [-] AMQPListener connection consume poll /usr/lib/python3/dist-packages/oslo_messaging/_drivers/amqpdriver.py:357
2025-05-29 00:42:10.333 145440 DEBUG oslo_service.service [req-6becc176-74e5-473a-b308-f77caffce04a - - - - -] cyborg.version = None log_opt_values /usr/lib/python3/dist-packages/oslo_config/cfg.py:2609
2025-05-29 00:42:10.334 145440 DEBUG oslo_service.service [req-6becc176-74e5-473a-b308-f77caffce04a - - - - -] database.backend = sqlalchemy log_opt_values /usr/lib/python3/dist-packages/oslo_config/cfg.py:2609
2025-05-29 00:42:10.334 145440 DEBUG oslo_service.service [req-6becc176-74e5-473a-b308-f77caffce04a - - - - -] database.connection = **** log_opt_values /usr/lib/python3/dist-packages/oslo_config/cfg.py:2609
2025-05-29 00:42:10.334 145440 DEBUG oslo_service.service [req-6becc176-74e5-473a-b308-f77caffce04a - - - - -] database.connection_debug = 0 log_opt_values /usr/lib/python3/dist-packages/oslo_config/cfg.py:2609
2025-05-29 00:42:10.334 145779 DEBUG nova.service [req-3a167dd4-b1aa-4bff-9d6f-be82a4e88965 - - - - -] Join ServiceGroup membership for this service conductor start /usr/lib/python3/dist-packages/nova/service.py:199
2025-05-29 00:42:10.334 145440 DEBUG oslo_service.service [req-6becc176-74e5-473a-b308-f77caffce04a - - - - -] database.connection_parameters = log_opt_values /usr/lib/python3/dist-packages/oslo_config/cfg.py:2609
2025-05-29 00:42:10.334 145779 DEBUG nova.servicegroup.drivers.db [req-3a167dd4-b1aa-4bff-9d6f-be82a4e88965 - - - - -] DB_Driver: join new ServiceGroup member juju-b0de6f-0-lxd-7 to the conductor group, service = join /usr/lib/python3/dist-packages/nova/servicegroup/drivers/db.py:44
2025-05-29 00:42:10.334 145440 DEBUG oslo_service.service [req-6becc176-74e5-473a-b308-f77caffce04a - - - - -] database.connection_recycle_time = 3600 log_opt_values /usr/lib/python3/dist-packages/oslo_config/cfg.py:2609
2025-05-29 00:42:10.335 145440 DEBUG oslo_service.service [req-6becc176-74e5-473a-b308-f77caffce04a - - - - -] database.connection_trace = False log_opt_values /usr/lib/python3/dist-packages/oslo_config/cfg.py:2609
2025-05-29 00:42:10.335 145440 DEBUG oslo_service.service [req-6becc176-74e5-473a-b308-f77caffce04a - - - - -] database.db_inc_retry_interval = True log_opt_values /usr/lib/python3/dist-packages/oslo_config/cfg.py:2609
2025-05-29 00:42:10.335 145440 DEBUG oslo_service.service [req-6becc176-74e5-473a-b308-f77caffce04a - - - - -] database.db_max_retries = 20 log_opt_values /usr/lib/python3/dist-packages/oslo_config/cfg.py:2609
2025-05-29 00:42:10.335 145440 DEBUG oslo_service.service [req-6becc176-74e5-473a-b308-f77caffce04a - - - - -] database.db_max_retry_interval = 10 log_opt_values /usr/lib/python3/dist-packages/oslo_config/cfg.py:2609
2025-05-29 00:42:10.335 145440 DEBUG oslo_service.service [req-6becc176-74e5-473a-b308-f77caffce04a - - - - -] database.db_retry_interval = 1 log_opt_values /usr/lib/python3/dist-packages/oslo_config/cfg.py:2609
2025-05-29 00:42:10.335 145440 DEBUG oslo_service.service [req-6becc176-74e5-473a-b308-f77caffce04a - - - - -] database.max_overflow = 50 log_opt_values /usr/lib/python3/dist-packages/oslo_config/cfg.py:2609
2025-05-29 00:42:10.336 145440 DEBUG oslo_service.service [req-6becc176-74e5-473a-b308-f77caffce04a - - - - -] database.max_pool_size = 4 log_opt_values /usr/lib/python3/dist-packages/oslo_config/cfg.py:2609
2025-05-29 00:42:10.336 145440 DEBUG oslo_service.service [req-6becc176-74e5-473a-b308-f77caffce04a - - - - -] database.max_retries = 10 log_opt_values /usr/lib/python3/dist-packages/oslo_config/cfg.py:2609
2025-05-29 00:42:10.336 145440 DEBUG oslo_service.service [req-6becc176-74e5-473a-b308-f77caffce04a - - - - -] database.mysql_enable_ndb = False log_opt_values /usr/lib/python3/dist-packages/oslo_config/cfg.py:2609
2025-05-29 00:42:10.336 145440 DEBUG oslo_service.service [req-6becc176-74e5-473a-b308-f77caffce04a - - - - -] database.mysql_sql_mode = TRADITIONAL log_opt_values /usr/lib/python3/dist-packages/oslo_config/cfg.py:2609
2025-05-29 00:42:10.336 145440 DEBUG oslo_service.service [req-6becc176-74e5-473a-b308-f77caffce04a - - - - -] database.pool_timeout = None log_opt_values /usr/lib/python3/dist-packages/oslo_config/cfg.py:2609
2025-05-29 00:42:10.337 145440 DEBUG oslo_service.service [req-6becc176-74e5-473a-b308-f77caffce04a - - - - -] database.retry_interval = 10 log_opt_values /usr/lib/python3/dist-packages/oslo_config/cfg.py:2609
2025-05-29 00:42:10.337 145779 DEBUG oslo_messaging._drivers.amqpdriver [-] AMQPListener connection timeout poll /usr/lib/python3/dist-packages/oslo_messaging/_drivers/amqpdriver.py:360
2025-05-29 00:42:10.337 145440 DEBUG oslo_service.service [req-6becc176-74e5-473a-b308-f77caffce04a - - - - -] database.slave_connection = **** log_opt_values /usr/lib/python3/dist-packages/oslo_config/cfg.py:2609
2025-05-29 00:42:10.337 145779 DEBUG oslo_messaging._drivers.amqpdriver [-] Listener is running poll /usr/lib/python3/dist-packages/oslo_messaging/_drivers/amqpdriver.py:343
2025-05-29 00:42:10.337 145440 DEBUG oslo_service.service [req-6becc176-74e5-473a-b308-f77caffce04a - - - - -] database.sqlite_synchronous = True log_opt_values /usr/lib/python3/dist-packages/oslo_config/cfg.py:2609
2025-05-29 00:42:10.337 145779 DEBUG oslo_messaging._drivers.amqpdriver [-] AMQPListener connection consume poll /usr/lib/python3/dist-packages/oslo_messaging/_drivers/amqpdriver.py:357
2025-05-29 00:42:10.337 145440 DEBUG oslo_service.service [req-6becc176-74e5-473a-b308-f77caffce04a - - - - -] database.use_db_reconnect = False log_opt_values /usr/lib/python3/dist-packages/oslo_config/cfg.py:2609
2025-05-29 00:42:10.337 145440 DEBUG oslo_service.service [req-6becc176-74e5-473a-b308-f77caffce04a - - - - -] api_database.backend = sqlalchemy log_opt_values /usr/lib/python3/dist-packages/oslo_config/cfg.py:2609
2025-05-29 00:42:10.337 145440 DEBUG oslo_service.service [req-6becc176-74e5-473a-b308-f77caffce04a - - - - -] api_database.connection = **** log_opt_values /usr/lib/python3/dist-packages/oslo_config/cfg.py:2609
2025-05-29 00:42:10.338 145440 DEBUG oslo_service.service [req-6becc176-74e5-473a-b308-f77caffce04a - - - - -] api_database.connection_debug = 0 log_opt_values /usr/lib/python3/dist-packages/oslo_config/cfg.py:2609
2025-05-29 00:42:10.338 145440 DEBUG oslo_service.service [req-6becc176-74e5-473a-b308-f77caffce04a - - - - -] api_database.connection_parameters = log_opt_values /usr/lib/python3/dist-packages/oslo_config/cfg.py:2609
2025-05-29 00:42:10.338 145440 DEBUG oslo_service.service [req-6becc176-74e5-473a-b308-f77caffce04a - - - - -] api_database.connection_recycle_time = 3600 log_opt_values /usr/lib/python3/dist-packages/oslo_config/cfg.py:2609
2025-05-29 00:42:10.338 145440 DEBUG oslo_service.service [req-6becc176-74e5-473a-b308-f77caffce04a - - - - -] api_database.connection_trace = False log_opt_values /usr/lib/python3/dist-packages/oslo_config/cfg.py:2609
2025-05-29 00:42:10.338 145440 DEBUG oslo_service.service [req-6becc176-74e5-473a-b308-f77caffce04a - - - - -] api_database.db_inc_retry_interval = True log_opt_values /usr/lib/python3/dist-packages/oslo_config/cfg.py:2609
2025-05-29 00:42:10.338 145440 DEBUG oslo_service.service [req-6becc176-74e5-473a-b308-f77caffce04a - - - - -] api_database.db_max_retries = 20 log_opt_values /usr/lib/python3/dist-packages/oslo_config/cfg.py:2609
2025-05-29 00:42:10.339 145440 DEBUG oslo_service.service [req-6becc176-74e5-473a-b308-f77caffce04a - - - - -] api_database.db_max_retry_interval = 10 log_opt_values /usr/lib/python3/dist-packages/oslo_config/cfg.py:2609
2025-05-29 00:42:10.339 145440 DEBUG oslo_service.service [req-6becc176-74e5-473a-b308-f77caffce04a - - - - -] api_database.db_retry_interval = 1 log_opt_values /usr/lib/python3/dist-packages/oslo_config/cfg.py:2609
2025-05-29 00:42:10.339 145440 DEBUG oslo_service.service [req-6becc176-74e5-473a-b308-f77caffce04a - - - - -] api_database.max_overflow = 50 log_opt_values /usr/lib/python3/dist-packages/oslo_config/cfg.py:2609
2025-05-29 00:42:10.339 145440 DEBUG oslo_service.service [req-6becc176-74e5-473a-b308-f77caffce04a - - - - -] api_database.max_pool_size = 4 log_opt_values /usr/lib/python3/dist-packages/oslo_config/cfg.py:2609
2025-05-29 00:42:10.339 145440 DEBUG oslo_service.service [req-6becc176-74e5-473a-b308-f77caffce04a - - - - -] api_database.max_retries = 10 log_opt_values /usr/lib/python3/dist-packages/oslo_config/cfg.py:2609
2025-05-29 00:42:10.339 145440 DEBUG oslo_service.service [req-6becc176-74e5-473a-b308-f77caffce04a - - - - -] api_database.mysql_enable_ndb = False log_opt_values /usr/lib/python3/dist-packages/oslo_config/cfg.py:2609
2025-05-29 00:42:10.340 145440 DEBUG oslo_service.service [req-6becc176-74e5-473a-b308-f77caffce04a - - - - -] api_database.mysql_sql_mode = TRADITIONAL log_opt_values /usr/lib/python3/dist-packages/oslo_config/cfg.py:2609
2025-05-29 00:42:10.340 145440 DEBUG oslo_service.service [req-6becc176-74e5-473a-b308-f77caffce04a - - - - -] api_database.pool_timeout = None log_opt_values /usr/lib/python3/dist-packages/oslo_config/cfg.py:2609
2025-05-29 00:42:10.340 145440 DEBUG oslo_service.service [req-6becc176-74e5-473a-b308-f77caffce04a - - - - -] api_database.retry_interval = 10 log_opt_values /usr/lib/python3/dist-packages/oslo_config/cfg.py:2609
2025-05-29 00:42:10.340 145440 DEBUG oslo_service.service [req-6becc176-74e5-473a-b308-f77caffce04a - - - - -] api_database.slave_connection = **** log_opt_values /usr/lib/python3/dist-packages/oslo_config/cfg.py:2609
2025-05-29 00:42:10.340 145440 DEBUG oslo_service.service [req-6becc176-74e5-473a-b308-f77caffce04a - - - - -] api_database.sqlite_synchronous = True log_opt_values /usr/lib/python3/dist-packages/oslo_config/cfg.py:2609
2025-05-29 00:42:10.340 145440 DEBUG oslo_service.service [req-6becc176-74e5-473a-b308-f77caffce04a - - - - -] devices.enabled_mdev_types = [] log_opt_values /usr/lib/python3/dist-packages/oslo_config/cfg.py:2609
2025-05-29 00:42:10.341 145440 DEBUG oslo_service.service [req-6becc176-74e5-473a-b308-f77caffce04a - - - - -] ephemeral_storage_encryption.cipher = aes-xts-plain64 log_opt_values /usr/lib/python3/dist-packages/oslo_config/cfg.py:2609
2025-05-29 00:42:10.341 145440 DEBUG oslo_service.service [req-6becc176-74e5-473a-b308-f77caffce04a - - - - -] ephemeral_storage_encryption.enabled = False log_opt_values /usr/lib/python3/dist-packages/oslo_config/cfg.py:2609
2025-05-29 00:42:10.341 145440 DEBUG oslo_service.service [req-6becc176-74e5-473a-b308-f77caffce04a - - - - -] ephemeral_storage_encryption.key_size = 512 log_opt_values /usr/lib/python3/dist-packages/oslo_config/cfg.py:2609
2025-05-29 00:42:10.341 145440 WARNING oslo_config.cfg [req-6becc176-74e5-473a-b308-f77caffce04a - - - - -] Deprecated: Option "api_servers" from group "glance" is deprecated for removal ( Support for image service configuration via standard keystoneauth1 Adapter options was added in the 17.0.0 Queens release. The api_servers option was retained temporarily to allow consumers time to cut over to a real load balancing solution. ). Its value may be silently ignored in the future.
2025-05-29 00:42:10.342 145440 DEBUG oslo_service.service [req-6becc176-74e5-473a-b308-f77caffce04a - - - - -] glance.api_servers = ['http://252.19.174.245:9292'] log_opt_values /usr/lib/python3/dist-packages/oslo_config/cfg.py:2609
2025-05-29 00:42:10.342 145440 DEBUG oslo_service.service [req-6becc176-74e5-473a-b308-f77caffce04a - - - - -] glance.cafile = None log_opt_values /usr/lib/python3/dist-packages/oslo_config/cfg.py:2609
2025-05-29 00:42:10.342 145440 DEBUG oslo_service.service [req-6becc176-74e5-473a-b308-f77caffce04a - - - - -] glance.certfile = None log_opt_values /usr/lib/python3/dist-packages/oslo_config/cfg.py:2609
2025-05-29 00:42:10.342 145440 DEBUG oslo_service.service [req-6becc176-74e5-473a-b308-f77caffce04a - - - - -] glance.collect_timing = False log_opt_values /usr/lib/python3/dist-packages/oslo_config/cfg.py:2609
2025-05-29 00:42:10.342 145440 DEBUG oslo_service.service [req-6becc176-74e5-473a-b308-f77caffce04a - - - - -] glance.connect_retries = None log_opt_values /usr/lib/python3/dist-packages/oslo_config/cfg.py:2609
2025-05-29 00:42:10.342 145440 DEBUG oslo_service.service [req-6becc176-74e5-473a-b308-f77caffce04a - - - - -] glance.connect_retry_delay = None log_opt_values /usr/lib/python3/dist-packages/oslo_config/cfg.py:2609
2025-05-29 00:42:10.343 145440 DEBUG oslo_service.service [req-6becc176-74e5-473a-b308-f77caffce04a - - - - -] glance.debug = False log_opt_values /usr/lib/python3/dist-packages/oslo_config/cfg.py:2609
2025-05-29 00:42:10.343 145440 DEBUG oslo_service.service [req-6becc176-74e5-473a-b308-f77caffce04a - - - - -] glance.default_trusted_certificate_ids = [] log_opt_values /usr/lib/python3/dist-packages/oslo_config/cfg.py:2609
2025-05-29 00:42:10.343 145440 DEBUG oslo_service.service [req-6becc176-74e5-473a-b308-f77caffce04a - - - - -] glance.enable_certificate_validation = False log_opt_values /usr/lib/python3/dist-packages/oslo_config/cfg.py:2609
2025-05-29 00:42:10.343 145440 DEBUG oslo_service.service [req-6becc176-74e5-473a-b308-f77caffce04a - - - - -] glance.enable_rbd_download = False log_opt_values /usr/lib/python3/dist-packages/oslo_config/cfg.py:2609
2025-05-29 00:42:10.343 145440 DEBUG oslo_service.service [req-6becc176-74e5-473a-b308-f77caffce04a - - - - -] glance.endpoint_override = None log_opt_values /usr/lib/python3/dist-packages/oslo_config/cfg.py:2609
2025-05-29 00:42:10.343 145440 DEBUG oslo_service.service [req-6becc176-74e5-473a-b308-f77caffce04a - - - - -] glance.insecure = False log_opt_values /usr/lib/python3/dist-packages/oslo_config/cfg.py:2609
2025-05-29 00:42:10.344 145440 DEBUG oslo_service.service [req-6becc176-74e5-473a-b308-f77caffce04a - - - - -] glance.keyfile = None log_opt_values /usr/lib/python3/dist-packages/oslo_config/cfg.py:2609
2025-05-29 00:42:10.344 145440 DEBUG oslo_service.service [req-6becc176-74e5-473a-b308-f77caffce04a - - - - -] glance.max_version = None log_opt_values /usr/lib/python3/dist-packages/oslo_config/cfg.py:2609
2025-05-29 00:42:10.344 145440 DEBUG oslo_service.service [req-6becc176-74e5-473a-b308-f77caffce04a - - - - -] glance.min_version = None log_opt_values /usr/lib/python3/dist-packages/oslo_config/cfg.py:2609
2025-05-29 00:42:10.344 145440 DEBUG oslo_service.service [req-6becc176-74e5-473a-b308-f77caffce04a - - - - -] glance.num_retries = 3 log_opt_values /usr/lib/python3/dist-packages/oslo_config/cfg.py:2609
2025-05-29 00:42:10.344 145440 DEBUG oslo_service.service [req-6becc176-74e5-473a-b308-f77caffce04a - - - - -] glance.rbd_ceph_conf = log_opt_values /usr/lib/python3/dist-packages/oslo_config/cfg.py:2609
2025-05-29 00:42:10.345 145440 DEBUG oslo_service.service [req-6becc176-74e5-473a-b308-f77caffce04a - - - - -] glance.rbd_connect_timeout = 5 log_opt_values /usr/lib/python3/dist-packages/oslo_config/cfg.py:2609
2025-05-29 00:42:10.345 145440 DEBUG oslo_service.service [req-6becc176-74e5-473a-b308-f77caffce04a - - - - -] glance.rbd_pool = log_opt_values /usr/lib/python3/dist-packages/oslo_config/cfg.py:2609
2025-05-29 00:42:10.345 145440 DEBUG oslo_service.service [req-6becc176-74e5-473a-b308-f77caffce04a - - - - -] glance.rbd_user = log_opt_values /usr/lib/python3/dist-packages/oslo_config/cfg.py:2609
2025-05-29 00:42:10.345 145440 DEBUG oslo_service.service [req-6becc176-74e5-473a-b308-f77caffce04a - - - - -] glance.region_name = None log_opt_values /usr/lib/python3/dist-packages/oslo_config/cfg.py:2609
2025-05-29 00:42:10.345 145440 DEBUG oslo_service.service [req-6becc176-74e5-473a-b308-f77caffce04a - - - - -] glance.service_name = None log_opt_values /usr/lib/python3/dist-packages/oslo_config/cfg.py:2609
2025-05-29 00:42:10.345 145440 DEBUG oslo_service.service [req-6becc176-74e5-473a-b308-f77caffce04a - - - - -] glance.service_type = image log_opt_values /usr/lib/python3/dist-packages/oslo_config/cfg.py:2609
2025-05-29 00:42:10.345 145440 DEBUG oslo_service.service [req-6becc176-74e5-473a-b308-f77caffce04a - - - - -] glance.split_loggers = False log_opt_values /usr/lib/python3/dist-packages/oslo_config/cfg.py:2609
2025-05-29 00:42:10.346 145440 DEBUG oslo_service.service [req-6becc176-74e5-473a-b308-f77caffce04a - - - - -] glance.status_code_retries = None log_opt_values /usr/lib/python3/dist-packages/oslo_config/cfg.py:2609
2025-05-29 00:42:10.346 145440 DEBUG oslo_service.service [req-6becc176-74e5-473a-b308-f77caffce04a - - - - -] glance.status_code_retry_delay = None log_opt_values /usr/lib/python3/dist-packages/oslo_config/cfg.py:2609
2025-05-29 00:42:10.346 145440 DEBUG oslo_service.service [req-6becc176-74e5-473a-b308-f77caffce04a - - - - -] glance.timeout = None log_opt_values /usr/lib/python3/dist-packages/oslo_config/cfg.py:2609
2025-05-29 00:42:10.346 145440 DEBUG oslo_service.service [req-6becc176-74e5-473a-b308-f77caffce04a - - - - -] glance.valid_interfaces = ['internal', 'public'] log_opt_values /usr/lib/python3/dist-packages/oslo_config/cfg.py:2609
2025-05-29 00:42:10.346 145440 DEBUG oslo_service.service [req-6becc176-74e5-473a-b308-f77caffce04a - - - - -] glance.verify_glance_signatures = False log_opt_values /usr/lib/python3/dist-packages/oslo_config/cfg.py:2609
2025-05-29 00:42:10.346 145440 DEBUG oslo_service.service [req-6becc176-74e5-473a-b308-f77caffce04a - - - - -] glance.version = None log_opt_values /usr/lib/python3/dist-packages/oslo_config/cfg.py:2609
2025-05-29 00:42:10.347 145440 DEBUG oslo_service.service [req-6becc176-74e5-473a-b308-f77caffce04a - - - - -] guestfs.debug = False log_opt_values /usr/lib/python3/dist-packages/oslo_config/cfg.py:2609
2025-05-29 00:42:10.347 145440 DEBUG oslo_service.service [req-6becc176-74e5-473a-b308-f77caffce04a - - - - -] hyperv.config_drive_cdrom = False log_opt_values /usr/lib/python3/dist-packages/oslo_config/cfg.py:2609
2025-05-29 00:42:10.347 145440 DEBUG oslo_service.service [req-6becc176-74e5-473a-b308-f77caffce04a - - - - -] hyperv.config_drive_inject_password = False log_opt_values /usr/lib/python3/dist-packages/oslo_config/cfg.py:2609
2025-05-29 00:42:10.347 145440 DEBUG oslo_service.service [req-6becc176-74e5-473a-b308-f77caffce04a - - - - -] hyperv.dynamic_memory_ratio = 1.0 log_opt_values /usr/lib/python3/dist-packages/oslo_config/cfg.py:2609
2025-05-29 00:42:10.347 145440 DEBUG oslo_service.service [req-6becc176-74e5-473a-b308-f77caffce04a - - - - -] hyperv.enable_instance_metrics_collection = False log_opt_values /usr/lib/python3/dist-packages/oslo_config/cfg.py:2609
2025-05-29 00:42:10.347 145440 DEBUG oslo_service.service [req-6becc176-74e5-473a-b308-f77caffce04a - - - - -] hyperv.enable_remotefx = False log_opt_values /usr/lib/python3/dist-packages/oslo_config/cfg.py:2609
2025-05-29 00:42:10.348 145440 DEBUG oslo_service.service [req-6becc176-74e5-473a-b308-f77caffce04a - - - - -] hyperv.instances_path_share = log_opt_values /usr/lib/python3/dist-packages/oslo_config/cfg.py:2609
2025-05-29 00:42:10.348 145440 DEBUG oslo_service.service [req-6becc176-74e5-473a-b308-f77caffce04a - - - - -] hyperv.iscsi_initiator_list = [] log_opt_values /usr/lib/python3/dist-packages/oslo_config/cfg.py:2609
2025-05-29 00:42:10.348 145440 DEBUG oslo_service.service [req-6becc176-74e5-473a-b308-f77caffce04a - - - - -] hyperv.limit_cpu_features = False log_opt_values /usr/lib/python3/dist-packages/oslo_config/cfg.py:2609
2025-05-29 00:42:10.348 145440 DEBUG oslo_service.service [req-6becc176-74e5-473a-b308-f77caffce04a - - - - -] hyperv.mounted_disk_query_retry_count = 10 log_opt_values /usr/lib/python3/dist-packages/oslo_config/cfg.py:2609
2025-05-29 00:42:10.348 145440 DEBUG oslo_service.service [req-6becc176-74e5-473a-b308-f77caffce04a - - - - -] hyperv.mounted_disk_query_retry_interval = 5 log_opt_values /usr/lib/python3/dist-packages/oslo_config/cfg.py:2609
2025-05-29 00:42:10.348 145440 DEBUG oslo_service.service [req-6becc176-74e5-473a-b308-f77caffce04a - - - - -] hyperv.power_state_check_timeframe = 60 log_opt_values /usr/lib/python3/dist-packages/oslo_config/cfg.py:2609
2025-05-29 00:42:10.348 145440 DEBUG oslo_service.service [req-6becc176-74e5-473a-b308-f77caffce04a - - - - -] hyperv.power_state_event_polling_interval = 2 log_opt_values /usr/lib/python3/dist-packages/oslo_config/cfg.py:2609
2025-05-29 00:42:10.349 145440 DEBUG oslo_service.service [req-6becc176-74e5-473a-b308-f77caffce04a - - - - -] hyperv.qemu_img_cmd = qemu-img.exe log_opt_values /usr/lib/python3/dist-packages/oslo_config/cfg.py:2609
2025-05-29 00:42:10.349 145440 DEBUG oslo_service.service [req-6becc176-74e5-473a-b308-f77caffce04a - - - - -] hyperv.use_multipath_io = False log_opt_values /usr/lib/python3/dist-packages/oslo_config/cfg.py:2609
2025-05-29 00:42:10.349 145440 DEBUG oslo_service.service [req-6becc176-74e5-473a-b308-f77caffce04a - - - - -] hyperv.volume_attach_retry_count = 10 log_opt_values /usr/lib/python3/dist-packages/oslo_config/cfg.py:2609
2025-05-29 00:42:10.349 145440 DEBUG oslo_service.service [req-6becc176-74e5-473a-b308-f77caffce04a - - - - -] hyperv.volume_attach_retry_interval = 5 log_opt_values /usr/lib/python3/dist-packages/oslo_config/cfg.py:2609
2025-05-29 00:42:10.349 145440 DEBUG oslo_service.service [req-6becc176-74e5-473a-b308-f77caffce04a - - - - -] hyperv.vswitch_name = None log_opt_values /usr/lib/python3/dist-packages/oslo_config/cfg.py:2609
