2025-05-29 01:23:53.416 37456 DEBUG heat.engine.service [req-799cf689-f9d5-4141-852b-3c8a8ad75ca8 - - - - -] Service 791b8056-69a8-4ad4-a7e1-b01b7a7821b0 is updated service_manage_report /usr/lib/python3/dist-packages/heat/engine/service.py:2370
2025-05-29 01:23:53.453 37443 DEBUG heat.engine.service [req-9de55015-6671-4bf1-9a44-a2478a574cb6 - - - - -] Service 006f6e97-1433-415d-bf7c-6e41a07b8bdd is updated service_manage_report /usr/lib/python3/dist-packages/heat/engine/service.py:2370
2025-05-29 01:24:53.338 37455 DEBUG heat.engine.service [req-9f58f7ed-017b-4404-8730-68c94c752779 - - - - -] Service c0f5c9cf-8e04-4c8a-af39-a0ec7027fea4 is updated service_manage_report /usr/lib/python3/dist-packages/heat/engine/service.py:2370
2025-05-29 01:24:53.362 37449 DEBUG heat.engine.service [req-bb847474-6877-4f77-be1c-f451e731825e - - - - -] Service 2146aeeb-2be7-439c-a5f1-be593a6fd83d is updated service_manage_report /usr/lib/python3/dist-packages/heat/engine/service.py:2370
2025-05-29 01:24:53.420 37456 DEBUG heat.engine.service [req-63fa4805-e7e7-4419-92cb-25053dc3a437 - - - - -] Service 791b8056-69a8-4ad4-a7e1-b01b7a7821b0 is updated service_manage_report /usr/lib/python3/dist-packages/heat/engine/service.py:2370
2025-05-29 01:24:53.456 37443 DEBUG heat.engine.service [req-dce94e41-30f3-4285-bec7-c46e3b6cac90 - - - - -] Service 006f6e97-1433-415d-bf7c-6e41a07b8bdd is updated service_manage_report /usr/lib/python3/dist-packages/heat/engine/service.py:2370
2025-05-29 01:25:53.342 37455 DEBUG heat.engine.service [req-b4f30088-5f3f-4f0f-9d96-d3c2d917cc8e - - - - -] Service c0f5c9cf-8e04-4c8a-af39-a0ec7027fea4 is updated service_manage_report /usr/lib/python3/dist-packages/heat/engine/service.py:2370
2025-05-29 01:25:53.365 37449 DEBUG heat.engine.service [req-f43e510f-c12d-43ca-92a3-96ff1514b087 - - - - -] Service 2146aeeb-2be7-439c-a5f1-be593a6fd83d is updated service_manage_report /usr/lib/python3/dist-packages/heat/engine/service.py:2370
2025-05-29 01:25:53.424 37456 DEBUG heat.engine.service [req-f7378784-7ebc-457e-be4c-a29796981fdb - - - - -] Service 791b8056-69a8-4ad4-a7e1-b01b7a7821b0 is updated service_manage_report /usr/lib/python3/dist-packages/heat/engine/service.py:2370
2025-05-29 01:25:53.460 37443 DEBUG heat.engine.service [req-4524ed90-583b-477e-a89b-b8b1bdf65afb - - - - -] Service 006f6e97-1433-415d-bf7c-6e41a07b8bdd is updated service_manage_report /usr/lib/python3/dist-packages/heat/engine/service.py:2370
2025-05-29 01:26:53.347 37455 DEBUG heat.engine.service [req-9617b885-5709-4de8-94db-bc5075b05fb2 - - - - -] Service c0f5c9cf-8e04-4c8a-af39-a0ec7027fea4 is updated service_manage_report /usr/lib/python3/dist-packages/heat/engine/service.py:2370
2025-05-29 01:26:53.373 37449 DEBUG heat.engine.service [req-91cb9a88-2a99-4bfc-832d-fa762c4fa088 - - - - -] Service 2146aeeb-2be7-439c-a5f1-be593a6fd83d is updated service_manage_report /usr/lib/python3/dist-packages/heat/engine/service.py:2370
2025-05-29 01:26:53.429 37456 DEBUG heat.engine.service [req-2a53257c-a13b-4b9d-9480-234076c1776e - - - - -] Service 791b8056-69a8-4ad4-a7e1-b01b7a7821b0 is updated service_manage_report /usr/lib/python3/dist-packages/heat/engine/service.py:2370
2025-05-29 01:26:53.466 37443 DEBUG heat.engine.service [req-dfe2c2f0-72ec-4161-b338-6bb766d5c381 - - - - -] Service 006f6e97-1433-415d-bf7c-6e41a07b8bdd is updated service_manage_report /usr/lib/python3/dist-packages/heat/engine/service.py:2370
2025-05-29 01:27:53.355 37455 DEBUG heat.engine.service [req-70f58d2b-f3f9-4f68-bce8-baddef559ccc - - - - -] Service c0f5c9cf-8e04-4c8a-af39-a0ec7027fea4 is updated service_manage_report /usr/lib/python3/dist-packages/heat/engine/service.py:2370
2025-05-29 01:27:53.366 37449 DEBUG heat.engine.service [req-5877c324-90fd-4d99-b2cf-bc06e36f697b - - - - -] Service 2146aeeb-2be7-439c-a5f1-be593a6fd83d is updated service_manage_report /usr/lib/python3/dist-packages/heat/engine/service.py:2370
2025-05-29 01:27:53.435 37456 DEBUG heat.engine.service [req-70725d3f-87da-4c5f-aa6c-5f9e7659ab33 - - - - -] Service 791b8056-69a8-4ad4-a7e1-b01b7a7821b0 is updated service_manage_report /usr/lib/python3/dist-packages/heat/engine/service.py:2370
2025-05-29 01:27:53.461 37443 DEBUG heat.engine.service [req-0c6083e5-8868-44e3-8e92-457417c607c4 - - - - -] Service 006f6e97-1433-415d-bf7c-6e41a07b8bdd is updated service_manage_report /usr/lib/python3/dist-packages/heat/engine/service.py:2370
2025-05-29 01:28:53.349 37455 DEBUG heat.engine.service [req-60656b70-b78f-4649-88f4-528565a632f8 - - - - -] Service c0f5c9cf-8e04-4c8a-af39-a0ec7027fea4 is updated service_manage_report /usr/lib/python3/dist-packages/heat/engine/service.py:2370
2025-05-29 01:28:53.370 37449 DEBUG heat.engine.service [req-e1532026-fef9-4aa3-80af-5bc12da48243 - - - - -] Service 2146aeeb-2be7-439c-a5f1-be593a6fd83d is updated service_manage_report /usr/lib/python3/dist-packages/heat/engine/service.py:2370
2025-05-29 01:28:53.439 37456 DEBUG heat.engine.service [req-35befde8-3184-4c58-8ba4-92e57fee32b8 - - - - -] Service 791b8056-69a8-4ad4-a7e1-b01b7a7821b0 is updated service_manage_report /usr/lib/python3/dist-packages/heat/engine/service.py:2370
2025-05-29 01:28:53.469 37443 DEBUG heat.engine.service [req-597f9e51-26b6-487c-bc62-cafe1ecc85b3 - - - - -] Service 006f6e97-1433-415d-bf7c-6e41a07b8bdd is updated service_manage_report /usr/lib/python3/dist-packages/heat/engine/service.py:2370
2025-05-29 01:29:53.354 37455 DEBUG heat.engine.service [req-605dd5b8-6f2c-4d90-afed-bcc7dd16c854 - - - - -] Service c0f5c9cf-8e04-4c8a-af39-a0ec7027fea4 is updated service_manage_report /usr/lib/python3/dist-packages/heat/engine/service.py:2370
2025-05-29 01:29:53.373 37449 DEBUG heat.engine.service [req-65d87359-e26a-48ba-a877-40d2cb47be92 - - - - -] Service 2146aeeb-2be7-439c-a5f1-be593a6fd83d is updated service_manage_report /usr/lib/python3/dist-packages/heat/engine/service.py:2370
2025-05-29 01:29:53.444 37456 DEBUG heat.engine.service [req-c3583c6c-d5d4-4ab0-b8cf-56cdf4a0188a - - - - -] Service 791b8056-69a8-4ad4-a7e1-b01b7a7821b0 is updated service_manage_report /usr/lib/python3/dist-packages/heat/engine/service.py:2370
2025-05-29 01:29:53.467 37443 DEBUG heat.engine.service [req-53d57b76-d316-4b31-9f1e-e27b6e25ea4b - - - - -] Service 006f6e97-1433-415d-bf7c-6e41a07b8bdd is updated service_manage_report /usr/lib/python3/dist-packages/heat/engine/service.py:2370
2025-05-29 01:30:53.358 37455 DEBUG heat.engine.service [req-0db9d7bd-6f8e-42c1-8c37-139b1edde9a0 - - - - -] Service c0f5c9cf-8e04-4c8a-af39-a0ec7027fea4 is updated service_manage_report /usr/lib/python3/dist-packages/heat/engine/service.py:2370
2025-05-29 01:30:53.375 37449 DEBUG heat.engine.service [req-7df5223e-1fa3-4b04-b3a7-65f0b86a666a - - - - -] Service 2146aeeb-2be7-439c-a5f1-be593a6fd83d is updated service_manage_report /usr/lib/python3/dist-packages/heat/engine/service.py:2370
2025-05-29 01:30:53.448 37456 DEBUG heat.engine.service [req-488e0703-e410-4822-8da9-142ac942a102 - - - - -] Service 791b8056-69a8-4ad4-a7e1-b01b7a7821b0 is updated service_manage_report /usr/lib/python3/dist-packages/heat/engine/service.py:2370
2025-05-29 01:30:53.460 37443 DEBUG heat.engine.service [req-5af9cd8e-1729-4cc4-bdfb-b5772513a4c3 - - - - -] Service 006f6e97-1433-415d-bf7c-6e41a07b8bdd is updated service_manage_report /usr/lib/python3/dist-packages/heat/engine/service.py:2370
2025-05-29 01:31:53.363 37455 DEBUG heat.engine.service [req-bb2d95cc-bb4c-4062-a90f-54303df10743 - - - - -] Service c0f5c9cf-8e04-4c8a-af39-a0ec7027fea4 is updated service_manage_report /usr/lib/python3/dist-packages/heat/engine/service.py:2370
2025-05-29 01:31:53.378 37449 DEBUG heat.engine.service [req-fff4e24f-4bb3-4293-aba7-375899ab417c - - - - -] Service 2146aeeb-2be7-439c-a5f1-be593a6fd83d is updated service_manage_report /usr/lib/python3/dist-packages/heat/engine/service.py:2370
2025-05-29 01:31:53.454 37456 DEBUG heat.engine.service [req-9b6d9367-ed7d-4d4b-8cf0-add1a8397680 - - - - -] Service 791b8056-69a8-4ad4-a7e1-b01b7a7821b0 is updated service_manage_report /usr/lib/python3/dist-packages/heat/engine/service.py:2370
2025-05-29 01:31:53.467 37443 DEBUG heat.engine.service [req-f56f1831-b5cc-4ce8-9f24-ecc3c9a5dd15 - - - - -] Service 006f6e97-1433-415d-bf7c-6e41a07b8bdd is updated service_manage_report /usr/lib/python3/dist-packages/heat/engine/service.py:2370
2025-05-29 01:32:53.369 37455 DEBUG heat.engine.service [req-778e584e-c2ac-4f2b-b0bb-6562a6a3d8e3 - - - - -] Service c0f5c9cf-8e04-4c8a-af39-a0ec7027fea4 is updated service_manage_report /usr/lib/python3/dist-packages/heat/engine/service.py:2370
2025-05-29 01:32:53.381 37449 DEBUG heat.engine.service [req-223c8eb6-c428-47b9-b06c-213a8f0d459a - - - - -] Service 2146aeeb-2be7-439c-a5f1-be593a6fd83d is updated service_manage_report /usr/lib/python3/dist-packages/heat/engine/service.py:2370
2025-05-29 01:32:53.447 37456 DEBUG heat.engine.service [req-d9dc9212-6e2b-4b4f-90bb-7e9e2cc0b0bb - - - - -] Service 791b8056-69a8-4ad4-a7e1-b01b7a7821b0 is updated service_manage_report /usr/lib/python3/dist-packages/heat/engine/service.py:2370
2025-05-29 01:32:53.459 37443 DEBUG heat.engine.service [req-463f2f95-4787-40ca-a274-ab9ab3027752 - - - - -] Service 006f6e97-1433-415d-bf7c-6e41a07b8bdd is updated service_manage_report /usr/lib/python3/dist-packages/heat/engine/service.py:2370
2025-05-29 01:33:53.364 37455 DEBUG heat.engine.service [req-3355dd12-94ec-466c-b3ba-a805d0320c46 - - - - -] Service c0f5c9cf-8e04-4c8a-af39-a0ec7027fea4 is updated service_manage_report /usr/lib/python3/dist-packages/heat/engine/service.py:2370
2025-05-29 01:33:53.385 37449 DEBUG heat.engine.service [req-3af3ba50-7665-48eb-aa07-1b37c92af8c6 - - - - -] Service 2146aeeb-2be7-439c-a5f1-be593a6fd83d is updated service_manage_report /usr/lib/python3/dist-packages/heat/engine/service.py:2370
2025-05-29 01:33:53.452 37456 DEBUG heat.engine.service [req-a3b93f1c-6c45-4196-822a-a61f7373a004 - - - - -] Service 791b8056-69a8-4ad4-a7e1-b01b7a7821b0 is updated service_manage_report /usr/lib/python3/dist-packages/heat/engine/service.py:2370
2025-05-29 01:33:53.462 37443 DEBUG heat.engine.service [req-857ac667-358c-4ba2-87ea-9873fc54dbb8 - - - - -] Service 006f6e97-1433-415d-bf7c-6e41a07b8bdd is updated service_manage_report /usr/lib/python3/dist-packages/heat/engine/service.py:2370
2025-05-29 01:34:53.368 37455 DEBUG heat.engine.service [req-6ac13f43-c664-4f3b-b49d-9ed2103cabb2 - - - - -] Service c0f5c9cf-8e04-4c8a-af39-a0ec7027fea4 is updated service_manage_report /usr/lib/python3/dist-packages/heat/engine/service.py:2370
2025-05-29 01:34:53.394 37449 DEBUG heat.engine.service [req-f92e01e1-24e7-449a-860a-e84a99534226 - - - - -] Service 2146aeeb-2be7-439c-a5f1-be593a6fd83d is updated service_manage_report /usr/lib/python3/dist-packages/heat/engine/service.py:2370
2025-05-29 01:34:53.455 37456 DEBUG heat.engine.service [req-b61530b8-40f9-48a9-a387-0d50e81c3bcc - - - - -] Service 791b8056-69a8-4ad4-a7e1-b01b7a7821b0 is updated service_manage_report /usr/lib/python3/dist-packages/heat/engine/service.py:2370
2025-05-29 01:34:53.465 37443 DEBUG heat.engine.service [req-51f90a65-595a-49be-a443-90f77b1bcd64 - - - - -] Service 006f6e97-1433-415d-bf7c-6e41a07b8bdd is updated service_manage_report /usr/lib/python3/dist-packages/heat/engine/service.py:2370
2025-05-29 01:35:53.374 37455 DEBUG heat.engine.service [req-96b08659-446f-4eb2-be9f-c692f3d4a6d5 - - - - -] Service c0f5c9cf-8e04-4c8a-af39-a0ec7027fea4 is updated service_manage_report /usr/lib/python3/dist-packages/heat/engine/service.py:2370
2025-05-29 01:35:53.386 37449 DEBUG heat.engine.service [req-7590c66e-085e-42d6-95fe-95a16feaee96 - - - - -] Service 2146aeeb-2be7-439c-a5f1-be593a6fd83d is updated service_manage_report /usr/lib/python3/dist-packages/heat/engine/service.py:2370
2025-05-29 01:35:53.459 37456 DEBUG heat.engine.service [req-db86f63b-6f1a-4f91-a86c-12b7d4884ca0 - - - - -] Service 791b8056-69a8-4ad4-a7e1-b01b7a7821b0 is updated service_manage_report /usr/lib/python3/dist-packages/heat/engine/service.py:2370
2025-05-29 01:35:53.472 37443 DEBUG heat.engine.service [req-68a27d53-739d-4c2b-8066-9fe128f8300c - - - - -] Service 006f6e97-1433-415d-bf7c-6e41a07b8bdd is updated service_manage_report /usr/lib/python3/dist-packages/heat/engine/service.py:2370
2025-05-29 01:36:53.379 37455 DEBUG heat.engine.service [req-adeada5c-1222-451c-b66a-e0e8d3446112 - - - - -] Service c0f5c9cf-8e04-4c8a-af39-a0ec7027fea4 is updated service_manage_report /usr/lib/python3/dist-packages/heat/engine/service.py:2370
2025-05-29 01:36:53.390 37449 DEBUG heat.engine.service [req-6ab7b907-dbb3-4b93-9a70-3ae7f6b98db3 - - - - -] Service 2146aeeb-2be7-439c-a5f1-be593a6fd83d is updated service_manage_report /usr/lib/python3/dist-packages/heat/engine/service.py:2370
2025-05-29 01:36:53.464 37456 DEBUG heat.engine.service [req-486b6b6e-9938-4129-89f0-aa7c5ea41ec2 - - - - -] Service 791b8056-69a8-4ad4-a7e1-b01b7a7821b0 is updated service_manage_report /usr/lib/python3/dist-packages/heat/engine/service.py:2370
2025-05-29 01:36:53.466 37443 DEBUG heat.engine.service [req-7ce7cafd-4e11-43c7-a9a3-91f1be6e79a6 - - - - -] Service 006f6e97-1433-415d-bf7c-6e41a07b8bdd is updated service_manage_report /usr/lib/python3/dist-packages/heat/engine/service.py:2370
2025-05-29 01:37:53.386 37455 DEBUG heat.engine.service [req-94ec84bc-3665-4e8f-8f3a-157d213d00f8 - - - - -] Service c0f5c9cf-8e04-4c8a-af39-a0ec7027fea4 is updated service_manage_report /usr/lib/python3/dist-packages/heat/engine/service.py:2370
2025-05-29 01:37:53.393 37449 DEBUG heat.engine.service [req-3e2738df-a8de-4410-a635-5643cc73a2b9 - - - - -] Service 2146aeeb-2be7-439c-a5f1-be593a6fd83d is updated service_manage_report /usr/lib/python3/dist-packages/heat/engine/service.py:2370
2025-05-29 01:37:53.468 37456 DEBUG heat.engine.service [req-886c0a0d-8737-4feb-a72b-1e88ff44393b - - - - -] Service 791b8056-69a8-4ad4-a7e1-b01b7a7821b0 is updated service_manage_report /usr/lib/python3/dist-packages/heat/engine/service.py:2370
2025-05-29 01:37:53.470 37443 DEBUG heat.engine.service [req-6e7cb705-c4b0-49cc-8875-b9599a14e74a - - - - -] Service 006f6e97-1433-415d-bf7c-6e41a07b8bdd is updated service_manage_report /usr/lib/python3/dist-packages/heat/engine/service.py:2370
2025-05-29 01:38:53.380 37455 DEBUG heat.engine.service [req-38575b58-df57-4fbb-80ab-0f3e224aba73 - - - - -] Service c0f5c9cf-8e04-4c8a-af39-a0ec7027fea4 is updated service_manage_report /usr/lib/python3/dist-packages/heat/engine/service.py:2370
2025-05-29 01:38:53.398 37449 DEBUG heat.engine.service [req-e476fee1-12e7-487d-9f17-16f5de4a1bb2 - - - - -] Service 2146aeeb-2be7-439c-a5f1-be593a6fd83d is updated service_manage_report /usr/lib/python3/dist-packages/heat/engine/service.py:2370
2025-05-29 01:38:53.472 37456 DEBUG heat.engine.service [req-c2d8f758-d181-4fcc-ab0f-754dc7441795 - - - - -] Service 791b8056-69a8-4ad4-a7e1-b01b7a7821b0 is updated service_manage_report /usr/lib/python3/dist-packages/heat/engine/service.py:2370
2025-05-29 01:38:53.474 37443 DEBUG heat.engine.service [req-cdb18ed8-f8a0-4e52-bdef-1cc39ac02d10 - - - - -] Service 006f6e97-1433-415d-bf7c-6e41a07b8bdd is updated service_manage_report /usr/lib/python3/dist-packages/heat/engine/service.py:2370
2025-05-29 01:39:53.387 37455 DEBUG heat.engine.service [req-9b91782c-7b94-4725-823e-6daec9e6af06 - - - - -] Service c0f5c9cf-8e04-4c8a-af39-a0ec7027fea4 is updated service_manage_report /usr/lib/python3/dist-packages/heat/engine/service.py:2370
2025-05-29 01:39:53.405 37449 DEBUG heat.engine.service [req-059aed4e-9fcc-4c98-9348-12c16709b367 - - - - -] Service 2146aeeb-2be7-439c-a5f1-be593a6fd83d is updated service_manage_report /usr/lib/python3/dist-packages/heat/engine/service.py:2370
2025-05-29 01:39:53.482 37456 DEBUG heat.engine.service [req-fec86028-4c53-49cd-874d-3a411a9d36a2 - - - - -] Service 791b8056-69a8-4ad4-a7e1-b01b7a7821b0 is updated service_manage_report /usr/lib/python3/dist-packages/heat/engine/service.py:2370
2025-05-29 01:39:53.483 37443 DEBUG heat.engine.service [req-cc2245db-a46f-4be2-971b-2f8e5e9b6640 - - - - -] Service 006f6e97-1433-415d-bf7c-6e41a07b8bdd is updated service_manage_report /usr/lib/python3/dist-packages/heat/engine/service.py:2370
2025-05-29 01:40:53.382 37455 DEBUG heat.engine.service [req-20b48295-ef21-439c-8ada-b95262ebb9d6 - - - - -] Service c0f5c9cf-8e04-4c8a-af39-a0ec7027fea4 is updated service_manage_report /usr/lib/python3/dist-packages/heat/engine/service.py:2370
2025-05-29 01:40:53.399 37449 DEBUG heat.engine.service [req-9949b3fb-5b93-4091-bcf3-88d32fb39b67 - - - - -] Service 2146aeeb-2be7-439c-a5f1-be593a6fd83d is updated service_manage_report /usr/lib/python3/dist-packages/heat/engine/service.py:2370
2025-05-29 01:40:53.476 37456 DEBUG heat.engine.service [req-e6197839-cb12-47a5-ad2f-e23f25e6447a - - - - -] Service 791b8056-69a8-4ad4-a7e1-b01b7a7821b0 is updated service_manage_report /usr/lib/python3/dist-packages/heat/engine/service.py:2370
2025-05-29 01:40:53.478 37443 DEBUG heat.engine.service [req-58dc6e2f-f105-4db4-8d4f-20e5504586f5 - - - - -] Service 006f6e97-1433-415d-bf7c-6e41a07b8bdd is updated service_manage_report /usr/lib/python3/dist-packages/heat/engine/service.py:2370
2025-05-29 01:41:53.386 37455 DEBUG heat.engine.service [req-12fdbf00-c697-4052-988f-7d465d5a89f0 - - - - -] Service c0f5c9cf-8e04-4c8a-af39-a0ec7027fea4 is updated service_manage_report /usr/lib/python3/dist-packages/heat/engine/service.py:2370
2025-05-29 01:41:53.405 37449 DEBUG heat.engine.service [req-665cda68-1df1-47e1-8c0e-e89584bc48ec - - - - -] Service 2146aeeb-2be7-439c-a5f1-be593a6fd83d is updated service_manage_report /usr/lib/python3/dist-packages/heat/engine/service.py:2370
2025-05-29 01:41:53.479 37456 DEBUG heat.engine.service [req-d00a8c43-675d-4529-8c6a-9ec80ad62dc1 - - - - -] Service 791b8056-69a8-4ad4-a7e1-b01b7a7821b0 is updated service_manage_report /usr/lib/python3/dist-packages/heat/engine/service.py:2370
2025-05-29 01:41:53.482 37443 DEBUG heat.engine.service [req-d16457db-428a-4ab4-a9db-351697770da0 - - - - -] Service 006f6e97-1433-415d-bf7c-6e41a07b8bdd is updated service_manage_report /usr/lib/python3/dist-packages/heat/engine/service.py:2370
2025-05-29 01:42:53.391 37455 DEBUG heat.engine.service [req-fd56520c-2555-4a7a-bd37-496ee6260570 - - - - -] Service c0f5c9cf-8e04-4c8a-af39-a0ec7027fea4 is updated service_manage_report /usr/lib/python3/dist-packages/heat/engine/service.py:2370
2025-05-29 01:42:53.409 37449 DEBUG heat.engine.service [req-c6d3e239-e868-4f12-b9bd-08c583c4ac04 - - - - -] Service 2146aeeb-2be7-439c-a5f1-be593a6fd83d is updated service_manage_report /usr/lib/python3/dist-packages/heat/engine/service.py:2370
2025-05-29 01:42:53.487 37456 DEBUG heat.engine.service [req-7ee125ad-4f8b-4d9f-80e7-625d50098582 - - - - -] Service 791b8056-69a8-4ad4-a7e1-b01b7a7821b0 is updated service_manage_report /usr/lib/python3/dist-packages/heat/engine/service.py:2370
2025-05-29 01:42:53.492 37443 DEBUG heat.engine.service [req-2683011b-b26b-4cfe-8460-2ca32a2ccd1e - - - - -] Service 006f6e97-1433-415d-bf7c-6e41a07b8bdd is updated service_manage_report /usr/lib/python3/dist-packages/heat/engine/service.py:2370
2025-05-29 01:43:53.395 37455 DEBUG heat.engine.service [req-f873fb86-2dca-4250-b205-525c101ad649 - - - - -] Service c0f5c9cf-8e04-4c8a-af39-a0ec7027fea4 is updated service_manage_report /usr/lib/python3/dist-packages/heat/engine/service.py:2370
2025-05-29 01:43:53.412 37449 DEBUG heat.engine.service [req-330d362e-085a-4414-a1f1-4b82f27ae11e - - - - -] Service 2146aeeb-2be7-439c-a5f1-be593a6fd83d is updated service_manage_report /usr/lib/python3/dist-packages/heat/engine/service.py:2370
2025-05-29 01:43:53.481 37456 DEBUG heat.engine.service [req-3b3eb355-fd8c-4812-939a-514d186f4724 - - - - -] Service 791b8056-69a8-4ad4-a7e1-b01b7a7821b0 is updated service_manage_report /usr/lib/python3/dist-packages/heat/engine/service.py:2370
2025-05-29 01:43:53.484 37443 DEBUG heat.engine.service [req-db1c9fa6-2323-4795-a88b-3d99cc9fa5d9 - - - - -] Service 006f6e97-1433-415d-bf7c-6e41a07b8bdd is updated service_manage_report /usr/lib/python3/dist-packages/heat/engine/service.py:2370
2025-05-29 01:44:53.398 37455 DEBUG heat.engine.service [req-bd04eeb2-94ad-464a-b5d2-f28d60c31c50 - - - - -] Service c0f5c9cf-8e04-4c8a-af39-a0ec7027fea4 is updated service_manage_report /usr/lib/python3/dist-packages/heat/engine/service.py:2370
2025-05-29 01:44:53.415 37449 DEBUG heat.engine.service [req-2c537824-c1b5-4575-96c1-39af77b271b0 - - - - -] Service 2146aeeb-2be7-439c-a5f1-be593a6fd83d is updated service_manage_report /usr/lib/python3/dist-packages/heat/engine/service.py:2370
2025-05-29 01:44:53.485 37456 DEBUG heat.engine.service [req-c145cc08-ac36-4db6-9742-c4b7e8a54170 - - - - -] Service 791b8056-69a8-4ad4-a7e1-b01b7a7821b0 is updated service_manage_report /usr/lib/python3/dist-packages/heat/engine/service.py:2370
2025-05-29 01:44:53.488 37443 DEBUG heat.engine.service [req-3c4ae589-e7e9-4e19-aecf-20b7713e370b - - - - -] Service 006f6e97-1433-415d-bf7c-6e41a07b8bdd is updated service_manage_report /usr/lib/python3/dist-packages/heat/engine/service.py:2370
2025-05-29 01:45:53.403 37455 DEBUG heat.engine.service [req-8c9abfee-ebec-4984-b09d-cebeed7d2241 - - - - -] Service c0f5c9cf-8e04-4c8a-af39-a0ec7027fea4 is updated service_manage_report /usr/lib/python3/dist-packages/heat/engine/service.py:2370
2025-05-29 01:45:53.419 37449 DEBUG heat.engine.service [req-4321158f-563d-4053-8a5c-6e2167193a3e - - - - -] Service 2146aeeb-2be7-439c-a5f1-be593a6fd83d is updated service_manage_report /usr/lib/python3/dist-packages/heat/engine/service.py:2370
2025-05-29 01:45:53.490 37456 DEBUG heat.engine.service [req-95ad7d95-5556-4887-80fa-c043b0783394 - - - - -] Service 791b8056-69a8-4ad4-a7e1-b01b7a7821b0 is updated service_manage_report /usr/lib/python3/dist-packages/heat/engine/service.py:2370
2025-05-29 01:45:53.492 37443 DEBUG heat.engine.service [req-ca719696-cdab-42ed-b8db-b7cda545410c - - - - -] Service 006f6e97-1433-415d-bf7c-6e41a07b8bdd is updated service_manage_report /usr/lib/python3/dist-packages/heat/engine/service.py:2370
2025-05-29 01:46:53.408 37455 DEBUG heat.engine.service [req-9baa2ecd-86b4-43cc-8301-8b9c0155af2f - - - - -] Service c0f5c9cf-8e04-4c8a-af39-a0ec7027fea4 is updated service_manage_report /usr/lib/python3/dist-packages/heat/engine/service.py:2370
2025-05-29 01:46:53.422 37449 DEBUG heat.engine.service [req-d7e63dc1-a74b-4daf-92c3-0ca9289d8740 - - - - -] Service 2146aeeb-2be7-439c-a5f1-be593a6fd83d is updated service_manage_report /usr/lib/python3/dist-packages/heat/engine/service.py:2370
2025-05-29 01:46:53.493 37456 DEBUG heat.engine.service [req-ab22e3f0-5a1f-4cc3-be15-a532d6a07036 - - - - -] Service 791b8056-69a8-4ad4-a7e1-b01b7a7821b0 is updated service_manage_report /usr/lib/python3/dist-packages/heat/engine/service.py:2370
2025-05-29 01:46:53.494 37443 DEBUG heat.engine.service [req-c36c412f-2f52-415f-bd37-f8dd17c46716 - - - - -] Service 006f6e97-1433-415d-bf7c-6e41a07b8bdd is updated service_manage_report /usr/lib/python3/dist-packages/heat/engine/service.py:2370
2025-05-29 01:47:53.413 37455 DEBUG heat.engine.service [req-8b821bb5-2bdd-48ed-a953-e5fe0daf5461 - - - - -] Service c0f5c9cf-8e04-4c8a-af39-a0ec7027fea4 is updated service_manage_report /usr/lib/python3/dist-packages/heat/engine/service.py:2370
2025-05-29 01:47:53.426 37449 DEBUG heat.engine.service [req-08a35caf-23d8-4e9a-9311-d15399ae4373 - - - - -] Service 2146aeeb-2be7-439c-a5f1-be593a6fd83d is updated service_manage_report /usr/lib/python3/dist-packages/heat/engine/service.py:2370
2025-05-29 01:47:53.497 37443 DEBUG heat.engine.service [req-40e7ffc9-cb5c-4351-88d1-f54efa732681 - - - - -] Service 006f6e97-1433-415d-bf7c-6e41a07b8bdd is updated service_manage_report /usr/lib/python3/dist-packages/heat/engine/service.py:2370
2025-05-29 01:47:53.498 37456 DEBUG heat.engine.service [req-519aab31-c717-41f9-b0fe-f7be00c9ed4e - - - - -] Service 791b8056-69a8-4ad4-a7e1-b01b7a7821b0 is updated service_manage_report /usr/lib/python3/dist-packages/heat/engine/service.py:2370
2025-05-29 01:48:53.418 37455 DEBUG heat.engine.service [req-4d48ac86-e432-449f-b864-9ca4539004a9 - - - - -] Service c0f5c9cf-8e04-4c8a-af39-a0ec7027fea4 is updated service_manage_report /usr/lib/python3/dist-packages/heat/engine/service.py:2370
2025-05-29 01:48:53.430 37449 DEBUG heat.engine.service [req-36bc24cf-b050-4ac0-a195-368dae41c853 - - - - -] Service 2146aeeb-2be7-439c-a5f1-be593a6fd83d is updated service_manage_report /usr/lib/python3/dist-packages/heat/engine/service.py:2370
2025-05-29 01:48:53.505 37443 DEBUG heat.engine.service [req-d191dcf2-ff65-4b2f-a2ae-0dec4a0108b4 - - - - -] Service 006f6e97-1433-415d-bf7c-6e41a07b8bdd is updated service_manage_report /usr/lib/python3/dist-packages/heat/engine/service.py:2370
2025-05-29 01:48:53.507 37456 DEBUG heat.engine.service [req-6664d610-2910-4e22-a679-d3adc4e3e34a - - - - -] Service 791b8056-69a8-4ad4-a7e1-b01b7a7821b0 is updated service_manage_report /usr/lib/python3/dist-packages/heat/engine/service.py:2370
2025-05-29 01:49:53.423 37455 DEBUG heat.engine.service [req-9830fedf-576b-49e4-8757-f1f676478663 - - - - -] Service c0f5c9cf-8e04-4c8a-af39-a0ec7027fea4 is updated service_manage_report /usr/lib/python3/dist-packages/heat/engine/service.py:2370
2025-05-29 01:49:53.433 37449 DEBUG heat.engine.service [req-6067e032-2a52-448a-93cf-97fb4e88b648 - - - - -] Service 2146aeeb-2be7-439c-a5f1-be593a6fd83d is updated service_manage_report /usr/lib/python3/dist-packages/heat/engine/service.py:2370
2025-05-29 01:49:53.499 37443 DEBUG heat.engine.service [req-8e1ccd0f-f7aa-44af-83b1-c1e232a7eeff - - - - -] Service 006f6e97-1433-415d-bf7c-6e41a07b8bdd is updated service_manage_report /usr/lib/python3/dist-packages/heat/engine/service.py:2370
2025-05-29 01:49:53.502 37456 DEBUG heat.engine.service [req-b624f914-5e47-4b77-96ad-b6c416a74bea - - - - -] Service 791b8056-69a8-4ad4-a7e1-b01b7a7821b0 is updated service_manage_report /usr/lib/python3/dist-packages/heat/engine/service.py:2370
2025-05-29 01:50:53.426 37455 DEBUG heat.engine.service [req-df43cd06-1803-4d0e-b806-78974e64f3f6 - - - - -] Service c0f5c9cf-8e04-4c8a-af39-a0ec7027fea4 is updated service_manage_report /usr/lib/python3/dist-packages/heat/engine/service.py:2370
2025-05-29 01:50:53.437 37449 DEBUG heat.engine.service [req-e0528d98-807d-4c75-b6f0-abe1785d4c29 - - - - -] Service 2146aeeb-2be7-439c-a5f1-be593a6fd83d is updated service_manage_report /usr/lib/python3/dist-packages/heat/engine/service.py:2370
2025-05-29 01:50:53.505 37443 DEBUG heat.engine.service [req-45746581-0264-458a-a2c7-fc0c4add51a8 - - - - -] Service 006f6e97-1433-415d-bf7c-6e41a07b8bdd is updated service_manage_report /usr/lib/python3/dist-packages/heat/engine/service.py:2370
2025-05-29 01:50:53.506 37456 DEBUG heat.engine.service [req-9a51cfbc-9042-45f5-8ef9-6c1343f01164 - - - - -] Service 791b8056-69a8-4ad4-a7e1-b01b7a7821b0 is updated service_manage_report /usr/lib/python3/dist-packages/heat/engine/service.py:2370
2025-05-29 01:51:53.430 37455 DEBUG heat.engine.service [req-23559409-a524-4406-9de4-a70943afaf52 - - - - -] Service c0f5c9cf-8e04-4c8a-af39-a0ec7027fea4 is updated service_manage_report /usr/lib/python3/dist-packages/heat/engine/service.py:2370
2025-05-29 01:51:53.437 37449 DEBUG heat.engine.service [req-cd90ed86-746a-4a52-83c5-845b4b6ef3eb - - - - -] Service 2146aeeb-2be7-439c-a5f1-be593a6fd83d is updated service_manage_report /usr/lib/python3/dist-packages/heat/engine/service.py:2370
2025-05-29 01:51:53.511 37443 DEBUG heat.engine.service [req-074d1d54-7025-4ddd-84a4-f40d924bdde1 - - - - -] Service 006f6e97-1433-415d-bf7c-6e41a07b8bdd is updated service_manage_report /usr/lib/python3/dist-packages/heat/engine/service.py:2370
2025-05-29 01:51:53.511 37456 DEBUG heat.engine.service [req-697dad81-627b-4c4c-9230-74ab17840949 - - - - -] Service 791b8056-69a8-4ad4-a7e1-b01b7a7821b0 is updated service_manage_report /usr/lib/python3/dist-packages/heat/engine/service.py:2370
2025-05-29 01:52:53.434 37455 DEBUG heat.engine.service [req-79b7a3c2-2548-434e-9cb1-7ed261438b37 - - - - -] Service c0f5c9cf-8e04-4c8a-af39-a0ec7027fea4 is updated service_manage_report /usr/lib/python3/dist-packages/heat/engine/service.py:2370
2025-05-29 01:52:53.443 37449 DEBUG heat.engine.service [req-a20b98de-0625-43f9-a3e6-4faff472fd70 - - - - -] Service 2146aeeb-2be7-439c-a5f1-be593a6fd83d is updated service_manage_report /usr/lib/python3/dist-packages/heat/engine/service.py:2370
2025-05-29 01:52:53.513 37443 DEBUG heat.engine.service [req-b33afd90-8dce-48b5-92c0-5ef5328bab49 - - - - -] Service 006f6e97-1433-415d-bf7c-6e41a07b8bdd is updated service_manage_report /usr/lib/python3/dist-packages/heat/engine/service.py:2370
2025-05-29 01:52:53.516 37456 DEBUG heat.engine.service [req-6a8b8902-d08b-4451-9a47-31405d8e925e - - - - -] Service 791b8056-69a8-4ad4-a7e1-b01b7a7821b0 is updated service_manage_report /usr/lib/python3/dist-packages/heat/engine/service.py:2370
2025-05-29 01:53:53.438 37455 DEBUG heat.engine.service [req-da4a3857-dac4-417f-a3bb-9c571bbe4ecb - - - - -] Service c0f5c9cf-8e04-4c8a-af39-a0ec7027fea4 is updated service_manage_report /usr/lib/python3/dist-packages/heat/engine/service.py:2370
2025-05-29 01:53:53.447 37449 DEBUG heat.engine.service [req-783f841c-aced-469d-9efb-b542712e46f5 - - - - -] Service 2146aeeb-2be7-439c-a5f1-be593a6fd83d is updated service_manage_report /usr/lib/python3/dist-packages/heat/engine/service.py:2370
2025-05-29 01:53:53.516 37443 DEBUG heat.engine.service [req-187a4ad7-b85c-4610-9f96-3a67b60a02ec - - - - -] Service 006f6e97-1433-415d-bf7c-6e41a07b8bdd is updated service_manage_report /usr/lib/python3/dist-packages/heat/engine/service.py:2370
2025-05-29 01:53:53.519 37456 DEBUG heat.engine.service [req-d7573550-6eb1-44fc-8deb-5976eb35854d - - - - -] Service 791b8056-69a8-4ad4-a7e1-b01b7a7821b0 is updated service_manage_report /usr/lib/python3/dist-packages/heat/engine/service.py:2370
2025-05-29 01:54:53.443 37455 DEBUG heat.engine.service [req-02455c38-3570-4434-8227-c7c7d7f75ed3 - - - - -] Service c0f5c9cf-8e04-4c8a-af39-a0ec7027fea4 is updated service_manage_report /usr/lib/python3/dist-packages/heat/engine/service.py:2370
2025-05-29 01:54:53.451 37449 DEBUG heat.engine.service [req-191f609f-2e78-43fd-b5de-2a88d9f261f1 - - - - -] Service 2146aeeb-2be7-439c-a5f1-be593a6fd83d is updated service_manage_report /usr/lib/python3/dist-packages/heat/engine/service.py:2370
2025-05-29 01:54:53.520 37443 DEBUG heat.engine.service [req-e31de39c-cdc8-4858-ad11-2626f9e7a860 - - - - -] Service 006f6e97-1433-415d-bf7c-6e41a07b8bdd is updated service_manage_report /usr/lib/python3/dist-packages/heat/engine/service.py:2370
2025-05-29 01:54:53.523 37456 DEBUG heat.engine.service [req-edbf61e1-1b7f-48b8-8f42-005faaf2ab6f - - - - -] Service 791b8056-69a8-4ad4-a7e1-b01b7a7821b0 is updated service_manage_report /usr/lib/python3/dist-packages/heat/engine/service.py:2370
2025-05-29 01:55:53.448 37455 DEBUG heat.engine.service [req-5171c306-8b29-4d85-a593-63506a482fc8 - - - - -] Service c0f5c9cf-8e04-4c8a-af39-a0ec7027fea4 is updated service_manage_report /usr/lib/python3/dist-packages/heat/engine/service.py:2370
2025-05-29 01:55:53.456 37449 DEBUG heat.engine.service [req-8738e2ec-7712-47b9-8c9a-241ce178acdf - - - - -] Service 2146aeeb-2be7-439c-a5f1-be593a6fd83d is updated service_manage_report /usr/lib/python3/dist-packages/heat/engine/service.py:2370
2025-05-29 01:55:53.523 37443 DEBUG heat.engine.service [req-fdd2f7da-c52d-4dcb-a479-b780d9640c45 - - - - -] Service 006f6e97-1433-415d-bf7c-6e41a07b8bdd is updated service_manage_report /usr/lib/python3/dist-packages/heat/engine/service.py:2370
2025-05-29 01:55:53.527 37456 DEBUG heat.engine.service [req-385011d4-26bc-4b45-876c-10168afb0064 - - - - -] Service 791b8056-69a8-4ad4-a7e1-b01b7a7821b0 is updated service_manage_report /usr/lib/python3/dist-packages/heat/engine/service.py:2370
2025-05-29 01:56:53.455 37455 DEBUG heat.engine.service [req-3dc5c6d4-f1c3-4e96-b905-719d7f12f25d - - - - -] Service c0f5c9cf-8e04-4c8a-af39-a0ec7027fea4 is updated service_manage_report /usr/lib/python3/dist-packages/heat/engine/service.py:2370
2025-05-29 01:56:53.480 37449 DEBUG heat.engine.service [req-54fe4979-61ce-4b4e-99b6-92cc296d03b4 - - - - -] Service 2146aeeb-2be7-439c-a5f1-be593a6fd83d is updated service_manage_report /usr/lib/python3/dist-packages/heat/engine/service.py:2370
2025-05-29 01:56:53.528 37443 DEBUG heat.engine.service [req-075a4dd5-0aa1-4dd4-9cd3-8a7a667202af - - - - -] Service 006f6e97-1433-415d-bf7c-6e41a07b8bdd is updated service_manage_report /usr/lib/python3/dist-packages/heat/engine/service.py:2370
2025-05-29 01:56:53.532 37456 DEBUG heat.engine.service [req-8c70e212-dd71-459f-b7ee-8b076bdb7182 - - - - -] Service 791b8056-69a8-4ad4-a7e1-b01b7a7821b0 is updated service_manage_report /usr/lib/python3/dist-packages/heat/engine/service.py:2370
2025-05-29 01:57:32.901 37449 DEBUG heat.engine.service [-] Attempting to stop engine service... _stop_rpc_server /usr/lib/python3/dist-packages/heat/engine/service.py:437
2025-05-29 01:57:32.901 37443 DEBUG heat.engine.service [-] Attempting to stop engine service... _stop_rpc_server /usr/lib/python3/dist-packages/heat/engine/service.py:437
2025-05-29 01:57:32.901 37455 DEBUG heat.engine.service [-] Attempting to stop engine service... _stop_rpc_server /usr/lib/python3/dist-packages/heat/engine/service.py:437
2025-05-29 01:57:32.902 37161 INFO oslo_service.service [-] Caught SIGTERM, stopping children
2025-05-29 01:57:32.902 37456 DEBUG heat.engine.service [-] Attempting to stop engine service... _stop_rpc_server /usr/lib/python3/dist-packages/heat/engine/service.py:437
2025-05-29 01:57:32.902 37161 DEBUG oslo_concurrency.lockutils [-] Acquired lock "singleton_lock" lock /usr/lib/python3/dist-packages/oslo_concurrency/lockutils.py:294
2025-05-29 01:57:32.902 37161 DEBUG oslo_concurrency.lockutils [-] Releasing lock "singleton_lock" lock /usr/lib/python3/dist-packages/oslo_concurrency/lockutils.py:312
2025-05-29 01:57:32.902 37161 DEBUG oslo_service.service [-] Stop services. stop /usr/lib/python3/dist-packages/oslo_service/service.py:695
2025-05-29 01:57:32.903 37161 INFO heat.engine.service [-] All threads were gone, terminating engine
2025-05-29 01:57:32.903 37161 DEBUG oslo_service.service [-] Killing children. stop /usr/lib/python3/dist-packages/oslo_service/service.py:700
2025-05-29 01:57:32.903 37161 INFO oslo_service.service [-] Waiting on 4 children to exit
2025-05-29 01:57:32.913 37161 INFO oslo_service.service [-] Child 37443 killed by signal 15
2025-05-29 01:57:32.913 37161 INFO oslo_service.service [-] Child 37449 killed by signal 15
2025-05-29 01:57:32.915 37161 INFO oslo_service.service [-] Child 37455 killed by signal 15
2025-05-29 01:57:32.920 37161 INFO oslo_service.service [-] Child 37456 killed by signal 15
2025-05-29 01:57:34.931 66416 DEBUG oslo_concurrency.lockutils [-] Lock "context-manager" acquired by "neutron_lib.db.api._create_context_manager" :: waited 0.000s inner /usr/lib/python3/dist-packages/oslo_concurrency/lockutils.py:386
2025-05-29 01:57:34.931 66416 DEBUG oslo_concurrency.lockutils [-] Lock "context-manager" "released" by "neutron_lib.db.api._create_context_manager" :: held 0.001s inner /usr/lib/python3/dist-packages/oslo_concurrency/lockutils.py:400
2025-05-29 01:57:35.190 66416 WARNING heat.engine.environment [-] OS::Aodh::Alarm is DEPRECATED. Theshold alarm relies on ceilometer-api and has been deprecated in aodh since Ocata. Use OS::Aodh::GnocchiAggregationByResourcesAlarm instead.
2025-05-29 01:57:35.191 66416 WARNING heat.engine.environment [-] OS::Aodh::CombinationAlarm is HIDDEN. OS::Aodh::CombinationAlarm is deprecated and has been removed from Aodh, use OS::Aodh::CompositeAlarm instead.
2025-05-29 01:57:35.191 66416 WARNING heat.engine.environment [-] OS::Designate::Domain is HIDDEN. This resource has been removed, use OS::Designate::Zone instead.
2025-05-29 01:57:35.191 66416 WARNING heat.engine.environment [-] OS::Designate::Record is HIDDEN. This resource has been removed, use OS::Designate::RecordSet instead.
2025-05-29 01:57:35.191 66416 WARNING heat.engine.environment [-] OS::Glance::Image is DEPRECATED. Creating a Glance Image based on an existing URL location requires the Glance v1 API, which is deprecated.
2025-05-29 01:57:35.191 66416 WARNING heat.engine.environment [-] OS::Heat::HARestarter is HIDDEN. The HARestarter resource type has been removed. Existing stacks containing HARestarter resources can still be used, but the HARestarter resource will be a placeholder that does nothing.
2025-05-29 01:57:35.192 66416 WARNING heat.engine.environment [-] OS::Heat::SoftwareDeployments is HIDDEN. Please use OS::Heat::SoftwareDeploymentGroup instead.
2025-05-29 01:57:35.192 66416 WARNING heat.engine.environment [-] OS::Heat::StructuredDeployments is HIDDEN. Please use OS::Heat::StructuredDeploymentGroup instead.
2025-05-29 01:57:35.192 66416 WARNING heat.engine.environment [-] OS::Magnum::Bay is HIDDEN. Please use OS::Magnum::Cluster instead.
2025-05-29 01:57:35.192 66416 WARNING heat.engine.environment [-] OS::Magnum::BayModel is HIDDEN. Please use OS::Magnum::ClusterTemplate instead.
2025-05-29 01:57:35.192 66416 WARNING heat.engine.environment [-] OS::Neutron::ExtraRoute is UNSUPPORTED. Use this resource at your own risk.
2025-05-29 01:57:35.193 66416 WARNING heat.engine.environment [-] OS::Neutron::HealthMonitor is HIDDEN. Use LBaaS V2 instead.
2025-05-29 01:57:35.193 66416 WARNING heat.engine.environment [-] OS::Neutron::Pool is HIDDEN. Use LBaaS V2 instead.
2025-05-29 01:57:35.193 66416 WARNING heat.engine.environment [-] OS::Neutron::PoolMember is HIDDEN. Use LBaaS V2 instead.
2025-05-29 01:57:35.193 66416 WARNING heat.engine.environment [-] OS::Neutron::LoadBalancer is HIDDEN. Use LBaaS V2 instead.
2025-05-29 01:57:35.193 66416 WARNING heat.engine.environment [-] OS::Neutron::RouterGateway is HIDDEN. Use the `external_gateway_info` property in the router resource to set up the gateway.
2025-05-29 01:57:35.194 66416 WARNING heat.engine.environment [-] OS::Nova::FloatingIP is HIDDEN. Please use OS::Neutron::FloatingIP instead.
2025-05-29 01:57:35.194 66416 WARNING heat.engine.environment [-] OS::Nova::FloatingIPAssociation is HIDDEN. Please use OS::Neutron::FloatingIPAssociation instead.
2025-05-29 01:57:35.195 66416 INFO heat.engine.environment [-] Loading /etc/heat/environment.d/default.yaml
2025-05-29 01:57:35.196 66416 INFO heat.engine.environment [-] Registered: [Plugin](User:False) AWS::AutoScaling::AutoScalingGroup ->
2025-05-29 01:57:35.196 66416 INFO heat.engine.environment [-] Registered: [Plugin](User:False) AWS::AutoScaling::LaunchConfiguration ->
2025-05-29 01:57:35.196 66416 INFO heat.engine.environment [-] Registered: [Plugin](User:False) AWS::AutoScaling::ScalingPolicy ->
2025-05-29 01:57:35.196 66416 INFO heat.engine.environment [-] Registered: [Plugin](User:False) AWS::CloudFormation::Stack ->
2025-05-29 01:57:35.196 66416 INFO heat.engine.environment [-] Registered: [Plugin](User:False) AWS::CloudFormation::WaitCondition ->
2025-05-29 01:57:35.196 66416 INFO heat.engine.environment [-] Registered: [Plugin](User:False) AWS::CloudFormation::WaitConditionHandle ->
2025-05-29 01:57:35.197 66416 INFO heat.engine.environment [-] Registered: [Plugin](User:False) AWS::EC2::EIP ->
2025-05-29 01:57:35.197 66416 INFO heat.engine.environment [-] Registered: [Plugin](User:False) AWS::EC2::EIPAssociation ->
2025-05-29 01:57:35.197 66416 INFO heat.engine.environment [-] Registered: [Plugin](User:False) AWS::EC2::Instance ->
2025-05-29 01:57:35.197 66416 INFO heat.engine.environment [-] Registered: [Plugin](User:False) AWS::EC2::InternetGateway ->
2025-05-29 01:57:35.197 66416 INFO heat.engine.environment [-] Registered: [Plugin](User:False) AWS::EC2::VPCGatewayAttachment ->
2025-05-29 01:57:35.197 66416 INFO heat.engine.environment [-] Registered: [Plugin](User:False) AWS::EC2::NetworkInterface ->
2025-05-29 01:57:35.197 66416 INFO heat.engine.environment [-] Registered: [Plugin](User:False) AWS::EC2::RouteTable ->
2025-05-29 01:57:35.197 66416 INFO heat.engine.environment [-] Registered: [Plugin](User:False) AWS::EC2::SubnetRouteTableAssociation ->
2025-05-29 01:57:35.197 66416 INFO heat.engine.environment [-] Registered: [Plugin](User:False) AWS::EC2::SecurityGroup ->
2025-05-29 01:57:35.197 66416 INFO heat.engine.environment [-] Registered: [Plugin](User:False) AWS::EC2::Subnet ->
2025-05-29 01:57:35.197 66416 INFO heat.engine.environment [-] Registered: [Plugin](User:False) AWS::EC2::Volume ->
2025-05-29 01:57:35.197 66416 INFO heat.engine.environment [-] Registered: [Plugin](User:False) AWS::EC2::VolumeAttachment ->
2025-05-29 01:57:35.198 66416 INFO heat.engine.environment [-] Registered: [Plugin](User:False) AWS::EC2::VPC ->
2025-05-29 01:57:35.198 66416 INFO heat.engine.environment [-] Registered: [Plugin](User:False) AWS::IAM::User ->
2025-05-29 01:57:35.198 66416 INFO heat.engine.environment [-] Registered: [Plugin](User:False) AWS::IAM::AccessKey ->
2025-05-29 01:57:35.198 66416 INFO heat.engine.environment [-] Registered: [Plugin](User:False) AWS::ElasticLoadBalancing::LoadBalancer ->
2025-05-29 01:57:35.198 66416 INFO heat.engine.environment [-] Registered: [Plugin](User:False) AWS::S3::Bucket ->
2025-05-29 01:57:35.198 66416 INFO heat.engine.environment [-] Registered: [Plugin](User:False) OS::Aodh::Alarm ->
2025-05-29 01:57:35.198 66416 INFO heat.engine.environment [-] Registered: [Plugin](User:False) OS::Aodh::CombinationAlarm ->
2025-05-29 01:57:35.198 66416 INFO heat.engine.environment [-] Registered: [Plugin](User:False) OS::Aodh::EventAlarm ->
2025-05-29 01:57:35.198 66416 INFO heat.engine.environment [-] Registered: [Plugin](User:False) OS::Aodh::LBMemberHealthAlarm ->
2025-05-29 01:57:35.198 66416 INFO heat.engine.environment [-] Registered: [Plugin](User:False) OS::Aodh::CompositeAlarm ->
2025-05-29 01:57:35.198 66416 INFO heat.engine.environment [-] Registered: [Plugin](User:False) OS::Aodh::GnocchiResourcesAlarm ->
2025-05-29 01:57:35.198 66416 INFO heat.engine.environment [-] Registered: [Plugin](User:False) OS::Aodh::GnocchiAggregationByMetricsAlarm ->
2025-05-29 01:57:35.199 66416 INFO heat.engine.environment [-] Registered: [Plugin](User:False) OS::Aodh::GnocchiAggregationByResourcesAlarm ->
2025-05-29 01:57:35.199 66416 INFO heat.engine.environment [-] Registered: [Plugin](User:False) OS::Barbican::GenericContainer ->
2025-05-29 01:57:35.199 66416 INFO heat.engine.environment [-] Registered: [Plugin](User:False) OS::Barbican::CertificateContainer ->
2025-05-29 01:57:35.199 66416 INFO heat.engine.environment [-] Registered: [Plugin](User:False) OS::Barbican::RSAContainer ->
2025-05-29 01:57:35.199 66416 INFO heat.engine.environment [-] Registered: [Plugin](User:False) OS::Barbican::Order ->
2025-05-29 01:57:35.199 66416 INFO heat.engine.environment [-] Registered: [Plugin](User:False) OS::Barbican::Secret ->
2025-05-29 01:57:35.199 66416 INFO heat.engine.environment [-] Registered: [Plugin](User:False) OS::Blazar::Host ->
2025-05-29 01:57:35.199 66416 INFO heat.engine.environment [-] Registered: [Plugin](User:False) OS::Blazar::Lease ->
2025-05-29 01:57:35.199 66416 INFO heat.engine.environment [-] Registered: [Plugin](User:False) OS::Cinder::EncryptedVolumeType ->
2025-05-29 01:57:35.199 66416 INFO heat.engine.environment [-] Registered: [Plugin](User:False) OS::Cinder::QoSSpecs ->
2025-05-29 01:57:35.199 66416 INFO heat.engine.environment [-] Registered: [Plugin](User:False) OS::Cinder::QoSAssociation ->
2025-05-29 01:57:35.200 66416 INFO heat.engine.environment [-] Registered: [Plugin](User:False) OS::Cinder::Quota ->
2025-05-29 01:57:35.200 66416 INFO heat.engine.environment [-] Registered: [Plugin](User:False) OS::Cinder::Volume ->
2025-05-29 01:57:35.200 66416 INFO heat.engine.environment [-] Registered: [Plugin](User:False) OS::Cinder::VolumeAttachment ->
2025-05-29 01:57:35.200 66416 INFO heat.engine.environment [-] Registered: [Plugin](User:False) OS::Cinder::VolumeType ->
2025-05-29 01:57:35.200 66416 INFO heat.engine.environment [-] Registered: [Plugin](User:False) OS::Designate::Domain ->
2025-05-29 01:57:35.200 66416 INFO heat.engine.environment [-] Registered: [Plugin](User:False) OS::Designate::Record ->
2025-05-29 01:57:35.200 66416 INFO heat.engine.environment [-] Registered: [Plugin](User:False) OS::Designate::RecordSet ->
2025-05-29 01:57:35.200 66416 INFO heat.engine.environment [-] Registered: [Plugin](User:False) OS::Designate::Zone ->
2025-05-29 01:57:35.200 66416 INFO heat.engine.environment [-] Registered: [Plugin](User:False) OS::Glance::Image ->
2025-05-29 01:57:35.201 66416 INFO heat.engine.environment [-] Registered: [Plugin](User:False) OS::Glance::WebImage ->
2025-05-29 01:57:35.201 66416 INFO heat.engine.environment [-] Registered: [Plugin](User:False) OS::Heat::AccessPolicy ->
2025-05-29 01:57:35.201 66416 INFO heat.engine.environment [-] Registered: [Plugin](User:False) OS::Heat::AutoScalingGroup ->
2025-05-29 01:57:35.201 66416 INFO heat.engine.environment [-] Registered: [Plugin](User:False) OS::Heat::CloudConfig ->
2025-05-29 01:57:35.201 66416 INFO heat.engine.environment [-] Registered: [Plugin](User:False) OS::Heat::Delay ->
2025-05-29 01:57:35.201 66416 INFO heat.engine.environment [-] Registered: [Plugin](User:False) OS::Heat::DeployedServer ->
2025-05-29 01:57:35.201 66416 INFO heat.engine.environment [-] Registered: [Plugin](User:False) OS::Heat::HARestarter ->
2025-05-29 01:57:35.201 66416 INFO heat.engine.environment [-] Registered: [Plugin](User:False) OS::Heat::InstanceGroup ->
2025-05-29 01:57:35.201 66416 INFO heat.engine.environment [-] Registered: [Plugin](User:False) OS::Heat::MultipartMime ->
2025-05-29 01:57:35.201 66416 INFO heat.engine.environment [-] Registered: [Plugin](User:False) OS::Heat::None ->
2025-05-29 01:57:35.201 66416 INFO heat.engine.environment [-] Registered: [Plugin](User:False) OS::Heat::RandomString ->
2025-05-29 01:57:35.201 66416 INFO heat.engine.environment [-] Registered: [Plugin](User:False) OS::Heat::Stack ->
2025-05-29 01:57:35.202 66416 INFO heat.engine.environment [-] Registered: [Plugin](User:False) OS::Heat::ResourceChain ->
2025-05-29 01:57:35.202 66416 INFO heat.engine.environment [-] Registered: [Plugin](User:False) OS::Heat::ResourceGroup ->
2025-05-29 01:57:35.202 66416 INFO heat.engine.environment [-] Registered: [Plugin](User:False) OS::Heat::ScalingPolicy ->
2025-05-29 01:57:35.202 66416 INFO heat.engine.environment [-] Registered: [Plugin](User:False) OS::Heat::SoftwareComponent ->
2025-05-29 01:57:35.202 66416 INFO heat.engine.environment [-] Registered: [Plugin](User:False) OS::Heat::SoftwareConfig ->
2025-05-29 01:57:35.202 66416 INFO heat.engine.environment [-] Registered: [Plugin](User:False) OS::Heat::SoftwareDeployment ->
2025-05-29 01:57:35.202 66416 INFO heat.engine.environment [-] Registered: [Plugin](User:False) OS::Heat::SoftwareDeploymentGroup ->
2025-05-29 01:57:35.202 66416 INFO heat.engine.environment [-] Registered: [Plugin](User:False) OS::Heat::SoftwareDeployments ->
2025-05-29 01:57:35.202 66416 INFO heat.engine.environment [-] Registered: [Plugin](User:False) OS::Heat::StructuredConfig ->
2025-05-29 01:57:35.202 66416 INFO heat.engine.environment [-] Registered: [Plugin](User:False) OS::Heat::StructuredDeployment ->
2025-05-29 01:57:35.202 66416 INFO heat.engine.environment [-] Registered: [Plugin](User:False) OS::Heat::StructuredDeploymentGroup ->
2025-05-29 01:57:35.202 66416 INFO heat.engine.environment [-] Registered: [Plugin](User:False) OS::Heat::StructuredDeployments ->
2025-05-29 01:57:35.203 66416 INFO heat.engine.environment [-] Registered: [Plugin](User:False) OS::Heat::SwiftSignal ->
2025-05-29 01:57:35.203 66416 INFO heat.engine.environment [-] Registered: [Plugin](User:False) OS::Heat::SwiftSignalHandle ->
2025-05-29 01:57:35.203 66416 INFO heat.engine.environment [-] Registered: [Plugin](User:False) OS::Heat::TestResource ->
2025-05-29 01:57:35.203 66416 INFO heat.engine.environment [-] Registered: [Plugin](User:False) OS::Heat::Value ->
2025-05-29 01:57:35.203 66416 INFO heat.engine.environment [-] Registered: [Plugin](User:False) OS::Heat::WaitCondition ->
2025-05-29 01:57:35.203 66416 INFO heat.engine.environment [-] Registered: [Plugin](User:False) OS::Heat::WaitConditionHandle ->
2025-05-29 01:57:35.203 66416 INFO heat.engine.environment [-] Registered: [Plugin](User:False) OS::Heat::UpdateWaitConditionHandle ->
2025-05-29 01:57:35.203 66416 INFO heat.engine.environment [-] Registered: [Plugin](User:False) OS::Ironic::Port ->
2025-05-29 01:57:35.203 66416 INFO heat.engine.environment [-] Registered: [Plugin](User:False) OS::Keystone::Domain ->
2025-05-29 01:57:35.203 66416 INFO heat.engine.environment [-] Registered: [Plugin](User:False) OS::Keystone::Endpoint ->
2025-05-29 01:57:35.203 66416 INFO heat.engine.environment [-] Registered: [Plugin](User:False) OS::Keystone::Group ->
2025-05-29 01:57:35.203 66416 INFO heat.engine.environment [-] Registered: [Plugin](User:False) OS::Keystone::Project ->
2025-05-29 01:57:35.204 66416 INFO heat.engine.environment [-] Registered: [Plugin](User:False) OS::Keystone::Region ->
2025-05-29 01:57:35.204 66416 INFO heat.engine.environment [-] Registered: [Plugin](User:False) OS::Keystone::Role ->
2025-05-29 01:57:35.204 66416 INFO heat.engine.environment [-] Registered: [Plugin](User:False) OS::Keystone::UserRoleAssignment ->
2025-05-29 01:57:35.204 66416 INFO heat.engine.environment [-] Registered: [Plugin](User:False) OS::Keystone::GroupRoleAssignment ->
2025-05-29 01:57:35.204 66416 INFO heat.engine.environment [-] Registered: [Plugin](User:False) OS::Keystone::Service ->
2025-05-29 01:57:35.204 66416 INFO heat.engine.environment [-] Registered: [Plugin](User:False) OS::Keystone::User ->
