2025-05-29 02:05:31.177 74033 DEBUG oslo_service.service [-] database.use_db_reconnect = False log_opt_values /usr/lib/python3/dist-packages/oslo_config/cfg.py:2609
2025-05-29 02:05:31.177 74033 DEBUG oslo_service.service [-] oslo_messaging_metrics.metrics_buffer_size = 1000 log_opt_values /usr/lib/python3/dist-packages/oslo_config/cfg.py:2609
2025-05-29 02:05:31.177 74033 DEBUG oslo_service.service [-] oslo_messaging_metrics.metrics_enabled = False log_opt_values /usr/lib/python3/dist-packages/oslo_config/cfg.py:2609
2025-05-29 02:05:31.177 74033 DEBUG oslo_service.service [-] oslo_messaging_metrics.metrics_process_name = log_opt_values /usr/lib/python3/dist-packages/oslo_config/cfg.py:2609
2025-05-29 02:05:31.177 74033 DEBUG oslo_service.service [-] oslo_messaging_metrics.metrics_socket_file = /var/tmp/metrics_collector.sock log_opt_values /usr/lib/python3/dist-packages/oslo_config/cfg.py:2609
2025-05-29 02:05:31.178 74033 DEBUG oslo_service.service [-] oslo_messaging_metrics.metrics_thread_stop_timeout = 10 log_opt_values /usr/lib/python3/dist-packages/oslo_config/cfg.py:2609
2025-05-29 02:05:31.178 74033 DEBUG oslo_service.service [-] oslo_policy.enforce_new_defaults = False log_opt_values /usr/lib/python3/dist-packages/oslo_config/cfg.py:2609
2025-05-29 02:05:31.178 74033 DEBUG oslo_service.service [-] oslo_policy.enforce_scope = False log_opt_values /usr/lib/python3/dist-packages/oslo_config/cfg.py:2609
2025-05-29 02:05:31.178 74033 DEBUG oslo_service.service [-] oslo_policy.policy_default_rule = default log_opt_values /usr/lib/python3/dist-packages/oslo_config/cfg.py:2609
2025-05-29 02:05:31.178 74033 DEBUG oslo_service.service [-] oslo_policy.policy_dirs = ['policy.d'] log_opt_values /usr/lib/python3/dist-packages/oslo_config/cfg.py:2609
2025-05-29 02:05:31.179 74033 DEBUG oslo_service.service [-] oslo_policy.policy_file = policy.yaml log_opt_values /usr/lib/python3/dist-packages/oslo_config/cfg.py:2609
2025-05-29 02:05:31.179 74033 DEBUG oslo_service.service [-] oslo_policy.remote_content_type = application/x-www-form-urlencoded log_opt_values /usr/lib/python3/dist-packages/oslo_config/cfg.py:2609
2025-05-29 02:05:31.179 74033 DEBUG oslo_service.service [-] oslo_policy.remote_ssl_ca_crt_file = None log_opt_values /usr/lib/python3/dist-packages/oslo_config/cfg.py:2609
2025-05-29 02:05:31.179 74033 DEBUG oslo_service.service [-] oslo_policy.remote_ssl_client_crt_file = None log_opt_values /usr/lib/python3/dist-packages/oslo_config/cfg.py:2609
2025-05-29 02:05:31.179 74033 DEBUG oslo_service.service [-] oslo_policy.remote_ssl_client_key_file = None log_opt_values /usr/lib/python3/dist-packages/oslo_config/cfg.py:2609
2025-05-29 02:05:31.181 74033 DEBUG oslo_service.service [-] oslo_policy.remote_ssl_verify_server_crt = False log_opt_values /usr/lib/python3/dist-packages/oslo_config/cfg.py:2609
2025-05-29 02:05:31.181 74033 DEBUG oslo_service.service [-] trustee.auth_section = None log_opt_values /usr/lib/python3/dist-packages/oslo_config/cfg.py:2609
2025-05-29 02:05:31.182 74033 WARNING oslo_config.cfg [-] Deprecated: Option "auth_plugin" from group "trustee" is deprecated. Use option "auth_type" from group "trustee".
2025-05-29 02:05:31.183 74033 DEBUG oslo_service.service [-] trustee.auth_type = password log_opt_values /usr/lib/python3/dist-packages/oslo_config/cfg.py:2609
2025-05-29 02:05:31.183 74033 DEBUG oslo_service.service [-] oslo_versionedobjects.fatal_exception_format_errors = False log_opt_values /usr/lib/python3/dist-packages/oslo_config/cfg.py:2609
2025-05-29 02:05:31.183 74033 DEBUG oslo_service.service [-] oslo_messaging_rabbit.amqp_auto_delete = False log_opt_values /usr/lib/python3/dist-packages/oslo_config/cfg.py:2609
2025-05-29 02:05:31.184 74033 DEBUG oslo_service.service [-] oslo_messaging_rabbit.amqp_durable_queues = False log_opt_values /usr/lib/python3/dist-packages/oslo_config/cfg.py:2609
2025-05-29 02:05:31.184 74033 DEBUG oslo_service.service [-] oslo_messaging_rabbit.conn_pool_min_size = 2 log_opt_values /usr/lib/python3/dist-packages/oslo_config/cfg.py:2609
2025-05-29 02:05:31.187 74033 DEBUG oslo_service.service [-] oslo_messaging_rabbit.conn_pool_ttl = 1200 log_opt_values /usr/lib/python3/dist-packages/oslo_config/cfg.py:2609
2025-05-29 02:05:31.188 74033 DEBUG oslo_service.service [-] oslo_messaging_rabbit.direct_mandatory_flag = True log_opt_values /usr/lib/python3/dist-packages/oslo_config/cfg.py:2609
2025-05-29 02:05:31.188 74033 DEBUG oslo_service.service [-] oslo_messaging_rabbit.enable_cancel_on_failover = False log_opt_values /usr/lib/python3/dist-packages/oslo_config/cfg.py:2609
2025-05-29 02:05:31.188 74033 DEBUG oslo_service.service [-] oslo_messaging_rabbit.heartbeat_in_pthread = False log_opt_values /usr/lib/python3/dist-packages/oslo_config/cfg.py:2609
2025-05-29 02:05:31.188 74033 DEBUG oslo_service.service [-] oslo_messaging_rabbit.heartbeat_rate = 2 log_opt_values /usr/lib/python3/dist-packages/oslo_config/cfg.py:2609
2025-05-29 02:05:31.188 74033 DEBUG oslo_service.service [-] oslo_messaging_rabbit.heartbeat_timeout_threshold = 60 log_opt_values /usr/lib/python3/dist-packages/oslo_config/cfg.py:2609
2025-05-29 02:05:31.189 74033 DEBUG oslo_service.service [-] oslo_messaging_rabbit.kombu_compression = None log_opt_values /usr/lib/python3/dist-packages/oslo_config/cfg.py:2609
2025-05-29 02:05:31.189 74033 DEBUG oslo_service.service [-] oslo_messaging_rabbit.kombu_failover_strategy = round-robin log_opt_values /usr/lib/python3/dist-packages/oslo_config/cfg.py:2609
2025-05-29 02:05:31.189 74033 DEBUG oslo_service.service [-] oslo_messaging_rabbit.kombu_missing_consumer_retry_timeout = 60 log_opt_values /usr/lib/python3/dist-packages/oslo_config/cfg.py:2609
2025-05-29 02:05:31.189 74033 DEBUG oslo_service.service [-] oslo_messaging_rabbit.kombu_reconnect_delay = 1.0 log_opt_values /usr/lib/python3/dist-packages/oslo_config/cfg.py:2609
2025-05-29 02:05:31.189 74033 DEBUG oslo_service.service [-] oslo_messaging_rabbit.rabbit_ha_queues = False log_opt_values /usr/lib/python3/dist-packages/oslo_config/cfg.py:2609
2025-05-29 02:05:31.190 74033 DEBUG oslo_service.service [-] oslo_messaging_rabbit.rabbit_interval_max = 30 log_opt_values /usr/lib/python3/dist-packages/oslo_config/cfg.py:2609
2025-05-29 02:05:31.191 74033 DEBUG oslo_service.service [-] oslo_messaging_rabbit.rabbit_login_method = AMQPLAIN log_opt_values /usr/lib/python3/dist-packages/oslo_config/cfg.py:2609
2025-05-29 02:05:31.191 74033 DEBUG oslo_service.service [-] oslo_messaging_rabbit.rabbit_qos_prefetch_count = 0 log_opt_values /usr/lib/python3/dist-packages/oslo_config/cfg.py:2609
2025-05-29 02:05:31.191 74033 DEBUG oslo_service.service [-] oslo_messaging_rabbit.rabbit_quorum_queue = False log_opt_values /usr/lib/python3/dist-packages/oslo_config/cfg.py:2609
2025-05-29 02:05:31.191 74033 DEBUG oslo_service.service [-] oslo_messaging_rabbit.rabbit_retry_backoff = 2 log_opt_values /usr/lib/python3/dist-packages/oslo_config/cfg.py:2609
2025-05-29 02:05:31.191 74033 DEBUG oslo_service.service [-] oslo_messaging_rabbit.rabbit_retry_interval = 1 log_opt_values /usr/lib/python3/dist-packages/oslo_config/cfg.py:2609
2025-05-29 02:05:31.192 74033 DEBUG oslo_service.service [-] oslo_messaging_rabbit.rabbit_transient_queues_ttl = 1800 log_opt_values /usr/lib/python3/dist-packages/oslo_config/cfg.py:2609
2025-05-29 02:05:31.192 74033 DEBUG oslo_service.service [-] oslo_messaging_rabbit.rpc_conn_pool_size = 30 log_opt_values /usr/lib/python3/dist-packages/oslo_config/cfg.py:2609
2025-05-29 02:05:31.192 74033 DEBUG oslo_service.service [-] oslo_messaging_rabbit.ssl = False log_opt_values /usr/lib/python3/dist-packages/oslo_config/cfg.py:2609
2025-05-29 02:05:31.192 74033 DEBUG oslo_service.service [-] oslo_messaging_rabbit.ssl_ca_file = log_opt_values /usr/lib/python3/dist-packages/oslo_config/cfg.py:2609
2025-05-29 02:05:31.192 74033 DEBUG oslo_service.service [-] oslo_messaging_rabbit.ssl_cert_file = log_opt_values /usr/lib/python3/dist-packages/oslo_config/cfg.py:2609
2025-05-29 02:05:31.192 74033 DEBUG oslo_service.service [-] oslo_messaging_rabbit.ssl_key_file = log_opt_values /usr/lib/python3/dist-packages/oslo_config/cfg.py:2609
2025-05-29 02:05:31.193 74033 DEBUG oslo_service.service [-] oslo_messaging_rabbit.ssl_version = log_opt_values /usr/lib/python3/dist-packages/oslo_config/cfg.py:2609
2025-05-29 02:05:31.193 74033 DEBUG oslo_service.service [-] oslo_messaging_notifications.driver = [] log_opt_values /usr/lib/python3/dist-packages/oslo_config/cfg.py:2609
2025-05-29 02:05:31.193 74033 DEBUG oslo_service.service [-] oslo_messaging_notifications.retry = -1 log_opt_values /usr/lib/python3/dist-packages/oslo_config/cfg.py:2609
2025-05-29 02:05:31.193 74033 DEBUG oslo_service.service [-] oslo_messaging_notifications.topics = ['notifications'] log_opt_values /usr/lib/python3/dist-packages/oslo_config/cfg.py:2609
2025-05-29 02:05:31.193 74033 DEBUG oslo_service.service [-] oslo_messaging_notifications.transport_url = **** log_opt_values /usr/lib/python3/dist-packages/oslo_config/cfg.py:2609
2025-05-29 02:05:31.194 74033 DEBUG oslo_service.service [-] cache.backend = dogpile.cache.null log_opt_values /usr/lib/python3/dist-packages/oslo_config/cfg.py:2609
2025-05-29 02:05:31.194 74033 DEBUG oslo_service.service [-] cache.backend_argument = **** log_opt_values /usr/lib/python3/dist-packages/oslo_config/cfg.py:2609
2025-05-29 02:05:31.194 74033 DEBUG oslo_service.service [-] cache.config_prefix = cache.oslo log_opt_values /usr/lib/python3/dist-packages/oslo_config/cfg.py:2609
2025-05-29 02:05:31.194 74033 DEBUG oslo_service.service [-] cache.debug_cache_backend = False log_opt_values /usr/lib/python3/dist-packages/oslo_config/cfg.py:2609
2025-05-29 02:05:31.195 74033 DEBUG oslo_service.service [-] cache.enabled = False log_opt_values /usr/lib/python3/dist-packages/oslo_config/cfg.py:2609
2025-05-29 02:05:31.195 74033 DEBUG oslo_service.service [-] cache.expiration_time = 600 log_opt_values /usr/lib/python3/dist-packages/oslo_config/cfg.py:2609
2025-05-29 02:05:31.195 74033 DEBUG oslo_service.service [-] cache.memcache_dead_retry = 300 log_opt_values /usr/lib/python3/dist-packages/oslo_config/cfg.py:2609
2025-05-29 02:05:31.195 74033 DEBUG oslo_service.service [-] cache.memcache_pool_connection_get_timeout = 10 log_opt_values /usr/lib/python3/dist-packages/oslo_config/cfg.py:2609
2025-05-29 02:05:31.195 74033 DEBUG oslo_service.service [-] cache.memcache_pool_flush_on_reconnect = False log_opt_values /usr/lib/python3/dist-packages/oslo_config/cfg.py:2609
2025-05-29 02:05:31.196 74033 DEBUG oslo_service.service [-] cache.memcache_pool_maxsize = 10 log_opt_values /usr/lib/python3/dist-packages/oslo_config/cfg.py:2609
2025-05-29 02:05:31.196 74033 DEBUG oslo_service.service [-] cache.memcache_pool_unused_timeout = 60 log_opt_values /usr/lib/python3/dist-packages/oslo_config/cfg.py:2609
2025-05-29 02:05:31.196 74033 DEBUG oslo_service.service [-] cache.memcache_servers = ['localhost:11211'] log_opt_values /usr/lib/python3/dist-packages/oslo_config/cfg.py:2609
2025-05-29 02:05:31.196 74033 DEBUG oslo_service.service [-] cache.memcache_socket_timeout = 1.0 log_opt_values /usr/lib/python3/dist-packages/oslo_config/cfg.py:2609
2025-05-29 02:05:31.196 74033 DEBUG oslo_service.service [-] cache.proxies = [] log_opt_values /usr/lib/python3/dist-packages/oslo_config/cfg.py:2609
2025-05-29 02:05:31.196 74033 DEBUG oslo_service.service [-] cache.tls_allowed_ciphers = None log_opt_values /usr/lib/python3/dist-packages/oslo_config/cfg.py:2609
2025-05-29 02:05:31.197 74033 DEBUG oslo_service.service [-] cache.tls_cafile = None log_opt_values /usr/lib/python3/dist-packages/oslo_config/cfg.py:2609
2025-05-29 02:05:31.197 74033 DEBUG oslo_service.service [-] cache.tls_certfile = None log_opt_values /usr/lib/python3/dist-packages/oslo_config/cfg.py:2609
2025-05-29 02:05:31.197 74033 DEBUG oslo_service.service [-] cache.tls_enabled = False log_opt_values /usr/lib/python3/dist-packages/oslo_config/cfg.py:2609
2025-05-29 02:05:31.197 74033 DEBUG oslo_service.service [-] cache.tls_keyfile = None log_opt_values /usr/lib/python3/dist-packages/oslo_config/cfg.py:2609
2025-05-29 02:05:31.197 74033 DEBUG oslo_service.service [-] constraint_validation_cache.caching = True log_opt_values /usr/lib/python3/dist-packages/oslo_config/cfg.py:2609
2025-05-29 02:05:31.198 74033 DEBUG oslo_service.service [-] constraint_validation_cache.expiration_time = 60 log_opt_values /usr/lib/python3/dist-packages/oslo_config/cfg.py:2609
2025-05-29 02:05:31.198 74033 DEBUG oslo_service.service [-] service_extension_cache.caching = True log_opt_values /usr/lib/python3/dist-packages/oslo_config/cfg.py:2609
2025-05-29 02:05:31.198 74033 DEBUG oslo_service.service [-] service_extension_cache.expiration_time = 3600 log_opt_values /usr/lib/python3/dist-packages/oslo_config/cfg.py:2609
2025-05-29 02:05:31.198 74033 DEBUG oslo_service.service [-] resource_finder_cache.caching = True log_opt_values /usr/lib/python3/dist-packages/oslo_config/cfg.py:2609
2025-05-29 02:05:31.198 74033 DEBUG oslo_service.service [-] resource_finder_cache.expiration_time = 3600 log_opt_values /usr/lib/python3/dist-packages/oslo_config/cfg.py:2609
2025-05-29 02:05:31.199 74033 DEBUG oslo_service.service [-] yaql.limit_iterators = 200 log_opt_values /usr/lib/python3/dist-packages/oslo_config/cfg.py:2609
2025-05-29 02:05:31.199 74033 DEBUG oslo_service.service [-] yaql.memory_quota = 10000 log_opt_values /usr/lib/python3/dist-packages/oslo_config/cfg.py:2609
2025-05-29 02:05:31.199 74033 DEBUG oslo_service.service [-] ******************************************************************************** log_opt_values /usr/lib/python3/dist-packages/oslo_config/cfg.py:2613
2025-05-29 02:05:31.214 74370 DEBUG oslo_db.sqlalchemy.engines [req-ded65a3b-5b1b-4093-9985-195c98138a78 - - - - -] MySQL server mode set to STRICT_TRANS_TABLES,STRICT_ALL_TABLES,NO_ZERO_IN_DATE,NO_ZERO_DATE,ERROR_FOR_DIVISION_BY_ZERO,TRADITIONAL,NO_ENGINE_SUBSTITUTION _check_effective_sql_mode /usr/lib/python3/dist-packages/oslo_db/sqlalchemy/engines.py:314
2025-05-29 02:05:31.215 74371 DEBUG oslo_db.sqlalchemy.engines [req-c3babae7-2952-42ec-820b-a7a00d913af5 - - - - -] MySQL server mode set to STRICT_TRANS_TABLES,STRICT_ALL_TABLES,NO_ZERO_IN_DATE,NO_ZERO_DATE,ERROR_FOR_DIVISION_BY_ZERO,TRADITIONAL,NO_ENGINE_SUBSTITUTION _check_effective_sql_mode /usr/lib/python3/dist-packages/oslo_db/sqlalchemy/engines.py:314
2025-05-29 02:05:31.231 74373 DEBUG oslo_db.sqlalchemy.engines [req-dbb94181-02b0-42e4-b661-5d9cd2be3d88 - - - - -] MySQL server mode set to STRICT_TRANS_TABLES,STRICT_ALL_TABLES,NO_ZERO_IN_DATE,NO_ZERO_DATE,ERROR_FOR_DIVISION_BY_ZERO,TRADITIONAL,NO_ENGINE_SUBSTITUTION _check_effective_sql_mode /usr/lib/python3/dist-packages/oslo_db/sqlalchemy/engines.py:314
2025-05-29 02:05:31.246 74372 DEBUG oslo_db.sqlalchemy.engines [req-05443d18-83fe-4bc2-9773-cc8fc9dd7945 - - - - -] MySQL server mode set to STRICT_TRANS_TABLES,STRICT_ALL_TABLES,NO_ZERO_IN_DATE,NO_ZERO_DATE,ERROR_FOR_DIVISION_BY_ZERO,TRADITIONAL,NO_ENGINE_SUBSTITUTION _check_effective_sql_mode /usr/lib/python3/dist-packages/oslo_db/sqlalchemy/engines.py:314
2025-05-29 02:05:31.290 74371 DEBUG heat.engine.service [req-555753e7-2fd8-4ab7-8d44-280fbffa89f0 - - - - -] Service 71e22adc-ab93-41bd-bd09-01549fbb9c74 is started service_manage_report /usr/lib/python3/dist-packages/heat/engine/service.py:2363
2025-05-29 02:05:31.291 74370 DEBUG heat.engine.service [req-f7e0f29b-f968-43b0-94da-b7d98eb6aa75 - - - - -] Service a67466bb-1cb8-437e-a600-6afa40e9e337 is started service_manage_report /usr/lib/python3/dist-packages/heat/engine/service.py:2363
2025-05-29 02:05:31.306 74371 DEBUG heat.engine.service [req-555753e7-2fd8-4ab7-8d44-280fbffa89f0 - - - - -] Service 71e22adc-ab93-41bd-bd09-01549fbb9c74 is updated service_manage_report /usr/lib/python3/dist-packages/heat/engine/service.py:2370
2025-05-29 02:05:31.309 74370 DEBUG heat.engine.service [req-f7e0f29b-f968-43b0-94da-b7d98eb6aa75 - - - - -] Service a67466bb-1cb8-437e-a600-6afa40e9e337 is updated service_manage_report /usr/lib/python3/dist-packages/heat/engine/service.py:2370
2025-05-29 02:05:31.327 74372 DEBUG heat.engine.service [req-b7e99325-dcda-47fd-9e93-6674702264df - - - - -] Service da462d43-40cb-4b1e-979c-5b406166843b is started service_manage_report /usr/lib/python3/dist-packages/heat/engine/service.py:2363
2025-05-29 02:05:31.331 74373 DEBUG heat.engine.service [req-18155aa4-213a-4395-bf46-380adcd52caf - - - - -] Service d4fa82cb-e23a-4517-ba06-96f08c7fe4be is started service_manage_report /usr/lib/python3/dist-packages/heat/engine/service.py:2363
2025-05-29 02:05:31.344 74372 DEBUG heat.engine.service [req-b7e99325-dcda-47fd-9e93-6674702264df - - - - -] Service da462d43-40cb-4b1e-979c-5b406166843b is updated service_manage_report /usr/lib/python3/dist-packages/heat/engine/service.py:2370
2025-05-29 02:05:31.351 74373 DEBUG heat.engine.service [req-18155aa4-213a-4395-bf46-380adcd52caf - - - - -] Service d4fa82cb-e23a-4517-ba06-96f08c7fe4be is updated service_manage_report /usr/lib/python3/dist-packages/heat/engine/service.py:2370
2025-05-29 02:06:31.281 74371 DEBUG heat.engine.service [req-49e8dcbe-ba9a-47e3-bba7-ad11ceca716c - - - - -] Service 71e22adc-ab93-41bd-bd09-01549fbb9c74 is updated service_manage_report /usr/lib/python3/dist-packages/heat/engine/service.py:2370
2025-05-29 02:06:31.287 74370 DEBUG heat.engine.service [req-673a7019-5b0c-46c9-acd2-3ff227754ffd - - - - -] Service a67466bb-1cb8-437e-a600-6afa40e9e337 is updated service_manage_report /usr/lib/python3/dist-packages/heat/engine/service.py:2370
2025-05-29 02:06:31.320 74372 DEBUG heat.engine.service [req-a5ba0e00-349a-4d04-8239-bb76b920fba0 - - - - -] Service da462d43-40cb-4b1e-979c-5b406166843b is updated service_manage_report /usr/lib/python3/dist-packages/heat/engine/service.py:2370
2025-05-29 02:06:31.327 74373 DEBUG heat.engine.service [req-6ad266e0-66e9-4582-8d5e-c03f58b547f4 - - - - -] Service d4fa82cb-e23a-4517-ba06-96f08c7fe4be is updated service_manage_report /usr/lib/python3/dist-packages/heat/engine/service.py:2370
2025-05-29 02:07:31.287 74370 DEBUG heat.engine.service [req-1ef07ecc-14bb-47fd-9840-59ac45051dde - - - - -] Service a67466bb-1cb8-437e-a600-6afa40e9e337 is updated service_manage_report /usr/lib/python3/dist-packages/heat/engine/service.py:2370
2025-05-29 02:07:31.300 74371 DEBUG heat.engine.service [req-510a5634-0f38-44ec-8dd9-72d21944a3dd - - - - -] Service 71e22adc-ab93-41bd-bd09-01549fbb9c74 is updated service_manage_report /usr/lib/python3/dist-packages/heat/engine/service.py:2370
2025-05-29 02:07:31.322 74372 DEBUG heat.engine.service [req-ea332492-40aa-4421-b343-59a96e3718b2 - - - - -] Service da462d43-40cb-4b1e-979c-5b406166843b is updated service_manage_report /usr/lib/python3/dist-packages/heat/engine/service.py:2370
2025-05-29 02:07:31.328 74373 DEBUG heat.engine.service [req-d072b3b2-9fb6-40a3-acdb-8789f7be61aa - - - - -] Service d4fa82cb-e23a-4517-ba06-96f08c7fe4be is updated service_manage_report /usr/lib/python3/dist-packages/heat/engine/service.py:2370
2025-05-29 02:08:31.289 74370 DEBUG heat.engine.service [req-3cf14528-e0f0-4e94-8842-c97b5c94006e - - - - -] Service a67466bb-1cb8-437e-a600-6afa40e9e337 is updated service_manage_report /usr/lib/python3/dist-packages/heat/engine/service.py:2370
2025-05-29 02:08:31.291 74371 DEBUG heat.engine.service [req-310690b3-a634-4810-a732-e9b7ad486bfb - - - - -] Service 71e22adc-ab93-41bd-bd09-01549fbb9c74 is updated service_manage_report /usr/lib/python3/dist-packages/heat/engine/service.py:2370
2025-05-29 02:08:31.323 74372 DEBUG heat.engine.service [req-397c1f3c-ed33-477f-a7c9-9825ac08e7bd - - - - -] Service da462d43-40cb-4b1e-979c-5b406166843b is updated service_manage_report /usr/lib/python3/dist-packages/heat/engine/service.py:2370
2025-05-29 02:08:31.326 74373 DEBUG heat.engine.service [req-cef232dc-4ef6-4229-bf69-d8c0a7b6eaae - - - - -] Service d4fa82cb-e23a-4517-ba06-96f08c7fe4be is updated service_manage_report /usr/lib/python3/dist-packages/heat/engine/service.py:2370
2025-05-29 02:09:31.286 74370 DEBUG heat.engine.service [req-574ad79c-e333-4c88-8871-4c869ed5a699 - - - - -] Service a67466bb-1cb8-437e-a600-6afa40e9e337 is updated service_manage_report /usr/lib/python3/dist-packages/heat/engine/service.py:2370
2025-05-29 02:09:31.288 74371 DEBUG heat.engine.service [req-5f722c07-1451-47a6-a8ae-76dd32341f78 - - - - -] Service 71e22adc-ab93-41bd-bd09-01549fbb9c74 is updated service_manage_report /usr/lib/python3/dist-packages/heat/engine/service.py:2370
2025-05-29 02:09:31.317 74372 DEBUG heat.engine.service [req-9e67d7f2-0193-45f0-b639-cdfe49778c17 - - - - -] Service da462d43-40cb-4b1e-979c-5b406166843b is updated service_manage_report /usr/lib/python3/dist-packages/heat/engine/service.py:2370
2025-05-29 02:09:31.321 74373 DEBUG heat.engine.service [req-eaed59f5-105f-42c8-bbc5-7f2d1cc54b79 - - - - -] Service d4fa82cb-e23a-4517-ba06-96f08c7fe4be is updated service_manage_report /usr/lib/python3/dist-packages/heat/engine/service.py:2370
2025-05-29 02:10:31.282 74370 DEBUG heat.engine.service [req-fe67ddd6-66db-427f-b1df-499e9c16e828 - - - - -] Service a67466bb-1cb8-437e-a600-6afa40e9e337 is updated service_manage_report /usr/lib/python3/dist-packages/heat/engine/service.py:2370
2025-05-29 02:10:31.285 74371 DEBUG heat.engine.service [req-d791c876-a6c7-48c3-88a2-c266acd9ae6a - - - - -] Service 71e22adc-ab93-41bd-bd09-01549fbb9c74 is updated service_manage_report /usr/lib/python3/dist-packages/heat/engine/service.py:2370
2025-05-29 02:10:31.326 74372 DEBUG heat.engine.service [req-64d8eda3-a4c4-4266-91d8-7ad2bf058017 - - - - -] Service da462d43-40cb-4b1e-979c-5b406166843b is updated service_manage_report /usr/lib/python3/dist-packages/heat/engine/service.py:2370
2025-05-29 02:10:31.328 74373 DEBUG heat.engine.service [req-c696d227-f243-4993-8334-eb126aeacb8d - - - - -] Service d4fa82cb-e23a-4517-ba06-96f08c7fe4be is updated service_manage_report /usr/lib/python3/dist-packages/heat/engine/service.py:2370
2025-05-29 02:11:31.392 74370 DEBUG heat.engine.service [req-4a29d6a2-59b5-4d65-8c37-045e79d42178 - - - - -] Service a67466bb-1cb8-437e-a600-6afa40e9e337 is updated service_manage_report /usr/lib/python3/dist-packages/heat/engine/service.py:2370
2025-05-29 02:11:31.404 74372 DEBUG heat.engine.service [req-eb027bca-90b5-4912-8f39-b815b17cb6cc - - - - -] Service da462d43-40cb-4b1e-979c-5b406166843b is updated service_manage_report /usr/lib/python3/dist-packages/heat/engine/service.py:2370
2025-05-29 02:11:31.405 74371 DEBUG heat.engine.service [req-b3bb1f7d-2a88-4cf3-afc4-d3d3ce043d04 - - - - -] Service 71e22adc-ab93-41bd-bd09-01549fbb9c74 is updated service_manage_report /usr/lib/python3/dist-packages/heat/engine/service.py:2370
2025-05-29 02:11:31.409 74373 DEBUG heat.engine.service [req-6e7529ba-f772-418d-b770-597b50043c31 - - - - -] Service d4fa82cb-e23a-4517-ba06-96f08c7fe4be is updated service_manage_report /usr/lib/python3/dist-packages/heat/engine/service.py:2370
2025-05-29 02:12:31.281 74370 DEBUG heat.engine.service [req-c1b3afca-7586-4098-a291-5761ae15dded - - - - -] Service a67466bb-1cb8-437e-a600-6afa40e9e337 is updated service_manage_report /usr/lib/python3/dist-packages/heat/engine/service.py:2370
2025-05-29 02:12:31.285 74371 DEBUG heat.engine.service [req-b356c8f3-bcf6-4adc-ac3f-ad8e14d4f98e - - - - -] Service 71e22adc-ab93-41bd-bd09-01549fbb9c74 is updated service_manage_report /usr/lib/python3/dist-packages/heat/engine/service.py:2370
2025-05-29 02:12:31.318 74372 DEBUG heat.engine.service [req-61514525-6e1f-49e3-8661-d8963f451dca - - - - -] Service da462d43-40cb-4b1e-979c-5b406166843b is updated service_manage_report /usr/lib/python3/dist-packages/heat/engine/service.py:2370
2025-05-29 02:12:31.322 74373 DEBUG heat.engine.service [req-10a2b744-48fc-4d0b-8761-b62a8d3eb512 - - - - -] Service d4fa82cb-e23a-4517-ba06-96f08c7fe4be is updated service_manage_report /usr/lib/python3/dist-packages/heat/engine/service.py:2370
2025-05-29 02:13:31.276 74370 DEBUG heat.engine.service [req-04e6b83e-e166-4e9b-a90b-d4da761fabea - - - - -] Service a67466bb-1cb8-437e-a600-6afa40e9e337 is updated service_manage_report /usr/lib/python3/dist-packages/heat/engine/service.py:2370
2025-05-29 02:13:31.280 74371 DEBUG heat.engine.service [req-03329d95-3d77-4177-af05-e47f6895453b - - - - -] Service 71e22adc-ab93-41bd-bd09-01549fbb9c74 is updated service_manage_report /usr/lib/python3/dist-packages/heat/engine/service.py:2370
2025-05-29 02:13:31.323 74372 DEBUG heat.engine.service [req-d17f5913-3504-443d-925d-911728aa1df6 - - - - -] Service da462d43-40cb-4b1e-979c-5b406166843b is updated service_manage_report /usr/lib/python3/dist-packages/heat/engine/service.py:2370
2025-05-29 02:13:31.327 74373 DEBUG heat.engine.service [req-5c8eb7f7-3270-4bef-84c3-429b1391d2d8 - - - - -] Service d4fa82cb-e23a-4517-ba06-96f08c7fe4be is updated service_manage_report /usr/lib/python3/dist-packages/heat/engine/service.py:2370
2025-05-29 02:14:31.282 74370 DEBUG heat.engine.service [req-c6d1c46c-a6bc-4bb1-8e5a-c10df5ca8940 - - - - -] Service a67466bb-1cb8-437e-a600-6afa40e9e337 is updated service_manage_report /usr/lib/python3/dist-packages/heat/engine/service.py:2370
2025-05-29 02:14:31.287 74371 DEBUG heat.engine.service [req-962bebbf-742e-4f5e-bd19-af0115093890 - - - - -] Service 71e22adc-ab93-41bd-bd09-01549fbb9c74 is updated service_manage_report /usr/lib/python3/dist-packages/heat/engine/service.py:2370
2025-05-29 02:14:31.328 74372 DEBUG heat.engine.service [req-ca5af116-1173-415f-85f5-5b3eb1f63c2e - - - - -] Service da462d43-40cb-4b1e-979c-5b406166843b is updated service_manage_report /usr/lib/python3/dist-packages/heat/engine/service.py:2370
2025-05-29 02:14:31.333 74373 DEBUG heat.engine.service [req-9e20d3eb-d04b-467a-98ee-a10dab6b9531 - - - - -] Service d4fa82cb-e23a-4517-ba06-96f08c7fe4be is updated service_manage_report /usr/lib/python3/dist-packages/heat/engine/service.py:2370
2025-05-29 02:15:31.277 74370 DEBUG heat.engine.service [req-0e2cf42e-63e9-49db-9b59-132e3458fa13 - - - - -] Service a67466bb-1cb8-437e-a600-6afa40e9e337 is updated service_manage_report /usr/lib/python3/dist-packages/heat/engine/service.py:2370
2025-05-29 02:15:31.280 74371 DEBUG heat.engine.service [req-a4840d3b-4078-43a3-a828-4848d3c4be88 - - - - -] Service 71e22adc-ab93-41bd-bd09-01549fbb9c74 is updated service_manage_report /usr/lib/python3/dist-packages/heat/engine/service.py:2370
2025-05-29 02:15:31.334 74372 DEBUG heat.engine.service [req-08ca0b7a-7f7b-47df-bc8b-6b2d4fdaf60e - - - - -] Service da462d43-40cb-4b1e-979c-5b406166843b is updated service_manage_report /usr/lib/python3/dist-packages/heat/engine/service.py:2370
2025-05-29 02:15:31.338 74373 DEBUG heat.engine.service [req-c00b2596-e3a8-4099-8f1b-c20cff902791 - - - - -] Service d4fa82cb-e23a-4517-ba06-96f08c7fe4be is updated service_manage_report /usr/lib/python3/dist-packages/heat/engine/service.py:2370
2025-05-29 02:16:31.285 74370 DEBUG heat.engine.service [req-cd1d5319-7d3e-47f2-acbf-f0baea3059ee - - - - -] Service a67466bb-1cb8-437e-a600-6afa40e9e337 is updated service_manage_report /usr/lib/python3/dist-packages/heat/engine/service.py:2370
2025-05-29 02:16:31.290 74371 DEBUG heat.engine.service [req-1ced9cf9-0ce5-448d-9e20-d4e8d9b3bd11 - - - - -] Service 71e22adc-ab93-41bd-bd09-01549fbb9c74 is updated service_manage_report /usr/lib/python3/dist-packages/heat/engine/service.py:2370
2025-05-29 02:16:31.338 74372 DEBUG heat.engine.service [req-dbdfb5e0-4ac9-4f2d-9fba-0bc002adc5a4 - - - - -] Service da462d43-40cb-4b1e-979c-5b406166843b is updated service_manage_report /usr/lib/python3/dist-packages/heat/engine/service.py:2370
2025-05-29 02:16:31.341 74373 DEBUG heat.engine.service [req-e7d5d15f-8299-4930-b30f-1da5dccd34d3 - - - - -] Service d4fa82cb-e23a-4517-ba06-96f08c7fe4be is updated service_manage_report /usr/lib/python3/dist-packages/heat/engine/service.py:2370
2025-05-29 02:17:31.282 74370 DEBUG heat.engine.service [req-ceaefc08-3f3d-4d55-8995-99d9c1e5b48c - - - - -] Service a67466bb-1cb8-437e-a600-6afa40e9e337 is updated service_manage_report /usr/lib/python3/dist-packages/heat/engine/service.py:2370
2025-05-29 02:17:31.290 74371 DEBUG heat.engine.service [req-9ae0f5d7-d4e5-4d21-b5d0-6281190d6776 - - - - -] Service 71e22adc-ab93-41bd-bd09-01549fbb9c74 is updated service_manage_report /usr/lib/python3/dist-packages/heat/engine/service.py:2370
2025-05-29 02:17:31.343 74372 DEBUG heat.engine.service [req-50469efa-76d2-4c69-9347-726725259938 - - - - -] Service da462d43-40cb-4b1e-979c-5b406166843b is updated service_manage_report /usr/lib/python3/dist-packages/heat/engine/service.py:2370
2025-05-29 02:17:31.346 74373 DEBUG heat.engine.service [req-b409ad08-e1af-4545-8ab0-24dc74d9bb86 - - - - -] Service d4fa82cb-e23a-4517-ba06-96f08c7fe4be is updated service_manage_report /usr/lib/python3/dist-packages/heat/engine/service.py:2370
2025-05-29 02:18:31.278 74370 DEBUG heat.engine.service [req-1cfd6f97-9580-4873-87f5-8636b4444762 - - - - -] Service a67466bb-1cb8-437e-a600-6afa40e9e337 is updated service_manage_report /usr/lib/python3/dist-packages/heat/engine/service.py:2370
2025-05-29 02:18:31.285 74371 DEBUG heat.engine.service [req-e9ed22c1-3650-4c71-aaeb-e8f7755c6ae6 - - - - -] Service 71e22adc-ab93-41bd-bd09-01549fbb9c74 is updated service_manage_report /usr/lib/python3/dist-packages/heat/engine/service.py:2370
2025-05-29 02:18:31.346 74372 DEBUG heat.engine.service [req-5d422da3-efb4-4ff8-b65d-bbe13bf2470d - - - - -] Service da462d43-40cb-4b1e-979c-5b406166843b is updated service_manage_report /usr/lib/python3/dist-packages/heat/engine/service.py:2370
2025-05-29 02:18:31.352 74373 DEBUG heat.engine.service [req-1a6e6e32-58a4-4eb3-a965-13c1debcf7b0 - - - - -] Service d4fa82cb-e23a-4517-ba06-96f08c7fe4be is updated service_manage_report /usr/lib/python3/dist-packages/heat/engine/service.py:2370
2025-05-29 02:19:31.274 74370 DEBUG heat.engine.service [req-d24d0013-e723-473b-9c77-b6ee62b1e862 - - - - -] Service a67466bb-1cb8-437e-a600-6afa40e9e337 is updated service_manage_report /usr/lib/python3/dist-packages/heat/engine/service.py:2370
2025-05-29 02:19:31.288 74371 DEBUG heat.engine.service [req-f34103ff-d1de-485f-8b53-1d58e964edd0 - - - - -] Service 71e22adc-ab93-41bd-bd09-01549fbb9c74 is updated service_manage_report /usr/lib/python3/dist-packages/heat/engine/service.py:2370
2025-05-29 02:19:31.348 74373 DEBUG heat.engine.service [req-eaea070e-f3a3-4cab-859a-810e56528548 - - - - -] Service d4fa82cb-e23a-4517-ba06-96f08c7fe4be is updated service_manage_report /usr/lib/python3/dist-packages/heat/engine/service.py:2370
2025-05-29 02:19:31.351 74372 DEBUG heat.engine.service [req-0ea55faf-56e5-4bed-8f7e-e9724dd562fc - - - - -] Service da462d43-40cb-4b1e-979c-5b406166843b is updated service_manage_report /usr/lib/python3/dist-packages/heat/engine/service.py:2370
2025-05-29 02:20:31.269 74370 DEBUG heat.engine.service [req-873e04f3-cc6a-4b4b-963f-3821417bc5a8 - - - - -] Service a67466bb-1cb8-437e-a600-6afa40e9e337 is updated service_manage_report /usr/lib/python3/dist-packages/heat/engine/service.py:2370
2025-05-29 02:20:31.293 74371 DEBUG heat.engine.service [req-a2c3bc6f-a75f-4dc5-9f55-fc40a7dc6f01 - - - - -] Service 71e22adc-ab93-41bd-bd09-01549fbb9c74 is updated service_manage_report /usr/lib/python3/dist-packages/heat/engine/service.py:2370
2025-05-29 02:20:31.353 74373 DEBUG heat.engine.service [req-e9fce927-d5bb-4a5d-8d0e-c5f998e5fcef - - - - -] Service d4fa82cb-e23a-4517-ba06-96f08c7fe4be is updated service_manage_report /usr/lib/python3/dist-packages/heat/engine/service.py:2370
2025-05-29 02:20:31.355 74372 DEBUG heat.engine.service [req-5ffddcbc-0971-45f2-97a6-232400aa2fd6 - - - - -] Service da462d43-40cb-4b1e-979c-5b406166843b is updated service_manage_report /usr/lib/python3/dist-packages/heat/engine/service.py:2370
2025-05-29 02:21:31.274 74370 DEBUG heat.engine.service [req-4d8e0302-fe78-4939-83f4-27939dc154e0 - - - - -] Service a67466bb-1cb8-437e-a600-6afa40e9e337 is updated service_manage_report /usr/lib/python3/dist-packages/heat/engine/service.py:2370
2025-05-29 02:21:31.297 74371 DEBUG heat.engine.service [req-4db12dd2-19c7-47c3-8930-cca679da46cf - - - - -] Service 71e22adc-ab93-41bd-bd09-01549fbb9c74 is updated service_manage_report /usr/lib/python3/dist-packages/heat/engine/service.py:2370
2025-05-29 02:21:31.362 74373 DEBUG heat.engine.service [req-d455c4df-1018-4296-aaf6-c4e1f329ffe1 - - - - -] Service d4fa82cb-e23a-4517-ba06-96f08c7fe4be is updated service_manage_report /usr/lib/python3/dist-packages/heat/engine/service.py:2370
2025-05-29 02:21:31.364 74372 DEBUG heat.engine.service [req-9ff6dd60-3d49-4d98-8229-3e424d340cfe - - - - -] Service da462d43-40cb-4b1e-979c-5b406166843b is updated service_manage_report /usr/lib/python3/dist-packages/heat/engine/service.py:2370
2025-05-29 02:22:31.278 74370 DEBUG heat.engine.service [req-ccc8e88f-7244-4a85-aafe-5fc1bee117fd - - - - -] Service a67466bb-1cb8-437e-a600-6afa40e9e337 is updated service_manage_report /usr/lib/python3/dist-packages/heat/engine/service.py:2370
2025-05-29 02:22:31.301 74371 DEBUG heat.engine.service [req-8fe5ea8b-65dc-42b4-af04-43d1f4c0a452 - - - - -] Service 71e22adc-ab93-41bd-bd09-01549fbb9c74 is updated service_manage_report /usr/lib/python3/dist-packages/heat/engine/service.py:2370
2025-05-29 02:22:31.359 74373 DEBUG heat.engine.service [req-0ac8c100-ee2b-4127-82b0-da46a17a2dd1 - - - - -] Service d4fa82cb-e23a-4517-ba06-96f08c7fe4be is updated service_manage_report /usr/lib/python3/dist-packages/heat/engine/service.py:2370
2025-05-29 02:22:31.362 74372 DEBUG heat.engine.service [req-aa48dee2-2306-4c48-a45d-e41b712364a1 - - - - -] Service da462d43-40cb-4b1e-979c-5b406166843b is updated service_manage_report /usr/lib/python3/dist-packages/heat/engine/service.py:2370
2025-05-29 02:23:31.283 74370 DEBUG heat.engine.service [req-dcc47e67-9b98-4b4e-8e1f-b1cd6e253ae9 - - - - -] Service a67466bb-1cb8-437e-a600-6afa40e9e337 is updated service_manage_report /usr/lib/python3/dist-packages/heat/engine/service.py:2370
2025-05-29 02:23:31.307 74371 DEBUG heat.engine.service [req-cc9528ea-e3dc-4365-9c55-16805363e106 - - - - -] Service 71e22adc-ab93-41bd-bd09-01549fbb9c74 is updated service_manage_report /usr/lib/python3/dist-packages/heat/engine/service.py:2370
2025-05-29 02:23:31.357 74373 DEBUG heat.engine.service [req-2c45f0f9-ed68-4354-807a-9a3fe4252f4f - - - - -] Service d4fa82cb-e23a-4517-ba06-96f08c7fe4be is updated service_manage_report /usr/lib/python3/dist-packages/heat/engine/service.py:2370
2025-05-29 02:23:31.363 74372 DEBUG heat.engine.service [req-60369418-120d-4f2e-bfe3-05058e852097 - - - - -] Service da462d43-40cb-4b1e-979c-5b406166843b is updated service_manage_report /usr/lib/python3/dist-packages/heat/engine/service.py:2370
2025-05-29 02:24:31.288 74370 DEBUG heat.engine.service [req-e0e29324-7d69-44c3-ba30-a2178beafc1c - - - - -] Service a67466bb-1cb8-437e-a600-6afa40e9e337 is updated service_manage_report /usr/lib/python3/dist-packages/heat/engine/service.py:2370
2025-05-29 02:24:31.302 74371 DEBUG heat.engine.service [req-5250a2be-ab4e-4134-95d9-e59db28a1c31 - - - - -] Service 71e22adc-ab93-41bd-bd09-01549fbb9c74 is updated service_manage_report /usr/lib/python3/dist-packages/heat/engine/service.py:2370
2025-05-29 02:24:31.351 74373 DEBUG heat.engine.service [req-e0111575-091c-45fd-aa53-09ff7fa5ebf8 - - - - -] Service d4fa82cb-e23a-4517-ba06-96f08c7fe4be is updated service_manage_report /usr/lib/python3/dist-packages/heat/engine/service.py:2370
2025-05-29 02:24:31.359 74372 DEBUG heat.engine.service [req-c899a01d-8705-417f-bf47-ba351197bff5 - - - - -] Service da462d43-40cb-4b1e-979c-5b406166843b is updated service_manage_report /usr/lib/python3/dist-packages/heat/engine/service.py:2370
2025-05-29 02:25:31.293 74370 DEBUG heat.engine.service [req-249a2f58-7da1-43bf-92bd-a35a214cc47b - - - - -] Service a67466bb-1cb8-437e-a600-6afa40e9e337 is updated service_manage_report /usr/lib/python3/dist-packages/heat/engine/service.py:2370
2025-05-29 02:25:31.308 74371 DEBUG heat.engine.service [req-633d22bb-3816-4280-bfb7-f5507d482dd0 - - - - -] Service 71e22adc-ab93-41bd-bd09-01549fbb9c74 is updated service_manage_report /usr/lib/python3/dist-packages/heat/engine/service.py:2370
2025-05-29 02:25:31.356 74373 DEBUG heat.engine.service [req-ae7a0931-df80-434f-9d20-47af7db95f3c - - - - -] Service d4fa82cb-e23a-4517-ba06-96f08c7fe4be is updated service_manage_report /usr/lib/python3/dist-packages/heat/engine/service.py:2370
2025-05-29 02:25:31.366 74372 DEBUG heat.engine.service [req-b43cc8e6-5a1a-400f-88de-93cbf68f8adb - - - - -] Service da462d43-40cb-4b1e-979c-5b406166843b is updated service_manage_report /usr/lib/python3/dist-packages/heat/engine/service.py:2370
2025-05-29 02:26:31.300 74370 DEBUG heat.engine.service [req-8ada8dfd-48a1-46a2-a045-ad6dfbf7f477 - - - - -] Service a67466bb-1cb8-437e-a600-6afa40e9e337 is updated service_manage_report /usr/lib/python3/dist-packages/heat/engine/service.py:2370
2025-05-29 02:26:31.307 74371 DEBUG heat.engine.service [req-337aa12a-77c8-46e8-9bc2-6bb86144bb85 - - - - -] Service 71e22adc-ab93-41bd-bd09-01549fbb9c74 is updated service_manage_report /usr/lib/python3/dist-packages/heat/engine/service.py:2370
2025-05-29 02:26:31.389 74373 DEBUG heat.engine.service [req-5c099a18-90fe-41ca-a32a-e7faaf9171ab - - - - -] Service d4fa82cb-e23a-4517-ba06-96f08c7fe4be is updated service_manage_report /usr/lib/python3/dist-packages/heat/engine/service.py:2370
2025-05-29 02:26:31.389 74372 DEBUG heat.engine.service [req-1711bfff-6f32-4069-964a-d6e1d2f3b7f8 - - - - -] Service da462d43-40cb-4b1e-979c-5b406166843b is updated service_manage_report /usr/lib/python3/dist-packages/heat/engine/service.py:2370
2025-05-29 02:27:31.296 74370 DEBUG heat.engine.service [req-1810176a-c6dc-4f62-bb58-02942cd12237 - - - - -] Service a67466bb-1cb8-437e-a600-6afa40e9e337 is updated service_manage_report /usr/lib/python3/dist-packages/heat/engine/service.py:2370
2025-05-29 02:27:31.301 74371 DEBUG heat.engine.service [req-4239e197-6956-4273-bb27-854088e9932f - - - - -] Service 71e22adc-ab93-41bd-bd09-01549fbb9c74 is updated service_manage_report /usr/lib/python3/dist-packages/heat/engine/service.py:2370
2025-05-29 02:27:31.363 74373 DEBUG heat.engine.service [req-487ef0f3-0731-4861-9474-40acb6db3144 - - - - -] Service d4fa82cb-e23a-4517-ba06-96f08c7fe4be is updated service_manage_report /usr/lib/python3/dist-packages/heat/engine/service.py:2370
2025-05-29 02:27:31.364 74372 DEBUG heat.engine.service [req-90d92c89-9599-452c-b9a7-1ed965875e2d - - - - -] Service da462d43-40cb-4b1e-979c-5b406166843b is updated service_manage_report /usr/lib/python3/dist-packages/heat/engine/service.py:2370
2025-05-29 02:28:31.293 74370 DEBUG heat.engine.service [req-3d0ce15d-440a-4ee7-9104-0f8ef7a509a9 - - - - -] Service a67466bb-1cb8-437e-a600-6afa40e9e337 is updated service_manage_report /usr/lib/python3/dist-packages/heat/engine/service.py:2370
2025-05-29 02:28:31.305 74371 DEBUG heat.engine.service [req-a101743c-3c8a-456f-9437-96e4756fbebf - - - - -] Service 71e22adc-ab93-41bd-bd09-01549fbb9c74 is updated service_manage_report /usr/lib/python3/dist-packages/heat/engine/service.py:2370
2025-05-29 02:28:31.366 74373 DEBUG heat.engine.service [req-fb4f2026-2197-4357-be32-112b49f9dd25 - - - - -] Service d4fa82cb-e23a-4517-ba06-96f08c7fe4be is updated service_manage_report /usr/lib/python3/dist-packages/heat/engine/service.py:2370
2025-05-29 02:28:31.367 74372 DEBUG heat.engine.service [req-8edb0425-5465-4708-8a8f-d275f97e0b08 - - - - -] Service da462d43-40cb-4b1e-979c-5b406166843b is updated service_manage_report /usr/lib/python3/dist-packages/heat/engine/service.py:2370
2025-05-29 02:29:31.290 74370 DEBUG heat.engine.service [req-6d7eb5cd-4d3a-4667-b5ef-8d1e58a685a6 - - - - -] Service a67466bb-1cb8-437e-a600-6afa40e9e337 is updated service_manage_report /usr/lib/python3/dist-packages/heat/engine/service.py:2370
2025-05-29 02:29:31.312 74371 DEBUG heat.engine.service [req-3b3b526f-9010-4677-a382-fd4b79301d11 - - - - -] Service 71e22adc-ab93-41bd-bd09-01549fbb9c74 is updated service_manage_report /usr/lib/python3/dist-packages/heat/engine/service.py:2370
2025-05-29 02:29:31.373 74373 DEBUG heat.engine.service [req-240c967f-011e-446e-b8db-a8ca08a54040 - - - - -] Service d4fa82cb-e23a-4517-ba06-96f08c7fe4be is updated service_manage_report /usr/lib/python3/dist-packages/heat/engine/service.py:2370
2025-05-29 02:29:31.375 74372 DEBUG heat.engine.service [req-a571a744-ecd2-4339-9938-2b1f881a8b37 - - - - -] Service da462d43-40cb-4b1e-979c-5b406166843b is updated service_manage_report /usr/lib/python3/dist-packages/heat/engine/service.py:2370
2025-05-29 02:30:31.286 74370 DEBUG heat.engine.service [req-fae91e27-9244-438f-b7b5-fd95ee379f97 - - - - -] Service a67466bb-1cb8-437e-a600-6afa40e9e337 is updated service_manage_report /usr/lib/python3/dist-packages/heat/engine/service.py:2370
2025-05-29 02:30:31.309 74371 DEBUG heat.engine.service [req-911c05d2-a10a-4536-99c2-305424ce389c - - - - -] Service 71e22adc-ab93-41bd-bd09-01549fbb9c74 is updated service_manage_report /usr/lib/python3/dist-packages/heat/engine/service.py:2370
2025-05-29 02:30:31.372 74373 DEBUG heat.engine.service [req-72b27a1f-737e-4913-920f-dc820b89302e - - - - -] Service d4fa82cb-e23a-4517-ba06-96f08c7fe4be is updated service_manage_report /usr/lib/python3/dist-packages/heat/engine/service.py:2370
2025-05-29 02:30:31.374 74372 DEBUG heat.engine.service [req-e701c096-29b2-4241-9690-57bfa3d3296a - - - - -] Service da462d43-40cb-4b1e-979c-5b406166843b is updated service_manage_report /usr/lib/python3/dist-packages/heat/engine/service.py:2370
2025-05-29 02:31:31.283 74370 DEBUG heat.engine.service [req-1ef65b46-56a5-4b1c-a5c4-7447ca1a42f6 - - - - -] Service a67466bb-1cb8-437e-a600-6afa40e9e337 is updated service_manage_report /usr/lib/python3/dist-packages/heat/engine/service.py:2370
2025-05-29 02:31:31.302 74371 DEBUG heat.engine.service [req-627a4217-e88f-45b0-b521-46951ecb3469 - - - - -] Service 71e22adc-ab93-41bd-bd09-01549fbb9c74 is updated service_manage_report /usr/lib/python3/dist-packages/heat/engine/service.py:2370
2025-05-29 02:31:31.368 74373 DEBUG heat.engine.service [req-197a9277-13f4-41f1-a508-7034ec6231ae - - - - -] Service d4fa82cb-e23a-4517-ba06-96f08c7fe4be is updated service_manage_report /usr/lib/python3/dist-packages/heat/engine/service.py:2370
2025-05-29 02:31:31.371 74372 DEBUG heat.engine.service [req-bba2da80-4f9a-498b-84eb-45d3d1c1aaa6 - - - - -] Service da462d43-40cb-4b1e-979c-5b406166843b is updated service_manage_report /usr/lib/python3/dist-packages/heat/engine/service.py:2370
2025-05-29 02:32:31.280 74370 DEBUG heat.engine.service [req-2d452140-aafc-4fca-8889-1cd89a6e1443 - - - - -] Service a67466bb-1cb8-437e-a600-6afa40e9e337 is updated service_manage_report /usr/lib/python3/dist-packages/heat/engine/service.py:2370
2025-05-29 02:32:31.308 74371 DEBUG heat.engine.service [req-59c4259e-639a-4b38-a201-fc78560db8a8 - - - - -] Service 71e22adc-ab93-41bd-bd09-01549fbb9c74 is updated service_manage_report /usr/lib/python3/dist-packages/heat/engine/service.py:2370
2025-05-29 02:32:31.366 74373 DEBUG heat.engine.service [req-5364e274-c48b-4981-aa7a-d655eccc3096 - - - - -] Service d4fa82cb-e23a-4517-ba06-96f08c7fe4be is updated service_manage_report /usr/lib/python3/dist-packages/heat/engine/service.py:2370
2025-05-29 02:32:31.369 74372 DEBUG heat.engine.service [req-75c45bc5-2edc-454a-bbd7-be9520b4268c - - - - -] Service da462d43-40cb-4b1e-979c-5b406166843b is updated service_manage_report /usr/lib/python3/dist-packages/heat/engine/service.py:2370
2025-05-29 02:33:31.277 74370 DEBUG heat.engine.service [req-6039f342-7651-4b27-9cef-0c2c1ec06404 - - - - -] Service a67466bb-1cb8-437e-a600-6afa40e9e337 is updated service_manage_report /usr/lib/python3/dist-packages/heat/engine/service.py:2370
2025-05-29 02:33:31.303 74371 DEBUG heat.engine.service [req-bf707f3e-4170-44f0-b0ae-712274b3a7d0 - - - - -] Service 71e22adc-ab93-41bd-bd09-01549fbb9c74 is updated service_manage_report /usr/lib/python3/dist-packages/heat/engine/service.py:2370
2025-05-29 02:33:31.361 74373 DEBUG heat.engine.service [req-a4143659-3385-4e12-8210-f8cec8239af4 - - - - -] Service d4fa82cb-e23a-4517-ba06-96f08c7fe4be is updated service_manage_report /usr/lib/python3/dist-packages/heat/engine/service.py:2370
2025-05-29 02:33:31.364 74372 DEBUG heat.engine.service [req-fff1997d-eb2a-4393-a910-306553200948 - - - - -] Service da462d43-40cb-4b1e-979c-5b406166843b is updated service_manage_report /usr/lib/python3/dist-packages/heat/engine/service.py:2370
2025-05-29 02:34:31.273 74370 DEBUG heat.engine.service [req-43eae6bb-5c43-4946-b0b7-7b69db9c9a53 - - - - -] Service a67466bb-1cb8-437e-a600-6afa40e9e337 is updated service_manage_report /usr/lib/python3/dist-packages/heat/engine/service.py:2370
2025-05-29 02:34:31.311 74371 DEBUG heat.engine.service [req-af7174c8-e8aa-4361-8164-5bbb7e8284b8 - - - - -] Service 71e22adc-ab93-41bd-bd09-01549fbb9c74 is updated service_manage_report /usr/lib/python3/dist-packages/heat/engine/service.py:2370
2025-05-29 02:34:31.366 74373 DEBUG heat.engine.service [req-00808753-99f8-4ead-ba1c-80dfe3ca5517 - - - - -] Service d4fa82cb-e23a-4517-ba06-96f08c7fe4be is updated service_manage_report /usr/lib/python3/dist-packages/heat/engine/service.py:2370
2025-05-29 02:34:31.370 74372 DEBUG heat.engine.service [req-07990f9f-76e0-4e6c-99fe-8cda0f147566 - - - - -] Service da462d43-40cb-4b1e-979c-5b406166843b is updated service_manage_report /usr/lib/python3/dist-packages/heat/engine/service.py:2370
2025-05-29 02:35:31.269 74370 DEBUG heat.engine.service [req-fdf90cdb-afeb-48f7-96f0-b3973f61ca02 - - - - -] Service a67466bb-1cb8-437e-a600-6afa40e9e337 is updated service_manage_report /usr/lib/python3/dist-packages/heat/engine/service.py:2370
2025-05-29 02:35:31.309 74371 DEBUG heat.engine.service [req-152320b5-abe2-4b54-869b-ececa02f871f - - - - -] Service 71e22adc-ab93-41bd-bd09-01549fbb9c74 is updated service_manage_report /usr/lib/python3/dist-packages/heat/engine/service.py:2370
2025-05-29 02:35:31.367 74372 DEBUG heat.engine.service [req-ea725f6e-1428-423a-8416-812b9dc314b4 - - - - -] Service da462d43-40cb-4b1e-979c-5b406166843b is updated service_manage_report /usr/lib/python3/dist-packages/heat/engine/service.py:2370
2025-05-29 02:35:31.374 74373 DEBUG heat.engine.service [req-973633b9-7aea-48cd-87d2-5f86d28cb145 - - - - -] Service d4fa82cb-e23a-4517-ba06-96f08c7fe4be is updated service_manage_report /usr/lib/python3/dist-packages/heat/engine/service.py:2370
2025-05-29 02:36:31.264 74370 DEBUG heat.engine.service [req-c8f223be-e9d8-4d18-841f-5fb79845a4f0 - - - - -] Service a67466bb-1cb8-437e-a600-6afa40e9e337 is updated service_manage_report /usr/lib/python3/dist-packages/heat/engine/service.py:2370
2025-05-29 02:36:31.304 74371 DEBUG heat.engine.service [req-5f7ecec5-98c6-4d6c-9339-af983dca72ac - - - - -] Service 71e22adc-ab93-41bd-bd09-01549fbb9c74 is updated service_manage_report /usr/lib/python3/dist-packages/heat/engine/service.py:2370
2025-05-29 02:36:31.362 74372 DEBUG heat.engine.service [req-ee66d4a4-5a16-4f39-914e-da3bc05692b3 - - - - -] Service da462d43-40cb-4b1e-979c-5b406166843b is updated service_manage_report /usr/lib/python3/dist-packages/heat/engine/service.py:2370
2025-05-29 02:36:31.368 74373 DEBUG heat.engine.service [req-d916e6e9-6e0f-496a-be0f-ec22de209a59 - - - - -] Service d4fa82cb-e23a-4517-ba06-96f08c7fe4be is updated service_manage_report /usr/lib/python3/dist-packages/heat/engine/service.py:2370
2025-05-29 02:37:31.268 74370 DEBUG heat.engine.service [req-890b8705-ae6f-4fdb-af52-7a78673691e5 - - - - -] Service a67466bb-1cb8-437e-a600-6afa40e9e337 is updated service_manage_report /usr/lib/python3/dist-packages/heat/engine/service.py:2370
2025-05-29 02:37:31.299 74371 DEBUG heat.engine.service [req-1d1a6731-6a81-44fa-afe9-81993d9572ae - - - - -] Service 71e22adc-ab93-41bd-bd09-01549fbb9c74 is updated service_manage_report /usr/lib/python3/dist-packages/heat/engine/service.py:2370
2025-05-29 02:37:31.371 74372 DEBUG heat.engine.service [req-7cb36577-e7c6-4007-9d44-b105477e6df0 - - - - -] Service da462d43-40cb-4b1e-979c-5b406166843b is updated service_manage_report /usr/lib/python3/dist-packages/heat/engine/service.py:2370
2025-05-29 02:37:31.374 74373 DEBUG heat.engine.service [req-0489ea5a-9b74-4153-95a4-827424d4c85d - - - - -] Service d4fa82cb-e23a-4517-ba06-96f08c7fe4be is updated service_manage_report /usr/lib/python3/dist-packages/heat/engine/service.py:2370
2025-05-29 02:38:31.273 74370 DEBUG heat.engine.service [req-fd91104b-7618-4504-8502-1decddcdd4de - - - - -] Service a67466bb-1cb8-437e-a600-6afa40e9e337 is updated service_manage_report /usr/lib/python3/dist-packages/heat/engine/service.py:2370
2025-05-29 02:38:31.304 74371 DEBUG heat.engine.service [req-ae5fea91-942f-45dc-8000-3cf44b71258e - - - - -] Service 71e22adc-ab93-41bd-bd09-01549fbb9c74 is updated service_manage_report /usr/lib/python3/dist-packages/heat/engine/service.py:2370
2025-05-29 02:38:31.366 74372 DEBUG heat.engine.service [req-e6ec8102-bc7e-4d11-af6f-d1219f595d36 - - - - -] Service da462d43-40cb-4b1e-979c-5b406166843b is updated service_manage_report /usr/lib/python3/dist-packages/heat/engine/service.py:2370
2025-05-29 02:38:31.368 74373 DEBUG heat.engine.service [req-ce7cd94f-3e3f-4f4b-ad07-ee81b3296d64 - - - - -] Service d4fa82cb-e23a-4517-ba06-96f08c7fe4be is updated service_manage_report /usr/lib/python3/dist-packages/heat/engine/service.py:2370
2025-05-29 02:39:31.343 74370 DEBUG heat.engine.service [req-08fd6700-037b-4b0a-8d6e-e7b12d349c94 - - - - -] Service a67466bb-1cb8-437e-a600-6afa40e9e337 is updated service_manage_report /usr/lib/python3/dist-packages/heat/engine/service.py:2370
