2025-05-29 02:04:01.785 70930 DEBUG oslo_service.service [-] clients_mistral.endpoint_type = None log_opt_values /usr/lib/python3/dist-packages/oslo_config/cfg.py:2609
2025-05-29 02:04:01.785 70930 DEBUG oslo_service.service [-] clients_mistral.insecure = None log_opt_values /usr/lib/python3/dist-packages/oslo_config/cfg.py:2609
2025-05-29 02:04:01.785 70930 DEBUG oslo_service.service [-] clients_mistral.key_file = None log_opt_values /usr/lib/python3/dist-packages/oslo_config/cfg.py:2609
2025-05-29 02:04:01.785 70930 DEBUG oslo_service.service [-] clients_monasca.ca_file = None log_opt_values /usr/lib/python3/dist-packages/oslo_config/cfg.py:2609
2025-05-29 02:04:01.785 70930 DEBUG oslo_service.service [-] clients_monasca.cert_file = None log_opt_values /usr/lib/python3/dist-packages/oslo_config/cfg.py:2609
2025-05-29 02:04:01.786 70930 DEBUG oslo_service.service [-] clients_monasca.endpoint_type = None log_opt_values /usr/lib/python3/dist-packages/oslo_config/cfg.py:2609
2025-05-29 02:04:01.786 70930 DEBUG oslo_service.service [-] clients_monasca.insecure = None log_opt_values /usr/lib/python3/dist-packages/oslo_config/cfg.py:2609
2025-05-29 02:04:01.786 70930 DEBUG oslo_service.service [-] clients_monasca.key_file = None log_opt_values /usr/lib/python3/dist-packages/oslo_config/cfg.py:2609
2025-05-29 02:04:01.786 70930 DEBUG oslo_service.service [-] clients_neutron.ca_file = None log_opt_values /usr/lib/python3/dist-packages/oslo_config/cfg.py:2609
2025-05-29 02:04:01.787 70930 DEBUG oslo_service.service [-] clients_neutron.cert_file = None log_opt_values /usr/lib/python3/dist-packages/oslo_config/cfg.py:2609
2025-05-29 02:04:01.787 70930 DEBUG oslo_service.service [-] clients_neutron.endpoint_type = None log_opt_values /usr/lib/python3/dist-packages/oslo_config/cfg.py:2609
2025-05-29 02:04:01.787 70930 DEBUG oslo_service.service [-] clients_neutron.insecure = None log_opt_values /usr/lib/python3/dist-packages/oslo_config/cfg.py:2609
2025-05-29 02:04:01.787 70930 DEBUG oslo_service.service [-] clients_neutron.key_file = None log_opt_values /usr/lib/python3/dist-packages/oslo_config/cfg.py:2609
2025-05-29 02:04:01.788 70930 DEBUG oslo_service.service [-] clients_nova.ca_file = None log_opt_values /usr/lib/python3/dist-packages/oslo_config/cfg.py:2609
2025-05-29 02:04:01.788 70930 DEBUG oslo_service.service [-] clients_nova.cert_file = None log_opt_values /usr/lib/python3/dist-packages/oslo_config/cfg.py:2609
2025-05-29 02:04:01.788 70930 DEBUG oslo_service.service [-] clients_nova.endpoint_type = None log_opt_values /usr/lib/python3/dist-packages/oslo_config/cfg.py:2609
2025-05-29 02:04:01.788 70930 DEBUG oslo_service.service [-] clients_nova.http_log_debug = False log_opt_values /usr/lib/python3/dist-packages/oslo_config/cfg.py:2609
2025-05-29 02:04:01.788 70930 DEBUG oslo_service.service [-] clients_nova.insecure = None log_opt_values /usr/lib/python3/dist-packages/oslo_config/cfg.py:2609
2025-05-29 02:04:01.788 70930 DEBUG oslo_service.service [-] clients_nova.key_file = None log_opt_values /usr/lib/python3/dist-packages/oslo_config/cfg.py:2609
2025-05-29 02:04:01.788 70930 DEBUG oslo_service.service [-] clients_octavia.ca_file = None log_opt_values /usr/lib/python3/dist-packages/oslo_config/cfg.py:2609
2025-05-29 02:04:01.788 70930 DEBUG oslo_service.service [-] clients_octavia.cert_file = None log_opt_values /usr/lib/python3/dist-packages/oslo_config/cfg.py:2609
2025-05-29 02:04:01.788 70930 DEBUG oslo_service.service [-] clients_octavia.endpoint_type = None log_opt_values /usr/lib/python3/dist-packages/oslo_config/cfg.py:2609
2025-05-29 02:04:01.789 70930 DEBUG oslo_service.service [-] clients_octavia.insecure = None log_opt_values /usr/lib/python3/dist-packages/oslo_config/cfg.py:2609
2025-05-29 02:04:01.789 70930 DEBUG oslo_service.service [-] clients_octavia.key_file = None log_opt_values /usr/lib/python3/dist-packages/oslo_config/cfg.py:2609
2025-05-29 02:04:01.789 70930 DEBUG oslo_service.service [-] clients_sahara.ca_file = None log_opt_values /usr/lib/python3/dist-packages/oslo_config/cfg.py:2609
2025-05-29 02:04:01.789 70930 DEBUG oslo_service.service [-] clients_sahara.cert_file = None log_opt_values /usr/lib/python3/dist-packages/oslo_config/cfg.py:2609
2025-05-29 02:04:01.789 70930 DEBUG oslo_service.service [-] clients_sahara.endpoint_type = None log_opt_values /usr/lib/python3/dist-packages/oslo_config/cfg.py:2609
2025-05-29 02:04:01.789 70930 DEBUG oslo_service.service [-] clients_sahara.insecure = None log_opt_values /usr/lib/python3/dist-packages/oslo_config/cfg.py:2609
2025-05-29 02:04:01.789 70930 DEBUG oslo_service.service [-] clients_sahara.key_file = None log_opt_values /usr/lib/python3/dist-packages/oslo_config/cfg.py:2609
2025-05-29 02:04:01.789 70930 DEBUG oslo_service.service [-] clients_senlin.ca_file = None log_opt_values /usr/lib/python3/dist-packages/oslo_config/cfg.py:2609
2025-05-29 02:04:01.789 70930 DEBUG oslo_service.service [-] clients_senlin.cert_file = None log_opt_values /usr/lib/python3/dist-packages/oslo_config/cfg.py:2609
2025-05-29 02:04:01.790 70930 DEBUG oslo_service.service [-] clients_senlin.endpoint_type = None log_opt_values /usr/lib/python3/dist-packages/oslo_config/cfg.py:2609
2025-05-29 02:04:01.790 70930 DEBUG oslo_service.service [-] clients_senlin.insecure = None log_opt_values /usr/lib/python3/dist-packages/oslo_config/cfg.py:2609
2025-05-29 02:04:01.790 70930 DEBUG oslo_service.service [-] clients_senlin.key_file = None log_opt_values /usr/lib/python3/dist-packages/oslo_config/cfg.py:2609
2025-05-29 02:04:01.790 70930 DEBUG oslo_service.service [-] clients_swift.ca_file = None log_opt_values /usr/lib/python3/dist-packages/oslo_config/cfg.py:2609
2025-05-29 02:04:01.790 70930 DEBUG oslo_service.service [-] clients_swift.cert_file = None log_opt_values /usr/lib/python3/dist-packages/oslo_config/cfg.py:2609
2025-05-29 02:04:01.790 70930 DEBUG oslo_service.service [-] clients_swift.endpoint_type = None log_opt_values /usr/lib/python3/dist-packages/oslo_config/cfg.py:2609
2025-05-29 02:04:01.790 70930 DEBUG oslo_service.service [-] clients_swift.insecure = None log_opt_values /usr/lib/python3/dist-packages/oslo_config/cfg.py:2609
2025-05-29 02:04:01.790 70930 DEBUG oslo_service.service [-] clients_swift.key_file = None log_opt_values /usr/lib/python3/dist-packages/oslo_config/cfg.py:2609
2025-05-29 02:04:01.790 70930 DEBUG oslo_service.service [-] clients_trove.ca_file = None log_opt_values /usr/lib/python3/dist-packages/oslo_config/cfg.py:2609
2025-05-29 02:04:01.791 70930 DEBUG oslo_service.service [-] clients_trove.cert_file = None log_opt_values /usr/lib/python3/dist-packages/oslo_config/cfg.py:2609
2025-05-29 02:04:01.791 70930 DEBUG oslo_service.service [-] clients_trove.endpoint_type = None log_opt_values /usr/lib/python3/dist-packages/oslo_config/cfg.py:2609
2025-05-29 02:04:01.791 70930 DEBUG oslo_service.service [-] clients_trove.insecure = None log_opt_values /usr/lib/python3/dist-packages/oslo_config/cfg.py:2609
2025-05-29 02:04:01.791 70930 DEBUG oslo_service.service [-] clients_trove.key_file = None log_opt_values /usr/lib/python3/dist-packages/oslo_config/cfg.py:2609
2025-05-29 02:04:01.791 70930 DEBUG oslo_service.service [-] clients_vitrage.ca_file = None log_opt_values /usr/lib/python3/dist-packages/oslo_config/cfg.py:2609
2025-05-29 02:04:01.792 70930 DEBUG oslo_service.service [-] clients_vitrage.cert_file = None log_opt_values /usr/lib/python3/dist-packages/oslo_config/cfg.py:2609
2025-05-29 02:04:01.792 70930 DEBUG oslo_service.service [-] clients_vitrage.endpoint_type = None log_opt_values /usr/lib/python3/dist-packages/oslo_config/cfg.py:2609
2025-05-29 02:04:01.792 70930 DEBUG oslo_service.service [-] clients_vitrage.insecure = None log_opt_values /usr/lib/python3/dist-packages/oslo_config/cfg.py:2609
2025-05-29 02:04:01.792 70930 DEBUG oslo_service.service [-] clients_vitrage.key_file = None log_opt_values /usr/lib/python3/dist-packages/oslo_config/cfg.py:2609
2025-05-29 02:04:01.792 70930 DEBUG oslo_service.service [-] clients_zaqar.ca_file = None log_opt_values /usr/lib/python3/dist-packages/oslo_config/cfg.py:2609
2025-05-29 02:04:01.792 70930 DEBUG oslo_service.service [-] clients_zaqar.cert_file = None log_opt_values /usr/lib/python3/dist-packages/oslo_config/cfg.py:2609
2025-05-29 02:04:01.793 70930 DEBUG oslo_service.service [-] clients_zaqar.endpoint_type = None log_opt_values /usr/lib/python3/dist-packages/oslo_config/cfg.py:2609
2025-05-29 02:04:01.793 70930 DEBUG oslo_service.service [-] clients_zaqar.insecure = None log_opt_values /usr/lib/python3/dist-packages/oslo_config/cfg.py:2609
2025-05-29 02:04:01.793 70930 DEBUG oslo_service.service [-] clients_zaqar.key_file = None log_opt_values /usr/lib/python3/dist-packages/oslo_config/cfg.py:2609
2025-05-29 02:04:01.793 70930 DEBUG oslo_service.service [-] database.backend = sqlalchemy log_opt_values /usr/lib/python3/dist-packages/oslo_config/cfg.py:2609
2025-05-29 02:04:01.793 70930 DEBUG oslo_service.service [-] database.connection = **** log_opt_values /usr/lib/python3/dist-packages/oslo_config/cfg.py:2609
2025-05-29 02:04:01.793 70930 DEBUG oslo_service.service [-] database.connection_debug = 0 log_opt_values /usr/lib/python3/dist-packages/oslo_config/cfg.py:2609
2025-05-29 02:04:01.794 70930 DEBUG oslo_service.service [-] database.connection_parameters = log_opt_values /usr/lib/python3/dist-packages/oslo_config/cfg.py:2609
2025-05-29 02:04:01.794 70930 DEBUG oslo_service.service [-] database.connection_recycle_time = 3600 log_opt_values /usr/lib/python3/dist-packages/oslo_config/cfg.py:2609
2025-05-29 02:04:01.794 70930 DEBUG oslo_service.service [-] database.connection_trace = False log_opt_values /usr/lib/python3/dist-packages/oslo_config/cfg.py:2609
2025-05-29 02:04:01.794 70930 DEBUG oslo_service.service [-] database.db_inc_retry_interval = True log_opt_values /usr/lib/python3/dist-packages/oslo_config/cfg.py:2609
2025-05-29 02:04:01.794 70930 DEBUG oslo_service.service [-] database.db_max_retries = 20 log_opt_values /usr/lib/python3/dist-packages/oslo_config/cfg.py:2609
2025-05-29 02:04:01.794 70930 DEBUG oslo_service.service [-] database.db_max_retry_interval = 10 log_opt_values /usr/lib/python3/dist-packages/oslo_config/cfg.py:2609
2025-05-29 02:04:01.794 70930 DEBUG oslo_service.service [-] database.db_retry_interval = 1 log_opt_values /usr/lib/python3/dist-packages/oslo_config/cfg.py:2609
2025-05-29 02:04:01.794 70930 DEBUG oslo_service.service [-] database.max_overflow = 50 log_opt_values /usr/lib/python3/dist-packages/oslo_config/cfg.py:2609
2025-05-29 02:04:01.794 70930 DEBUG oslo_service.service [-] database.max_pool_size = 5 log_opt_values /usr/lib/python3/dist-packages/oslo_config/cfg.py:2609
2025-05-29 02:04:01.795 70930 DEBUG oslo_service.service [-] database.max_retries = 10 log_opt_values /usr/lib/python3/dist-packages/oslo_config/cfg.py:2609
2025-05-29 02:04:01.795 70930 DEBUG oslo_service.service [-] database.mysql_enable_ndb = False log_opt_values /usr/lib/python3/dist-packages/oslo_config/cfg.py:2609
2025-05-29 02:04:01.795 70930 DEBUG oslo_service.service [-] database.mysql_sql_mode = TRADITIONAL log_opt_values /usr/lib/python3/dist-packages/oslo_config/cfg.py:2609
2025-05-29 02:04:01.795 70930 DEBUG oslo_service.service [-] database.pool_timeout = None log_opt_values /usr/lib/python3/dist-packages/oslo_config/cfg.py:2609
2025-05-29 02:04:01.795 70930 DEBUG oslo_service.service [-] database.retry_interval = 10 log_opt_values /usr/lib/python3/dist-packages/oslo_config/cfg.py:2609
2025-05-29 02:04:01.795 70930 DEBUG oslo_service.service [-] database.slave_connection = **** log_opt_values /usr/lib/python3/dist-packages/oslo_config/cfg.py:2609
2025-05-29 02:04:01.795 70930 DEBUG oslo_service.service [-] database.sqlite_synchronous = True log_opt_values /usr/lib/python3/dist-packages/oslo_config/cfg.py:2609
2025-05-29 02:04:01.796 70930 DEBUG oslo_service.service [-] database.use_db_reconnect = False log_opt_values /usr/lib/python3/dist-packages/oslo_config/cfg.py:2609
2025-05-29 02:04:01.796 70930 DEBUG oslo_service.service [-] oslo_messaging_metrics.metrics_buffer_size = 1000 log_opt_values /usr/lib/python3/dist-packages/oslo_config/cfg.py:2609
2025-05-29 02:04:01.796 70930 DEBUG oslo_service.service [-] oslo_messaging_metrics.metrics_enabled = False log_opt_values /usr/lib/python3/dist-packages/oslo_config/cfg.py:2609
2025-05-29 02:04:01.796 70930 DEBUG oslo_service.service [-] oslo_messaging_metrics.metrics_process_name = log_opt_values /usr/lib/python3/dist-packages/oslo_config/cfg.py:2609
2025-05-29 02:04:01.796 70930 DEBUG oslo_service.service [-] oslo_messaging_metrics.metrics_socket_file = /var/tmp/metrics_collector.sock log_opt_values /usr/lib/python3/dist-packages/oslo_config/cfg.py:2609
2025-05-29 02:04:01.796 70930 DEBUG oslo_service.service [-] oslo_messaging_metrics.metrics_thread_stop_timeout = 10 log_opt_values /usr/lib/python3/dist-packages/oslo_config/cfg.py:2609
2025-05-29 02:04:01.796 70930 DEBUG oslo_service.service [-] oslo_policy.enforce_new_defaults = False log_opt_values /usr/lib/python3/dist-packages/oslo_config/cfg.py:2609
2025-05-29 02:04:01.797 70930 DEBUG oslo_service.service [-] oslo_policy.enforce_scope = False log_opt_values /usr/lib/python3/dist-packages/oslo_config/cfg.py:2609
2025-05-29 02:04:01.797 70930 DEBUG oslo_service.service [-] oslo_policy.policy_default_rule = default log_opt_values /usr/lib/python3/dist-packages/oslo_config/cfg.py:2609
2025-05-29 02:04:01.797 70930 DEBUG oslo_service.service [-] oslo_policy.policy_dirs = ['policy.d'] log_opt_values /usr/lib/python3/dist-packages/oslo_config/cfg.py:2609
2025-05-29 02:04:01.797 70930 DEBUG oslo_service.service [-] oslo_policy.policy_file = policy.yaml log_opt_values /usr/lib/python3/dist-packages/oslo_config/cfg.py:2609
2025-05-29 02:04:01.798 70930 DEBUG oslo_service.service [-] oslo_policy.remote_content_type = application/x-www-form-urlencoded log_opt_values /usr/lib/python3/dist-packages/oslo_config/cfg.py:2609
2025-05-29 02:04:01.798 70930 DEBUG oslo_service.service [-] oslo_policy.remote_ssl_ca_crt_file = None log_opt_values /usr/lib/python3/dist-packages/oslo_config/cfg.py:2609
2025-05-29 02:04:01.798 70930 DEBUG oslo_service.service [-] oslo_policy.remote_ssl_client_crt_file = None log_opt_values /usr/lib/python3/dist-packages/oslo_config/cfg.py:2609
2025-05-29 02:04:01.798 70930 DEBUG oslo_service.service [-] oslo_policy.remote_ssl_client_key_file = None log_opt_values /usr/lib/python3/dist-packages/oslo_config/cfg.py:2609
2025-05-29 02:04:01.798 70930 DEBUG oslo_service.service [-] oslo_policy.remote_ssl_verify_server_crt = False log_opt_values /usr/lib/python3/dist-packages/oslo_config/cfg.py:2609
2025-05-29 02:04:01.798 70930 DEBUG oslo_service.service [-] trustee.auth_section = None log_opt_values /usr/lib/python3/dist-packages/oslo_config/cfg.py:2609
2025-05-29 02:04:01.799 70930 WARNING oslo_config.cfg [-] Deprecated: Option "auth_plugin" from group "trustee" is deprecated. Use option "auth_type" from group "trustee".
2025-05-29 02:04:01.799 70930 DEBUG oslo_service.service [-] trustee.auth_type = password log_opt_values /usr/lib/python3/dist-packages/oslo_config/cfg.py:2609
2025-05-29 02:04:01.799 70930 DEBUG oslo_service.service [-] oslo_versionedobjects.fatal_exception_format_errors = False log_opt_values /usr/lib/python3/dist-packages/oslo_config/cfg.py:2609
2025-05-29 02:04:01.799 70930 DEBUG oslo_service.service [-] oslo_messaging_rabbit.amqp_auto_delete = False log_opt_values /usr/lib/python3/dist-packages/oslo_config/cfg.py:2609
2025-05-29 02:04:01.799 70930 DEBUG oslo_service.service [-] oslo_messaging_rabbit.amqp_durable_queues = False log_opt_values /usr/lib/python3/dist-packages/oslo_config/cfg.py:2609
2025-05-29 02:04:01.799 70930 DEBUG oslo_service.service [-] oslo_messaging_rabbit.conn_pool_min_size = 2 log_opt_values /usr/lib/python3/dist-packages/oslo_config/cfg.py:2609
2025-05-29 02:04:01.799 70930 DEBUG oslo_service.service [-] oslo_messaging_rabbit.conn_pool_ttl = 1200 log_opt_values /usr/lib/python3/dist-packages/oslo_config/cfg.py:2609
2025-05-29 02:04:01.799 70930 DEBUG oslo_service.service [-] oslo_messaging_rabbit.direct_mandatory_flag = True log_opt_values /usr/lib/python3/dist-packages/oslo_config/cfg.py:2609
2025-05-29 02:04:01.800 70930 DEBUG oslo_service.service [-] oslo_messaging_rabbit.enable_cancel_on_failover = False log_opt_values /usr/lib/python3/dist-packages/oslo_config/cfg.py:2609
2025-05-29 02:04:01.800 70930 DEBUG oslo_service.service [-] oslo_messaging_rabbit.heartbeat_in_pthread = False log_opt_values /usr/lib/python3/dist-packages/oslo_config/cfg.py:2609
2025-05-29 02:04:01.800 70930 DEBUG oslo_service.service [-] oslo_messaging_rabbit.heartbeat_rate = 2 log_opt_values /usr/lib/python3/dist-packages/oslo_config/cfg.py:2609
2025-05-29 02:04:01.800 70930 DEBUG oslo_service.service [-] oslo_messaging_rabbit.heartbeat_timeout_threshold = 60 log_opt_values /usr/lib/python3/dist-packages/oslo_config/cfg.py:2609
2025-05-29 02:04:01.800 70930 DEBUG oslo_service.service [-] oslo_messaging_rabbit.kombu_compression = None log_opt_values /usr/lib/python3/dist-packages/oslo_config/cfg.py:2609
2025-05-29 02:04:01.800 70930 DEBUG oslo_service.service [-] oslo_messaging_rabbit.kombu_failover_strategy = round-robin log_opt_values /usr/lib/python3/dist-packages/oslo_config/cfg.py:2609
2025-05-29 02:04:01.800 70930 DEBUG oslo_service.service [-] oslo_messaging_rabbit.kombu_missing_consumer_retry_timeout = 60 log_opt_values /usr/lib/python3/dist-packages/oslo_config/cfg.py:2609
2025-05-29 02:04:01.800 70930 DEBUG oslo_service.service [-] oslo_messaging_rabbit.kombu_reconnect_delay = 1.0 log_opt_values /usr/lib/python3/dist-packages/oslo_config/cfg.py:2609
2025-05-29 02:04:01.801 70930 DEBUG oslo_service.service [-] oslo_messaging_rabbit.rabbit_ha_queues = False log_opt_values /usr/lib/python3/dist-packages/oslo_config/cfg.py:2609
2025-05-29 02:04:01.801 70930 DEBUG oslo_service.service [-] oslo_messaging_rabbit.rabbit_interval_max = 30 log_opt_values /usr/lib/python3/dist-packages/oslo_config/cfg.py:2609
2025-05-29 02:04:01.801 70930 DEBUG oslo_service.service [-] oslo_messaging_rabbit.rabbit_login_method = AMQPLAIN log_opt_values /usr/lib/python3/dist-packages/oslo_config/cfg.py:2609
2025-05-29 02:04:01.801 70930 DEBUG oslo_service.service [-] oslo_messaging_rabbit.rabbit_qos_prefetch_count = 0 log_opt_values /usr/lib/python3/dist-packages/oslo_config/cfg.py:2609
2025-05-29 02:04:01.801 70930 DEBUG oslo_service.service [-] oslo_messaging_rabbit.rabbit_quorum_queue = False log_opt_values /usr/lib/python3/dist-packages/oslo_config/cfg.py:2609
2025-05-29 02:04:01.801 70930 DEBUG oslo_service.service [-] oslo_messaging_rabbit.rabbit_retry_backoff = 2 log_opt_values /usr/lib/python3/dist-packages/oslo_config/cfg.py:2609
2025-05-29 02:04:01.801 70930 DEBUG oslo_service.service [-] oslo_messaging_rabbit.rabbit_retry_interval = 1 log_opt_values /usr/lib/python3/dist-packages/oslo_config/cfg.py:2609
2025-05-29 02:04:01.802 70930 DEBUG oslo_service.service [-] oslo_messaging_rabbit.rabbit_transient_queues_ttl = 1800 log_opt_values /usr/lib/python3/dist-packages/oslo_config/cfg.py:2609
2025-05-29 02:04:01.802 70930 DEBUG oslo_service.service [-] oslo_messaging_rabbit.rpc_conn_pool_size = 30 log_opt_values /usr/lib/python3/dist-packages/oslo_config/cfg.py:2609
2025-05-29 02:04:01.802 70930 DEBUG oslo_service.service [-] oslo_messaging_rabbit.ssl = False log_opt_values /usr/lib/python3/dist-packages/oslo_config/cfg.py:2609
2025-05-29 02:04:01.802 70930 DEBUG oslo_service.service [-] oslo_messaging_rabbit.ssl_ca_file = log_opt_values /usr/lib/python3/dist-packages/oslo_config/cfg.py:2609
2025-05-29 02:04:01.802 70930 DEBUG oslo_service.service [-] oslo_messaging_rabbit.ssl_cert_file = log_opt_values /usr/lib/python3/dist-packages/oslo_config/cfg.py:2609
2025-05-29 02:04:01.802 70930 DEBUG oslo_service.service [-] oslo_messaging_rabbit.ssl_key_file = log_opt_values /usr/lib/python3/dist-packages/oslo_config/cfg.py:2609
2025-05-29 02:04:01.802 70930 DEBUG oslo_service.service [-] oslo_messaging_rabbit.ssl_version = log_opt_values /usr/lib/python3/dist-packages/oslo_config/cfg.py:2609
2025-05-29 02:04:01.803 70930 DEBUG oslo_service.service [-] oslo_messaging_notifications.driver = [] log_opt_values /usr/lib/python3/dist-packages/oslo_config/cfg.py:2609
2025-05-29 02:04:01.803 70930 DEBUG oslo_service.service [-] oslo_messaging_notifications.retry = -1 log_opt_values /usr/lib/python3/dist-packages/oslo_config/cfg.py:2609
2025-05-29 02:04:01.803 70930 DEBUG oslo_service.service [-] oslo_messaging_notifications.topics = ['notifications'] log_opt_values /usr/lib/python3/dist-packages/oslo_config/cfg.py:2609
2025-05-29 02:04:01.803 70930 DEBUG oslo_service.service [-] oslo_messaging_notifications.transport_url = **** log_opt_values /usr/lib/python3/dist-packages/oslo_config/cfg.py:2609
2025-05-29 02:04:01.804 70930 DEBUG oslo_service.service [-] cache.backend = dogpile.cache.null log_opt_values /usr/lib/python3/dist-packages/oslo_config/cfg.py:2609
2025-05-29 02:04:01.804 70930 DEBUG oslo_service.service [-] cache.backend_argument = **** log_opt_values /usr/lib/python3/dist-packages/oslo_config/cfg.py:2609
2025-05-29 02:04:01.804 70930 DEBUG oslo_service.service [-] cache.config_prefix = cache.oslo log_opt_values /usr/lib/python3/dist-packages/oslo_config/cfg.py:2609
2025-05-29 02:04:01.804 70930 DEBUG oslo_service.service [-] cache.debug_cache_backend = False log_opt_values /usr/lib/python3/dist-packages/oslo_config/cfg.py:2609
2025-05-29 02:04:01.804 70930 DEBUG oslo_service.service [-] cache.enabled = False log_opt_values /usr/lib/python3/dist-packages/oslo_config/cfg.py:2609
2025-05-29 02:04:01.804 70930 DEBUG oslo_service.service [-] cache.expiration_time = 600 log_opt_values /usr/lib/python3/dist-packages/oslo_config/cfg.py:2609
2025-05-29 02:04:01.804 70930 DEBUG oslo_service.service [-] cache.memcache_dead_retry = 300 log_opt_values /usr/lib/python3/dist-packages/oslo_config/cfg.py:2609
2025-05-29 02:04:01.804 70930 DEBUG oslo_service.service [-] cache.memcache_pool_connection_get_timeout = 10 log_opt_values /usr/lib/python3/dist-packages/oslo_config/cfg.py:2609
2025-05-29 02:04:01.805 70930 DEBUG oslo_service.service [-] cache.memcache_pool_flush_on_reconnect = False log_opt_values /usr/lib/python3/dist-packages/oslo_config/cfg.py:2609
2025-05-29 02:04:01.805 70930 DEBUG oslo_service.service [-] cache.memcache_pool_maxsize = 10 log_opt_values /usr/lib/python3/dist-packages/oslo_config/cfg.py:2609
2025-05-29 02:04:01.805 70930 DEBUG oslo_service.service [-] cache.memcache_pool_unused_timeout = 60 log_opt_values /usr/lib/python3/dist-packages/oslo_config/cfg.py:2609
2025-05-29 02:04:01.805 70930 DEBUG oslo_service.service [-] cache.memcache_servers = ['localhost:11211'] log_opt_values /usr/lib/python3/dist-packages/oslo_config/cfg.py:2609
2025-05-29 02:04:01.805 70930 DEBUG oslo_service.service [-] cache.memcache_socket_timeout = 1.0 log_opt_values /usr/lib/python3/dist-packages/oslo_config/cfg.py:2609
2025-05-29 02:04:01.805 70930 DEBUG oslo_service.service [-] cache.proxies = [] log_opt_values /usr/lib/python3/dist-packages/oslo_config/cfg.py:2609
2025-05-29 02:04:01.805 71159 DEBUG oslo_db.sqlalchemy.engines [req-deb8ab29-044d-40d6-b228-8cd6909f3921 - - - - -] MySQL server mode set to STRICT_TRANS_TABLES,STRICT_ALL_TABLES,NO_ZERO_IN_DATE,NO_ZERO_DATE,ERROR_FOR_DIVISION_BY_ZERO,TRADITIONAL,NO_ENGINE_SUBSTITUTION _check_effective_sql_mode /usr/lib/python3/dist-packages/oslo_db/sqlalchemy/engines.py:314
2025-05-29 02:04:01.805 70930 DEBUG oslo_service.service [-] cache.tls_allowed_ciphers = None log_opt_values /usr/lib/python3/dist-packages/oslo_config/cfg.py:2609
2025-05-29 02:04:01.806 70930 DEBUG oslo_service.service [-] cache.tls_cafile = None log_opt_values /usr/lib/python3/dist-packages/oslo_config/cfg.py:2609
2025-05-29 02:04:01.806 70930 DEBUG oslo_service.service [-] cache.tls_certfile = None log_opt_values /usr/lib/python3/dist-packages/oslo_config/cfg.py:2609
2025-05-29 02:04:01.806 70930 DEBUG oslo_service.service [-] cache.tls_enabled = False log_opt_values /usr/lib/python3/dist-packages/oslo_config/cfg.py:2609
2025-05-29 02:04:01.806 70930 DEBUG oslo_service.service [-] cache.tls_keyfile = None log_opt_values /usr/lib/python3/dist-packages/oslo_config/cfg.py:2609
2025-05-29 02:04:01.806 70930 DEBUG oslo_service.service [-] constraint_validation_cache.caching = True log_opt_values /usr/lib/python3/dist-packages/oslo_config/cfg.py:2609
2025-05-29 02:04:01.806 70930 DEBUG oslo_service.service [-] constraint_validation_cache.expiration_time = 60 log_opt_values /usr/lib/python3/dist-packages/oslo_config/cfg.py:2609
2025-05-29 02:04:01.806 70930 DEBUG oslo_service.service [-] service_extension_cache.caching = True log_opt_values /usr/lib/python3/dist-packages/oslo_config/cfg.py:2609
2025-05-29 02:04:01.806 70930 DEBUG oslo_service.service [-] service_extension_cache.expiration_time = 3600 log_opt_values /usr/lib/python3/dist-packages/oslo_config/cfg.py:2609
2025-05-29 02:04:01.806 70930 DEBUG oslo_service.service [-] resource_finder_cache.caching = True log_opt_values /usr/lib/python3/dist-packages/oslo_config/cfg.py:2609
2025-05-29 02:04:01.807 70930 DEBUG oslo_service.service [-] resource_finder_cache.expiration_time = 3600 log_opt_values /usr/lib/python3/dist-packages/oslo_config/cfg.py:2609
2025-05-29 02:04:01.807 70930 DEBUG oslo_service.service [-] yaql.limit_iterators = 200 log_opt_values /usr/lib/python3/dist-packages/oslo_config/cfg.py:2609
2025-05-29 02:04:01.807 70930 DEBUG oslo_service.service [-] yaql.memory_quota = 10000 log_opt_values /usr/lib/python3/dist-packages/oslo_config/cfg.py:2609
2025-05-29 02:04:01.807 70930 DEBUG oslo_service.service [-] ******************************************************************************** log_opt_values /usr/lib/python3/dist-packages/oslo_config/cfg.py:2613
2025-05-29 02:04:01.817 71160 DEBUG oslo_db.sqlalchemy.engines [req-c2843203-01b7-4928-b5c7-98040f446234 - - - - -] MySQL server mode set to STRICT_TRANS_TABLES,STRICT_ALL_TABLES,NO_ZERO_IN_DATE,NO_ZERO_DATE,ERROR_FOR_DIVISION_BY_ZERO,TRADITIONAL,NO_ENGINE_SUBSTITUTION _check_effective_sql_mode /usr/lib/python3/dist-packages/oslo_db/sqlalchemy/engines.py:314
2025-05-29 02:04:01.824 71161 DEBUG oslo_db.sqlalchemy.engines [req-5c56fe05-cc25-4544-a7aa-a38f7bb7961d - - - - -] MySQL server mode set to STRICT_TRANS_TABLES,STRICT_ALL_TABLES,NO_ZERO_IN_DATE,NO_ZERO_DATE,ERROR_FOR_DIVISION_BY_ZERO,TRADITIONAL,NO_ENGINE_SUBSTITUTION _check_effective_sql_mode /usr/lib/python3/dist-packages/oslo_db/sqlalchemy/engines.py:314
2025-05-29 02:04:01.835 71158 DEBUG heat.engine.service [req-97f8930e-4122-4563-bd82-bf58e760f933 - - - - -] Service 006f6e97-1433-415d-bf7c-6e41a07b8bdd was aborted service_manage_cleanup /usr/lib/python3/dist-packages/heat/engine/service.py:2391
2025-05-29 02:04:01.859 71158 DEBUG heat.engine.service [req-97f8930e-4122-4563-bd82-bf58e760f933 - - - - -] Service 06d77199-eca8-42e8-a15b-77d5251a233c was aborted service_manage_cleanup /usr/lib/python3/dist-packages/heat/engine/service.py:2391
2025-05-29 02:04:01.873 71160 DEBUG heat.engine.service [req-c2843203-01b7-4928-b5c7-98040f446234 - - - - -] Service 06d77199-eca8-42e8-a15b-77d5251a233c was aborted service_manage_cleanup /usr/lib/python3/dist-packages/heat/engine/service.py:2391
2025-05-29 02:04:01.877 71158 DEBUG heat.engine.service [req-97f8930e-4122-4563-bd82-bf58e760f933 - - - - -] Service 08303da8-ba04-445a-87a2-c12e8868fcb0 was aborted service_manage_cleanup /usr/lib/python3/dist-packages/heat/engine/service.py:2391
2025-05-29 02:04:01.879 71159 DEBUG heat.engine.service [req-deb8ab29-044d-40d6-b228-8cd6909f3921 - - - - -] Service 06d77199-eca8-42e8-a15b-77d5251a233c was aborted service_manage_cleanup /usr/lib/python3/dist-packages/heat/engine/service.py:2391
2025-05-29 02:04:01.886 71160 DEBUG heat.engine.service [req-c2843203-01b7-4928-b5c7-98040f446234 - - - - -] Service 08303da8-ba04-445a-87a2-c12e8868fcb0 was aborted service_manage_cleanup /usr/lib/python3/dist-packages/heat/engine/service.py:2391
2025-05-29 02:04:01.899 71158 DEBUG heat.engine.service [req-97f8930e-4122-4563-bd82-bf58e760f933 - - - - -] Service 2146aeeb-2be7-439c-a5f1-be593a6fd83d was aborted service_manage_cleanup /usr/lib/python3/dist-packages/heat/engine/service.py:2391
2025-05-29 02:04:01.899 71161 DEBUG heat.engine.service [req-5c56fe05-cc25-4544-a7aa-a38f7bb7961d - - - - -] Service 08303da8-ba04-445a-87a2-c12e8868fcb0 was aborted service_manage_cleanup /usr/lib/python3/dist-packages/heat/engine/service.py:2391
2025-05-29 02:04:01.900 71160 DEBUG heat.engine.service [req-c2843203-01b7-4928-b5c7-98040f446234 - - - - -] Service 2146aeeb-2be7-439c-a5f1-be593a6fd83d was aborted service_manage_cleanup /usr/lib/python3/dist-packages/heat/engine/service.py:2391
2025-05-29 02:04:01.898 71159 DEBUG heat.engine.service [req-deb8ab29-044d-40d6-b228-8cd6909f3921 - - - - -] Service 08303da8-ba04-445a-87a2-c12e8868fcb0 was aborted service_manage_cleanup /usr/lib/python3/dist-packages/heat/engine/service.py:2391
2025-05-29 02:04:01.911 71161 DEBUG heat.engine.service [req-5c56fe05-cc25-4544-a7aa-a38f7bb7961d - - - - -] Service 2146aeeb-2be7-439c-a5f1-be593a6fd83d was aborted service_manage_cleanup /usr/lib/python3/dist-packages/heat/engine/service.py:2391
2025-05-29 02:04:01.915 71159 DEBUG heat.engine.service [req-deb8ab29-044d-40d6-b228-8cd6909f3921 - - - - -] Service 2146aeeb-2be7-439c-a5f1-be593a6fd83d was aborted service_manage_cleanup /usr/lib/python3/dist-packages/heat/engine/service.py:2391
2025-05-29 02:04:01.916 71158 DEBUG heat.engine.service [req-97f8930e-4122-4563-bd82-bf58e760f933 - - - - -] Service 2162c1ae-b5d4-4e9b-b32f-cb4b04a89502 was aborted service_manage_cleanup /usr/lib/python3/dist-packages/heat/engine/service.py:2391
2025-05-29 02:04:01.918 71161 DEBUG heat.engine.service [req-5c56fe05-cc25-4544-a7aa-a38f7bb7961d - - - - -] Service 2162c1ae-b5d4-4e9b-b32f-cb4b04a89502 was aborted service_manage_cleanup /usr/lib/python3/dist-packages/heat/engine/service.py:2391
2025-05-29 02:04:01.917 71160 DEBUG heat.engine.service [req-c2843203-01b7-4928-b5c7-98040f446234 - - - - -] Service 2162c1ae-b5d4-4e9b-b32f-cb4b04a89502 was aborted service_manage_cleanup /usr/lib/python3/dist-packages/heat/engine/service.py:2391
2025-05-29 02:04:01.924 71159 DEBUG heat.engine.service [req-deb8ab29-044d-40d6-b228-8cd6909f3921 - - - - -] Service 2162c1ae-b5d4-4e9b-b32f-cb4b04a89502 was aborted service_manage_cleanup /usr/lib/python3/dist-packages/heat/engine/service.py:2391
2025-05-29 02:04:01.934 71161 DEBUG heat.engine.service [req-5c56fe05-cc25-4544-a7aa-a38f7bb7961d - - - - -] Service 2899a25f-bfe6-4c5c-9180-77aee73f981b was aborted service_manage_cleanup /usr/lib/python3/dist-packages/heat/engine/service.py:2391
2025-05-29 02:04:01.937 71160 DEBUG heat.engine.service [req-c2843203-01b7-4928-b5c7-98040f446234 - - - - -] Service 2899a25f-bfe6-4c5c-9180-77aee73f981b was aborted service_manage_cleanup /usr/lib/python3/dist-packages/heat/engine/service.py:2391
2025-05-29 02:04:01.939 71159 DEBUG heat.engine.service [req-deb8ab29-044d-40d6-b228-8cd6909f3921 - - - - -] Service 2899a25f-bfe6-4c5c-9180-77aee73f981b was aborted service_manage_cleanup /usr/lib/python3/dist-packages/heat/engine/service.py:2391
2025-05-29 02:04:01.942 71158 DEBUG heat.engine.service [req-97f8930e-4122-4563-bd82-bf58e760f933 - - - - -] Service 2899a25f-bfe6-4c5c-9180-77aee73f981b was aborted service_manage_cleanup /usr/lib/python3/dist-packages/heat/engine/service.py:2391
2025-05-29 02:04:01.949 71160 DEBUG heat.engine.service [req-c2843203-01b7-4928-b5c7-98040f446234 - - - - -] Service 719d3251-537a-4513-91eb-bce6f90428fc was aborted service_manage_cleanup /usr/lib/python3/dist-packages/heat/engine/service.py:2391
2025-05-29 02:04:01.949 71161 DEBUG heat.engine.service [req-5c56fe05-cc25-4544-a7aa-a38f7bb7961d - - - - -] Service 719d3251-537a-4513-91eb-bce6f90428fc was aborted service_manage_cleanup /usr/lib/python3/dist-packages/heat/engine/service.py:2391
2025-05-29 02:04:01.950 71158 DEBUG heat.engine.service [req-97f8930e-4122-4563-bd82-bf58e760f933 - - - - -] Service 719d3251-537a-4513-91eb-bce6f90428fc was aborted service_manage_cleanup /usr/lib/python3/dist-packages/heat/engine/service.py:2391
2025-05-29 02:04:01.957 71159 DEBUG heat.engine.service [req-deb8ab29-044d-40d6-b228-8cd6909f3921 - - - - -] Service 719d3251-537a-4513-91eb-bce6f90428fc was aborted service_manage_cleanup /usr/lib/python3/dist-packages/heat/engine/service.py:2391
2025-05-29 02:04:01.965 71158 DEBUG heat.engine.service [req-97f8930e-4122-4563-bd82-bf58e760f933 - - - - -] Service 791b8056-69a8-4ad4-a7e1-b01b7a7821b0 was aborted service_manage_cleanup /usr/lib/python3/dist-packages/heat/engine/service.py:2391
2025-05-29 02:04:01.968 71161 DEBUG heat.engine.service [req-5c56fe05-cc25-4544-a7aa-a38f7bb7961d - - - - -] Service 791b8056-69a8-4ad4-a7e1-b01b7a7821b0 was aborted service_manage_cleanup /usr/lib/python3/dist-packages/heat/engine/service.py:2391
2025-05-29 02:04:01.970 71160 DEBUG heat.engine.service [req-c2843203-01b7-4928-b5c7-98040f446234 - - - - -] Service 791b8056-69a8-4ad4-a7e1-b01b7a7821b0 was aborted service_manage_cleanup /usr/lib/python3/dist-packages/heat/engine/service.py:2391
2025-05-29 02:04:01.972 71159 DEBUG heat.engine.service [req-deb8ab29-044d-40d6-b228-8cd6909f3921 - - - - -] Service 791b8056-69a8-4ad4-a7e1-b01b7a7821b0 was aborted service_manage_cleanup /usr/lib/python3/dist-packages/heat/engine/service.py:2391
2025-05-29 02:04:01.985 71158 DEBUG heat.engine.service [req-97f8930e-4122-4563-bd82-bf58e760f933 - - - - -] Service b149586b-ef02-40e8-a5f8-cc72b81c94b3 was aborted service_manage_cleanup /usr/lib/python3/dist-packages/heat/engine/service.py:2391
2025-05-29 02:04:01.990 71161 DEBUG heat.engine.service [req-5c56fe05-cc25-4544-a7aa-a38f7bb7961d - - - - -] Service b149586b-ef02-40e8-a5f8-cc72b81c94b3 was aborted service_manage_cleanup /usr/lib/python3/dist-packages/heat/engine/service.py:2391
2025-05-29 02:04:01.992 71160 DEBUG heat.engine.service [req-c2843203-01b7-4928-b5c7-98040f446234 - - - - -] Service b149586b-ef02-40e8-a5f8-cc72b81c94b3 was aborted service_manage_cleanup /usr/lib/python3/dist-packages/heat/engine/service.py:2391
2025-05-29 02:04:01.993 71159 DEBUG heat.engine.service [req-deb8ab29-044d-40d6-b228-8cd6909f3921 - - - - -] Service b149586b-ef02-40e8-a5f8-cc72b81c94b3 was aborted service_manage_cleanup /usr/lib/python3/dist-packages/heat/engine/service.py:2391
2025-05-29 02:04:02.010 71161 DEBUG heat.engine.service [req-5c56fe05-cc25-4544-a7aa-a38f7bb7961d - - - - -] Service bd045b8c-ccab-4a30-9a1a-5a04cb4bd6cd was aborted service_manage_cleanup /usr/lib/python3/dist-packages/heat/engine/service.py:2391
2025-05-29 02:04:02.012 71159 DEBUG heat.engine.service [req-deb8ab29-044d-40d6-b228-8cd6909f3921 - - - - -] Service bd045b8c-ccab-4a30-9a1a-5a04cb4bd6cd was aborted service_manage_cleanup /usr/lib/python3/dist-packages/heat/engine/service.py:2391
2025-05-29 02:04:02.014 71160 DEBUG heat.engine.service [req-c2843203-01b7-4928-b5c7-98040f446234 - - - - -] Service bd045b8c-ccab-4a30-9a1a-5a04cb4bd6cd was aborted service_manage_cleanup /usr/lib/python3/dist-packages/heat/engine/service.py:2391
2025-05-29 02:04:02.016 71158 DEBUG heat.engine.service [req-97f8930e-4122-4563-bd82-bf58e760f933 - - - - -] Service bd045b8c-ccab-4a30-9a1a-5a04cb4bd6cd was aborted service_manage_cleanup /usr/lib/python3/dist-packages/heat/engine/service.py:2391
2025-05-29 02:04:02.028 71161 DEBUG heat.engine.service [req-5c56fe05-cc25-4544-a7aa-a38f7bb7961d - - - - -] Service c0f5c9cf-8e04-4c8a-af39-a0ec7027fea4 was aborted service_manage_cleanup /usr/lib/python3/dist-packages/heat/engine/service.py:2391
2025-05-29 02:04:02.030 71159 DEBUG heat.engine.service [req-deb8ab29-044d-40d6-b228-8cd6909f3921 - - - - -] Service c0f5c9cf-8e04-4c8a-af39-a0ec7027fea4 was aborted service_manage_cleanup /usr/lib/python3/dist-packages/heat/engine/service.py:2391
2025-05-29 02:04:02.031 71160 DEBUG heat.engine.service [req-c2843203-01b7-4928-b5c7-98040f446234 - - - - -] Service c0f5c9cf-8e04-4c8a-af39-a0ec7027fea4 was aborted service_manage_cleanup /usr/lib/python3/dist-packages/heat/engine/service.py:2391
2025-05-29 02:04:02.032 71158 DEBUG heat.engine.service [req-97f8930e-4122-4563-bd82-bf58e760f933 - - - - -] Service c0f5c9cf-8e04-4c8a-af39-a0ec7027fea4 was aborted service_manage_cleanup /usr/lib/python3/dist-packages/heat/engine/service.py:2391
2025-05-29 02:04:02.046 71159 DEBUG heat.engine.service [req-deb8ab29-044d-40d6-b228-8cd6909f3921 - - - - -] Service d0c2a348-fa52-4ff2-b6cb-5c56c8697011 was aborted service_manage_cleanup /usr/lib/python3/dist-packages/heat/engine/service.py:2391
2025-05-29 02:04:02.047 71160 DEBUG heat.engine.service [req-c2843203-01b7-4928-b5c7-98040f446234 - - - - -] Service d0c2a348-fa52-4ff2-b6cb-5c56c8697011 was aborted service_manage_cleanup /usr/lib/python3/dist-packages/heat/engine/service.py:2391
2025-05-29 02:04:02.049 71161 DEBUG heat.engine.service [req-5c56fe05-cc25-4544-a7aa-a38f7bb7961d - - - - -] Service d0c2a348-fa52-4ff2-b6cb-5c56c8697011 was aborted service_manage_cleanup /usr/lib/python3/dist-packages/heat/engine/service.py:2391
2025-05-29 02:04:02.050 71158 DEBUG heat.engine.service [req-97f8930e-4122-4563-bd82-bf58e760f933 - - - - -] Service d0c2a348-fa52-4ff2-b6cb-5c56c8697011 was aborted service_manage_cleanup /usr/lib/python3/dist-packages/heat/engine/service.py:2391
2025-05-29 02:04:02.081 71161 DEBUG heat.engine.service [req-c6739dd3-edff-460e-ab56-1ddf76008a66 - - - - -] Service 04a21122-4d87-47a9-a5fe-336cc07afc31 is started service_manage_report /usr/lib/python3/dist-packages/heat/engine/service.py:2363
2025-05-29 02:04:02.092 71160 DEBUG heat.engine.service [req-49c116fb-0b16-4735-bf8b-80fccea5c80b - - - - -] Service bafdb50b-6ebb-4cde-89f8-bdebefa5c6ee is started service_manage_report /usr/lib/python3/dist-packages/heat/engine/service.py:2363
2025-05-29 02:04:02.112 71161 DEBUG heat.engine.service [req-c6739dd3-edff-460e-ab56-1ddf76008a66 - - - - -] Service 04a21122-4d87-47a9-a5fe-336cc07afc31 is updated service_manage_report /usr/lib/python3/dist-packages/heat/engine/service.py:2370
2025-05-29 02:04:02.114 71160 DEBUG heat.engine.service [req-49c116fb-0b16-4735-bf8b-80fccea5c80b - - - - -] Service bafdb50b-6ebb-4cde-89f8-bdebefa5c6ee is updated service_manage_report /usr/lib/python3/dist-packages/heat/engine/service.py:2370
2025-05-29 02:04:02.114 71158 DEBUG heat.engine.service [req-829a0924-55c1-4812-b672-136a9d968737 - - - - -] Service 695bc3c0-596c-4492-b02f-7e3c88f3a043 is started service_manage_report /usr/lib/python3/dist-packages/heat/engine/service.py:2363
2025-05-29 02:04:02.119 71159 DEBUG heat.engine.service [req-6dce4ead-6743-43d6-abc6-e9fb52a8b325 - - - - -] Service 2e9f0ae5-86ac-4b33-9d72-e9de5cc30807 is started service_manage_report /usr/lib/python3/dist-packages/heat/engine/service.py:2363
2025-05-29 02:04:02.136 71159 DEBUG heat.engine.service [req-6dce4ead-6743-43d6-abc6-e9fb52a8b325 - - - - -] Service 2e9f0ae5-86ac-4b33-9d72-e9de5cc30807 is updated service_manage_report /usr/lib/python3/dist-packages/heat/engine/service.py:2370
2025-05-29 02:04:02.138 71158 DEBUG heat.engine.service [req-829a0924-55c1-4812-b672-136a9d968737 - - - - -] Service 695bc3c0-596c-4492-b02f-7e3c88f3a043 is updated service_manage_report /usr/lib/python3/dist-packages/heat/engine/service.py:2370
2025-05-29 02:05:02.079 71161 DEBUG heat.engine.service [req-5bdb80a2-7411-4bb3-aea5-163cd7c289f4 - - - - -] Service 04a21122-4d87-47a9-a5fe-336cc07afc31 is updated service_manage_report /usr/lib/python3/dist-packages/heat/engine/service.py:2370
2025-05-29 02:05:02.094 71158 DEBUG heat.engine.service [req-a09567e9-3cf0-4662-81d4-5630c91ef5cc - - - - -] Service 695bc3c0-596c-4492-b02f-7e3c88f3a043 is updated service_manage_report /usr/lib/python3/dist-packages/heat/engine/service.py:2370
2025-05-29 02:05:02.097 71160 DEBUG heat.engine.service [req-320cdddf-9f55-4303-a8f0-e6c80a77f1e0 - - - - -] Service bafdb50b-6ebb-4cde-89f8-bdebefa5c6ee is updated service_manage_report /usr/lib/python3/dist-packages/heat/engine/service.py:2370
2025-05-29 02:05:02.097 71159 DEBUG heat.engine.service [req-5744a63f-68e4-4e01-a035-b5498ccf6fd9 - - - - -] Service 2e9f0ae5-86ac-4b33-9d72-e9de5cc30807 is updated service_manage_report /usr/lib/python3/dist-packages/heat/engine/service.py:2370
2025-05-29 02:05:15.287 71158 DEBUG heat.engine.service [-] Attempting to stop engine service... _stop_rpc_server /usr/lib/python3/dist-packages/heat/engine/service.py:437
2025-05-29 02:05:15.287 71160 DEBUG heat.engine.service [-] Attempting to stop engine service... _stop_rpc_server /usr/lib/python3/dist-packages/heat/engine/service.py:437
2025-05-29 02:05:15.286 71159 DEBUG heat.engine.service [-] Attempting to stop engine service... _stop_rpc_server /usr/lib/python3/dist-packages/heat/engine/service.py:437
2025-05-29 02:05:15.290 71161 DEBUG heat.engine.service [-] Attempting to stop engine service... _stop_rpc_server /usr/lib/python3/dist-packages/heat/engine/service.py:437
2025-05-29 02:05:15.295 70930 INFO oslo_service.service [-] Caught SIGTERM, stopping children
2025-05-29 02:05:15.296 70930 DEBUG oslo_concurrency.lockutils [-] Acquired lock "singleton_lock" lock /usr/lib/python3/dist-packages/oslo_concurrency/lockutils.py:294
2025-05-29 02:05:15.296 70930 DEBUG oslo_concurrency.lockutils [-] Releasing lock "singleton_lock" lock /usr/lib/python3/dist-packages/oslo_concurrency/lockutils.py:312
2025-05-29 02:05:15.296 70930 DEBUG oslo_service.service [-] Stop services. stop /usr/lib/python3/dist-packages/oslo_service/service.py:695
2025-05-29 02:05:15.297 70930 INFO heat.engine.service [-] All threads were gone, terminating engine
2025-05-29 02:05:15.297 70930 DEBUG oslo_service.service [-] Killing children. stop /usr/lib/python3/dist-packages/oslo_service/service.py:700
2025-05-29 02:05:15.297 70930 INFO oslo_service.service [-] Waiting on 4 children to exit
2025-05-29 02:05:15.311 70930 INFO oslo_service.service [-] Child 71158 killed by signal 15
2025-05-29 02:05:15.324 70930 INFO oslo_service.service [-] Child 71159 killed by signal 15
2025-05-29 02:05:15.324 70930 INFO oslo_service.service [-] Child 71161 killed by signal 15
2025-05-29 02:05:15.338 70930 INFO oslo_service.service [-] Child 71160 killed by signal 15
2025-05-29 02:05:17.777 72521 DEBUG oslo_concurrency.lockutils [-] Lock "context-manager" acquired by "neutron_lib.db.api._create_context_manager" :: waited 0.000s inner /usr/lib/python3/dist-packages/oslo_concurrency/lockutils.py:386
2025-05-29 02:05:17.779 72521 DEBUG oslo_concurrency.lockutils [-] Lock "context-manager" "released" by "neutron_lib.db.api._create_context_manager" :: held 0.002s inner /usr/lib/python3/dist-packages/oslo_concurrency/lockutils.py:400
2025-05-29 02:05:20.766 72521 WARNING heat.engine.environment [-] OS::Aodh::Alarm is DEPRECATED. Theshold alarm relies on ceilometer-api and has been deprecated in aodh since Ocata. Use OS::Aodh::GnocchiAggregationByResourcesAlarm instead.
2025-05-29 02:05:20.766 72521 WARNING heat.engine.environment [-] OS::Aodh::CombinationAlarm is HIDDEN. OS::Aodh::CombinationAlarm is deprecated and has been removed from Aodh, use OS::Aodh::CompositeAlarm instead.
2025-05-29 02:05:20.767 72521 WARNING heat.engine.environment [-] OS::Designate::Domain is HIDDEN. This resource has been removed, use OS::Designate::Zone instead.
2025-05-29 02:05:20.767 72521 WARNING heat.engine.environment [-] OS::Designate::Record is HIDDEN. This resource has been removed, use OS::Designate::RecordSet instead.
2025-05-29 02:05:20.767 72521 WARNING heat.engine.environment [-] OS::Glance::Image is DEPRECATED. Creating a Glance Image based on an existing URL location requires the Glance v1 API, which is deprecated.
2025-05-29 02:05:20.767 72521 WARNING heat.engine.environment [-] OS::Heat::HARestarter is HIDDEN. The HARestarter resource type has been removed. Existing stacks containing HARestarter resources can still be used, but the HARestarter resource will be a placeholder that does nothing.
2025-05-29 02:05:20.768 72521 WARNING heat.engine.environment [-] OS::Heat::SoftwareDeployments is HIDDEN. Please use OS::Heat::SoftwareDeploymentGroup instead.
2025-05-29 02:05:20.768 72521 WARNING heat.engine.environment [-] OS::Heat::StructuredDeployments is HIDDEN. Please use OS::Heat::StructuredDeploymentGroup instead.
2025-05-29 02:05:20.768 72521 WARNING heat.engine.environment [-] OS::Magnum::Bay is HIDDEN. Please use OS::Magnum::Cluster instead.
2025-05-29 02:05:20.768 72521 WARNING heat.engine.environment [-] OS::Magnum::BayModel is HIDDEN. Please use OS::Magnum::ClusterTemplate instead.
2025-05-29 02:05:20.768 72521 WARNING heat.engine.environment [-] OS::Neutron::ExtraRoute is UNSUPPORTED. Use this resource at your own risk.
2025-05-29 02:05:20.769 72521 WARNING heat.engine.environment [-] OS::Neutron::HealthMonitor is HIDDEN. Use LBaaS V2 instead.
2025-05-29 02:05:20.769 72521 WARNING heat.engine.environment [-] OS::Neutron::Pool is HIDDEN. Use LBaaS V2 instead.
2025-05-29 02:05:20.769 72521 WARNING heat.engine.environment [-] OS::Neutron::PoolMember is HIDDEN. Use LBaaS V2 instead.
2025-05-29 02:05:20.769 72521 WARNING heat.engine.environment [-] OS::Neutron::LoadBalancer is HIDDEN. Use LBaaS V2 instead.
2025-05-29 02:05:20.769 72521 WARNING heat.engine.environment [-] OS::Neutron::RouterGateway is HIDDEN. Use the `external_gateway_info` property in the router resource to set up the gateway.
2025-05-29 02:05:20.770 72521 WARNING heat.engine.environment [-] OS::Nova::FloatingIP is HIDDEN. Please use OS::Neutron::FloatingIP instead.
2025-05-29 02:05:20.770 72521 WARNING heat.engine.environment [-] OS::Nova::FloatingIPAssociation is HIDDEN. Please use OS::Neutron::FloatingIPAssociation instead.
2025-05-29 02:05:20.772 72521 INFO heat.engine.environment [-] Loading /etc/heat/environment.d/default.yaml
2025-05-29 02:05:20.773 72521 INFO heat.engine.environment [-] Registered: [Plugin](User:False) AWS::AutoScaling::AutoScalingGroup ->
2025-05-29 02:05:20.774 72521 INFO heat.engine.environment [-] Registered: [Plugin](User:False) AWS::AutoScaling::LaunchConfiguration ->
2025-05-29 02:05:20.774 72521 INFO heat.engine.environment [-] Registered: [Plugin](User:False) AWS::AutoScaling::ScalingPolicy ->
2025-05-29 02:05:20.774 72521 INFO heat.engine.environment [-] Registered: [Plugin](User:False) AWS::CloudFormation::Stack ->
2025-05-29 02:05:20.774 72521 INFO heat.engine.environment [-] Registered: [Plugin](User:False) AWS::CloudFormation::WaitCondition ->
2025-05-29 02:05:20.774 72521 INFO heat.engine.environment [-] Registered: [Plugin](User:False) AWS::CloudFormation::WaitConditionHandle ->
2025-05-29 02:05:20.774 72521 INFO heat.engine.environment [-] Registered: [Plugin](User:False) AWS::EC2::EIP ->
2025-05-29 02:05:20.774 72521 INFO heat.engine.environment [-] Registered: [Plugin](User:False) AWS::EC2::EIPAssociation ->
2025-05-29 02:05:20.774 72521 INFO heat.engine.environment [-] Registered: [Plugin](User:False) AWS::EC2::Instance ->
2025-05-29 02:05:20.774 72521 INFO heat.engine.environment [-] Registered: [Plugin](User:False) AWS::EC2::InternetGateway ->
2025-05-29 02:05:20.774 72521 INFO heat.engine.environment [-] Registered: [Plugin](User:False) AWS::EC2::VPCGatewayAttachment ->
2025-05-29 02:05:20.775 72521 INFO heat.engine.environment [-] Registered: [Plugin](User:False) AWS::EC2::NetworkInterface ->
2025-05-29 02:05:20.775 72521 INFO heat.engine.environment [-] Registered: [Plugin](User:False) AWS::EC2::RouteTable ->
2025-05-29 02:05:20.775 72521 INFO heat.engine.environment [-] Registered: [Plugin](User:False) AWS::EC2::SubnetRouteTableAssociation ->
2025-05-29 02:05:20.775 72521 INFO heat.engine.environment [-] Registered: [Plugin](User:False) AWS::EC2::SecurityGroup ->
2025-05-29 02:05:20.775 72521 INFO heat.engine.environment [-] Registered: [Plugin](User:False) AWS::EC2::Subnet ->
2025-05-29 02:05:20.775 72521 INFO heat.engine.environment [-] Registered: [Plugin](User:False) AWS::EC2::Volume ->
2025-05-29 02:05:20.775 72521 INFO heat.engine.environment [-] Registered: [Plugin](User:False) AWS::EC2::VolumeAttachment ->
2025-05-29 02:05:20.775 72521 INFO heat.engine.environment [-] Registered: [Plugin](User:False) AWS::EC2::VPC ->
2025-05-29 02:05:20.775 72521 INFO heat.engine.environment [-] Registered: [Plugin](User:False) AWS::IAM::User ->
2025-05-29 02:05:20.775 72521 INFO heat.engine.environment [-] Registered: [Plugin](User:False) AWS::IAM::AccessKey ->
2025-05-29 02:05:20.775 72521 INFO heat.engine.environment [-] Registered: [Plugin](User:False) AWS::ElasticLoadBalancing::LoadBalancer ->
2025-05-29 02:05:20.776 72521 INFO heat.engine.environment [-] Registered: [Plugin](User:False) AWS::S3::Bucket ->
2025-05-29 02:05:20.776 72521 INFO heat.engine.environment [-] Registered: [Plugin](User:False) OS::Aodh::Alarm ->
2025-05-29 02:05:20.776 72521 INFO heat.engine.environment [-] Registered: [Plugin](User:False) OS::Aodh::CombinationAlarm ->
2025-05-29 02:05:20.776 72521 INFO heat.engine.environment [-] Registered: [Plugin](User:False) OS::Aodh::EventAlarm ->
2025-05-29 02:05:20.776 72521 INFO heat.engine.environment [-] Registered: [Plugin](User:False) OS::Aodh::LBMemberHealthAlarm ->
2025-05-29 02:05:20.776 72521 INFO heat.engine.environment [-] Registered: [Plugin](User:False) OS::Aodh::CompositeAlarm ->
2025-05-29 02:05:20.776 72521 INFO heat.engine.environment [-] Registered: [Plugin](User:False) OS::Aodh::GnocchiResourcesAlarm ->
2025-05-29 02:05:20.776 72521 INFO heat.engine.environment [-] Registered: [Plugin](User:False) OS::Aodh::GnocchiAggregationByMetricsAlarm ->
