2025-05-29 02:22:28.318 7 DEBUG oslo_service.service [-] ml2_type_gre.tunnel_id_ranges = [] log_opt_values /var/lib/kolla/venv/lib/python3.6/site-packages/oslo_config/cfg.py:2611
2025-05-29 02:22:28.318 7 DEBUG oslo_service.service [-] ml2_type_vlan.network_vlan_ranges = [] log_opt_values /var/lib/kolla/venv/lib/python3.6/site-packages/oslo_config/cfg.py:2611
2025-05-29 02:22:28.318 7 DEBUG oslo_service.service [-] ml2_type_vxlan.vni_ranges = [] log_opt_values /var/lib/kolla/venv/lib/python3.6/site-packages/oslo_config/cfg.py:2611
2025-05-29 02:22:28.318 7 DEBUG oslo_service.service [-] ml2_type_vxlan.vxlan_group = None log_opt_values /var/lib/kolla/venv/lib/python3.6/site-packages/oslo_config/cfg.py:2611
2025-05-29 02:22:28.318 7 DEBUG oslo_service.service [-] database.backend = sqlalchemy log_opt_values /var/lib/kolla/venv/lib/python3.6/site-packages/oslo_config/cfg.py:2611
2025-05-29 02:22:28.318 7 DEBUG oslo_service.service [-] database.connection = **** log_opt_values /var/lib/kolla/venv/lib/python3.6/site-packages/oslo_config/cfg.py:2611
2025-05-29 02:22:28.318 7 DEBUG oslo_service.service [-] database.connection_debug = 0 log_opt_values /var/lib/kolla/venv/lib/python3.6/site-packages/oslo_config/cfg.py:2611
2025-05-29 02:22:28.318 7 DEBUG oslo_service.service [-] database.connection_parameters = log_opt_values /var/lib/kolla/venv/lib/python3.6/site-packages/oslo_config/cfg.py:2611
2025-05-29 02:22:28.318 7 DEBUG oslo_service.service [-] database.connection_recycle_time = 10 log_opt_values /var/lib/kolla/venv/lib/python3.6/site-packages/oslo_config/cfg.py:2611
2025-05-29 02:22:28.318 7 DEBUG oslo_service.service [-] database.connection_trace = False log_opt_values /var/lib/kolla/venv/lib/python3.6/site-packages/oslo_config/cfg.py:2611
2025-05-29 02:22:28.318 7 DEBUG oslo_service.service [-] database.db_inc_retry_interval = True log_opt_values /var/lib/kolla/venv/lib/python3.6/site-packages/oslo_config/cfg.py:2611
2025-05-29 02:22:28.318 7 DEBUG oslo_service.service [-] database.db_max_retries = 20 log_opt_values /var/lib/kolla/venv/lib/python3.6/site-packages/oslo_config/cfg.py:2611
2025-05-29 02:22:28.318 7 DEBUG oslo_service.service [-] database.db_max_retry_interval = 10 log_opt_values /var/lib/kolla/venv/lib/python3.6/site-packages/oslo_config/cfg.py:2611
2025-05-29 02:22:28.318 7 DEBUG oslo_service.service [-] database.db_retry_interval = 1 log_opt_values /var/lib/kolla/venv/lib/python3.6/site-packages/oslo_config/cfg.py:2611
2025-05-29 02:22:28.318 7 DEBUG oslo_service.service [-] database.max_overflow = 50 log_opt_values /var/lib/kolla/venv/lib/python3.6/site-packages/oslo_config/cfg.py:2611
2025-05-29 02:22:28.319 7 DEBUG oslo_service.service [-] database.max_pool_size = 1 log_opt_values /var/lib/kolla/venv/lib/python3.6/site-packages/oslo_config/cfg.py:2611
2025-05-29 02:22:28.319 7 DEBUG oslo_service.service [-] database.max_retries = -1 log_opt_values /var/lib/kolla/venv/lib/python3.6/site-packages/oslo_config/cfg.py:2611
2025-05-29 02:22:28.319 7 DEBUG oslo_service.service [-] database.mysql_enable_ndb = False log_opt_values /var/lib/kolla/venv/lib/python3.6/site-packages/oslo_config/cfg.py:2611
2025-05-29 02:22:28.319 7 DEBUG oslo_service.service [-] database.mysql_sql_mode = TRADITIONAL log_opt_values /var/lib/kolla/venv/lib/python3.6/site-packages/oslo_config/cfg.py:2611
2025-05-29 02:22:28.319 7 DEBUG oslo_service.service [-] database.pool_timeout = None log_opt_values /var/lib/kolla/venv/lib/python3.6/site-packages/oslo_config/cfg.py:2611
2025-05-29 02:22:28.319 7 DEBUG oslo_service.service [-] database.retry_interval = 10 log_opt_values /var/lib/kolla/venv/lib/python3.6/site-packages/oslo_config/cfg.py:2611
2025-05-29 02:22:28.319 7 DEBUG oslo_service.service [-] database.slave_connection = **** log_opt_values /var/lib/kolla/venv/lib/python3.6/site-packages/oslo_config/cfg.py:2611
2025-05-29 02:22:28.319 7 DEBUG oslo_service.service [-] database.sqlite_synchronous = True log_opt_values /var/lib/kolla/venv/lib/python3.6/site-packages/oslo_config/cfg.py:2611
2025-05-29 02:22:28.319 7 DEBUG oslo_service.service [-] database.use_db_reconnect = False log_opt_values /var/lib/kolla/venv/lib/python3.6/site-packages/oslo_config/cfg.py:2611
2025-05-29 02:22:28.319 7 DEBUG oslo_service.service [-] ******************************************************************************** log_opt_values /var/lib/kolla/venv/lib/python3.6/site-packages/oslo_config/cfg.py:2613
2025-05-29 02:22:30.319 22 DEBUG neutron.wsgi [-] (22) accepted ('10.0.0.38', 37678) server /var/lib/kolla/venv/lib/python3.6/site-packages/eventlet/wsgi.py:1004
2025-05-29 02:22:30.325 22 INFO neutron.wsgi [-] 10.0.0.38 "GET / HTTP/1.1" status: 200 len: 227 time: 0.0048664
2025-05-29 02:22:32.590 25 DEBUG neutron.api.rpc.handlers.dhcp_rpc [req-d67f1f52-4261-46c2-ad0d-b866f70550c6 - - - - -] get_active_networks_info from cn-jenkins-deploy-platform-ansible-os-3362-1 get_active_networks_info /var/lib/kolla/venv/lib/python3.6/site-packages/neutron/api/rpc/handlers/dhcp_rpc.py:159
2025-05-29 02:22:32.613 26 DEBUG neutron_lib.callbacks.manager [req-6dc0e742-add8-4723-8e95-198e5dede91f - - - - -] Publish callbacks ['neutron.services.segments.db._update_segment_host_mapping_for_agent-8781727026240', 'neutron.services.l3_router.l3_router_plugin.DVRResourceOperationHandler.create_fip_agent_gw_ports-465853'] for agent (153932d2-70e8-4a25-bc49-a8448ec5a6b4), after_create _notify_loop /var/lib/kolla/venv/lib/python3.6/site-packages/neutron_lib/callbacks/manager.py:177
2025-05-29 02:22:32.628 25 DEBUG neutron.scheduler.dhcp_agent_scheduler [req-d67f1f52-4261-46c2-ad0d-b866f70550c6 - - - - -] No non-hosted networks auto_schedule_networks /var/lib/kolla/venv/lib/python3.6/site-packages/neutron/scheduler/dhcp_agent_scheduler.py:60
2025-05-29 02:22:50.273 28 DEBUG neutron_lib.callbacks.manager [req-61a8f1ab-caea-4999-bf5e-ae96f26c218c - - - - -] Publish callbacks ['neutron.services.segments.db._update_segment_host_mapping_for_agent-8781727026240', 'neutron.services.l3_router.l3_router_plugin.DVRResourceOperationHandler.create_fip_agent_gw_ports-465853'] for agent (421bae0d-63d8-463e-99c3-75bb4dba1906), after_create _notify_loop /var/lib/kolla/venv/lib/python3.6/site-packages/neutron_lib/callbacks/manager.py:177
2025-05-29 02:23:00.367 22 DEBUG neutron.wsgi [-] (22) accepted ('10.0.0.38', 49472) server /var/lib/kolla/venv/lib/python3.6/site-packages/eventlet/wsgi.py:1004
2025-05-29 02:23:00.370 22 INFO neutron.wsgi [-] 10.0.0.38 "GET / HTTP/1.1" status: 200 len: 227 time: 0.0028903
2025-05-29 02:23:02.588 25 DEBUG neutron_lib.callbacks.manager [req-7bd1b802-c609-4544-8f79-081f77b6131e - - - - -] Publish callbacks ['neutron.services.segments.db._update_segment_host_mapping_for_agent-8781727026240', 'neutron.plugins.ml2.plugin.Ml2Plugin._retry_binding_revived_agents--9223372036847112261'] for agent (153932d2-70e8-4a25-bc49-a8448ec5a6b4), after_update _notify_loop /var/lib/kolla/venv/lib/python3.6/site-packages/neutron_lib/callbacks/manager.py:177
2025-05-29 02:23:20.258 24 DEBUG neutron_lib.callbacks.manager [req-61a8f1ab-caea-4999-bf5e-ae96f26c218c - - - - -] Publish callbacks ['neutron.services.segments.db._update_segment_host_mapping_for_agent-8781727026240', 'neutron.plugins.ml2.plugin.Ml2Plugin._retry_binding_revived_agents--9223372036847112261'] for agent (421bae0d-63d8-463e-99c3-75bb4dba1906), after_update _notify_loop /var/lib/kolla/venv/lib/python3.6/site-packages/neutron_lib/callbacks/manager.py:177
2025-05-29 02:23:30.411 22 DEBUG neutron.wsgi [-] (22) accepted ('10.0.0.38', 39108) server /var/lib/kolla/venv/lib/python3.6/site-packages/eventlet/wsgi.py:1004
2025-05-29 02:23:30.415 22 INFO neutron.wsgi [-] 10.0.0.38 "GET / HTTP/1.1" status: 200 len: 227 time: 0.0025213
2025-05-29 02:23:32.596 23 DEBUG neutron_lib.callbacks.manager [req-110a8739-2927-4e0e-82bc-f2e60e867bff - - - - -] Publish callbacks ['neutron.services.segments.db._update_segment_host_mapping_for_agent-8781727026240', 'neutron.plugins.ml2.plugin.Ml2Plugin._retry_binding_revived_agents--9223372036847112261'] for agent (153932d2-70e8-4a25-bc49-a8448ec5a6b4), after_update _notify_loop /var/lib/kolla/venv/lib/python3.6/site-packages/neutron_lib/callbacks/manager.py:177
2025-05-29 02:23:38.283 29 DEBUG neutron.db.agents_db [req-4a0875a8-8dd7-485a-b7cf-a2666d72e71f - - - - -] Agent healthcheck: found 2 active agents agent_health_check /var/lib/kolla/venv/lib/python3.6/site-packages/neutron/db/agents_db.py:318
2025-05-29 02:23:50.260 27 DEBUG neutron_lib.callbacks.manager [req-61a8f1ab-caea-4999-bf5e-ae96f26c218c - - - - -] Publish callbacks ['neutron.services.segments.db._update_segment_host_mapping_for_agent-8781727026240', 'neutron.plugins.ml2.plugin.Ml2Plugin._retry_binding_revived_agents--9223372036847112261'] for agent (421bae0d-63d8-463e-99c3-75bb4dba1906), after_update _notify_loop /var/lib/kolla/venv/lib/python3.6/site-packages/neutron_lib/callbacks/manager.py:177
2025-05-29 02:24:00.457 22 DEBUG neutron.wsgi [-] (22) accepted ('10.0.0.38', 51758) server /var/lib/kolla/venv/lib/python3.6/site-packages/eventlet/wsgi.py:1004
2025-05-29 02:24:00.461 22 INFO neutron.wsgi [-] 10.0.0.38 "GET / HTTP/1.1" status: 200 len: 227 time: 0.0025516
2025-05-29 02:24:02.586 26 DEBUG neutron_lib.callbacks.manager [req-d3bc5c21-50c7-468e-addd-45331500e9e4 - - - - -] Publish callbacks ['neutron.services.segments.db._update_segment_host_mapping_for_agent-8781727026240', 'neutron.plugins.ml2.plugin.Ml2Plugin._retry_binding_revived_agents--9223372036847112261'] for agent (153932d2-70e8-4a25-bc49-a8448ec5a6b4), after_update _notify_loop /var/lib/kolla/venv/lib/python3.6/site-packages/neutron_lib/callbacks/manager.py:177
2025-05-29 02:24:15.280 29 DEBUG neutron.db.agents_db [req-4a0875a8-8dd7-485a-b7cf-a2666d72e71f - - - - -] Agent healthcheck: found 2 active agents agent_health_check /var/lib/kolla/venv/lib/python3.6/site-packages/neutron/db/agents_db.py:318
2025-05-29 02:24:20.249 28 DEBUG neutron_lib.callbacks.manager [req-61a8f1ab-caea-4999-bf5e-ae96f26c218c - - - - -] Publish callbacks ['neutron.services.segments.db._update_segment_host_mapping_for_agent-8781727026240', 'neutron.plugins.ml2.plugin.Ml2Plugin._retry_binding_revived_agents--9223372036847112261'] for agent (421bae0d-63d8-463e-99c3-75bb4dba1906), after_update _notify_loop /var/lib/kolla/venv/lib/python3.6/site-packages/neutron_lib/callbacks/manager.py:177
2025-05-29 02:24:30.502 22 DEBUG neutron.wsgi [-] (22) accepted ('10.0.0.38', 38350) server /var/lib/kolla/venv/lib/python3.6/site-packages/eventlet/wsgi.py:1004
2025-05-29 02:24:30.506 22 INFO neutron.wsgi [-] 10.0.0.38 "GET / HTTP/1.1" status: 200 len: 227 time: 0.0029111
2025-05-29 02:24:32.580 25 DEBUG neutron_lib.callbacks.manager [req-718c6992-05e9-46f4-bf31-8fa99dad984b - - - - -] Publish callbacks ['neutron.services.segments.db._update_segment_host_mapping_for_agent-8781727026240', 'neutron.plugins.ml2.plugin.Ml2Plugin._retry_binding_revived_agents--9223372036847112261'] for agent (153932d2-70e8-4a25-bc49-a8448ec5a6b4), after_update _notify_loop /var/lib/kolla/venv/lib/python3.6/site-packages/neutron_lib/callbacks/manager.py:177
2025-05-29 02:24:50.252 24 DEBUG neutron_lib.callbacks.manager [req-61a8f1ab-caea-4999-bf5e-ae96f26c218c - - - - -] Publish callbacks ['neutron.services.segments.db._update_segment_host_mapping_for_agent-8781727026240', 'neutron.plugins.ml2.plugin.Ml2Plugin._retry_binding_revived_agents--9223372036847112261'] for agent (421bae0d-63d8-463e-99c3-75bb4dba1906), after_update _notify_loop /var/lib/kolla/venv/lib/python3.6/site-packages/neutron_lib/callbacks/manager.py:177
2025-05-29 02:24:52.288 29 DEBUG neutron.db.agents_db [req-4a0875a8-8dd7-485a-b7cf-a2666d72e71f - - - - -] Agent healthcheck: found 2 active agents agent_health_check /var/lib/kolla/venv/lib/python3.6/site-packages/neutron/db/agents_db.py:318
2025-05-29 02:25:00.547 22 DEBUG neutron.wsgi [-] (22) accepted ('10.0.0.38', 53354) server /var/lib/kolla/venv/lib/python3.6/site-packages/eventlet/wsgi.py:1004
2025-05-29 02:25:00.552 22 INFO neutron.wsgi [-] 10.0.0.38 "GET / HTTP/1.1" status: 200 len: 227 time: 0.0046740
2025-05-29 02:25:02.584 23 DEBUG neutron_lib.callbacks.manager [req-2fc146da-7aeb-4b10-a5d6-c425e2a1251b - - - - -] Publish callbacks ['neutron.services.segments.db._update_segment_host_mapping_for_agent-8781727026240', 'neutron.plugins.ml2.plugin.Ml2Plugin._retry_binding_revived_agents--9223372036847112261'] for agent (153932d2-70e8-4a25-bc49-a8448ec5a6b4), after_update _notify_loop /var/lib/kolla/venv/lib/python3.6/site-packages/neutron_lib/callbacks/manager.py:177
2025-05-29 02:25:20.252 27 DEBUG neutron_lib.callbacks.manager [req-61a8f1ab-caea-4999-bf5e-ae96f26c218c - - - - -] Publish callbacks ['neutron.services.segments.db._update_segment_host_mapping_for_agent-8781727026240', 'neutron.plugins.ml2.plugin.Ml2Plugin._retry_binding_revived_agents--9223372036847112261'] for agent (421bae0d-63d8-463e-99c3-75bb4dba1906), after_update _notify_loop /var/lib/kolla/venv/lib/python3.6/site-packages/neutron_lib/callbacks/manager.py:177
2025-05-29 02:25:29.285 29 DEBUG neutron.db.agents_db [req-4a0875a8-8dd7-485a-b7cf-a2666d72e71f - - - - -] Agent healthcheck: found 2 active agents agent_health_check /var/lib/kolla/venv/lib/python3.6/site-packages/neutron/db/agents_db.py:318
2025-05-29 02:25:30.593 22 DEBUG neutron.wsgi [-] (22) accepted ('10.0.0.38', 44680) server /var/lib/kolla/venv/lib/python3.6/site-packages/eventlet/wsgi.py:1004
2025-05-29 02:25:30.597 22 INFO neutron.wsgi [-] 10.0.0.38 "GET / HTTP/1.1" status: 200 len: 227 time: 0.0035372
2025-05-29 02:25:32.588 26 DEBUG neutron_lib.callbacks.manager [req-b9dfe612-a7c3-4722-92d8-bdaa4717fdc6 - - - - -] Publish callbacks ['neutron.services.segments.db._update_segment_host_mapping_for_agent-8781727026240', 'neutron.plugins.ml2.plugin.Ml2Plugin._retry_binding_revived_agents--9223372036847112261'] for agent (153932d2-70e8-4a25-bc49-a8448ec5a6b4), after_update _notify_loop /var/lib/kolla/venv/lib/python3.6/site-packages/neutron_lib/callbacks/manager.py:177
2025-05-29 02:25:50.280 28 DEBUG neutron_lib.callbacks.manager [req-61a8f1ab-caea-4999-bf5e-ae96f26c218c - - - - -] Publish callbacks ['neutron.services.segments.db._update_segment_host_mapping_for_agent-8781727026240', 'neutron.plugins.ml2.plugin.Ml2Plugin._retry_binding_revived_agents--9223372036847112261'] for agent (421bae0d-63d8-463e-99c3-75bb4dba1906), after_update _notify_loop /var/lib/kolla/venv/lib/python3.6/site-packages/neutron_lib/callbacks/manager.py:177
2025-05-29 02:26:00.639 22 DEBUG neutron.wsgi [-] (22) accepted ('10.0.0.38', 47140) server /var/lib/kolla/venv/lib/python3.6/site-packages/eventlet/wsgi.py:1004
2025-05-29 02:26:00.643 22 INFO neutron.wsgi [-] 10.0.0.38 "GET / HTTP/1.1" status: 200 len: 227 time: 0.0029864
2025-05-29 02:26:02.601 25 DEBUG neutron_lib.callbacks.manager [req-ac05042f-776b-410e-aa39-fec178642fb4 - - - - -] Publish callbacks ['neutron.services.segments.db._update_segment_host_mapping_for_agent-8781727026240', 'neutron.plugins.ml2.plugin.Ml2Plugin._retry_binding_revived_agents--9223372036847112261'] for agent (153932d2-70e8-4a25-bc49-a8448ec5a6b4), after_update _notify_loop /var/lib/kolla/venv/lib/python3.6/site-packages/neutron_lib/callbacks/manager.py:177
2025-05-29 02:26:06.290 29 DEBUG neutron.db.agents_db [req-4a0875a8-8dd7-485a-b7cf-a2666d72e71f - - - - -] Agent healthcheck: found 2 active agents agent_health_check /var/lib/kolla/venv/lib/python3.6/site-packages/neutron/db/agents_db.py:318
2025-05-29 02:26:20.257 24 DEBUG neutron_lib.callbacks.manager [req-61a8f1ab-caea-4999-bf5e-ae96f26c218c - - - - -] Publish callbacks ['neutron.services.segments.db._update_segment_host_mapping_for_agent-8781727026240', 'neutron.plugins.ml2.plugin.Ml2Plugin._retry_binding_revived_agents--9223372036847112261'] for agent (421bae0d-63d8-463e-99c3-75bb4dba1906), after_update _notify_loop /var/lib/kolla/venv/lib/python3.6/site-packages/neutron_lib/callbacks/manager.py:177
2025-05-29 02:26:30.689 22 DEBUG neutron.wsgi [-] (22) accepted ('10.0.0.38', 55594) server /var/lib/kolla/venv/lib/python3.6/site-packages/eventlet/wsgi.py:1004
2025-05-29 02:26:30.692 22 INFO neutron.wsgi [-] 10.0.0.38 "GET / HTTP/1.1" status: 200 len: 227 time: 0.0027032
2025-05-29 02:26:32.598 23 DEBUG neutron_lib.callbacks.manager [req-c4c3dd1b-fdef-4c89-8f68-d82343201327 - - - - -] Publish callbacks ['neutron.services.segments.db._update_segment_host_mapping_for_agent-8781727026240', 'neutron.plugins.ml2.plugin.Ml2Plugin._retry_binding_revived_agents--9223372036847112261'] for agent (153932d2-70e8-4a25-bc49-a8448ec5a6b4), after_update _notify_loop /var/lib/kolla/venv/lib/python3.6/site-packages/neutron_lib/callbacks/manager.py:177
2025-05-29 02:26:43.324 29 DEBUG neutron.db.agents_db [req-4a0875a8-8dd7-485a-b7cf-a2666d72e71f - - - - -] Agent healthcheck: found 2 active agents agent_health_check /var/lib/kolla/venv/lib/python3.6/site-packages/neutron/db/agents_db.py:318
2025-05-29 02:26:50.260 27 DEBUG neutron_lib.callbacks.manager [req-61a8f1ab-caea-4999-bf5e-ae96f26c218c - - - - -] Publish callbacks ['neutron.services.segments.db._update_segment_host_mapping_for_agent-8781727026240', 'neutron.plugins.ml2.plugin.Ml2Plugin._retry_binding_revived_agents--9223372036847112261'] for agent (421bae0d-63d8-463e-99c3-75bb4dba1906), after_update _notify_loop /var/lib/kolla/venv/lib/python3.6/site-packages/neutron_lib/callbacks/manager.py:177
2025-05-29 02:27:00.743 22 DEBUG neutron.wsgi [-] (22) accepted ('10.0.0.38', 58314) server /var/lib/kolla/venv/lib/python3.6/site-packages/eventlet/wsgi.py:1004
2025-05-29 02:27:00.746 22 INFO neutron.wsgi [-] 10.0.0.38 "GET / HTTP/1.1" status: 200 len: 227 time: 0.0024991
2025-05-29 02:27:02.592 26 DEBUG neutron_lib.callbacks.manager [req-1efb486e-9036-4cc1-947f-2d619348b9e6 - - - - -] Publish callbacks ['neutron.services.segments.db._update_segment_host_mapping_for_agent-8781727026240', 'neutron.plugins.ml2.plugin.Ml2Plugin._retry_binding_revived_agents--9223372036847112261'] for agent (153932d2-70e8-4a25-bc49-a8448ec5a6b4), after_update _notify_loop /var/lib/kolla/venv/lib/python3.6/site-packages/neutron_lib/callbacks/manager.py:177
2025-05-29 02:27:20.261 28 DEBUG neutron_lib.callbacks.manager [req-61a8f1ab-caea-4999-bf5e-ae96f26c218c - - - - -] Publish callbacks ['neutron.services.segments.db._update_segment_host_mapping_for_agent-8781727026240', 'neutron.plugins.ml2.plugin.Ml2Plugin._retry_binding_revived_agents--9223372036847112261'] for agent (421bae0d-63d8-463e-99c3-75bb4dba1906), after_update _notify_loop /var/lib/kolla/venv/lib/python3.6/site-packages/neutron_lib/callbacks/manager.py:177
2025-05-29 02:27:20.291 29 DEBUG neutron.db.agents_db [req-4a0875a8-8dd7-485a-b7cf-a2666d72e71f - - - - -] Agent healthcheck: found 2 active agents agent_health_check /var/lib/kolla/venv/lib/python3.6/site-packages/neutron/db/agents_db.py:318
2025-05-29 02:27:30.789 22 DEBUG neutron.wsgi [-] (22) accepted ('10.0.0.38', 55744) server /var/lib/kolla/venv/lib/python3.6/site-packages/eventlet/wsgi.py:1004
2025-05-29 02:27:30.794 22 INFO neutron.wsgi [-] 10.0.0.38 "GET / HTTP/1.1" status: 200 len: 227 time: 0.0039349
2025-05-29 02:27:32.596 25 DEBUG neutron_lib.callbacks.manager [req-16a79d35-66cc-440d-a43c-b40a2f76e0ba - - - - -] Publish callbacks ['neutron.services.segments.db._update_segment_host_mapping_for_agent-8781727026240', 'neutron.plugins.ml2.plugin.Ml2Plugin._retry_binding_revived_agents--9223372036847112261'] for agent (153932d2-70e8-4a25-bc49-a8448ec5a6b4), after_update _notify_loop /var/lib/kolla/venv/lib/python3.6/site-packages/neutron_lib/callbacks/manager.py:177
2025-05-29 02:27:50.263 24 DEBUG neutron_lib.callbacks.manager [req-61a8f1ab-caea-4999-bf5e-ae96f26c218c - - - - -] Publish callbacks ['neutron.services.segments.db._update_segment_host_mapping_for_agent-8781727026240', 'neutron.plugins.ml2.plugin.Ml2Plugin._retry_binding_revived_agents--9223372036847112261'] for agent (421bae0d-63d8-463e-99c3-75bb4dba1906), after_update _notify_loop /var/lib/kolla/venv/lib/python3.6/site-packages/neutron_lib/callbacks/manager.py:177
2025-05-29 02:27:57.298 29 DEBUG neutron.db.agents_db [req-4a0875a8-8dd7-485a-b7cf-a2666d72e71f - - - - -] Agent healthcheck: found 2 active agents agent_health_check /var/lib/kolla/venv/lib/python3.6/site-packages/neutron/db/agents_db.py:318
2025-05-29 02:28:00.838 22 DEBUG neutron.wsgi [-] (22) accepted ('10.0.0.38', 47232) server /var/lib/kolla/venv/lib/python3.6/site-packages/eventlet/wsgi.py:1004
2025-05-29 02:28:00.843 22 INFO neutron.wsgi [-] 10.0.0.38 "GET / HTTP/1.1" status: 200 len: 227 time: 0.0037262
2025-05-29 02:28:02.600 23 DEBUG neutron_lib.callbacks.manager [req-8692858b-81e2-4684-b211-71bb4e41b63c - - - - -] Publish callbacks ['neutron.services.segments.db._update_segment_host_mapping_for_agent-8781727026240', 'neutron.plugins.ml2.plugin.Ml2Plugin._retry_binding_revived_agents--9223372036847112261'] for agent (153932d2-70e8-4a25-bc49-a8448ec5a6b4), after_update _notify_loop /var/lib/kolla/venv/lib/python3.6/site-packages/neutron_lib/callbacks/manager.py:177
2025-05-29 02:28:20.265 27 DEBUG neutron_lib.callbacks.manager [req-61a8f1ab-caea-4999-bf5e-ae96f26c218c - - - - -] Publish callbacks ['neutron.services.segments.db._update_segment_host_mapping_for_agent-8781727026240', 'neutron.plugins.ml2.plugin.Ml2Plugin._retry_binding_revived_agents--9223372036847112261'] for agent (421bae0d-63d8-463e-99c3-75bb4dba1906), after_update _notify_loop /var/lib/kolla/venv/lib/python3.6/site-packages/neutron_lib/callbacks/manager.py:177
2025-05-29 02:28:30.887 22 DEBUG neutron.wsgi [-] (22) accepted ('10.0.0.38', 44716) server /var/lib/kolla/venv/lib/python3.6/site-packages/eventlet/wsgi.py:1004
2025-05-29 02:28:30.890 22 INFO neutron.wsgi [-] 10.0.0.38 "GET / HTTP/1.1" status: 200 len: 227 time: 0.0024459
2025-05-29 02:28:32.604 26 DEBUG neutron_lib.callbacks.manager [req-ea8864b3-08b6-407a-9f62-56fdd789d286 - - - - -] Publish callbacks ['neutron.services.segments.db._update_segment_host_mapping_for_agent-8781727026240', 'neutron.plugins.ml2.plugin.Ml2Plugin._retry_binding_revived_agents--9223372036847112261'] for agent (153932d2-70e8-4a25-bc49-a8448ec5a6b4), after_update _notify_loop /var/lib/kolla/venv/lib/python3.6/site-packages/neutron_lib/callbacks/manager.py:177
2025-05-29 02:28:34.304 29 DEBUG neutron.db.agents_db [req-4a0875a8-8dd7-485a-b7cf-a2666d72e71f - - - - -] Agent healthcheck: found 2 active agents agent_health_check /var/lib/kolla/venv/lib/python3.6/site-packages/neutron/db/agents_db.py:318
2025-05-29 02:28:50.267 28 DEBUG neutron_lib.callbacks.manager [req-61a8f1ab-caea-4999-bf5e-ae96f26c218c - - - - -] Publish callbacks ['neutron.services.segments.db._update_segment_host_mapping_for_agent-8781727026240', 'neutron.plugins.ml2.plugin.Ml2Plugin._retry_binding_revived_agents--9223372036847112261'] for agent (421bae0d-63d8-463e-99c3-75bb4dba1906), after_update _notify_loop /var/lib/kolla/venv/lib/python3.6/site-packages/neutron_lib/callbacks/manager.py:177
2025-05-29 02:29:00.929 22 DEBUG neutron.wsgi [-] (22) accepted ('10.0.0.38', 42114) server /var/lib/kolla/venv/lib/python3.6/site-packages/eventlet/wsgi.py:1004
2025-05-29 02:29:00.933 22 INFO neutron.wsgi [-] 10.0.0.38 "GET / HTTP/1.1" status: 200 len: 227 time: 0.0025511
2025-05-29 02:29:02.612 25 DEBUG neutron_lib.callbacks.manager [req-ffe829ad-c939-40ce-9014-271838583621 - - - - -] Publish callbacks ['neutron.services.segments.db._update_segment_host_mapping_for_agent-8781727026240', 'neutron.plugins.ml2.plugin.Ml2Plugin._retry_binding_revived_agents--9223372036847112261'] for agent (153932d2-70e8-4a25-bc49-a8448ec5a6b4), after_update _notify_loop /var/lib/kolla/venv/lib/python3.6/site-packages/neutron_lib/callbacks/manager.py:177
2025-05-29 02:29:11.315 29 DEBUG neutron.db.agents_db [req-4a0875a8-8dd7-485a-b7cf-a2666d72e71f - - - - -] Agent healthcheck: found 2 active agents agent_health_check /var/lib/kolla/venv/lib/python3.6/site-packages/neutron/db/agents_db.py:318
2025-05-29 02:29:20.268 24 DEBUG neutron_lib.callbacks.manager [req-61a8f1ab-caea-4999-bf5e-ae96f26c218c - - - - -] Publish callbacks ['neutron.services.segments.db._update_segment_host_mapping_for_agent-8781727026240', 'neutron.plugins.ml2.plugin.Ml2Plugin._retry_binding_revived_agents--9223372036847112261'] for agent (421bae0d-63d8-463e-99c3-75bb4dba1906), after_update _notify_loop /var/lib/kolla/venv/lib/python3.6/site-packages/neutron_lib/callbacks/manager.py:177
2025-05-29 02:29:30.977 22 DEBUG neutron.wsgi [-] (22) accepted ('10.0.0.38', 37968) server /var/lib/kolla/venv/lib/python3.6/site-packages/eventlet/wsgi.py:1004
2025-05-29 02:29:30.981 22 INFO neutron.wsgi [-] 10.0.0.38 "GET / HTTP/1.1" status: 200 len: 227 time: 0.0025411
2025-05-29 02:29:32.607 23 DEBUG neutron_lib.callbacks.manager [req-9dfd07ae-2ed9-4168-97d1-5feb409f7a13 - - - - -] Publish callbacks ['neutron.services.segments.db._update_segment_host_mapping_for_agent-8781727026240', 'neutron.plugins.ml2.plugin.Ml2Plugin._retry_binding_revived_agents--9223372036847112261'] for agent (153932d2-70e8-4a25-bc49-a8448ec5a6b4), after_update _notify_loop /var/lib/kolla/venv/lib/python3.6/site-packages/neutron_lib/callbacks/manager.py:177
2025-05-29 02:29:48.316 29 DEBUG neutron.db.agents_db [req-4a0875a8-8dd7-485a-b7cf-a2666d72e71f - - - - -] Agent healthcheck: found 2 active agents agent_health_check /var/lib/kolla/venv/lib/python3.6/site-packages/neutron/db/agents_db.py:318
2025-05-29 02:29:50.270 27 DEBUG neutron_lib.callbacks.manager [req-61a8f1ab-caea-4999-bf5e-ae96f26c218c - - - - -] Publish callbacks ['neutron.services.segments.db._update_segment_host_mapping_for_agent-8781727026240', 'neutron.plugins.ml2.plugin.Ml2Plugin._retry_binding_revived_agents--9223372036847112261'] for agent (421bae0d-63d8-463e-99c3-75bb4dba1906), after_update _notify_loop /var/lib/kolla/venv/lib/python3.6/site-packages/neutron_lib/callbacks/manager.py:177
2025-05-29 02:30:02.246 22 DEBUG neutron.wsgi [-] (22) accepted ('10.0.0.38', 40230) server /var/lib/kolla/venv/lib/python3.6/site-packages/eventlet/wsgi.py:1004
2025-05-29 02:30:02.250 22 INFO neutron.wsgi [-] 10.0.0.38 "GET / HTTP/1.1" status: 200 len: 227 time: 0.0031657
2025-05-29 02:30:02.608 26 DEBUG neutron_lib.callbacks.manager [req-650f94ed-dedd-4e9f-9e7c-79dbef360a5d - - - - -] Publish callbacks ['neutron.services.segments.db._update_segment_host_mapping_for_agent-8781727026240', 'neutron.plugins.ml2.plugin.Ml2Plugin._retry_binding_revived_agents--9223372036847112261'] for agent (153932d2-70e8-4a25-bc49-a8448ec5a6b4), after_update _notify_loop /var/lib/kolla/venv/lib/python3.6/site-packages/neutron_lib/callbacks/manager.py:177
2025-05-29 02:30:16.453 7 INFO oslo_service.service [-] Caught SIGTERM, stopping children
2025-05-29 02:30:16.453 7 DEBUG oslo_concurrency.lockutils [-] Acquired lock "singleton_lock" lock /var/lib/kolla/venv/lib/python3.6/site-packages/oslo_concurrency/lockutils.py:294
2025-05-29 02:30:16.453 7 DEBUG oslo_concurrency.lockutils [-] Releasing lock "singleton_lock" lock /var/lib/kolla/venv/lib/python3.6/site-packages/oslo_concurrency/lockutils.py:312
2025-05-29 02:30:16.454 7 DEBUG oslo_service.service [-] Stop services. stop /var/lib/kolla/venv/lib/python3.6/site-packages/oslo_service/service.py:695
2025-05-29 02:30:16.454 7 DEBUG neutron.service [-] calling RpcWorker stop() stop /var/lib/kolla/venv/lib/python3.6/site-packages/neutron/service.py:138
2025-05-29 02:30:16.454 7 DEBUG neutron.service [-] calling RpcWorker stop() stop /var/lib/kolla/venv/lib/python3.6/site-packages/neutron/service.py:138
2025-05-29 02:30:16.454 7 DEBUG oslo_service.service [-] Killing children. stop /var/lib/kolla/venv/lib/python3.6/site-packages/oslo_service/service.py:700
2025-05-29 02:30:16.454 7 INFO oslo_service.service [-] Waiting on 8 children to exit
2025-05-29 02:30:16.454 22 INFO neutron.wsgi [-] (22) wsgi exited, is_accepting=True
2025-05-29 02:30:16.454 27 DEBUG neutron.service [-] calling RpcWorker stop() stop /var/lib/kolla/venv/lib/python3.6/site-packages/neutron/service.py:138
2025-05-29 02:30:16.455 23 DEBUG neutron.service [-] calling RpcWorker stop() stop /var/lib/kolla/venv/lib/python3.6/site-packages/neutron/service.py:138
2025-05-29 02:30:16.455 24 DEBUG neutron.service [-] calling RpcWorker stop() stop /var/lib/kolla/venv/lib/python3.6/site-packages/neutron/service.py:138
2025-05-29 02:30:16.455 22 DEBUG oslo_concurrency.lockutils [req-46b94257-7a27-4a2e-8000-200b73563888 - - - - -] Acquired lock "singleton_lock" lock /var/lib/kolla/venv/lib/python3.6/site-packages/oslo_concurrency/lockutils.py:294
2025-05-29 02:30:16.455 22 DEBUG oslo_concurrency.lockutils [req-46b94257-7a27-4a2e-8000-200b73563888 - - - - -] Releasing lock "singleton_lock" lock /var/lib/kolla/venv/lib/python3.6/site-packages/oslo_concurrency/lockutils.py:312
2025-05-29 02:30:16.455 23 DEBUG neutron.service [-] calling stop on stop /var/lib/kolla/venv/lib/python3.6/site-packages/neutron/service.py:141
2025-05-29 02:30:16.455 27 DEBUG neutron.service [-] calling stop on stop /var/lib/kolla/venv/lib/python3.6/site-packages/neutron/service.py:141
2025-05-29 02:30:16.455 24 DEBUG neutron.service [-] calling stop on stop /var/lib/kolla/venv/lib/python3.6/site-packages/neutron/service.py:141
2025-05-29 02:30:16.459 25 DEBUG neutron.service [-] calling RpcWorker stop() stop /var/lib/kolla/venv/lib/python3.6/site-packages/neutron/service.py:138
2025-05-29 02:30:16.459 7 INFO oslo_service.service [-] Child 22 exited with status 0
2025-05-29 02:30:16.459 26 DEBUG neutron.service [-] calling RpcWorker stop() stop /var/lib/kolla/venv/lib/python3.6/site-packages/neutron/service.py:138
2025-05-29 02:30:16.459 25 DEBUG neutron.service [-] calling stop on stop /var/lib/kolla/venv/lib/python3.6/site-packages/neutron/service.py:141
2025-05-29 02:30:16.461 28 DEBUG neutron.service [-] calling RpcWorker stop() stop /var/lib/kolla/venv/lib/python3.6/site-packages/neutron/service.py:138
2025-05-29 02:30:16.459 26 DEBUG neutron.service [-] calling stop on stop /var/lib/kolla/venv/lib/python3.6/site-packages/neutron/service.py:141
2025-05-29 02:30:16.462 29 DEBUG neutron.service [-] calling RpcWorker stop() stop /var/lib/kolla/venv/lib/python3.6/site-packages/neutron/service.py:138
2025-05-29 02:30:16.462 29 DEBUG neutron.service [-] calling stop on stop /var/lib/kolla/venv/lib/python3.6/site-packages/neutron/service.py:141
2025-05-29 02:30:16.461 28 DEBUG neutron.service [-] calling stop on stop /var/lib/kolla/venv/lib/python3.6/site-packages/neutron/service.py:141
2025-05-29 02:30:18.280 25 DEBUG neutron.service [-] calling stop on stop /var/lib/kolla/venv/lib/python3.6/site-packages/neutron/service.py:141
2025-05-29 02:30:18.288 23 DEBUG neutron.service [-] calling stop on stop /var/lib/kolla/venv/lib/python3.6/site-packages/neutron/service.py:141
2025-05-29 02:30:18.290 28 DEBUG oslo_concurrency.lockutils [req-46b94257-7a27-4a2e-8000-200b73563888 - - - - -] Acquired lock "singleton_lock" lock /var/lib/kolla/venv/lib/python3.6/site-packages/oslo_concurrency/lockutils.py:294
2025-05-29 02:30:18.291 28 DEBUG oslo_concurrency.lockutils [req-46b94257-7a27-4a2e-8000-200b73563888 - - - - -] Releasing lock "singleton_lock" lock /var/lib/kolla/venv/lib/python3.6/site-packages/oslo_concurrency/lockutils.py:312
2025-05-29 02:30:18.291 28 DEBUG neutron.service [req-46b94257-7a27-4a2e-8000-200b73563888 - - - - -] calling RpcWorker wait() _wait /var/lib/kolla/venv/lib/python3.6/site-packages/neutron/service.py:128
2025-05-29 02:30:18.291 28 DEBUG neutron.service [req-46b94257-7a27-4a2e-8000-200b73563888 - - - - -] calling wait on _wait /var/lib/kolla/venv/lib/python3.6/site-packages/neutron/service.py:131
2025-05-29 02:30:18.292 25 DEBUG neutron.service [-] calling stop on stop /var/lib/kolla/venv/lib/python3.6/site-packages/neutron/service.py:141
2025-05-29 02:30:18.293 24 DEBUG neutron.service [-] calling stop on stop /var/lib/kolla/venv/lib/python3.6/site-packages/neutron/service.py:141
2025-05-29 02:30:18.294 24 DEBUG neutron.service [-] calling stop on stop /var/lib/kolla/venv/lib/python3.6/site-packages/neutron/service.py:141
2025-05-29 02:30:18.298 28 WARNING amqp [req-46b94257-7a27-4a2e-8000-200b73563888 - - - - -] Received method (60, 30) during closing channel 1. This method will be ignored
2025-05-29 02:30:18.300 28 DEBUG neutron.service [req-46b94257-7a27-4a2e-8000-200b73563888 - - - - -] returning from RpcWorker wait() _wait /var/lib/kolla/venv/lib/python3.6/site-packages/neutron/service.py:135
2025-05-29 02:30:18.301 23 DEBUG neutron.service [-] calling stop on stop /var/lib/kolla/venv/lib/python3.6/site-packages/neutron/service.py:141
2025-05-29 02:30:18.305 7 INFO oslo_service.service [-] Child 28 exited with status 0
2025-05-29 02:30:18.310 29 DEBUG oslo_concurrency.lockutils [req-46b94257-7a27-4a2e-8000-200b73563888 - - - - -] Acquired lock "singleton_lock" lock /var/lib/kolla/venv/lib/python3.6/site-packages/oslo_concurrency/lockutils.py:294
2025-05-29 02:30:18.311 29 DEBUG oslo_concurrency.lockutils [req-46b94257-7a27-4a2e-8000-200b73563888 - - - - -] Releasing lock "singleton_lock" lock /var/lib/kolla/venv/lib/python3.6/site-packages/oslo_concurrency/lockutils.py:312
2025-05-29 02:30:18.312 29 DEBUG neutron.service [req-46b94257-7a27-4a2e-8000-200b73563888 - - - - -] calling RpcWorker wait() _wait /var/lib/kolla/venv/lib/python3.6/site-packages/neutron/service.py:128
2025-05-29 02:30:18.312 25 DEBUG neutron.service [-] calling stop on stop /var/lib/kolla/venv/lib/python3.6/site-packages/neutron/service.py:141
2025-05-29 02:30:18.312 29 DEBUG neutron.service [req-46b94257-7a27-4a2e-8000-200b73563888 - - - - -] calling wait on _wait /var/lib/kolla/venv/lib/python3.6/site-packages/neutron/service.py:131
2025-05-29 02:30:18.313 24 DEBUG neutron.service [-] calling stop on stop /var/lib/kolla/venv/lib/python3.6/site-packages/neutron/service.py:141
2025-05-29 02:30:18.318 29 WARNING amqp [req-46b94257-7a27-4a2e-8000-200b73563888 - - - - -] Received method (60, 30) during closing channel 1. This method will be ignored
2025-05-29 02:30:18.319 29 DEBUG neutron.service [req-46b94257-7a27-4a2e-8000-200b73563888 - - - - -] returning from RpcWorker wait() _wait /var/lib/kolla/venv/lib/python3.6/site-packages/neutron/service.py:135
2025-05-29 02:30:18.324 7 INFO oslo_service.service [-] Child 29 exited with status 0
2025-05-29 02:30:18.333 25 DEBUG oslo_concurrency.lockutils [req-46b94257-7a27-4a2e-8000-200b73563888 - - - - -] Acquired lock "singleton_lock" lock /var/lib/kolla/venv/lib/python3.6/site-packages/oslo_concurrency/lockutils.py:294
2025-05-29 02:30:18.334 25 DEBUG oslo_concurrency.lockutils [req-46b94257-7a27-4a2e-8000-200b73563888 - - - - -] Releasing lock "singleton_lock" lock /var/lib/kolla/venv/lib/python3.6/site-packages/oslo_concurrency/lockutils.py:312
2025-05-29 02:30:18.334 25 DEBUG neutron.service [req-46b94257-7a27-4a2e-8000-200b73563888 - - - - -] calling RpcWorker wait() _wait /var/lib/kolla/venv/lib/python3.6/site-packages/neutron/service.py:128
2025-05-29 02:30:18.334 25 DEBUG neutron.service [req-46b94257-7a27-4a2e-8000-200b73563888 - - - - -] calling wait on _wait /var/lib/kolla/venv/lib/python3.6/site-packages/neutron/service.py:131
2025-05-29 02:30:18.336 24 DEBUG oslo_concurrency.lockutils [req-46b94257-7a27-4a2e-8000-200b73563888 - - - - -] Acquired lock "singleton_lock" lock /var/lib/kolla/venv/lib/python3.6/site-packages/oslo_concurrency/lockutils.py:294
2025-05-29 02:30:18.337 24 DEBUG oslo_concurrency.lockutils [req-46b94257-7a27-4a2e-8000-200b73563888 - - - - -] Releasing lock "singleton_lock" lock /var/lib/kolla/venv/lib/python3.6/site-packages/oslo_concurrency/lockutils.py:312
2025-05-29 02:30:18.338 24 DEBUG neutron.service [req-46b94257-7a27-4a2e-8000-200b73563888 - - - - -] calling RpcWorker wait() _wait /var/lib/kolla/venv/lib/python3.6/site-packages/neutron/service.py:128
2025-05-29 02:30:18.338 24 DEBUG neutron.service [req-46b94257-7a27-4a2e-8000-200b73563888 - - - - -] calling wait on _wait /var/lib/kolla/venv/lib/python3.6/site-packages/neutron/service.py:131
2025-05-29 02:30:18.339 25 WARNING amqp [req-46b94257-7a27-4a2e-8000-200b73563888 - - - - -] Received method (60, 30) during closing channel 1. This method will be ignored
2025-05-29 02:30:18.339 25 DEBUG neutron.service [req-46b94257-7a27-4a2e-8000-200b73563888 - - - - -] calling wait on _wait /var/lib/kolla/venv/lib/python3.6/site-packages/neutron/service.py:131
2025-05-29 02:30:18.342 24 WARNING amqp [req-46b94257-7a27-4a2e-8000-200b73563888 - - - - -] Received method (60, 30) during closing channel 1. This method will be ignored
2025-05-29 02:30:18.343 24 DEBUG neutron.service [req-46b94257-7a27-4a2e-8000-200b73563888 - - - - -] calling wait on _wait /var/lib/kolla/venv/lib/python3.6/site-packages/neutron/service.py:131
2025-05-29 02:30:18.344 25 WARNING amqp [req-46b94257-7a27-4a2e-8000-200b73563888 - - - - -] Received method (60, 30) during closing channel 1. This method will be ignored
2025-05-29 02:30:18.345 25 DEBUG neutron.service [req-46b94257-7a27-4a2e-8000-200b73563888 - - - - -] calling wait on _wait /var/lib/kolla/venv/lib/python3.6/site-packages/neutron/service.py:131
2025-05-29 02:30:18.347 24 WARNING amqp [req-46b94257-7a27-4a2e-8000-200b73563888 - - - - -] Received method (60, 30) during closing channel 1. This method will be ignored
2025-05-29 02:30:18.347 24 DEBUG neutron.service [req-46b94257-7a27-4a2e-8000-200b73563888 - - - - -] calling wait on _wait /var/lib/kolla/venv/lib/python3.6/site-packages/neutron/service.py:131
2025-05-29 02:30:18.349 25 WARNING amqp [req-46b94257-7a27-4a2e-8000-200b73563888 - - - - -] Received method (60, 30) during closing channel 1. This method will be ignored
2025-05-29 02:30:18.350 25 DEBUG neutron.service [req-46b94257-7a27-4a2e-8000-200b73563888 - - - - -] calling wait on _wait /var/lib/kolla/venv/lib/python3.6/site-packages/neutron/service.py:131
2025-05-29 02:30:18.352 24 WARNING amqp [req-46b94257-7a27-4a2e-8000-200b73563888 - - - - -] Received method (60, 30) during closing channel 1. This method will be ignored
2025-05-29 02:30:18.352 24 DEBUG neutron.service [req-46b94257-7a27-4a2e-8000-200b73563888 - - - - -] calling wait on _wait /var/lib/kolla/venv/lib/python3.6/site-packages/neutron/service.py:131
2025-05-29 02:30:18.354 25 WARNING amqp [req-46b94257-7a27-4a2e-8000-200b73563888 - - - - -] Received method (60, 30) during closing channel 1. This method will be ignored
2025-05-29 02:30:18.355 25 DEBUG neutron.service [req-46b94257-7a27-4a2e-8000-200b73563888 - - - - -] returning from RpcWorker wait() _wait /var/lib/kolla/venv/lib/python3.6/site-packages/neutron/service.py:135
2025-05-29 02:30:18.358 24 WARNING amqp [req-46b94257-7a27-4a2e-8000-200b73563888 - - - - -] Received method (60, 30) during closing channel 1. This method will be ignored
2025-05-29 02:30:18.359 24 DEBUG neutron.service [req-46b94257-7a27-4a2e-8000-200b73563888 - - - - -] returning from RpcWorker wait() _wait /var/lib/kolla/venv/lib/python3.6/site-packages/neutron/service.py:135
2025-05-29 02:30:18.361 7 INFO oslo_service.service [-] Child 25 exited with status 0
2025-05-29 02:30:18.363 7 INFO oslo_service.service [-] Child 24 exited with status 0
2025-05-29 02:30:18.476 27 DEBUG oslo_concurrency.lockutils [req-46b94257-7a27-4a2e-8000-200b73563888 - - - - -] Acquired lock "singleton_lock" lock /var/lib/kolla/venv/lib/python3.6/site-packages/oslo_concurrency/lockutils.py:294
2025-05-29 02:30:18.476 27 DEBUG oslo_concurrency.lockutils [req-46b94257-7a27-4a2e-8000-200b73563888 - - - - -] Releasing lock "singleton_lock" lock /var/lib/kolla/venv/lib/python3.6/site-packages/oslo_concurrency/lockutils.py:312
2025-05-29 02:30:18.477 27 DEBUG neutron.service [req-46b94257-7a27-4a2e-8000-200b73563888 - - - - -] calling RpcWorker wait() _wait /var/lib/kolla/venv/lib/python3.6/site-packages/neutron/service.py:128
2025-05-29 02:30:18.477 27 DEBUG neutron.service [req-46b94257-7a27-4a2e-8000-200b73563888 - - - - -] calling wait on _wait /var/lib/kolla/venv/lib/python3.6/site-packages/neutron/service.py:131
2025-05-29 02:30:18.482 27 WARNING amqp [req-46b94257-7a27-4a2e-8000-200b73563888 - - - - -] Received method (60, 30) during closing channel 1. This method will be ignored
2025-05-29 02:30:18.482 27 DEBUG neutron.service [req-46b94257-7a27-4a2e-8000-200b73563888 - - - - -] returning from RpcWorker wait() _wait /var/lib/kolla/venv/lib/python3.6/site-packages/neutron/service.py:135
2025-05-29 02:30:18.487 7 INFO oslo_service.service [-] Child 27 exited with status 0
2025-05-29 02:30:20.266 23 DEBUG neutron.service [-] calling stop on stop /var/lib/kolla/venv/lib/python3.6/site-packages/neutron/service.py:141
2025-05-29 02:30:20.274 23 DEBUG neutron_lib.callbacks.manager [req-61a8f1ab-caea-4999-bf5e-ae96f26c218c - - - - -] Publish callbacks ['neutron.services.segments.db._update_segment_host_mapping_for_agent-8781727026240', 'neutron.plugins.ml2.plugin.Ml2Plugin._retry_binding_revived_agents--9223372036847112261'] for agent (421bae0d-63d8-463e-99c3-75bb4dba1906), after_update _notify_loop /var/lib/kolla/venv/lib/python3.6/site-packages/neutron_lib/callbacks/manager.py:177
2025-05-29 02:30:20.803 26 DEBUG oslo_concurrency.lockutils [req-46b94257-7a27-4a2e-8000-200b73563888 - - - - -] Acquired lock "singleton_lock" lock /var/lib/kolla/venv/lib/python3.6/site-packages/oslo_concurrency/lockutils.py:294
2025-05-29 02:30:20.803 26 DEBUG oslo_concurrency.lockutils [req-46b94257-7a27-4a2e-8000-200b73563888 - - - - -] Releasing lock "singleton_lock" lock /var/lib/kolla/venv/lib/python3.6/site-packages/oslo_concurrency/lockutils.py:312
2025-05-29 02:30:20.804 26 DEBUG neutron.service [req-46b94257-7a27-4a2e-8000-200b73563888 - - - - -] calling RpcWorker wait() _wait /var/lib/kolla/venv/lib/python3.6/site-packages/neutron/service.py:128
2025-05-29 02:30:20.804 26 DEBUG neutron.service [req-46b94257-7a27-4a2e-8000-200b73563888 - - - - -] calling wait on _wait /var/lib/kolla/venv/lib/python3.6/site-packages/neutron/service.py:131
2025-05-29 02:30:20.809 26 WARNING amqp [req-46b94257-7a27-4a2e-8000-200b73563888 - - - - -] Received method (60, 30) during closing channel 1. This method will be ignored
2025-05-29 02:30:20.809 26 DEBUG neutron.service [req-46b94257-7a27-4a2e-8000-200b73563888 - - - - -] returning from RpcWorker wait() _wait /var/lib/kolla/venv/lib/python3.6/site-packages/neutron/service.py:135
2025-05-29 02:30:20.814 7 INFO oslo_service.service [-] Child 26 exited with status 0
2025-05-29 02:30:23.325 23 DEBUG oslo_concurrency.lockutils [req-46b94257-7a27-4a2e-8000-200b73563888 - - - - -] Acquired lock "singleton_lock" lock /var/lib/kolla/venv/lib/python3.6/site-packages/oslo_concurrency/lockutils.py:294
2025-05-29 02:30:23.326 23 DEBUG oslo_concurrency.lockutils [req-46b94257-7a27-4a2e-8000-200b73563888 - - - - -] Releasing lock "singleton_lock" lock /var/lib/kolla/venv/lib/python3.6/site-packages/oslo_concurrency/lockutils.py:312
2025-05-29 02:30:23.326 23 DEBUG neutron.service [req-46b94257-7a27-4a2e-8000-200b73563888 - - - - -] calling RpcWorker wait() _wait /var/lib/kolla/venv/lib/python3.6/site-packages/neutron/service.py:128
2025-05-29 02:30:23.326 23 DEBUG neutron.service [req-46b94257-7a27-4a2e-8000-200b73563888 - - - - -] calling wait on _wait /var/lib/kolla/venv/lib/python3.6/site-packages/neutron/service.py:131
2025-05-29 02:30:23.332 23 WARNING amqp [req-46b94257-7a27-4a2e-8000-200b73563888 - - - - -] Received method (60, 30) during closing channel 1. This method will be ignored
2025-05-29 02:30:23.333 23 DEBUG neutron.service [req-46b94257-7a27-4a2e-8000-200b73563888 - - - - -] calling wait on _wait /var/lib/kolla/venv/lib/python3.6/site-packages/neutron/service.py:131
2025-05-29 02:30:23.337 23 WARNING amqp [req-46b94257-7a27-4a2e-8000-200b73563888 - - - - -] Received method (60, 30) during closing channel 1. This method will be ignored
2025-05-29 02:30:23.338 23 DEBUG neutron.service [req-46b94257-7a27-4a2e-8000-200b73563888 - - - - -] calling wait on _wait /var/lib/kolla/venv/lib/python3.6/site-packages/neutron/service.py:131
2025-05-29 02:30:23.343 23 WARNING amqp [req-46b94257-7a27-4a2e-8000-200b73563888 - - - - -] Received method (60, 30) during closing channel 1. This method will be ignored
2025-05-29 02:30:23.344 23 DEBUG neutron.service [req-46b94257-7a27-4a2e-8000-200b73563888 - - - - -] calling wait on _wait /var/lib/kolla/venv/lib/python3.6/site-packages/neutron/service.py:131
2025-05-29 02:30:23.348 23 WARNING amqp [req-46b94257-7a27-4a2e-8000-200b73563888 - - - - -] Received method (60, 30) during closing channel 1. This method will be ignored
2025-05-29 02:30:23.348 23 DEBUG neutron.service [req-46b94257-7a27-4a2e-8000-200b73563888 - - - - -] returning from RpcWorker wait() _wait /var/lib/kolla/venv/lib/python3.6/site-packages/neutron/service.py:135
2025-05-29 02:30:23.353 7 INFO oslo_service.service [-] Child 23 exited with status 0
2025-05-29 02:30:23.353 7 INFO oslo_service.service [-] Wait called after thread killed. Cleaning up.
2025-05-29 02:30:23.353 7 DEBUG oslo_service.service [-] Stop services. stop /var/lib/kolla/venv/lib/python3.6/site-packages/oslo_service/service.py:695
2025-05-29 02:30:23.353 7 DEBUG oslo_service.service [-] Killing children. stop /var/lib/kolla/venv/lib/python3.6/site-packages/oslo_service/service.py:700
2025-05-29 02:30:26.813 7 INFO neutron.common.config [-] Logging enabled!
2025-05-29 02:30:26.813 7 INFO neutron.common.config [-] /var/lib/kolla/venv/bin/neutron-server version 20.5.1.dev23
2025-05-29 02:30:26.814 7 DEBUG neutron.common.config [-] command line: /var/lib/kolla/venv/bin/neutron-server --config-file /etc/neutron/neutron.conf --config-file /etc/neutron/ContrailPlugin.ini --config-file /etc/neutron/api-paste.ini setup_logging /var/lib/kolla/venv/lib/python3.6/site-packages/neutron/common/config.py:115
2025-05-29 02:30:26.817 7 INFO neutron.common.config [-] Logging enabled!
2025-05-29 02:30:26.818 7 INFO neutron.common.config [-] /var/lib/kolla/venv/bin/neutron-server version 20.5.1.dev23
2025-05-29 02:30:26.818 7 DEBUG neutron.common.config [-] command line: /var/lib/kolla/venv/bin/neutron-server --config-file /etc/neutron/neutron.conf --config-file /etc/neutron/ContrailPlugin.ini --config-file /etc/neutron/api-paste.ini setup_logging /var/lib/kolla/venv/lib/python3.6/site-packages/neutron/common/config.py:115
2025-05-29 02:30:26.818 7 DEBUG neutron.common.config [-] ******************************************************************************** log_opt_values /var/lib/kolla/venv/lib/python3.6/site-packages/oslo_config/cfg.py:2589
2025-05-29 02:30:26.818 7 DEBUG neutron.common.config [-] Configuration options gathered from: log_opt_values /var/lib/kolla/venv/lib/python3.6/site-packages/oslo_config/cfg.py:2590
2025-05-29 02:30:26.818 7 DEBUG neutron.common.config [-] command line args: ['--config-file', '/etc/neutron/neutron.conf', '--config-file', '/etc/neutron/ContrailPlugin.ini', '--config-file', '/etc/neutron/api-paste.ini'] log_opt_values /var/lib/kolla/venv/lib/python3.6/site-packages/oslo_config/cfg.py:2591
2025-05-29 02:30:26.819 7 DEBUG neutron.common.config [-] config files: ['/etc/neutron/neutron.conf', '/etc/neutron/ContrailPlugin.ini', '/etc/neutron/api-paste.ini'] log_opt_values /var/lib/kolla/venv/lib/python3.6/site-packages/oslo_config/cfg.py:2593
2025-05-29 02:30:26.819 7 DEBUG neutron.common.config [-] ================================================================================ log_opt_values /var/lib/kolla/venv/lib/python3.6/site-packages/oslo_config/cfg.py:2594
2025-05-29 02:30:26.819 7 DEBUG neutron.common.config [-] allow_bulk = True log_opt_values /var/lib/kolla/venv/lib/python3.6/site-packages/oslo_config/cfg.py:2603
2025-05-29 02:30:26.820 7 WARNING oslo_config.cfg [-] Deprecated: Option "allow_overlapping_ips" from group "DEFAULT" is deprecated for removal. Its value may be silently ignored in the future.
2025-05-29 02:30:26.820 7 DEBUG neutron.common.config [-] allow_overlapping_ips = True log_opt_values /var/lib/kolla/venv/lib/python3.6/site-packages/oslo_config/cfg.py:2603
2025-05-29 02:30:26.820 7 DEBUG neutron.common.config [-] api_extensions_path = /opt/plugin/site-packages/neutron_plugin_contrail/extensions:/opt/plugin/site-packages/neutron_lbaas/extensions log_opt_values /var/lib/kolla/venv/lib/python3.6/site-packages/oslo_config/cfg.py:2603
2025-05-29 02:30:26.820 7 DEBUG neutron.common.config [-] api_paste_config = /etc/neutron/api-paste.ini log_opt_values /var/lib/kolla/venv/lib/python3.6/site-packages/oslo_config/cfg.py:2603
2025-05-29 02:30:26.820 7 DEBUG neutron.common.config [-] api_workers = 1 log_opt_values /var/lib/kolla/venv/lib/python3.6/site-packages/oslo_config/cfg.py:2603
2025-05-29 02:30:26.820 7 DEBUG neutron.common.config [-] auth_strategy = keystone log_opt_values /var/lib/kolla/venv/lib/python3.6/site-packages/oslo_config/cfg.py:2603
2025-05-29 02:30:26.820 7 DEBUG neutron.common.config [-] backlog = 4096 log_opt_values /var/lib/kolla/venv/lib/python3.6/site-packages/oslo_config/cfg.py:2603
2025-05-29 02:30:26.820 7 DEBUG neutron.common.config [-] base_mac = fa:16:3e:00:00:00 log_opt_values /var/lib/kolla/venv/lib/python3.6/site-packages/oslo_config/cfg.py:2603
2025-05-29 02:30:26.821 7 DEBUG neutron.common.config [-] bind_host = 10.0.0.38 log_opt_values /var/lib/kolla/venv/lib/python3.6/site-packages/oslo_config/cfg.py:2603
2025-05-29 02:30:26.821 7 DEBUG neutron.common.config [-] bind_port = 9696 log_opt_values /var/lib/kolla/venv/lib/python3.6/site-packages/oslo_config/cfg.py:2603
2025-05-29 02:30:26.821 7 DEBUG neutron.common.config [-] client_socket_timeout = 900 log_opt_values /var/lib/kolla/venv/lib/python3.6/site-packages/oslo_config/cfg.py:2603
