2025-05-26 02:01:21.176 69799 DEBUG oslo_service.service [-] clients_manila.endpoint_type = None log_opt_values /usr/lib/python3/dist-packages/oslo_config/cfg.py:2609
2025-05-26 02:01:21.177 69799 DEBUG oslo_service.service [-] clients_manila.insecure = None log_opt_values /usr/lib/python3/dist-packages/oslo_config/cfg.py:2609
2025-05-26 02:01:21.177 69799 DEBUG oslo_service.service [-] clients_manila.key_file = None log_opt_values /usr/lib/python3/dist-packages/oslo_config/cfg.py:2609
2025-05-26 02:01:21.177 69799 DEBUG oslo_service.service [-] clients_mistral.ca_file = None log_opt_values /usr/lib/python3/dist-packages/oslo_config/cfg.py:2609
2025-05-26 02:01:21.177 69799 DEBUG oslo_service.service [-] clients_mistral.cert_file = None log_opt_values /usr/lib/python3/dist-packages/oslo_config/cfg.py:2609
2025-05-26 02:01:21.177 69799 DEBUG oslo_service.service [-] clients_mistral.endpoint_type = None log_opt_values /usr/lib/python3/dist-packages/oslo_config/cfg.py:2609
2025-05-26 02:01:21.177 69799 DEBUG oslo_service.service [-] clients_mistral.insecure = None log_opt_values /usr/lib/python3/dist-packages/oslo_config/cfg.py:2609
2025-05-26 02:01:21.177 69799 DEBUG oslo_service.service [-] clients_mistral.key_file = None log_opt_values /usr/lib/python3/dist-packages/oslo_config/cfg.py:2609
2025-05-26 02:01:21.178 69799 DEBUG oslo_service.service [-] clients_monasca.ca_file = None log_opt_values /usr/lib/python3/dist-packages/oslo_config/cfg.py:2609
2025-05-26 02:01:21.178 69799 DEBUG oslo_service.service [-] clients_monasca.cert_file = None log_opt_values /usr/lib/python3/dist-packages/oslo_config/cfg.py:2609
2025-05-26 02:01:21.178 69799 DEBUG oslo_service.service [-] clients_monasca.endpoint_type = None log_opt_values /usr/lib/python3/dist-packages/oslo_config/cfg.py:2609
2025-05-26 02:01:21.178 69799 DEBUG oslo_service.service [-] clients_monasca.insecure = None log_opt_values /usr/lib/python3/dist-packages/oslo_config/cfg.py:2609
2025-05-26 02:01:21.178 69799 DEBUG oslo_service.service [-] clients_monasca.key_file = None log_opt_values /usr/lib/python3/dist-packages/oslo_config/cfg.py:2609
2025-05-26 02:01:21.178 69799 DEBUG oslo_service.service [-] clients_neutron.ca_file = None log_opt_values /usr/lib/python3/dist-packages/oslo_config/cfg.py:2609
2025-05-26 02:01:21.179 69799 DEBUG oslo_service.service [-] clients_neutron.cert_file = None log_opt_values /usr/lib/python3/dist-packages/oslo_config/cfg.py:2609
2025-05-26 02:01:21.179 69799 DEBUG oslo_service.service [-] clients_neutron.endpoint_type = None log_opt_values /usr/lib/python3/dist-packages/oslo_config/cfg.py:2609
2025-05-26 02:01:21.179 69799 DEBUG oslo_service.service [-] clients_neutron.insecure = None log_opt_values /usr/lib/python3/dist-packages/oslo_config/cfg.py:2609
2025-05-26 02:01:21.179 69799 DEBUG oslo_service.service [-] clients_neutron.key_file = None log_opt_values /usr/lib/python3/dist-packages/oslo_config/cfg.py:2609
2025-05-26 02:01:21.179 69799 DEBUG oslo_service.service [-] clients_nova.ca_file = None log_opt_values /usr/lib/python3/dist-packages/oslo_config/cfg.py:2609
2025-05-26 02:01:21.179 69799 DEBUG oslo_service.service [-] clients_nova.cert_file = None log_opt_values /usr/lib/python3/dist-packages/oslo_config/cfg.py:2609
2025-05-26 02:01:21.179 69799 DEBUG oslo_service.service [-] clients_nova.endpoint_type = None log_opt_values /usr/lib/python3/dist-packages/oslo_config/cfg.py:2609
2025-05-26 02:01:21.180 69799 DEBUG oslo_service.service [-] clients_nova.http_log_debug = False log_opt_values /usr/lib/python3/dist-packages/oslo_config/cfg.py:2609
2025-05-26 02:01:21.180 69799 DEBUG oslo_service.service [-] clients_nova.insecure = None log_opt_values /usr/lib/python3/dist-packages/oslo_config/cfg.py:2609
2025-05-26 02:01:21.180 69799 DEBUG oslo_service.service [-] clients_nova.key_file = None log_opt_values /usr/lib/python3/dist-packages/oslo_config/cfg.py:2609
2025-05-26 02:01:21.180 69799 DEBUG oslo_service.service [-] clients_octavia.ca_file = None log_opt_values /usr/lib/python3/dist-packages/oslo_config/cfg.py:2609
2025-05-26 02:01:21.180 69799 DEBUG oslo_service.service [-] clients_octavia.cert_file = None log_opt_values /usr/lib/python3/dist-packages/oslo_config/cfg.py:2609
2025-05-26 02:01:21.180 69799 DEBUG oslo_service.service [-] clients_octavia.endpoint_type = None log_opt_values /usr/lib/python3/dist-packages/oslo_config/cfg.py:2609
2025-05-26 02:01:21.180 69799 DEBUG oslo_service.service [-] clients_octavia.insecure = None log_opt_values /usr/lib/python3/dist-packages/oslo_config/cfg.py:2609
2025-05-26 02:01:21.181 69799 DEBUG oslo_service.service [-] clients_octavia.key_file = None log_opt_values /usr/lib/python3/dist-packages/oslo_config/cfg.py:2609
2025-05-26 02:01:21.181 69799 DEBUG oslo_service.service [-] clients_sahara.ca_file = None log_opt_values /usr/lib/python3/dist-packages/oslo_config/cfg.py:2609
2025-05-26 02:01:21.181 69799 DEBUG oslo_service.service [-] clients_sahara.cert_file = None log_opt_values /usr/lib/python3/dist-packages/oslo_config/cfg.py:2609
2025-05-26 02:01:21.181 69799 DEBUG oslo_service.service [-] clients_sahara.endpoint_type = None log_opt_values /usr/lib/python3/dist-packages/oslo_config/cfg.py:2609
2025-05-26 02:01:21.181 69799 DEBUG oslo_service.service [-] clients_sahara.insecure = None log_opt_values /usr/lib/python3/dist-packages/oslo_config/cfg.py:2609
2025-05-26 02:01:21.181 69799 DEBUG oslo_service.service [-] clients_sahara.key_file = None log_opt_values /usr/lib/python3/dist-packages/oslo_config/cfg.py:2609
2025-05-26 02:01:21.182 69799 DEBUG oslo_service.service [-] clients_senlin.ca_file = None log_opt_values /usr/lib/python3/dist-packages/oslo_config/cfg.py:2609
2025-05-26 02:01:21.182 69799 DEBUG oslo_service.service [-] clients_senlin.cert_file = None log_opt_values /usr/lib/python3/dist-packages/oslo_config/cfg.py:2609
2025-05-26 02:01:21.182 69799 DEBUG oslo_service.service [-] clients_senlin.endpoint_type = None log_opt_values /usr/lib/python3/dist-packages/oslo_config/cfg.py:2609
2025-05-26 02:01:21.182 69799 DEBUG oslo_service.service [-] clients_senlin.insecure = None log_opt_values /usr/lib/python3/dist-packages/oslo_config/cfg.py:2609
2025-05-26 02:01:21.182 69799 DEBUG oslo_service.service [-] clients_senlin.key_file = None log_opt_values /usr/lib/python3/dist-packages/oslo_config/cfg.py:2609
2025-05-26 02:01:21.182 69799 DEBUG oslo_service.service [-] clients_swift.ca_file = None log_opt_values /usr/lib/python3/dist-packages/oslo_config/cfg.py:2609
2025-05-26 02:01:21.183 69799 DEBUG oslo_service.service [-] clients_swift.cert_file = None log_opt_values /usr/lib/python3/dist-packages/oslo_config/cfg.py:2609
2025-05-26 02:01:21.183 69799 DEBUG oslo_service.service [-] clients_swift.endpoint_type = None log_opt_values /usr/lib/python3/dist-packages/oslo_config/cfg.py:2609
2025-05-26 02:01:21.183 69799 DEBUG oslo_service.service [-] clients_swift.insecure = None log_opt_values /usr/lib/python3/dist-packages/oslo_config/cfg.py:2609
2025-05-26 02:01:21.183 69799 DEBUG oslo_service.service [-] clients_swift.key_file = None log_opt_values /usr/lib/python3/dist-packages/oslo_config/cfg.py:2609
2025-05-26 02:01:21.183 69799 DEBUG oslo_service.service [-] clients_trove.ca_file = None log_opt_values /usr/lib/python3/dist-packages/oslo_config/cfg.py:2609
2025-05-26 02:01:21.184 69799 DEBUG oslo_service.service [-] clients_trove.cert_file = None log_opt_values /usr/lib/python3/dist-packages/oslo_config/cfg.py:2609
2025-05-26 02:01:21.184 69799 DEBUG oslo_service.service [-] clients_trove.endpoint_type = None log_opt_values /usr/lib/python3/dist-packages/oslo_config/cfg.py:2609
2025-05-26 02:01:21.184 69799 DEBUG oslo_service.service [-] clients_trove.insecure = None log_opt_values /usr/lib/python3/dist-packages/oslo_config/cfg.py:2609
2025-05-26 02:01:21.184 69799 DEBUG oslo_service.service [-] clients_trove.key_file = None log_opt_values /usr/lib/python3/dist-packages/oslo_config/cfg.py:2609
2025-05-26 02:01:21.184 69799 DEBUG oslo_service.service [-] clients_vitrage.ca_file = None log_opt_values /usr/lib/python3/dist-packages/oslo_config/cfg.py:2609
2025-05-26 02:01:21.184 69799 DEBUG oslo_service.service [-] clients_vitrage.cert_file = None log_opt_values /usr/lib/python3/dist-packages/oslo_config/cfg.py:2609
2025-05-26 02:01:21.184 69799 DEBUG oslo_service.service [-] clients_vitrage.endpoint_type = None log_opt_values /usr/lib/python3/dist-packages/oslo_config/cfg.py:2609
2025-05-26 02:01:21.185 69799 DEBUG oslo_service.service [-] clients_vitrage.insecure = None log_opt_values /usr/lib/python3/dist-packages/oslo_config/cfg.py:2609
2025-05-26 02:01:21.185 69799 DEBUG oslo_service.service [-] clients_vitrage.key_file = None log_opt_values /usr/lib/python3/dist-packages/oslo_config/cfg.py:2609
2025-05-26 02:01:21.185 69799 DEBUG oslo_service.service [-] clients_zaqar.ca_file = None log_opt_values /usr/lib/python3/dist-packages/oslo_config/cfg.py:2609
2025-05-26 02:01:21.185 69799 DEBUG oslo_service.service [-] clients_zaqar.cert_file = None log_opt_values /usr/lib/python3/dist-packages/oslo_config/cfg.py:2609
2025-05-26 02:01:21.185 69799 DEBUG oslo_service.service [-] clients_zaqar.endpoint_type = None log_opt_values /usr/lib/python3/dist-packages/oslo_config/cfg.py:2609
2025-05-26 02:01:21.185 69799 DEBUG oslo_service.service [-] clients_zaqar.insecure = None log_opt_values /usr/lib/python3/dist-packages/oslo_config/cfg.py:2609
2025-05-26 02:01:21.185 69799 DEBUG oslo_service.service [-] clients_zaqar.key_file = None log_opt_values /usr/lib/python3/dist-packages/oslo_config/cfg.py:2609
2025-05-26 02:01:21.186 69799 DEBUG oslo_service.service [-] database.backend = sqlalchemy log_opt_values /usr/lib/python3/dist-packages/oslo_config/cfg.py:2609
2025-05-26 02:01:21.186 69799 DEBUG oslo_service.service [-] database.connection = **** log_opt_values /usr/lib/python3/dist-packages/oslo_config/cfg.py:2609
2025-05-26 02:01:21.186 69799 DEBUG oslo_service.service [-] database.connection_debug = 0 log_opt_values /usr/lib/python3/dist-packages/oslo_config/cfg.py:2609
2025-05-26 02:01:21.186 69799 DEBUG oslo_service.service [-] database.connection_parameters = log_opt_values /usr/lib/python3/dist-packages/oslo_config/cfg.py:2609
2025-05-26 02:01:21.186 69799 DEBUG oslo_service.service [-] database.connection_recycle_time = 3600 log_opt_values /usr/lib/python3/dist-packages/oslo_config/cfg.py:2609
2025-05-26 02:01:21.187 69799 DEBUG oslo_service.service [-] database.connection_trace = False log_opt_values /usr/lib/python3/dist-packages/oslo_config/cfg.py:2609
2025-05-26 02:01:21.187 69799 DEBUG oslo_service.service [-] database.db_inc_retry_interval = True log_opt_values /usr/lib/python3/dist-packages/oslo_config/cfg.py:2609
2025-05-26 02:01:21.187 69799 DEBUG oslo_service.service [-] database.db_max_retries = 20 log_opt_values /usr/lib/python3/dist-packages/oslo_config/cfg.py:2609
2025-05-26 02:01:21.187 69799 DEBUG oslo_service.service [-] database.db_max_retry_interval = 10 log_opt_values /usr/lib/python3/dist-packages/oslo_config/cfg.py:2609
2025-05-26 02:01:21.188 69799 DEBUG oslo_service.service [-] database.db_retry_interval = 1 log_opt_values /usr/lib/python3/dist-packages/oslo_config/cfg.py:2609
2025-05-26 02:01:21.188 69799 DEBUG oslo_service.service [-] database.max_overflow = 50 log_opt_values /usr/lib/python3/dist-packages/oslo_config/cfg.py:2609
2025-05-26 02:01:21.188 69799 DEBUG oslo_service.service [-] database.max_pool_size = 5 log_opt_values /usr/lib/python3/dist-packages/oslo_config/cfg.py:2609
2025-05-26 02:01:21.188 69799 DEBUG oslo_service.service [-] database.max_retries = 10 log_opt_values /usr/lib/python3/dist-packages/oslo_config/cfg.py:2609
2025-05-26 02:01:21.188 69799 DEBUG oslo_service.service [-] database.mysql_enable_ndb = False log_opt_values /usr/lib/python3/dist-packages/oslo_config/cfg.py:2609
2025-05-26 02:01:21.188 69799 DEBUG oslo_service.service [-] database.mysql_sql_mode = TRADITIONAL log_opt_values /usr/lib/python3/dist-packages/oslo_config/cfg.py:2609
2025-05-26 02:01:21.189 69799 DEBUG oslo_service.service [-] database.pool_timeout = None log_opt_values /usr/lib/python3/dist-packages/oslo_config/cfg.py:2609
2025-05-26 02:01:21.189 69799 DEBUG oslo_service.service [-] database.retry_interval = 10 log_opt_values /usr/lib/python3/dist-packages/oslo_config/cfg.py:2609
2025-05-26 02:01:21.189 69799 DEBUG oslo_service.service [-] database.slave_connection = **** log_opt_values /usr/lib/python3/dist-packages/oslo_config/cfg.py:2609
2025-05-26 02:01:21.189 69799 DEBUG oslo_service.service [-] database.sqlite_synchronous = True log_opt_values /usr/lib/python3/dist-packages/oslo_config/cfg.py:2609
2025-05-26 02:01:21.189 69799 DEBUG oslo_service.service [-] database.use_db_reconnect = False log_opt_values /usr/lib/python3/dist-packages/oslo_config/cfg.py:2609
2025-05-26 02:01:21.189 69799 DEBUG oslo_service.service [-] oslo_messaging_metrics.metrics_buffer_size = 1000 log_opt_values /usr/lib/python3/dist-packages/oslo_config/cfg.py:2609
2025-05-26 02:01:21.189 69799 DEBUG oslo_service.service [-] oslo_messaging_metrics.metrics_enabled = False log_opt_values /usr/lib/python3/dist-packages/oslo_config/cfg.py:2609
2025-05-26 02:01:21.190 69799 DEBUG oslo_service.service [-] oslo_messaging_metrics.metrics_process_name = log_opt_values /usr/lib/python3/dist-packages/oslo_config/cfg.py:2609
2025-05-26 02:01:21.190 69799 DEBUG oslo_service.service [-] oslo_messaging_metrics.metrics_socket_file = /var/tmp/metrics_collector.sock log_opt_values /usr/lib/python3/dist-packages/oslo_config/cfg.py:2609
2025-05-26 02:01:21.190 69799 DEBUG oslo_service.service [-] oslo_messaging_metrics.metrics_thread_stop_timeout = 10 log_opt_values /usr/lib/python3/dist-packages/oslo_config/cfg.py:2609
2025-05-26 02:01:21.190 69799 DEBUG oslo_service.service [-] oslo_policy.enforce_new_defaults = False log_opt_values /usr/lib/python3/dist-packages/oslo_config/cfg.py:2609
2025-05-26 02:01:21.190 69799 DEBUG oslo_service.service [-] oslo_policy.enforce_scope = False log_opt_values /usr/lib/python3/dist-packages/oslo_config/cfg.py:2609
2025-05-26 02:01:21.190 69799 DEBUG oslo_service.service [-] oslo_policy.policy_default_rule = default log_opt_values /usr/lib/python3/dist-packages/oslo_config/cfg.py:2609
2025-05-26 02:01:21.191 69799 DEBUG oslo_service.service [-] oslo_policy.policy_dirs = ['policy.d'] log_opt_values /usr/lib/python3/dist-packages/oslo_config/cfg.py:2609
2025-05-26 02:01:21.191 69799 DEBUG oslo_service.service [-] oslo_policy.policy_file = policy.yaml log_opt_values /usr/lib/python3/dist-packages/oslo_config/cfg.py:2609
2025-05-26 02:01:21.191 69799 DEBUG oslo_service.service [-] oslo_policy.remote_content_type = application/x-www-form-urlencoded log_opt_values /usr/lib/python3/dist-packages/oslo_config/cfg.py:2609
2025-05-26 02:01:21.191 69799 DEBUG oslo_service.service [-] oslo_policy.remote_ssl_ca_crt_file = None log_opt_values /usr/lib/python3/dist-packages/oslo_config/cfg.py:2609
2025-05-26 02:01:21.191 69799 DEBUG oslo_service.service [-] oslo_policy.remote_ssl_client_crt_file = None log_opt_values /usr/lib/python3/dist-packages/oslo_config/cfg.py:2609
2025-05-26 02:01:21.192 69799 DEBUG oslo_service.service [-] oslo_policy.remote_ssl_client_key_file = None log_opt_values /usr/lib/python3/dist-packages/oslo_config/cfg.py:2609
2025-05-26 02:01:21.192 69799 DEBUG oslo_service.service [-] oslo_policy.remote_ssl_verify_server_crt = False log_opt_values /usr/lib/python3/dist-packages/oslo_config/cfg.py:2609
2025-05-26 02:01:21.192 69799 DEBUG oslo_service.service [-] trustee.auth_section = None log_opt_values /usr/lib/python3/dist-packages/oslo_config/cfg.py:2609
2025-05-26 02:01:21.192 69799 WARNING oslo_config.cfg [-] Deprecated: Option "auth_plugin" from group "trustee" is deprecated. Use option "auth_type" from group "trustee".
2025-05-26 02:01:21.193 69799 DEBUG oslo_service.service [-] trustee.auth_type = password log_opt_values /usr/lib/python3/dist-packages/oslo_config/cfg.py:2609
2025-05-26 02:01:21.193 69799 DEBUG oslo_service.service [-] oslo_versionedobjects.fatal_exception_format_errors = False log_opt_values /usr/lib/python3/dist-packages/oslo_config/cfg.py:2609
2025-05-26 02:01:21.193 69799 DEBUG oslo_service.service [-] oslo_messaging_rabbit.amqp_auto_delete = False log_opt_values /usr/lib/python3/dist-packages/oslo_config/cfg.py:2609
2025-05-26 02:01:21.193 69799 DEBUG oslo_service.service [-] oslo_messaging_rabbit.amqp_durable_queues = False log_opt_values /usr/lib/python3/dist-packages/oslo_config/cfg.py:2609
2025-05-26 02:01:21.193 69799 DEBUG oslo_service.service [-] oslo_messaging_rabbit.conn_pool_min_size = 2 log_opt_values /usr/lib/python3/dist-packages/oslo_config/cfg.py:2609
2025-05-26 02:01:21.193 69799 DEBUG oslo_service.service [-] oslo_messaging_rabbit.conn_pool_ttl = 1200 log_opt_values /usr/lib/python3/dist-packages/oslo_config/cfg.py:2609
2025-05-26 02:01:21.193 69799 DEBUG oslo_service.service [-] oslo_messaging_rabbit.direct_mandatory_flag = True log_opt_values /usr/lib/python3/dist-packages/oslo_config/cfg.py:2609
2025-05-26 02:01:21.194 69799 DEBUG oslo_service.service [-] oslo_messaging_rabbit.enable_cancel_on_failover = False log_opt_values /usr/lib/python3/dist-packages/oslo_config/cfg.py:2609
2025-05-26 02:01:21.194 69799 DEBUG oslo_service.service [-] oslo_messaging_rabbit.heartbeat_in_pthread = False log_opt_values /usr/lib/python3/dist-packages/oslo_config/cfg.py:2609
2025-05-26 02:01:21.194 69799 DEBUG oslo_service.service [-] oslo_messaging_rabbit.heartbeat_rate = 2 log_opt_values /usr/lib/python3/dist-packages/oslo_config/cfg.py:2609
2025-05-26 02:01:21.194 69799 DEBUG oslo_service.service [-] oslo_messaging_rabbit.heartbeat_timeout_threshold = 60 log_opt_values /usr/lib/python3/dist-packages/oslo_config/cfg.py:2609
2025-05-26 02:01:21.194 69799 DEBUG oslo_service.service [-] oslo_messaging_rabbit.kombu_compression = None log_opt_values /usr/lib/python3/dist-packages/oslo_config/cfg.py:2609
2025-05-26 02:01:21.194 69799 DEBUG oslo_service.service [-] oslo_messaging_rabbit.kombu_failover_strategy = round-robin log_opt_values /usr/lib/python3/dist-packages/oslo_config/cfg.py:2609
2025-05-26 02:01:21.194 69799 DEBUG oslo_service.service [-] oslo_messaging_rabbit.kombu_missing_consumer_retry_timeout = 60 log_opt_values /usr/lib/python3/dist-packages/oslo_config/cfg.py:2609
2025-05-26 02:01:21.195 69799 DEBUG oslo_service.service [-] oslo_messaging_rabbit.kombu_reconnect_delay = 1.0 log_opt_values /usr/lib/python3/dist-packages/oslo_config/cfg.py:2609
2025-05-26 02:01:21.195 69799 DEBUG oslo_service.service [-] oslo_messaging_rabbit.rabbit_ha_queues = False log_opt_values /usr/lib/python3/dist-packages/oslo_config/cfg.py:2609
2025-05-26 02:01:21.195 69799 DEBUG oslo_service.service [-] oslo_messaging_rabbit.rabbit_interval_max = 30 log_opt_values /usr/lib/python3/dist-packages/oslo_config/cfg.py:2609
2025-05-26 02:01:21.195 69799 DEBUG oslo_service.service [-] oslo_messaging_rabbit.rabbit_login_method = AMQPLAIN log_opt_values /usr/lib/python3/dist-packages/oslo_config/cfg.py:2609
2025-05-26 02:01:21.195 69799 DEBUG oslo_service.service [-] oslo_messaging_rabbit.rabbit_qos_prefetch_count = 0 log_opt_values /usr/lib/python3/dist-packages/oslo_config/cfg.py:2609
2025-05-26 02:01:21.195 69799 DEBUG oslo_service.service [-] oslo_messaging_rabbit.rabbit_quorum_queue = False log_opt_values /usr/lib/python3/dist-packages/oslo_config/cfg.py:2609
2025-05-26 02:01:21.195 69799 DEBUG oslo_service.service [-] oslo_messaging_rabbit.rabbit_retry_backoff = 2 log_opt_values /usr/lib/python3/dist-packages/oslo_config/cfg.py:2609
2025-05-26 02:01:21.196 69799 DEBUG oslo_service.service [-] oslo_messaging_rabbit.rabbit_retry_interval = 1 log_opt_values /usr/lib/python3/dist-packages/oslo_config/cfg.py:2609
2025-05-26 02:01:21.196 69799 DEBUG oslo_service.service [-] oslo_messaging_rabbit.rabbit_transient_queues_ttl = 1800 log_opt_values /usr/lib/python3/dist-packages/oslo_config/cfg.py:2609
2025-05-26 02:01:21.196 69799 DEBUG oslo_service.service [-] oslo_messaging_rabbit.rpc_conn_pool_size = 30 log_opt_values /usr/lib/python3/dist-packages/oslo_config/cfg.py:2609
2025-05-26 02:01:21.196 69799 DEBUG oslo_service.service [-] oslo_messaging_rabbit.ssl = False log_opt_values /usr/lib/python3/dist-packages/oslo_config/cfg.py:2609
2025-05-26 02:01:21.196 69799 DEBUG oslo_service.service [-] oslo_messaging_rabbit.ssl_ca_file = log_opt_values /usr/lib/python3/dist-packages/oslo_config/cfg.py:2609
2025-05-26 02:01:21.196 69799 DEBUG oslo_service.service [-] oslo_messaging_rabbit.ssl_cert_file = log_opt_values /usr/lib/python3/dist-packages/oslo_config/cfg.py:2609
2025-05-26 02:01:21.197 69799 DEBUG oslo_service.service [-] oslo_messaging_rabbit.ssl_key_file = log_opt_values /usr/lib/python3/dist-packages/oslo_config/cfg.py:2609
2025-05-26 02:01:21.197 69799 DEBUG oslo_service.service [-] oslo_messaging_rabbit.ssl_version = log_opt_values /usr/lib/python3/dist-packages/oslo_config/cfg.py:2609
2025-05-26 02:01:21.197 69799 DEBUG oslo_service.service [-] oslo_messaging_notifications.driver = [] log_opt_values /usr/lib/python3/dist-packages/oslo_config/cfg.py:2609
2025-05-26 02:01:21.197 69799 DEBUG oslo_service.service [-] oslo_messaging_notifications.retry = -1 log_opt_values /usr/lib/python3/dist-packages/oslo_config/cfg.py:2609
2025-05-26 02:01:21.197 69799 DEBUG oslo_service.service [-] oslo_messaging_notifications.topics = ['notifications'] log_opt_values /usr/lib/python3/dist-packages/oslo_config/cfg.py:2609
2025-05-26 02:01:21.197 69799 DEBUG oslo_service.service [-] oslo_messaging_notifications.transport_url = **** log_opt_values /usr/lib/python3/dist-packages/oslo_config/cfg.py:2609
2025-05-26 02:01:21.198 69799 DEBUG oslo_service.service [-] cache.backend = dogpile.cache.null log_opt_values /usr/lib/python3/dist-packages/oslo_config/cfg.py:2609
2025-05-26 02:01:21.198 69799 DEBUG oslo_service.service [-] cache.backend_argument = **** log_opt_values /usr/lib/python3/dist-packages/oslo_config/cfg.py:2609
2025-05-26 02:01:21.198 69799 DEBUG oslo_service.service [-] cache.config_prefix = cache.oslo log_opt_values /usr/lib/python3/dist-packages/oslo_config/cfg.py:2609
2025-05-26 02:01:21.198 69799 DEBUG oslo_service.service [-] cache.debug_cache_backend = False log_opt_values /usr/lib/python3/dist-packages/oslo_config/cfg.py:2609
2025-05-26 02:01:21.198 69799 DEBUG oslo_service.service [-] cache.enabled = False log_opt_values /usr/lib/python3/dist-packages/oslo_config/cfg.py:2609
2025-05-26 02:01:21.198 69799 DEBUG oslo_service.service [-] cache.expiration_time = 600 log_opt_values /usr/lib/python3/dist-packages/oslo_config/cfg.py:2609
2025-05-26 02:01:21.199 69799 DEBUG oslo_service.service [-] cache.memcache_dead_retry = 300 log_opt_values /usr/lib/python3/dist-packages/oslo_config/cfg.py:2609
2025-05-26 02:01:21.199 69799 DEBUG oslo_service.service [-] cache.memcache_pool_connection_get_timeout = 10 log_opt_values /usr/lib/python3/dist-packages/oslo_config/cfg.py:2609
2025-05-26 02:01:21.199 69799 DEBUG oslo_service.service [-] cache.memcache_pool_flush_on_reconnect = False log_opt_values /usr/lib/python3/dist-packages/oslo_config/cfg.py:2609
2025-05-26 02:01:21.199 69799 DEBUG oslo_service.service [-] cache.memcache_pool_maxsize = 10 log_opt_values /usr/lib/python3/dist-packages/oslo_config/cfg.py:2609
2025-05-26 02:01:21.199 69799 DEBUG oslo_service.service [-] cache.memcache_pool_unused_timeout = 60 log_opt_values /usr/lib/python3/dist-packages/oslo_config/cfg.py:2609
2025-05-26 02:01:21.199 69799 DEBUG oslo_service.service [-] cache.memcache_servers = ['localhost:11211'] log_opt_values /usr/lib/python3/dist-packages/oslo_config/cfg.py:2609
2025-05-26 02:01:21.199 69799 DEBUG oslo_service.service [-] cache.memcache_socket_timeout = 1.0 log_opt_values /usr/lib/python3/dist-packages/oslo_config/cfg.py:2609
2025-05-26 02:01:21.200 69799 DEBUG oslo_service.service [-] cache.proxies = [] log_opt_values /usr/lib/python3/dist-packages/oslo_config/cfg.py:2609
2025-05-26 02:01:21.200 69799 DEBUG oslo_service.service [-] cache.tls_allowed_ciphers = None log_opt_values /usr/lib/python3/dist-packages/oslo_config/cfg.py:2609
2025-05-26 02:01:21.200 70028 INFO heat.engine.worker [-] Starting engine_worker (1.4) in engine 47aa48c1-b5b6-4532-9e21-6044871724b1.
2025-05-26 02:01:21.200 69799 DEBUG oslo_service.service [-] cache.tls_cafile = None log_opt_values /usr/lib/python3/dist-packages/oslo_config/cfg.py:2609
2025-05-26 02:01:21.200 69799 DEBUG oslo_service.service [-] cache.tls_certfile = None log_opt_values /usr/lib/python3/dist-packages/oslo_config/cfg.py:2609
2025-05-26 02:01:21.200 69799 DEBUG oslo_service.service [-] cache.tls_enabled = False log_opt_values /usr/lib/python3/dist-packages/oslo_config/cfg.py:2609
2025-05-26 02:01:21.200 69799 DEBUG oslo_service.service [-] cache.tls_keyfile = None log_opt_values /usr/lib/python3/dist-packages/oslo_config/cfg.py:2609
2025-05-26 02:01:21.200 69799 DEBUG oslo_service.service [-] constraint_validation_cache.caching = True log_opt_values /usr/lib/python3/dist-packages/oslo_config/cfg.py:2609
2025-05-26 02:01:21.201 69799 DEBUG oslo_service.service [-] constraint_validation_cache.expiration_time = 60 log_opt_values /usr/lib/python3/dist-packages/oslo_config/cfg.py:2609
2025-05-26 02:01:21.201 69799 DEBUG oslo_service.service [-] service_extension_cache.caching = True log_opt_values /usr/lib/python3/dist-packages/oslo_config/cfg.py:2609
2025-05-26 02:01:21.201 69799 DEBUG oslo_service.service [-] service_extension_cache.expiration_time = 3600 log_opt_values /usr/lib/python3/dist-packages/oslo_config/cfg.py:2609
2025-05-26 02:01:21.201 69799 DEBUG oslo_service.service [-] resource_finder_cache.caching = True log_opt_values /usr/lib/python3/dist-packages/oslo_config/cfg.py:2609
2025-05-26 02:01:21.201 69799 DEBUG oslo_service.service [-] resource_finder_cache.expiration_time = 3600 log_opt_values /usr/lib/python3/dist-packages/oslo_config/cfg.py:2609
2025-05-26 02:01:21.201 69799 DEBUG oslo_service.service [-] yaql.limit_iterators = 200 log_opt_values /usr/lib/python3/dist-packages/oslo_config/cfg.py:2609
2025-05-26 02:01:21.202 69799 DEBUG oslo_service.service [-] yaql.memory_quota = 10000 log_opt_values /usr/lib/python3/dist-packages/oslo_config/cfg.py:2609
2025-05-26 02:01:21.202 69799 DEBUG oslo_service.service [-] ******************************************************************************** log_opt_values /usr/lib/python3/dist-packages/oslo_config/cfg.py:2613
2025-05-26 02:01:21.285 70027 DEBUG oslo_db.sqlalchemy.engines [req-c96d6176-9d2f-412a-988e-fa9687768901 - - - - -] MySQL server mode set to STRICT_TRANS_TABLES,STRICT_ALL_TABLES,NO_ZERO_IN_DATE,NO_ZERO_DATE,ERROR_FOR_DIVISION_BY_ZERO,TRADITIONAL,NO_ENGINE_SUBSTITUTION _check_effective_sql_mode /usr/lib/python3/dist-packages/oslo_db/sqlalchemy/engines.py:314
2025-05-26 02:01:21.297 70026 DEBUG oslo_db.sqlalchemy.engines [req-560beb59-9877-4b4f-a38d-04d8d6315591 - - - - -] MySQL server mode set to STRICT_TRANS_TABLES,STRICT_ALL_TABLES,NO_ZERO_IN_DATE,NO_ZERO_DATE,ERROR_FOR_DIVISION_BY_ZERO,TRADITIONAL,NO_ENGINE_SUBSTITUTION _check_effective_sql_mode /usr/lib/python3/dist-packages/oslo_db/sqlalchemy/engines.py:314
2025-05-26 02:01:21.300 70025 DEBUG oslo_db.sqlalchemy.engines [req-51554d3f-2acb-4e82-a5ce-dd44d6f9e70b - - - - -] MySQL server mode set to STRICT_TRANS_TABLES,STRICT_ALL_TABLES,NO_ZERO_IN_DATE,NO_ZERO_DATE,ERROR_FOR_DIVISION_BY_ZERO,TRADITIONAL,NO_ENGINE_SUBSTITUTION _check_effective_sql_mode /usr/lib/python3/dist-packages/oslo_db/sqlalchemy/engines.py:314
2025-05-26 02:01:21.330 70028 DEBUG oslo_db.sqlalchemy.engines [req-c3a8aaa6-6bf8-459d-a23e-f1a8c2ee02f3 - - - - -] MySQL server mode set to STRICT_TRANS_TABLES,STRICT_ALL_TABLES,NO_ZERO_IN_DATE,NO_ZERO_DATE,ERROR_FOR_DIVISION_BY_ZERO,TRADITIONAL,NO_ENGINE_SUBSTITUTION _check_effective_sql_mode /usr/lib/python3/dist-packages/oslo_db/sqlalchemy/engines.py:314
2025-05-26 02:01:21.397 70027 DEBUG heat.engine.service [req-c96d6176-9d2f-412a-988e-fa9687768901 - - - - -] Service 03f44f77-87e7-4274-8ea4-0779dd878bde was aborted service_manage_cleanup /usr/lib/python3/dist-packages/heat/engine/service.py:2391
2025-05-26 02:01:21.418 70028 DEBUG heat.engine.service [req-c3a8aaa6-6bf8-459d-a23e-f1a8c2ee02f3 - - - - -] Service 03f44f77-87e7-4274-8ea4-0779dd878bde was aborted service_manage_cleanup /usr/lib/python3/dist-packages/heat/engine/service.py:2391
2025-05-26 02:01:21.444 70025 DEBUG heat.engine.service [req-51554d3f-2acb-4e82-a5ce-dd44d6f9e70b - - - - -] Service 03f44f77-87e7-4274-8ea4-0779dd878bde was aborted service_manage_cleanup /usr/lib/python3/dist-packages/heat/engine/service.py:2391
2025-05-26 02:01:21.447 70026 DEBUG heat.engine.service [req-560beb59-9877-4b4f-a38d-04d8d6315591 - - - - -] Service 03f44f77-87e7-4274-8ea4-0779dd878bde was aborted service_manage_cleanup /usr/lib/python3/dist-packages/heat/engine/service.py:2391
2025-05-26 02:01:21.483 70027 DEBUG heat.engine.service [req-c96d6176-9d2f-412a-988e-fa9687768901 - - - - -] Service 09cac95f-7a9a-4198-9430-65856eb05900 was aborted service_manage_cleanup /usr/lib/python3/dist-packages/heat/engine/service.py:2391
2025-05-26 02:01:21.484 70028 DEBUG heat.engine.service [req-c3a8aaa6-6bf8-459d-a23e-f1a8c2ee02f3 - - - - -] Service 09cac95f-7a9a-4198-9430-65856eb05900 was aborted service_manage_cleanup /usr/lib/python3/dist-packages/heat/engine/service.py:2391
2025-05-26 02:01:21.488 70025 DEBUG heat.engine.service [req-51554d3f-2acb-4e82-a5ce-dd44d6f9e70b - - - - -] Service 09cac95f-7a9a-4198-9430-65856eb05900 was aborted service_manage_cleanup /usr/lib/python3/dist-packages/heat/engine/service.py:2391
2025-05-26 02:01:21.641 70025 DEBUG heat.engine.service [req-51554d3f-2acb-4e82-a5ce-dd44d6f9e70b - - - - -] Service 14bd7a99-9927-41c1-ad6c-ee9e5b191bb6 was aborted service_manage_cleanup /usr/lib/python3/dist-packages/heat/engine/service.py:2391
2025-05-26 02:01:21.647 70027 DEBUG heat.engine.service [req-c96d6176-9d2f-412a-988e-fa9687768901 - - - - -] Service 14bd7a99-9927-41c1-ad6c-ee9e5b191bb6 was aborted service_manage_cleanup /usr/lib/python3/dist-packages/heat/engine/service.py:2391
2025-05-26 02:01:21.656 70026 DEBUG heat.engine.service [req-560beb59-9877-4b4f-a38d-04d8d6315591 - - - - -] Service 09cac95f-7a9a-4198-9430-65856eb05900 was aborted service_manage_cleanup /usr/lib/python3/dist-packages/heat/engine/service.py:2391
2025-05-26 02:01:21.711 70028 DEBUG heat.engine.service [req-c3a8aaa6-6bf8-459d-a23e-f1a8c2ee02f3 - - - - -] Service 14bd7a99-9927-41c1-ad6c-ee9e5b191bb6 was aborted service_manage_cleanup /usr/lib/python3/dist-packages/heat/engine/service.py:2391
2025-05-26 02:01:21.713 70026 DEBUG heat.engine.service [req-560beb59-9877-4b4f-a38d-04d8d6315591 - - - - -] Service 14bd7a99-9927-41c1-ad6c-ee9e5b191bb6 was aborted service_manage_cleanup /usr/lib/python3/dist-packages/heat/engine/service.py:2391
2025-05-26 02:01:21.725 70027 DEBUG heat.engine.service [req-c96d6176-9d2f-412a-988e-fa9687768901 - - - - -] Service 3da5a112-cb70-4c36-97dd-8f006abc3c25 was aborted service_manage_cleanup /usr/lib/python3/dist-packages/heat/engine/service.py:2391
2025-05-26 02:01:21.726 70025 DEBUG heat.engine.service [req-51554d3f-2acb-4e82-a5ce-dd44d6f9e70b - - - - -] Service 3da5a112-cb70-4c36-97dd-8f006abc3c25 was aborted service_manage_cleanup /usr/lib/python3/dist-packages/heat/engine/service.py:2391
2025-05-26 02:01:21.746 70026 DEBUG heat.engine.service [req-560beb59-9877-4b4f-a38d-04d8d6315591 - - - - -] Service 3da5a112-cb70-4c36-97dd-8f006abc3c25 was aborted service_manage_cleanup /usr/lib/python3/dist-packages/heat/engine/service.py:2391
2025-05-26 02:01:21.754 70028 DEBUG heat.engine.service [req-c3a8aaa6-6bf8-459d-a23e-f1a8c2ee02f3 - - - - -] Service 3da5a112-cb70-4c36-97dd-8f006abc3c25 was aborted service_manage_cleanup /usr/lib/python3/dist-packages/heat/engine/service.py:2391
2025-05-26 02:01:21.762 70027 DEBUG heat.engine.service [req-c96d6176-9d2f-412a-988e-fa9687768901 - - - - -] Service 3f559042-41f4-4f04-965e-0d6a08c765ef was aborted service_manage_cleanup /usr/lib/python3/dist-packages/heat/engine/service.py:2391
2025-05-26 02:01:21.763 70025 DEBUG heat.engine.service [req-51554d3f-2acb-4e82-a5ce-dd44d6f9e70b - - - - -] Service 3f559042-41f4-4f04-965e-0d6a08c765ef was aborted service_manage_cleanup /usr/lib/python3/dist-packages/heat/engine/service.py:2391
2025-05-26 02:01:21.777 70026 DEBUG heat.engine.service [req-560beb59-9877-4b4f-a38d-04d8d6315591 - - - - -] Service 3f559042-41f4-4f04-965e-0d6a08c765ef was aborted service_manage_cleanup /usr/lib/python3/dist-packages/heat/engine/service.py:2391
2025-05-26 02:01:21.782 70028 DEBUG heat.engine.service [req-c3a8aaa6-6bf8-459d-a23e-f1a8c2ee02f3 - - - - -] Service 3f559042-41f4-4f04-965e-0d6a08c765ef was aborted service_manage_cleanup /usr/lib/python3/dist-packages/heat/engine/service.py:2391
2025-05-26 02:01:21.788 70027 DEBUG heat.engine.service [req-c96d6176-9d2f-412a-988e-fa9687768901 - - - - -] Service 5828ad2e-0b1c-444f-856b-44065bca6251 was aborted service_manage_cleanup /usr/lib/python3/dist-packages/heat/engine/service.py:2391
2025-05-26 02:01:21.789 70026 DEBUG heat.engine.service [req-560beb59-9877-4b4f-a38d-04d8d6315591 - - - - -] Service 5828ad2e-0b1c-444f-856b-44065bca6251 was aborted service_manage_cleanup /usr/lib/python3/dist-packages/heat/engine/service.py:2391
2025-05-26 02:01:21.790 70025 DEBUG heat.engine.service [req-51554d3f-2acb-4e82-a5ce-dd44d6f9e70b - - - - -] Service 5828ad2e-0b1c-444f-856b-44065bca6251 was aborted service_manage_cleanup /usr/lib/python3/dist-packages/heat/engine/service.py:2391
2025-05-26 02:01:21.795 70028 DEBUG heat.engine.service [req-c3a8aaa6-6bf8-459d-a23e-f1a8c2ee02f3 - - - - -] Service 5828ad2e-0b1c-444f-856b-44065bca6251 was aborted service_manage_cleanup /usr/lib/python3/dist-packages/heat/engine/service.py:2391
2025-05-26 02:01:21.835 70027 DEBUG heat.engine.service [req-c96d6176-9d2f-412a-988e-fa9687768901 - - - - -] Service 7e9aefd3-46f5-474e-b9f4-8a22a25ec4bb was aborted service_manage_cleanup /usr/lib/python3/dist-packages/heat/engine/service.py:2391
2025-05-26 02:01:21.839 70025 DEBUG heat.engine.service [req-51554d3f-2acb-4e82-a5ce-dd44d6f9e70b - - - - -] Service 7e9aefd3-46f5-474e-b9f4-8a22a25ec4bb was aborted service_manage_cleanup /usr/lib/python3/dist-packages/heat/engine/service.py:2391
2025-05-26 02:01:21.841 70028 DEBUG heat.engine.service [req-c3a8aaa6-6bf8-459d-a23e-f1a8c2ee02f3 - - - - -] Service 7e9aefd3-46f5-474e-b9f4-8a22a25ec4bb was aborted service_manage_cleanup /usr/lib/python3/dist-packages/heat/engine/service.py:2391
2025-05-26 02:01:21.841 70026 DEBUG heat.engine.service [req-560beb59-9877-4b4f-a38d-04d8d6315591 - - - - -] Service 7e9aefd3-46f5-474e-b9f4-8a22a25ec4bb was aborted service_manage_cleanup /usr/lib/python3/dist-packages/heat/engine/service.py:2391
2025-05-26 02:01:21.893 70027 DEBUG heat.engine.service [req-c96d6176-9d2f-412a-988e-fa9687768901 - - - - -] Service 969ec622-4891-49c7-a092-7ac6e70b0d2a was aborted service_manage_cleanup /usr/lib/python3/dist-packages/heat/engine/service.py:2391
2025-05-26 02:01:21.894 70025 DEBUG heat.engine.service [req-51554d3f-2acb-4e82-a5ce-dd44d6f9e70b - - - - -] Service 969ec622-4891-49c7-a092-7ac6e70b0d2a was aborted service_manage_cleanup /usr/lib/python3/dist-packages/heat/engine/service.py:2391
2025-05-26 02:01:21.895 70028 DEBUG heat.engine.service [req-c3a8aaa6-6bf8-459d-a23e-f1a8c2ee02f3 - - - - -] Service 969ec622-4891-49c7-a092-7ac6e70b0d2a was aborted service_manage_cleanup /usr/lib/python3/dist-packages/heat/engine/service.py:2391
2025-05-26 02:01:21.911 70026 DEBUG heat.engine.service [req-560beb59-9877-4b4f-a38d-04d8d6315591 - - - - -] Service 969ec622-4891-49c7-a092-7ac6e70b0d2a was aborted service_manage_cleanup /usr/lib/python3/dist-packages/heat/engine/service.py:2391
2025-05-26 02:01:21.926 70027 DEBUG heat.engine.service [req-c96d6176-9d2f-412a-988e-fa9687768901 - - - - -] Service b4938833-7e7b-4552-a561-ada096da3db5 was aborted service_manage_cleanup /usr/lib/python3/dist-packages/heat/engine/service.py:2391
2025-05-26 02:01:21.928 70025 DEBUG heat.engine.service [req-51554d3f-2acb-4e82-a5ce-dd44d6f9e70b - - - - -] Service b4938833-7e7b-4552-a561-ada096da3db5 was aborted service_manage_cleanup /usr/lib/python3/dist-packages/heat/engine/service.py:2391
2025-05-26 02:01:21.929 70028 DEBUG heat.engine.service [req-c3a8aaa6-6bf8-459d-a23e-f1a8c2ee02f3 - - - - -] Service b4938833-7e7b-4552-a561-ada096da3db5 was aborted service_manage_cleanup /usr/lib/python3/dist-packages/heat/engine/service.py:2391
2025-05-26 02:01:21.947 70026 DEBUG heat.engine.service [req-560beb59-9877-4b4f-a38d-04d8d6315591 - - - - -] Service b4938833-7e7b-4552-a561-ada096da3db5 was aborted service_manage_cleanup /usr/lib/python3/dist-packages/heat/engine/service.py:2391
2025-05-26 02:01:21.948 70027 DEBUG heat.engine.service [req-c96d6176-9d2f-412a-988e-fa9687768901 - - - - -] Service dc3a7ab1-3ee4-4686-9fe7-677197e5ae57 was aborted service_manage_cleanup /usr/lib/python3/dist-packages/heat/engine/service.py:2391
2025-05-26 02:01:21.949 70025 DEBUG heat.engine.service [req-51554d3f-2acb-4e82-a5ce-dd44d6f9e70b - - - - -] Service dc3a7ab1-3ee4-4686-9fe7-677197e5ae57 was aborted service_manage_cleanup /usr/lib/python3/dist-packages/heat/engine/service.py:2391
2025-05-26 02:01:21.950 70028 DEBUG heat.engine.service [req-c3a8aaa6-6bf8-459d-a23e-f1a8c2ee02f3 - - - - -] Service dc3a7ab1-3ee4-4686-9fe7-677197e5ae57 was aborted service_manage_cleanup /usr/lib/python3/dist-packages/heat/engine/service.py:2391
2025-05-26 02:01:21.971 70026 DEBUG heat.engine.service [req-560beb59-9877-4b4f-a38d-04d8d6315591 - - - - -] Service dc3a7ab1-3ee4-4686-9fe7-677197e5ae57 was aborted service_manage_cleanup /usr/lib/python3/dist-packages/heat/engine/service.py:2391
2025-05-26 02:01:21.975 70027 DEBUG heat.engine.service [req-c96d6176-9d2f-412a-988e-fa9687768901 - - - - -] Service ea1e778f-83e6-48b8-a734-894e08f74881 was aborted service_manage_cleanup /usr/lib/python3/dist-packages/heat/engine/service.py:2391
2025-05-26 02:01:21.976 70028 DEBUG heat.engine.service [req-c3a8aaa6-6bf8-459d-a23e-f1a8c2ee02f3 - - - - -] Service ea1e778f-83e6-48b8-a734-894e08f74881 was aborted service_manage_cleanup /usr/lib/python3/dist-packages/heat/engine/service.py:2391
2025-05-26 02:01:21.978 70025 DEBUG heat.engine.service [req-51554d3f-2acb-4e82-a5ce-dd44d6f9e70b - - - - -] Service ea1e778f-83e6-48b8-a734-894e08f74881 was aborted service_manage_cleanup /usr/lib/python3/dist-packages/heat/engine/service.py:2391
2025-05-26 02:01:21.983 70026 DEBUG heat.engine.service [req-560beb59-9877-4b4f-a38d-04d8d6315591 - - - - -] Service ea1e778f-83e6-48b8-a734-894e08f74881 was aborted service_manage_cleanup /usr/lib/python3/dist-packages/heat/engine/service.py:2391
2025-05-26 02:01:21.989 70027 DEBUG heat.engine.service [req-c96d6176-9d2f-412a-988e-fa9687768901 - - - - -] Service f679357b-8d5f-4dd8-95b1-df112bf444b1 was aborted service_manage_cleanup /usr/lib/python3/dist-packages/heat/engine/service.py:2391
2025-05-26 02:01:21.990 70028 DEBUG heat.engine.service [req-c3a8aaa6-6bf8-459d-a23e-f1a8c2ee02f3 - - - - -] Service f679357b-8d5f-4dd8-95b1-df112bf444b1 was aborted service_manage_cleanup /usr/lib/python3/dist-packages/heat/engine/service.py:2391
2025-05-26 02:01:21.991 70025 DEBUG heat.engine.service [req-51554d3f-2acb-4e82-a5ce-dd44d6f9e70b - - - - -] Service f679357b-8d5f-4dd8-95b1-df112bf444b1 was aborted service_manage_cleanup /usr/lib/python3/dist-packages/heat/engine/service.py:2391
2025-05-26 02:01:21.999 70026 DEBUG heat.engine.service [req-560beb59-9877-4b4f-a38d-04d8d6315591 - - - - -] Service f679357b-8d5f-4dd8-95b1-df112bf444b1 was aborted service_manage_cleanup /usr/lib/python3/dist-packages/heat/engine/service.py:2391
2025-05-26 02:01:22.030 70025 DEBUG heat.engine.service [req-9fa82411-26e9-49f5-ba00-3ea4db5f1d61 - - - - -] Service 974c0d48-98da-4914-be67-99a9c3ab36ed is started service_manage_report /usr/lib/python3/dist-packages/heat/engine/service.py:2363
2025-05-26 02:01:22.035 70028 DEBUG heat.engine.service [req-65873e21-359f-4626-ba4c-bb938c8ab9c6 - - - - -] Service 79a66583-2c12-4264-bc3f-0f1df1dae73b is started service_manage_report /usr/lib/python3/dist-packages/heat/engine/service.py:2363
2025-05-26 02:01:22.042 70027 DEBUG heat.engine.service [req-14b277e7-38bb-4686-8b0e-2de54bfbbd12 - - - - -] Service aa06ca82-29a4-4867-a595-850b0d61983b is started service_manage_report /usr/lib/python3/dist-packages/heat/engine/service.py:2363
2025-05-26 02:01:22.043 70026 DEBUG heat.engine.service [req-aada1e3b-6477-4c9b-96c4-408bdef450f9 - - - - -] Service 809a8513-c75b-4a70-99b2-b14b2b581a01 is started service_manage_report /usr/lib/python3/dist-packages/heat/engine/service.py:2363
2025-05-26 02:01:22.056 70028 DEBUG heat.engine.service [req-65873e21-359f-4626-ba4c-bb938c8ab9c6 - - - - -] Service 79a66583-2c12-4264-bc3f-0f1df1dae73b is updated service_manage_report /usr/lib/python3/dist-packages/heat/engine/service.py:2370
2025-05-26 02:01:22.064 70027 DEBUG heat.engine.service [req-14b277e7-38bb-4686-8b0e-2de54bfbbd12 - - - - -] Service aa06ca82-29a4-4867-a595-850b0d61983b is updated service_manage_report /usr/lib/python3/dist-packages/heat/engine/service.py:2370
2025-05-26 02:01:22.066 70026 DEBUG heat.engine.service [req-aada1e3b-6477-4c9b-96c4-408bdef450f9 - - - - -] Service 809a8513-c75b-4a70-99b2-b14b2b581a01 is updated service_manage_report /usr/lib/python3/dist-packages/heat/engine/service.py:2370
2025-05-26 02:01:22.073 70025 DEBUG heat.engine.service [req-9fa82411-26e9-49f5-ba00-3ea4db5f1d61 - - - - -] Service 974c0d48-98da-4914-be67-99a9c3ab36ed is updated service_manage_report /usr/lib/python3/dist-packages/heat/engine/service.py:2370
2025-05-26 02:02:22.030 70027 DEBUG heat.engine.service [req-7297ec16-7f14-44b5-b4b0-29eca8710c27 - - - - -] Service aa06ca82-29a4-4867-a595-850b0d61983b is updated service_manage_report /usr/lib/python3/dist-packages/heat/engine/service.py:2370
2025-05-26 02:02:22.034 70025 DEBUG heat.engine.service [req-f3e43cb9-c574-4a60-908f-ca31e54f0b6d - - - - -] Service 974c0d48-98da-4914-be67-99a9c3ab36ed is updated service_manage_report /usr/lib/python3/dist-packages/heat/engine/service.py:2370
2025-05-26 02:02:22.034 70028 DEBUG heat.engine.service [req-439de607-329b-4249-8926-e8f4b210debd - - - - -] Service 79a66583-2c12-4264-bc3f-0f1df1dae73b is updated service_manage_report /usr/lib/python3/dist-packages/heat/engine/service.py:2370
2025-05-26 02:02:22.035 70026 DEBUG heat.engine.service [req-d8db4fee-37a2-44e0-9fc2-be6a909b76b8 - - - - -] Service 809a8513-c75b-4a70-99b2-b14b2b581a01 is updated service_manage_report /usr/lib/python3/dist-packages/heat/engine/service.py:2370
2025-05-26 02:02:37.871 70028 DEBUG heat.engine.service [-] Attempting to stop engine service... _stop_rpc_server /usr/lib/python3/dist-packages/heat/engine/service.py:437
2025-05-26 02:02:37.872 70026 DEBUG heat.engine.service [-] Attempting to stop engine service... _stop_rpc_server /usr/lib/python3/dist-packages/heat/engine/service.py:437
2025-05-26 02:02:37.872 70025 DEBUG heat.engine.service [-] Attempting to stop engine service... _stop_rpc_server /usr/lib/python3/dist-packages/heat/engine/service.py:437
2025-05-26 02:02:37.873 70027 DEBUG heat.engine.service [-] Attempting to stop engine service... _stop_rpc_server /usr/lib/python3/dist-packages/heat/engine/service.py:437
2025-05-26 02:02:37.879 69799 INFO oslo_service.service [-] Caught SIGTERM, stopping children
2025-05-26 02:02:37.880 69799 DEBUG oslo_concurrency.lockutils [-] Acquired lock "singleton_lock" lock /usr/lib/python3/dist-packages/oslo_concurrency/lockutils.py:294
2025-05-26 02:02:37.880 69799 DEBUG oslo_concurrency.lockutils [-] Releasing lock "singleton_lock" lock /usr/lib/python3/dist-packages/oslo_concurrency/lockutils.py:312
2025-05-26 02:02:37.881 69799 DEBUG oslo_service.service [-] Stop services. stop /usr/lib/python3/dist-packages/oslo_service/service.py:695
2025-05-26 02:02:37.881 69799 INFO heat.engine.service [-] All threads were gone, terminating engine
2025-05-26 02:02:37.881 69799 DEBUG oslo_service.service [-] Killing children. stop /usr/lib/python3/dist-packages/oslo_service/service.py:700
2025-05-26 02:02:37.895 69799 INFO oslo_service.service [-] Waiting on 4 children to exit
2025-05-26 02:02:37.901 69799 INFO oslo_service.service [-] Child 70026 killed by signal 15
2025-05-26 02:02:37.916 69799 INFO oslo_service.service [-] Child 70027 killed by signal 15
2025-05-26 02:02:37.921 69799 INFO oslo_service.service [-] Child 70028 killed by signal 15
2025-05-26 02:02:37.921 69799 INFO oslo_service.service [-] Child 70025 killed by signal 15
2025-05-26 02:02:40.043 72384 DEBUG oslo_concurrency.lockutils [-] Lock "context-manager" acquired by "neutron_lib.db.api._create_context_manager" :: waited 0.000s inner /usr/lib/python3/dist-packages/oslo_concurrency/lockutils.py:386
2025-05-26 02:02:40.044 72384 DEBUG oslo_concurrency.lockutils [-] Lock "context-manager" "released" by "neutron_lib.db.api._create_context_manager" :: held 0.001s inner /usr/lib/python3/dist-packages/oslo_concurrency/lockutils.py:400
2025-05-26 02:02:43.002 72384 WARNING heat.engine.environment [-] OS::Aodh::Alarm is DEPRECATED. Theshold alarm relies on ceilometer-api and has been deprecated in aodh since Ocata. Use OS::Aodh::GnocchiAggregationByResourcesAlarm instead.
2025-05-26 02:02:43.004 72384 WARNING heat.engine.environment [-] OS::Aodh::CombinationAlarm is HIDDEN. OS::Aodh::CombinationAlarm is deprecated and has been removed from Aodh, use OS::Aodh::CompositeAlarm instead.
2025-05-26 02:02:43.004 72384 WARNING heat.engine.environment [-] OS::Designate::Domain is HIDDEN. This resource has been removed, use OS::Designate::Zone instead.
2025-05-26 02:02:43.004 72384 WARNING heat.engine.environment [-] OS::Designate::Record is HIDDEN. This resource has been removed, use OS::Designate::RecordSet instead.
2025-05-26 02:02:43.004 72384 WARNING heat.engine.environment [-] OS::Glance::Image is DEPRECATED. Creating a Glance Image based on an existing URL location requires the Glance v1 API, which is deprecated.
2025-05-26 02:02:43.005 72384 WARNING heat.engine.environment [-] OS::Heat::HARestarter is HIDDEN. The HARestarter resource type has been removed. Existing stacks containing HARestarter resources can still be used, but the HARestarter resource will be a placeholder that does nothing.
2025-05-26 02:02:43.005 72384 WARNING heat.engine.environment [-] OS::Heat::SoftwareDeployments is HIDDEN. Please use OS::Heat::SoftwareDeploymentGroup instead.
2025-05-26 02:02:43.005 72384 WARNING heat.engine.environment [-] OS::Heat::StructuredDeployments is HIDDEN. Please use OS::Heat::StructuredDeploymentGroup instead.
2025-05-26 02:02:43.006 72384 WARNING heat.engine.environment [-] OS::Magnum::Bay is HIDDEN. Please use OS::Magnum::Cluster instead.
2025-05-26 02:02:43.006 72384 WARNING heat.engine.environment [-] OS::Magnum::BayModel is HIDDEN. Please use OS::Magnum::ClusterTemplate instead.
2025-05-26 02:02:43.006 72384 WARNING heat.engine.environment [-] OS::Neutron::ExtraRoute is UNSUPPORTED. Use this resource at your own risk.
2025-05-26 02:02:43.006 72384 WARNING heat.engine.environment [-] OS::Neutron::HealthMonitor is HIDDEN. Use LBaaS V2 instead.
2025-05-26 02:02:43.006 72384 WARNING heat.engine.environment [-] OS::Neutron::Pool is HIDDEN. Use LBaaS V2 instead.
2025-05-26 02:02:43.006 72384 WARNING heat.engine.environment [-] OS::Neutron::PoolMember is HIDDEN. Use LBaaS V2 instead.
2025-05-26 02:02:43.007 72384 WARNING heat.engine.environment [-] OS::Neutron::LoadBalancer is HIDDEN. Use LBaaS V2 instead.
2025-05-26 02:02:43.007 72384 WARNING heat.engine.environment [-] OS::Neutron::RouterGateway is HIDDEN. Use the `external_gateway_info` property in the router resource to set up the gateway.
2025-05-26 02:02:43.007 72384 WARNING heat.engine.environment [-] OS::Nova::FloatingIP is HIDDEN. Please use OS::Neutron::FloatingIP instead.
2025-05-26 02:02:43.007 72384 WARNING heat.engine.environment [-] OS::Nova::FloatingIPAssociation is HIDDEN. Please use OS::Neutron::FloatingIPAssociation instead.
2025-05-26 02:02:43.010 72384 INFO heat.engine.environment [-] Loading /etc/heat/environment.d/default.yaml
2025-05-26 02:02:43.012 72384 INFO heat.engine.environment [-] Registered: [Plugin](User:False) AWS::AutoScaling::AutoScalingGroup ->
2025-05-26 02:02:43.015 72384 INFO heat.engine.environment [-] Registered: [Plugin](User:False) AWS::AutoScaling::LaunchConfiguration ->
2025-05-26 02:02:43.015 72384 INFO heat.engine.environment [-] Registered: [Plugin](User:False) AWS::AutoScaling::ScalingPolicy ->
2025-05-26 02:02:43.015 72384 INFO heat.engine.environment [-] Registered: [Plugin](User:False) AWS::CloudFormation::Stack ->
2025-05-26 02:02:43.015 72384 INFO heat.engine.environment [-] Registered: [Plugin](User:False) AWS::CloudFormation::WaitCondition ->
2025-05-26 02:02:43.016 72384 INFO heat.engine.environment [-] Registered: [Plugin](User:False) AWS::CloudFormation::WaitConditionHandle ->
2025-05-26 02:02:43.016 72384 INFO heat.engine.environment [-] Registered: [Plugin](User:False) AWS::EC2::EIP ->
2025-05-26 02:02:43.016 72384 INFO heat.engine.environment [-] Registered: [Plugin](User:False) AWS::EC2::EIPAssociation ->
2025-05-26 02:02:43.016 72384 INFO heat.engine.environment [-] Registered: [Plugin](User:False) AWS::EC2::Instance ->
2025-05-26 02:02:43.016 72384 INFO heat.engine.environment [-] Registered: [Plugin](User:False) AWS::EC2::InternetGateway ->
2025-05-26 02:02:43.016 72384 INFO heat.engine.environment [-] Registered: [Plugin](User:False) AWS::EC2::VPCGatewayAttachment ->
2025-05-26 02:02:43.016 72384 INFO heat.engine.environment [-] Registered: [Plugin](User:False) AWS::EC2::NetworkInterface ->
