2025-05-26 02:02:56.549 73887 DEBUG oslo_service.service [-] database.connection_trace = False log_opt_values /usr/lib/python3/dist-packages/oslo_config/cfg.py:2609
2025-05-26 02:02:56.549 73887 DEBUG oslo_service.service [-] database.db_inc_retry_interval = True log_opt_values /usr/lib/python3/dist-packages/oslo_config/cfg.py:2609
2025-05-26 02:02:56.550 73887 DEBUG oslo_service.service [-] database.db_max_retries = 20 log_opt_values /usr/lib/python3/dist-packages/oslo_config/cfg.py:2609
2025-05-26 02:02:56.550 73887 DEBUG oslo_service.service [-] database.db_max_retry_interval = 10 log_opt_values /usr/lib/python3/dist-packages/oslo_config/cfg.py:2609
2025-05-26 02:02:56.550 73887 DEBUG oslo_service.service [-] database.db_retry_interval = 1 log_opt_values /usr/lib/python3/dist-packages/oslo_config/cfg.py:2609
2025-05-26 02:02:56.551 73887 DEBUG oslo_service.service [-] database.max_overflow = 50 log_opt_values /usr/lib/python3/dist-packages/oslo_config/cfg.py:2609
2025-05-26 02:02:56.552 73887 DEBUG oslo_service.service [-] database.max_pool_size = 5 log_opt_values /usr/lib/python3/dist-packages/oslo_config/cfg.py:2609
2025-05-26 02:02:56.552 73887 DEBUG oslo_service.service [-] database.max_retries = 10 log_opt_values /usr/lib/python3/dist-packages/oslo_config/cfg.py:2609
2025-05-26 02:02:56.552 73887 DEBUG oslo_service.service [-] database.mysql_enable_ndb = False log_opt_values /usr/lib/python3/dist-packages/oslo_config/cfg.py:2609
2025-05-26 02:02:56.552 73887 DEBUG oslo_service.service [-] database.mysql_sql_mode = TRADITIONAL log_opt_values /usr/lib/python3/dist-packages/oslo_config/cfg.py:2609
2025-05-26 02:02:56.552 73887 DEBUG oslo_service.service [-] database.pool_timeout = None log_opt_values /usr/lib/python3/dist-packages/oslo_config/cfg.py:2609
2025-05-26 02:02:56.552 73887 DEBUG oslo_service.service [-] database.retry_interval = 10 log_opt_values /usr/lib/python3/dist-packages/oslo_config/cfg.py:2609
2025-05-26 02:02:56.552 73887 DEBUG oslo_service.service [-] database.slave_connection = **** log_opt_values /usr/lib/python3/dist-packages/oslo_config/cfg.py:2609
2025-05-26 02:02:56.554 73887 DEBUG oslo_service.service [-] database.sqlite_synchronous = True log_opt_values /usr/lib/python3/dist-packages/oslo_config/cfg.py:2609
2025-05-26 02:02:56.554 73887 DEBUG oslo_service.service [-] database.use_db_reconnect = False log_opt_values /usr/lib/python3/dist-packages/oslo_config/cfg.py:2609
2025-05-26 02:02:56.554 73887 DEBUG oslo_service.service [-] oslo_messaging_metrics.metrics_buffer_size = 1000 log_opt_values /usr/lib/python3/dist-packages/oslo_config/cfg.py:2609
2025-05-26 02:02:56.554 73887 DEBUG oslo_service.service [-] oslo_messaging_metrics.metrics_enabled = False log_opt_values /usr/lib/python3/dist-packages/oslo_config/cfg.py:2609
2025-05-26 02:02:56.554 73887 DEBUG oslo_service.service [-] oslo_messaging_metrics.metrics_process_name = log_opt_values /usr/lib/python3/dist-packages/oslo_config/cfg.py:2609
2025-05-26 02:02:56.554 73887 DEBUG oslo_service.service [-] oslo_messaging_metrics.metrics_socket_file = /var/tmp/metrics_collector.sock log_opt_values /usr/lib/python3/dist-packages/oslo_config/cfg.py:2609
2025-05-26 02:02:56.554 73887 DEBUG oslo_service.service [-] oslo_messaging_metrics.metrics_thread_stop_timeout = 10 log_opt_values /usr/lib/python3/dist-packages/oslo_config/cfg.py:2609
2025-05-26 02:02:56.555 73887 DEBUG oslo_service.service [-] oslo_policy.enforce_new_defaults = False log_opt_values /usr/lib/python3/dist-packages/oslo_config/cfg.py:2609
2025-05-26 02:02:56.555 73887 DEBUG oslo_service.service [-] oslo_policy.enforce_scope = False log_opt_values /usr/lib/python3/dist-packages/oslo_config/cfg.py:2609
2025-05-26 02:02:56.555 73887 DEBUG oslo_service.service [-] oslo_policy.policy_default_rule = default log_opt_values /usr/lib/python3/dist-packages/oslo_config/cfg.py:2609
2025-05-26 02:02:56.555 73887 DEBUG oslo_service.service [-] oslo_policy.policy_dirs = ['policy.d'] log_opt_values /usr/lib/python3/dist-packages/oslo_config/cfg.py:2609
2025-05-26 02:02:56.556 73887 DEBUG oslo_service.service [-] oslo_policy.policy_file = policy.yaml log_opt_values /usr/lib/python3/dist-packages/oslo_config/cfg.py:2609
2025-05-26 02:02:56.556 73887 DEBUG oslo_service.service [-] oslo_policy.remote_content_type = application/x-www-form-urlencoded log_opt_values /usr/lib/python3/dist-packages/oslo_config/cfg.py:2609
2025-05-26 02:02:56.556 73887 DEBUG oslo_service.service [-] oslo_policy.remote_ssl_ca_crt_file = None log_opt_values /usr/lib/python3/dist-packages/oslo_config/cfg.py:2609
2025-05-26 02:02:56.556 73887 DEBUG oslo_service.service [-] oslo_policy.remote_ssl_client_crt_file = None log_opt_values /usr/lib/python3/dist-packages/oslo_config/cfg.py:2609
2025-05-26 02:02:56.557 73887 DEBUG oslo_service.service [-] oslo_policy.remote_ssl_client_key_file = None log_opt_values /usr/lib/python3/dist-packages/oslo_config/cfg.py:2609
2025-05-26 02:02:56.557 73887 DEBUG oslo_service.service [-] oslo_policy.remote_ssl_verify_server_crt = False log_opt_values /usr/lib/python3/dist-packages/oslo_config/cfg.py:2609
2025-05-26 02:02:56.557 73887 DEBUG oslo_service.service [-] trustee.auth_section = None log_opt_values /usr/lib/python3/dist-packages/oslo_config/cfg.py:2609
2025-05-26 02:02:56.557 73887 WARNING oslo_config.cfg [-] Deprecated: Option "auth_plugin" from group "trustee" is deprecated. Use option "auth_type" from group "trustee".
2025-05-26 02:02:56.557 73887 DEBUG oslo_service.service [-] trustee.auth_type = password log_opt_values /usr/lib/python3/dist-packages/oslo_config/cfg.py:2609
2025-05-26 02:02:56.558 73887 DEBUG oslo_service.service [-] oslo_versionedobjects.fatal_exception_format_errors = False log_opt_values /usr/lib/python3/dist-packages/oslo_config/cfg.py:2609
2025-05-26 02:02:56.558 73887 DEBUG oslo_service.service [-] oslo_messaging_rabbit.amqp_auto_delete = False log_opt_values /usr/lib/python3/dist-packages/oslo_config/cfg.py:2609
2025-05-26 02:02:56.558 73887 DEBUG oslo_service.service [-] oslo_messaging_rabbit.amqp_durable_queues = False log_opt_values /usr/lib/python3/dist-packages/oslo_config/cfg.py:2609
2025-05-26 02:02:56.558 73887 DEBUG oslo_service.service [-] oslo_messaging_rabbit.conn_pool_min_size = 2 log_opt_values /usr/lib/python3/dist-packages/oslo_config/cfg.py:2609
2025-05-26 02:02:56.558 73887 DEBUG oslo_service.service [-] oslo_messaging_rabbit.conn_pool_ttl = 1200 log_opt_values /usr/lib/python3/dist-packages/oslo_config/cfg.py:2609
2025-05-26 02:02:56.558 73887 DEBUG oslo_service.service [-] oslo_messaging_rabbit.direct_mandatory_flag = True log_opt_values /usr/lib/python3/dist-packages/oslo_config/cfg.py:2609
2025-05-26 02:02:56.558 73887 DEBUG oslo_service.service [-] oslo_messaging_rabbit.enable_cancel_on_failover = False log_opt_values /usr/lib/python3/dist-packages/oslo_config/cfg.py:2609
2025-05-26 02:02:56.559 73887 DEBUG oslo_service.service [-] oslo_messaging_rabbit.heartbeat_in_pthread = False log_opt_values /usr/lib/python3/dist-packages/oslo_config/cfg.py:2609
2025-05-26 02:02:56.559 73887 DEBUG oslo_service.service [-] oslo_messaging_rabbit.heartbeat_rate = 2 log_opt_values /usr/lib/python3/dist-packages/oslo_config/cfg.py:2609
2025-05-26 02:02:56.559 73887 DEBUG oslo_service.service [-] oslo_messaging_rabbit.heartbeat_timeout_threshold = 60 log_opt_values /usr/lib/python3/dist-packages/oslo_config/cfg.py:2609
2025-05-26 02:02:56.559 73887 DEBUG oslo_service.service [-] oslo_messaging_rabbit.kombu_compression = None log_opt_values /usr/lib/python3/dist-packages/oslo_config/cfg.py:2609
2025-05-26 02:02:56.559 73887 DEBUG oslo_service.service [-] oslo_messaging_rabbit.kombu_failover_strategy = round-robin log_opt_values /usr/lib/python3/dist-packages/oslo_config/cfg.py:2609
2025-05-26 02:02:56.559 73887 DEBUG oslo_service.service [-] oslo_messaging_rabbit.kombu_missing_consumer_retry_timeout = 60 log_opt_values /usr/lib/python3/dist-packages/oslo_config/cfg.py:2609
2025-05-26 02:02:56.559 73887 DEBUG oslo_service.service [-] oslo_messaging_rabbit.kombu_reconnect_delay = 1.0 log_opt_values /usr/lib/python3/dist-packages/oslo_config/cfg.py:2609
2025-05-26 02:02:56.560 73887 DEBUG oslo_service.service [-] oslo_messaging_rabbit.rabbit_ha_queues = False log_opt_values /usr/lib/python3/dist-packages/oslo_config/cfg.py:2609
2025-05-26 02:02:56.560 73887 DEBUG oslo_service.service [-] oslo_messaging_rabbit.rabbit_interval_max = 30 log_opt_values /usr/lib/python3/dist-packages/oslo_config/cfg.py:2609
2025-05-26 02:02:56.560 73887 DEBUG oslo_service.service [-] oslo_messaging_rabbit.rabbit_login_method = AMQPLAIN log_opt_values /usr/lib/python3/dist-packages/oslo_config/cfg.py:2609
2025-05-26 02:02:56.560 73887 DEBUG oslo_service.service [-] oslo_messaging_rabbit.rabbit_qos_prefetch_count = 0 log_opt_values /usr/lib/python3/dist-packages/oslo_config/cfg.py:2609
2025-05-26 02:02:56.561 73887 DEBUG oslo_service.service [-] oslo_messaging_rabbit.rabbit_quorum_queue = False log_opt_values /usr/lib/python3/dist-packages/oslo_config/cfg.py:2609
2025-05-26 02:02:56.562 73887 DEBUG oslo_service.service [-] oslo_messaging_rabbit.rabbit_retry_backoff = 2 log_opt_values /usr/lib/python3/dist-packages/oslo_config/cfg.py:2609
2025-05-26 02:02:56.562 73887 DEBUG oslo_service.service [-] oslo_messaging_rabbit.rabbit_retry_interval = 1 log_opt_values /usr/lib/python3/dist-packages/oslo_config/cfg.py:2609
2025-05-26 02:02:56.562 73887 DEBUG oslo_service.service [-] oslo_messaging_rabbit.rabbit_transient_queues_ttl = 1800 log_opt_values /usr/lib/python3/dist-packages/oslo_config/cfg.py:2609
2025-05-26 02:02:56.562 73887 DEBUG oslo_service.service [-] oslo_messaging_rabbit.rpc_conn_pool_size = 30 log_opt_values /usr/lib/python3/dist-packages/oslo_config/cfg.py:2609
2025-05-26 02:02:56.562 73887 DEBUG oslo_service.service [-] oslo_messaging_rabbit.ssl = False log_opt_values /usr/lib/python3/dist-packages/oslo_config/cfg.py:2609
2025-05-26 02:02:56.562 73887 DEBUG oslo_service.service [-] oslo_messaging_rabbit.ssl_ca_file = log_opt_values /usr/lib/python3/dist-packages/oslo_config/cfg.py:2609
2025-05-26 02:02:56.562 73887 DEBUG oslo_service.service [-] oslo_messaging_rabbit.ssl_cert_file = log_opt_values /usr/lib/python3/dist-packages/oslo_config/cfg.py:2609
2025-05-26 02:02:56.563 73887 DEBUG oslo_service.service [-] oslo_messaging_rabbit.ssl_key_file = log_opt_values /usr/lib/python3/dist-packages/oslo_config/cfg.py:2609
2025-05-26 02:02:56.563 73887 DEBUG oslo_service.service [-] oslo_messaging_rabbit.ssl_version = log_opt_values /usr/lib/python3/dist-packages/oslo_config/cfg.py:2609
2025-05-26 02:02:56.563 73887 DEBUG oslo_service.service [-] oslo_messaging_notifications.driver = [] log_opt_values /usr/lib/python3/dist-packages/oslo_config/cfg.py:2609
2025-05-26 02:02:56.563 73887 DEBUG oslo_service.service [-] oslo_messaging_notifications.retry = -1 log_opt_values /usr/lib/python3/dist-packages/oslo_config/cfg.py:2609
2025-05-26 02:02:56.564 73887 DEBUG oslo_service.service [-] oslo_messaging_notifications.topics = ['notifications'] log_opt_values /usr/lib/python3/dist-packages/oslo_config/cfg.py:2609
2025-05-26 02:02:56.564 73887 DEBUG oslo_service.service [-] oslo_messaging_notifications.transport_url = **** log_opt_values /usr/lib/python3/dist-packages/oslo_config/cfg.py:2609
2025-05-26 02:02:56.564 73887 DEBUG oslo_service.service [-] cache.backend = dogpile.cache.null log_opt_values /usr/lib/python3/dist-packages/oslo_config/cfg.py:2609
2025-05-26 02:02:56.564 73887 DEBUG oslo_service.service [-] cache.backend_argument = **** log_opt_values /usr/lib/python3/dist-packages/oslo_config/cfg.py:2609
2025-05-26 02:02:56.564 73887 DEBUG oslo_service.service [-] cache.config_prefix = cache.oslo log_opt_values /usr/lib/python3/dist-packages/oslo_config/cfg.py:2609
2025-05-26 02:02:56.564 73887 DEBUG oslo_service.service [-] cache.debug_cache_backend = False log_opt_values /usr/lib/python3/dist-packages/oslo_config/cfg.py:2609
2025-05-26 02:02:56.565 73887 DEBUG oslo_service.service [-] cache.enabled = False log_opt_values /usr/lib/python3/dist-packages/oslo_config/cfg.py:2609
2025-05-26 02:02:56.565 73887 DEBUG oslo_service.service [-] cache.expiration_time = 600 log_opt_values /usr/lib/python3/dist-packages/oslo_config/cfg.py:2609
2025-05-26 02:02:56.565 73887 DEBUG oslo_service.service [-] cache.memcache_dead_retry = 300 log_opt_values /usr/lib/python3/dist-packages/oslo_config/cfg.py:2609
2025-05-26 02:02:56.565 73887 DEBUG oslo_service.service [-] cache.memcache_pool_connection_get_timeout = 10 log_opt_values /usr/lib/python3/dist-packages/oslo_config/cfg.py:2609
2025-05-26 02:02:56.565 73887 DEBUG oslo_service.service [-] cache.memcache_pool_flush_on_reconnect = False log_opt_values /usr/lib/python3/dist-packages/oslo_config/cfg.py:2609
2025-05-26 02:02:56.565 73887 DEBUG oslo_service.service [-] cache.memcache_pool_maxsize = 10 log_opt_values /usr/lib/python3/dist-packages/oslo_config/cfg.py:2609
2025-05-26 02:02:56.565 73887 DEBUG oslo_service.service [-] cache.memcache_pool_unused_timeout = 60 log_opt_values /usr/lib/python3/dist-packages/oslo_config/cfg.py:2609
2025-05-26 02:02:56.565 73887 DEBUG oslo_service.service [-] cache.memcache_servers = ['localhost:11211'] log_opt_values /usr/lib/python3/dist-packages/oslo_config/cfg.py:2609
2025-05-26 02:02:56.566 73887 DEBUG oslo_service.service [-] cache.memcache_socket_timeout = 1.0 log_opt_values /usr/lib/python3/dist-packages/oslo_config/cfg.py:2609
2025-05-26 02:02:56.566 73887 DEBUG oslo_service.service [-] cache.proxies = [] log_opt_values /usr/lib/python3/dist-packages/oslo_config/cfg.py:2609
2025-05-26 02:02:56.566 73887 DEBUG oslo_service.service [-] cache.tls_allowed_ciphers = None log_opt_values /usr/lib/python3/dist-packages/oslo_config/cfg.py:2609
2025-05-26 02:02:56.566 73887 DEBUG oslo_service.service [-] cache.tls_cafile = None log_opt_values /usr/lib/python3/dist-packages/oslo_config/cfg.py:2609
2025-05-26 02:02:56.566 73887 DEBUG oslo_service.service [-] cache.tls_certfile = None log_opt_values /usr/lib/python3/dist-packages/oslo_config/cfg.py:2609
2025-05-26 02:02:56.566 73887 DEBUG oslo_service.service [-] cache.tls_enabled = False log_opt_values /usr/lib/python3/dist-packages/oslo_config/cfg.py:2609
2025-05-26 02:02:56.566 73887 DEBUG oslo_service.service [-] cache.tls_keyfile = None log_opt_values /usr/lib/python3/dist-packages/oslo_config/cfg.py:2609
2025-05-26 02:02:56.567 73887 DEBUG oslo_service.service [-] constraint_validation_cache.caching = True log_opt_values /usr/lib/python3/dist-packages/oslo_config/cfg.py:2609
2025-05-26 02:02:56.567 73887 DEBUG oslo_service.service [-] constraint_validation_cache.expiration_time = 60 log_opt_values /usr/lib/python3/dist-packages/oslo_config/cfg.py:2609
2025-05-26 02:02:56.567 73887 DEBUG oslo_service.service [-] service_extension_cache.caching = True log_opt_values /usr/lib/python3/dist-packages/oslo_config/cfg.py:2609
2025-05-26 02:02:56.567 73887 DEBUG oslo_service.service [-] service_extension_cache.expiration_time = 3600 log_opt_values /usr/lib/python3/dist-packages/oslo_config/cfg.py:2609
2025-05-26 02:02:56.567 73887 DEBUG oslo_service.service [-] resource_finder_cache.caching = True log_opt_values /usr/lib/python3/dist-packages/oslo_config/cfg.py:2609
2025-05-26 02:02:56.567 73887 DEBUG oslo_service.service [-] resource_finder_cache.expiration_time = 3600 log_opt_values /usr/lib/python3/dist-packages/oslo_config/cfg.py:2609
2025-05-26 02:02:56.567 73887 DEBUG oslo_service.service [-] yaql.limit_iterators = 200 log_opt_values /usr/lib/python3/dist-packages/oslo_config/cfg.py:2609
2025-05-26 02:02:56.567 73887 DEBUG oslo_service.service [-] yaql.memory_quota = 10000 log_opt_values /usr/lib/python3/dist-packages/oslo_config/cfg.py:2609
2025-05-26 02:02:56.568 73887 DEBUG oslo_service.service [-] ******************************************************************************** log_opt_values /usr/lib/python3/dist-packages/oslo_config/cfg.py:2613
2025-05-26 02:02:56.595 74217 DEBUG oslo_db.sqlalchemy.engines [req-4b89d362-5539-4199-aef4-219ec65c9c90 - - - - -] MySQL server mode set to STRICT_TRANS_TABLES,STRICT_ALL_TABLES,NO_ZERO_IN_DATE,NO_ZERO_DATE,ERROR_FOR_DIVISION_BY_ZERO,TRADITIONAL,NO_ENGINE_SUBSTITUTION _check_effective_sql_mode /usr/lib/python3/dist-packages/oslo_db/sqlalchemy/engines.py:314
2025-05-26 02:02:56.599 74215 DEBUG oslo_db.sqlalchemy.engines [req-05cab819-0fc8-4e9d-aa21-4e337dccb168 - - - - -] MySQL server mode set to STRICT_TRANS_TABLES,STRICT_ALL_TABLES,NO_ZERO_IN_DATE,NO_ZERO_DATE,ERROR_FOR_DIVISION_BY_ZERO,TRADITIONAL,NO_ENGINE_SUBSTITUTION _check_effective_sql_mode /usr/lib/python3/dist-packages/oslo_db/sqlalchemy/engines.py:314
2025-05-26 02:02:56.604 74216 DEBUG oslo_db.sqlalchemy.engines [req-e29b0df2-7c71-4bc7-b24f-6161e42230dd - - - - -] MySQL server mode set to STRICT_TRANS_TABLES,STRICT_ALL_TABLES,NO_ZERO_IN_DATE,NO_ZERO_DATE,ERROR_FOR_DIVISION_BY_ZERO,TRADITIONAL,NO_ENGINE_SUBSTITUTION _check_effective_sql_mode /usr/lib/python3/dist-packages/oslo_db/sqlalchemy/engines.py:314
2025-05-26 02:02:56.640 74218 DEBUG oslo_db.sqlalchemy.engines [req-1c0a1a24-e60b-4ea1-9a91-fd6aae6bac0b - - - - -] MySQL server mode set to STRICT_TRANS_TABLES,STRICT_ALL_TABLES,NO_ZERO_IN_DATE,NO_ZERO_DATE,ERROR_FOR_DIVISION_BY_ZERO,TRADITIONAL,NO_ENGINE_SUBSTITUTION _check_effective_sql_mode /usr/lib/python3/dist-packages/oslo_db/sqlalchemy/engines.py:314
2025-05-26 02:02:56.703 74216 DEBUG heat.engine.service [req-ff3a1e49-3329-46aa-9ed8-5578690d268e - - - - -] Service 7e0919c5-1af2-4c82-b5ab-7a58bef6f95f is started service_manage_report /usr/lib/python3/dist-packages/heat/engine/service.py:2363
2025-05-26 02:02:56.715 74217 DEBUG heat.engine.service [req-aeb725d1-6edf-4e4e-b2b4-14d04db635f5 - - - - -] Service 8f7dee63-be15-4ed9-bf1d-ee54f9b1af55 is started service_manage_report /usr/lib/python3/dist-packages/heat/engine/service.py:2363
2025-05-26 02:02:56.718 74215 DEBUG heat.engine.service [req-a8c7ef22-d4e6-4d2f-bb75-0e2d3e4d4245 - - - - -] Service a1657e95-d54a-4ac4-aec7-d403b9e5832d is started service_manage_report /usr/lib/python3/dist-packages/heat/engine/service.py:2363
2025-05-26 02:02:56.726 74216 DEBUG heat.engine.service [req-ff3a1e49-3329-46aa-9ed8-5578690d268e - - - - -] Service 7e0919c5-1af2-4c82-b5ab-7a58bef6f95f is updated service_manage_report /usr/lib/python3/dist-packages/heat/engine/service.py:2370
2025-05-26 02:02:56.874 74217 DEBUG heat.engine.service [req-aeb725d1-6edf-4e4e-b2b4-14d04db635f5 - - - - -] Service 8f7dee63-be15-4ed9-bf1d-ee54f9b1af55 is updated service_manage_report /usr/lib/python3/dist-packages/heat/engine/service.py:2370
2025-05-26 02:02:56.936 74215 DEBUG heat.engine.service [req-a8c7ef22-d4e6-4d2f-bb75-0e2d3e4d4245 - - - - -] Service a1657e95-d54a-4ac4-aec7-d403b9e5832d is updated service_manage_report /usr/lib/python3/dist-packages/heat/engine/service.py:2370
2025-05-26 02:02:56.936 74218 DEBUG heat.engine.service [req-3ceb213f-16b8-4e8c-8e0e-3611fb2cc6a0 - - - - -] Service a35b98d5-3656-412f-8b2f-7d71d2c102a4 is started service_manage_report /usr/lib/python3/dist-packages/heat/engine/service.py:2363
2025-05-26 02:02:57.045 74218 DEBUG heat.engine.service [req-3ceb213f-16b8-4e8c-8e0e-3611fb2cc6a0 - - - - -] Service a35b98d5-3656-412f-8b2f-7d71d2c102a4 is updated service_manage_report /usr/lib/python3/dist-packages/heat/engine/service.py:2370
2025-05-26 02:03:56.685 74216 DEBUG heat.engine.service [req-747f4466-8d0c-4ff8-a284-985f4ac2d2fb - - - - -] Service 7e0919c5-1af2-4c82-b5ab-7a58bef6f95f is updated service_manage_report /usr/lib/python3/dist-packages/heat/engine/service.py:2370
2025-05-26 02:03:56.694 74217 DEBUG heat.engine.service [req-98597f3c-3e45-4a19-bf49-0fd6e50bfa50 - - - - -] Service 8f7dee63-be15-4ed9-bf1d-ee54f9b1af55 is updated service_manage_report /usr/lib/python3/dist-packages/heat/engine/service.py:2370
2025-05-26 02:03:56.695 74215 DEBUG heat.engine.service [req-222b5ea9-93c9-4cf2-bec9-af2c5ba28196 - - - - -] Service a1657e95-d54a-4ac4-aec7-d403b9e5832d is updated service_manage_report /usr/lib/python3/dist-packages/heat/engine/service.py:2370
2025-05-26 02:03:56.753 74218 DEBUG heat.engine.service [req-d8026615-2cee-4861-a943-1b8769d6c04f - - - - -] Service a35b98d5-3656-412f-8b2f-7d71d2c102a4 is updated service_manage_report /usr/lib/python3/dist-packages/heat/engine/service.py:2370
2025-05-26 02:04:56.687 74216 DEBUG heat.engine.service [req-a3ed4d13-4295-444c-9950-f809a60c00db - - - - -] Service 7e0919c5-1af2-4c82-b5ab-7a58bef6f95f is updated service_manage_report /usr/lib/python3/dist-packages/heat/engine/service.py:2370
2025-05-26 02:04:56.693 74217 DEBUG heat.engine.service [req-edada70b-0d6e-44e5-9606-a39a1b0cce7d - - - - -] Service 8f7dee63-be15-4ed9-bf1d-ee54f9b1af55 is updated service_manage_report /usr/lib/python3/dist-packages/heat/engine/service.py:2370
2025-05-26 02:04:56.695 74215 DEBUG heat.engine.service [req-5e0cb240-4b21-4c49-a1c8-1e76f4108949 - - - - -] Service a1657e95-d54a-4ac4-aec7-d403b9e5832d is updated service_manage_report /usr/lib/python3/dist-packages/heat/engine/service.py:2370
2025-05-26 02:04:56.749 74218 DEBUG heat.engine.service [req-b2de076b-e8c8-4b70-9b4b-c85abce20362 - - - - -] Service a35b98d5-3656-412f-8b2f-7d71d2c102a4 is updated service_manage_report /usr/lib/python3/dist-packages/heat/engine/service.py:2370
2025-05-26 02:05:56.684 74216 DEBUG heat.engine.service [req-20e0acf5-e179-48d9-b5d2-bf1a56abcb88 - - - - -] Service 7e0919c5-1af2-4c82-b5ab-7a58bef6f95f is updated service_manage_report /usr/lib/python3/dist-packages/heat/engine/service.py:2370
2025-05-26 02:05:56.688 74217 DEBUG heat.engine.service [req-c3befc9b-2f0b-4d0b-a28e-46f431698a09 - - - - -] Service 8f7dee63-be15-4ed9-bf1d-ee54f9b1af55 is updated service_manage_report /usr/lib/python3/dist-packages/heat/engine/service.py:2370
2025-05-26 02:05:56.694 74215 DEBUG heat.engine.service [req-dafd38b8-934c-46f1-bc44-6ebbd6be60a7 - - - - -] Service a1657e95-d54a-4ac4-aec7-d403b9e5832d is updated service_manage_report /usr/lib/python3/dist-packages/heat/engine/service.py:2370
2025-05-26 02:05:56.744 74218 DEBUG heat.engine.service [req-4fa3999a-fd6e-4b7f-a941-8f5639b6373e - - - - -] Service a35b98d5-3656-412f-8b2f-7d71d2c102a4 is updated service_manage_report /usr/lib/python3/dist-packages/heat/engine/service.py:2370
2025-05-26 02:06:56.682 74216 DEBUG heat.engine.service [req-b6008fbe-b417-4ad9-a167-aea8b952aa6b - - - - -] Service 7e0919c5-1af2-4c82-b5ab-7a58bef6f95f is updated service_manage_report /usr/lib/python3/dist-packages/heat/engine/service.py:2370
2025-05-26 02:06:56.692 74215 DEBUG heat.engine.service [req-9f8edc40-e663-4c61-9566-794ab99e4b01 - - - - -] Service a1657e95-d54a-4ac4-aec7-d403b9e5832d is updated service_manage_report /usr/lib/python3/dist-packages/heat/engine/service.py:2370
2025-05-26 02:06:56.696 74217 DEBUG heat.engine.service [req-0b533c65-5bf9-44bf-8d56-c5f165cfee5d - - - - -] Service 8f7dee63-be15-4ed9-bf1d-ee54f9b1af55 is updated service_manage_report /usr/lib/python3/dist-packages/heat/engine/service.py:2370
2025-05-26 02:06:56.749 74218 DEBUG heat.engine.service [req-d1103033-8255-41d3-9f40-3f6b56b82018 - - - - -] Service a35b98d5-3656-412f-8b2f-7d71d2c102a4 is updated service_manage_report /usr/lib/python3/dist-packages/heat/engine/service.py:2370
2025-05-26 02:07:56.678 74216 DEBUG heat.engine.service [req-39f0070d-0deb-4854-b727-f9f05e470ac3 - - - - -] Service 7e0919c5-1af2-4c82-b5ab-7a58bef6f95f is updated service_manage_report /usr/lib/python3/dist-packages/heat/engine/service.py:2370
2025-05-26 02:07:56.688 74215 DEBUG heat.engine.service [req-f5536e39-fc7d-498d-ab7e-33b0007a5fb2 - - - - -] Service a1657e95-d54a-4ac4-aec7-d403b9e5832d is updated service_manage_report /usr/lib/python3/dist-packages/heat/engine/service.py:2370
2025-05-26 02:07:56.694 74217 DEBUG heat.engine.service [req-d383f141-9456-4660-8b71-34582cfc4d6e - - - - -] Service 8f7dee63-be15-4ed9-bf1d-ee54f9b1af55 is updated service_manage_report /usr/lib/python3/dist-packages/heat/engine/service.py:2370
2025-05-26 02:07:56.753 74218 DEBUG heat.engine.service [req-cc4b8542-18ef-4604-8471-6724e393d25a - - - - -] Service a35b98d5-3656-412f-8b2f-7d71d2c102a4 is updated service_manage_report /usr/lib/python3/dist-packages/heat/engine/service.py:2370
2025-05-26 02:08:56.684 74216 DEBUG heat.engine.service [req-804c2063-e704-44e7-a76b-95ffc23c42f2 - - - - -] Service 7e0919c5-1af2-4c82-b5ab-7a58bef6f95f is updated service_manage_report /usr/lib/python3/dist-packages/heat/engine/service.py:2370
2025-05-26 02:08:56.686 74215 DEBUG heat.engine.service [req-5b05b53d-a174-4088-a87c-75690c379a01 - - - - -] Service a1657e95-d54a-4ac4-aec7-d403b9e5832d is updated service_manage_report /usr/lib/python3/dist-packages/heat/engine/service.py:2370
2025-05-26 02:08:56.690 74217 DEBUG heat.engine.service [req-166c6f5f-9d17-4fda-8dbf-2d24d56aeb1c - - - - -] Service 8f7dee63-be15-4ed9-bf1d-ee54f9b1af55 is updated service_manage_report /usr/lib/python3/dist-packages/heat/engine/service.py:2370
2025-05-26 02:08:56.759 74218 DEBUG heat.engine.service [req-532f6819-58ee-47f9-af86-9b44c2817b76 - - - - -] Service a35b98d5-3656-412f-8b2f-7d71d2c102a4 is updated service_manage_report /usr/lib/python3/dist-packages/heat/engine/service.py:2370
2025-05-26 02:09:56.683 74216 DEBUG heat.engine.service [req-fa38decf-0d7a-4c93-8ffa-28ac34c14467 - - - - -] Service 7e0919c5-1af2-4c82-b5ab-7a58bef6f95f is updated service_manage_report /usr/lib/python3/dist-packages/heat/engine/service.py:2370
2025-05-26 02:09:56.687 74215 DEBUG heat.engine.service [req-71681585-2f51-4beb-8b1c-6e98232345d3 - - - - -] Service a1657e95-d54a-4ac4-aec7-d403b9e5832d is updated service_manage_report /usr/lib/python3/dist-packages/heat/engine/service.py:2370
2025-05-26 02:09:56.691 74217 DEBUG heat.engine.service [req-1173ca85-6a07-4444-962f-dbe4243585b0 - - - - -] Service 8f7dee63-be15-4ed9-bf1d-ee54f9b1af55 is updated service_manage_report /usr/lib/python3/dist-packages/heat/engine/service.py:2370
2025-05-26 02:09:56.765 74218 DEBUG heat.engine.service [req-b99cc1a3-c240-4de2-b988-dc80beb9a10b - - - - -] Service a35b98d5-3656-412f-8b2f-7d71d2c102a4 is updated service_manage_report /usr/lib/python3/dist-packages/heat/engine/service.py:2370
2025-05-26 02:10:56.682 74216 DEBUG heat.engine.service [req-e2a7b501-d61a-4b4e-980a-914fdc9cae46 - - - - -] Service 7e0919c5-1af2-4c82-b5ab-7a58bef6f95f is updated service_manage_report /usr/lib/python3/dist-packages/heat/engine/service.py:2370
2025-05-26 02:10:56.690 74215 DEBUG heat.engine.service [req-9c11f15b-3fb0-402d-8e04-7aed99263b9d - - - - -] Service a1657e95-d54a-4ac4-aec7-d403b9e5832d is updated service_manage_report /usr/lib/python3/dist-packages/heat/engine/service.py:2370
2025-05-26 02:10:56.690 74217 DEBUG heat.engine.service [req-47424d84-5353-41bf-8963-b9a43253435f - - - - -] Service 8f7dee63-be15-4ed9-bf1d-ee54f9b1af55 is updated service_manage_report /usr/lib/python3/dist-packages/heat/engine/service.py:2370
2025-05-26 02:10:56.761 74218 DEBUG heat.engine.service [req-166464cc-0408-44d0-911d-0427c8194aa4 - - - - -] Service a35b98d5-3656-412f-8b2f-7d71d2c102a4 is updated service_manage_report /usr/lib/python3/dist-packages/heat/engine/service.py:2370
2025-05-26 02:11:56.683 74216 DEBUG heat.engine.service [req-d9f6e7c9-b20e-4476-830e-e8b0bbe5dcb7 - - - - -] Service 7e0919c5-1af2-4c82-b5ab-7a58bef6f95f is updated service_manage_report /usr/lib/python3/dist-packages/heat/engine/service.py:2370
2025-05-26 02:11:56.693 74217 DEBUG heat.engine.service [req-a8875433-1843-4db8-b0e6-9d3bbde785c3 - - - - -] Service 8f7dee63-be15-4ed9-bf1d-ee54f9b1af55 is updated service_manage_report /usr/lib/python3/dist-packages/heat/engine/service.py:2370
2025-05-26 02:11:56.696 74215 DEBUG heat.engine.service [req-93ad3812-62df-408a-9bb8-2917a9c74055 - - - - -] Service a1657e95-d54a-4ac4-aec7-d403b9e5832d is updated service_manage_report /usr/lib/python3/dist-packages/heat/engine/service.py:2370
2025-05-26 02:11:56.760 74218 DEBUG heat.engine.service [req-d2c98399-6df6-471f-97b0-d1175d415032 - - - - -] Service a35b98d5-3656-412f-8b2f-7d71d2c102a4 is updated service_manage_report /usr/lib/python3/dist-packages/heat/engine/service.py:2370
2025-05-26 02:12:56.681 74216 DEBUG heat.engine.service [req-4c74684d-1b82-4e5e-beff-8afc5c31ebfd - - - - -] Service 7e0919c5-1af2-4c82-b5ab-7a58bef6f95f is updated service_manage_report /usr/lib/python3/dist-packages/heat/engine/service.py:2370
2025-05-26 02:12:56.684 74215 DEBUG heat.engine.service [req-a77cbbe0-008c-4ad6-b343-64d3c7255435 - - - - -] Service a1657e95-d54a-4ac4-aec7-d403b9e5832d is updated service_manage_report /usr/lib/python3/dist-packages/heat/engine/service.py:2370
2025-05-26 02:12:56.689 74217 DEBUG heat.engine.service [req-95b45afd-741f-47e6-97df-4e21be37ed45 - - - - -] Service 8f7dee63-be15-4ed9-bf1d-ee54f9b1af55 is updated service_manage_report /usr/lib/python3/dist-packages/heat/engine/service.py:2370
2025-05-26 02:12:56.758 74218 DEBUG heat.engine.service [req-996f8bf7-cdd6-4510-9787-6a8eb645a950 - - - - -] Service a35b98d5-3656-412f-8b2f-7d71d2c102a4 is updated service_manage_report /usr/lib/python3/dist-packages/heat/engine/service.py:2370
2025-05-26 02:13:56.683 74216 DEBUG heat.engine.service [req-3d825b59-e105-4278-bce8-18f4aed091cd - - - - -] Service 7e0919c5-1af2-4c82-b5ab-7a58bef6f95f is updated service_manage_report /usr/lib/python3/dist-packages/heat/engine/service.py:2370
2025-05-26 02:13:56.687 74215 DEBUG heat.engine.service [req-893c6eff-205a-477c-ad6b-cef1a68c053f - - - - -] Service a1657e95-d54a-4ac4-aec7-d403b9e5832d is updated service_manage_report /usr/lib/python3/dist-packages/heat/engine/service.py:2370
2025-05-26 02:13:56.695 74217 DEBUG heat.engine.service [req-f6c7df80-7c0a-4aa8-880a-11db604a604b - - - - -] Service 8f7dee63-be15-4ed9-bf1d-ee54f9b1af55 is updated service_manage_report /usr/lib/python3/dist-packages/heat/engine/service.py:2370
2025-05-26 02:13:56.755 74218 DEBUG heat.engine.service [req-d200b1ff-7a73-4d11-a9fc-325a8ed7d2dc - - - - -] Service a35b98d5-3656-412f-8b2f-7d71d2c102a4 is updated service_manage_report /usr/lib/python3/dist-packages/heat/engine/service.py:2370
2025-05-26 02:14:56.686 74215 DEBUG heat.engine.service [req-8c22ad26-b49a-4410-89ae-f87a59b8a99d - - - - -] Service a1657e95-d54a-4ac4-aec7-d403b9e5832d is updated service_manage_report /usr/lib/python3/dist-packages/heat/engine/service.py:2370
2025-05-26 02:14:56.687 74216 DEBUG heat.engine.service [req-853af026-009e-4335-a0a5-0c52e31a87ba - - - - -] Service 7e0919c5-1af2-4c82-b5ab-7a58bef6f95f is updated service_manage_report /usr/lib/python3/dist-packages/heat/engine/service.py:2370
2025-05-26 02:14:56.699 74217 DEBUG heat.engine.service [req-bc94611d-32b5-4c3d-bf17-ea777675ca65 - - - - -] Service 8f7dee63-be15-4ed9-bf1d-ee54f9b1af55 is updated service_manage_report /usr/lib/python3/dist-packages/heat/engine/service.py:2370
2025-05-26 02:14:56.750 74218 DEBUG heat.engine.service [req-87f14d57-a09d-40be-ac81-6b9f9e811954 - - - - -] Service a35b98d5-3656-412f-8b2f-7d71d2c102a4 is updated service_manage_report /usr/lib/python3/dist-packages/heat/engine/service.py:2370
2025-05-26 02:15:56.684 74215 DEBUG heat.engine.service [req-75fb31a4-c91d-41b9-9f2e-e7f2785f9169 - - - - -] Service a1657e95-d54a-4ac4-aec7-d403b9e5832d is updated service_manage_report /usr/lib/python3/dist-packages/heat/engine/service.py:2370
2025-05-26 02:15:56.688 74216 DEBUG heat.engine.service [req-3125ccb5-38f6-4aa7-a60c-2f91ccaec9bc - - - - -] Service 7e0919c5-1af2-4c82-b5ab-7a58bef6f95f is updated service_manage_report /usr/lib/python3/dist-packages/heat/engine/service.py:2370
2025-05-26 02:15:56.696 74217 DEBUG heat.engine.service [req-3e4861ba-24d2-44c8-9471-dd59df0859d6 - - - - -] Service 8f7dee63-be15-4ed9-bf1d-ee54f9b1af55 is updated service_manage_report /usr/lib/python3/dist-packages/heat/engine/service.py:2370
2025-05-26 02:15:56.752 74218 DEBUG heat.engine.service [req-ccfbfdec-f1b4-4b58-ba70-88a237b8cc15 - - - - -] Service a35b98d5-3656-412f-8b2f-7d71d2c102a4 is updated service_manage_report /usr/lib/python3/dist-packages/heat/engine/service.py:2370
2025-05-26 02:16:56.682 74215 DEBUG heat.engine.service [req-0fe23067-3179-41ca-8307-ba66d7559889 - - - - -] Service a1657e95-d54a-4ac4-aec7-d403b9e5832d is updated service_manage_report /usr/lib/python3/dist-packages/heat/engine/service.py:2370
2025-05-26 02:16:56.685 74216 DEBUG heat.engine.service [req-9a0f9919-2a41-4f86-aa61-d26b989a31e0 - - - - -] Service 7e0919c5-1af2-4c82-b5ab-7a58bef6f95f is updated service_manage_report /usr/lib/python3/dist-packages/heat/engine/service.py:2370
2025-05-26 02:16:56.691 74217 DEBUG heat.engine.service [req-7351125c-b412-43a9-87fd-79300f11e8ee - - - - -] Service 8f7dee63-be15-4ed9-bf1d-ee54f9b1af55 is updated service_manage_report /usr/lib/python3/dist-packages/heat/engine/service.py:2370
2025-05-26 02:16:56.749 74218 DEBUG heat.engine.service [req-0012ff52-6063-4359-8c2f-7bb15ff6d655 - - - - -] Service a35b98d5-3656-412f-8b2f-7d71d2c102a4 is updated service_manage_report /usr/lib/python3/dist-packages/heat/engine/service.py:2370
2025-05-26 02:17:56.681 74215 DEBUG heat.engine.service [req-91d472f7-7713-479d-a5dc-653226c42e44 - - - - -] Service a1657e95-d54a-4ac4-aec7-d403b9e5832d is updated service_manage_report /usr/lib/python3/dist-packages/heat/engine/service.py:2370
2025-05-26 02:17:56.684 74216 DEBUG heat.engine.service [req-fd4c3d26-3d37-44e9-a6d0-390bb263c675 - - - - -] Service 7e0919c5-1af2-4c82-b5ab-7a58bef6f95f is updated service_manage_report /usr/lib/python3/dist-packages/heat/engine/service.py:2370
2025-05-26 02:17:56.696 74217 DEBUG heat.engine.service [req-b480c4dd-29b0-47ea-a8d7-96a770463be1 - - - - -] Service 8f7dee63-be15-4ed9-bf1d-ee54f9b1af55 is updated service_manage_report /usr/lib/python3/dist-packages/heat/engine/service.py:2370
2025-05-26 02:17:56.744 74218 DEBUG heat.engine.service [req-4adaab2e-5a74-4a8f-898d-d05e1d7bbb8b - - - - -] Service a35b98d5-3656-412f-8b2f-7d71d2c102a4 is updated service_manage_report /usr/lib/python3/dist-packages/heat/engine/service.py:2370
2025-05-26 02:18:56.676 74215 DEBUG heat.engine.service [req-95a4b104-16c3-4dbd-92f1-9fa9ce234eb0 - - - - -] Service a1657e95-d54a-4ac4-aec7-d403b9e5832d is updated service_manage_report /usr/lib/python3/dist-packages/heat/engine/service.py:2370
2025-05-26 02:18:56.681 74216 DEBUG heat.engine.service [req-d6de7b94-ac26-4d66-a612-3d1a67b286f4 - - - - -] Service 7e0919c5-1af2-4c82-b5ab-7a58bef6f95f is updated service_manage_report /usr/lib/python3/dist-packages/heat/engine/service.py:2370
2025-05-26 02:18:56.702 74217 DEBUG heat.engine.service [req-e78c265c-115c-437d-b328-abe741dd9cb3 - - - - -] Service 8f7dee63-be15-4ed9-bf1d-ee54f9b1af55 is updated service_manage_report /usr/lib/python3/dist-packages/heat/engine/service.py:2370
2025-05-26 02:18:56.750 74218 DEBUG heat.engine.service [req-c2e82c42-f04f-43ae-90d7-76182f198602 - - - - -] Service a35b98d5-3656-412f-8b2f-7d71d2c102a4 is updated service_manage_report /usr/lib/python3/dist-packages/heat/engine/service.py:2370
2025-05-26 02:19:56.687 74216 DEBUG heat.engine.service [req-b6368c51-d103-43bf-9bc1-e3f4c0f40f75 - - - - -] Service 7e0919c5-1af2-4c82-b5ab-7a58bef6f95f is updated service_manage_report /usr/lib/python3/dist-packages/heat/engine/service.py:2370
2025-05-26 02:19:56.690 74215 DEBUG heat.engine.service [req-a47a8514-b963-446f-af21-486e5cc27e36 - - - - -] Service a1657e95-d54a-4ac4-aec7-d403b9e5832d is updated service_manage_report /usr/lib/python3/dist-packages/heat/engine/service.py:2370
2025-05-26 02:19:56.698 74217 DEBUG heat.engine.service [req-3146f812-f2c1-4fc9-9dd4-09014e590d1b - - - - -] Service 8f7dee63-be15-4ed9-bf1d-ee54f9b1af55 is updated service_manage_report /usr/lib/python3/dist-packages/heat/engine/service.py:2370
2025-05-26 02:19:56.746 74218 DEBUG heat.engine.service [req-f5d9712d-fd28-4e43-97f5-bec6485601c6 - - - - -] Service a35b98d5-3656-412f-8b2f-7d71d2c102a4 is updated service_manage_report /usr/lib/python3/dist-packages/heat/engine/service.py:2370
2025-05-26 02:20:56.678 74216 DEBUG heat.engine.service [req-c41780cc-69cf-484e-a8d4-4d05f172cb5f - - - - -] Service 7e0919c5-1af2-4c82-b5ab-7a58bef6f95f is updated service_manage_report /usr/lib/python3/dist-packages/heat/engine/service.py:2370
2025-05-26 02:20:56.693 74215 DEBUG heat.engine.service [req-554a046c-4423-4ec4-91e8-3001e125e3c7 - - - - -] Service a1657e95-d54a-4ac4-aec7-d403b9e5832d is updated service_manage_report /usr/lib/python3/dist-packages/heat/engine/service.py:2370
2025-05-26 02:20:56.696 74217 DEBUG heat.engine.service [req-06c481cb-b129-401b-bc82-df6c2fb1c53a - - - - -] Service 8f7dee63-be15-4ed9-bf1d-ee54f9b1af55 is updated service_manage_report /usr/lib/python3/dist-packages/heat/engine/service.py:2370
2025-05-26 02:20:56.755 74218 DEBUG heat.engine.service [req-84fc377d-7fea-4b9d-b0e7-07ec1f217cdc - - - - -] Service a35b98d5-3656-412f-8b2f-7d71d2c102a4 is updated service_manage_report /usr/lib/python3/dist-packages/heat/engine/service.py:2370
2025-05-26 02:21:56.672 74216 DEBUG heat.engine.service [req-7bb1c5b3-b850-4713-9fa8-29b3a47e4603 - - - - -] Service 7e0919c5-1af2-4c82-b5ab-7a58bef6f95f is updated service_manage_report /usr/lib/python3/dist-packages/heat/engine/service.py:2370
2025-05-26 02:21:56.689 74215 DEBUG heat.engine.service [req-9a785740-bb80-49ea-8287-5db6bf7efaf8 - - - - -] Service a1657e95-d54a-4ac4-aec7-d403b9e5832d is updated service_manage_report /usr/lib/python3/dist-packages/heat/engine/service.py:2370
2025-05-26 02:21:56.691 74217 DEBUG heat.engine.service [req-b9148f81-c077-41b1-984f-086c4e2f5a35 - - - - -] Service 8f7dee63-be15-4ed9-bf1d-ee54f9b1af55 is updated service_manage_report /usr/lib/python3/dist-packages/heat/engine/service.py:2370
2025-05-26 02:21:56.750 74218 DEBUG heat.engine.service [req-c40f7fe8-0f58-4c74-9843-389887e57da0 - - - - -] Service a35b98d5-3656-412f-8b2f-7d71d2c102a4 is updated service_manage_report /usr/lib/python3/dist-packages/heat/engine/service.py:2370
2025-05-26 02:22:56.679 74216 DEBUG heat.engine.service [req-ecbcd46e-34fd-47d7-9d5d-92e4bdddf70d - - - - -] Service 7e0919c5-1af2-4c82-b5ab-7a58bef6f95f is updated service_manage_report /usr/lib/python3/dist-packages/heat/engine/service.py:2370
2025-05-26 02:22:56.686 74215 DEBUG heat.engine.service [req-ed9dda37-2ed0-4279-b801-c27402e4ffff - - - - -] Service a1657e95-d54a-4ac4-aec7-d403b9e5832d is updated service_manage_report /usr/lib/python3/dist-packages/heat/engine/service.py:2370
2025-05-26 02:22:56.697 74217 DEBUG heat.engine.service [req-7ce2fd5f-619f-4721-a5aa-28c36bc8d1e4 - - - - -] Service 8f7dee63-be15-4ed9-bf1d-ee54f9b1af55 is updated service_manage_report /usr/lib/python3/dist-packages/heat/engine/service.py:2370
2025-05-26 02:22:56.755 74218 DEBUG heat.engine.service [req-55e86953-7ecc-465b-9ee5-736702660582 - - - - -] Service a35b98d5-3656-412f-8b2f-7d71d2c102a4 is updated service_manage_report /usr/lib/python3/dist-packages/heat/engine/service.py:2370
2025-05-26 02:23:56.674 74216 DEBUG heat.engine.service [req-c5263fad-3fef-42de-ade5-88084ad0c050 - - - - -] Service 7e0919c5-1af2-4c82-b5ab-7a58bef6f95f is updated service_manage_report /usr/lib/python3/dist-packages/heat/engine/service.py:2370
2025-05-26 02:23:56.680 74215 DEBUG heat.engine.service [req-9d0a20ca-9394-40e6-9d92-073aff613060 - - - - -] Service a1657e95-d54a-4ac4-aec7-d403b9e5832d is updated service_manage_report /usr/lib/python3/dist-packages/heat/engine/service.py:2370
2025-05-26 02:23:56.692 74217 DEBUG heat.engine.service [req-67f1e176-ed36-4dab-b462-d772b0ead88d - - - - -] Service 8f7dee63-be15-4ed9-bf1d-ee54f9b1af55 is updated service_manage_report /usr/lib/python3/dist-packages/heat/engine/service.py:2370
2025-05-26 02:23:56.761 74218 DEBUG heat.engine.service [req-a0e741eb-978c-45ef-86d8-96a5ff76f81d - - - - -] Service a35b98d5-3656-412f-8b2f-7d71d2c102a4 is updated service_manage_report /usr/lib/python3/dist-packages/heat/engine/service.py:2370
2025-05-26 02:24:56.688 74216 DEBUG heat.engine.service [req-040f4efd-5a19-4c85-b7b6-0116607e3ef8 - - - - -] Service 7e0919c5-1af2-4c82-b5ab-7a58bef6f95f is updated service_manage_report /usr/lib/python3/dist-packages/heat/engine/service.py:2370
2025-05-26 02:24:56.691 74215 DEBUG heat.engine.service [req-1794d8a3-e5cb-45ce-b4de-6a44ef2ec18a - - - - -] Service a1657e95-d54a-4ac4-aec7-d403b9e5832d is updated service_manage_report /usr/lib/python3/dist-packages/heat/engine/service.py:2370
2025-05-26 02:24:56.702 74217 DEBUG heat.engine.service [req-a75bcb57-f3ea-4e5e-b8a5-80cedd079cac - - - - -] Service 8f7dee63-be15-4ed9-bf1d-ee54f9b1af55 is updated service_manage_report /usr/lib/python3/dist-packages/heat/engine/service.py:2370
2025-05-26 02:24:56.766 74218 DEBUG heat.engine.service [req-9b6d6658-7ec3-4f4f-836f-4258d213e608 - - - - -] Service a35b98d5-3656-412f-8b2f-7d71d2c102a4 is updated service_manage_report /usr/lib/python3/dist-packages/heat/engine/service.py:2370
2025-05-26 02:25:56.687 74216 DEBUG heat.engine.service [req-7aa4b0c8-9bb1-49b2-9ab7-886800ee1223 - - - - -] Service 7e0919c5-1af2-4c82-b5ab-7a58bef6f95f is updated service_manage_report /usr/lib/python3/dist-packages/heat/engine/service.py:2370
2025-05-26 02:25:56.688 74215 DEBUG heat.engine.service [req-3d6f3906-5b6a-4149-b105-99dbd8c03f37 - - - - -] Service a1657e95-d54a-4ac4-aec7-d403b9e5832d is updated service_manage_report /usr/lib/python3/dist-packages/heat/engine/service.py:2370
2025-05-26 02:25:56.697 74217 DEBUG heat.engine.service [req-f31731d0-85fe-4da2-9b78-03f32a53091b - - - - -] Service 8f7dee63-be15-4ed9-bf1d-ee54f9b1af55 is updated service_manage_report /usr/lib/python3/dist-packages/heat/engine/service.py:2370
2025-05-26 02:25:56.770 74218 DEBUG heat.engine.service [req-66ab9195-cfb9-4d54-a3a2-3a0489b17370 - - - - -] Service a35b98d5-3656-412f-8b2f-7d71d2c102a4 is updated service_manage_report /usr/lib/python3/dist-packages/heat/engine/service.py:2370
2025-05-26 02:26:56.686 74216 DEBUG heat.engine.service [req-6a3bc2d6-1d4f-4bb5-8ad1-d5e077a2b3f6 - - - - -] Service 7e0919c5-1af2-4c82-b5ab-7a58bef6f95f is updated service_manage_report /usr/lib/python3/dist-packages/heat/engine/service.py:2370
2025-05-26 02:26:56.688 74215 DEBUG heat.engine.service [req-b3ac6d1e-b9c8-4117-ad10-a09abc900d4a - - - - -] Service a1657e95-d54a-4ac4-aec7-d403b9e5832d is updated service_manage_report /usr/lib/python3/dist-packages/heat/engine/service.py:2370
2025-05-26 02:26:56.709 74217 DEBUG heat.engine.service [req-a432c061-b1a0-4bf0-b6aa-62d757997f80 - - - - -] Service 8f7dee63-be15-4ed9-bf1d-ee54f9b1af55 is updated service_manage_report /usr/lib/python3/dist-packages/heat/engine/service.py:2370
2025-05-26 02:26:56.775 74218 DEBUG heat.engine.service [req-98c163b2-5531-4815-91d2-c1c389f04e2a - - - - -] Service a35b98d5-3656-412f-8b2f-7d71d2c102a4 is updated service_manage_report /usr/lib/python3/dist-packages/heat/engine/service.py:2370
2025-05-26 02:27:56.681 74216 DEBUG heat.engine.service [req-b5747748-c53a-4a8b-b5f2-ceae6ecafed6 - - - - -] Service 7e0919c5-1af2-4c82-b5ab-7a58bef6f95f is updated service_manage_report /usr/lib/python3/dist-packages/heat/engine/service.py:2370
2025-05-26 02:27:56.684 74215 DEBUG heat.engine.service [req-c8ea3d46-1292-45df-b879-c4c04f3e0706 - - - - -] Service a1657e95-d54a-4ac4-aec7-d403b9e5832d is updated service_manage_report /usr/lib/python3/dist-packages/heat/engine/service.py:2370
2025-05-26 02:27:56.706 74217 DEBUG heat.engine.service [req-3c7b9695-a297-4c64-9c87-b893baad1ad7 - - - - -] Service 8f7dee63-be15-4ed9-bf1d-ee54f9b1af55 is updated service_manage_report /usr/lib/python3/dist-packages/heat/engine/service.py:2370
2025-05-26 02:27:56.781 74218 DEBUG heat.engine.service [req-e0b34d0c-e924-4482-ac98-d490d2a482e1 - - - - -] Service a35b98d5-3656-412f-8b2f-7d71d2c102a4 is updated service_manage_report /usr/lib/python3/dist-packages/heat/engine/service.py:2370
2025-05-26 02:28:56.683 74215 DEBUG heat.engine.service [req-b65469fe-9015-4c22-9967-d665a9b81711 - - - - -] Service a1657e95-d54a-4ac4-aec7-d403b9e5832d is updated service_manage_report /usr/lib/python3/dist-packages/heat/engine/service.py:2370
2025-05-26 02:28:56.692 74216 DEBUG heat.engine.service [req-11f46b9a-e3d9-402b-9586-802ccfeb888b - - - - -] Service 7e0919c5-1af2-4c82-b5ab-7a58bef6f95f is updated service_manage_report /usr/lib/python3/dist-packages/heat/engine/service.py:2370
2025-05-26 02:28:56.701 74217 DEBUG heat.engine.service [req-916fe0a8-773d-4fd7-88cb-5846917972c9 - - - - -] Service 8f7dee63-be15-4ed9-bf1d-ee54f9b1af55 is updated service_manage_report /usr/lib/python3/dist-packages/heat/engine/service.py:2370
2025-05-26 02:28:56.786 74218 DEBUG heat.engine.service [req-848b3af5-2287-44b2-affd-b527694e9a1d - - - - -] Service a35b98d5-3656-412f-8b2f-7d71d2c102a4 is updated service_manage_report /usr/lib/python3/dist-packages/heat/engine/service.py:2370
2025-05-26 02:29:56.682 74215 DEBUG heat.engine.service [req-abde2ea9-292c-467a-9e8a-d7beab4e97fd - - - - -] Service a1657e95-d54a-4ac4-aec7-d403b9e5832d is updated service_manage_report /usr/lib/python3/dist-packages/heat/engine/service.py:2370
2025-05-26 02:29:56.692 74216 DEBUG heat.engine.service [req-d7a8c569-4cfe-4f4c-9af2-4b024f3dc9da - - - - -] Service 7e0919c5-1af2-4c82-b5ab-7a58bef6f95f is updated service_manage_report /usr/lib/python3/dist-packages/heat/engine/service.py:2370
2025-05-26 02:29:56.697 74217 DEBUG heat.engine.service [req-a7cf5b48-ac14-4771-81c7-081d784a5447 - - - - -] Service 8f7dee63-be15-4ed9-bf1d-ee54f9b1af55 is updated service_manage_report /usr/lib/python3/dist-packages/heat/engine/service.py:2370
2025-05-26 02:29:56.803 74218 DEBUG heat.engine.service [req-7eb7be3b-63dc-49a1-914d-010e3ad619d1 - - - - -] Service a35b98d5-3656-412f-8b2f-7d71d2c102a4 is updated service_manage_report /usr/lib/python3/dist-packages/heat/engine/service.py:2370
2025-05-26 02:30:56.681 74215 DEBUG heat.engine.service [req-1e326351-d99b-4d2e-b33d-efa3a2552f94 - - - - -] Service a1657e95-d54a-4ac4-aec7-d403b9e5832d is updated service_manage_report /usr/lib/python3/dist-packages/heat/engine/service.py:2370
2025-05-26 02:30:56.694 74216 DEBUG heat.engine.service [req-4aa5cb37-d97a-411b-9d10-1f814fc62df7 - - - - -] Service 7e0919c5-1af2-4c82-b5ab-7a58bef6f95f is updated service_manage_report /usr/lib/python3/dist-packages/heat/engine/service.py:2370
2025-05-26 02:30:56.696 74217 DEBUG heat.engine.service [req-6b73ad7c-e3a9-44bd-a143-8f027a6dddf8 - - - - -] Service 8f7dee63-be15-4ed9-bf1d-ee54f9b1af55 is updated service_manage_report /usr/lib/python3/dist-packages/heat/engine/service.py:2370
2025-05-26 02:30:56.790 74218 DEBUG heat.engine.service [req-2fbcbbb3-0e1d-4299-8e94-56e31f934c14 - - - - -] Service a35b98d5-3656-412f-8b2f-7d71d2c102a4 is updated service_manage_report /usr/lib/python3/dist-packages/heat/engine/service.py:2370
2025-05-26 02:31:56.680 74215 DEBUG heat.engine.service [req-3916c380-f3de-4537-8581-78f0c73e67b9 - - - - -] Service a1657e95-d54a-4ac4-aec7-d403b9e5832d is updated service_manage_report /usr/lib/python3/dist-packages/heat/engine/service.py:2370
2025-05-26 02:31:56.691 74216 DEBUG heat.engine.service [req-93c46e88-dcdb-4459-966c-a976b4fa3abb - - - - -] Service 7e0919c5-1af2-4c82-b5ab-7a58bef6f95f is updated service_manage_report /usr/lib/python3/dist-packages/heat/engine/service.py:2370
2025-05-26 02:31:56.693 74217 DEBUG heat.engine.service [req-e19203bd-0acd-48fd-a2c2-e450b1880e90 - - - - -] Service 8f7dee63-be15-4ed9-bf1d-ee54f9b1af55 is updated service_manage_report /usr/lib/python3/dist-packages/heat/engine/service.py:2370
2025-05-26 02:31:56.789 74218 DEBUG heat.engine.service [req-5f400f51-d63b-48b3-9b29-2b7613497644 - - - - -] Service a35b98d5-3656-412f-8b2f-7d71d2c102a4 is updated service_manage_report /usr/lib/python3/dist-packages/heat/engine/service.py:2370
2025-05-26 02:32:56.679 74215 DEBUG heat.engine.service [req-aba23166-af11-4268-bb3e-6883d8249dfb - - - - -] Service a1657e95-d54a-4ac4-aec7-d403b9e5832d is updated service_manage_report /usr/lib/python3/dist-packages/heat/engine/service.py:2370
2025-05-26 02:32:56.692 74216 DEBUG heat.engine.service [req-198e0e33-d3a8-4a1a-938f-357257a42b93 - - - - -] Service 7e0919c5-1af2-4c82-b5ab-7a58bef6f95f is updated service_manage_report /usr/lib/python3/dist-packages/heat/engine/service.py:2370
2025-05-26 02:32:56.695 74217 DEBUG heat.engine.service [req-bb5d908a-d165-4866-9dd1-7ee16783d807 - - - - -] Service 8f7dee63-be15-4ed9-bf1d-ee54f9b1af55 is updated service_manage_report /usr/lib/python3/dist-packages/heat/engine/service.py:2370
2025-05-26 02:32:56.786 74218 DEBUG heat.engine.service [req-ea81f220-6578-4cee-a0c4-5a2a4c955f0e - - - - -] Service a35b98d5-3656-412f-8b2f-7d71d2c102a4 is updated service_manage_report /usr/lib/python3/dist-packages/heat/engine/service.py:2370
2025-05-26 02:33:56.675 74215 DEBUG heat.engine.service [req-46f75a9a-d766-44eb-ad1e-32ab583d35aa - - - - -] Service a1657e95-d54a-4ac4-aec7-d403b9e5832d is updated service_manage_report /usr/lib/python3/dist-packages/heat/engine/service.py:2370
2025-05-26 02:33:56.691 74216 DEBUG heat.engine.service [req-9e3b269e-558e-4e20-8c22-31cac8e5fae0 - - - - -] Service 7e0919c5-1af2-4c82-b5ab-7a58bef6f95f is updated service_manage_report /usr/lib/python3/dist-packages/heat/engine/service.py:2370
2025-05-26 02:33:56.693 74217 DEBUG heat.engine.service [req-93fbd5be-5d31-4588-9642-bee6da675db4 - - - - -] Service 8f7dee63-be15-4ed9-bf1d-ee54f9b1af55 is updated service_manage_report /usr/lib/python3/dist-packages/heat/engine/service.py:2370
2025-05-26 02:33:56.781 74218 DEBUG heat.engine.service [req-9f38d89c-f824-454b-998c-657e21a61599 - - - - -] Service a35b98d5-3656-412f-8b2f-7d71d2c102a4 is updated service_manage_report /usr/lib/python3/dist-packages/heat/engine/service.py:2370
