2025-05-26 01:20:45.674 37221 DEBUG heat.engine.service [req-ca2474ac-2c27-4679-bbf4-66f91f6a77ea - - - - -] Service 14bd7a99-9927-41c1-ad6c-ee9e5b191bb6 is updated service_manage_report /usr/lib/python3/dist-packages/heat/engine/service.py:2370
2025-05-26 01:20:45.701 37220 DEBUG heat.engine.service [req-4209497e-ecfa-4ee0-bcd0-4e54a9d828c2 - - - - -] Service 969ec622-4891-49c7-a092-7ac6e70b0d2a is updated service_manage_report /usr/lib/python3/dist-packages/heat/engine/service.py:2370
2025-05-26 01:20:45.761 37219 DEBUG heat.engine.service [req-1fcc0a99-ce9d-4a9b-a627-385a700cd92a - - - - -] Service 3da5a112-cb70-4c36-97dd-8f006abc3c25 is updated service_manage_report /usr/lib/python3/dist-packages/heat/engine/service.py:2370
2025-05-26 01:20:45.794 37222 DEBUG heat.engine.service [req-65753481-cee3-4018-990f-c44a6cee07c7 - - - - -] Service 09cac95f-7a9a-4198-9430-65856eb05900 is updated service_manage_report /usr/lib/python3/dist-packages/heat/engine/service.py:2370
2025-05-26 01:21:45.681 37221 DEBUG heat.engine.service [req-c2ca2b57-c854-4f44-a500-837881877ee6 - - - - -] Service 14bd7a99-9927-41c1-ad6c-ee9e5b191bb6 is updated service_manage_report /usr/lib/python3/dist-packages/heat/engine/service.py:2370
2025-05-26 01:21:45.700 37220 DEBUG heat.engine.service [req-065ca609-d823-41bc-a44b-e3dbd586f615 - - - - -] Service 969ec622-4891-49c7-a092-7ac6e70b0d2a is updated service_manage_report /usr/lib/python3/dist-packages/heat/engine/service.py:2370
2025-05-26 01:21:45.766 37219 DEBUG heat.engine.service [req-ea74aa88-9b43-4453-bfd6-da0dbb839009 - - - - -] Service 3da5a112-cb70-4c36-97dd-8f006abc3c25 is updated service_manage_report /usr/lib/python3/dist-packages/heat/engine/service.py:2370
2025-05-26 01:21:45.801 37222 DEBUG heat.engine.service [req-1811d6bc-8b04-4a5f-829b-f3032fb5b8b9 - - - - -] Service 09cac95f-7a9a-4198-9430-65856eb05900 is updated service_manage_report /usr/lib/python3/dist-packages/heat/engine/service.py:2370
2025-05-26 01:22:45.680 37221 DEBUG heat.engine.service [req-a047b1e1-c927-4d5d-8e66-d3b81b6364fa - - - - -] Service 14bd7a99-9927-41c1-ad6c-ee9e5b191bb6 is updated service_manage_report /usr/lib/python3/dist-packages/heat/engine/service.py:2370
2025-05-26 01:22:45.696 37220 DEBUG heat.engine.service [req-7962d5e3-0054-4f37-8e63-3cdebecd13c9 - - - - -] Service 969ec622-4891-49c7-a092-7ac6e70b0d2a is updated service_manage_report /usr/lib/python3/dist-packages/heat/engine/service.py:2370
2025-05-26 01:22:45.774 37219 DEBUG heat.engine.service [req-266337e2-84c6-4f26-b747-2dbdc61fcfdf - - - - -] Service 3da5a112-cb70-4c36-97dd-8f006abc3c25 is updated service_manage_report /usr/lib/python3/dist-packages/heat/engine/service.py:2370
2025-05-26 01:22:45.798 37222 DEBUG heat.engine.service [req-23c1c71a-d324-43a4-9098-76f97fcafeb7 - - - - -] Service 09cac95f-7a9a-4198-9430-65856eb05900 is updated service_manage_report /usr/lib/python3/dist-packages/heat/engine/service.py:2370
2025-05-26 01:23:45.675 37221 DEBUG heat.engine.service [req-00a8e785-dadc-4c51-8bde-c78f9f2da616 - - - - -] Service 14bd7a99-9927-41c1-ad6c-ee9e5b191bb6 is updated service_manage_report /usr/lib/python3/dist-packages/heat/engine/service.py:2370
2025-05-26 01:23:45.702 37220 DEBUG heat.engine.service [req-7ff24fbb-bde9-4e2d-b6a0-aeba875083dd - - - - -] Service 969ec622-4891-49c7-a092-7ac6e70b0d2a is updated service_manage_report /usr/lib/python3/dist-packages/heat/engine/service.py:2370
2025-05-26 01:23:45.769 37219 DEBUG heat.engine.service [req-86085520-51fa-4f42-9211-311d5703711a - - - - -] Service 3da5a112-cb70-4c36-97dd-8f006abc3c25 is updated service_manage_report /usr/lib/python3/dist-packages/heat/engine/service.py:2370
2025-05-26 01:23:45.796 37222 DEBUG heat.engine.service [req-e6c73496-4062-434c-8562-439e78b96e19 - - - - -] Service 09cac95f-7a9a-4198-9430-65856eb05900 is updated service_manage_report /usr/lib/python3/dist-packages/heat/engine/service.py:2370
2025-05-26 01:24:45.682 37221 DEBUG heat.engine.service [req-3b4ef177-bef6-4d14-90c5-e94456f4d069 - - - - -] Service 14bd7a99-9927-41c1-ad6c-ee9e5b191bb6 is updated service_manage_report /usr/lib/python3/dist-packages/heat/engine/service.py:2370
2025-05-26 01:24:45.697 37220 DEBUG heat.engine.service [req-ee0d3f5f-eaa7-42a9-b67d-b0a498a99ef7 - - - - -] Service 969ec622-4891-49c7-a092-7ac6e70b0d2a is updated service_manage_report /usr/lib/python3/dist-packages/heat/engine/service.py:2370
2025-05-26 01:24:45.779 37219 DEBUG heat.engine.service [req-2ccee499-c790-46cd-afd4-0613be10c62e - - - - -] Service 3da5a112-cb70-4c36-97dd-8f006abc3c25 is updated service_manage_report /usr/lib/python3/dist-packages/heat/engine/service.py:2370
2025-05-26 01:24:45.792 37222 DEBUG heat.engine.service [req-3dea5899-bbc8-4b8a-9864-c99b5be4f0ef - - - - -] Service 09cac95f-7a9a-4198-9430-65856eb05900 is updated service_manage_report /usr/lib/python3/dist-packages/heat/engine/service.py:2370
2025-05-26 01:25:45.679 37221 DEBUG heat.engine.service [req-33960a46-d906-4287-9e36-6a7bd49afee2 - - - - -] Service 14bd7a99-9927-41c1-ad6c-ee9e5b191bb6 is updated service_manage_report /usr/lib/python3/dist-packages/heat/engine/service.py:2370
2025-05-26 01:25:45.704 37220 DEBUG heat.engine.service [req-56769ed7-1366-41ad-96d7-1f53b7b64dd7 - - - - -] Service 969ec622-4891-49c7-a092-7ac6e70b0d2a is updated service_manage_report /usr/lib/python3/dist-packages/heat/engine/service.py:2370
2025-05-26 01:25:45.775 37219 DEBUG heat.engine.service [req-1cb9cc8f-ffc1-474c-882b-1c641abcd8d3 - - - - -] Service 3da5a112-cb70-4c36-97dd-8f006abc3c25 is updated service_manage_report /usr/lib/python3/dist-packages/heat/engine/service.py:2370
2025-05-26 01:25:45.786 37222 DEBUG heat.engine.service [req-762d2bf3-91ee-4c7d-97de-642119c73854 - - - - -] Service 09cac95f-7a9a-4198-9430-65856eb05900 is updated service_manage_report /usr/lib/python3/dist-packages/heat/engine/service.py:2370
2025-05-26 01:26:45.675 37221 DEBUG heat.engine.service [req-3c696809-949b-4049-9cea-43366829f5f3 - - - - -] Service 14bd7a99-9927-41c1-ad6c-ee9e5b191bb6 is updated service_manage_report /usr/lib/python3/dist-packages/heat/engine/service.py:2370
2025-05-26 01:26:45.701 37220 DEBUG heat.engine.service [req-05484c91-41f9-46dd-abeb-689fa733a508 - - - - -] Service 969ec622-4891-49c7-a092-7ac6e70b0d2a is updated service_manage_report /usr/lib/python3/dist-packages/heat/engine/service.py:2370
2025-05-26 01:26:45.785 37219 DEBUG heat.engine.service [req-fd276191-b680-42ac-b9d5-a11b9f11b126 - - - - -] Service 3da5a112-cb70-4c36-97dd-8f006abc3c25 is updated service_manage_report /usr/lib/python3/dist-packages/heat/engine/service.py:2370
2025-05-26 01:26:45.795 37222 DEBUG heat.engine.service [req-c777dc69-d44b-4561-aa27-32237965390a - - - - -] Service 09cac95f-7a9a-4198-9430-65856eb05900 is updated service_manage_report /usr/lib/python3/dist-packages/heat/engine/service.py:2370
2025-05-26 01:27:45.672 37221 DEBUG heat.engine.service [req-43059bc1-720f-432e-ac6b-686c5e0d47f5 - - - - -] Service 14bd7a99-9927-41c1-ad6c-ee9e5b191bb6 is updated service_manage_report /usr/lib/python3/dist-packages/heat/engine/service.py:2370
2025-05-26 01:27:45.696 37220 DEBUG heat.engine.service [req-c67fca46-2a1a-40f2-bc0a-99faf52594cc - - - - -] Service 969ec622-4891-49c7-a092-7ac6e70b0d2a is updated service_manage_report /usr/lib/python3/dist-packages/heat/engine/service.py:2370
2025-05-26 01:27:45.782 37219 DEBUG heat.engine.service [req-d29b62eb-63e2-43bb-9ca4-931dd6b173d5 - - - - -] Service 3da5a112-cb70-4c36-97dd-8f006abc3c25 is updated service_manage_report /usr/lib/python3/dist-packages/heat/engine/service.py:2370
2025-05-26 01:27:45.792 37222 DEBUG heat.engine.service [req-b4d27e63-b9e7-4525-8094-5ef4ac9a4a83 - - - - -] Service 09cac95f-7a9a-4198-9430-65856eb05900 is updated service_manage_report /usr/lib/python3/dist-packages/heat/engine/service.py:2370
2025-05-26 01:28:45.671 37221 DEBUG heat.engine.service [req-b809b199-99ad-4195-89a2-b37bf78bbcc0 - - - - -] Service 14bd7a99-9927-41c1-ad6c-ee9e5b191bb6 is updated service_manage_report /usr/lib/python3/dist-packages/heat/engine/service.py:2370
2025-05-26 01:28:45.705 37220 DEBUG heat.engine.service [req-b2842fdc-7b6f-495e-af70-199806b33420 - - - - -] Service 969ec622-4891-49c7-a092-7ac6e70b0d2a is updated service_manage_report /usr/lib/python3/dist-packages/heat/engine/service.py:2370
2025-05-26 01:28:45.783 37219 DEBUG heat.engine.service [req-5508b6c2-ec68-43ee-9be0-161faeaf97a9 - - - - -] Service 3da5a112-cb70-4c36-97dd-8f006abc3c25 is updated service_manage_report /usr/lib/python3/dist-packages/heat/engine/service.py:2370
2025-05-26 01:28:45.788 37222 DEBUG heat.engine.service [req-92c6a303-5e54-43ca-b86f-5681107baf60 - - - - -] Service 09cac95f-7a9a-4198-9430-65856eb05900 is updated service_manage_report /usr/lib/python3/dist-packages/heat/engine/service.py:2370
2025-05-26 01:29:45.666 37221 DEBUG heat.engine.service [req-fd5ac969-aa26-4f63-9bb4-06191261f97f - - - - -] Service 14bd7a99-9927-41c1-ad6c-ee9e5b191bb6 is updated service_manage_report /usr/lib/python3/dist-packages/heat/engine/service.py:2370
2025-05-26 01:29:45.700 37220 DEBUG heat.engine.service [req-f0be007a-f72c-4eb3-8113-5dbbdcda4a80 - - - - -] Service 969ec622-4891-49c7-a092-7ac6e70b0d2a is updated service_manage_report /usr/lib/python3/dist-packages/heat/engine/service.py:2370
2025-05-26 01:29:45.778 37219 DEBUG heat.engine.service [req-91198703-d313-446c-8b1f-c2a760b9d4bd - - - - -] Service 3da5a112-cb70-4c36-97dd-8f006abc3c25 is updated service_manage_report /usr/lib/python3/dist-packages/heat/engine/service.py:2370
2025-05-26 01:29:45.784 37222 DEBUG heat.engine.service [req-b0e48a13-34fb-45ba-97d2-0705a809093d - - - - -] Service 09cac95f-7a9a-4198-9430-65856eb05900 is updated service_manage_report /usr/lib/python3/dist-packages/heat/engine/service.py:2370
2025-05-26 01:30:45.671 37221 DEBUG heat.engine.service [req-6a2f104f-8330-42ea-90cb-b079c8866d9c - - - - -] Service 14bd7a99-9927-41c1-ad6c-ee9e5b191bb6 is updated service_manage_report /usr/lib/python3/dist-packages/heat/engine/service.py:2370
2025-05-26 01:30:45.705 37220 DEBUG heat.engine.service [req-77b50714-005d-40a0-86a5-a1dad79a988d - - - - -] Service 969ec622-4891-49c7-a092-7ac6e70b0d2a is updated service_manage_report /usr/lib/python3/dist-packages/heat/engine/service.py:2370
2025-05-26 01:30:45.783 37222 DEBUG heat.engine.service [req-94c76caf-c7fc-42ee-b3b8-705b17675110 - - - - -] Service 09cac95f-7a9a-4198-9430-65856eb05900 is updated service_manage_report /usr/lib/python3/dist-packages/heat/engine/service.py:2370
2025-05-26 01:30:45.784 37219 DEBUG heat.engine.service [req-6d7c30d6-591b-4689-97be-07304a8f4b58 - - - - -] Service 3da5a112-cb70-4c36-97dd-8f006abc3c25 is updated service_manage_report /usr/lib/python3/dist-packages/heat/engine/service.py:2370
2025-05-26 01:31:45.677 37221 DEBUG heat.engine.service [req-bb0bd264-7c55-48da-a8a2-8661e74c6165 - - - - -] Service 14bd7a99-9927-41c1-ad6c-ee9e5b191bb6 is updated service_manage_report /usr/lib/python3/dist-packages/heat/engine/service.py:2370
2025-05-26 01:31:45.709 37220 DEBUG heat.engine.service [req-3786df2c-69cf-4aaf-8a2d-f5bfcec1c563 - - - - -] Service 969ec622-4891-49c7-a092-7ac6e70b0d2a is updated service_manage_report /usr/lib/python3/dist-packages/heat/engine/service.py:2370
2025-05-26 01:31:45.777 37222 DEBUG heat.engine.service [req-707f2077-31cd-49a4-8300-a205499e5dae - - - - -] Service 09cac95f-7a9a-4198-9430-65856eb05900 is updated service_manage_report /usr/lib/python3/dist-packages/heat/engine/service.py:2370
2025-05-26 01:31:45.782 37219 DEBUG heat.engine.service [req-bf14346a-12dc-48bb-aee6-442c2cbcfa0b - - - - -] Service 3da5a112-cb70-4c36-97dd-8f006abc3c25 is updated service_manage_report /usr/lib/python3/dist-packages/heat/engine/service.py:2370
2025-05-26 01:32:45.674 37221 DEBUG heat.engine.service [req-e78597a6-1c41-4bb8-abfd-f847b4f4ce23 - - - - -] Service 14bd7a99-9927-41c1-ad6c-ee9e5b191bb6 is updated service_manage_report /usr/lib/python3/dist-packages/heat/engine/service.py:2370
2025-05-26 01:32:45.716 37220 DEBUG heat.engine.service [req-27112541-2d6c-4bb1-a122-73c0e8efe571 - - - - -] Service 969ec622-4891-49c7-a092-7ac6e70b0d2a is updated service_manage_report /usr/lib/python3/dist-packages/heat/engine/service.py:2370
2025-05-26 01:32:45.778 37219 DEBUG heat.engine.service [req-67f07fb2-57cd-47f0-926e-8af7c9442745 - - - - -] Service 3da5a112-cb70-4c36-97dd-8f006abc3c25 is updated service_manage_report /usr/lib/python3/dist-packages/heat/engine/service.py:2370
2025-05-26 01:32:45.783 37222 DEBUG heat.engine.service [req-61a6203b-081e-44c4-babb-e86340f594ea - - - - -] Service 09cac95f-7a9a-4198-9430-65856eb05900 is updated service_manage_report /usr/lib/python3/dist-packages/heat/engine/service.py:2370
2025-05-26 01:33:45.672 37221 DEBUG heat.engine.service [req-2684b1e9-480c-433c-a560-e4fa053c98f7 - - - - -] Service 14bd7a99-9927-41c1-ad6c-ee9e5b191bb6 is updated service_manage_report /usr/lib/python3/dist-packages/heat/engine/service.py:2370
2025-05-26 01:33:45.712 37220 DEBUG heat.engine.service [req-dc3ead45-317d-4626-9201-436bc4d29d28 - - - - -] Service 969ec622-4891-49c7-a092-7ac6e70b0d2a is updated service_manage_report /usr/lib/python3/dist-packages/heat/engine/service.py:2370
2025-05-26 01:33:45.773 37219 DEBUG heat.engine.service [req-981c760c-7406-490c-8dfa-ccedb417a631 - - - - -] Service 3da5a112-cb70-4c36-97dd-8f006abc3c25 is updated service_manage_report /usr/lib/python3/dist-packages/heat/engine/service.py:2370
2025-05-26 01:33:45.794 37222 DEBUG heat.engine.service [req-e62edb06-9cb2-4313-a5e8-32f25e54e602 - - - - -] Service 09cac95f-7a9a-4198-9430-65856eb05900 is updated service_manage_report /usr/lib/python3/dist-packages/heat/engine/service.py:2370
2025-05-26 01:34:45.669 37221 DEBUG heat.engine.service [req-a265125f-630b-49c3-a69b-cbbbfc59cf18 - - - - -] Service 14bd7a99-9927-41c1-ad6c-ee9e5b191bb6 is updated service_manage_report /usr/lib/python3/dist-packages/heat/engine/service.py:2370
2025-05-26 01:34:45.710 37220 DEBUG heat.engine.service [req-d78aa4a6-6cab-4e5f-ab9b-d8fef1735b14 - - - - -] Service 969ec622-4891-49c7-a092-7ac6e70b0d2a is updated service_manage_report /usr/lib/python3/dist-packages/heat/engine/service.py:2370
2025-05-26 01:34:45.779 37219 DEBUG heat.engine.service [req-f769171d-9751-4fce-a861-04f011d6b2df - - - - -] Service 3da5a112-cb70-4c36-97dd-8f006abc3c25 is updated service_manage_report /usr/lib/python3/dist-packages/heat/engine/service.py:2370
2025-05-26 01:34:45.789 37222 DEBUG heat.engine.service [req-15b6d14c-abcd-4844-bea1-27e5b2c99eff - - - - -] Service 09cac95f-7a9a-4198-9430-65856eb05900 is updated service_manage_report /usr/lib/python3/dist-packages/heat/engine/service.py:2370
2025-05-26 01:35:45.664 37221 DEBUG heat.engine.service [req-4d3744cb-809c-4d29-ae4c-0e496dc9c2c3 - - - - -] Service 14bd7a99-9927-41c1-ad6c-ee9e5b191bb6 is updated service_manage_report /usr/lib/python3/dist-packages/heat/engine/service.py:2370
2025-05-26 01:35:45.708 37220 DEBUG heat.engine.service [req-64e0afc9-7174-40c9-9ec8-5a2500c0da12 - - - - -] Service 969ec622-4891-49c7-a092-7ac6e70b0d2a is updated service_manage_report /usr/lib/python3/dist-packages/heat/engine/service.py:2370
2025-05-26 01:35:45.775 37219 DEBUG heat.engine.service [req-ef758f9c-f08c-47be-8bef-2814b8fb6d22 - - - - -] Service 3da5a112-cb70-4c36-97dd-8f006abc3c25 is updated service_manage_report /usr/lib/python3/dist-packages/heat/engine/service.py:2370
2025-05-26 01:35:45.794 37222 DEBUG heat.engine.service [req-e0d4ece1-227b-4c7e-a900-6fcdcfb1b773 - - - - -] Service 09cac95f-7a9a-4198-9430-65856eb05900 is updated service_manage_report /usr/lib/python3/dist-packages/heat/engine/service.py:2370
2025-05-26 01:36:45.679 37221 DEBUG heat.engine.service [req-1f0793be-f3f1-4374-a5f8-acc18a8b82a7 - - - - -] Service 14bd7a99-9927-41c1-ad6c-ee9e5b191bb6 is updated service_manage_report /usr/lib/python3/dist-packages/heat/engine/service.py:2370
2025-05-26 01:36:45.710 37220 DEBUG heat.engine.service [req-b077a875-d889-40dd-8079-461b420e6ab8 - - - - -] Service 969ec622-4891-49c7-a092-7ac6e70b0d2a is updated service_manage_report /usr/lib/python3/dist-packages/heat/engine/service.py:2370
2025-05-26 01:36:45.788 37219 DEBUG heat.engine.service [req-a8e4f861-7a7e-4407-ac89-476aea658e0e - - - - -] Service 3da5a112-cb70-4c36-97dd-8f006abc3c25 is updated service_manage_report /usr/lib/python3/dist-packages/heat/engine/service.py:2370
2025-05-26 01:36:45.805 37222 DEBUG heat.engine.service [req-75775ccc-1207-4fd6-a16b-0ef562a8d106 - - - - -] Service 09cac95f-7a9a-4198-9430-65856eb05900 is updated service_manage_report /usr/lib/python3/dist-packages/heat/engine/service.py:2370
2025-05-26 01:37:45.675 37221 DEBUG heat.engine.service [req-68fc359e-ff45-42a1-b23c-2bbb62e3e33f - - - - -] Service 14bd7a99-9927-41c1-ad6c-ee9e5b191bb6 is updated service_manage_report /usr/lib/python3/dist-packages/heat/engine/service.py:2370
2025-05-26 01:37:45.706 37220 DEBUG heat.engine.service [req-24f2197e-dc36-4ea6-9c3b-1d17423c45e3 - - - - -] Service 969ec622-4891-49c7-a092-7ac6e70b0d2a is updated service_manage_report /usr/lib/python3/dist-packages/heat/engine/service.py:2370
2025-05-26 01:37:45.782 37219 DEBUG heat.engine.service [req-9fd49cab-5a80-4fa8-b512-b59fa029084e - - - - -] Service 3da5a112-cb70-4c36-97dd-8f006abc3c25 is updated service_manage_report /usr/lib/python3/dist-packages/heat/engine/service.py:2370
2025-05-26 01:37:45.800 37222 DEBUG heat.engine.service [req-84c4e246-b32f-483f-9b02-f4282cba7759 - - - - -] Service 09cac95f-7a9a-4198-9430-65856eb05900 is updated service_manage_report /usr/lib/python3/dist-packages/heat/engine/service.py:2370
2025-05-26 01:38:45.672 37221 DEBUG heat.engine.service [req-b11312ce-250b-4eaf-90f6-86601b8a56d2 - - - - -] Service 14bd7a99-9927-41c1-ad6c-ee9e5b191bb6 is updated service_manage_report /usr/lib/python3/dist-packages/heat/engine/service.py:2370
2025-05-26 01:38:45.704 37220 DEBUG heat.engine.service [req-23692ebe-b5a7-43a9-959e-799692728451 - - - - -] Service 969ec622-4891-49c7-a092-7ac6e70b0d2a is updated service_manage_report /usr/lib/python3/dist-packages/heat/engine/service.py:2370
2025-05-26 01:38:45.787 37219 DEBUG heat.engine.service [req-3c6f266e-87a9-4597-bbbb-cad70e776258 - - - - -] Service 3da5a112-cb70-4c36-97dd-8f006abc3c25 is updated service_manage_report /usr/lib/python3/dist-packages/heat/engine/service.py:2370
2025-05-26 01:38:45.807 37222 DEBUG heat.engine.service [req-ccac23c0-1595-4700-9158-4d488f83eb43 - - - - -] Service 09cac95f-7a9a-4198-9430-65856eb05900 is updated service_manage_report /usr/lib/python3/dist-packages/heat/engine/service.py:2370
2025-05-26 01:39:45.668 37221 DEBUG heat.engine.service [req-2724b8f6-356c-42b1-9956-4e79940b09ea - - - - -] Service 14bd7a99-9927-41c1-ad6c-ee9e5b191bb6 is updated service_manage_report /usr/lib/python3/dist-packages/heat/engine/service.py:2370
2025-05-26 01:39:45.698 37220 DEBUG heat.engine.service [req-189ca9c7-915e-4509-9599-0628625d2562 - - - - -] Service 969ec622-4891-49c7-a092-7ac6e70b0d2a is updated service_manage_report /usr/lib/python3/dist-packages/heat/engine/service.py:2370
2025-05-26 01:39:45.792 37219 DEBUG heat.engine.service [req-c13fede3-8024-4367-9f7a-0dd5e5c2c25e - - - - -] Service 3da5a112-cb70-4c36-97dd-8f006abc3c25 is updated service_manage_report /usr/lib/python3/dist-packages/heat/engine/service.py:2370
2025-05-26 01:39:45.803 37222 DEBUG heat.engine.service [req-0d48eeef-02ae-4eb8-afbe-4f10d10fb4f6 - - - - -] Service 09cac95f-7a9a-4198-9430-65856eb05900 is updated service_manage_report /usr/lib/python3/dist-packages/heat/engine/service.py:2370
2025-05-26 01:40:45.665 37221 DEBUG heat.engine.service [req-18c3b91a-79e3-4636-bbc0-30fc9219bbb1 - - - - -] Service 14bd7a99-9927-41c1-ad6c-ee9e5b191bb6 is updated service_manage_report /usr/lib/python3/dist-packages/heat/engine/service.py:2370
2025-05-26 01:40:45.703 37220 DEBUG heat.engine.service [req-b6ff8a5e-bca7-46b5-a10d-5d8c88018c71 - - - - -] Service 969ec622-4891-49c7-a092-7ac6e70b0d2a is updated service_manage_report /usr/lib/python3/dist-packages/heat/engine/service.py:2370
2025-05-26 01:40:45.800 37219 DEBUG heat.engine.service [req-d7572840-8509-4fcc-a2c8-bee8a92940ea - - - - -] Service 3da5a112-cb70-4c36-97dd-8f006abc3c25 is updated service_manage_report /usr/lib/python3/dist-packages/heat/engine/service.py:2370
2025-05-26 01:40:45.807 37222 DEBUG heat.engine.service [req-f791b19a-1214-464c-a86f-4e0913bc4f0b - - - - -] Service 09cac95f-7a9a-4198-9430-65856eb05900 is updated service_manage_report /usr/lib/python3/dist-packages/heat/engine/service.py:2370
2025-05-26 01:41:45.661 37221 DEBUG heat.engine.service [req-016ed43e-177a-4ae3-a217-34a8417fd132 - - - - -] Service 14bd7a99-9927-41c1-ad6c-ee9e5b191bb6 is updated service_manage_report /usr/lib/python3/dist-packages/heat/engine/service.py:2370
2025-05-26 01:41:45.709 37220 DEBUG heat.engine.service [req-35e50af3-d77c-4258-b487-355c7bbfe035 - - - - -] Service 969ec622-4891-49c7-a092-7ac6e70b0d2a is updated service_manage_report /usr/lib/python3/dist-packages/heat/engine/service.py:2370
2025-05-26 01:41:45.796 37219 DEBUG heat.engine.service [req-5efea0cf-9936-4521-b82a-30612ba2bbf0 - - - - -] Service 3da5a112-cb70-4c36-97dd-8f006abc3c25 is updated service_manage_report /usr/lib/python3/dist-packages/heat/engine/service.py:2370
2025-05-26 01:41:45.810 37222 DEBUG heat.engine.service [req-6ac7837e-92d9-41b2-a6ad-0c4eed352cbb - - - - -] Service 09cac95f-7a9a-4198-9430-65856eb05900 is updated service_manage_report /usr/lib/python3/dist-packages/heat/engine/service.py:2370
2025-05-26 01:42:45.665 37221 DEBUG heat.engine.service [req-8d7bc12f-ea71-4503-84a8-a16ac142a1b4 - - - - -] Service 14bd7a99-9927-41c1-ad6c-ee9e5b191bb6 is updated service_manage_report /usr/lib/python3/dist-packages/heat/engine/service.py:2370
2025-05-26 01:42:45.708 37220 DEBUG heat.engine.service [req-12d11596-428a-4a1e-8c1a-515b4a4a38cd - - - - -] Service 969ec622-4891-49c7-a092-7ac6e70b0d2a is updated service_manage_report /usr/lib/python3/dist-packages/heat/engine/service.py:2370
2025-05-26 01:42:45.791 37219 DEBUG heat.engine.service [req-ea82063f-8af6-4bf8-9d46-1e59832fc87e - - - - -] Service 3da5a112-cb70-4c36-97dd-8f006abc3c25 is updated service_manage_report /usr/lib/python3/dist-packages/heat/engine/service.py:2370
2025-05-26 01:42:45.815 37222 DEBUG heat.engine.service [req-0fb03448-4311-4808-b1f1-1ca2eeac9f1a - - - - -] Service 09cac95f-7a9a-4198-9430-65856eb05900 is updated service_manage_report /usr/lib/python3/dist-packages/heat/engine/service.py:2370
2025-05-26 01:43:45.670 37221 DEBUG heat.engine.service [req-3a0e2abb-977d-4555-96fd-8a125f19cb73 - - - - -] Service 14bd7a99-9927-41c1-ad6c-ee9e5b191bb6 is updated service_manage_report /usr/lib/python3/dist-packages/heat/engine/service.py:2370
2025-05-26 01:43:45.707 37220 DEBUG heat.engine.service [req-258a1a74-6f5a-4d12-8663-9da4abba4a05 - - - - -] Service 969ec622-4891-49c7-a092-7ac6e70b0d2a is updated service_manage_report /usr/lib/python3/dist-packages/heat/engine/service.py:2370
2025-05-26 01:43:45.796 37219 DEBUG heat.engine.service [req-5dca5f4c-2959-4f0a-937d-3e56249fda4f - - - - -] Service 3da5a112-cb70-4c36-97dd-8f006abc3c25 is updated service_manage_report /usr/lib/python3/dist-packages/heat/engine/service.py:2370
2025-05-26 01:43:45.823 37222 DEBUG heat.engine.service [req-9827fade-a326-4739-9008-b6e4bf837daa - - - - -] Service 09cac95f-7a9a-4198-9430-65856eb05900 is updated service_manage_report /usr/lib/python3/dist-packages/heat/engine/service.py:2370
2025-05-26 01:44:45.676 37221 DEBUG heat.engine.service [req-e41d9bbd-f0cf-4e6b-868f-e5903870b89f - - - - -] Service 14bd7a99-9927-41c1-ad6c-ee9e5b191bb6 is updated service_manage_report /usr/lib/python3/dist-packages/heat/engine/service.py:2370
2025-05-26 01:44:45.704 37220 DEBUG heat.engine.service [req-ce3f0927-bdd3-4eaf-8816-7463e69ce561 - - - - -] Service 969ec622-4891-49c7-a092-7ac6e70b0d2a is updated service_manage_report /usr/lib/python3/dist-packages/heat/engine/service.py:2370
2025-05-26 01:44:45.800 37219 DEBUG heat.engine.service [req-e4b47b6e-ec38-4957-afb3-b50f8a30d309 - - - - -] Service 3da5a112-cb70-4c36-97dd-8f006abc3c25 is updated service_manage_report /usr/lib/python3/dist-packages/heat/engine/service.py:2370
2025-05-26 01:44:45.821 37222 DEBUG heat.engine.service [req-0aa84a50-bcd2-4081-837e-afce6982cb59 - - - - -] Service 09cac95f-7a9a-4198-9430-65856eb05900 is updated service_manage_report /usr/lib/python3/dist-packages/heat/engine/service.py:2370
2025-05-26 01:45:45.671 37221 DEBUG heat.engine.service [req-b2a45ed4-2cd2-4f7c-8db7-b0727a874cd9 - - - - -] Service 14bd7a99-9927-41c1-ad6c-ee9e5b191bb6 is updated service_manage_report /usr/lib/python3/dist-packages/heat/engine/service.py:2370
2025-05-26 01:45:45.699 37220 DEBUG heat.engine.service [req-93c716ea-a21a-477b-90e1-68238c1d91bc - - - - -] Service 969ec622-4891-49c7-a092-7ac6e70b0d2a is updated service_manage_report /usr/lib/python3/dist-packages/heat/engine/service.py:2370
2025-05-26 01:45:45.806 37219 DEBUG heat.engine.service [req-e2dd3300-33d8-45cb-b0d8-9c8fc5b6de07 - - - - -] Service 3da5a112-cb70-4c36-97dd-8f006abc3c25 is updated service_manage_report /usr/lib/python3/dist-packages/heat/engine/service.py:2370
2025-05-26 01:45:45.816 37222 DEBUG heat.engine.service [req-1fa48623-7d2f-4905-9dff-04fb2069512d - - - - -] Service 09cac95f-7a9a-4198-9430-65856eb05900 is updated service_manage_report /usr/lib/python3/dist-packages/heat/engine/service.py:2370
2025-05-26 01:46:45.676 37221 DEBUG heat.engine.service [req-1190d9ae-4510-4b65-b213-8125cc0ec3d6 - - - - -] Service 14bd7a99-9927-41c1-ad6c-ee9e5b191bb6 is updated service_manage_report /usr/lib/python3/dist-packages/heat/engine/service.py:2370
2025-05-26 01:46:45.704 37220 DEBUG heat.engine.service [req-7c1c860f-3551-4cde-aa11-132a14b9b56a - - - - -] Service 969ec622-4891-49c7-a092-7ac6e70b0d2a is updated service_manage_report /usr/lib/python3/dist-packages/heat/engine/service.py:2370
2025-05-26 01:46:45.804 37219 DEBUG heat.engine.service [req-4355546e-a82d-4c5e-b25e-0680d24a50f7 - - - - -] Service 3da5a112-cb70-4c36-97dd-8f006abc3c25 is updated service_manage_report /usr/lib/python3/dist-packages/heat/engine/service.py:2370
2025-05-26 01:46:45.823 37222 DEBUG heat.engine.service [req-b4435674-7bd2-4d2f-bd13-a4d93f242bbf - - - - -] Service 09cac95f-7a9a-4198-9430-65856eb05900 is updated service_manage_report /usr/lib/python3/dist-packages/heat/engine/service.py:2370
2025-05-26 01:47:45.681 37221 DEBUG heat.engine.service [req-87a00189-3a55-43a2-aac8-e7005665bcfc - - - - -] Service 14bd7a99-9927-41c1-ad6c-ee9e5b191bb6 is updated service_manage_report /usr/lib/python3/dist-packages/heat/engine/service.py:2370
2025-05-26 01:47:45.710 37220 DEBUG heat.engine.service [req-7dc274b1-79a3-4c8d-9060-145fd5107a5a - - - - -] Service 969ec622-4891-49c7-a092-7ac6e70b0d2a is updated service_manage_report /usr/lib/python3/dist-packages/heat/engine/service.py:2370
2025-05-26 01:47:45.803 37219 DEBUG heat.engine.service [req-cfb26167-3934-48fa-957e-bea8c530cd12 - - - - -] Service 3da5a112-cb70-4c36-97dd-8f006abc3c25 is updated service_manage_report /usr/lib/python3/dist-packages/heat/engine/service.py:2370
2025-05-26 01:47:45.819 37222 DEBUG heat.engine.service [req-9d427d65-b191-4c7b-9f56-73a636391394 - - - - -] Service 09cac95f-7a9a-4198-9430-65856eb05900 is updated service_manage_report /usr/lib/python3/dist-packages/heat/engine/service.py:2370
2025-05-26 01:48:45.685 37221 DEBUG heat.engine.service [req-7c9c4234-2938-4ce9-8d01-8aed02c4fc55 - - - - -] Service 14bd7a99-9927-41c1-ad6c-ee9e5b191bb6 is updated service_manage_report /usr/lib/python3/dist-packages/heat/engine/service.py:2370
2025-05-26 01:48:45.706 37220 DEBUG heat.engine.service [req-9dbe5070-d3d9-4124-bad6-562669e8221a - - - - -] Service 969ec622-4891-49c7-a092-7ac6e70b0d2a is updated service_manage_report /usr/lib/python3/dist-packages/heat/engine/service.py:2370
2025-05-26 01:48:45.796 37219 DEBUG heat.engine.service [req-54fe7473-d1da-45c3-a26a-f493bb7caf7f - - - - -] Service 3da5a112-cb70-4c36-97dd-8f006abc3c25 is updated service_manage_report /usr/lib/python3/dist-packages/heat/engine/service.py:2370
2025-05-26 01:48:45.814 37222 DEBUG heat.engine.service [req-95ca2892-ee81-47fd-9476-bdf8c9e1800b - - - - -] Service 09cac95f-7a9a-4198-9430-65856eb05900 is updated service_manage_report /usr/lib/python3/dist-packages/heat/engine/service.py:2370
2025-05-26 01:49:45.690 37221 DEBUG heat.engine.service [req-f6b83e0f-4478-446b-9169-f617da323114 - - - - -] Service 14bd7a99-9927-41c1-ad6c-ee9e5b191bb6 is updated service_manage_report /usr/lib/python3/dist-packages/heat/engine/service.py:2370
2025-05-26 01:49:45.700 37220 DEBUG heat.engine.service [req-6355999f-b8e8-4d31-bc92-53d9653f2de4 - - - - -] Service 969ec622-4891-49c7-a092-7ac6e70b0d2a is updated service_manage_report /usr/lib/python3/dist-packages/heat/engine/service.py:2370
2025-05-26 01:49:45.802 37219 DEBUG heat.engine.service [req-3a1188a0-7fa5-4d52-81d3-aeb4630828ea - - - - -] Service 3da5a112-cb70-4c36-97dd-8f006abc3c25 is updated service_manage_report /usr/lib/python3/dist-packages/heat/engine/service.py:2370
2025-05-26 01:49:45.818 37222 DEBUG heat.engine.service [req-607a26ba-0a92-4ab5-83ae-7d368f3035f6 - - - - -] Service 09cac95f-7a9a-4198-9430-65856eb05900 is updated service_manage_report /usr/lib/python3/dist-packages/heat/engine/service.py:2370
2025-05-26 01:50:45.695 37221 DEBUG heat.engine.service [req-c80473ba-afb6-42da-b8b7-77d23545983c - - - - -] Service 14bd7a99-9927-41c1-ad6c-ee9e5b191bb6 is updated service_manage_report /usr/lib/python3/dist-packages/heat/engine/service.py:2370
2025-05-26 01:50:45.706 37220 DEBUG heat.engine.service [req-8e4ad860-35ec-4359-ba34-10015dc7b3f9 - - - - -] Service 969ec622-4891-49c7-a092-7ac6e70b0d2a is updated service_manage_report /usr/lib/python3/dist-packages/heat/engine/service.py:2370
2025-05-26 01:50:45.799 37219 DEBUG heat.engine.service [req-e08e7391-3186-475f-8fb8-3b5c6cc14f4c - - - - -] Service 3da5a112-cb70-4c36-97dd-8f006abc3c25 is updated service_manage_report /usr/lib/python3/dist-packages/heat/engine/service.py:2370
2025-05-26 01:50:45.824 37222 DEBUG heat.engine.service [req-cb78f606-d4c7-4c66-be8f-d99ad3781b50 - - - - -] Service 09cac95f-7a9a-4198-9430-65856eb05900 is updated service_manage_report /usr/lib/python3/dist-packages/heat/engine/service.py:2370
2025-05-26 01:51:45.701 37221 DEBUG heat.engine.service [req-7bc320e7-f439-4b08-8acd-f8a825c60b73 - - - - -] Service 14bd7a99-9927-41c1-ad6c-ee9e5b191bb6 is updated service_manage_report /usr/lib/python3/dist-packages/heat/engine/service.py:2370
2025-05-26 01:51:45.703 37220 DEBUG heat.engine.service [req-48526278-9fbe-4c0e-a407-4574e4a3d2ed - - - - -] Service 969ec622-4891-49c7-a092-7ac6e70b0d2a is updated service_manage_report /usr/lib/python3/dist-packages/heat/engine/service.py:2370
2025-05-26 01:51:45.799 37219 DEBUG heat.engine.service [req-6c983d61-3dc3-4fd2-8578-a7d11e0b531b - - - - -] Service 3da5a112-cb70-4c36-97dd-8f006abc3c25 is updated service_manage_report /usr/lib/python3/dist-packages/heat/engine/service.py:2370
2025-05-26 01:51:45.830 37222 DEBUG heat.engine.service [req-e41de888-ad86-4ae5-a0c4-df83913107c6 - - - - -] Service 09cac95f-7a9a-4198-9430-65856eb05900 is updated service_manage_report /usr/lib/python3/dist-packages/heat/engine/service.py:2370
2025-05-26 01:52:45.775 37221 DEBUG heat.engine.service [req-32611ab4-fbda-43ce-bef5-c4e8427235b0 - - - - -] Service 14bd7a99-9927-41c1-ad6c-ee9e5b191bb6 is updated service_manage_report /usr/lib/python3/dist-packages/heat/engine/service.py:2370
2025-05-26 01:52:45.777 37220 DEBUG heat.engine.service [req-ea89e8dc-d66d-44b7-a963-5ba33931c2e5 - - - - -] Service 969ec622-4891-49c7-a092-7ac6e70b0d2a is updated service_manage_report /usr/lib/python3/dist-packages/heat/engine/service.py:2370
2025-05-26 01:52:45.794 37219 DEBUG heat.engine.service [req-88db42ab-8673-4af0-9eb9-b34f99cbd509 - - - - -] Service 3da5a112-cb70-4c36-97dd-8f006abc3c25 is updated service_manage_report /usr/lib/python3/dist-packages/heat/engine/service.py:2370
2025-05-26 01:52:45.831 37222 DEBUG heat.engine.service [req-b07bcc7a-61c0-43ce-8805-f6e69df770c1 - - - - -] Service 09cac95f-7a9a-4198-9430-65856eb05900 is updated service_manage_report /usr/lib/python3/dist-packages/heat/engine/service.py:2370
2025-05-26 01:53:45.771 37220 DEBUG heat.engine.service [req-3b7f7942-7a8a-4f1a-8287-447c2b1d0dd0 - - - - -] Service 969ec622-4891-49c7-a092-7ac6e70b0d2a is updated service_manage_report /usr/lib/python3/dist-packages/heat/engine/service.py:2370
2025-05-26 01:53:45.812 37221 DEBUG heat.engine.service [req-e123270c-8665-4d45-b285-e15a6433f167 - - - - -] Service 14bd7a99-9927-41c1-ad6c-ee9e5b191bb6 is updated service_manage_report /usr/lib/python3/dist-packages/heat/engine/service.py:2370
2025-05-26 01:53:45.903 37219 DEBUG heat.engine.service [req-fca0e342-b06b-4381-b377-137130f696f5 - - - - -] Service 3da5a112-cb70-4c36-97dd-8f006abc3c25 is updated service_manage_report /usr/lib/python3/dist-packages/heat/engine/service.py:2370
2025-05-26 01:53:46.033 37222 DEBUG heat.engine.service [req-7b943e1a-f45c-423f-a358-3b65c11d4c00 - - - - -] Service 09cac95f-7a9a-4198-9430-65856eb05900 is updated service_manage_report /usr/lib/python3/dist-packages/heat/engine/service.py:2370
2025-05-26 01:53:51.118 37219 DEBUG heat.engine.service [-] Attempting to stop engine service... _stop_rpc_server /usr/lib/python3/dist-packages/heat/engine/service.py:437
2025-05-26 01:53:51.118 37222 DEBUG heat.engine.service [-] Attempting to stop engine service... _stop_rpc_server /usr/lib/python3/dist-packages/heat/engine/service.py:437
2025-05-26 01:53:51.119 37220 DEBUG heat.engine.service [-] Attempting to stop engine service... _stop_rpc_server /usr/lib/python3/dist-packages/heat/engine/service.py:437
2025-05-26 01:53:51.120 37221 DEBUG heat.engine.service [-] Attempting to stop engine service... _stop_rpc_server /usr/lib/python3/dist-packages/heat/engine/service.py:437
2025-05-26 01:53:51.128 36999 INFO oslo_service.service [-] Caught SIGTERM, stopping children
2025-05-26 01:53:51.176 36999 DEBUG oslo_concurrency.lockutils [-] Acquired lock "singleton_lock" lock /usr/lib/python3/dist-packages/oslo_concurrency/lockutils.py:294
2025-05-26 01:53:51.176 36999 DEBUG oslo_concurrency.lockutils [-] Releasing lock "singleton_lock" lock /usr/lib/python3/dist-packages/oslo_concurrency/lockutils.py:312
2025-05-26 01:53:51.176 36999 DEBUG oslo_service.service [-] Stop services. stop /usr/lib/python3/dist-packages/oslo_service/service.py:695
2025-05-26 01:53:51.177 36999 INFO heat.engine.service [-] All threads were gone, terminating engine
2025-05-26 01:53:51.177 36999 DEBUG oslo_service.service [-] Killing children. stop /usr/lib/python3/dist-packages/oslo_service/service.py:700
2025-05-26 01:53:51.187 36999 INFO oslo_service.service [-] Waiting on 4 children to exit
2025-05-26 01:53:51.190 36999 INFO oslo_service.service [-] Child 37219 killed by signal 15
2025-05-26 01:53:51.190 36999 INFO oslo_service.service [-] Child 37220 killed by signal 15
2025-05-26 01:53:51.191 36999 INFO oslo_service.service [-] Child 37221 killed by signal 15
2025-05-26 01:53:51.195 36999 INFO oslo_service.service [-] Child 37222 killed by signal 15
2025-05-26 01:53:53.803 65329 DEBUG oslo_concurrency.lockutils [-] Lock "context-manager" acquired by "neutron_lib.db.api._create_context_manager" :: waited 0.000s inner /usr/lib/python3/dist-packages/oslo_concurrency/lockutils.py:386
2025-05-26 01:53:53.803 65329 DEBUG oslo_concurrency.lockutils [-] Lock "context-manager" "released" by "neutron_lib.db.api._create_context_manager" :: held 0.001s inner /usr/lib/python3/dist-packages/oslo_concurrency/lockutils.py:400
2025-05-26 01:53:54.095 65329 WARNING heat.engine.environment [-] OS::Aodh::Alarm is DEPRECATED. Theshold alarm relies on ceilometer-api and has been deprecated in aodh since Ocata. Use OS::Aodh::GnocchiAggregationByResourcesAlarm instead.
2025-05-26 01:53:54.096 65329 WARNING heat.engine.environment [-] OS::Aodh::CombinationAlarm is HIDDEN. OS::Aodh::CombinationAlarm is deprecated and has been removed from Aodh, use OS::Aodh::CompositeAlarm instead.
2025-05-26 01:53:54.096 65329 WARNING heat.engine.environment [-] OS::Designate::Domain is HIDDEN. This resource has been removed, use OS::Designate::Zone instead.
2025-05-26 01:53:54.096 65329 WARNING heat.engine.environment [-] OS::Designate::Record is HIDDEN. This resource has been removed, use OS::Designate::RecordSet instead.
2025-05-26 01:53:54.096 65329 WARNING heat.engine.environment [-] OS::Glance::Image is DEPRECATED. Creating a Glance Image based on an existing URL location requires the Glance v1 API, which is deprecated.
2025-05-26 01:53:54.096 65329 WARNING heat.engine.environment [-] OS::Heat::HARestarter is HIDDEN. The HARestarter resource type has been removed. Existing stacks containing HARestarter resources can still be used, but the HARestarter resource will be a placeholder that does nothing.
2025-05-26 01:53:54.097 65329 WARNING heat.engine.environment [-] OS::Heat::SoftwareDeployments is HIDDEN. Please use OS::Heat::SoftwareDeploymentGroup instead.
2025-05-26 01:53:54.097 65329 WARNING heat.engine.environment [-] OS::Heat::StructuredDeployments is HIDDEN. Please use OS::Heat::StructuredDeploymentGroup instead.
2025-05-26 01:53:54.097 65329 WARNING heat.engine.environment [-] OS::Magnum::Bay is HIDDEN. Please use OS::Magnum::Cluster instead.
2025-05-26 01:53:54.097 65329 WARNING heat.engine.environment [-] OS::Magnum::BayModel is HIDDEN. Please use OS::Magnum::ClusterTemplate instead.
2025-05-26 01:53:54.098 65329 WARNING heat.engine.environment [-] OS::Neutron::ExtraRoute is UNSUPPORTED. Use this resource at your own risk.
2025-05-26 01:53:54.098 65329 WARNING heat.engine.environment [-] OS::Neutron::HealthMonitor is HIDDEN. Use LBaaS V2 instead.
2025-05-26 01:53:54.098 65329 WARNING heat.engine.environment [-] OS::Neutron::Pool is HIDDEN. Use LBaaS V2 instead.
2025-05-26 01:53:54.098 65329 WARNING heat.engine.environment [-] OS::Neutron::PoolMember is HIDDEN. Use LBaaS V2 instead.
2025-05-26 01:53:54.098 65329 WARNING heat.engine.environment [-] OS::Neutron::LoadBalancer is HIDDEN. Use LBaaS V2 instead.
2025-05-26 01:53:54.099 65329 WARNING heat.engine.environment [-] OS::Neutron::RouterGateway is HIDDEN. Use the `external_gateway_info` property in the router resource to set up the gateway.
2025-05-26 01:53:54.099 65329 WARNING heat.engine.environment [-] OS::Nova::FloatingIP is HIDDEN. Please use OS::Neutron::FloatingIP instead.
2025-05-26 01:53:54.099 65329 WARNING heat.engine.environment [-] OS::Nova::FloatingIPAssociation is HIDDEN. Please use OS::Neutron::FloatingIPAssociation instead.
2025-05-26 01:53:54.100 65329 INFO heat.engine.environment [-] Loading /etc/heat/environment.d/default.yaml
2025-05-26 01:53:54.101 65329 INFO heat.engine.environment [-] Registered: [Plugin](User:False) AWS::AutoScaling::AutoScalingGroup ->
2025-05-26 01:53:54.101 65329 INFO heat.engine.environment [-] Registered: [Plugin](User:False) AWS::AutoScaling::LaunchConfiguration ->
2025-05-26 01:53:54.102 65329 INFO heat.engine.environment [-] Registered: [Plugin](User:False) AWS::AutoScaling::ScalingPolicy ->
2025-05-26 01:53:54.102 65329 INFO heat.engine.environment [-] Registered: [Plugin](User:False) AWS::CloudFormation::Stack ->
2025-05-26 01:53:54.102 65329 INFO heat.engine.environment [-] Registered: [Plugin](User:False) AWS::CloudFormation::WaitCondition ->
2025-05-26 01:53:54.102 65329 INFO heat.engine.environment [-] Registered: [Plugin](User:False) AWS::CloudFormation::WaitConditionHandle ->
2025-05-26 01:53:54.102 65329 INFO heat.engine.environment [-] Registered: [Plugin](User:False) AWS::EC2::EIP ->
2025-05-26 01:53:54.102 65329 INFO heat.engine.environment [-] Registered: [Plugin](User:False) AWS::EC2::EIPAssociation ->
2025-05-26 01:53:54.102 65329 INFO heat.engine.environment [-] Registered: [Plugin](User:False) AWS::EC2::Instance ->
2025-05-26 01:53:54.102 65329 INFO heat.engine.environment [-] Registered: [Plugin](User:False) AWS::EC2::InternetGateway ->
2025-05-26 01:53:54.102 65329 INFO heat.engine.environment [-] Registered: [Plugin](User:False) AWS::EC2::VPCGatewayAttachment ->
2025-05-26 01:53:54.102 65329 INFO heat.engine.environment [-] Registered: [Plugin](User:False) AWS::EC2::NetworkInterface ->
2025-05-26 01:53:54.103 65329 INFO heat.engine.environment [-] Registered: [Plugin](User:False) AWS::EC2::RouteTable ->
2025-05-26 01:53:54.103 65329 INFO heat.engine.environment [-] Registered: [Plugin](User:False) AWS::EC2::SubnetRouteTableAssociation ->
2025-05-26 01:53:54.103 65329 INFO heat.engine.environment [-] Registered: [Plugin](User:False) AWS::EC2::SecurityGroup ->
2025-05-26 01:53:54.103 65329 INFO heat.engine.environment [-] Registered: [Plugin](User:False) AWS::EC2::Subnet ->
2025-05-26 01:53:54.103 65329 INFO heat.engine.environment [-] Registered: [Plugin](User:False) AWS::EC2::Volume ->
2025-05-26 01:53:54.103 65329 INFO heat.engine.environment [-] Registered: [Plugin](User:False) AWS::EC2::VolumeAttachment ->
2025-05-26 01:53:54.103 65329 INFO heat.engine.environment [-] Registered: [Plugin](User:False) AWS::EC2::VPC ->
2025-05-26 01:53:54.103 65329 INFO heat.engine.environment [-] Registered: [Plugin](User:False) AWS::IAM::User ->
2025-05-26 01:53:54.103 65329 INFO heat.engine.environment [-] Registered: [Plugin](User:False) AWS::IAM::AccessKey ->
2025-05-26 01:53:54.103 65329 INFO heat.engine.environment [-] Registered: [Plugin](User:False) AWS::ElasticLoadBalancing::LoadBalancer ->
2025-05-26 01:53:54.104 65329 INFO heat.engine.environment [-] Registered: [Plugin](User:False) AWS::S3::Bucket ->
2025-05-26 01:53:54.104 65329 INFO heat.engine.environment [-] Registered: [Plugin](User:False) OS::Aodh::Alarm ->
2025-05-26 01:53:54.104 65329 INFO heat.engine.environment [-] Registered: [Plugin](User:False) OS::Aodh::CombinationAlarm ->
2025-05-26 01:53:54.104 65329 INFO heat.engine.environment [-] Registered: [Plugin](User:False) OS::Aodh::EventAlarm ->
2025-05-26 01:53:54.104 65329 INFO heat.engine.environment [-] Registered: [Plugin](User:False) OS::Aodh::LBMemberHealthAlarm ->
2025-05-26 01:53:54.104 65329 INFO heat.engine.environment [-] Registered: [Plugin](User:False) OS::Aodh::CompositeAlarm ->
2025-05-26 01:53:54.104 65329 INFO heat.engine.environment [-] Registered: [Plugin](User:False) OS::Aodh::GnocchiResourcesAlarm ->
2025-05-26 01:53:54.104 65329 INFO heat.engine.environment [-] Registered: [Plugin](User:False) OS::Aodh::GnocchiAggregationByMetricsAlarm ->
2025-05-26 01:53:54.104 65329 INFO heat.engine.environment [-] Registered: [Plugin](User:False) OS::Aodh::GnocchiAggregationByResourcesAlarm ->
2025-05-26 01:53:54.104 65329 INFO heat.engine.environment [-] Registered: [Plugin](User:False) OS::Barbican::GenericContainer ->
2025-05-26 01:53:54.104 65329 INFO heat.engine.environment [-] Registered: [Plugin](User:False) OS::Barbican::CertificateContainer ->
2025-05-26 01:53:54.105 65329 INFO heat.engine.environment [-] Registered: [Plugin](User:False) OS::Barbican::RSAContainer ->
2025-05-26 01:53:54.105 65329 INFO heat.engine.environment [-] Registered: [Plugin](User:False) OS::Barbican::Order ->
2025-05-26 01:53:54.105 65329 INFO heat.engine.environment [-] Registered: [Plugin](User:False) OS::Barbican::Secret ->
2025-05-26 01:53:54.105 65329 INFO heat.engine.environment [-] Registered: [Plugin](User:False) OS::Blazar::Host ->
2025-05-26 01:53:54.105 65329 INFO heat.engine.environment [-] Registered: [Plugin](User:False) OS::Blazar::Lease ->
2025-05-26 01:53:54.105 65329 INFO heat.engine.environment [-] Registered: [Plugin](User:False) OS::Cinder::EncryptedVolumeType ->
2025-05-26 01:53:54.105 65329 INFO heat.engine.environment [-] Registered: [Plugin](User:False) OS::Cinder::QoSSpecs ->
2025-05-26 01:53:54.105 65329 INFO heat.engine.environment [-] Registered: [Plugin](User:False) OS::Cinder::QoSAssociation ->
2025-05-26 01:53:54.106 65329 INFO heat.engine.environment [-] Registered: [Plugin](User:False) OS::Cinder::Quota ->
2025-05-26 01:53:54.106 65329 INFO heat.engine.environment [-] Registered: [Plugin](User:False) OS::Cinder::Volume ->
2025-05-26 01:53:54.106 65329 INFO heat.engine.environment [-] Registered: [Plugin](User:False) OS::Cinder::VolumeAttachment ->
2025-05-26 01:53:54.106 65329 INFO heat.engine.environment [-] Registered: [Plugin](User:False) OS::Cinder::VolumeType ->
2025-05-26 01:53:54.106 65329 INFO heat.engine.environment [-] Registered: [Plugin](User:False) OS::Designate::Domain ->
2025-05-26 01:53:54.106 65329 INFO heat.engine.environment [-] Registered: [Plugin](User:False) OS::Designate::Record ->
2025-05-26 01:53:54.106 65329 INFO heat.engine.environment [-] Registered: [Plugin](User:False) OS::Designate::RecordSet ->
2025-05-26 01:53:54.106 65329 INFO heat.engine.environment [-] Registered: [Plugin](User:False) OS::Designate::Zone ->
2025-05-26 01:53:54.106 65329 INFO heat.engine.environment [-] Registered: [Plugin](User:False) OS::Glance::Image ->
2025-05-26 01:53:54.106 65329 INFO heat.engine.environment [-] Registered: [Plugin](User:False) OS::Glance::WebImage ->
2025-05-26 01:53:54.106 65329 INFO heat.engine.environment [-] Registered: [Plugin](User:False) OS::Heat::AccessPolicy ->
2025-05-26 01:53:54.107 65329 INFO heat.engine.environment [-] Registered: [Plugin](User:False) OS::Heat::AutoScalingGroup ->
2025-05-26 01:53:54.107 65329 INFO heat.engine.environment [-] Registered: [Plugin](User:False) OS::Heat::CloudConfig ->
2025-05-26 01:53:54.107 65329 INFO heat.engine.environment [-] Registered: [Plugin](User:False) OS::Heat::Delay ->
2025-05-26 01:53:54.107 65329 INFO heat.engine.environment [-] Registered: [Plugin](User:False) OS::Heat::DeployedServer ->
2025-05-26 01:53:54.107 65329 INFO heat.engine.environment [-] Registered: [Plugin](User:False) OS::Heat::HARestarter ->
2025-05-26 01:53:54.109 65329 INFO heat.engine.environment [-] Registered: [Plugin](User:False) OS::Heat::InstanceGroup ->
2025-05-26 01:53:54.109 65329 INFO heat.engine.environment [-] Registered: [Plugin](User:False) OS::Heat::MultipartMime ->
2025-05-26 01:53:54.109 65329 INFO heat.engine.environment [-] Registered: [Plugin](User:False) OS::Heat::None ->
2025-05-26 01:53:54.109 65329 INFO heat.engine.environment [-] Registered: [Plugin](User:False) OS::Heat::RandomString ->
2025-05-26 01:53:54.109 65329 INFO heat.engine.environment [-] Registered: [Plugin](User:False) OS::Heat::Stack ->
2025-05-26 01:53:54.109 65329 INFO heat.engine.environment [-] Registered: [Plugin](User:False) OS::Heat::ResourceChain ->
2025-05-26 01:53:54.109 65329 INFO heat.engine.environment [-] Registered: [Plugin](User:False) OS::Heat::ResourceGroup ->
2025-05-26 01:53:54.109 65329 INFO heat.engine.environment [-] Registered: [Plugin](User:False) OS::Heat::ScalingPolicy ->
2025-05-26 01:53:54.110 65329 INFO heat.engine.environment [-] Registered: [Plugin](User:False) OS::Heat::SoftwareComponent ->
2025-05-26 01:53:54.110 65329 INFO heat.engine.environment [-] Registered: [Plugin](User:False) OS::Heat::SoftwareConfig ->
2025-05-26 01:53:54.110 65329 INFO heat.engine.environment [-] Registered: [Plugin](User:False) OS::Heat::SoftwareDeployment ->
2025-05-26 01:53:54.110 65329 INFO heat.engine.environment [-] Registered: [Plugin](User:False) OS::Heat::SoftwareDeploymentGroup ->
2025-05-26 01:53:54.110 65329 INFO heat.engine.environment [-] Registered: [Plugin](User:False) OS::Heat::SoftwareDeployments ->
2025-05-26 01:53:54.110 65329 INFO heat.engine.environment [-] Registered: [Plugin](User:False) OS::Heat::StructuredConfig ->
2025-05-26 01:53:54.110 65329 INFO heat.engine.environment [-] Registered: [Plugin](User:False) OS::Heat::StructuredDeployment ->
2025-05-26 01:53:54.110 65329 INFO heat.engine.environment [-] Registered: [Plugin](User:False) OS::Heat::StructuredDeploymentGroup ->
2025-05-26 01:53:54.110 65329 INFO heat.engine.environment [-] Registered: [Plugin](User:False) OS::Heat::StructuredDeployments ->
2025-05-26 01:53:54.110 65329 INFO heat.engine.environment [-] Registered: [Plugin](User:False) OS::Heat::SwiftSignal ->
2025-05-26 01:53:54.110 65329 INFO heat.engine.environment [-] Registered: [Plugin](User:False) OS::Heat::SwiftSignalHandle ->
2025-05-26 01:53:54.111 65329 INFO heat.engine.environment [-] Registered: [Plugin](User:False) OS::Heat::TestResource ->
2025-05-26 01:53:54.111 65329 INFO heat.engine.environment [-] Registered: [Plugin](User:False) OS::Heat::Value ->
2025-05-26 01:53:54.111 65329 INFO heat.engine.environment [-] Registered: [Plugin](User:False) OS::Heat::WaitCondition ->
2025-05-26 01:53:54.111 65329 INFO heat.engine.environment [-] Registered: [Plugin](User:False) OS::Heat::WaitConditionHandle ->
2025-05-26 01:53:54.111 65329 INFO heat.engine.environment [-] Registered: [Plugin](User:False) OS::Heat::UpdateWaitConditionHandle ->
2025-05-26 01:53:54.111 65329 INFO heat.engine.environment [-] Registered: [Plugin](User:False) OS::Ironic::Port ->
2025-05-26 01:53:54.111 65329 INFO heat.engine.environment [-] Registered: [Plugin](User:False) OS::Keystone::Domain ->
2025-05-26 01:53:54.111 65329 INFO heat.engine.environment [-] Registered: [Plugin](User:False) OS::Keystone::Endpoint ->
2025-05-26 01:53:54.111 65329 INFO heat.engine.environment [-] Registered: [Plugin](User:False) OS::Keystone::Group ->
2025-05-26 01:53:54.111 65329 INFO heat.engine.environment [-] Registered: [Plugin](User:False) OS::Keystone::Project ->
2025-05-26 01:53:54.112 65329 INFO heat.engine.environment [-] Registered: [Plugin](User:False) OS::Keystone::Region ->
2025-05-26 01:53:54.112 65329 INFO heat.engine.environment [-] Registered: [Plugin](User:False) OS::Keystone::Role ->
