2025-05-22 00:36:06.447 147213 DEBUG oslo_service.service [req-d7a68f42-2fe3-41e0-abff-76d988a51d87 - - - - -] wsgi.wsgi_log_format = %(client_ip)s "%(request_line)s" status: %(status_code)s len: %(body_length)s time: %(wall_seconds).7f log_opt_values /usr/lib/python3/dist-packages/oslo_config/cfg.py:2609
2025-05-22 00:36:06.447 147213 DEBUG oslo_service.service [req-d7a68f42-2fe3-41e0-abff-76d988a51d87 - - - - -] zvm.ca_file = None log_opt_values /usr/lib/python3/dist-packages/oslo_config/cfg.py:2609
2025-05-22 00:36:06.448 147213 DEBUG oslo_service.service [req-d7a68f42-2fe3-41e0-abff-76d988a51d87 - - - - -] zvm.cloud_connector_url = None log_opt_values /usr/lib/python3/dist-packages/oslo_config/cfg.py:2609
2025-05-22 00:36:06.448 147213 DEBUG oslo_service.service [req-d7a68f42-2fe3-41e0-abff-76d988a51d87 - - - - -] zvm.image_tmp_path = /var/lib/nova/images log_opt_values /usr/lib/python3/dist-packages/oslo_config/cfg.py:2609
2025-05-22 00:36:06.448 147213 DEBUG oslo_service.service [req-d7a68f42-2fe3-41e0-abff-76d988a51d87 - - - - -] zvm.reachable_timeout = 300 log_opt_values /usr/lib/python3/dist-packages/oslo_config/cfg.py:2609
2025-05-22 00:36:06.448 147213 DEBUG oslo_service.service [req-d7a68f42-2fe3-41e0-abff-76d988a51d87 - - - - -] oslo_messaging_metrics.metrics_buffer_size = 1000 log_opt_values /usr/lib/python3/dist-packages/oslo_config/cfg.py:2609
2025-05-22 00:36:06.448 147213 DEBUG oslo_service.service [req-d7a68f42-2fe3-41e0-abff-76d988a51d87 - - - - -] oslo_messaging_metrics.metrics_enabled = False log_opt_values /usr/lib/python3/dist-packages/oslo_config/cfg.py:2609
2025-05-22 00:36:06.449 147213 DEBUG oslo_service.service [req-d7a68f42-2fe3-41e0-abff-76d988a51d87 - - - - -] oslo_messaging_metrics.metrics_process_name = log_opt_values /usr/lib/python3/dist-packages/oslo_config/cfg.py:2609
2025-05-22 00:36:06.449 147213 DEBUG oslo_service.service [req-d7a68f42-2fe3-41e0-abff-76d988a51d87 - - - - -] oslo_messaging_metrics.metrics_socket_file = /var/tmp/metrics_collector.sock log_opt_values /usr/lib/python3/dist-packages/oslo_config/cfg.py:2609
2025-05-22 00:36:06.449 147213 DEBUG oslo_service.service [req-d7a68f42-2fe3-41e0-abff-76d988a51d87 - - - - -] oslo_messaging_metrics.metrics_thread_stop_timeout = 10 log_opt_values /usr/lib/python3/dist-packages/oslo_config/cfg.py:2609
2025-05-22 00:36:06.449 147213 DEBUG oslo_service.service [req-d7a68f42-2fe3-41e0-abff-76d988a51d87 - - - - -] oslo_policy.enforce_new_defaults = False log_opt_values /usr/lib/python3/dist-packages/oslo_config/cfg.py:2609
2025-05-22 00:36:06.449 147213 DEBUG oslo_service.service [req-d7a68f42-2fe3-41e0-abff-76d988a51d87 - - - - -] oslo_policy.enforce_scope = False log_opt_values /usr/lib/python3/dist-packages/oslo_config/cfg.py:2609
2025-05-22 00:36:06.449 147213 DEBUG oslo_service.service [req-d7a68f42-2fe3-41e0-abff-76d988a51d87 - - - - -] oslo_policy.policy_default_rule = default log_opt_values /usr/lib/python3/dist-packages/oslo_config/cfg.py:2609
2025-05-22 00:36:06.450 147213 DEBUG oslo_service.service [req-d7a68f42-2fe3-41e0-abff-76d988a51d87 - - - - -] oslo_policy.policy_dirs = ['policy.d'] log_opt_values /usr/lib/python3/dist-packages/oslo_config/cfg.py:2609
2025-05-22 00:36:06.450 147213 DEBUG oslo_service.service [req-d7a68f42-2fe3-41e0-abff-76d988a51d87 - - - - -] oslo_policy.policy_file = policy.yaml log_opt_values /usr/lib/python3/dist-packages/oslo_config/cfg.py:2609
2025-05-22 00:36:06.450 147213 DEBUG oslo_service.service [req-d7a68f42-2fe3-41e0-abff-76d988a51d87 - - - - -] oslo_policy.remote_content_type = application/x-www-form-urlencoded log_opt_values /usr/lib/python3/dist-packages/oslo_config/cfg.py:2609
2025-05-22 00:36:06.450 147213 DEBUG oslo_service.service [req-d7a68f42-2fe3-41e0-abff-76d988a51d87 - - - - -] oslo_policy.remote_ssl_ca_crt_file = None log_opt_values /usr/lib/python3/dist-packages/oslo_config/cfg.py:2609
2025-05-22 00:36:06.450 147213 DEBUG oslo_service.service [req-d7a68f42-2fe3-41e0-abff-76d988a51d87 - - - - -] oslo_policy.remote_ssl_client_crt_file = None log_opt_values /usr/lib/python3/dist-packages/oslo_config/cfg.py:2609
2025-05-22 00:36:06.450 147213 DEBUG oslo_service.service [req-d7a68f42-2fe3-41e0-abff-76d988a51d87 - - - - -] oslo_policy.remote_ssl_client_key_file = None log_opt_values /usr/lib/python3/dist-packages/oslo_config/cfg.py:2609
2025-05-22 00:36:06.451 147213 DEBUG oslo_service.service [req-d7a68f42-2fe3-41e0-abff-76d988a51d87 - - - - -] oslo_policy.remote_ssl_verify_server_crt = False log_opt_values /usr/lib/python3/dist-packages/oslo_config/cfg.py:2609
2025-05-22 00:36:06.451 147213 DEBUG oslo_service.service [req-d7a68f42-2fe3-41e0-abff-76d988a51d87 - - - - -] oslo_versionedobjects.fatal_exception_format_errors = False log_opt_values /usr/lib/python3/dist-packages/oslo_config/cfg.py:2609
2025-05-22 00:36:06.451 147213 DEBUG oslo_service.service [req-d7a68f42-2fe3-41e0-abff-76d988a51d87 - - - - -] oslo_middleware.http_basic_auth_user_file = /etc/htpasswd log_opt_values /usr/lib/python3/dist-packages/oslo_config/cfg.py:2609
2025-05-22 00:36:06.451 147213 DEBUG oslo_service.service [req-d7a68f42-2fe3-41e0-abff-76d988a51d87 - - - - -] profiler.connection_string = messaging:// log_opt_values /usr/lib/python3/dist-packages/oslo_config/cfg.py:2609
2025-05-22 00:36:06.451 147213 DEBUG oslo_service.service [req-d7a68f42-2fe3-41e0-abff-76d988a51d87 - - - - -] profiler.enabled = False log_opt_values /usr/lib/python3/dist-packages/oslo_config/cfg.py:2609
2025-05-22 00:36:06.452 147213 DEBUG oslo_service.service [req-d7a68f42-2fe3-41e0-abff-76d988a51d87 - - - - -] profiler.es_doc_type = notification log_opt_values /usr/lib/python3/dist-packages/oslo_config/cfg.py:2609
2025-05-22 00:36:06.452 147213 DEBUG oslo_service.service [req-d7a68f42-2fe3-41e0-abff-76d988a51d87 - - - - -] profiler.es_scroll_size = 10000 log_opt_values /usr/lib/python3/dist-packages/oslo_config/cfg.py:2609
2025-05-22 00:36:06.452 147213 DEBUG oslo_service.service [req-d7a68f42-2fe3-41e0-abff-76d988a51d87 - - - - -] profiler.es_scroll_time = 2m log_opt_values /usr/lib/python3/dist-packages/oslo_config/cfg.py:2609
2025-05-22 00:36:06.452 147213 DEBUG oslo_service.service [req-d7a68f42-2fe3-41e0-abff-76d988a51d87 - - - - -] profiler.filter_error_trace = False log_opt_values /usr/lib/python3/dist-packages/oslo_config/cfg.py:2609
2025-05-22 00:36:06.452 147213 DEBUG oslo_service.service [req-d7a68f42-2fe3-41e0-abff-76d988a51d87 - - - - -] profiler.hmac_keys = SECRET_KEY log_opt_values /usr/lib/python3/dist-packages/oslo_config/cfg.py:2609
2025-05-22 00:36:06.452 147213 DEBUG oslo_service.service [req-d7a68f42-2fe3-41e0-abff-76d988a51d87 - - - - -] profiler.sentinel_service_name = mymaster log_opt_values /usr/lib/python3/dist-packages/oslo_config/cfg.py:2609
2025-05-22 00:36:06.452 147213 DEBUG oslo_service.service [req-d7a68f42-2fe3-41e0-abff-76d988a51d87 - - - - -] profiler.socket_timeout = 0.1 log_opt_values /usr/lib/python3/dist-packages/oslo_config/cfg.py:2609
2025-05-22 00:36:06.453 147213 DEBUG oslo_service.service [req-d7a68f42-2fe3-41e0-abff-76d988a51d87 - - - - -] profiler.trace_sqlalchemy = False log_opt_values /usr/lib/python3/dist-packages/oslo_config/cfg.py:2609
2025-05-22 00:36:06.453 147213 DEBUG oslo_service.service [req-d7a68f42-2fe3-41e0-abff-76d988a51d87 - - - - -] remote_debug.host = None log_opt_values /usr/lib/python3/dist-packages/oslo_config/cfg.py:2609
2025-05-22 00:36:06.453 147213 DEBUG oslo_service.service [req-d7a68f42-2fe3-41e0-abff-76d988a51d87 - - - - -] remote_debug.port = None log_opt_values /usr/lib/python3/dist-packages/oslo_config/cfg.py:2609
2025-05-22 00:36:06.453 147213 DEBUG oslo_service.service [req-d7a68f42-2fe3-41e0-abff-76d988a51d87 - - - - -] oslo_messaging_rabbit.amqp_auto_delete = False log_opt_values /usr/lib/python3/dist-packages/oslo_config/cfg.py:2609
2025-05-22 00:36:06.453 147213 DEBUG oslo_service.service [req-d7a68f42-2fe3-41e0-abff-76d988a51d87 - - - - -] oslo_messaging_rabbit.amqp_durable_queues = False log_opt_values /usr/lib/python3/dist-packages/oslo_config/cfg.py:2609
2025-05-22 00:36:06.453 147213 DEBUG oslo_service.service [req-d7a68f42-2fe3-41e0-abff-76d988a51d87 - - - - -] oslo_messaging_rabbit.conn_pool_min_size = 2 log_opt_values /usr/lib/python3/dist-packages/oslo_config/cfg.py:2609
2025-05-22 00:36:06.454 147213 DEBUG oslo_service.service [req-d7a68f42-2fe3-41e0-abff-76d988a51d87 - - - - -] oslo_messaging_rabbit.conn_pool_ttl = 1200 log_opt_values /usr/lib/python3/dist-packages/oslo_config/cfg.py:2609
2025-05-22 00:36:06.454 147213 DEBUG oslo_service.service [req-d7a68f42-2fe3-41e0-abff-76d988a51d87 - - - - -] oslo_messaging_rabbit.direct_mandatory_flag = True log_opt_values /usr/lib/python3/dist-packages/oslo_config/cfg.py:2609
2025-05-22 00:36:06.454 147213 DEBUG oslo_service.service [req-d7a68f42-2fe3-41e0-abff-76d988a51d87 - - - - -] oslo_messaging_rabbit.enable_cancel_on_failover = False log_opt_values /usr/lib/python3/dist-packages/oslo_config/cfg.py:2609
2025-05-22 00:36:06.454 147213 DEBUG oslo_service.service [req-d7a68f42-2fe3-41e0-abff-76d988a51d87 - - - - -] oslo_messaging_rabbit.heartbeat_in_pthread = False log_opt_values /usr/lib/python3/dist-packages/oslo_config/cfg.py:2609
2025-05-22 00:36:06.454 147213 DEBUG oslo_service.service [req-d7a68f42-2fe3-41e0-abff-76d988a51d87 - - - - -] oslo_messaging_rabbit.heartbeat_rate = 2 log_opt_values /usr/lib/python3/dist-packages/oslo_config/cfg.py:2609
2025-05-22 00:36:06.454 147213 DEBUG oslo_service.service [req-d7a68f42-2fe3-41e0-abff-76d988a51d87 - - - - -] oslo_messaging_rabbit.heartbeat_timeout_threshold = 60 log_opt_values /usr/lib/python3/dist-packages/oslo_config/cfg.py:2609
2025-05-22 00:36:06.455 147213 DEBUG oslo_service.service [req-d7a68f42-2fe3-41e0-abff-76d988a51d87 - - - - -] oslo_messaging_rabbit.kombu_compression = None log_opt_values /usr/lib/python3/dist-packages/oslo_config/cfg.py:2609
2025-05-22 00:36:06.455 147213 DEBUG oslo_service.service [req-d7a68f42-2fe3-41e0-abff-76d988a51d87 - - - - -] oslo_messaging_rabbit.kombu_failover_strategy = round-robin log_opt_values /usr/lib/python3/dist-packages/oslo_config/cfg.py:2609
2025-05-22 00:36:06.455 147213 DEBUG oslo_service.service [req-d7a68f42-2fe3-41e0-abff-76d988a51d87 - - - - -] oslo_messaging_rabbit.kombu_missing_consumer_retry_timeout = 60 log_opt_values /usr/lib/python3/dist-packages/oslo_config/cfg.py:2609
2025-05-22 00:36:06.455 147213 DEBUG oslo_service.service [req-d7a68f42-2fe3-41e0-abff-76d988a51d87 - - - - -] oslo_messaging_rabbit.kombu_reconnect_delay = 1.0 log_opt_values /usr/lib/python3/dist-packages/oslo_config/cfg.py:2609
2025-05-22 00:36:06.455 147213 DEBUG oslo_service.service [req-d7a68f42-2fe3-41e0-abff-76d988a51d87 - - - - -] oslo_messaging_rabbit.rabbit_ha_queues = False log_opt_values /usr/lib/python3/dist-packages/oslo_config/cfg.py:2609
2025-05-22 00:36:06.455 147213 DEBUG oslo_service.service [req-d7a68f42-2fe3-41e0-abff-76d988a51d87 - - - - -] oslo_messaging_rabbit.rabbit_interval_max = 30 log_opt_values /usr/lib/python3/dist-packages/oslo_config/cfg.py:2609
2025-05-22 00:36:06.456 147213 DEBUG oslo_service.service [req-d7a68f42-2fe3-41e0-abff-76d988a51d87 - - - - -] oslo_messaging_rabbit.rabbit_login_method = AMQPLAIN log_opt_values /usr/lib/python3/dist-packages/oslo_config/cfg.py:2609
2025-05-22 00:36:06.456 147213 DEBUG oslo_service.service [req-d7a68f42-2fe3-41e0-abff-76d988a51d87 - - - - -] oslo_messaging_rabbit.rabbit_qos_prefetch_count = 0 log_opt_values /usr/lib/python3/dist-packages/oslo_config/cfg.py:2609
2025-05-22 00:36:06.456 147213 DEBUG oslo_service.service [req-d7a68f42-2fe3-41e0-abff-76d988a51d87 - - - - -] oslo_messaging_rabbit.rabbit_quorum_queue = False log_opt_values /usr/lib/python3/dist-packages/oslo_config/cfg.py:2609
2025-05-22 00:36:06.456 147213 DEBUG oslo_service.service [req-d7a68f42-2fe3-41e0-abff-76d988a51d87 - - - - -] oslo_messaging_rabbit.rabbit_retry_backoff = 2 log_opt_values /usr/lib/python3/dist-packages/oslo_config/cfg.py:2609
2025-05-22 00:36:06.456 147213 DEBUG oslo_service.service [req-d7a68f42-2fe3-41e0-abff-76d988a51d87 - - - - -] oslo_messaging_rabbit.rabbit_retry_interval = 1 log_opt_values /usr/lib/python3/dist-packages/oslo_config/cfg.py:2609
2025-05-22 00:36:06.456 147213 DEBUG oslo_service.service [req-d7a68f42-2fe3-41e0-abff-76d988a51d87 - - - - -] oslo_messaging_rabbit.rabbit_transient_queues_ttl = 1800 log_opt_values /usr/lib/python3/dist-packages/oslo_config/cfg.py:2609
2025-05-22 00:36:06.456 147213 DEBUG oslo_service.service [req-d7a68f42-2fe3-41e0-abff-76d988a51d87 - - - - -] oslo_messaging_rabbit.rpc_conn_pool_size = 30 log_opt_values /usr/lib/python3/dist-packages/oslo_config/cfg.py:2609
2025-05-22 00:36:06.457 147213 DEBUG oslo_service.service [req-d7a68f42-2fe3-41e0-abff-76d988a51d87 - - - - -] oslo_messaging_rabbit.ssl = False log_opt_values /usr/lib/python3/dist-packages/oslo_config/cfg.py:2609
2025-05-22 00:36:06.457 147213 DEBUG oslo_service.service [req-d7a68f42-2fe3-41e0-abff-76d988a51d87 - - - - -] oslo_messaging_rabbit.ssl_ca_file = log_opt_values /usr/lib/python3/dist-packages/oslo_config/cfg.py:2609
2025-05-22 00:36:06.457 147213 DEBUG oslo_service.service [req-d7a68f42-2fe3-41e0-abff-76d988a51d87 - - - - -] oslo_messaging_rabbit.ssl_cert_file = log_opt_values /usr/lib/python3/dist-packages/oslo_config/cfg.py:2609
2025-05-22 00:36:06.457 147213 DEBUG oslo_service.service [req-d7a68f42-2fe3-41e0-abff-76d988a51d87 - - - - -] oslo_messaging_rabbit.ssl_key_file = log_opt_values /usr/lib/python3/dist-packages/oslo_config/cfg.py:2609
2025-05-22 00:36:06.458 147213 DEBUG oslo_service.service [req-d7a68f42-2fe3-41e0-abff-76d988a51d87 - - - - -] oslo_messaging_rabbit.ssl_version = log_opt_values /usr/lib/python3/dist-packages/oslo_config/cfg.py:2609
2025-05-22 00:36:06.458 147213 DEBUG oslo_service.service [req-d7a68f42-2fe3-41e0-abff-76d988a51d87 - - - - -] oslo_messaging_notifications.driver = ['messagingv2'] log_opt_values /usr/lib/python3/dist-packages/oslo_config/cfg.py:2609
2025-05-22 00:36:06.458 147213 DEBUG oslo_service.service [req-d7a68f42-2fe3-41e0-abff-76d988a51d87 - - - - -] oslo_messaging_notifications.retry = -1 log_opt_values /usr/lib/python3/dist-packages/oslo_config/cfg.py:2609
2025-05-22 00:36:06.458 147213 DEBUG oslo_service.service [req-d7a68f42-2fe3-41e0-abff-76d988a51d87 - - - - -] oslo_messaging_notifications.topics = ['notifications'] log_opt_values /usr/lib/python3/dist-packages/oslo_config/cfg.py:2609
2025-05-22 00:36:06.458 147213 DEBUG oslo_service.service [req-d7a68f42-2fe3-41e0-abff-76d988a51d87 - - - - -] oslo_messaging_notifications.transport_url = **** log_opt_values /usr/lib/python3/dist-packages/oslo_config/cfg.py:2609
2025-05-22 00:36:06.459 147213 DEBUG oslo_service.service [req-d7a68f42-2fe3-41e0-abff-76d988a51d87 - - - - -] oslo_limit.auth_section = None log_opt_values /usr/lib/python3/dist-packages/oslo_config/cfg.py:2609
2025-05-22 00:36:06.459 147213 DEBUG oslo_service.service [req-d7a68f42-2fe3-41e0-abff-76d988a51d87 - - - - -] oslo_limit.auth_type = None log_opt_values /usr/lib/python3/dist-packages/oslo_config/cfg.py:2609
2025-05-22 00:36:06.459 147213 DEBUG oslo_service.service [req-d7a68f42-2fe3-41e0-abff-76d988a51d87 - - - - -] oslo_limit.cafile = None log_opt_values /usr/lib/python3/dist-packages/oslo_config/cfg.py:2609
2025-05-22 00:36:06.459 147213 DEBUG oslo_service.service [req-d7a68f42-2fe3-41e0-abff-76d988a51d87 - - - - -] oslo_limit.certfile = None log_opt_values /usr/lib/python3/dist-packages/oslo_config/cfg.py:2609
2025-05-22 00:36:06.459 147213 DEBUG oslo_service.service [req-d7a68f42-2fe3-41e0-abff-76d988a51d87 - - - - -] oslo_limit.collect_timing = False log_opt_values /usr/lib/python3/dist-packages/oslo_config/cfg.py:2609
2025-05-22 00:36:06.459 147213 DEBUG oslo_service.service [req-d7a68f42-2fe3-41e0-abff-76d988a51d87 - - - - -] oslo_limit.connect_retries = None log_opt_values /usr/lib/python3/dist-packages/oslo_config/cfg.py:2609
2025-05-22 00:36:06.460 147213 DEBUG oslo_service.service [req-d7a68f42-2fe3-41e0-abff-76d988a51d87 - - - - -] oslo_limit.connect_retry_delay = None log_opt_values /usr/lib/python3/dist-packages/oslo_config/cfg.py:2609
2025-05-22 00:36:06.460 147213 DEBUG oslo_service.service [req-d7a68f42-2fe3-41e0-abff-76d988a51d87 - - - - -] oslo_limit.endpoint_id = None log_opt_values /usr/lib/python3/dist-packages/oslo_config/cfg.py:2609
2025-05-22 00:36:06.460 147213 DEBUG oslo_service.service [req-d7a68f42-2fe3-41e0-abff-76d988a51d87 - - - - -] oslo_limit.endpoint_override = None log_opt_values /usr/lib/python3/dist-packages/oslo_config/cfg.py:2609
2025-05-22 00:36:06.460 147213 DEBUG oslo_service.service [req-d7a68f42-2fe3-41e0-abff-76d988a51d87 - - - - -] oslo_limit.insecure = False log_opt_values /usr/lib/python3/dist-packages/oslo_config/cfg.py:2609
2025-05-22 00:36:06.460 147213 DEBUG oslo_service.service [req-d7a68f42-2fe3-41e0-abff-76d988a51d87 - - - - -] oslo_limit.keyfile = None log_opt_values /usr/lib/python3/dist-packages/oslo_config/cfg.py:2609
2025-05-22 00:36:06.460 147213 DEBUG oslo_service.service [req-d7a68f42-2fe3-41e0-abff-76d988a51d87 - - - - -] oslo_limit.max_version = None log_opt_values /usr/lib/python3/dist-packages/oslo_config/cfg.py:2609
2025-05-22 00:36:06.460 147213 DEBUG oslo_service.service [req-d7a68f42-2fe3-41e0-abff-76d988a51d87 - - - - -] oslo_limit.min_version = None log_opt_values /usr/lib/python3/dist-packages/oslo_config/cfg.py:2609
2025-05-22 00:36:06.461 147213 DEBUG oslo_service.service [req-d7a68f42-2fe3-41e0-abff-76d988a51d87 - - - - -] oslo_limit.region_name = None log_opt_values /usr/lib/python3/dist-packages/oslo_config/cfg.py:2609
2025-05-22 00:36:06.461 147213 DEBUG oslo_service.service [req-d7a68f42-2fe3-41e0-abff-76d988a51d87 - - - - -] oslo_limit.service_name = None log_opt_values /usr/lib/python3/dist-packages/oslo_config/cfg.py:2609
2025-05-22 00:36:06.461 147213 DEBUG oslo_service.service [req-d7a68f42-2fe3-41e0-abff-76d988a51d87 - - - - -] oslo_limit.service_type = None log_opt_values /usr/lib/python3/dist-packages/oslo_config/cfg.py:2609
2025-05-22 00:36:06.461 147213 DEBUG oslo_service.service [req-d7a68f42-2fe3-41e0-abff-76d988a51d87 - - - - -] oslo_limit.split_loggers = False log_opt_values /usr/lib/python3/dist-packages/oslo_config/cfg.py:2609
2025-05-22 00:36:06.461 147213 DEBUG oslo_service.service [req-d7a68f42-2fe3-41e0-abff-76d988a51d87 - - - - -] oslo_limit.status_code_retries = None log_opt_values /usr/lib/python3/dist-packages/oslo_config/cfg.py:2609
2025-05-22 00:36:06.461 147213 DEBUG oslo_service.service [req-d7a68f42-2fe3-41e0-abff-76d988a51d87 - - - - -] oslo_limit.status_code_retry_delay = None log_opt_values /usr/lib/python3/dist-packages/oslo_config/cfg.py:2609
2025-05-22 00:36:06.461 147213 DEBUG oslo_service.service [req-d7a68f42-2fe3-41e0-abff-76d988a51d87 - - - - -] oslo_limit.timeout = None log_opt_values /usr/lib/python3/dist-packages/oslo_config/cfg.py:2609
2025-05-22 00:36:06.462 147213 DEBUG oslo_service.service [req-d7a68f42-2fe3-41e0-abff-76d988a51d87 - - - - -] oslo_limit.valid_interfaces = None log_opt_values /usr/lib/python3/dist-packages/oslo_config/cfg.py:2609
2025-05-22 00:36:06.462 147213 DEBUG oslo_service.service [req-d7a68f42-2fe3-41e0-abff-76d988a51d87 - - - - -] oslo_limit.version = None log_opt_values /usr/lib/python3/dist-packages/oslo_config/cfg.py:2609
2025-05-22 00:36:06.462 147213 DEBUG oslo_service.service [req-d7a68f42-2fe3-41e0-abff-76d988a51d87 - - - - -] oslo_reports.file_event_handler = None log_opt_values /usr/lib/python3/dist-packages/oslo_config/cfg.py:2609
2025-05-22 00:36:06.462 147213 DEBUG oslo_service.service [req-d7a68f42-2fe3-41e0-abff-76d988a51d87 - - - - -] oslo_reports.file_event_handler_interval = 1 log_opt_values /usr/lib/python3/dist-packages/oslo_config/cfg.py:2609
2025-05-22 00:36:06.462 147213 DEBUG oslo_service.service [req-d7a68f42-2fe3-41e0-abff-76d988a51d87 - - - - -] oslo_reports.log_dir = None log_opt_values /usr/lib/python3/dist-packages/oslo_config/cfg.py:2609
2025-05-22 00:36:06.463 147213 DEBUG oslo_service.service [req-d7a68f42-2fe3-41e0-abff-76d988a51d87 - - - - -] ******************************************************************************** log_opt_values /usr/lib/python3/dist-packages/oslo_config/cfg.py:2613
2025-05-22 00:36:07.325 148222 DEBUG oslo_messaging._drivers.amqpdriver [-] AMQPListener connection timeout poll /usr/lib/python3/dist-packages/oslo_messaging/_drivers/amqpdriver.py:360
2025-05-22 00:36:07.326 148222 DEBUG oslo_messaging._drivers.amqpdriver [-] Listener is running poll /usr/lib/python3/dist-packages/oslo_messaging/_drivers/amqpdriver.py:343
2025-05-22 00:36:07.326 148222 DEBUG oslo_messaging._drivers.amqpdriver [-] AMQPListener connection consume poll /usr/lib/python3/dist-packages/oslo_messaging/_drivers/amqpdriver.py:357
2025-05-22 00:36:07.327 148227 DEBUG oslo_messaging._drivers.amqpdriver [-] AMQPListener connection timeout poll /usr/lib/python3/dist-packages/oslo_messaging/_drivers/amqpdriver.py:360
2025-05-22 00:36:07.328 148227 DEBUG oslo_messaging._drivers.amqpdriver [-] Listener is running poll /usr/lib/python3/dist-packages/oslo_messaging/_drivers/amqpdriver.py:343
2025-05-22 00:36:07.328 148227 DEBUG oslo_messaging._drivers.amqpdriver [-] AMQPListener connection consume poll /usr/lib/python3/dist-packages/oslo_messaging/_drivers/amqpdriver.py:357
2025-05-22 00:36:07.329 148228 DEBUG oslo_messaging._drivers.amqpdriver [-] AMQPListener connection timeout poll /usr/lib/python3/dist-packages/oslo_messaging/_drivers/amqpdriver.py:360
2025-05-22 00:36:07.329 148228 DEBUG oslo_messaging._drivers.amqpdriver [-] Listener is running poll /usr/lib/python3/dist-packages/oslo_messaging/_drivers/amqpdriver.py:343
2025-05-22 00:36:07.329 148228 DEBUG oslo_messaging._drivers.amqpdriver [-] AMQPListener connection consume poll /usr/lib/python3/dist-packages/oslo_messaging/_drivers/amqpdriver.py:357
2025-05-22 00:36:07.401 148229 DEBUG oslo_messaging._drivers.amqpdriver [-] AMQPListener connection timeout poll /usr/lib/python3/dist-packages/oslo_messaging/_drivers/amqpdriver.py:360
2025-05-22 00:36:07.401 148229 DEBUG oslo_messaging._drivers.amqpdriver [-] Listener is running poll /usr/lib/python3/dist-packages/oslo_messaging/_drivers/amqpdriver.py:343
2025-05-22 00:36:07.401 148229 DEBUG oslo_messaging._drivers.amqpdriver [-] AMQPListener connection consume poll /usr/lib/python3/dist-packages/oslo_messaging/_drivers/amqpdriver.py:357
2025-05-22 00:36:09.328 148222 DEBUG oslo_messaging._drivers.amqpdriver [-] AMQPListener connection timeout poll /usr/lib/python3/dist-packages/oslo_messaging/_drivers/amqpdriver.py:360
2025-05-22 00:36:09.329 148222 DEBUG oslo_messaging._drivers.amqpdriver [-] Listener is running poll /usr/lib/python3/dist-packages/oslo_messaging/_drivers/amqpdriver.py:343
2025-05-22 00:36:09.329 148222 DEBUG oslo_messaging._drivers.amqpdriver [-] AMQPListener connection consume poll /usr/lib/python3/dist-packages/oslo_messaging/_drivers/amqpdriver.py:357
2025-05-22 00:36:09.329 148227 DEBUG oslo_messaging._drivers.amqpdriver [-] AMQPListener connection timeout poll /usr/lib/python3/dist-packages/oslo_messaging/_drivers/amqpdriver.py:360
2025-05-22 00:36:09.329 148227 DEBUG oslo_messaging._drivers.amqpdriver [-] Listener is running poll /usr/lib/python3/dist-packages/oslo_messaging/_drivers/amqpdriver.py:343
2025-05-22 00:36:09.330 148227 DEBUG oslo_messaging._drivers.amqpdriver [-] AMQPListener connection consume poll /usr/lib/python3/dist-packages/oslo_messaging/_drivers/amqpdriver.py:357
2025-05-22 00:36:09.331 148228 DEBUG oslo_messaging._drivers.amqpdriver [-] AMQPListener connection timeout poll /usr/lib/python3/dist-packages/oslo_messaging/_drivers/amqpdriver.py:360
2025-05-22 00:36:09.331 148228 DEBUG oslo_messaging._drivers.amqpdriver [-] Listener is running poll /usr/lib/python3/dist-packages/oslo_messaging/_drivers/amqpdriver.py:343
2025-05-22 00:36:09.331 148228 DEBUG oslo_messaging._drivers.amqpdriver [-] AMQPListener connection consume poll /usr/lib/python3/dist-packages/oslo_messaging/_drivers/amqpdriver.py:357
2025-05-22 00:36:09.402 148229 DEBUG oslo_messaging._drivers.amqpdriver [-] AMQPListener connection timeout poll /usr/lib/python3/dist-packages/oslo_messaging/_drivers/amqpdriver.py:360
2025-05-22 00:36:09.403 148229 DEBUG oslo_messaging._drivers.amqpdriver [-] Listener is running poll /usr/lib/python3/dist-packages/oslo_messaging/_drivers/amqpdriver.py:343
2025-05-22 00:36:09.403 148229 DEBUG oslo_messaging._drivers.amqpdriver [-] AMQPListener connection consume poll /usr/lib/python3/dist-packages/oslo_messaging/_drivers/amqpdriver.py:357
2025-05-22 00:36:10.399 148229 DEBUG oslo_service.periodic_task [req-0856b258-db6b-44b1-a9b1-53311041d926 - - - - -] Running periodic task SchedulerManager._discover_hosts_in_cells run_periodic_tasks /usr/lib/python3/dist-packages/oslo_service/periodic_task.py:210
2025-05-22 00:36:10.400 148229 DEBUG oslo_db.sqlalchemy.engines [req-0856b258-db6b-44b1-a9b1-53311041d926 - - - - -] Parent process 147213 forked (148229) with an open database connection, which is being discarded and recreated. checkout /usr/lib/python3/dist-packages/oslo_db/sqlalchemy/engines.py:413
2025-05-22 00:36:10.407 148229 DEBUG oslo_concurrency.lockutils [req-0856b258-db6b-44b1-a9b1-53311041d926 - - - - -] Lock "1102e278-6633-4d90-bcbe-770b24f909f8" acquired by "nova.context.set_target_cell..get_or_set_cached_cell_and_set_connections" :: waited 0.000s inner /usr/lib/python3/dist-packages/oslo_concurrency/lockutils.py:386
2025-05-22 00:36:10.409 148229 DEBUG oslo_concurrency.lockutils [req-0856b258-db6b-44b1-a9b1-53311041d926 - - - - -] Lock "1102e278-6633-4d90-bcbe-770b24f909f8" "released" by "nova.context.set_target_cell..get_or_set_cached_cell_and_set_connections" :: held 0.002s inner /usr/lib/python3/dist-packages/oslo_concurrency/lockutils.py:400
2025-05-22 00:36:10.414 148229 DEBUG oslo_db.sqlalchemy.engines [req-0856b258-db6b-44b1-a9b1-53311041d926 - - - - -] MySQL server mode set to STRICT_TRANS_TABLES,STRICT_ALL_TABLES,NO_ZERO_IN_DATE,NO_ZERO_DATE,ERROR_FOR_DIVISION_BY_ZERO,TRADITIONAL,NO_ENGINE_SUBSTITUTION _check_effective_sql_mode /usr/lib/python3/dist-packages/oslo_db/sqlalchemy/engines.py:314
2025-05-22 00:36:13.330 148222 DEBUG oslo_messaging._drivers.amqpdriver [-] AMQPListener connection timeout poll /usr/lib/python3/dist-packages/oslo_messaging/_drivers/amqpdriver.py:360
2025-05-22 00:36:13.331 148222 DEBUG oslo_messaging._drivers.amqpdriver [-] Listener is running poll /usr/lib/python3/dist-packages/oslo_messaging/_drivers/amqpdriver.py:343
2025-05-22 00:36:13.331 148222 DEBUG oslo_messaging._drivers.amqpdriver [-] AMQPListener connection consume poll /usr/lib/python3/dist-packages/oslo_messaging/_drivers/amqpdriver.py:357
2025-05-22 00:36:13.333 148227 DEBUG oslo_messaging._drivers.amqpdriver [-] AMQPListener connection timeout poll /usr/lib/python3/dist-packages/oslo_messaging/_drivers/amqpdriver.py:360
2025-05-22 00:36:13.334 148227 DEBUG oslo_messaging._drivers.amqpdriver [-] Listener is running poll /usr/lib/python3/dist-packages/oslo_messaging/_drivers/amqpdriver.py:343
2025-05-22 00:36:13.334 148227 DEBUG oslo_messaging._drivers.amqpdriver [-] AMQPListener connection consume poll /usr/lib/python3/dist-packages/oslo_messaging/_drivers/amqpdriver.py:357
2025-05-22 00:36:13.334 148228 DEBUG oslo_messaging._drivers.amqpdriver [-] AMQPListener connection timeout poll /usr/lib/python3/dist-packages/oslo_messaging/_drivers/amqpdriver.py:360
2025-05-22 00:36:13.335 148228 DEBUG oslo_messaging._drivers.amqpdriver [-] Listener is running poll /usr/lib/python3/dist-packages/oslo_messaging/_drivers/amqpdriver.py:343
2025-05-22 00:36:13.335 148228 DEBUG oslo_messaging._drivers.amqpdriver [-] AMQPListener connection consume poll /usr/lib/python3/dist-packages/oslo_messaging/_drivers/amqpdriver.py:357
2025-05-22 00:36:13.405 148229 DEBUG oslo_messaging._drivers.amqpdriver [-] AMQPListener connection timeout poll /usr/lib/python3/dist-packages/oslo_messaging/_drivers/amqpdriver.py:360
2025-05-22 00:36:13.406 148229 DEBUG oslo_messaging._drivers.amqpdriver [-] Listener is running poll /usr/lib/python3/dist-packages/oslo_messaging/_drivers/amqpdriver.py:343
2025-05-22 00:36:13.406 148229 DEBUG oslo_messaging._drivers.amqpdriver [-] AMQPListener connection consume poll /usr/lib/python3/dist-packages/oslo_messaging/_drivers/amqpdriver.py:357
2025-05-22 00:36:21.332 148222 DEBUG oslo_messaging._drivers.amqpdriver [-] AMQPListener connection timeout poll /usr/lib/python3/dist-packages/oslo_messaging/_drivers/amqpdriver.py:360
2025-05-22 00:36:21.332 148222 DEBUG oslo_messaging._drivers.amqpdriver [-] Listener is running poll /usr/lib/python3/dist-packages/oslo_messaging/_drivers/amqpdriver.py:343
2025-05-22 00:36:21.332 148222 DEBUG oslo_messaging._drivers.amqpdriver [-] AMQPListener connection consume poll /usr/lib/python3/dist-packages/oslo_messaging/_drivers/amqpdriver.py:357
2025-05-22 00:36:21.335 148227 DEBUG oslo_messaging._drivers.amqpdriver [-] AMQPListener connection timeout poll /usr/lib/python3/dist-packages/oslo_messaging/_drivers/amqpdriver.py:360
2025-05-22 00:36:21.336 148228 DEBUG oslo_messaging._drivers.amqpdriver [-] AMQPListener connection timeout poll /usr/lib/python3/dist-packages/oslo_messaging/_drivers/amqpdriver.py:360
2025-05-22 00:36:21.336 148227 DEBUG oslo_messaging._drivers.amqpdriver [-] Listener is running poll /usr/lib/python3/dist-packages/oslo_messaging/_drivers/amqpdriver.py:343
2025-05-22 00:36:21.336 148228 DEBUG oslo_messaging._drivers.amqpdriver [-] Listener is running poll /usr/lib/python3/dist-packages/oslo_messaging/_drivers/amqpdriver.py:343
2025-05-22 00:36:21.337 148227 DEBUG oslo_messaging._drivers.amqpdriver [-] AMQPListener connection consume poll /usr/lib/python3/dist-packages/oslo_messaging/_drivers/amqpdriver.py:357
2025-05-22 00:36:21.337 148228 DEBUG oslo_messaging._drivers.amqpdriver [-] AMQPListener connection consume poll /usr/lib/python3/dist-packages/oslo_messaging/_drivers/amqpdriver.py:357
2025-05-22 00:36:21.407 148229 DEBUG oslo_messaging._drivers.amqpdriver [-] AMQPListener connection timeout poll /usr/lib/python3/dist-packages/oslo_messaging/_drivers/amqpdriver.py:360
2025-05-22 00:36:21.408 148229 DEBUG oslo_messaging._drivers.amqpdriver [-] Listener is running poll /usr/lib/python3/dist-packages/oslo_messaging/_drivers/amqpdriver.py:343
2025-05-22 00:36:21.408 148229 DEBUG oslo_messaging._drivers.amqpdriver [-] AMQPListener connection consume poll /usr/lib/python3/dist-packages/oslo_messaging/_drivers/amqpdriver.py:357
2025-05-22 00:36:31.335 148227 DEBUG oslo_service.periodic_task [req-4d829ee9-5a3c-4de7-b36b-1e8b8cab8915 - - - - -] Running periodic task SchedulerManager._discover_hosts_in_cells run_periodic_tasks /usr/lib/python3/dist-packages/oslo_service/periodic_task.py:210
2025-05-22 00:36:31.336 148227 DEBUG oslo_db.sqlalchemy.engines [req-4d829ee9-5a3c-4de7-b36b-1e8b8cab8915 - - - - -] Parent process 147213 forked (148227) with an open database connection, which is being discarded and recreated. checkout /usr/lib/python3/dist-packages/oslo_db/sqlalchemy/engines.py:413
2025-05-22 00:36:31.345 148227 DEBUG oslo_concurrency.lockutils [req-4d829ee9-5a3c-4de7-b36b-1e8b8cab8915 - - - - -] Lock "1102e278-6633-4d90-bcbe-770b24f909f8" acquired by "nova.context.set_target_cell..get_or_set_cached_cell_and_set_connections" :: waited 0.000s inner /usr/lib/python3/dist-packages/oslo_concurrency/lockutils.py:386
2025-05-22 00:36:31.346 148227 DEBUG oslo_concurrency.lockutils [req-4d829ee9-5a3c-4de7-b36b-1e8b8cab8915 - - - - -] Lock "1102e278-6633-4d90-bcbe-770b24f909f8" "released" by "nova.context.set_target_cell..get_or_set_cached_cell_and_set_connections" :: held 0.002s inner /usr/lib/python3/dist-packages/oslo_concurrency/lockutils.py:400
2025-05-22 00:36:31.352 148227 DEBUG oslo_db.sqlalchemy.engines [req-4d829ee9-5a3c-4de7-b36b-1e8b8cab8915 - - - - -] MySQL server mode set to STRICT_TRANS_TABLES,STRICT_ALL_TABLES,NO_ZERO_IN_DATE,NO_ZERO_DATE,ERROR_FOR_DIVISION_BY_ZERO,TRADITIONAL,NO_ENGINE_SUBSTITUTION _check_effective_sql_mode /usr/lib/python3/dist-packages/oslo_db/sqlalchemy/engines.py:314
2025-05-22 00:36:31.398 148227 INFO nova.scheduler.manager [req-4d829ee9-5a3c-4de7-b36b-1e8b8cab8915 - - - - -] Discovered 1 new hosts: cell1:cn-jenkins-deploy-platform-juju-os-539-1
2025-05-22 00:36:40.331 148228 DEBUG oslo_service.periodic_task [req-003e2c0d-9273-414f-b370-d6b87568ee1a - - - - -] Running periodic task SchedulerManager._discover_hosts_in_cells run_periodic_tasks /usr/lib/python3/dist-packages/oslo_service/periodic_task.py:210
2025-05-22 00:36:40.332 148228 DEBUG oslo_db.sqlalchemy.engines [req-003e2c0d-9273-414f-b370-d6b87568ee1a - - - - -] Parent process 147213 forked (148228) with an open database connection, which is being discarded and recreated. checkout /usr/lib/python3/dist-packages/oslo_db/sqlalchemy/engines.py:413
2025-05-22 00:36:40.338 148228 DEBUG oslo_concurrency.lockutils [req-003e2c0d-9273-414f-b370-d6b87568ee1a - - - - -] Lock "1102e278-6633-4d90-bcbe-770b24f909f8" acquired by "nova.context.set_target_cell..get_or_set_cached_cell_and_set_connections" :: waited 0.000s inner /usr/lib/python3/dist-packages/oslo_concurrency/lockutils.py:386
2025-05-22 00:36:40.340 148228 DEBUG oslo_concurrency.lockutils [req-003e2c0d-9273-414f-b370-d6b87568ee1a - - - - -] Lock "1102e278-6633-4d90-bcbe-770b24f909f8" "released" by "nova.context.set_target_cell..get_or_set_cached_cell_and_set_connections" :: held 0.002s inner /usr/lib/python3/dist-packages/oslo_concurrency/lockutils.py:400
2025-05-22 00:36:40.345 148228 DEBUG oslo_db.sqlalchemy.engines [req-003e2c0d-9273-414f-b370-d6b87568ee1a - - - - -] MySQL server mode set to STRICT_TRANS_TABLES,STRICT_ALL_TABLES,NO_ZERO_IN_DATE,NO_ZERO_DATE,ERROR_FOR_DIVISION_BY_ZERO,TRADITIONAL,NO_ENGINE_SUBSTITUTION _check_effective_sql_mode /usr/lib/python3/dist-packages/oslo_db/sqlalchemy/engines.py:314
2025-05-22 00:36:40.430 148229 DEBUG oslo_service.periodic_task [req-0856b258-db6b-44b1-a9b1-53311041d926 - - - - -] Running periodic task SchedulerManager._discover_hosts_in_cells run_periodic_tasks /usr/lib/python3/dist-packages/oslo_service/periodic_task.py:210
2025-05-22 00:36:40.434 148229 DEBUG oslo_concurrency.lockutils [req-6b9f8dc6-af50-496f-a19b-bd86e8e246d9 - - - - -] Lock "1102e278-6633-4d90-bcbe-770b24f909f8" acquired by "nova.context.set_target_cell..get_or_set_cached_cell_and_set_connections" :: waited 0.000s inner /usr/lib/python3/dist-packages/oslo_concurrency/lockutils.py:386
2025-05-22 00:36:40.434 148229 DEBUG oslo_concurrency.lockutils [req-6b9f8dc6-af50-496f-a19b-bd86e8e246d9 - - - - -] Lock "1102e278-6633-4d90-bcbe-770b24f909f8" "released" by "nova.context.set_target_cell..get_or_set_cached_cell_and_set_connections" :: held 0.000s inner /usr/lib/python3/dist-packages/oslo_concurrency/lockutils.py:400
2025-05-22 00:36:51.315 148228 DEBUG oslo_messaging._drivers.amqpdriver [-] AMQPListener connection timeout poll /usr/lib/python3/dist-packages/oslo_messaging/_drivers/amqpdriver.py:360
2025-05-22 00:36:51.315 148228 DEBUG oslo_messaging._drivers.amqpdriver [-] Listener is running poll /usr/lib/python3/dist-packages/oslo_messaging/_drivers/amqpdriver.py:343
2025-05-22 00:36:51.316 148228 DEBUG oslo_messaging._drivers.amqpdriver [-] AMQPListener connection consume poll /usr/lib/python3/dist-packages/oslo_messaging/_drivers/amqpdriver.py:357
2025-05-22 00:36:51.321 148222 DEBUG oslo_messaging._drivers.amqpdriver [-] AMQPListener connection timeout poll /usr/lib/python3/dist-packages/oslo_messaging/_drivers/amqpdriver.py:360
2025-05-22 00:36:51.321 148222 DEBUG oslo_messaging._drivers.amqpdriver [-] Listener is running poll /usr/lib/python3/dist-packages/oslo_messaging/_drivers/amqpdriver.py:343
2025-05-22 00:36:51.322 148222 DEBUG oslo_messaging._drivers.amqpdriver [-] AMQPListener connection consume poll /usr/lib/python3/dist-packages/oslo_messaging/_drivers/amqpdriver.py:357
2025-05-22 00:36:51.323 148227 DEBUG oslo_messaging._drivers.amqpdriver [-] AMQPListener connection timeout poll /usr/lib/python3/dist-packages/oslo_messaging/_drivers/amqpdriver.py:360
2025-05-22 00:36:51.324 148227 DEBUG oslo_messaging._drivers.amqpdriver [-] Listener is running poll /usr/lib/python3/dist-packages/oslo_messaging/_drivers/amqpdriver.py:343
2025-05-22 00:36:51.324 148227 DEBUG oslo_messaging._drivers.amqpdriver [-] AMQPListener connection consume poll /usr/lib/python3/dist-packages/oslo_messaging/_drivers/amqpdriver.py:357
2025-05-22 00:36:51.393 148229 DEBUG oslo_messaging._drivers.amqpdriver [-] AMQPListener connection timeout poll /usr/lib/python3/dist-packages/oslo_messaging/_drivers/amqpdriver.py:360
2025-05-22 00:36:51.393 148229 DEBUG oslo_messaging._drivers.amqpdriver [-] Listener is running poll /usr/lib/python3/dist-packages/oslo_messaging/_drivers/amqpdriver.py:343
2025-05-22 00:36:51.393 148229 DEBUG oslo_messaging._drivers.amqpdriver [-] AMQPListener connection consume poll /usr/lib/python3/dist-packages/oslo_messaging/_drivers/amqpdriver.py:357
2025-05-22 00:37:01.400 148227 DEBUG oslo_service.periodic_task [req-4d829ee9-5a3c-4de7-b36b-1e8b8cab8915 - - - - -] Running periodic task SchedulerManager._discover_hosts_in_cells run_periodic_tasks /usr/lib/python3/dist-packages/oslo_service/periodic_task.py:210
2025-05-22 00:37:01.403 148227 DEBUG oslo_concurrency.lockutils [req-ecd98f5c-9951-49b9-a705-a8d86d77b091 - - - - -] Lock "1102e278-6633-4d90-bcbe-770b24f909f8" acquired by "nova.context.set_target_cell..get_or_set_cached_cell_and_set_connections" :: waited 0.000s inner /usr/lib/python3/dist-packages/oslo_concurrency/lockutils.py:386
2025-05-22 00:37:01.404 148227 DEBUG oslo_concurrency.lockutils [req-ecd98f5c-9951-49b9-a705-a8d86d77b091 - - - - -] Lock "1102e278-6633-4d90-bcbe-770b24f909f8" "released" by "nova.context.set_target_cell..get_or_set_cached_cell_and_set_connections" :: held 0.000s inner /usr/lib/python3/dist-packages/oslo_concurrency/lockutils.py:400
2025-05-22 00:37:04.326 148222 DEBUG oslo_service.periodic_task [req-17a65493-35ef-43d2-8377-6a856a9bd3ad - - - - -] Running periodic task SchedulerManager._discover_hosts_in_cells run_periodic_tasks /usr/lib/python3/dist-packages/oslo_service/periodic_task.py:210
2025-05-22 00:37:04.327 148222 DEBUG oslo_db.sqlalchemy.engines [req-17a65493-35ef-43d2-8377-6a856a9bd3ad - - - - -] Parent process 147213 forked (148222) with an open database connection, which is being discarded and recreated. checkout /usr/lib/python3/dist-packages/oslo_db/sqlalchemy/engines.py:413
2025-05-22 00:37:04.332 148222 DEBUG oslo_concurrency.lockutils [req-17a65493-35ef-43d2-8377-6a856a9bd3ad - - - - -] Lock "1102e278-6633-4d90-bcbe-770b24f909f8" acquired by "nova.context.set_target_cell..get_or_set_cached_cell_and_set_connections" :: waited 0.000s inner /usr/lib/python3/dist-packages/oslo_concurrency/lockutils.py:386
2025-05-22 00:37:04.334 148222 DEBUG oslo_concurrency.lockutils [req-17a65493-35ef-43d2-8377-6a856a9bd3ad - - - - -] Lock "1102e278-6633-4d90-bcbe-770b24f909f8" "released" by "nova.context.set_target_cell..get_or_set_cached_cell_and_set_connections" :: held 0.001s inner /usr/lib/python3/dist-packages/oslo_concurrency/lockutils.py:400
2025-05-22 00:37:04.338 148222 DEBUG oslo_db.sqlalchemy.engines [req-17a65493-35ef-43d2-8377-6a856a9bd3ad - - - - -] MySQL server mode set to STRICT_TRANS_TABLES,STRICT_ALL_TABLES,NO_ZERO_IN_DATE,NO_ZERO_DATE,ERROR_FOR_DIVISION_BY_ZERO,TRADITIONAL,NO_ENGINE_SUBSTITUTION _check_effective_sql_mode /usr/lib/python3/dist-packages/oslo_db/sqlalchemy/engines.py:314
2025-05-22 00:37:10.357 148228 DEBUG oslo_service.periodic_task [req-003e2c0d-9273-414f-b370-d6b87568ee1a - - - - -] Running periodic task SchedulerManager._discover_hosts_in_cells run_periodic_tasks /usr/lib/python3/dist-packages/oslo_service/periodic_task.py:210
2025-05-22 00:37:10.361 148228 DEBUG oslo_concurrency.lockutils [req-87b92afb-aa4a-4cd4-b051-63b74c9f0c41 - - - - -] Lock "1102e278-6633-4d90-bcbe-770b24f909f8" acquired by "nova.context.set_target_cell..get_or_set_cached_cell_and_set_connections" :: waited 0.000s inner /usr/lib/python3/dist-packages/oslo_concurrency/lockutils.py:386
2025-05-22 00:37:10.361 148228 DEBUG oslo_concurrency.lockutils [req-87b92afb-aa4a-4cd4-b051-63b74c9f0c41 - - - - -] Lock "1102e278-6633-4d90-bcbe-770b24f909f8" "released" by "nova.context.set_target_cell..get_or_set_cached_cell_and_set_connections" :: held 0.000s inner /usr/lib/python3/dist-packages/oslo_concurrency/lockutils.py:400
2025-05-22 00:37:10.442 148229 DEBUG oslo_service.periodic_task [req-6b9f8dc6-af50-496f-a19b-bd86e8e246d9 - - - - -] Running periodic task SchedulerManager._discover_hosts_in_cells run_periodic_tasks /usr/lib/python3/dist-packages/oslo_service/periodic_task.py:210
2025-05-22 00:37:10.446 148229 DEBUG oslo_concurrency.lockutils [req-6fa895dd-c156-4ce9-b9f7-eb0d788cdcb0 - - - - -] Lock "1102e278-6633-4d90-bcbe-770b24f909f8" acquired by "nova.context.set_target_cell..get_or_set_cached_cell_and_set_connections" :: waited 0.000s inner /usr/lib/python3/dist-packages/oslo_concurrency/lockutils.py:386
2025-05-22 00:37:10.446 148229 DEBUG oslo_concurrency.lockutils [req-6fa895dd-c156-4ce9-b9f7-eb0d788cdcb0 - - - - -] Lock "1102e278-6633-4d90-bcbe-770b24f909f8" "released" by "nova.context.set_target_cell..get_or_set_cached_cell_and_set_connections" :: held 0.000s inner /usr/lib/python3/dist-packages/oslo_concurrency/lockutils.py:400
2025-05-22 00:37:23.319 148228 DEBUG oslo_messaging._drivers.amqpdriver [-] AMQPListener connection timeout poll /usr/lib/python3/dist-packages/oslo_messaging/_drivers/amqpdriver.py:360
2025-05-22 00:37:23.319 148228 DEBUG oslo_messaging._drivers.amqpdriver [-] Listener is running poll /usr/lib/python3/dist-packages/oslo_messaging/_drivers/amqpdriver.py:343
2025-05-22 00:37:23.319 148228 DEBUG oslo_messaging._drivers.amqpdriver [-] AMQPListener connection consume poll /usr/lib/python3/dist-packages/oslo_messaging/_drivers/amqpdriver.py:357
2025-05-22 00:37:23.325 148222 DEBUG oslo_messaging._drivers.amqpdriver [-] AMQPListener connection timeout poll /usr/lib/python3/dist-packages/oslo_messaging/_drivers/amqpdriver.py:360
2025-05-22 00:37:23.325 148222 DEBUG oslo_messaging._drivers.amqpdriver [-] Listener is running poll /usr/lib/python3/dist-packages/oslo_messaging/_drivers/amqpdriver.py:343
2025-05-22 00:37:23.325 148222 DEBUG oslo_messaging._drivers.amqpdriver [-] AMQPListener connection consume poll /usr/lib/python3/dist-packages/oslo_messaging/_drivers/amqpdriver.py:357
2025-05-22 00:37:23.326 148227 DEBUG oslo_messaging._drivers.amqpdriver [-] AMQPListener connection timeout poll /usr/lib/python3/dist-packages/oslo_messaging/_drivers/amqpdriver.py:360
2025-05-22 00:37:23.326 148227 DEBUG oslo_messaging._drivers.amqpdriver [-] Listener is running poll /usr/lib/python3/dist-packages/oslo_messaging/_drivers/amqpdriver.py:343
2025-05-22 00:37:23.327 148227 DEBUG oslo_messaging._drivers.amqpdriver [-] AMQPListener connection consume poll /usr/lib/python3/dist-packages/oslo_messaging/_drivers/amqpdriver.py:357
2025-05-22 00:37:23.396 148229 DEBUG oslo_messaging._drivers.amqpdriver [-] AMQPListener connection timeout poll /usr/lib/python3/dist-packages/oslo_messaging/_drivers/amqpdriver.py:360
2025-05-22 00:37:23.397 148229 DEBUG oslo_messaging._drivers.amqpdriver [-] Listener is running poll /usr/lib/python3/dist-packages/oslo_messaging/_drivers/amqpdriver.py:343
2025-05-22 00:37:23.397 148229 DEBUG oslo_messaging._drivers.amqpdriver [-] AMQPListener connection consume poll /usr/lib/python3/dist-packages/oslo_messaging/_drivers/amqpdriver.py:357
2025-05-22 00:37:31.408 148227 DEBUG oslo_service.periodic_task [req-ecd98f5c-9951-49b9-a705-a8d86d77b091 - - - - -] Running periodic task SchedulerManager._discover_hosts_in_cells run_periodic_tasks /usr/lib/python3/dist-packages/oslo_service/periodic_task.py:210
2025-05-22 00:37:31.411 148227 DEBUG oslo_concurrency.lockutils [req-9ce5729c-1110-4840-8f0a-57c8725d5674 - - - - -] Lock "1102e278-6633-4d90-bcbe-770b24f909f8" acquired by "nova.context.set_target_cell..get_or_set_cached_cell_and_set_connections" :: waited 0.000s inner /usr/lib/python3/dist-packages/oslo_concurrency/lockutils.py:386
2025-05-22 00:37:31.412 148227 DEBUG oslo_concurrency.lockutils [req-9ce5729c-1110-4840-8f0a-57c8725d5674 - - - - -] Lock "1102e278-6633-4d90-bcbe-770b24f909f8" "released" by "nova.context.set_target_cell..get_or_set_cached_cell_and_set_connections" :: held 0.000s inner /usr/lib/python3/dist-packages/oslo_concurrency/lockutils.py:400
2025-05-22 00:37:34.350 148222 DEBUG oslo_service.periodic_task [req-17a65493-35ef-43d2-8377-6a856a9bd3ad - - - - -] Running periodic task SchedulerManager._discover_hosts_in_cells run_periodic_tasks /usr/lib/python3/dist-packages/oslo_service/periodic_task.py:210
2025-05-22 00:37:34.354 148222 DEBUG oslo_concurrency.lockutils [req-a2b3fc19-34a7-4997-a9d0-376d4b0bf9dc - - - - -] Lock "1102e278-6633-4d90-bcbe-770b24f909f8" acquired by "nova.context.set_target_cell..get_or_set_cached_cell_and_set_connections" :: waited 0.000s inner /usr/lib/python3/dist-packages/oslo_concurrency/lockutils.py:386
2025-05-22 00:37:34.354 148222 DEBUG oslo_concurrency.lockutils [req-a2b3fc19-34a7-4997-a9d0-376d4b0bf9dc - - - - -] Lock "1102e278-6633-4d90-bcbe-770b24f909f8" "released" by "nova.context.set_target_cell..get_or_set_cached_cell_and_set_connections" :: held 0.000s inner /usr/lib/python3/dist-packages/oslo_concurrency/lockutils.py:400
2025-05-22 00:37:40.451 148229 DEBUG oslo_service.periodic_task [req-6fa895dd-c156-4ce9-b9f7-eb0d788cdcb0 - - - - -] Running periodic task SchedulerManager._discover_hosts_in_cells run_periodic_tasks /usr/lib/python3/dist-packages/oslo_service/periodic_task.py:210
2025-05-22 00:37:40.455 148229 DEBUG oslo_concurrency.lockutils [req-568ddaf2-80fb-4d61-b95e-6ef4efefbef0 - - - - -] Lock "1102e278-6633-4d90-bcbe-770b24f909f8" acquired by "nova.context.set_target_cell..get_or_set_cached_cell_and_set_connections" :: waited 0.000s inner /usr/lib/python3/dist-packages/oslo_concurrency/lockutils.py:386
2025-05-22 00:37:40.456 148229 DEBUG oslo_concurrency.lockutils [req-568ddaf2-80fb-4d61-b95e-6ef4efefbef0 - - - - -] Lock "1102e278-6633-4d90-bcbe-770b24f909f8" "released" by "nova.context.set_target_cell..get_or_set_cached_cell_and_set_connections" :: held 0.000s inner /usr/lib/python3/dist-packages/oslo_concurrency/lockutils.py:400
2025-05-22 00:37:41.332 148228 DEBUG oslo_service.periodic_task [req-87b92afb-aa4a-4cd4-b051-63b74c9f0c41 - - - - -] Running periodic task SchedulerManager._discover_hosts_in_cells run_periodic_tasks /usr/lib/python3/dist-packages/oslo_service/periodic_task.py:210
2025-05-22 00:37:41.336 148228 DEBUG oslo_concurrency.lockutils [req-d14e9e26-0c34-4f88-b083-343d0a6c132f - - - - -] Lock "1102e278-6633-4d90-bcbe-770b24f909f8" acquired by "nova.context.set_target_cell..get_or_set_cached_cell_and_set_connections" :: waited 0.000s inner /usr/lib/python3/dist-packages/oslo_concurrency/lockutils.py:386
2025-05-22 00:37:41.336 148228 DEBUG oslo_concurrency.lockutils [req-d14e9e26-0c34-4f88-b083-343d0a6c132f - - - - -] Lock "1102e278-6633-4d90-bcbe-770b24f909f8" "released" by "nova.context.set_target_cell..get_or_set_cached_cell_and_set_connections" :: held 0.000s inner /usr/lib/python3/dist-packages/oslo_concurrency/lockutils.py:400
2025-05-22 00:38:02.337 148227 DEBUG oslo_service.periodic_task [req-9ce5729c-1110-4840-8f0a-57c8725d5674 - - - - -] Running periodic task SchedulerManager._discover_hosts_in_cells run_periodic_tasks /usr/lib/python3/dist-packages/oslo_service/periodic_task.py:210
2025-05-22 00:38:02.340 148227 DEBUG oslo_concurrency.lockutils [req-0429f4f8-741d-484d-94c5-3c2ea77e5db3 - - - - -] Lock "1102e278-6633-4d90-bcbe-770b24f909f8" acquired by "nova.context.set_target_cell..get_or_set_cached_cell_and_set_connections" :: waited 0.000s inner /usr/lib/python3/dist-packages/oslo_concurrency/lockutils.py:386
2025-05-22 00:38:02.341 148227 DEBUG oslo_concurrency.lockutils [req-0429f4f8-741d-484d-94c5-3c2ea77e5db3 - - - - -] Lock "1102e278-6633-4d90-bcbe-770b24f909f8" "released" by "nova.context.set_target_cell..get_or_set_cached_cell_and_set_connections" :: held 0.000s inner /usr/lib/python3/dist-packages/oslo_concurrency/lockutils.py:400
2025-05-22 00:38:04.362 148222 DEBUG oslo_service.periodic_task [req-a2b3fc19-34a7-4997-a9d0-376d4b0bf9dc - - - - -] Running periodic task SchedulerManager._discover_hosts_in_cells run_periodic_tasks /usr/lib/python3/dist-packages/oslo_service/periodic_task.py:210
2025-05-22 00:38:04.365 148222 DEBUG oslo_concurrency.lockutils [req-31f26e0e-bf21-43e8-b21f-e0bd16641671 - - - - -] Lock "1102e278-6633-4d90-bcbe-770b24f909f8" acquired by "nova.context.set_target_cell..get_or_set_cached_cell_and_set_connections" :: waited 0.000s inner /usr/lib/python3/dist-packages/oslo_concurrency/lockutils.py:386
2025-05-22 00:38:04.366 148222 DEBUG oslo_concurrency.lockutils [req-31f26e0e-bf21-43e8-b21f-e0bd16641671 - - - - -] Lock "1102e278-6633-4d90-bcbe-770b24f909f8" "released" by "nova.context.set_target_cell..get_or_set_cached_cell_and_set_connections" :: held 0.000s inner /usr/lib/python3/dist-packages/oslo_concurrency/lockutils.py:400
2025-05-22 00:38:11.400 148229 DEBUG oslo_service.periodic_task [req-568ddaf2-80fb-4d61-b95e-6ef4efefbef0 - - - - -] Running periodic task SchedulerManager._discover_hosts_in_cells run_periodic_tasks /usr/lib/python3/dist-packages/oslo_service/periodic_task.py:210
2025-05-22 00:38:11.404 148229 DEBUG oslo_concurrency.lockutils [req-67ad6b7f-322e-4416-87b8-80246fbf350e - - - - -] Lock "1102e278-6633-4d90-bcbe-770b24f909f8" acquired by "nova.context.set_target_cell..get_or_set_cached_cell_and_set_connections" :: waited 0.000s inner /usr/lib/python3/dist-packages/oslo_concurrency/lockutils.py:386
