2025-05-22 00:35:55.096 146453 DEBUG oslo_service.service [req-203e2026-bb1c-4de4-ac40-fcb5baf43dff - - - - -] profiler.trace_sqlalchemy = False log_opt_values /usr/lib/python3/dist-packages/oslo_config/cfg.py:2609
2025-05-22 00:35:55.096 146453 DEBUG oslo_service.service [req-203e2026-bb1c-4de4-ac40-fcb5baf43dff - - - - -] remote_debug.host = None log_opt_values /usr/lib/python3/dist-packages/oslo_config/cfg.py:2609
2025-05-22 00:35:55.097 146453 DEBUG oslo_service.service [req-203e2026-bb1c-4de4-ac40-fcb5baf43dff - - - - -] remote_debug.port = None log_opt_values /usr/lib/python3/dist-packages/oslo_config/cfg.py:2609
2025-05-22 00:35:55.097 146453 DEBUG oslo_service.service [req-203e2026-bb1c-4de4-ac40-fcb5baf43dff - - - - -] oslo_messaging_rabbit.amqp_auto_delete = False log_opt_values /usr/lib/python3/dist-packages/oslo_config/cfg.py:2609
2025-05-22 00:35:55.097 146453 DEBUG oslo_service.service [req-203e2026-bb1c-4de4-ac40-fcb5baf43dff - - - - -] oslo_messaging_rabbit.amqp_durable_queues = False log_opt_values /usr/lib/python3/dist-packages/oslo_config/cfg.py:2609
2025-05-22 00:35:55.097 146453 DEBUG oslo_service.service [req-203e2026-bb1c-4de4-ac40-fcb5baf43dff - - - - -] oslo_messaging_rabbit.conn_pool_min_size = 2 log_opt_values /usr/lib/python3/dist-packages/oslo_config/cfg.py:2609
2025-05-22 00:35:55.097 146453 DEBUG oslo_service.service [req-203e2026-bb1c-4de4-ac40-fcb5baf43dff - - - - -] oslo_messaging_rabbit.conn_pool_ttl = 1200 log_opt_values /usr/lib/python3/dist-packages/oslo_config/cfg.py:2609
2025-05-22 00:35:55.098 146453 DEBUG oslo_service.service [req-203e2026-bb1c-4de4-ac40-fcb5baf43dff - - - - -] oslo_messaging_rabbit.direct_mandatory_flag = True log_opt_values /usr/lib/python3/dist-packages/oslo_config/cfg.py:2609
2025-05-22 00:35:55.098 146453 DEBUG oslo_service.service [req-203e2026-bb1c-4de4-ac40-fcb5baf43dff - - - - -] oslo_messaging_rabbit.enable_cancel_on_failover = False log_opt_values /usr/lib/python3/dist-packages/oslo_config/cfg.py:2609
2025-05-22 00:35:55.098 146453 DEBUG oslo_service.service [req-203e2026-bb1c-4de4-ac40-fcb5baf43dff - - - - -] oslo_messaging_rabbit.heartbeat_in_pthread = False log_opt_values /usr/lib/python3/dist-packages/oslo_config/cfg.py:2609
2025-05-22 00:35:55.098 146453 DEBUG oslo_service.service [req-203e2026-bb1c-4de4-ac40-fcb5baf43dff - - - - -] oslo_messaging_rabbit.heartbeat_rate = 2 log_opt_values /usr/lib/python3/dist-packages/oslo_config/cfg.py:2609
2025-05-22 00:35:55.098 146453 DEBUG oslo_service.service [req-203e2026-bb1c-4de4-ac40-fcb5baf43dff - - - - -] oslo_messaging_rabbit.heartbeat_timeout_threshold = 60 log_opt_values /usr/lib/python3/dist-packages/oslo_config/cfg.py:2609
2025-05-22 00:35:55.098 146453 DEBUG oslo_service.service [req-203e2026-bb1c-4de4-ac40-fcb5baf43dff - - - - -] oslo_messaging_rabbit.kombu_compression = None log_opt_values /usr/lib/python3/dist-packages/oslo_config/cfg.py:2609
2025-05-22 00:35:55.098 146453 DEBUG oslo_service.service [req-203e2026-bb1c-4de4-ac40-fcb5baf43dff - - - - -] oslo_messaging_rabbit.kombu_failover_strategy = round-robin log_opt_values /usr/lib/python3/dist-packages/oslo_config/cfg.py:2609
2025-05-22 00:35:55.099 146453 DEBUG oslo_service.service [req-203e2026-bb1c-4de4-ac40-fcb5baf43dff - - - - -] oslo_messaging_rabbit.kombu_missing_consumer_retry_timeout = 60 log_opt_values /usr/lib/python3/dist-packages/oslo_config/cfg.py:2609
2025-05-22 00:35:55.099 146453 DEBUG oslo_service.service [req-203e2026-bb1c-4de4-ac40-fcb5baf43dff - - - - -] oslo_messaging_rabbit.kombu_reconnect_delay = 1.0 log_opt_values /usr/lib/python3/dist-packages/oslo_config/cfg.py:2609
2025-05-22 00:35:55.099 146453 DEBUG oslo_service.service [req-203e2026-bb1c-4de4-ac40-fcb5baf43dff - - - - -] oslo_messaging_rabbit.rabbit_ha_queues = False log_opt_values /usr/lib/python3/dist-packages/oslo_config/cfg.py:2609
2025-05-22 00:35:55.099 146453 DEBUG oslo_service.service [req-203e2026-bb1c-4de4-ac40-fcb5baf43dff - - - - -] oslo_messaging_rabbit.rabbit_interval_max = 30 log_opt_values /usr/lib/python3/dist-packages/oslo_config/cfg.py:2609
2025-05-22 00:35:55.099 146453 DEBUG oslo_service.service [req-203e2026-bb1c-4de4-ac40-fcb5baf43dff - - - - -] oslo_messaging_rabbit.rabbit_login_method = AMQPLAIN log_opt_values /usr/lib/python3/dist-packages/oslo_config/cfg.py:2609
2025-05-22 00:35:55.099 146453 DEBUG oslo_service.service [req-203e2026-bb1c-4de4-ac40-fcb5baf43dff - - - - -] oslo_messaging_rabbit.rabbit_qos_prefetch_count = 0 log_opt_values /usr/lib/python3/dist-packages/oslo_config/cfg.py:2609
2025-05-22 00:35:55.100 146453 DEBUG oslo_service.service [req-203e2026-bb1c-4de4-ac40-fcb5baf43dff - - - - -] oslo_messaging_rabbit.rabbit_quorum_queue = False log_opt_values /usr/lib/python3/dist-packages/oslo_config/cfg.py:2609
2025-05-22 00:35:55.100 146453 DEBUG oslo_service.service [req-203e2026-bb1c-4de4-ac40-fcb5baf43dff - - - - -] oslo_messaging_rabbit.rabbit_retry_backoff = 2 log_opt_values /usr/lib/python3/dist-packages/oslo_config/cfg.py:2609
2025-05-22 00:35:55.100 146453 DEBUG oslo_service.service [req-203e2026-bb1c-4de4-ac40-fcb5baf43dff - - - - -] oslo_messaging_rabbit.rabbit_retry_interval = 1 log_opt_values /usr/lib/python3/dist-packages/oslo_config/cfg.py:2609
2025-05-22 00:35:55.100 146453 DEBUG oslo_service.service [req-203e2026-bb1c-4de4-ac40-fcb5baf43dff - - - - -] oslo_messaging_rabbit.rabbit_transient_queues_ttl = 1800 log_opt_values /usr/lib/python3/dist-packages/oslo_config/cfg.py:2609
2025-05-22 00:35:55.100 146453 DEBUG oslo_service.service [req-203e2026-bb1c-4de4-ac40-fcb5baf43dff - - - - -] oslo_messaging_rabbit.rpc_conn_pool_size = 30 log_opt_values /usr/lib/python3/dist-packages/oslo_config/cfg.py:2609
2025-05-22 00:35:55.100 146453 DEBUG oslo_service.service [req-203e2026-bb1c-4de4-ac40-fcb5baf43dff - - - - -] oslo_messaging_rabbit.ssl = False log_opt_values /usr/lib/python3/dist-packages/oslo_config/cfg.py:2609
2025-05-22 00:35:55.101 146453 DEBUG oslo_service.service [req-203e2026-bb1c-4de4-ac40-fcb5baf43dff - - - - -] oslo_messaging_rabbit.ssl_ca_file = log_opt_values /usr/lib/python3/dist-packages/oslo_config/cfg.py:2609
2025-05-22 00:35:55.101 146453 DEBUG oslo_service.service [req-203e2026-bb1c-4de4-ac40-fcb5baf43dff - - - - -] oslo_messaging_rabbit.ssl_cert_file = log_opt_values /usr/lib/python3/dist-packages/oslo_config/cfg.py:2609
2025-05-22 00:35:55.101 146453 DEBUG oslo_service.service [req-203e2026-bb1c-4de4-ac40-fcb5baf43dff - - - - -] oslo_messaging_rabbit.ssl_key_file = log_opt_values /usr/lib/python3/dist-packages/oslo_config/cfg.py:2609
2025-05-22 00:35:55.101 146453 DEBUG oslo_service.service [req-203e2026-bb1c-4de4-ac40-fcb5baf43dff - - - - -] oslo_messaging_rabbit.ssl_version = log_opt_values /usr/lib/python3/dist-packages/oslo_config/cfg.py:2609
2025-05-22 00:35:55.101 146453 DEBUG oslo_service.service [req-203e2026-bb1c-4de4-ac40-fcb5baf43dff - - - - -] oslo_messaging_notifications.driver = ['messagingv2'] log_opt_values /usr/lib/python3/dist-packages/oslo_config/cfg.py:2609
2025-05-22 00:35:55.101 146453 DEBUG oslo_service.service [req-203e2026-bb1c-4de4-ac40-fcb5baf43dff - - - - -] oslo_messaging_notifications.retry = -1 log_opt_values /usr/lib/python3/dist-packages/oslo_config/cfg.py:2609
2025-05-22 00:35:55.102 146453 DEBUG oslo_service.service [req-203e2026-bb1c-4de4-ac40-fcb5baf43dff - - - - -] oslo_messaging_notifications.topics = ['notifications'] log_opt_values /usr/lib/python3/dist-packages/oslo_config/cfg.py:2609
2025-05-22 00:35:55.102 146453 DEBUG oslo_service.service [req-203e2026-bb1c-4de4-ac40-fcb5baf43dff - - - - -] oslo_messaging_notifications.transport_url = **** log_opt_values /usr/lib/python3/dist-packages/oslo_config/cfg.py:2609
2025-05-22 00:35:55.102 146453 DEBUG oslo_service.service [req-203e2026-bb1c-4de4-ac40-fcb5baf43dff - - - - -] oslo_limit.auth_section = None log_opt_values /usr/lib/python3/dist-packages/oslo_config/cfg.py:2609
2025-05-22 00:35:55.102 146453 DEBUG oslo_service.service [req-203e2026-bb1c-4de4-ac40-fcb5baf43dff - - - - -] oslo_limit.auth_type = None log_opt_values /usr/lib/python3/dist-packages/oslo_config/cfg.py:2609
2025-05-22 00:35:55.102 146453 DEBUG oslo_service.service [req-203e2026-bb1c-4de4-ac40-fcb5baf43dff - - - - -] oslo_limit.cafile = None log_opt_values /usr/lib/python3/dist-packages/oslo_config/cfg.py:2609
2025-05-22 00:35:55.103 146453 DEBUG oslo_service.service [req-203e2026-bb1c-4de4-ac40-fcb5baf43dff - - - - -] oslo_limit.certfile = None log_opt_values /usr/lib/python3/dist-packages/oslo_config/cfg.py:2609
2025-05-22 00:35:55.103 146453 DEBUG oslo_service.service [req-203e2026-bb1c-4de4-ac40-fcb5baf43dff - - - - -] oslo_limit.collect_timing = False log_opt_values /usr/lib/python3/dist-packages/oslo_config/cfg.py:2609
2025-05-22 00:35:55.103 146453 DEBUG oslo_service.service [req-203e2026-bb1c-4de4-ac40-fcb5baf43dff - - - - -] oslo_limit.connect_retries = None log_opt_values /usr/lib/python3/dist-packages/oslo_config/cfg.py:2609
2025-05-22 00:35:55.103 146453 DEBUG oslo_service.service [req-203e2026-bb1c-4de4-ac40-fcb5baf43dff - - - - -] oslo_limit.connect_retry_delay = None log_opt_values /usr/lib/python3/dist-packages/oslo_config/cfg.py:2609
2025-05-22 00:35:55.103 146453 DEBUG oslo_service.service [req-203e2026-bb1c-4de4-ac40-fcb5baf43dff - - - - -] oslo_limit.endpoint_id = None log_opt_values /usr/lib/python3/dist-packages/oslo_config/cfg.py:2609
2025-05-22 00:35:55.103 146453 DEBUG oslo_service.service [req-203e2026-bb1c-4de4-ac40-fcb5baf43dff - - - - -] oslo_limit.endpoint_override = None log_opt_values /usr/lib/python3/dist-packages/oslo_config/cfg.py:2609
2025-05-22 00:35:55.103 146453 DEBUG oslo_service.service [req-203e2026-bb1c-4de4-ac40-fcb5baf43dff - - - - -] oslo_limit.insecure = False log_opt_values /usr/lib/python3/dist-packages/oslo_config/cfg.py:2609
2025-05-22 00:35:55.104 146453 DEBUG oslo_service.service [req-203e2026-bb1c-4de4-ac40-fcb5baf43dff - - - - -] oslo_limit.keyfile = None log_opt_values /usr/lib/python3/dist-packages/oslo_config/cfg.py:2609
2025-05-22 00:35:55.104 146453 DEBUG oslo_service.service [req-203e2026-bb1c-4de4-ac40-fcb5baf43dff - - - - -] oslo_limit.max_version = None log_opt_values /usr/lib/python3/dist-packages/oslo_config/cfg.py:2609
2025-05-22 00:35:55.104 146453 DEBUG oslo_service.service [req-203e2026-bb1c-4de4-ac40-fcb5baf43dff - - - - -] oslo_limit.min_version = None log_opt_values /usr/lib/python3/dist-packages/oslo_config/cfg.py:2609
2025-05-22 00:35:55.104 146453 DEBUG oslo_service.service [req-203e2026-bb1c-4de4-ac40-fcb5baf43dff - - - - -] oslo_limit.region_name = None log_opt_values /usr/lib/python3/dist-packages/oslo_config/cfg.py:2609
2025-05-22 00:35:55.104 146453 DEBUG oslo_service.service [req-203e2026-bb1c-4de4-ac40-fcb5baf43dff - - - - -] oslo_limit.service_name = None log_opt_values /usr/lib/python3/dist-packages/oslo_config/cfg.py:2609
2025-05-22 00:35:55.104 146453 DEBUG oslo_service.service [req-203e2026-bb1c-4de4-ac40-fcb5baf43dff - - - - -] oslo_limit.service_type = None log_opt_values /usr/lib/python3/dist-packages/oslo_config/cfg.py:2609
2025-05-22 00:35:55.104 146453 DEBUG oslo_service.service [req-203e2026-bb1c-4de4-ac40-fcb5baf43dff - - - - -] oslo_limit.split_loggers = False log_opt_values /usr/lib/python3/dist-packages/oslo_config/cfg.py:2609
2025-05-22 00:35:55.105 146453 DEBUG oslo_service.service [req-203e2026-bb1c-4de4-ac40-fcb5baf43dff - - - - -] oslo_limit.status_code_retries = None log_opt_values /usr/lib/python3/dist-packages/oslo_config/cfg.py:2609
2025-05-22 00:35:55.105 146453 DEBUG oslo_service.service [req-203e2026-bb1c-4de4-ac40-fcb5baf43dff - - - - -] oslo_limit.status_code_retry_delay = None log_opt_values /usr/lib/python3/dist-packages/oslo_config/cfg.py:2609
2025-05-22 00:35:55.105 146453 DEBUG oslo_service.service [req-203e2026-bb1c-4de4-ac40-fcb5baf43dff - - - - -] oslo_limit.timeout = None log_opt_values /usr/lib/python3/dist-packages/oslo_config/cfg.py:2609
2025-05-22 00:35:55.105 146453 DEBUG oslo_service.service [req-203e2026-bb1c-4de4-ac40-fcb5baf43dff - - - - -] oslo_limit.valid_interfaces = None log_opt_values /usr/lib/python3/dist-packages/oslo_config/cfg.py:2609
2025-05-22 00:35:55.105 146453 DEBUG oslo_service.service [req-203e2026-bb1c-4de4-ac40-fcb5baf43dff - - - - -] oslo_limit.version = None log_opt_values /usr/lib/python3/dist-packages/oslo_config/cfg.py:2609
2025-05-22 00:35:55.105 146453 DEBUG oslo_service.service [req-203e2026-bb1c-4de4-ac40-fcb5baf43dff - - - - -] oslo_reports.file_event_handler = None log_opt_values /usr/lib/python3/dist-packages/oslo_config/cfg.py:2609
2025-05-22 00:35:55.105 146453 DEBUG oslo_service.service [req-203e2026-bb1c-4de4-ac40-fcb5baf43dff - - - - -] oslo_reports.file_event_handler_interval = 1 log_opt_values /usr/lib/python3/dist-packages/oslo_config/cfg.py:2609
2025-05-22 00:35:55.106 146453 DEBUG oslo_service.service [req-203e2026-bb1c-4de4-ac40-fcb5baf43dff - - - - -] oslo_reports.log_dir = None log_opt_values /usr/lib/python3/dist-packages/oslo_config/cfg.py:2609
2025-05-22 00:35:55.106 146453 DEBUG oslo_service.service [req-203e2026-bb1c-4de4-ac40-fcb5baf43dff - - - - -] ******************************************************************************** log_opt_values /usr/lib/python3/dist-packages/oslo_config/cfg.py:2613
2025-05-22 00:35:55.982 147182 DEBUG oslo_messaging._drivers.amqpdriver [-] AMQPListener connection timeout poll /usr/lib/python3/dist-packages/oslo_messaging/_drivers/amqpdriver.py:360
2025-05-22 00:35:56.034 147182 DEBUG oslo_messaging._drivers.amqpdriver [-] Listener is running poll /usr/lib/python3/dist-packages/oslo_messaging/_drivers/amqpdriver.py:343
2025-05-22 00:35:56.034 147182 DEBUG oslo_messaging._drivers.amqpdriver [-] AMQPListener connection consume poll /usr/lib/python3/dist-packages/oslo_messaging/_drivers/amqpdriver.py:357
2025-05-22 00:35:55.983 147181 DEBUG oslo_messaging._drivers.amqpdriver [-] AMQPListener connection timeout poll /usr/lib/python3/dist-packages/oslo_messaging/_drivers/amqpdriver.py:360
2025-05-22 00:35:55.985 147184 DEBUG oslo_messaging._drivers.amqpdriver [-] AMQPListener connection timeout poll /usr/lib/python3/dist-packages/oslo_messaging/_drivers/amqpdriver.py:360
2025-05-22 00:35:56.027 147183 DEBUG oslo_messaging._drivers.amqpdriver [-] AMQPListener connection timeout poll /usr/lib/python3/dist-packages/oslo_messaging/_drivers/amqpdriver.py:360
2025-05-22 00:35:56.035 147183 DEBUG oslo_messaging._drivers.amqpdriver [-] Listener is running poll /usr/lib/python3/dist-packages/oslo_messaging/_drivers/amqpdriver.py:343
2025-05-22 00:35:56.035 147184 DEBUG oslo_messaging._drivers.amqpdriver [-] Listener is running poll /usr/lib/python3/dist-packages/oslo_messaging/_drivers/amqpdriver.py:343
2025-05-22 00:35:56.035 147181 DEBUG oslo_messaging._drivers.amqpdriver [-] Listener is running poll /usr/lib/python3/dist-packages/oslo_messaging/_drivers/amqpdriver.py:343
2025-05-22 00:35:56.035 147183 DEBUG oslo_messaging._drivers.amqpdriver [-] AMQPListener connection consume poll /usr/lib/python3/dist-packages/oslo_messaging/_drivers/amqpdriver.py:357
2025-05-22 00:35:56.035 147184 DEBUG oslo_messaging._drivers.amqpdriver [-] AMQPListener connection consume poll /usr/lib/python3/dist-packages/oslo_messaging/_drivers/amqpdriver.py:357
2025-05-22 00:35:56.035 147181 DEBUG oslo_messaging._drivers.amqpdriver [-] AMQPListener connection consume poll /usr/lib/python3/dist-packages/oslo_messaging/_drivers/amqpdriver.py:357
2025-05-22 00:35:58.036 147181 DEBUG oslo_messaging._drivers.amqpdriver [-] AMQPListener connection timeout poll /usr/lib/python3/dist-packages/oslo_messaging/_drivers/amqpdriver.py:360
2025-05-22 00:35:58.036 147183 DEBUG oslo_messaging._drivers.amqpdriver [-] AMQPListener connection timeout poll /usr/lib/python3/dist-packages/oslo_messaging/_drivers/amqpdriver.py:360
2025-05-22 00:35:58.036 147182 DEBUG oslo_messaging._drivers.amqpdriver [-] AMQPListener connection timeout poll /usr/lib/python3/dist-packages/oslo_messaging/_drivers/amqpdriver.py:360
2025-05-22 00:35:58.037 147181 DEBUG oslo_messaging._drivers.amqpdriver [-] Listener is running poll /usr/lib/python3/dist-packages/oslo_messaging/_drivers/amqpdriver.py:343
2025-05-22 00:35:58.037 147183 DEBUG oslo_messaging._drivers.amqpdriver [-] Listener is running poll /usr/lib/python3/dist-packages/oslo_messaging/_drivers/amqpdriver.py:343
2025-05-22 00:35:58.037 147182 DEBUG oslo_messaging._drivers.amqpdriver [-] Listener is running poll /usr/lib/python3/dist-packages/oslo_messaging/_drivers/amqpdriver.py:343
2025-05-22 00:35:58.037 147183 DEBUG oslo_messaging._drivers.amqpdriver [-] AMQPListener connection consume poll /usr/lib/python3/dist-packages/oslo_messaging/_drivers/amqpdriver.py:357
2025-05-22 00:35:58.037 147181 DEBUG oslo_messaging._drivers.amqpdriver [-] AMQPListener connection consume poll /usr/lib/python3/dist-packages/oslo_messaging/_drivers/amqpdriver.py:357
2025-05-22 00:35:58.037 147182 DEBUG oslo_messaging._drivers.amqpdriver [-] AMQPListener connection consume poll /usr/lib/python3/dist-packages/oslo_messaging/_drivers/amqpdriver.py:357
2025-05-22 00:35:58.037 147184 DEBUG oslo_messaging._drivers.amqpdriver [-] AMQPListener connection timeout poll /usr/lib/python3/dist-packages/oslo_messaging/_drivers/amqpdriver.py:360
2025-05-22 00:35:58.037 147184 DEBUG oslo_messaging._drivers.amqpdriver [-] Listener is running poll /usr/lib/python3/dist-packages/oslo_messaging/_drivers/amqpdriver.py:343
2025-05-22 00:35:58.037 147184 DEBUG oslo_messaging._drivers.amqpdriver [-] AMQPListener connection consume poll /usr/lib/python3/dist-packages/oslo_messaging/_drivers/amqpdriver.py:357
2025-05-22 00:36:02.038 147181 DEBUG oslo_messaging._drivers.amqpdriver [-] AMQPListener connection timeout poll /usr/lib/python3/dist-packages/oslo_messaging/_drivers/amqpdriver.py:360
2025-05-22 00:36:02.038 147183 DEBUG oslo_messaging._drivers.amqpdriver [-] AMQPListener connection timeout poll /usr/lib/python3/dist-packages/oslo_messaging/_drivers/amqpdriver.py:360
2025-05-22 00:36:02.038 147181 DEBUG oslo_messaging._drivers.amqpdriver [-] Listener is running poll /usr/lib/python3/dist-packages/oslo_messaging/_drivers/amqpdriver.py:343
2025-05-22 00:36:02.039 147181 DEBUG oslo_messaging._drivers.amqpdriver [-] AMQPListener connection consume poll /usr/lib/python3/dist-packages/oslo_messaging/_drivers/amqpdriver.py:357
2025-05-22 00:36:02.039 147183 DEBUG oslo_messaging._drivers.amqpdriver [-] Listener is running poll /usr/lib/python3/dist-packages/oslo_messaging/_drivers/amqpdriver.py:343
2025-05-22 00:36:02.039 147183 DEBUG oslo_messaging._drivers.amqpdriver [-] AMQPListener connection consume poll /usr/lib/python3/dist-packages/oslo_messaging/_drivers/amqpdriver.py:357
2025-05-22 00:36:02.039 147182 DEBUG oslo_messaging._drivers.amqpdriver [-] AMQPListener connection timeout poll /usr/lib/python3/dist-packages/oslo_messaging/_drivers/amqpdriver.py:360
2025-05-22 00:36:02.039 147182 DEBUG oslo_messaging._drivers.amqpdriver [-] Listener is running poll /usr/lib/python3/dist-packages/oslo_messaging/_drivers/amqpdriver.py:343
2025-05-22 00:36:02.040 147182 DEBUG oslo_messaging._drivers.amqpdriver [-] AMQPListener connection consume poll /usr/lib/python3/dist-packages/oslo_messaging/_drivers/amqpdriver.py:357
2025-05-22 00:36:02.040 147184 DEBUG oslo_messaging._drivers.amqpdriver [-] AMQPListener connection timeout poll /usr/lib/python3/dist-packages/oslo_messaging/_drivers/amqpdriver.py:360
2025-05-22 00:36:02.040 147184 DEBUG oslo_messaging._drivers.amqpdriver [-] Listener is running poll /usr/lib/python3/dist-packages/oslo_messaging/_drivers/amqpdriver.py:343
2025-05-22 00:36:02.040 147184 DEBUG oslo_messaging._drivers.amqpdriver [-] AMQPListener connection consume poll /usr/lib/python3/dist-packages/oslo_messaging/_drivers/amqpdriver.py:357
2025-05-22 00:36:02.728 146453 INFO oslo_service.service [req-203e2026-bb1c-4de4-ac40-fcb5baf43dff - - - - -] Caught SIGTERM, stopping children
2025-05-22 00:36:02.729 146453 DEBUG oslo_concurrency.lockutils [req-203e2026-bb1c-4de4-ac40-fcb5baf43dff - - - - -] Acquired lock "singleton_lock" lock /usr/lib/python3/dist-packages/oslo_concurrency/lockutils.py:294
2025-05-22 00:36:02.729 146453 DEBUG oslo_concurrency.lockutils [req-203e2026-bb1c-4de4-ac40-fcb5baf43dff - - - - -] Releasing lock "singleton_lock" lock /usr/lib/python3/dist-packages/oslo_concurrency/lockutils.py:312
2025-05-22 00:36:02.729 146453 DEBUG oslo_service.service [req-203e2026-bb1c-4de4-ac40-fcb5baf43dff - - - - -] Stop services. stop /usr/lib/python3/dist-packages/oslo_service/service.py:695
2025-05-22 00:36:02.729 146453 DEBUG oslo_service.service [req-203e2026-bb1c-4de4-ac40-fcb5baf43dff - - - - -] Killing children. stop /usr/lib/python3/dist-packages/oslo_service/service.py:700
2025-05-22 00:36:02.729 146453 INFO oslo_service.service [req-203e2026-bb1c-4de4-ac40-fcb5baf43dff - - - - -] Waiting on 4 children to exit
2025-05-22 00:36:02.734 146453 INFO oslo_service.service [req-203e2026-bb1c-4de4-ac40-fcb5baf43dff - - - - -] Child 147183 killed by signal 15
2025-05-22 00:36:02.735 146453 INFO oslo_service.service [req-203e2026-bb1c-4de4-ac40-fcb5baf43dff - - - - -] Child 147181 killed by signal 15
2025-05-22 00:36:02.735 146453 INFO oslo_service.service [req-203e2026-bb1c-4de4-ac40-fcb5baf43dff - - - - -] Child 147184 killed by signal 15
2025-05-22 00:36:02.736 146453 INFO oslo_service.service [req-203e2026-bb1c-4de4-ac40-fcb5baf43dff - - - - -] Child 147182 killed by signal 15
2025-05-22 00:36:04.350 147213 DEBUG oslo_db.sqlalchemy.engines [req-f6382b2c-ffc3-43dd-885c-2423e0a7c236 - - - - -] MySQL server mode set to STRICT_TRANS_TABLES,STRICT_ALL_TABLES,NO_ZERO_IN_DATE,NO_ZERO_DATE,ERROR_FOR_DIVISION_BY_ZERO,TRADITIONAL,NO_ENGINE_SUBSTITUTION _check_effective_sql_mode /usr/lib/python3/dist-packages/oslo_db/sqlalchemy/engines.py:314
2025-05-22 00:36:04.380 147213 DEBUG nova.scheduler.host_manager [req-f6382b2c-ffc3-43dd-885c-2423e0a7c236 - - - - -] Found 1 cells: 1102e278-6633-4d90-bcbe-770b24f909f8 refresh_cells_caches /usr/lib/python3/dist-packages/nova/scheduler/host_manager.py:730
2025-05-22 00:36:04.380 147213 DEBUG nova.scheduler.host_manager [req-f6382b2c-ffc3-43dd-885c-2423e0a7c236 - - - - -] Found 0 disabled cells: refresh_cells_caches /usr/lib/python3/dist-packages/nova/scheduler/host_manager.py:742
2025-05-22 00:36:04.385 147213 WARNING nova.scheduler.filters.availability_zone_filter [req-f6382b2c-ffc3-43dd-885c-2423e0a7c236 - - - - -] The 'AvailabilityZoneFilter' is deprecated since the 24.0.0 (Xena) release. Since the 18.0.0 (Rocky) release, nova has supported mapping AZs to placement aggregates. The feature is enabled by the 'query_placement_for_availability_zone' config option and is now enabled by default. As such, the 'AvailabilityZoneFilter' is no longer required. Nova is currently configured to use both placement and the AvailabilityZoneFilter for AZ enforcement.
2025-05-22 00:36:04.456 147213 DEBUG nova.scheduler.host_manager [req-f6382b2c-ffc3-43dd-885c-2423e0a7c236 - - - - -] START:_async_init_instance_info _async_init_instance_info /usr/lib/python3/dist-packages/nova/scheduler/host_manager.py:411
2025-05-22 00:36:04.458 147213 DEBUG oslo_concurrency.lockutils [req-00075841-5ccc-4b1a-b988-712bd0417197 - - - - -] Lock "1102e278-6633-4d90-bcbe-770b24f909f8" acquired by "nova.context.set_target_cell..get_or_set_cached_cell_and_set_connections" :: waited 0.000s inner /usr/lib/python3/dist-packages/oslo_concurrency/lockutils.py:386
2025-05-22 00:36:04.460 147213 DEBUG oslo_concurrency.lockutils [req-00075841-5ccc-4b1a-b988-712bd0417197 - - - - -] Lock "1102e278-6633-4d90-bcbe-770b24f909f8" "released" by "nova.context.set_target_cell..get_or_set_cached_cell_and_set_connections" :: held 0.001s inner /usr/lib/python3/dist-packages/oslo_concurrency/lockutils.py:400
2025-05-22 00:36:04.465 147213 DEBUG oslo_db.sqlalchemy.engines [req-00075841-5ccc-4b1a-b988-712bd0417197 - - - - -] MySQL server mode set to STRICT_TRANS_TABLES,STRICT_ALL_TABLES,NO_ZERO_IN_DATE,NO_ZERO_DATE,ERROR_FOR_DIVISION_BY_ZERO,TRADITIONAL,NO_ENGINE_SUBSTITUTION _check_effective_sql_mode /usr/lib/python3/dist-packages/oslo_db/sqlalchemy/engines.py:314
2025-05-22 00:36:04.474 147213 DEBUG nova.scheduler.host_manager [req-00075841-5ccc-4b1a-b988-712bd0417197 - - - - -] Total number of compute nodes: 0 _async_init_instance_info /usr/lib/python3/dist-packages/nova/scheduler/host_manager.py:424
2025-05-22 00:36:04.474 147213 DEBUG oslo_concurrency.lockutils [req-00075841-5ccc-4b1a-b988-712bd0417197 - - - - -] Lock "1102e278-6633-4d90-bcbe-770b24f909f8" acquired by "nova.context.set_target_cell..get_or_set_cached_cell_and_set_connections" :: waited 0.000s inner /usr/lib/python3/dist-packages/oslo_concurrency/lockutils.py:386
2025-05-22 00:36:04.475 147213 DEBUG oslo_concurrency.lockutils [req-00075841-5ccc-4b1a-b988-712bd0417197 - - - - -] Lock "1102e278-6633-4d90-bcbe-770b24f909f8" "released" by "nova.context.set_target_cell..get_or_set_cached_cell_and_set_connections" :: held 0.000s inner /usr/lib/python3/dist-packages/oslo_concurrency/lockutils.py:400
2025-05-22 00:36:04.527 147213 DEBUG nova.scheduler.host_manager [req-00075841-5ccc-4b1a-b988-712bd0417197 - - - - -] Adding 0 instances for hosts 10-20 _async_init_instance_info /usr/lib/python3/dist-packages/nova/scheduler/host_manager.py:443
2025-05-22 00:36:04.527 147213 DEBUG nova.scheduler.host_manager [req-00075841-5ccc-4b1a-b988-712bd0417197 - - - - -] END:_async_init_instance_info _async_init_instance_info /usr/lib/python3/dist-packages/nova/scheduler/host_manager.py:454
2025-05-22 00:36:06.212 147213 DEBUG nova.context [req-f6382b2c-ffc3-43dd-885c-2423e0a7c236 - - - - -] Found 2 cells: 00000000-0000-0000-0000-000000000000(cell0),1102e278-6633-4d90-bcbe-770b24f909f8(cell1) load_cells /usr/lib/python3/dist-packages/nova/context.py:464
2025-05-22 00:36:06.213 147213 DEBUG oslo_concurrency.lockutils [req-d7a68f42-2fe3-41e0-abff-76d988a51d87 - - - - -] Lock "00000000-0000-0000-0000-000000000000" acquired by "nova.context.set_target_cell..get_or_set_cached_cell_and_set_connections" :: waited 0.000s inner /usr/lib/python3/dist-packages/oslo_concurrency/lockutils.py:386
2025-05-22 00:36:06.214 147213 DEBUG oslo_concurrency.lockutils [req-d7a68f42-2fe3-41e0-abff-76d988a51d87 - - - - -] Lock "00000000-0000-0000-0000-000000000000" "released" by "nova.context.set_target_cell..get_or_set_cached_cell_and_set_connections" :: held 0.001s inner /usr/lib/python3/dist-packages/oslo_concurrency/lockutils.py:400
2025-05-22 00:36:06.214 147213 DEBUG oslo_concurrency.lockutils [req-d7a68f42-2fe3-41e0-abff-76d988a51d87 - - - - -] Lock "1102e278-6633-4d90-bcbe-770b24f909f8" acquired by "nova.context.set_target_cell..get_or_set_cached_cell_and_set_connections" :: waited 0.000s inner /usr/lib/python3/dist-packages/oslo_concurrency/lockutils.py:386
2025-05-22 00:36:06.214 147213 DEBUG oslo_concurrency.lockutils [req-d7a68f42-2fe3-41e0-abff-76d988a51d87 - - - - -] Lock "1102e278-6633-4d90-bcbe-770b24f909f8" "released" by "nova.context.set_target_cell..get_or_set_cached_cell_and_set_connections" :: held 0.000s inner /usr/lib/python3/dist-packages/oslo_concurrency/lockutils.py:400
2025-05-22 00:36:06.229 147213 DEBUG oslo_db.sqlalchemy.engines [req-d7a68f42-2fe3-41e0-abff-76d988a51d87 - - - - -] MySQL server mode set to STRICT_TRANS_TABLES,STRICT_ALL_TABLES,NO_ZERO_IN_DATE,NO_ZERO_DATE,ERROR_FOR_DIVISION_BY_ZERO,TRADITIONAL,NO_ENGINE_SUBSTITUTION _check_effective_sql_mode /usr/lib/python3/dist-packages/oslo_db/sqlalchemy/engines.py:314
2025-05-22 00:36:06.238 147213 DEBUG oslo_concurrency.lockutils [req-d7a68f42-2fe3-41e0-abff-76d988a51d87 - - - - -] Acquired lock "singleton_lock" lock /usr/lib/python3/dist-packages/oslo_concurrency/lockutils.py:294
2025-05-22 00:36:06.239 147213 DEBUG oslo_concurrency.lockutils [req-d7a68f42-2fe3-41e0-abff-76d988a51d87 - - - - -] Releasing lock "singleton_lock" lock /usr/lib/python3/dist-packages/oslo_concurrency/lockutils.py:312
2025-05-22 00:36:06.239 147213 INFO oslo_service.service [req-d7a68f42-2fe3-41e0-abff-76d988a51d87 - - - - -] Starting 4 workers
2025-05-22 00:36:06.247 148222 INFO nova.service [-] Starting scheduler node (version 25.2.1)
2025-05-22 00:36:06.243 147213 DEBUG oslo_service.service [req-d7a68f42-2fe3-41e0-abff-76d988a51d87 - - - - -] Started child 148222 _start_child /usr/lib/python3/dist-packages/oslo_service/service.py:575
2025-05-22 00:36:06.252 147213 DEBUG oslo_service.service [req-d7a68f42-2fe3-41e0-abff-76d988a51d87 - - - - -] Started child 148227 _start_child /usr/lib/python3/dist-packages/oslo_service/service.py:575
2025-05-22 00:36:06.257 147213 DEBUG oslo_service.service [req-d7a68f42-2fe3-41e0-abff-76d988a51d87 - - - - -] Started child 148228 _start_child /usr/lib/python3/dist-packages/oslo_service/service.py:575
2025-05-22 00:36:06.260 148228 INFO nova.service [-] Starting scheduler node (version 25.2.1)
2025-05-22 00:36:06.260 147213 DEBUG oslo_service.service [req-d7a68f42-2fe3-41e0-abff-76d988a51d87 - - - - -] Started child 148229 _start_child /usr/lib/python3/dist-packages/oslo_service/service.py:575
2025-05-22 00:36:06.262 147213 DEBUG oslo_service.service [req-d7a68f42-2fe3-41e0-abff-76d988a51d87 - - - - -] Full set of CONF: wait /usr/lib/python3/dist-packages/oslo_service/service.py:649
2025-05-22 00:36:06.262 147213 DEBUG oslo_service.service [req-d7a68f42-2fe3-41e0-abff-76d988a51d87 - - - - -] ******************************************************************************** log_opt_values /usr/lib/python3/dist-packages/oslo_config/cfg.py:2589
2025-05-22 00:36:06.262 147213 DEBUG oslo_service.service [req-d7a68f42-2fe3-41e0-abff-76d988a51d87 - - - - -] Configuration options gathered from: log_opt_values /usr/lib/python3/dist-packages/oslo_config/cfg.py:2590
2025-05-22 00:36:06.262 147213 DEBUG oslo_service.service [req-d7a68f42-2fe3-41e0-abff-76d988a51d87 - - - - -] command line args: ['--config-file=/etc/nova/nova.conf', '--log-file=/var/log/nova/nova-scheduler.log'] log_opt_values /usr/lib/python3/dist-packages/oslo_config/cfg.py:2591
2025-05-22 00:36:06.263 147213 DEBUG oslo_service.service [req-d7a68f42-2fe3-41e0-abff-76d988a51d87 - - - - -] config files: ['/etc/nova/nova.conf'] log_opt_values /usr/lib/python3/dist-packages/oslo_config/cfg.py:2592
2025-05-22 00:36:06.263 147213 DEBUG oslo_service.service [req-d7a68f42-2fe3-41e0-abff-76d988a51d87 - - - - -] ================================================================================ log_opt_values /usr/lib/python3/dist-packages/oslo_config/cfg.py:2594
2025-05-22 00:36:06.263 147213 DEBUG oslo_service.service [req-d7a68f42-2fe3-41e0-abff-76d988a51d87 - - - - -] allow_resize_to_same_host = False log_opt_values /usr/lib/python3/dist-packages/oslo_config/cfg.py:2602
2025-05-22 00:36:06.264 147213 DEBUG oslo_service.service [req-d7a68f42-2fe3-41e0-abff-76d988a51d87 - - - - -] arq_binding_timeout = 300 log_opt_values /usr/lib/python3/dist-packages/oslo_config/cfg.py:2602
2025-05-22 00:36:06.264 147213 DEBUG oslo_service.service [req-d7a68f42-2fe3-41e0-abff-76d988a51d87 - - - - -] block_device_allocate_retries = 60 log_opt_values /usr/lib/python3/dist-packages/oslo_config/cfg.py:2602
2025-05-22 00:36:06.264 147213 DEBUG oslo_service.service [req-d7a68f42-2fe3-41e0-abff-76d988a51d87 - - - - -] block_device_allocate_retries_interval = 3 log_opt_values /usr/lib/python3/dist-packages/oslo_config/cfg.py:2602
2025-05-22 00:36:06.264 147213 DEBUG oslo_service.service [req-d7a68f42-2fe3-41e0-abff-76d988a51d87 - - - - -] cert = self.pem log_opt_values /usr/lib/python3/dist-packages/oslo_config/cfg.py:2602
2025-05-22 00:36:06.265 147213 DEBUG oslo_service.service [req-d7a68f42-2fe3-41e0-abff-76d988a51d87 - - - - -] compute_driver = libvirt.LibvirtDriver log_opt_values /usr/lib/python3/dist-packages/oslo_config/cfg.py:2602
2025-05-22 00:36:06.264 148229 INFO nova.service [-] Starting scheduler node (version 25.2.1)
2025-05-22 00:36:06.260 148227 INFO nova.service [-] Starting scheduler node (version 25.2.1)
2025-05-22 00:36:06.266 147213 DEBUG oslo_service.service [req-d7a68f42-2fe3-41e0-abff-76d988a51d87 - - - - -] compute_monitors = [] log_opt_values /usr/lib/python3/dist-packages/oslo_config/cfg.py:2602
2025-05-22 00:36:06.266 147213 DEBUG oslo_service.service [req-d7a68f42-2fe3-41e0-abff-76d988a51d87 - - - - -] config_dir = [] log_opt_values /usr/lib/python3/dist-packages/oslo_config/cfg.py:2602
2025-05-22 00:36:06.267 147213 DEBUG oslo_service.service [req-d7a68f42-2fe3-41e0-abff-76d988a51d87 - - - - -] config_drive_format = iso9660 log_opt_values /usr/lib/python3/dist-packages/oslo_config/cfg.py:2602
2025-05-22 00:36:06.267 147213 DEBUG oslo_service.service [req-d7a68f42-2fe3-41e0-abff-76d988a51d87 - - - - -] config_file = ['/etc/nova/nova.conf'] log_opt_values /usr/lib/python3/dist-packages/oslo_config/cfg.py:2602
2025-05-22 00:36:06.267 147213 DEBUG oslo_service.service [req-d7a68f42-2fe3-41e0-abff-76d988a51d87 - - - - -] config_source = [] log_opt_values /usr/lib/python3/dist-packages/oslo_config/cfg.py:2602
2025-05-22 00:36:06.267 147213 DEBUG oslo_service.service [req-d7a68f42-2fe3-41e0-abff-76d988a51d87 - - - - -] console_host = juju-9ed82c-0-lxd-7 log_opt_values /usr/lib/python3/dist-packages/oslo_config/cfg.py:2602
2025-05-22 00:36:06.267 147213 DEBUG oslo_service.service [req-d7a68f42-2fe3-41e0-abff-76d988a51d87 - - - - -] control_exchange = nova log_opt_values /usr/lib/python3/dist-packages/oslo_config/cfg.py:2602
2025-05-22 00:36:06.268 147213 DEBUG oslo_service.service [req-d7a68f42-2fe3-41e0-abff-76d988a51d87 - - - - -] cpu_allocation_ratio = 2.0 log_opt_values /usr/lib/python3/dist-packages/oslo_config/cfg.py:2602
2025-05-22 00:36:06.268 147213 DEBUG oslo_service.service [req-d7a68f42-2fe3-41e0-abff-76d988a51d87 - - - - -] daemon = False log_opt_values /usr/lib/python3/dist-packages/oslo_config/cfg.py:2602
2025-05-22 00:36:06.268 147213 DEBUG oslo_service.service [req-d7a68f42-2fe3-41e0-abff-76d988a51d87 - - - - -] debug = True log_opt_values /usr/lib/python3/dist-packages/oslo_config/cfg.py:2602
2025-05-22 00:36:06.270 147213 DEBUG oslo_service.service [req-d7a68f42-2fe3-41e0-abff-76d988a51d87 - - - - -] default_access_ip_network_name = None log_opt_values /usr/lib/python3/dist-packages/oslo_config/cfg.py:2602
2025-05-22 00:36:06.271 147213 DEBUG oslo_service.service [req-d7a68f42-2fe3-41e0-abff-76d988a51d87 - - - - -] default_availability_zone = nova log_opt_values /usr/lib/python3/dist-packages/oslo_config/cfg.py:2602
2025-05-22 00:36:06.275 147213 DEBUG oslo_service.service [req-d7a68f42-2fe3-41e0-abff-76d988a51d87 - - - - -] default_ephemeral_format = None log_opt_values /usr/lib/python3/dist-packages/oslo_config/cfg.py:2602
2025-05-22 00:36:06.277 147213 DEBUG oslo_service.service [req-d7a68f42-2fe3-41e0-abff-76d988a51d87 - - - - -] default_log_levels = ['amqp=WARN', 'amqplib=WARN', 'boto=WARN', 'qpid=WARN', 'sqlalchemy=WARN', 'suds=INFO', 'oslo.messaging=INFO', 'oslo_messaging=DEBUG', 'iso8601=WARN', 'requests.packages.urllib3.connectionpool=WARN', 'urllib3.connectionpool=WARN', 'websocket=WARN', 'requests.packages.urllib3.util.retry=WARN', 'urllib3.util.retry=WARN', 'keystonemiddleware=WARN', 'routes.middleware=WARN', 'stevedore=WARN', 'taskflow=WARN', 'keystoneauth=WARN', 'oslo.cache=INFO', 'dogpile.core.dogpile=INFO', 'glanceclient=WARN', 'oslo.privsep.daemon=INFO'] log_opt_values /usr/lib/python3/dist-packages/oslo_config/cfg.py:2602
2025-05-22 00:36:06.277 147213 DEBUG oslo_service.service [req-d7a68f42-2fe3-41e0-abff-76d988a51d87 - - - - -] default_schedule_zone = None log_opt_values /usr/lib/python3/dist-packages/oslo_config/cfg.py:2602
2025-05-22 00:36:06.277 147213 DEBUG oslo_service.service [req-d7a68f42-2fe3-41e0-abff-76d988a51d87 - - - - -] disk_allocation_ratio = 1.0 log_opt_values /usr/lib/python3/dist-packages/oslo_config/cfg.py:2602
2025-05-22 00:36:06.277 147213 DEBUG oslo_service.service [req-d7a68f42-2fe3-41e0-abff-76d988a51d87 - - - - -] enable_new_services = True log_opt_values /usr/lib/python3/dist-packages/oslo_config/cfg.py:2602
2025-05-22 00:36:06.277 147213 DEBUG oslo_service.service [req-d7a68f42-2fe3-41e0-abff-76d988a51d87 - - - - -] enabled_apis = ['osapi_compute', 'metadata'] log_opt_values /usr/lib/python3/dist-packages/oslo_config/cfg.py:2602
2025-05-22 00:36:06.278 147213 DEBUG oslo_service.service [req-d7a68f42-2fe3-41e0-abff-76d988a51d87 - - - - -] enabled_ssl_apis = [] log_opt_values /usr/lib/python3/dist-packages/oslo_config/cfg.py:2602
2025-05-22 00:36:06.278 147213 DEBUG oslo_service.service [req-d7a68f42-2fe3-41e0-abff-76d988a51d87 - - - - -] fatal_deprecations = False log_opt_values /usr/lib/python3/dist-packages/oslo_config/cfg.py:2602
2025-05-22 00:36:06.278 147213 DEBUG oslo_service.service [req-d7a68f42-2fe3-41e0-abff-76d988a51d87 - - - - -] flat_injected = False log_opt_values /usr/lib/python3/dist-packages/oslo_config/cfg.py:2602
2025-05-22 00:36:06.278 148222 DEBUG oslo_db.sqlalchemy.engines [req-71b20ec0-5b69-462c-ba0d-d2275163f271 - - - - -] MySQL server mode set to STRICT_TRANS_TABLES,STRICT_ALL_TABLES,NO_ZERO_IN_DATE,NO_ZERO_DATE,ERROR_FOR_DIVISION_BY_ZERO,TRADITIONAL,NO_ENGINE_SUBSTITUTION _check_effective_sql_mode /usr/lib/python3/dist-packages/oslo_db/sqlalchemy/engines.py:314
2025-05-22 00:36:06.278 148228 DEBUG oslo_db.sqlalchemy.engines [req-429c164d-81b5-4a6e-b3ac-ea34c19acabf - - - - -] MySQL server mode set to STRICT_TRANS_TABLES,STRICT_ALL_TABLES,NO_ZERO_IN_DATE,NO_ZERO_DATE,ERROR_FOR_DIVISION_BY_ZERO,TRADITIONAL,NO_ENGINE_SUBSTITUTION _check_effective_sql_mode /usr/lib/python3/dist-packages/oslo_db/sqlalchemy/engines.py:314
2025-05-22 00:36:06.278 147213 DEBUG oslo_service.service [req-d7a68f42-2fe3-41e0-abff-76d988a51d87 - - - - -] force_config_drive = False log_opt_values /usr/lib/python3/dist-packages/oslo_config/cfg.py:2602
2025-05-22 00:36:06.279 147213 DEBUG oslo_service.service [req-d7a68f42-2fe3-41e0-abff-76d988a51d87 - - - - -] force_raw_images = True log_opt_values /usr/lib/python3/dist-packages/oslo_config/cfg.py:2602
2025-05-22 00:36:06.280 147213 DEBUG oslo_service.service [req-d7a68f42-2fe3-41e0-abff-76d988a51d87 - - - - -] graceful_shutdown_timeout = 60 log_opt_values /usr/lib/python3/dist-packages/oslo_config/cfg.py:2602
2025-05-22 00:36:06.280 147213 DEBUG oslo_service.service [req-d7a68f42-2fe3-41e0-abff-76d988a51d87 - - - - -] heal_instance_info_cache_interval = 60 log_opt_values /usr/lib/python3/dist-packages/oslo_config/cfg.py:2602
2025-05-22 00:36:06.283 148227 DEBUG oslo_db.sqlalchemy.engines [req-4bbb878c-be44-48b8-aaf9-f57a5c69d64c - - - - -] MySQL server mode set to STRICT_TRANS_TABLES,STRICT_ALL_TABLES,NO_ZERO_IN_DATE,NO_ZERO_DATE,ERROR_FOR_DIVISION_BY_ZERO,TRADITIONAL,NO_ENGINE_SUBSTITUTION _check_effective_sql_mode /usr/lib/python3/dist-packages/oslo_db/sqlalchemy/engines.py:314
2025-05-22 00:36:06.286 147213 DEBUG oslo_service.service [req-d7a68f42-2fe3-41e0-abff-76d988a51d87 - - - - -] host = juju-9ed82c-0-lxd-7 log_opt_values /usr/lib/python3/dist-packages/oslo_config/cfg.py:2602
2025-05-22 00:36:06.287 147213 DEBUG oslo_service.service [req-d7a68f42-2fe3-41e0-abff-76d988a51d87 - - - - -] initial_cpu_allocation_ratio = 16.0 log_opt_values /usr/lib/python3/dist-packages/oslo_config/cfg.py:2602
2025-05-22 00:36:06.287 147213 DEBUG oslo_service.service [req-d7a68f42-2fe3-41e0-abff-76d988a51d87 - - - - -] initial_disk_allocation_ratio = 1.0 log_opt_values /usr/lib/python3/dist-packages/oslo_config/cfg.py:2602
2025-05-22 00:36:06.288 147213 DEBUG oslo_service.service [req-d7a68f42-2fe3-41e0-abff-76d988a51d87 - - - - -] initial_ram_allocation_ratio = 1.5 log_opt_values /usr/lib/python3/dist-packages/oslo_config/cfg.py:2602
2025-05-22 00:36:06.288 147213 DEBUG oslo_service.service [req-d7a68f42-2fe3-41e0-abff-76d988a51d87 - - - - -] injected_network_template = /usr/lib/python3/dist-packages/nova/virt/interfaces.template log_opt_values /usr/lib/python3/dist-packages/oslo_config/cfg.py:2602
2025-05-22 00:36:06.288 147213 DEBUG oslo_service.service [req-d7a68f42-2fe3-41e0-abff-76d988a51d87 - - - - -] instance_build_timeout = 0 log_opt_values /usr/lib/python3/dist-packages/oslo_config/cfg.py:2602
2025-05-22 00:36:06.288 147213 DEBUG oslo_service.service [req-d7a68f42-2fe3-41e0-abff-76d988a51d87 - - - - -] instance_delete_interval = 300 log_opt_values /usr/lib/python3/dist-packages/oslo_config/cfg.py:2602
2025-05-22 00:36:06.288 147213 DEBUG oslo_service.service [req-d7a68f42-2fe3-41e0-abff-76d988a51d87 - - - - -] instance_format = [instance: %(uuid)s] log_opt_values /usr/lib/python3/dist-packages/oslo_config/cfg.py:2602
2025-05-22 00:36:06.289 147213 DEBUG oslo_service.service [req-d7a68f42-2fe3-41e0-abff-76d988a51d87 - - - - -] instance_name_template = instance-%08x log_opt_values /usr/lib/python3/dist-packages/oslo_config/cfg.py:2602
2025-05-22 00:36:06.290 147213 DEBUG oslo_service.service [req-d7a68f42-2fe3-41e0-abff-76d988a51d87 - - - - -] instance_usage_audit = False log_opt_values /usr/lib/python3/dist-packages/oslo_config/cfg.py:2602
2025-05-22 00:36:06.290 147213 DEBUG oslo_service.service [req-d7a68f42-2fe3-41e0-abff-76d988a51d87 - - - - -] instance_usage_audit_period = month log_opt_values /usr/lib/python3/dist-packages/oslo_config/cfg.py:2602
2025-05-22 00:36:06.290 147213 DEBUG oslo_service.service [req-d7a68f42-2fe3-41e0-abff-76d988a51d87 - - - - -] instance_uuid_format = [instance: %(uuid)s] log_opt_values /usr/lib/python3/dist-packages/oslo_config/cfg.py:2602
2025-05-22 00:36:06.290 147213 DEBUG oslo_service.service [req-d7a68f42-2fe3-41e0-abff-76d988a51d87 - - - - -] instances_path = /var/lib/nova/instances log_opt_values /usr/lib/python3/dist-packages/oslo_config/cfg.py:2602
2025-05-22 00:36:06.291 147213 DEBUG oslo_service.service [req-d7a68f42-2fe3-41e0-abff-76d988a51d87 - - - - -] internal_service_availability_zone = internal log_opt_values /usr/lib/python3/dist-packages/oslo_config/cfg.py:2602
2025-05-22 00:36:06.291 147213 DEBUG oslo_service.service [req-d7a68f42-2fe3-41e0-abff-76d988a51d87 - - - - -] key = None log_opt_values /usr/lib/python3/dist-packages/oslo_config/cfg.py:2602
2025-05-22 00:36:06.291 147213 DEBUG oslo_service.service [req-d7a68f42-2fe3-41e0-abff-76d988a51d87 - - - - -] live_migration_retry_count = 30 log_opt_values /usr/lib/python3/dist-packages/oslo_config/cfg.py:2602
2025-05-22 00:36:06.291 147213 DEBUG oslo_service.service [req-d7a68f42-2fe3-41e0-abff-76d988a51d87 - - - - -] log_config_append = None log_opt_values /usr/lib/python3/dist-packages/oslo_config/cfg.py:2602
2025-05-22 00:36:06.291 147213 DEBUG oslo_service.service [req-d7a68f42-2fe3-41e0-abff-76d988a51d87 - - - - -] log_date_format = %Y-%m-%d %H:%M:%S log_opt_values /usr/lib/python3/dist-packages/oslo_config/cfg.py:2602
2025-05-22 00:36:06.292 147213 DEBUG oslo_service.service [req-d7a68f42-2fe3-41e0-abff-76d988a51d87 - - - - -] log_dir = /var/log/nova log_opt_values /usr/lib/python3/dist-packages/oslo_config/cfg.py:2602
2025-05-22 00:36:06.292 147213 DEBUG oslo_service.service [req-d7a68f42-2fe3-41e0-abff-76d988a51d87 - - - - -] log_file = /var/log/nova/nova-scheduler.log log_opt_values /usr/lib/python3/dist-packages/oslo_config/cfg.py:2602
2025-05-22 00:36:06.292 147213 DEBUG oslo_service.service [req-d7a68f42-2fe3-41e0-abff-76d988a51d87 - - - - -] log_options = True log_opt_values /usr/lib/python3/dist-packages/oslo_config/cfg.py:2602
2025-05-22 00:36:06.295 148222 DEBUG nova.service [req-71b20ec0-5b69-462c-ba0d-d2275163f271 - - - - -] Creating RPC server for service scheduler start /usr/lib/python3/dist-packages/nova/service.py:182
2025-05-22 00:36:06.295 148228 DEBUG nova.service [req-429c164d-81b5-4a6e-b3ac-ea34c19acabf - - - - -] Creating RPC server for service scheduler start /usr/lib/python3/dist-packages/nova/service.py:182
2025-05-22 00:36:06.298 148227 DEBUG nova.service [req-4bbb878c-be44-48b8-aaf9-f57a5c69d64c - - - - -] Creating RPC server for service scheduler start /usr/lib/python3/dist-packages/nova/service.py:182
2025-05-22 00:36:06.301 148229 DEBUG oslo_db.sqlalchemy.engines [req-f40fa3df-06d4-42bf-ab81-72f4f734768d - - - - -] MySQL server mode set to STRICT_TRANS_TABLES,STRICT_ALL_TABLES,NO_ZERO_IN_DATE,NO_ZERO_DATE,ERROR_FOR_DIVISION_BY_ZERO,TRADITIONAL,NO_ENGINE_SUBSTITUTION _check_effective_sql_mode /usr/lib/python3/dist-packages/oslo_db/sqlalchemy/engines.py:314
2025-05-22 00:36:06.307 147213 DEBUG oslo_service.service [req-d7a68f42-2fe3-41e0-abff-76d988a51d87 - - - - -] log_rotate_interval = 1 log_opt_values /usr/lib/python3/dist-packages/oslo_config/cfg.py:2602
2025-05-22 00:36:06.307 147213 DEBUG oslo_service.service [req-d7a68f42-2fe3-41e0-abff-76d988a51d87 - - - - -] log_rotate_interval_type = days log_opt_values /usr/lib/python3/dist-packages/oslo_config/cfg.py:2602
2025-05-22 00:36:06.307 147213 DEBUG oslo_service.service [req-d7a68f42-2fe3-41e0-abff-76d988a51d87 - - - - -] log_rotation_type = none log_opt_values /usr/lib/python3/dist-packages/oslo_config/cfg.py:2602
2025-05-22 00:36:06.307 147213 DEBUG oslo_service.service [req-d7a68f42-2fe3-41e0-abff-76d988a51d87 - - - - -] logging_context_format_string = %(asctime)s.%(msecs)03d %(process)d %(levelname)s %(name)s [%(request_id)s %(user_identity)s] %(instance)s%(message)s log_opt_values /usr/lib/python3/dist-packages/oslo_config/cfg.py:2602
2025-05-22 00:36:06.308 147213 DEBUG oslo_service.service [req-d7a68f42-2fe3-41e0-abff-76d988a51d87 - - - - -] logging_debug_format_suffix = %(funcName)s %(pathname)s:%(lineno)d log_opt_values /usr/lib/python3/dist-packages/oslo_config/cfg.py:2602
2025-05-22 00:36:06.308 147213 DEBUG oslo_service.service [req-d7a68f42-2fe3-41e0-abff-76d988a51d87 - - - - -] logging_default_format_string = %(asctime)s.%(msecs)03d %(process)d %(levelname)s %(name)s [-] %(instance)s%(message)s log_opt_values /usr/lib/python3/dist-packages/oslo_config/cfg.py:2602
2025-05-22 00:36:06.308 147213 DEBUG oslo_service.service [req-d7a68f42-2fe3-41e0-abff-76d988a51d87 - - - - -] logging_exception_prefix = %(asctime)s.%(msecs)03d %(process)d ERROR %(name)s %(instance)s log_opt_values /usr/lib/python3/dist-packages/oslo_config/cfg.py:2602
2025-05-22 00:36:06.308 147213 DEBUG oslo_service.service [req-d7a68f42-2fe3-41e0-abff-76d988a51d87 - - - - -] logging_user_identity_format = %(user)s %(project)s %(domain)s %(user_domain)s %(project_domain)s log_opt_values /usr/lib/python3/dist-packages/oslo_config/cfg.py:2602
2025-05-22 00:36:06.308 147213 DEBUG oslo_service.service [req-d7a68f42-2fe3-41e0-abff-76d988a51d87 - - - - -] long_rpc_timeout = 1800 log_opt_values /usr/lib/python3/dist-packages/oslo_config/cfg.py:2602
2025-05-22 00:36:06.308 147213 DEBUG oslo_service.service [req-d7a68f42-2fe3-41e0-abff-76d988a51d87 - - - - -] max_concurrent_builds = 10 log_opt_values /usr/lib/python3/dist-packages/oslo_config/cfg.py:2602
2025-05-22 00:36:06.309 147213 DEBUG oslo_service.service [req-d7a68f42-2fe3-41e0-abff-76d988a51d87 - - - - -] max_concurrent_live_migrations = 1 log_opt_values /usr/lib/python3/dist-packages/oslo_config/cfg.py:2602
2025-05-22 00:36:06.309 147213 DEBUG oslo_service.service [req-d7a68f42-2fe3-41e0-abff-76d988a51d87 - - - - -] max_concurrent_snapshots = 5 log_opt_values /usr/lib/python3/dist-packages/oslo_config/cfg.py:2602
2025-05-22 00:36:06.309 147213 DEBUG oslo_service.service [req-d7a68f42-2fe3-41e0-abff-76d988a51d87 - - - - -] max_local_block_devices = 3 log_opt_values /usr/lib/python3/dist-packages/oslo_config/cfg.py:2602
2025-05-22 00:36:06.309 147213 DEBUG oslo_service.service [req-d7a68f42-2fe3-41e0-abff-76d988a51d87 - - - - -] max_logfile_count = 30 log_opt_values /usr/lib/python3/dist-packages/oslo_config/cfg.py:2602
2025-05-22 00:36:06.309 147213 DEBUG oslo_service.service [req-d7a68f42-2fe3-41e0-abff-76d988a51d87 - - - - -] max_logfile_size_mb = 200 log_opt_values /usr/lib/python3/dist-packages/oslo_config/cfg.py:2602
2025-05-22 00:36:06.309 147213 DEBUG oslo_service.service [req-d7a68f42-2fe3-41e0-abff-76d988a51d87 - - - - -] maximum_instance_delete_attempts = 5 log_opt_values /usr/lib/python3/dist-packages/oslo_config/cfg.py:2602
2025-05-22 00:36:06.309 147213 DEBUG oslo_service.service [req-d7a68f42-2fe3-41e0-abff-76d988a51d87 - - - - -] metadata_listen = 0.0.0.0 log_opt_values /usr/lib/python3/dist-packages/oslo_config/cfg.py:2602
2025-05-22 00:36:06.310 147213 DEBUG oslo_service.service [req-d7a68f42-2fe3-41e0-abff-76d988a51d87 - - - - -] metadata_listen_port = 8765 log_opt_values /usr/lib/python3/dist-packages/oslo_config/cfg.py:2602
2025-05-22 00:36:06.310 147213 DEBUG oslo_service.service [req-d7a68f42-2fe3-41e0-abff-76d988a51d87 - - - - -] metadata_workers = None log_opt_values /usr/lib/python3/dist-packages/oslo_config/cfg.py:2602
2025-05-22 00:36:06.310 147213 DEBUG oslo_service.service [req-d7a68f42-2fe3-41e0-abff-76d988a51d87 - - - - -] migrate_max_retries = -1 log_opt_values /usr/lib/python3/dist-packages/oslo_config/cfg.py:2602
2025-05-22 00:36:06.310 147213 DEBUG oslo_service.service [req-d7a68f42-2fe3-41e0-abff-76d988a51d87 - - - - -] mkisofs_cmd = genisoimage log_opt_values /usr/lib/python3/dist-packages/oslo_config/cfg.py:2602
2025-05-22 00:36:06.313 147213 DEBUG oslo_service.service [req-d7a68f42-2fe3-41e0-abff-76d988a51d87 - - - - -] my_block_storage_ip = 252.33.251.157 log_opt_values /usr/lib/python3/dist-packages/oslo_config/cfg.py:2602
2025-05-22 00:36:06.320 148222 DEBUG oslo_messaging._drivers.amqpdriver [-] Listener is running poll /usr/lib/python3/dist-packages/oslo_messaging/_drivers/amqpdriver.py:343
2025-05-22 00:36:06.321 148222 DEBUG oslo_messaging._drivers.amqpdriver [-] AMQPListener connection consume poll /usr/lib/python3/dist-packages/oslo_messaging/_drivers/amqpdriver.py:357
2025-05-22 00:36:06.322 148222 DEBUG nova.service [req-71b20ec0-5b69-462c-ba0d-d2275163f271 - - - - -] Join ServiceGroup membership for this service scheduler start /usr/lib/python3/dist-packages/nova/service.py:199
