2025-05-22 00:35:54.943 146453 DEBUG oslo_service.service [req-203e2026-bb1c-4de4-ac40-fcb5baf43dff - - - - -] shelved_poll_interval = 3600 log_opt_values /usr/lib/python3/dist-packages/oslo_config/cfg.py:2602
2025-05-22 00:35:54.943 147181 DEBUG nova.service [req-92e3e888-13d4-4ada-a774-49baab3a7539 - - - - -] Creating RPC server for service scheduler start /usr/lib/python3/dist-packages/nova/service.py:182
2025-05-22 00:35:54.944 146453 DEBUG oslo_service.service [req-203e2026-bb1c-4de4-ac40-fcb5baf43dff - - - - -] shutdown_timeout = 60 log_opt_values /usr/lib/python3/dist-packages/oslo_config/cfg.py:2602
2025-05-22 00:35:54.944 146453 DEBUG oslo_service.service [req-203e2026-bb1c-4de4-ac40-fcb5baf43dff - - - - -] source_is_ipv6 = False log_opt_values /usr/lib/python3/dist-packages/oslo_config/cfg.py:2602
2025-05-22 00:35:54.944 146453 DEBUG oslo_service.service [req-203e2026-bb1c-4de4-ac40-fcb5baf43dff - - - - -] ssl_only = False log_opt_values /usr/lib/python3/dist-packages/oslo_config/cfg.py:2602
2025-05-22 00:35:54.945 146453 DEBUG oslo_service.service [req-203e2026-bb1c-4de4-ac40-fcb5baf43dff - - - - -] state_path = /var/lib/nova log_opt_values /usr/lib/python3/dist-packages/oslo_config/cfg.py:2602
2025-05-22 00:35:54.945 146453 DEBUG oslo_service.service [req-203e2026-bb1c-4de4-ac40-fcb5baf43dff - - - - -] sync_power_state_interval = 600 log_opt_values /usr/lib/python3/dist-packages/oslo_config/cfg.py:2602
2025-05-22 00:35:54.945 146453 DEBUG oslo_service.service [req-203e2026-bb1c-4de4-ac40-fcb5baf43dff - - - - -] sync_power_state_pool_size = 1000 log_opt_values /usr/lib/python3/dist-packages/oslo_config/cfg.py:2602
2025-05-22 00:35:54.945 146453 DEBUG oslo_service.service [req-203e2026-bb1c-4de4-ac40-fcb5baf43dff - - - - -] syslog_log_facility = LOG_USER log_opt_values /usr/lib/python3/dist-packages/oslo_config/cfg.py:2602
2025-05-22 00:35:54.945 146453 DEBUG oslo_service.service [req-203e2026-bb1c-4de4-ac40-fcb5baf43dff - - - - -] tempdir = None log_opt_values /usr/lib/python3/dist-packages/oslo_config/cfg.py:2602
2025-05-22 00:35:54.946 146453 DEBUG oslo_service.service [req-203e2026-bb1c-4de4-ac40-fcb5baf43dff - - - - -] timeout_nbd = 10 log_opt_values /usr/lib/python3/dist-packages/oslo_config/cfg.py:2602
2025-05-22 00:35:54.947 146453 DEBUG oslo_service.service [req-203e2026-bb1c-4de4-ac40-fcb5baf43dff - - - - -] transport_url = **** log_opt_values /usr/lib/python3/dist-packages/oslo_config/cfg.py:2602
2025-05-22 00:35:54.947 146453 DEBUG oslo_service.service [req-203e2026-bb1c-4de4-ac40-fcb5baf43dff - - - - -] update_resources_interval = 0 log_opt_values /usr/lib/python3/dist-packages/oslo_config/cfg.py:2602
2025-05-22 00:35:54.947 146453 DEBUG oslo_service.service [req-203e2026-bb1c-4de4-ac40-fcb5baf43dff - - - - -] use_cow_images = True log_opt_values /usr/lib/python3/dist-packages/oslo_config/cfg.py:2602
2025-05-22 00:35:54.947 146453 DEBUG oslo_service.service [req-203e2026-bb1c-4de4-ac40-fcb5baf43dff - - - - -] use_eventlog = False log_opt_values /usr/lib/python3/dist-packages/oslo_config/cfg.py:2602
2025-05-22 00:35:54.948 146453 DEBUG oslo_service.service [req-203e2026-bb1c-4de4-ac40-fcb5baf43dff - - - - -] use_journal = False log_opt_values /usr/lib/python3/dist-packages/oslo_config/cfg.py:2602
2025-05-22 00:35:54.948 146453 DEBUG oslo_service.service [req-203e2026-bb1c-4de4-ac40-fcb5baf43dff - - - - -] use_json = False log_opt_values /usr/lib/python3/dist-packages/oslo_config/cfg.py:2602
2025-05-22 00:35:54.948 146453 DEBUG oslo_service.service [req-203e2026-bb1c-4de4-ac40-fcb5baf43dff - - - - -] use_rootwrap_daemon = False log_opt_values /usr/lib/python3/dist-packages/oslo_config/cfg.py:2602
2025-05-22 00:35:54.950 146453 DEBUG oslo_service.service [req-203e2026-bb1c-4de4-ac40-fcb5baf43dff - - - - -] use_stderr = False log_opt_values /usr/lib/python3/dist-packages/oslo_config/cfg.py:2602
2025-05-22 00:35:54.950 147184 DEBUG nova.service [req-9c1b85c7-ac33-4d3a-a5de-c356615960b6 - - - - -] Creating RPC server for service scheduler start /usr/lib/python3/dist-packages/nova/service.py:182
2025-05-22 00:35:54.950 146453 DEBUG oslo_service.service [req-203e2026-bb1c-4de4-ac40-fcb5baf43dff - - - - -] use_syslog = False log_opt_values /usr/lib/python3/dist-packages/oslo_config/cfg.py:2602
2025-05-22 00:35:54.950 147182 DEBUG nova.service [req-440ff167-5f67-47e2-a913-93c8b0819ce9 - - - - -] Creating RPC server for service scheduler start /usr/lib/python3/dist-packages/nova/service.py:182
2025-05-22 00:35:54.951 146453 DEBUG oslo_service.service [req-203e2026-bb1c-4de4-ac40-fcb5baf43dff - - - - -] vcpu_pin_set = None log_opt_values /usr/lib/python3/dist-packages/oslo_config/cfg.py:2602
2025-05-22 00:35:54.951 146453 DEBUG oslo_service.service [req-203e2026-bb1c-4de4-ac40-fcb5baf43dff - - - - -] vif_plugging_is_fatal = True log_opt_values /usr/lib/python3/dist-packages/oslo_config/cfg.py:2602
2025-05-22 00:35:54.951 146453 DEBUG oslo_service.service [req-203e2026-bb1c-4de4-ac40-fcb5baf43dff - - - - -] vif_plugging_timeout = 300 log_opt_values /usr/lib/python3/dist-packages/oslo_config/cfg.py:2602
2025-05-22 00:35:54.951 146453 DEBUG oslo_service.service [req-203e2026-bb1c-4de4-ac40-fcb5baf43dff - - - - -] virt_mkfs = [] log_opt_values /usr/lib/python3/dist-packages/oslo_config/cfg.py:2602
2025-05-22 00:35:54.952 146453 DEBUG oslo_service.service [req-203e2026-bb1c-4de4-ac40-fcb5baf43dff - - - - -] volume_usage_poll_interval = 0 log_opt_values /usr/lib/python3/dist-packages/oslo_config/cfg.py:2602
2025-05-22 00:35:54.952 146453 DEBUG oslo_service.service [req-203e2026-bb1c-4de4-ac40-fcb5baf43dff - - - - -] watch_log_file = False log_opt_values /usr/lib/python3/dist-packages/oslo_config/cfg.py:2602
2025-05-22 00:35:54.952 146453 DEBUG oslo_service.service [req-203e2026-bb1c-4de4-ac40-fcb5baf43dff - - - - -] web = /usr/share/spice-html5 log_opt_values /usr/lib/python3/dist-packages/oslo_config/cfg.py:2602
2025-05-22 00:35:54.953 146453 DEBUG oslo_service.service [req-203e2026-bb1c-4de4-ac40-fcb5baf43dff - - - - -] oslo_concurrency.disable_process_locking = False log_opt_values /usr/lib/python3/dist-packages/oslo_config/cfg.py:2609
2025-05-22 00:35:54.954 146453 DEBUG oslo_service.service [req-203e2026-bb1c-4de4-ac40-fcb5baf43dff - - - - -] oslo_concurrency.lock_path = /var/lock/nova log_opt_values /usr/lib/python3/dist-packages/oslo_config/cfg.py:2609
2025-05-22 00:35:54.954 146453 WARNING oslo_config.cfg [req-203e2026-bb1c-4de4-ac40-fcb5baf43dff - - - - -] Deprecated: Option "auth_strategy" from group "api" is deprecated for removal ( The only non-default choice, ``noauth2``, is for internal development and testing purposes only and should not be used in deployments. This option and its middleware, NoAuthMiddleware[V2_18], will be removed in a future release. ). Its value may be silently ignored in the future.
2025-05-22 00:35:54.955 146453 DEBUG oslo_service.service [req-203e2026-bb1c-4de4-ac40-fcb5baf43dff - - - - -] api.auth_strategy = keystone log_opt_values /usr/lib/python3/dist-packages/oslo_config/cfg.py:2609
2025-05-22 00:35:54.955 146453 DEBUG oslo_service.service [req-203e2026-bb1c-4de4-ac40-fcb5baf43dff - - - - -] api.compute_link_prefix = None log_opt_values /usr/lib/python3/dist-packages/oslo_config/cfg.py:2609
2025-05-22 00:35:54.955 146453 DEBUG oslo_service.service [req-203e2026-bb1c-4de4-ac40-fcb5baf43dff - - - - -] api.config_drive_skip_versions = 1.0 2007-01-19 2007-03-01 2007-08-29 2007-10-10 2007-12-15 2008-02-01 2008-09-01 log_opt_values /usr/lib/python3/dist-packages/oslo_config/cfg.py:2609
2025-05-22 00:35:54.955 146453 DEBUG oslo_service.service [req-203e2026-bb1c-4de4-ac40-fcb5baf43dff - - - - -] api.dhcp_domain = novalocal log_opt_values /usr/lib/python3/dist-packages/oslo_config/cfg.py:2609
2025-05-22 00:35:54.956 146453 DEBUG oslo_service.service [req-203e2026-bb1c-4de4-ac40-fcb5baf43dff - - - - -] api.enable_instance_password = True log_opt_values /usr/lib/python3/dist-packages/oslo_config/cfg.py:2609
2025-05-22 00:35:54.956 146453 DEBUG oslo_service.service [req-203e2026-bb1c-4de4-ac40-fcb5baf43dff - - - - -] api.glance_link_prefix = None log_opt_values /usr/lib/python3/dist-packages/oslo_config/cfg.py:2609
2025-05-22 00:35:54.957 146453 DEBUG oslo_service.service [req-203e2026-bb1c-4de4-ac40-fcb5baf43dff - - - - -] api.instance_list_cells_batch_fixed_size = 100 log_opt_values /usr/lib/python3/dist-packages/oslo_config/cfg.py:2609
2025-05-22 00:35:54.957 146453 DEBUG oslo_service.service [req-203e2026-bb1c-4de4-ac40-fcb5baf43dff - - - - -] api.instance_list_cells_batch_strategy = distributed log_opt_values /usr/lib/python3/dist-packages/oslo_config/cfg.py:2609
2025-05-22 00:35:54.957 146453 DEBUG oslo_service.service [req-203e2026-bb1c-4de4-ac40-fcb5baf43dff - - - - -] api.instance_list_per_project_cells = False log_opt_values /usr/lib/python3/dist-packages/oslo_config/cfg.py:2609
2025-05-22 00:35:54.958 146453 DEBUG oslo_service.service [req-203e2026-bb1c-4de4-ac40-fcb5baf43dff - - - - -] api.list_records_by_skipping_down_cells = True log_opt_values /usr/lib/python3/dist-packages/oslo_config/cfg.py:2609
2025-05-22 00:35:54.958 146453 DEBUG oslo_service.service [req-203e2026-bb1c-4de4-ac40-fcb5baf43dff - - - - -] api.local_metadata_per_cell = False log_opt_values /usr/lib/python3/dist-packages/oslo_config/cfg.py:2609
2025-05-22 00:35:54.958 146453 DEBUG oslo_service.service [req-203e2026-bb1c-4de4-ac40-fcb5baf43dff - - - - -] api.max_limit = 1000 log_opt_values /usr/lib/python3/dist-packages/oslo_config/cfg.py:2609
2025-05-22 00:35:54.958 146453 DEBUG oslo_service.service [req-203e2026-bb1c-4de4-ac40-fcb5baf43dff - - - - -] api.metadata_cache_expiration = 15 log_opt_values /usr/lib/python3/dist-packages/oslo_config/cfg.py:2609
2025-05-22 00:35:54.958 146453 DEBUG oslo_service.service [req-203e2026-bb1c-4de4-ac40-fcb5baf43dff - - - - -] api.neutron_default_tenant_id = default log_opt_values /usr/lib/python3/dist-packages/oslo_config/cfg.py:2609
2025-05-22 00:35:54.959 146453 DEBUG oslo_service.service [req-203e2026-bb1c-4de4-ac40-fcb5baf43dff - - - - -] api.use_forwarded_for = False log_opt_values /usr/lib/python3/dist-packages/oslo_config/cfg.py:2609
2025-05-22 00:35:54.959 146453 DEBUG oslo_service.service [req-203e2026-bb1c-4de4-ac40-fcb5baf43dff - - - - -] api.use_neutron_default_nets = False log_opt_values /usr/lib/python3/dist-packages/oslo_config/cfg.py:2609
2025-05-22 00:35:54.959 146453 DEBUG oslo_service.service [req-203e2026-bb1c-4de4-ac40-fcb5baf43dff - - - - -] api.vendordata_dynamic_connect_timeout = 5 log_opt_values /usr/lib/python3/dist-packages/oslo_config/cfg.py:2609
2025-05-22 00:35:54.959 146453 DEBUG oslo_service.service [req-203e2026-bb1c-4de4-ac40-fcb5baf43dff - - - - -] api.vendordata_dynamic_failure_fatal = False log_opt_values /usr/lib/python3/dist-packages/oslo_config/cfg.py:2609
2025-05-22 00:35:54.959 146453 DEBUG oslo_service.service [req-203e2026-bb1c-4de4-ac40-fcb5baf43dff - - - - -] api.vendordata_dynamic_read_timeout = 5 log_opt_values /usr/lib/python3/dist-packages/oslo_config/cfg.py:2609
2025-05-22 00:35:54.959 146453 DEBUG oslo_service.service [req-203e2026-bb1c-4de4-ac40-fcb5baf43dff - - - - -] api.vendordata_dynamic_ssl_certfile = log_opt_values /usr/lib/python3/dist-packages/oslo_config/cfg.py:2609
2025-05-22 00:35:54.960 146453 DEBUG oslo_service.service [req-203e2026-bb1c-4de4-ac40-fcb5baf43dff - - - - -] api.vendordata_dynamic_targets = [] log_opt_values /usr/lib/python3/dist-packages/oslo_config/cfg.py:2609
2025-05-22 00:35:54.960 146453 DEBUG oslo_service.service [req-203e2026-bb1c-4de4-ac40-fcb5baf43dff - - - - -] api.vendordata_jsonfile_path = None log_opt_values /usr/lib/python3/dist-packages/oslo_config/cfg.py:2609
2025-05-22 00:35:54.960 146453 DEBUG oslo_service.service [req-203e2026-bb1c-4de4-ac40-fcb5baf43dff - - - - -] api.vendordata_providers = ['StaticJSON'] log_opt_values /usr/lib/python3/dist-packages/oslo_config/cfg.py:2609
2025-05-22 00:35:54.960 146453 DEBUG oslo_service.service [req-203e2026-bb1c-4de4-ac40-fcb5baf43dff - - - - -] cache.backend = dogpile.cache.null log_opt_values /usr/lib/python3/dist-packages/oslo_config/cfg.py:2609
2025-05-22 00:35:54.961 146453 DEBUG oslo_service.service [req-203e2026-bb1c-4de4-ac40-fcb5baf43dff - - - - -] cache.backend_argument = **** log_opt_values /usr/lib/python3/dist-packages/oslo_config/cfg.py:2609
2025-05-22 00:35:54.961 146453 DEBUG oslo_service.service [req-203e2026-bb1c-4de4-ac40-fcb5baf43dff - - - - -] cache.config_prefix = cache.oslo log_opt_values /usr/lib/python3/dist-packages/oslo_config/cfg.py:2609
2025-05-22 00:35:54.961 146453 DEBUG oslo_service.service [req-203e2026-bb1c-4de4-ac40-fcb5baf43dff - - - - -] cache.debug_cache_backend = False log_opt_values /usr/lib/python3/dist-packages/oslo_config/cfg.py:2609
2025-05-22 00:35:54.961 146453 DEBUG oslo_service.service [req-203e2026-bb1c-4de4-ac40-fcb5baf43dff - - - - -] cache.enabled = False log_opt_values /usr/lib/python3/dist-packages/oslo_config/cfg.py:2609
2025-05-22 00:35:54.962 146453 DEBUG oslo_service.service [req-203e2026-bb1c-4de4-ac40-fcb5baf43dff - - - - -] cache.expiration_time = 600 log_opt_values /usr/lib/python3/dist-packages/oslo_config/cfg.py:2609
2025-05-22 00:35:54.962 146453 DEBUG oslo_service.service [req-203e2026-bb1c-4de4-ac40-fcb5baf43dff - - - - -] cache.memcache_dead_retry = 300 log_opt_values /usr/lib/python3/dist-packages/oslo_config/cfg.py:2609
2025-05-22 00:35:54.962 146453 DEBUG oslo_service.service [req-203e2026-bb1c-4de4-ac40-fcb5baf43dff - - - - -] cache.memcache_pool_connection_get_timeout = 10 log_opt_values /usr/lib/python3/dist-packages/oslo_config/cfg.py:2609
2025-05-22 00:35:54.962 146453 DEBUG oslo_service.service [req-203e2026-bb1c-4de4-ac40-fcb5baf43dff - - - - -] cache.memcache_pool_flush_on_reconnect = False log_opt_values /usr/lib/python3/dist-packages/oslo_config/cfg.py:2609
2025-05-22 00:35:54.962 146453 DEBUG oslo_service.service [req-203e2026-bb1c-4de4-ac40-fcb5baf43dff - - - - -] cache.memcache_pool_maxsize = 10 log_opt_values /usr/lib/python3/dist-packages/oslo_config/cfg.py:2609
2025-05-22 00:35:54.963 146453 DEBUG oslo_service.service [req-203e2026-bb1c-4de4-ac40-fcb5baf43dff - - - - -] cache.memcache_pool_unused_timeout = 60 log_opt_values /usr/lib/python3/dist-packages/oslo_config/cfg.py:2609
2025-05-22 00:35:54.963 146453 DEBUG oslo_service.service [req-203e2026-bb1c-4de4-ac40-fcb5baf43dff - - - - -] cache.memcache_servers = ['localhost:11211'] log_opt_values /usr/lib/python3/dist-packages/oslo_config/cfg.py:2609
2025-05-22 00:35:54.963 146453 DEBUG oslo_service.service [req-203e2026-bb1c-4de4-ac40-fcb5baf43dff - - - - -] cache.memcache_socket_timeout = 1.0 log_opt_values /usr/lib/python3/dist-packages/oslo_config/cfg.py:2609
2025-05-22 00:35:54.963 146453 DEBUG oslo_service.service [req-203e2026-bb1c-4de4-ac40-fcb5baf43dff - - - - -] cache.proxies = [] log_opt_values /usr/lib/python3/dist-packages/oslo_config/cfg.py:2609
2025-05-22 00:35:54.963 146453 DEBUG oslo_service.service [req-203e2026-bb1c-4de4-ac40-fcb5baf43dff - - - - -] cache.tls_allowed_ciphers = None log_opt_values /usr/lib/python3/dist-packages/oslo_config/cfg.py:2609
2025-05-22 00:35:54.964 146453 DEBUG oslo_service.service [req-203e2026-bb1c-4de4-ac40-fcb5baf43dff - - - - -] cache.tls_cafile = None log_opt_values /usr/lib/python3/dist-packages/oslo_config/cfg.py:2609
2025-05-22 00:35:54.965 146453 DEBUG oslo_service.service [req-203e2026-bb1c-4de4-ac40-fcb5baf43dff - - - - -] cache.tls_certfile = None log_opt_values /usr/lib/python3/dist-packages/oslo_config/cfg.py:2609
2025-05-22 00:35:54.965 146453 DEBUG oslo_service.service [req-203e2026-bb1c-4de4-ac40-fcb5baf43dff - - - - -] cache.tls_enabled = False log_opt_values /usr/lib/python3/dist-packages/oslo_config/cfg.py:2609
2025-05-22 00:35:54.965 146453 DEBUG oslo_service.service [req-203e2026-bb1c-4de4-ac40-fcb5baf43dff - - - - -] cache.tls_keyfile = None log_opt_values /usr/lib/python3/dist-packages/oslo_config/cfg.py:2609
2025-05-22 00:35:54.965 146453 DEBUG oslo_service.service [req-203e2026-bb1c-4de4-ac40-fcb5baf43dff - - - - -] cinder.auth_section = None log_opt_values /usr/lib/python3/dist-packages/oslo_config/cfg.py:2609
2025-05-22 00:35:54.965 146453 DEBUG oslo_service.service [req-203e2026-bb1c-4de4-ac40-fcb5baf43dff - - - - -] cinder.auth_type = None log_opt_values /usr/lib/python3/dist-packages/oslo_config/cfg.py:2609
2025-05-22 00:35:54.966 146453 DEBUG oslo_service.service [req-203e2026-bb1c-4de4-ac40-fcb5baf43dff - - - - -] cinder.cafile = None log_opt_values /usr/lib/python3/dist-packages/oslo_config/cfg.py:2609
2025-05-22 00:35:54.966 146453 DEBUG oslo_service.service [req-203e2026-bb1c-4de4-ac40-fcb5baf43dff - - - - -] cinder.catalog_info = volumev3::publicURL log_opt_values /usr/lib/python3/dist-packages/oslo_config/cfg.py:2609
2025-05-22 00:35:54.966 146453 DEBUG oslo_service.service [req-203e2026-bb1c-4de4-ac40-fcb5baf43dff - - - - -] cinder.certfile = None log_opt_values /usr/lib/python3/dist-packages/oslo_config/cfg.py:2609
2025-05-22 00:35:54.966 146453 DEBUG oslo_service.service [req-203e2026-bb1c-4de4-ac40-fcb5baf43dff - - - - -] cinder.collect_timing = False log_opt_values /usr/lib/python3/dist-packages/oslo_config/cfg.py:2609
2025-05-22 00:35:54.967 146453 DEBUG oslo_service.service [req-203e2026-bb1c-4de4-ac40-fcb5baf43dff - - - - -] cinder.cross_az_attach = True log_opt_values /usr/lib/python3/dist-packages/oslo_config/cfg.py:2609
2025-05-22 00:35:54.967 146453 DEBUG oslo_service.service [req-203e2026-bb1c-4de4-ac40-fcb5baf43dff - - - - -] cinder.debug = False log_opt_values /usr/lib/python3/dist-packages/oslo_config/cfg.py:2609
2025-05-22 00:35:54.967 146453 DEBUG oslo_service.service [req-203e2026-bb1c-4de4-ac40-fcb5baf43dff - - - - -] cinder.endpoint_template = None log_opt_values /usr/lib/python3/dist-packages/oslo_config/cfg.py:2609
2025-05-22 00:35:54.967 146453 DEBUG oslo_service.service [req-203e2026-bb1c-4de4-ac40-fcb5baf43dff - - - - -] cinder.http_retries = 3 log_opt_values /usr/lib/python3/dist-packages/oslo_config/cfg.py:2609
2025-05-22 00:35:54.968 146453 DEBUG oslo_service.service [req-203e2026-bb1c-4de4-ac40-fcb5baf43dff - - - - -] cinder.insecure = False log_opt_values /usr/lib/python3/dist-packages/oslo_config/cfg.py:2609
2025-05-22 00:35:54.968 146453 DEBUG oslo_service.service [req-203e2026-bb1c-4de4-ac40-fcb5baf43dff - - - - -] cinder.keyfile = None log_opt_values /usr/lib/python3/dist-packages/oslo_config/cfg.py:2609
2025-05-22 00:35:54.968 146453 DEBUG oslo_service.service [req-203e2026-bb1c-4de4-ac40-fcb5baf43dff - - - - -] cinder.os_region_name = None log_opt_values /usr/lib/python3/dist-packages/oslo_config/cfg.py:2609
2025-05-22 00:35:54.968 146453 DEBUG oslo_service.service [req-203e2026-bb1c-4de4-ac40-fcb5baf43dff - - - - -] cinder.split_loggers = False log_opt_values /usr/lib/python3/dist-packages/oslo_config/cfg.py:2609
2025-05-22 00:35:54.968 146453 DEBUG oslo_service.service [req-203e2026-bb1c-4de4-ac40-fcb5baf43dff - - - - -] cinder.timeout = None log_opt_values /usr/lib/python3/dist-packages/oslo_config/cfg.py:2609
2025-05-22 00:35:54.969 146453 DEBUG oslo_service.service [req-203e2026-bb1c-4de4-ac40-fcb5baf43dff - - - - -] compute.consecutive_build_service_disable_threshold = 10 log_opt_values /usr/lib/python3/dist-packages/oslo_config/cfg.py:2609
2025-05-22 00:35:54.969 146453 DEBUG oslo_service.service [req-203e2026-bb1c-4de4-ac40-fcb5baf43dff - - - - -] compute.cpu_dedicated_set = None log_opt_values /usr/lib/python3/dist-packages/oslo_config/cfg.py:2609
2025-05-22 00:35:54.969 146453 DEBUG oslo_service.service [req-203e2026-bb1c-4de4-ac40-fcb5baf43dff - - - - -] compute.cpu_shared_set = None log_opt_values /usr/lib/python3/dist-packages/oslo_config/cfg.py:2609
2025-05-22 00:35:54.969 146453 DEBUG oslo_service.service [req-203e2026-bb1c-4de4-ac40-fcb5baf43dff - - - - -] compute.image_type_exclude_list = [] log_opt_values /usr/lib/python3/dist-packages/oslo_config/cfg.py:2609
2025-05-22 00:35:54.969 146453 DEBUG oslo_service.service [req-203e2026-bb1c-4de4-ac40-fcb5baf43dff - - - - -] compute.live_migration_wait_for_vif_plug = True log_opt_values /usr/lib/python3/dist-packages/oslo_config/cfg.py:2609
2025-05-22 00:35:54.969 146453 DEBUG oslo_service.service [req-203e2026-bb1c-4de4-ac40-fcb5baf43dff - - - - -] compute.max_concurrent_disk_ops = 0 log_opt_values /usr/lib/python3/dist-packages/oslo_config/cfg.py:2609
2025-05-22 00:35:54.969 146453 DEBUG oslo_service.service [req-203e2026-bb1c-4de4-ac40-fcb5baf43dff - - - - -] compute.max_disk_devices_to_attach = -1 log_opt_values /usr/lib/python3/dist-packages/oslo_config/cfg.py:2609
2025-05-22 00:35:54.970 146453 DEBUG oslo_service.service [req-203e2026-bb1c-4de4-ac40-fcb5baf43dff - - - - -] compute.packing_host_numa_cells_allocation_strategy = True log_opt_values /usr/lib/python3/dist-packages/oslo_config/cfg.py:2609
2025-05-22 00:35:54.970 146453 DEBUG oslo_service.service [req-203e2026-bb1c-4de4-ac40-fcb5baf43dff - - - - -] compute.provider_config_location = /etc/nova/provider_config/ log_opt_values /usr/lib/python3/dist-packages/oslo_config/cfg.py:2609
2025-05-22 00:35:54.970 146453 DEBUG oslo_service.service [req-203e2026-bb1c-4de4-ac40-fcb5baf43dff - - - - -] compute.resource_provider_association_refresh = 300 log_opt_values /usr/lib/python3/dist-packages/oslo_config/cfg.py:2609
2025-05-22 00:35:54.970 146453 DEBUG oslo_service.service [req-203e2026-bb1c-4de4-ac40-fcb5baf43dff - - - - -] compute.shutdown_retry_interval = 10 log_opt_values /usr/lib/python3/dist-packages/oslo_config/cfg.py:2609
2025-05-22 00:35:54.970 146453 DEBUG oslo_service.service [req-203e2026-bb1c-4de4-ac40-fcb5baf43dff - - - - -] compute.vmdk_allowed_types = ['streamOptimized', 'monolithicSparse'] log_opt_values /usr/lib/python3/dist-packages/oslo_config/cfg.py:2609
2025-05-22 00:35:54.971 146453 DEBUG oslo_service.service [req-203e2026-bb1c-4de4-ac40-fcb5baf43dff - - - - -] conductor.workers = 4 log_opt_values /usr/lib/python3/dist-packages/oslo_config/cfg.py:2609
2025-05-22 00:35:54.971 146453 DEBUG oslo_service.service [req-203e2026-bb1c-4de4-ac40-fcb5baf43dff - - - - -] console.allowed_origins = [] log_opt_values /usr/lib/python3/dist-packages/oslo_config/cfg.py:2609
2025-05-22 00:35:54.971 146453 DEBUG oslo_service.service [req-203e2026-bb1c-4de4-ac40-fcb5baf43dff - - - - -] console.ssl_ciphers = None log_opt_values /usr/lib/python3/dist-packages/oslo_config/cfg.py:2609
2025-05-22 00:35:54.971 146453 DEBUG oslo_service.service [req-203e2026-bb1c-4de4-ac40-fcb5baf43dff - - - - -] console.ssl_minimum_version = default log_opt_values /usr/lib/python3/dist-packages/oslo_config/cfg.py:2609
2025-05-22 00:35:54.972 146453 DEBUG oslo_service.service [req-203e2026-bb1c-4de4-ac40-fcb5baf43dff - - - - -] consoleauth.token_ttl = 600 log_opt_values /usr/lib/python3/dist-packages/oslo_config/cfg.py:2609
2025-05-22 00:35:54.973 146453 DEBUG oslo_service.service [req-203e2026-bb1c-4de4-ac40-fcb5baf43dff - - - - -] cyborg.cafile = None log_opt_values /usr/lib/python3/dist-packages/oslo_config/cfg.py:2609
2025-05-22 00:35:54.973 146453 DEBUG oslo_service.service [req-203e2026-bb1c-4de4-ac40-fcb5baf43dff - - - - -] cyborg.certfile = None log_opt_values /usr/lib/python3/dist-packages/oslo_config/cfg.py:2609
2025-05-22 00:35:54.973 146453 DEBUG oslo_service.service [req-203e2026-bb1c-4de4-ac40-fcb5baf43dff - - - - -] cyborg.collect_timing = False log_opt_values /usr/lib/python3/dist-packages/oslo_config/cfg.py:2609
2025-05-22 00:35:54.973 146453 DEBUG oslo_service.service [req-203e2026-bb1c-4de4-ac40-fcb5baf43dff - - - - -] cyborg.connect_retries = None log_opt_values /usr/lib/python3/dist-packages/oslo_config/cfg.py:2609
2025-05-22 00:35:54.973 146453 DEBUG oslo_service.service [req-203e2026-bb1c-4de4-ac40-fcb5baf43dff - - - - -] cyborg.connect_retry_delay = None log_opt_values /usr/lib/python3/dist-packages/oslo_config/cfg.py:2609
2025-05-22 00:35:54.974 146453 DEBUG oslo_service.service [req-203e2026-bb1c-4de4-ac40-fcb5baf43dff - - - - -] cyborg.endpoint_override = None log_opt_values /usr/lib/python3/dist-packages/oslo_config/cfg.py:2609
2025-05-22 00:35:54.974 146453 DEBUG oslo_service.service [req-203e2026-bb1c-4de4-ac40-fcb5baf43dff - - - - -] cyborg.insecure = False log_opt_values /usr/lib/python3/dist-packages/oslo_config/cfg.py:2609
2025-05-22 00:35:54.974 146453 DEBUG oslo_service.service [req-203e2026-bb1c-4de4-ac40-fcb5baf43dff - - - - -] cyborg.keyfile = None log_opt_values /usr/lib/python3/dist-packages/oslo_config/cfg.py:2609
2025-05-22 00:35:54.974 146453 DEBUG oslo_service.service [req-203e2026-bb1c-4de4-ac40-fcb5baf43dff - - - - -] cyborg.max_version = None log_opt_values /usr/lib/python3/dist-packages/oslo_config/cfg.py:2609
2025-05-22 00:35:54.975 146453 DEBUG oslo_service.service [req-203e2026-bb1c-4de4-ac40-fcb5baf43dff - - - - -] cyborg.min_version = None log_opt_values /usr/lib/python3/dist-packages/oslo_config/cfg.py:2609
2025-05-22 00:35:54.975 146453 DEBUG oslo_service.service [req-203e2026-bb1c-4de4-ac40-fcb5baf43dff - - - - -] cyborg.region_name = None log_opt_values /usr/lib/python3/dist-packages/oslo_config/cfg.py:2609
2025-05-22 00:35:54.975 146453 DEBUG oslo_service.service [req-203e2026-bb1c-4de4-ac40-fcb5baf43dff - - - - -] cyborg.service_name = None log_opt_values /usr/lib/python3/dist-packages/oslo_config/cfg.py:2609
2025-05-22 00:35:54.976 146453 DEBUG oslo_service.service [req-203e2026-bb1c-4de4-ac40-fcb5baf43dff - - - - -] cyborg.service_type = accelerator log_opt_values /usr/lib/python3/dist-packages/oslo_config/cfg.py:2609
2025-05-22 00:35:54.976 146453 DEBUG oslo_service.service [req-203e2026-bb1c-4de4-ac40-fcb5baf43dff - - - - -] cyborg.split_loggers = False log_opt_values /usr/lib/python3/dist-packages/oslo_config/cfg.py:2609
2025-05-22 00:35:54.976 146453 DEBUG oslo_service.service [req-203e2026-bb1c-4de4-ac40-fcb5baf43dff - - - - -] cyborg.status_code_retries = None log_opt_values /usr/lib/python3/dist-packages/oslo_config/cfg.py:2609
2025-05-22 00:35:54.976 146453 DEBUG oslo_service.service [req-203e2026-bb1c-4de4-ac40-fcb5baf43dff - - - - -] cyborg.status_code_retry_delay = None log_opt_values /usr/lib/python3/dist-packages/oslo_config/cfg.py:2609
2025-05-22 00:35:54.976 146453 DEBUG oslo_service.service [req-203e2026-bb1c-4de4-ac40-fcb5baf43dff - - - - -] cyborg.timeout = None log_opt_values /usr/lib/python3/dist-packages/oslo_config/cfg.py:2609
2025-05-22 00:35:54.976 146453 DEBUG oslo_service.service [req-203e2026-bb1c-4de4-ac40-fcb5baf43dff - - - - -] cyborg.valid_interfaces = ['internal', 'public'] log_opt_values /usr/lib/python3/dist-packages/oslo_config/cfg.py:2609
2025-05-22 00:35:54.977 146453 DEBUG oslo_service.service [req-203e2026-bb1c-4de4-ac40-fcb5baf43dff - - - - -] cyborg.version = None log_opt_values /usr/lib/python3/dist-packages/oslo_config/cfg.py:2609
2025-05-22 00:35:54.977 146453 DEBUG oslo_service.service [req-203e2026-bb1c-4de4-ac40-fcb5baf43dff - - - - -] database.backend = sqlalchemy log_opt_values /usr/lib/python3/dist-packages/oslo_config/cfg.py:2609
2025-05-22 00:35:54.977 146453 DEBUG oslo_service.service [req-203e2026-bb1c-4de4-ac40-fcb5baf43dff - - - - -] database.connection = **** log_opt_values /usr/lib/python3/dist-packages/oslo_config/cfg.py:2609
2025-05-22 00:35:54.977 147182 DEBUG oslo_messaging._drivers.amqpdriver [-] Listener is running poll /usr/lib/python3/dist-packages/oslo_messaging/_drivers/amqpdriver.py:343
2025-05-22 00:35:54.977 146453 DEBUG oslo_service.service [req-203e2026-bb1c-4de4-ac40-fcb5baf43dff - - - - -] database.connection_debug = 0 log_opt_values /usr/lib/python3/dist-packages/oslo_config/cfg.py:2609
2025-05-22 00:35:54.977 147182 DEBUG oslo_messaging._drivers.amqpdriver [-] AMQPListener connection consume poll /usr/lib/python3/dist-packages/oslo_messaging/_drivers/amqpdriver.py:357
2025-05-22 00:35:54.977 146453 DEBUG oslo_service.service [req-203e2026-bb1c-4de4-ac40-fcb5baf43dff - - - - -] database.connection_parameters = log_opt_values /usr/lib/python3/dist-packages/oslo_config/cfg.py:2609
2025-05-22 00:35:54.978 146453 DEBUG oslo_service.service [req-203e2026-bb1c-4de4-ac40-fcb5baf43dff - - - - -] database.connection_recycle_time = 3600 log_opt_values /usr/lib/python3/dist-packages/oslo_config/cfg.py:2609
2025-05-22 00:35:54.978 146453 DEBUG oslo_service.service [req-203e2026-bb1c-4de4-ac40-fcb5baf43dff - - - - -] database.connection_trace = False log_opt_values /usr/lib/python3/dist-packages/oslo_config/cfg.py:2609
2025-05-22 00:35:54.978 147182 DEBUG nova.service [req-440ff167-5f67-47e2-a913-93c8b0819ce9 - - - - -] Join ServiceGroup membership for this service scheduler start /usr/lib/python3/dist-packages/nova/service.py:199
2025-05-22 00:35:54.978 146453 DEBUG oslo_service.service [req-203e2026-bb1c-4de4-ac40-fcb5baf43dff - - - - -] database.db_inc_retry_interval = True log_opt_values /usr/lib/python3/dist-packages/oslo_config/cfg.py:2609
2025-05-22 00:35:54.978 147182 DEBUG nova.servicegroup.drivers.db [req-440ff167-5f67-47e2-a913-93c8b0819ce9 - - - - -] DB_Driver: join new ServiceGroup member juju-9ed82c-0-lxd-7 to the scheduler group, service = join /usr/lib/python3/dist-packages/nova/servicegroup/drivers/db.py:44
2025-05-22 00:35:54.978 146453 DEBUG oslo_service.service [req-203e2026-bb1c-4de4-ac40-fcb5baf43dff - - - - -] database.db_max_retries = 20 log_opt_values /usr/lib/python3/dist-packages/oslo_config/cfg.py:2609
2025-05-22 00:35:54.979 146453 DEBUG oslo_service.service [req-203e2026-bb1c-4de4-ac40-fcb5baf43dff - - - - -] database.db_max_retry_interval = 10 log_opt_values /usr/lib/python3/dist-packages/oslo_config/cfg.py:2609
2025-05-22 00:35:54.978 147181 DEBUG oslo_messaging._drivers.amqpdriver [-] Listener is running poll /usr/lib/python3/dist-packages/oslo_messaging/_drivers/amqpdriver.py:343
2025-05-22 00:35:54.979 146453 DEBUG oslo_service.service [req-203e2026-bb1c-4de4-ac40-fcb5baf43dff - - - - -] database.db_retry_interval = 1 log_opt_values /usr/lib/python3/dist-packages/oslo_config/cfg.py:2609
2025-05-22 00:35:54.979 147181 DEBUG oslo_messaging._drivers.amqpdriver [-] AMQPListener connection consume poll /usr/lib/python3/dist-packages/oslo_messaging/_drivers/amqpdriver.py:357
2025-05-22 00:35:54.979 146453 DEBUG oslo_service.service [req-203e2026-bb1c-4de4-ac40-fcb5baf43dff - - - - -] database.max_overflow = 50 log_opt_values /usr/lib/python3/dist-packages/oslo_config/cfg.py:2609
2025-05-22 00:35:54.979 146453 DEBUG oslo_service.service [req-203e2026-bb1c-4de4-ac40-fcb5baf43dff - - - - -] database.max_pool_size = 4 log_opt_values /usr/lib/python3/dist-packages/oslo_config/cfg.py:2609
2025-05-22 00:35:54.979 146453 DEBUG oslo_service.service [req-203e2026-bb1c-4de4-ac40-fcb5baf43dff - - - - -] database.max_retries = 10 log_opt_values /usr/lib/python3/dist-packages/oslo_config/cfg.py:2609
2025-05-22 00:35:54.979 147184 DEBUG oslo_messaging._drivers.amqpdriver [-] Listener is running poll /usr/lib/python3/dist-packages/oslo_messaging/_drivers/amqpdriver.py:343
2025-05-22 00:35:54.979 146453 DEBUG oslo_service.service [req-203e2026-bb1c-4de4-ac40-fcb5baf43dff - - - - -] database.mysql_enable_ndb = False log_opt_values /usr/lib/python3/dist-packages/oslo_config/cfg.py:2609
2025-05-22 00:35:54.980 147184 DEBUG oslo_messaging._drivers.amqpdriver [-] AMQPListener connection consume poll /usr/lib/python3/dist-packages/oslo_messaging/_drivers/amqpdriver.py:357
2025-05-22 00:35:54.980 146453 DEBUG oslo_service.service [req-203e2026-bb1c-4de4-ac40-fcb5baf43dff - - - - -] database.mysql_sql_mode = TRADITIONAL log_opt_values /usr/lib/python3/dist-packages/oslo_config/cfg.py:2609
2025-05-22 00:35:54.980 146453 DEBUG oslo_service.service [req-203e2026-bb1c-4de4-ac40-fcb5baf43dff - - - - -] database.pool_timeout = None log_opt_values /usr/lib/python3/dist-packages/oslo_config/cfg.py:2609
2025-05-22 00:35:54.980 146453 DEBUG oslo_service.service [req-203e2026-bb1c-4de4-ac40-fcb5baf43dff - - - - -] database.retry_interval = 10 log_opt_values /usr/lib/python3/dist-packages/oslo_config/cfg.py:2609
2025-05-22 00:35:54.980 146453 DEBUG oslo_service.service [req-203e2026-bb1c-4de4-ac40-fcb5baf43dff - - - - -] database.slave_connection = **** log_opt_values /usr/lib/python3/dist-packages/oslo_config/cfg.py:2609
2025-05-22 00:35:54.980 146453 DEBUG oslo_service.service [req-203e2026-bb1c-4de4-ac40-fcb5baf43dff - - - - -] database.sqlite_synchronous = True log_opt_values /usr/lib/python3/dist-packages/oslo_config/cfg.py:2609
2025-05-22 00:35:54.980 147182 DEBUG oslo_messaging._drivers.amqpdriver [-] AMQPListener connection timeout poll /usr/lib/python3/dist-packages/oslo_messaging/_drivers/amqpdriver.py:360
2025-05-22 00:35:54.981 147182 DEBUG oslo_messaging._drivers.amqpdriver [-] Listener is running poll /usr/lib/python3/dist-packages/oslo_messaging/_drivers/amqpdriver.py:343
2025-05-22 00:35:54.981 146453 DEBUG oslo_service.service [req-203e2026-bb1c-4de4-ac40-fcb5baf43dff - - - - -] database.use_db_reconnect = False log_opt_values /usr/lib/python3/dist-packages/oslo_config/cfg.py:2609
2025-05-22 00:35:54.981 147182 DEBUG oslo_messaging._drivers.amqpdriver [-] AMQPListener connection consume poll /usr/lib/python3/dist-packages/oslo_messaging/_drivers/amqpdriver.py:357
2025-05-22 00:35:54.980 147181 DEBUG nova.service [req-92e3e888-13d4-4ada-a774-49baab3a7539 - - - - -] Join ServiceGroup membership for this service scheduler start /usr/lib/python3/dist-packages/nova/service.py:199
2025-05-22 00:35:54.981 146453 DEBUG oslo_service.service [req-203e2026-bb1c-4de4-ac40-fcb5baf43dff - - - - -] api_database.backend = sqlalchemy log_opt_values /usr/lib/python3/dist-packages/oslo_config/cfg.py:2609
2025-05-22 00:35:54.981 147184 DEBUG nova.service [req-9c1b85c7-ac33-4d3a-a5de-c356615960b6 - - - - -] Join ServiceGroup membership for this service scheduler start /usr/lib/python3/dist-packages/nova/service.py:199
2025-05-22 00:35:54.981 147181 DEBUG nova.servicegroup.drivers.db [req-92e3e888-13d4-4ada-a774-49baab3a7539 - - - - -] DB_Driver: join new ServiceGroup member juju-9ed82c-0-lxd-7 to the scheduler group, service = join /usr/lib/python3/dist-packages/nova/servicegroup/drivers/db.py:44
2025-05-22 00:35:54.981 146453 DEBUG oslo_service.service [req-203e2026-bb1c-4de4-ac40-fcb5baf43dff - - - - -] api_database.connection = **** log_opt_values /usr/lib/python3/dist-packages/oslo_config/cfg.py:2609
2025-05-22 00:35:54.981 146453 DEBUG oslo_service.service [req-203e2026-bb1c-4de4-ac40-fcb5baf43dff - - - - -] api_database.connection_debug = 0 log_opt_values /usr/lib/python3/dist-packages/oslo_config/cfg.py:2609
2025-05-22 00:35:54.981 147184 DEBUG nova.servicegroup.drivers.db [req-9c1b85c7-ac33-4d3a-a5de-c356615960b6 - - - - -] DB_Driver: join new ServiceGroup member juju-9ed82c-0-lxd-7 to the scheduler group, service = join /usr/lib/python3/dist-packages/nova/servicegroup/drivers/db.py:44
2025-05-22 00:35:54.981 146453 DEBUG oslo_service.service [req-203e2026-bb1c-4de4-ac40-fcb5baf43dff - - - - -] api_database.connection_parameters = log_opt_values /usr/lib/python3/dist-packages/oslo_config/cfg.py:2609
2025-05-22 00:35:54.981 147181 DEBUG oslo_messaging._drivers.amqpdriver [-] AMQPListener connection timeout poll /usr/lib/python3/dist-packages/oslo_messaging/_drivers/amqpdriver.py:360
2025-05-22 00:35:54.982 147181 DEBUG oslo_messaging._drivers.amqpdriver [-] Listener is running poll /usr/lib/python3/dist-packages/oslo_messaging/_drivers/amqpdriver.py:343
2025-05-22 00:35:54.982 146453 DEBUG oslo_service.service [req-203e2026-bb1c-4de4-ac40-fcb5baf43dff - - - - -] api_database.connection_recycle_time = 3600 log_opt_values /usr/lib/python3/dist-packages/oslo_config/cfg.py:2609
2025-05-22 00:35:54.982 147181 DEBUG oslo_messaging._drivers.amqpdriver [-] AMQPListener connection consume poll /usr/lib/python3/dist-packages/oslo_messaging/_drivers/amqpdriver.py:357
2025-05-22 00:35:54.982 146453 DEBUG oslo_service.service [req-203e2026-bb1c-4de4-ac40-fcb5baf43dff - - - - -] api_database.connection_trace = False log_opt_values /usr/lib/python3/dist-packages/oslo_config/cfg.py:2609
2025-05-22 00:35:54.982 146453 DEBUG oslo_service.service [req-203e2026-bb1c-4de4-ac40-fcb5baf43dff - - - - -] api_database.db_inc_retry_interval = True log_opt_values /usr/lib/python3/dist-packages/oslo_config/cfg.py:2609
2025-05-22 00:35:54.982 146453 DEBUG oslo_service.service [req-203e2026-bb1c-4de4-ac40-fcb5baf43dff - - - - -] api_database.db_max_retries = 20 log_opt_values /usr/lib/python3/dist-packages/oslo_config/cfg.py:2609
2025-05-22 00:35:54.982 146453 DEBUG oslo_service.service [req-203e2026-bb1c-4de4-ac40-fcb5baf43dff - - - - -] api_database.db_max_retry_interval = 10 log_opt_values /usr/lib/python3/dist-packages/oslo_config/cfg.py:2609
2025-05-22 00:35:54.983 146453 DEBUG oslo_service.service [req-203e2026-bb1c-4de4-ac40-fcb5baf43dff - - - - -] api_database.db_retry_interval = 1 log_opt_values /usr/lib/python3/dist-packages/oslo_config/cfg.py:2609
2025-05-22 00:35:54.983 146453 DEBUG oslo_service.service [req-203e2026-bb1c-4de4-ac40-fcb5baf43dff - - - - -] api_database.max_overflow = 50 log_opt_values /usr/lib/python3/dist-packages/oslo_config/cfg.py:2609
2025-05-22 00:35:54.984 146453 DEBUG oslo_service.service [req-203e2026-bb1c-4de4-ac40-fcb5baf43dff - - - - -] api_database.max_pool_size = 4 log_opt_values /usr/lib/python3/dist-packages/oslo_config/cfg.py:2609
2025-05-22 00:35:54.984 147184 DEBUG oslo_messaging._drivers.amqpdriver [-] AMQPListener connection timeout poll /usr/lib/python3/dist-packages/oslo_messaging/_drivers/amqpdriver.py:360
2025-05-22 00:35:54.984 147184 DEBUG oslo_messaging._drivers.amqpdriver [-] Listener is running poll /usr/lib/python3/dist-packages/oslo_messaging/_drivers/amqpdriver.py:343
2025-05-22 00:35:54.984 146453 DEBUG oslo_service.service [req-203e2026-bb1c-4de4-ac40-fcb5baf43dff - - - - -] api_database.max_retries = 10 log_opt_values /usr/lib/python3/dist-packages/oslo_config/cfg.py:2609
2025-05-22 00:35:54.984 147184 DEBUG oslo_messaging._drivers.amqpdriver [-] AMQPListener connection consume poll /usr/lib/python3/dist-packages/oslo_messaging/_drivers/amqpdriver.py:357
2025-05-22 00:35:54.984 146453 DEBUG oslo_service.service [req-203e2026-bb1c-4de4-ac40-fcb5baf43dff - - - - -] api_database.mysql_enable_ndb = False log_opt_values /usr/lib/python3/dist-packages/oslo_config/cfg.py:2609
2025-05-22 00:35:54.984 146453 DEBUG oslo_service.service [req-203e2026-bb1c-4de4-ac40-fcb5baf43dff - - - - -] api_database.mysql_sql_mode = TRADITIONAL log_opt_values /usr/lib/python3/dist-packages/oslo_config/cfg.py:2609
2025-05-22 00:35:54.985 146453 DEBUG oslo_service.service [req-203e2026-bb1c-4de4-ac40-fcb5baf43dff - - - - -] api_database.pool_timeout = None log_opt_values /usr/lib/python3/dist-packages/oslo_config/cfg.py:2609
2025-05-22 00:35:54.985 146453 DEBUG oslo_service.service [req-203e2026-bb1c-4de4-ac40-fcb5baf43dff - - - - -] api_database.retry_interval = 10 log_opt_values /usr/lib/python3/dist-packages/oslo_config/cfg.py:2609
2025-05-22 00:35:54.985 146453 DEBUG oslo_service.service [req-203e2026-bb1c-4de4-ac40-fcb5baf43dff - - - - -] api_database.slave_connection = **** log_opt_values /usr/lib/python3/dist-packages/oslo_config/cfg.py:2609
2025-05-22 00:35:54.985 146453 DEBUG oslo_service.service [req-203e2026-bb1c-4de4-ac40-fcb5baf43dff - - - - -] api_database.sqlite_synchronous = True log_opt_values /usr/lib/python3/dist-packages/oslo_config/cfg.py:2609
2025-05-22 00:35:54.985 146453 DEBUG oslo_service.service [req-203e2026-bb1c-4de4-ac40-fcb5baf43dff - - - - -] devices.enabled_mdev_types = [] log_opt_values /usr/lib/python3/dist-packages/oslo_config/cfg.py:2609
2025-05-22 00:35:54.985 146453 DEBUG oslo_service.service [req-203e2026-bb1c-4de4-ac40-fcb5baf43dff - - - - -] ephemeral_storage_encryption.cipher = aes-xts-plain64 log_opt_values /usr/lib/python3/dist-packages/oslo_config/cfg.py:2609
2025-05-22 00:35:54.986 146453 DEBUG oslo_service.service [req-203e2026-bb1c-4de4-ac40-fcb5baf43dff - - - - -] ephemeral_storage_encryption.enabled = False log_opt_values /usr/lib/python3/dist-packages/oslo_config/cfg.py:2609
2025-05-22 00:35:54.986 146453 DEBUG oslo_service.service [req-203e2026-bb1c-4de4-ac40-fcb5baf43dff - - - - -] ephemeral_storage_encryption.key_size = 512 log_opt_values /usr/lib/python3/dist-packages/oslo_config/cfg.py:2609
2025-05-22 00:35:54.986 146453 WARNING oslo_config.cfg [req-203e2026-bb1c-4de4-ac40-fcb5baf43dff - - - - -] Deprecated: Option "api_servers" from group "glance" is deprecated for removal ( Support for image service configuration via standard keystoneauth1 Adapter options was added in the 17.0.0 Queens release. The api_servers option was retained temporarily to allow consumers time to cut over to a real load balancing solution. ). Its value may be silently ignored in the future.
2025-05-22 00:35:54.986 146453 DEBUG oslo_service.service [req-203e2026-bb1c-4de4-ac40-fcb5baf43dff - - - - -] glance.api_servers = ['http://252.33.57.108:9292'] log_opt_values /usr/lib/python3/dist-packages/oslo_config/cfg.py:2609
2025-05-22 00:35:54.987 146453 DEBUG oslo_service.service [req-203e2026-bb1c-4de4-ac40-fcb5baf43dff - - - - -] glance.cafile = None log_opt_values /usr/lib/python3/dist-packages/oslo_config/cfg.py:2609
2025-05-22 00:35:54.987 146453 DEBUG oslo_service.service [req-203e2026-bb1c-4de4-ac40-fcb5baf43dff - - - - -] glance.certfile = None log_opt_values /usr/lib/python3/dist-packages/oslo_config/cfg.py:2609
2025-05-22 00:35:54.987 146453 DEBUG oslo_service.service [req-203e2026-bb1c-4de4-ac40-fcb5baf43dff - - - - -] glance.collect_timing = False log_opt_values /usr/lib/python3/dist-packages/oslo_config/cfg.py:2609
2025-05-22 00:35:54.987 146453 DEBUG oslo_service.service [req-203e2026-bb1c-4de4-ac40-fcb5baf43dff - - - - -] glance.connect_retries = None log_opt_values /usr/lib/python3/dist-packages/oslo_config/cfg.py:2609
2025-05-22 00:35:54.987 146453 DEBUG oslo_service.service [req-203e2026-bb1c-4de4-ac40-fcb5baf43dff - - - - -] glance.connect_retry_delay = None log_opt_values /usr/lib/python3/dist-packages/oslo_config/cfg.py:2609
2025-05-22 00:35:54.988 146453 DEBUG oslo_service.service [req-203e2026-bb1c-4de4-ac40-fcb5baf43dff - - - - -] glance.debug = False log_opt_values /usr/lib/python3/dist-packages/oslo_config/cfg.py:2609
2025-05-22 00:35:54.988 146453 DEBUG oslo_service.service [req-203e2026-bb1c-4de4-ac40-fcb5baf43dff - - - - -] glance.default_trusted_certificate_ids = [] log_opt_values /usr/lib/python3/dist-packages/oslo_config/cfg.py:2609
2025-05-22 00:35:54.988 146453 DEBUG oslo_service.service [req-203e2026-bb1c-4de4-ac40-fcb5baf43dff - - - - -] glance.enable_certificate_validation = False log_opt_values /usr/lib/python3/dist-packages/oslo_config/cfg.py:2609
2025-05-22 00:35:54.988 146453 DEBUG oslo_service.service [req-203e2026-bb1c-4de4-ac40-fcb5baf43dff - - - - -] glance.enable_rbd_download = False log_opt_values /usr/lib/python3/dist-packages/oslo_config/cfg.py:2609
2025-05-22 00:35:54.988 146453 DEBUG oslo_service.service [req-203e2026-bb1c-4de4-ac40-fcb5baf43dff - - - - -] glance.endpoint_override = None log_opt_values /usr/lib/python3/dist-packages/oslo_config/cfg.py:2609
2025-05-22 00:35:54.989 146453 DEBUG oslo_service.service [req-203e2026-bb1c-4de4-ac40-fcb5baf43dff - - - - -] glance.insecure = False log_opt_values /usr/lib/python3/dist-packages/oslo_config/cfg.py:2609
2025-05-22 00:35:54.989 146453 DEBUG oslo_service.service [req-203e2026-bb1c-4de4-ac40-fcb5baf43dff - - - - -] glance.keyfile = None log_opt_values /usr/lib/python3/dist-packages/oslo_config/cfg.py:2609
2025-05-22 00:35:54.989 146453 DEBUG oslo_service.service [req-203e2026-bb1c-4de4-ac40-fcb5baf43dff - - - - -] glance.max_version = None log_opt_values /usr/lib/python3/dist-packages/oslo_config/cfg.py:2609
2025-05-22 00:35:54.989 146453 DEBUG oslo_service.service [req-203e2026-bb1c-4de4-ac40-fcb5baf43dff - - - - -] glance.min_version = None log_opt_values /usr/lib/python3/dist-packages/oslo_config/cfg.py:2609
2025-05-22 00:35:54.990 146453 DEBUG oslo_service.service [req-203e2026-bb1c-4de4-ac40-fcb5baf43dff - - - - -] glance.num_retries = 3 log_opt_values /usr/lib/python3/dist-packages/oslo_config/cfg.py:2609
2025-05-22 00:35:54.990 146453 DEBUG oslo_service.service [req-203e2026-bb1c-4de4-ac40-fcb5baf43dff - - - - -] glance.rbd_ceph_conf = log_opt_values /usr/lib/python3/dist-packages/oslo_config/cfg.py:2609
2025-05-22 00:35:54.990 146453 DEBUG oslo_service.service [req-203e2026-bb1c-4de4-ac40-fcb5baf43dff - - - - -] glance.rbd_connect_timeout = 5 log_opt_values /usr/lib/python3/dist-packages/oslo_config/cfg.py:2609
2025-05-22 00:35:54.990 146453 DEBUG oslo_service.service [req-203e2026-bb1c-4de4-ac40-fcb5baf43dff - - - - -] glance.rbd_pool = log_opt_values /usr/lib/python3/dist-packages/oslo_config/cfg.py:2609
2025-05-22 00:35:54.991 146453 DEBUG oslo_service.service [req-203e2026-bb1c-4de4-ac40-fcb5baf43dff - - - - -] glance.rbd_user = log_opt_values /usr/lib/python3/dist-packages/oslo_config/cfg.py:2609
2025-05-22 00:35:54.991 146453 DEBUG oslo_service.service [req-203e2026-bb1c-4de4-ac40-fcb5baf43dff - - - - -] glance.region_name = None log_opt_values /usr/lib/python3/dist-packages/oslo_config/cfg.py:2609
2025-05-22 00:35:54.991 146453 DEBUG oslo_service.service [req-203e2026-bb1c-4de4-ac40-fcb5baf43dff - - - - -] glance.service_name = None log_opt_values /usr/lib/python3/dist-packages/oslo_config/cfg.py:2609
2025-05-22 00:35:54.991 146453 DEBUG oslo_service.service [req-203e2026-bb1c-4de4-ac40-fcb5baf43dff - - - - -] glance.service_type = image log_opt_values /usr/lib/python3/dist-packages/oslo_config/cfg.py:2609
2025-05-22 00:35:54.992 146453 DEBUG oslo_service.service [req-203e2026-bb1c-4de4-ac40-fcb5baf43dff - - - - -] glance.split_loggers = False log_opt_values /usr/lib/python3/dist-packages/oslo_config/cfg.py:2609
2025-05-22 00:35:54.992 146453 DEBUG oslo_service.service [req-203e2026-bb1c-4de4-ac40-fcb5baf43dff - - - - -] glance.status_code_retries = None log_opt_values /usr/lib/python3/dist-packages/oslo_config/cfg.py:2609
2025-05-22 00:35:54.992 146453 DEBUG oslo_service.service [req-203e2026-bb1c-4de4-ac40-fcb5baf43dff - - - - -] glance.status_code_retry_delay = None log_opt_values /usr/lib/python3/dist-packages/oslo_config/cfg.py:2609
2025-05-22 00:35:54.992 146453 DEBUG oslo_service.service [req-203e2026-bb1c-4de4-ac40-fcb5baf43dff - - - - -] glance.timeout = None log_opt_values /usr/lib/python3/dist-packages/oslo_config/cfg.py:2609
2025-05-22 00:35:54.992 146453 DEBUG oslo_service.service [req-203e2026-bb1c-4de4-ac40-fcb5baf43dff - - - - -] glance.valid_interfaces = ['internal', 'public'] log_opt_values /usr/lib/python3/dist-packages/oslo_config/cfg.py:2609
2025-05-22 00:35:54.993 146453 DEBUG oslo_service.service [req-203e2026-bb1c-4de4-ac40-fcb5baf43dff - - - - -] glance.verify_glance_signatures = False log_opt_values /usr/lib/python3/dist-packages/oslo_config/cfg.py:2609
2025-05-22 00:35:54.993 146453 DEBUG oslo_service.service [req-203e2026-bb1c-4de4-ac40-fcb5baf43dff - - - - -] glance.version = None log_opt_values /usr/lib/python3/dist-packages/oslo_config/cfg.py:2609
2025-05-22 00:35:54.993 146453 DEBUG oslo_service.service [req-203e2026-bb1c-4de4-ac40-fcb5baf43dff - - - - -] guestfs.debug = False log_opt_values /usr/lib/python3/dist-packages/oslo_config/cfg.py:2609
2025-05-22 00:35:54.993 146453 DEBUG oslo_service.service [req-203e2026-bb1c-4de4-ac40-fcb5baf43dff - - - - -] hyperv.config_drive_cdrom = False log_opt_values /usr/lib/python3/dist-packages/oslo_config/cfg.py:2609
2025-05-22 00:35:54.993 146453 DEBUG oslo_service.service [req-203e2026-bb1c-4de4-ac40-fcb5baf43dff - - - - -] hyperv.config_drive_inject_password = False log_opt_values /usr/lib/python3/dist-packages/oslo_config/cfg.py:2609
2025-05-22 00:35:54.994 146453 DEBUG oslo_service.service [req-203e2026-bb1c-4de4-ac40-fcb5baf43dff - - - - -] hyperv.dynamic_memory_ratio = 1.0 log_opt_values /usr/lib/python3/dist-packages/oslo_config/cfg.py:2609
2025-05-22 00:35:54.994 146453 DEBUG oslo_service.service [req-203e2026-bb1c-4de4-ac40-fcb5baf43dff - - - - -] hyperv.enable_instance_metrics_collection = False log_opt_values /usr/lib/python3/dist-packages/oslo_config/cfg.py:2609
2025-05-22 00:35:54.994 146453 DEBUG oslo_service.service [req-203e2026-bb1c-4de4-ac40-fcb5baf43dff - - - - -] hyperv.enable_remotefx = False log_opt_values /usr/lib/python3/dist-packages/oslo_config/cfg.py:2609
2025-05-22 00:35:54.994 146453 DEBUG oslo_service.service [req-203e2026-bb1c-4de4-ac40-fcb5baf43dff - - - - -] hyperv.instances_path_share = log_opt_values /usr/lib/python3/dist-packages/oslo_config/cfg.py:2609
2025-05-22 00:35:54.995 146453 DEBUG oslo_service.service [req-203e2026-bb1c-4de4-ac40-fcb5baf43dff - - - - -] hyperv.iscsi_initiator_list = [] log_opt_values /usr/lib/python3/dist-packages/oslo_config/cfg.py:2609
2025-05-22 00:35:54.995 146453 DEBUG oslo_service.service [req-203e2026-bb1c-4de4-ac40-fcb5baf43dff - - - - -] hyperv.limit_cpu_features = False log_opt_values /usr/lib/python3/dist-packages/oslo_config/cfg.py:2609
2025-05-22 00:35:54.995 146453 DEBUG oslo_service.service [req-203e2026-bb1c-4de4-ac40-fcb5baf43dff - - - - -] hyperv.mounted_disk_query_retry_count = 10 log_opt_values /usr/lib/python3/dist-packages/oslo_config/cfg.py:2609
2025-05-22 00:35:54.996 146453 DEBUG oslo_service.service [req-203e2026-bb1c-4de4-ac40-fcb5baf43dff - - - - -] hyperv.mounted_disk_query_retry_interval = 5 log_opt_values /usr/lib/python3/dist-packages/oslo_config/cfg.py:2609
2025-05-22 00:35:54.996 146453 DEBUG oslo_service.service [req-203e2026-bb1c-4de4-ac40-fcb5baf43dff - - - - -] hyperv.power_state_check_timeframe = 60 log_opt_values /usr/lib/python3/dist-packages/oslo_config/cfg.py:2609
