2025-05-22 01:50:40.912 7 DEBUG oslo_service.service [-] ml2_type_gre.tunnel_id_ranges = [] log_opt_values /var/lib/kolla/venv/lib/python3.6/site-packages/oslo_config/cfg.py:2611
2025-05-22 01:50:40.912 7 DEBUG oslo_service.service [-] ml2_type_vlan.network_vlan_ranges = [] log_opt_values /var/lib/kolla/venv/lib/python3.6/site-packages/oslo_config/cfg.py:2611
2025-05-22 01:50:40.912 7 DEBUG oslo_service.service [-] ml2_type_vxlan.vni_ranges = [] log_opt_values /var/lib/kolla/venv/lib/python3.6/site-packages/oslo_config/cfg.py:2611
2025-05-22 01:50:40.912 7 DEBUG oslo_service.service [-] ml2_type_vxlan.vxlan_group = None log_opt_values /var/lib/kolla/venv/lib/python3.6/site-packages/oslo_config/cfg.py:2611
2025-05-22 01:50:40.912 7 DEBUG oslo_service.service [-] database.backend = sqlalchemy log_opt_values /var/lib/kolla/venv/lib/python3.6/site-packages/oslo_config/cfg.py:2611
2025-05-22 01:50:40.912 7 DEBUG oslo_service.service [-] database.connection = **** log_opt_values /var/lib/kolla/venv/lib/python3.6/site-packages/oslo_config/cfg.py:2611
2025-05-22 01:50:40.912 7 DEBUG oslo_service.service [-] database.connection_debug = 0 log_opt_values /var/lib/kolla/venv/lib/python3.6/site-packages/oslo_config/cfg.py:2611
2025-05-22 01:50:40.913 7 DEBUG oslo_service.service [-] database.connection_parameters = log_opt_values /var/lib/kolla/venv/lib/python3.6/site-packages/oslo_config/cfg.py:2611
2025-05-22 01:50:40.913 7 DEBUG oslo_service.service [-] database.connection_recycle_time = 10 log_opt_values /var/lib/kolla/venv/lib/python3.6/site-packages/oslo_config/cfg.py:2611
2025-05-22 01:50:40.913 7 DEBUG oslo_service.service [-] database.connection_trace = False log_opt_values /var/lib/kolla/venv/lib/python3.6/site-packages/oslo_config/cfg.py:2611
2025-05-22 01:50:40.913 7 DEBUG oslo_service.service [-] database.db_inc_retry_interval = True log_opt_values /var/lib/kolla/venv/lib/python3.6/site-packages/oslo_config/cfg.py:2611
2025-05-22 01:50:40.913 7 DEBUG oslo_service.service [-] database.db_max_retries = 20 log_opt_values /var/lib/kolla/venv/lib/python3.6/site-packages/oslo_config/cfg.py:2611
2025-05-22 01:50:40.913 7 DEBUG oslo_service.service [-] database.db_max_retry_interval = 10 log_opt_values /var/lib/kolla/venv/lib/python3.6/site-packages/oslo_config/cfg.py:2611
2025-05-22 01:50:40.913 7 DEBUG oslo_service.service [-] database.db_retry_interval = 1 log_opt_values /var/lib/kolla/venv/lib/python3.6/site-packages/oslo_config/cfg.py:2611
2025-05-22 01:50:40.913 7 DEBUG oslo_service.service [-] database.max_overflow = 50 log_opt_values /var/lib/kolla/venv/lib/python3.6/site-packages/oslo_config/cfg.py:2611
2025-05-22 01:50:40.913 7 DEBUG oslo_service.service [-] database.max_pool_size = 1 log_opt_values /var/lib/kolla/venv/lib/python3.6/site-packages/oslo_config/cfg.py:2611
2025-05-22 01:50:40.913 7 DEBUG oslo_service.service [-] database.max_retries = -1 log_opt_values /var/lib/kolla/venv/lib/python3.6/site-packages/oslo_config/cfg.py:2611
2025-05-22 01:50:40.914 7 DEBUG oslo_service.service [-] database.mysql_enable_ndb = False log_opt_values /var/lib/kolla/venv/lib/python3.6/site-packages/oslo_config/cfg.py:2611
2025-05-22 01:50:40.914 7 DEBUG oslo_service.service [-] database.mysql_sql_mode = TRADITIONAL log_opt_values /var/lib/kolla/venv/lib/python3.6/site-packages/oslo_config/cfg.py:2611
2025-05-22 01:50:40.914 7 DEBUG oslo_service.service [-] database.pool_timeout = None log_opt_values /var/lib/kolla/venv/lib/python3.6/site-packages/oslo_config/cfg.py:2611
2025-05-22 01:50:40.914 7 DEBUG oslo_service.service [-] database.retry_interval = 10 log_opt_values /var/lib/kolla/venv/lib/python3.6/site-packages/oslo_config/cfg.py:2611
2025-05-22 01:50:40.914 7 DEBUG oslo_service.service [-] database.slave_connection = **** log_opt_values /var/lib/kolla/venv/lib/python3.6/site-packages/oslo_config/cfg.py:2611
2025-05-22 01:50:40.914 7 DEBUG oslo_service.service [-] database.sqlite_synchronous = True log_opt_values /var/lib/kolla/venv/lib/python3.6/site-packages/oslo_config/cfg.py:2611
2025-05-22 01:50:40.914 7 DEBUG oslo_service.service [-] database.use_db_reconnect = False log_opt_values /var/lib/kolla/venv/lib/python3.6/site-packages/oslo_config/cfg.py:2611
2025-05-22 01:50:40.915 7 DEBUG oslo_service.service [-] ******************************************************************************** log_opt_values /var/lib/kolla/venv/lib/python3.6/site-packages/oslo_config/cfg.py:2613
2025-05-22 01:50:42.857 22 DEBUG neutron.wsgi [-] (22) accepted ('10.0.0.27', 49126) server /var/lib/kolla/venv/lib/python3.6/site-packages/eventlet/wsgi.py:1004
2025-05-22 01:50:42.863 22 INFO neutron.wsgi [-] 10.0.0.27 "GET / HTTP/1.1" status: 200 len: 227 time: 0.0044246
2025-05-22 01:50:44.704 23 DEBUG neutron.api.rpc.handlers.dhcp_rpc [req-ab419cc7-51a1-46ef-96c3-4dcf8e9c300d - - - - -] get_active_networks_info from cn-jenkins-deploy-platform-ansible-os-3332-1 get_active_networks_info /var/lib/kolla/venv/lib/python3.6/site-packages/neutron/api/rpc/handlers/dhcp_rpc.py:159
2025-05-22 01:50:44.724 27 DEBUG neutron_lib.callbacks.manager [req-e56d8e0b-120e-4b4b-8334-1af535229215 - - - - -] Publish callbacks ['neutron.services.segments.db._update_segment_host_mapping_for_agent-8741411757683', 'neutron.services.l3_router.l3_router_plugin.DVRResourceOperationHandler.create_fip_agent_gw_ports-723203'] for agent (0b9c0c1d-6df8-45ef-a5d5-99b8a98f12c0), after_create _notify_loop /var/lib/kolla/venv/lib/python3.6/site-packages/neutron_lib/callbacks/manager.py:177
2025-05-22 01:50:44.743 23 DEBUG neutron.scheduler.dhcp_agent_scheduler [req-ab419cc7-51a1-46ef-96c3-4dcf8e9c300d - - - - -] No non-hosted networks auto_schedule_networks /var/lib/kolla/venv/lib/python3.6/site-packages/neutron/scheduler/dhcp_agent_scheduler.py:60
2025-05-22 01:51:02.007 26 DEBUG neutron_lib.callbacks.manager [req-9b755b08-7cb4-4cbb-9a4a-55fac9ad4c5d - - - - -] Publish callbacks ['neutron.services.segments.db._update_segment_host_mapping_for_agent-8741411757683', 'neutron.services.l3_router.l3_router_plugin.DVRResourceOperationHandler.create_fip_agent_gw_ports-723203'] for agent (0cb35f2e-6c45-4f94-a663-1187424599b5), after_create _notify_loop /var/lib/kolla/venv/lib/python3.6/site-packages/neutron_lib/callbacks/manager.py:177
2025-05-22 01:51:12.903 22 DEBUG neutron.wsgi [-] (22) accepted ('10.0.0.27', 48236) server /var/lib/kolla/venv/lib/python3.6/site-packages/eventlet/wsgi.py:1004
2025-05-22 01:51:12.913 22 INFO neutron.wsgi [-] 10.0.0.27 "GET / HTTP/1.1" status: 200 len: 227 time: 0.0028985
2025-05-22 01:51:14.719 25 DEBUG neutron_lib.callbacks.manager [req-1a935ce8-d772-4e8e-80ca-34dd5c6c69dc - - - - -] Publish callbacks ['neutron.services.segments.db._update_segment_host_mapping_for_agent-8741411757683', 'neutron.plugins.ml2.plugin.Ml2Plugin._retry_binding_revived_agents--9223372036847115376'] for agent (0b9c0c1d-6df8-45ef-a5d5-99b8a98f12c0), after_update _notify_loop /var/lib/kolla/venv/lib/python3.6/site-packages/neutron_lib/callbacks/manager.py:177
2025-05-22 01:51:31.824 29 DEBUG neutron.db.agents_db [req-414fc564-e69f-4dc8-9519-d6c8ef7132db - - - - -] Agent healthcheck: found 2 active agents agent_health_check /var/lib/kolla/venv/lib/python3.6/site-packages/neutron/db/agents_db.py:318
2025-05-22 01:51:31.984 23 DEBUG neutron_lib.callbacks.manager [req-9b755b08-7cb4-4cbb-9a4a-55fac9ad4c5d - - - - -] Publish callbacks ['neutron.services.segments.db._update_segment_host_mapping_for_agent-8741411757683', 'neutron.plugins.ml2.plugin.Ml2Plugin._retry_binding_revived_agents--9223372036847115376'] for agent (0cb35f2e-6c45-4f94-a663-1187424599b5), after_update _notify_loop /var/lib/kolla/venv/lib/python3.6/site-packages/neutron_lib/callbacks/manager.py:177
2025-05-22 01:51:42.962 22 DEBUG neutron.wsgi [-] (22) accepted ('10.0.0.27', 38888) server /var/lib/kolla/venv/lib/python3.6/site-packages/eventlet/wsgi.py:1004
2025-05-22 01:51:42.965 22 INFO neutron.wsgi [-] 10.0.0.27 "GET / HTTP/1.1" status: 200 len: 227 time: 0.0025954
2025-05-22 01:51:44.722 28 DEBUG neutron_lib.callbacks.manager [req-3dee2acb-7816-4843-bcc5-dc2a67889ad0 - - - - -] Publish callbacks ['neutron.services.segments.db._update_segment_host_mapping_for_agent-8741411757683', 'neutron.plugins.ml2.plugin.Ml2Plugin._retry_binding_revived_agents--9223372036847115376'] for agent (0b9c0c1d-6df8-45ef-a5d5-99b8a98f12c0), after_update _notify_loop /var/lib/kolla/venv/lib/python3.6/site-packages/neutron_lib/callbacks/manager.py:177
2025-05-22 01:52:01.993 24 DEBUG neutron_lib.callbacks.manager [req-9b755b08-7cb4-4cbb-9a4a-55fac9ad4c5d - - - - -] Publish callbacks ['neutron.services.segments.db._update_segment_host_mapping_for_agent-8741411757683', 'neutron.plugins.ml2.plugin.Ml2Plugin._retry_binding_revived_agents--9223372036847115376'] for agent (0cb35f2e-6c45-4f94-a663-1187424599b5), after_update _notify_loop /var/lib/kolla/venv/lib/python3.6/site-packages/neutron_lib/callbacks/manager.py:177
2025-05-22 01:52:08.819 29 DEBUG neutron.db.agents_db [req-414fc564-e69f-4dc8-9519-d6c8ef7132db - - - - -] Agent healthcheck: found 2 active agents agent_health_check /var/lib/kolla/venv/lib/python3.6/site-packages/neutron/db/agents_db.py:318
2025-05-22 01:52:13.005 22 DEBUG neutron.wsgi [-] (22) accepted ('10.0.0.27', 54830) server /var/lib/kolla/venv/lib/python3.6/site-packages/eventlet/wsgi.py:1004
2025-05-22 01:52:13.009 22 INFO neutron.wsgi [-] 10.0.0.27 "GET / HTTP/1.1" status: 200 len: 227 time: 0.0026329
2025-05-22 01:52:14.716 27 DEBUG neutron_lib.callbacks.manager [req-a17cf540-8b3e-49dc-85dc-c083c6a119fc - - - - -] Publish callbacks ['neutron.services.segments.db._update_segment_host_mapping_for_agent-8741411757683', 'neutron.plugins.ml2.plugin.Ml2Plugin._retry_binding_revived_agents--9223372036847115376'] for agent (0b9c0c1d-6df8-45ef-a5d5-99b8a98f12c0), after_update _notify_loop /var/lib/kolla/venv/lib/python3.6/site-packages/neutron_lib/callbacks/manager.py:177
2025-05-22 01:52:31.987 26 DEBUG neutron_lib.callbacks.manager [req-9b755b08-7cb4-4cbb-9a4a-55fac9ad4c5d - - - - -] Publish callbacks ['neutron.services.segments.db._update_segment_host_mapping_for_agent-8741411757683', 'neutron.plugins.ml2.plugin.Ml2Plugin._retry_binding_revived_agents--9223372036847115376'] for agent (0cb35f2e-6c45-4f94-a663-1187424599b5), after_update _notify_loop /var/lib/kolla/venv/lib/python3.6/site-packages/neutron_lib/callbacks/manager.py:177
2025-05-22 01:52:43.049 22 DEBUG neutron.wsgi [-] (22) accepted ('10.0.0.27', 51072) server /var/lib/kolla/venv/lib/python3.6/site-packages/eventlet/wsgi.py:1004
2025-05-22 01:52:43.053 22 INFO neutron.wsgi [-] 10.0.0.27 "GET / HTTP/1.1" status: 200 len: 227 time: 0.0037014
2025-05-22 01:52:44.711 25 DEBUG neutron_lib.callbacks.manager [req-578ee502-4b4e-43e4-9f8e-533e20651a0d - - - - -] Publish callbacks ['neutron.services.segments.db._update_segment_host_mapping_for_agent-8741411757683', 'neutron.plugins.ml2.plugin.Ml2Plugin._retry_binding_revived_agents--9223372036847115376'] for agent (0b9c0c1d-6df8-45ef-a5d5-99b8a98f12c0), after_update _notify_loop /var/lib/kolla/venv/lib/python3.6/site-packages/neutron_lib/callbacks/manager.py:177
2025-05-22 01:52:45.825 29 DEBUG neutron.db.agents_db [req-414fc564-e69f-4dc8-9519-d6c8ef7132db - - - - -] Agent healthcheck: found 2 active agents agent_health_check /var/lib/kolla/venv/lib/python3.6/site-packages/neutron/db/agents_db.py:318
2025-05-22 01:53:01.985 23 DEBUG neutron_lib.callbacks.manager [req-9b755b08-7cb4-4cbb-9a4a-55fac9ad4c5d - - - - -] Publish callbacks ['neutron.services.segments.db._update_segment_host_mapping_for_agent-8741411757683', 'neutron.plugins.ml2.plugin.Ml2Plugin._retry_binding_revived_agents--9223372036847115376'] for agent (0cb35f2e-6c45-4f94-a663-1187424599b5), after_update _notify_loop /var/lib/kolla/venv/lib/python3.6/site-packages/neutron_lib/callbacks/manager.py:177
2025-05-22 01:53:13.093 22 DEBUG neutron.wsgi [-] (22) accepted ('10.0.0.27', 54780) server /var/lib/kolla/venv/lib/python3.6/site-packages/eventlet/wsgi.py:1004
2025-05-22 01:53:13.097 22 INFO neutron.wsgi [-] 10.0.0.27 "GET / HTTP/1.1" status: 200 len: 227 time: 0.0026462
2025-05-22 01:53:14.717 28 DEBUG neutron_lib.callbacks.manager [req-15d21422-9f56-424e-8399-3c014f7d706c - - - - -] Publish callbacks ['neutron.services.segments.db._update_segment_host_mapping_for_agent-8741411757683', 'neutron.plugins.ml2.plugin.Ml2Plugin._retry_binding_revived_agents--9223372036847115376'] for agent (0b9c0c1d-6df8-45ef-a5d5-99b8a98f12c0), after_update _notify_loop /var/lib/kolla/venv/lib/python3.6/site-packages/neutron_lib/callbacks/manager.py:177
2025-05-22 01:53:22.832 29 DEBUG neutron.db.agents_db [req-414fc564-e69f-4dc8-9519-d6c8ef7132db - - - - -] Agent healthcheck: found 2 active agents agent_health_check /var/lib/kolla/venv/lib/python3.6/site-packages/neutron/db/agents_db.py:318
2025-05-22 01:53:31.989 24 DEBUG neutron_lib.callbacks.manager [req-9b755b08-7cb4-4cbb-9a4a-55fac9ad4c5d - - - - -] Publish callbacks ['neutron.services.segments.db._update_segment_host_mapping_for_agent-8741411757683', 'neutron.plugins.ml2.plugin.Ml2Plugin._retry_binding_revived_agents--9223372036847115376'] for agent (0cb35f2e-6c45-4f94-a663-1187424599b5), after_update _notify_loop /var/lib/kolla/venv/lib/python3.6/site-packages/neutron_lib/callbacks/manager.py:177
2025-05-22 01:53:43.136 22 DEBUG neutron.wsgi [-] (22) accepted ('10.0.0.27', 39556) server /var/lib/kolla/venv/lib/python3.6/site-packages/eventlet/wsgi.py:1004
2025-05-22 01:53:43.139 22 INFO neutron.wsgi [-] 10.0.0.27 "GET / HTTP/1.1" status: 200 len: 227 time: 0.0025737
2025-05-22 01:53:44.714 27 DEBUG neutron_lib.callbacks.manager [req-cc8ad01e-b296-4eef-a7e4-dc5c1cf602db - - - - -] Publish callbacks ['neutron.services.segments.db._update_segment_host_mapping_for_agent-8741411757683', 'neutron.plugins.ml2.plugin.Ml2Plugin._retry_binding_revived_agents--9223372036847115376'] for agent (0b9c0c1d-6df8-45ef-a5d5-99b8a98f12c0), after_update _notify_loop /var/lib/kolla/venv/lib/python3.6/site-packages/neutron_lib/callbacks/manager.py:177
2025-05-22 01:53:59.837 29 DEBUG neutron.db.agents_db [req-414fc564-e69f-4dc8-9519-d6c8ef7132db - - - - -] Agent healthcheck: found 2 active agents agent_health_check /var/lib/kolla/venv/lib/python3.6/site-packages/neutron/db/agents_db.py:318
2025-05-22 01:54:01.988 26 DEBUG neutron_lib.callbacks.manager [req-9b755b08-7cb4-4cbb-9a4a-55fac9ad4c5d - - - - -] Publish callbacks ['neutron.services.segments.db._update_segment_host_mapping_for_agent-8741411757683', 'neutron.plugins.ml2.plugin.Ml2Plugin._retry_binding_revived_agents--9223372036847115376'] for agent (0cb35f2e-6c45-4f94-a663-1187424599b5), after_update _notify_loop /var/lib/kolla/venv/lib/python3.6/site-packages/neutron_lib/callbacks/manager.py:177
2025-05-22 01:54:13.181 22 DEBUG neutron.wsgi [-] (22) accepted ('10.0.0.27', 60504) server /var/lib/kolla/venv/lib/python3.6/site-packages/eventlet/wsgi.py:1004
2025-05-22 01:54:13.184 22 INFO neutron.wsgi [-] 10.0.0.27 "GET / HTTP/1.1" status: 200 len: 227 time: 0.0025101
2025-05-22 01:54:14.713 25 DEBUG neutron_lib.callbacks.manager [req-ec7e78a2-3389-4b0a-8826-99f8d679702a - - - - -] Publish callbacks ['neutron.services.segments.db._update_segment_host_mapping_for_agent-8741411757683', 'neutron.plugins.ml2.plugin.Ml2Plugin._retry_binding_revived_agents--9223372036847115376'] for agent (0b9c0c1d-6df8-45ef-a5d5-99b8a98f12c0), after_update _notify_loop /var/lib/kolla/venv/lib/python3.6/site-packages/neutron_lib/callbacks/manager.py:177
2025-05-22 01:54:31.992 23 DEBUG neutron_lib.callbacks.manager [req-9b755b08-7cb4-4cbb-9a4a-55fac9ad4c5d - - - - -] Publish callbacks ['neutron.services.segments.db._update_segment_host_mapping_for_agent-8741411757683', 'neutron.plugins.ml2.plugin.Ml2Plugin._retry_binding_revived_agents--9223372036847115376'] for agent (0cb35f2e-6c45-4f94-a663-1187424599b5), after_update _notify_loop /var/lib/kolla/venv/lib/python3.6/site-packages/neutron_lib/callbacks/manager.py:177
2025-05-22 01:54:36.841 29 DEBUG neutron.db.agents_db [req-414fc564-e69f-4dc8-9519-d6c8ef7132db - - - - -] Agent healthcheck: found 2 active agents agent_health_check /var/lib/kolla/venv/lib/python3.6/site-packages/neutron/db/agents_db.py:318
2025-05-22 01:54:43.226 22 DEBUG neutron.wsgi [-] (22) accepted ('10.0.0.27', 39730) server /var/lib/kolla/venv/lib/python3.6/site-packages/eventlet/wsgi.py:1004
2025-05-22 01:54:43.229 22 INFO neutron.wsgi [-] 10.0.0.27 "GET / HTTP/1.1" status: 200 len: 227 time: 0.0028434
2025-05-22 01:54:44.707 28 DEBUG neutron_lib.callbacks.manager [req-2aba6183-9f77-4bd9-b3b4-3b976809c3c4 - - - - -] Publish callbacks ['neutron.services.segments.db._update_segment_host_mapping_for_agent-8741411757683', 'neutron.plugins.ml2.plugin.Ml2Plugin._retry_binding_revived_agents--9223372036847115376'] for agent (0b9c0c1d-6df8-45ef-a5d5-99b8a98f12c0), after_update _notify_loop /var/lib/kolla/venv/lib/python3.6/site-packages/neutron_lib/callbacks/manager.py:177
2025-05-22 01:55:02.232 24 DEBUG neutron_lib.callbacks.manager [req-9b755b08-7cb4-4cbb-9a4a-55fac9ad4c5d - - - - -] Publish callbacks ['neutron.services.segments.db._update_segment_host_mapping_for_agent-8741411757683', 'neutron.plugins.ml2.plugin.Ml2Plugin._retry_binding_revived_agents--9223372036847115376'] for agent (0cb35f2e-6c45-4f94-a663-1187424599b5), after_update _notify_loop /var/lib/kolla/venv/lib/python3.6/site-packages/neutron_lib/callbacks/manager.py:177
2025-05-22 01:55:13.275 22 DEBUG neutron.wsgi [-] (22) accepted ('10.0.0.27', 36212) server /var/lib/kolla/venv/lib/python3.6/site-packages/eventlet/wsgi.py:1004
2025-05-22 01:55:13.279 22 INFO neutron.wsgi [-] 10.0.0.27 "GET / HTTP/1.1" status: 200 len: 227 time: 0.0039403
2025-05-22 01:55:13.847 29 DEBUG neutron.db.agents_db [req-414fc564-e69f-4dc8-9519-d6c8ef7132db - - - - -] Agent healthcheck: found 2 active agents agent_health_check /var/lib/kolla/venv/lib/python3.6/site-packages/neutron/db/agents_db.py:318
2025-05-22 01:55:14.712 27 DEBUG neutron_lib.callbacks.manager [req-e70a6f85-a838-44f7-ab80-7a45e690fab3 - - - - -] Publish callbacks ['neutron.services.segments.db._update_segment_host_mapping_for_agent-8741411757683', 'neutron.plugins.ml2.plugin.Ml2Plugin._retry_binding_revived_agents--9223372036847115376'] for agent (0b9c0c1d-6df8-45ef-a5d5-99b8a98f12c0), after_update _notify_loop /var/lib/kolla/venv/lib/python3.6/site-packages/neutron_lib/callbacks/manager.py:177
2025-05-22 01:55:31.995 26 DEBUG neutron_lib.callbacks.manager [req-9b755b08-7cb4-4cbb-9a4a-55fac9ad4c5d - - - - -] Publish callbacks ['neutron.services.segments.db._update_segment_host_mapping_for_agent-8741411757683', 'neutron.plugins.ml2.plugin.Ml2Plugin._retry_binding_revived_agents--9223372036847115376'] for agent (0cb35f2e-6c45-4f94-a663-1187424599b5), after_update _notify_loop /var/lib/kolla/venv/lib/python3.6/site-packages/neutron_lib/callbacks/manager.py:177
2025-05-22 01:55:43.323 22 DEBUG neutron.wsgi [-] (22) accepted ('10.0.0.27', 51454) server /var/lib/kolla/venv/lib/python3.6/site-packages/eventlet/wsgi.py:1004
2025-05-22 01:55:43.326 22 INFO neutron.wsgi [-] 10.0.0.27 "GET / HTTP/1.1" status: 200 len: 227 time: 0.0024967
2025-05-22 01:55:44.717 25 DEBUG neutron_lib.callbacks.manager [req-ae353a02-c1a8-42c0-85c3-06bc1f0ffc27 - - - - -] Publish callbacks ['neutron.services.segments.db._update_segment_host_mapping_for_agent-8741411757683', 'neutron.plugins.ml2.plugin.Ml2Plugin._retry_binding_revived_agents--9223372036847115376'] for agent (0b9c0c1d-6df8-45ef-a5d5-99b8a98f12c0), after_update _notify_loop /var/lib/kolla/venv/lib/python3.6/site-packages/neutron_lib/callbacks/manager.py:177
2025-05-22 01:55:50.851 29 DEBUG neutron.db.agents_db [req-414fc564-e69f-4dc8-9519-d6c8ef7132db - - - - -] Agent healthcheck: found 2 active agents agent_health_check /var/lib/kolla/venv/lib/python3.6/site-packages/neutron/db/agents_db.py:318
2025-05-22 01:56:02.000 23 DEBUG neutron_lib.callbacks.manager [req-9b755b08-7cb4-4cbb-9a4a-55fac9ad4c5d - - - - -] Publish callbacks ['neutron.services.segments.db._update_segment_host_mapping_for_agent-8741411757683', 'neutron.plugins.ml2.plugin.Ml2Plugin._retry_binding_revived_agents--9223372036847115376'] for agent (0cb35f2e-6c45-4f94-a663-1187424599b5), after_update _notify_loop /var/lib/kolla/venv/lib/python3.6/site-packages/neutron_lib/callbacks/manager.py:177
2025-05-22 01:56:13.374 22 DEBUG neutron.wsgi [-] (22) accepted ('10.0.0.27', 46262) server /var/lib/kolla/venv/lib/python3.6/site-packages/eventlet/wsgi.py:1004
2025-05-22 01:56:13.378 22 INFO neutron.wsgi [-] 10.0.0.27 "GET / HTTP/1.1" status: 200 len: 227 time: 0.0028114
2025-05-22 01:56:14.720 28 DEBUG neutron_lib.callbacks.manager [req-c3ffc58c-bb79-4fe2-b060-57b641f59de9 - - - - -] Publish callbacks ['neutron.services.segments.db._update_segment_host_mapping_for_agent-8741411757683', 'neutron.plugins.ml2.plugin.Ml2Plugin._retry_binding_revived_agents--9223372036847115376'] for agent (0b9c0c1d-6df8-45ef-a5d5-99b8a98f12c0), after_update _notify_loop /var/lib/kolla/venv/lib/python3.6/site-packages/neutron_lib/callbacks/manager.py:177
2025-05-22 01:56:27.858 29 DEBUG neutron.db.agents_db [req-414fc564-e69f-4dc8-9519-d6c8ef7132db - - - - -] Agent healthcheck: found 2 active agents agent_health_check /var/lib/kolla/venv/lib/python3.6/site-packages/neutron/db/agents_db.py:318
2025-05-22 01:56:32.006 24 DEBUG neutron_lib.callbacks.manager [req-9b755b08-7cb4-4cbb-9a4a-55fac9ad4c5d - - - - -] Publish callbacks ['neutron.services.segments.db._update_segment_host_mapping_for_agent-8741411757683', 'neutron.plugins.ml2.plugin.Ml2Plugin._retry_binding_revived_agents--9223372036847115376'] for agent (0cb35f2e-6c45-4f94-a663-1187424599b5), after_update _notify_loop /var/lib/kolla/venv/lib/python3.6/site-packages/neutron_lib/callbacks/manager.py:177
2025-05-22 01:56:43.428 22 DEBUG neutron.wsgi [-] (22) accepted ('10.0.0.27', 47468) server /var/lib/kolla/venv/lib/python3.6/site-packages/eventlet/wsgi.py:1004
2025-05-22 01:56:43.432 22 INFO neutron.wsgi [-] 10.0.0.27 "GET / HTTP/1.1" status: 200 len: 227 time: 0.0027316
2025-05-22 01:56:44.725 27 DEBUG neutron_lib.callbacks.manager [req-bc515496-f315-46af-9b58-eed027c88093 - - - - -] Publish callbacks ['neutron.services.segments.db._update_segment_host_mapping_for_agent-8741411757683', 'neutron.plugins.ml2.plugin.Ml2Plugin._retry_binding_revived_agents--9223372036847115376'] for agent (0b9c0c1d-6df8-45ef-a5d5-99b8a98f12c0), after_update _notify_loop /var/lib/kolla/venv/lib/python3.6/site-packages/neutron_lib/callbacks/manager.py:177
2025-05-22 01:57:02.007 26 DEBUG neutron_lib.callbacks.manager [req-9b755b08-7cb4-4cbb-9a4a-55fac9ad4c5d - - - - -] Publish callbacks ['neutron.services.segments.db._update_segment_host_mapping_for_agent-8741411757683', 'neutron.plugins.ml2.plugin.Ml2Plugin._retry_binding_revived_agents--9223372036847115376'] for agent (0cb35f2e-6c45-4f94-a663-1187424599b5), after_update _notify_loop /var/lib/kolla/venv/lib/python3.6/site-packages/neutron_lib/callbacks/manager.py:177
2025-05-22 01:57:04.863 29 DEBUG neutron.db.agents_db [req-414fc564-e69f-4dc8-9519-d6c8ef7132db - - - - -] Agent healthcheck: found 2 active agents agent_health_check /var/lib/kolla/venv/lib/python3.6/site-packages/neutron/db/agents_db.py:318
2025-05-22 01:57:13.474 22 DEBUG neutron.wsgi [-] (22) accepted ('10.0.0.27', 36336) server /var/lib/kolla/venv/lib/python3.6/site-packages/eventlet/wsgi.py:1004
2025-05-22 01:57:13.477 22 INFO neutron.wsgi [-] 10.0.0.27 "GET / HTTP/1.1" status: 200 len: 227 time: 0.0024815
2025-05-22 01:57:14.746 25 DEBUG neutron_lib.callbacks.manager [req-85459f2f-0083-42db-9bb1-6cc9dffc7c85 - - - - -] Publish callbacks ['neutron.services.segments.db._update_segment_host_mapping_for_agent-8741411757683', 'neutron.plugins.ml2.plugin.Ml2Plugin._retry_binding_revived_agents--9223372036847115376'] for agent (0b9c0c1d-6df8-45ef-a5d5-99b8a98f12c0), after_update _notify_loop /var/lib/kolla/venv/lib/python3.6/site-packages/neutron_lib/callbacks/manager.py:177
2025-05-22 01:57:32.012 23 DEBUG neutron_lib.callbacks.manager [req-9b755b08-7cb4-4cbb-9a4a-55fac9ad4c5d - - - - -] Publish callbacks ['neutron.services.segments.db._update_segment_host_mapping_for_agent-8741411757683', 'neutron.plugins.ml2.plugin.Ml2Plugin._retry_binding_revived_agents--9223372036847115376'] for agent (0cb35f2e-6c45-4f94-a663-1187424599b5), after_update _notify_loop /var/lib/kolla/venv/lib/python3.6/site-packages/neutron_lib/callbacks/manager.py:177
2025-05-22 01:57:41.868 29 DEBUG neutron.db.agents_db [req-414fc564-e69f-4dc8-9519-d6c8ef7132db - - - - -] Agent healthcheck: found 2 active agents agent_health_check /var/lib/kolla/venv/lib/python3.6/site-packages/neutron/db/agents_db.py:318
2025-05-22 01:57:43.529 22 DEBUG neutron.wsgi [-] (22) accepted ('10.0.0.27', 45718) server /var/lib/kolla/venv/lib/python3.6/site-packages/eventlet/wsgi.py:1004
2025-05-22 01:57:43.533 22 INFO neutron.wsgi [-] 10.0.0.27 "GET / HTTP/1.1" status: 200 len: 227 time: 0.0038567
2025-05-22 01:57:44.784 28 DEBUG neutron_lib.callbacks.manager [req-f8c31272-1ea7-4999-9f5d-319522ddc953 - - - - -] Publish callbacks ['neutron.services.segments.db._update_segment_host_mapping_for_agent-8741411757683', 'neutron.plugins.ml2.plugin.Ml2Plugin._retry_binding_revived_agents--9223372036847115376'] for agent (0b9c0c1d-6df8-45ef-a5d5-99b8a98f12c0), after_update _notify_loop /var/lib/kolla/venv/lib/python3.6/site-packages/neutron_lib/callbacks/manager.py:177
2025-05-22 01:58:02.013 24 DEBUG neutron_lib.callbacks.manager [req-9b755b08-7cb4-4cbb-9a4a-55fac9ad4c5d - - - - -] Publish callbacks ['neutron.services.segments.db._update_segment_host_mapping_for_agent-8741411757683', 'neutron.plugins.ml2.plugin.Ml2Plugin._retry_binding_revived_agents--9223372036847115376'] for agent (0cb35f2e-6c45-4f94-a663-1187424599b5), after_update _notify_loop /var/lib/kolla/venv/lib/python3.6/site-packages/neutron_lib/callbacks/manager.py:177
2025-05-22 01:58:14.313 22 DEBUG neutron.wsgi [-] (22) accepted ('10.0.0.27', 52086) server /var/lib/kolla/venv/lib/python3.6/site-packages/eventlet/wsgi.py:1004
2025-05-22 01:58:14.317 22 INFO neutron.wsgi [-] 10.0.0.27 "GET / HTTP/1.1" status: 200 len: 227 time: 0.0025096
2025-05-22 01:58:14.729 27 DEBUG neutron_lib.callbacks.manager [req-467b3ce1-a10b-405f-b992-3cac1157df73 - - - - -] Publish callbacks ['neutron.services.segments.db._update_segment_host_mapping_for_agent-8741411757683', 'neutron.plugins.ml2.plugin.Ml2Plugin._retry_binding_revived_agents--9223372036847115376'] for agent (0b9c0c1d-6df8-45ef-a5d5-99b8a98f12c0), after_update _notify_loop /var/lib/kolla/venv/lib/python3.6/site-packages/neutron_lib/callbacks/manager.py:177
2025-05-22 01:58:18.875 29 DEBUG neutron.db.agents_db [req-414fc564-e69f-4dc8-9519-d6c8ef7132db - - - - -] Agent healthcheck: found 2 active agents agent_health_check /var/lib/kolla/venv/lib/python3.6/site-packages/neutron/db/agents_db.py:318
2025-05-22 01:58:29.034 7 INFO oslo_service.service [-] Caught SIGTERM, stopping children
2025-05-22 01:58:29.034 7 DEBUG oslo_concurrency.lockutils [-] Acquired lock "singleton_lock" lock /var/lib/kolla/venv/lib/python3.6/site-packages/oslo_concurrency/lockutils.py:294
2025-05-22 01:58:29.035 7 DEBUG oslo_concurrency.lockutils [-] Releasing lock "singleton_lock" lock /var/lib/kolla/venv/lib/python3.6/site-packages/oslo_concurrency/lockutils.py:312
2025-05-22 01:58:29.035 7 DEBUG oslo_service.service [-] Stop services. stop /var/lib/kolla/venv/lib/python3.6/site-packages/oslo_service/service.py:695
2025-05-22 01:58:29.035 7 DEBUG neutron.service [-] calling RpcWorker stop() stop /var/lib/kolla/venv/lib/python3.6/site-packages/neutron/service.py:138
2025-05-22 01:58:29.035 7 DEBUG neutron.service [-] calling RpcWorker stop() stop /var/lib/kolla/venv/lib/python3.6/site-packages/neutron/service.py:138
2025-05-22 01:58:29.035 7 DEBUG oslo_service.service [-] Killing children. stop /var/lib/kolla/venv/lib/python3.6/site-packages/oslo_service/service.py:700
2025-05-22 01:58:29.035 7 INFO oslo_service.service [-] Waiting on 8 children to exit
2025-05-22 01:58:29.036 22 INFO neutron.wsgi [-] (22) wsgi exited, is_accepting=True
2025-05-22 01:58:29.035 24 DEBUG neutron.service [-] calling RpcWorker stop() stop /var/lib/kolla/venv/lib/python3.6/site-packages/neutron/service.py:138
2025-05-22 01:58:29.035 25 DEBUG neutron.service [-] calling RpcWorker stop() stop /var/lib/kolla/venv/lib/python3.6/site-packages/neutron/service.py:138
2025-05-22 01:58:29.036 28 DEBUG neutron.service [-] calling RpcWorker stop() stop /var/lib/kolla/venv/lib/python3.6/site-packages/neutron/service.py:138
2025-05-22 01:58:29.036 22 DEBUG oslo_concurrency.lockutils [req-d8c9cdb3-3cf4-44e3-9b35-b848be8d07c7 - - - - -] Acquired lock "singleton_lock" lock /var/lib/kolla/venv/lib/python3.6/site-packages/oslo_concurrency/lockutils.py:294
2025-05-22 01:58:29.037 22 DEBUG oslo_concurrency.lockutils [req-d8c9cdb3-3cf4-44e3-9b35-b848be8d07c7 - - - - -] Releasing lock "singleton_lock" lock /var/lib/kolla/venv/lib/python3.6/site-packages/oslo_concurrency/lockutils.py:312
2025-05-22 01:58:29.037 29 DEBUG neutron.service [-] calling RpcWorker stop() stop /var/lib/kolla/venv/lib/python3.6/site-packages/neutron/service.py:138
2025-05-22 01:58:29.037 29 DEBUG neutron.service [-] calling stop on stop /var/lib/kolla/venv/lib/python3.6/site-packages/neutron/service.py:141
2025-05-22 01:58:29.036 28 DEBUG neutron.service [-] calling stop on stop /var/lib/kolla/venv/lib/python3.6/site-packages/neutron/service.py:141
2025-05-22 01:58:29.036 24 DEBUG neutron.service [-] calling stop on stop /var/lib/kolla/venv/lib/python3.6/site-packages/neutron/service.py:141
2025-05-22 01:58:29.036 25 DEBUG neutron.service [-] calling stop on stop /var/lib/kolla/venv/lib/python3.6/site-packages/neutron/service.py:141
2025-05-22 01:58:29.038 26 DEBUG neutron.service [-] calling RpcWorker stop() stop /var/lib/kolla/venv/lib/python3.6/site-packages/neutron/service.py:138
2025-05-22 01:58:29.040 7 INFO oslo_service.service [-] Child 22 exited with status 0
2025-05-22 01:58:29.040 23 DEBUG neutron.service [-] calling RpcWorker stop() stop /var/lib/kolla/venv/lib/python3.6/site-packages/neutron/service.py:138
2025-05-22 01:58:29.039 26 DEBUG neutron.service [-] calling stop on stop /var/lib/kolla/venv/lib/python3.6/site-packages/neutron/service.py:141
2025-05-22 01:58:29.040 23 DEBUG neutron.service [-] calling stop on stop /var/lib/kolla/venv/lib/python3.6/site-packages/neutron/service.py:141
2025-05-22 01:58:29.048 27 DEBUG neutron.service [-] calling RpcWorker stop() stop /var/lib/kolla/venv/lib/python3.6/site-packages/neutron/service.py:138
2025-05-22 01:58:29.048 27 DEBUG neutron.service [-] calling stop on stop /var/lib/kolla/venv/lib/python3.6/site-packages/neutron/service.py:141
2025-05-22 01:58:30.817 23 DEBUG neutron.service [-] calling stop on stop /var/lib/kolla/venv/lib/python3.6/site-packages/neutron/service.py:141
2025-05-22 01:58:30.826 25 DEBUG neutron.service [-] calling stop on stop /var/lib/kolla/venv/lib/python3.6/site-packages/neutron/service.py:141
2025-05-22 01:58:30.832 26 DEBUG oslo_concurrency.lockutils [req-d8c9cdb3-3cf4-44e3-9b35-b848be8d07c7 - - - - -] Acquired lock "singleton_lock" lock /var/lib/kolla/venv/lib/python3.6/site-packages/oslo_concurrency/lockutils.py:294
2025-05-22 01:58:30.833 26 DEBUG oslo_concurrency.lockutils [req-d8c9cdb3-3cf4-44e3-9b35-b848be8d07c7 - - - - -] Releasing lock "singleton_lock" lock /var/lib/kolla/venv/lib/python3.6/site-packages/oslo_concurrency/lockutils.py:312
2025-05-22 01:58:30.833 26 DEBUG neutron.service [req-d8c9cdb3-3cf4-44e3-9b35-b848be8d07c7 - - - - -] calling RpcWorker wait() _wait /var/lib/kolla/venv/lib/python3.6/site-packages/neutron/service.py:128
2025-05-22 01:58:30.833 26 DEBUG neutron.service [req-d8c9cdb3-3cf4-44e3-9b35-b848be8d07c7 - - - - -] calling wait on _wait /var/lib/kolla/venv/lib/python3.6/site-packages/neutron/service.py:131
2025-05-22 01:58:30.835 23 DEBUG neutron.service [-] calling stop on stop /var/lib/kolla/venv/lib/python3.6/site-packages/neutron/service.py:141
2025-05-22 01:58:30.841 24 DEBUG neutron.service [-] calling stop on stop /var/lib/kolla/venv/lib/python3.6/site-packages/neutron/service.py:141
2025-05-22 01:58:30.841 25 DEBUG neutron.service [-] calling stop on stop /var/lib/kolla/venv/lib/python3.6/site-packages/neutron/service.py:141
2025-05-22 01:58:30.845 26 WARNING amqp [req-d8c9cdb3-3cf4-44e3-9b35-b848be8d07c7 - - - - -] Received method (60, 30) during closing channel 1. This method will be ignored
2025-05-22 01:58:30.846 26 DEBUG neutron.service [req-d8c9cdb3-3cf4-44e3-9b35-b848be8d07c7 - - - - -] returning from RpcWorker wait() _wait /var/lib/kolla/venv/lib/python3.6/site-packages/neutron/service.py:135
2025-05-22 01:58:30.849 29 DEBUG oslo_concurrency.lockutils [req-d8c9cdb3-3cf4-44e3-9b35-b848be8d07c7 - - - - -] Acquired lock "singleton_lock" lock /var/lib/kolla/venv/lib/python3.6/site-packages/oslo_concurrency/lockutils.py:294
2025-05-22 01:58:30.850 29 DEBUG oslo_concurrency.lockutils [req-d8c9cdb3-3cf4-44e3-9b35-b848be8d07c7 - - - - -] Releasing lock "singleton_lock" lock /var/lib/kolla/venv/lib/python3.6/site-packages/oslo_concurrency/lockutils.py:312
2025-05-22 01:58:30.850 29 DEBUG neutron.service [req-d8c9cdb3-3cf4-44e3-9b35-b848be8d07c7 - - - - -] calling RpcWorker wait() _wait /var/lib/kolla/venv/lib/python3.6/site-packages/neutron/service.py:128
2025-05-22 01:58:30.850 29 DEBUG neutron.service [req-d8c9cdb3-3cf4-44e3-9b35-b848be8d07c7 - - - - -] calling wait on _wait /var/lib/kolla/venv/lib/python3.6/site-packages/neutron/service.py:131
2025-05-22 01:58:30.851 7 INFO oslo_service.service [-] Child 26 exited with status 0
2025-05-22 01:58:30.856 23 DEBUG neutron.service [-] calling stop on stop /var/lib/kolla/venv/lib/python3.6/site-packages/neutron/service.py:141
2025-05-22 01:58:30.856 25 DEBUG neutron.service [-] calling stop on stop /var/lib/kolla/venv/lib/python3.6/site-packages/neutron/service.py:141
2025-05-22 01:58:30.858 29 WARNING amqp [req-d8c9cdb3-3cf4-44e3-9b35-b848be8d07c7 - - - - -] Received method (60, 30) during closing channel 1. This method will be ignored
2025-05-22 01:58:30.860 29 DEBUG neutron.service [req-d8c9cdb3-3cf4-44e3-9b35-b848be8d07c7 - - - - -] returning from RpcWorker wait() _wait /var/lib/kolla/venv/lib/python3.6/site-packages/neutron/service.py:135
2025-05-22 01:58:30.863 24 DEBUG neutron.service [-] calling stop on stop /var/lib/kolla/venv/lib/python3.6/site-packages/neutron/service.py:141
2025-05-22 01:58:30.865 7 INFO oslo_service.service [-] Child 29 exited with status 0
2025-05-22 01:58:30.869 25 DEBUG oslo_concurrency.lockutils [req-d8c9cdb3-3cf4-44e3-9b35-b848be8d07c7 - - - - -] Acquired lock "singleton_lock" lock /var/lib/kolla/venv/lib/python3.6/site-packages/oslo_concurrency/lockutils.py:294
2025-05-22 01:58:30.870 25 DEBUG oslo_concurrency.lockutils [req-d8c9cdb3-3cf4-44e3-9b35-b848be8d07c7 - - - - -] Releasing lock "singleton_lock" lock /var/lib/kolla/venv/lib/python3.6/site-packages/oslo_concurrency/lockutils.py:312
2025-05-22 01:58:30.870 25 DEBUG neutron.service [req-d8c9cdb3-3cf4-44e3-9b35-b848be8d07c7 - - - - -] calling RpcWorker wait() _wait /var/lib/kolla/venv/lib/python3.6/site-packages/neutron/service.py:128
2025-05-22 01:58:30.870 25 DEBUG neutron.service [req-d8c9cdb3-3cf4-44e3-9b35-b848be8d07c7 - - - - -] calling wait on _wait /var/lib/kolla/venv/lib/python3.6/site-packages/neutron/service.py:131
2025-05-22 01:58:30.875 25 WARNING amqp [req-d8c9cdb3-3cf4-44e3-9b35-b848be8d07c7 - - - - -] Received method (60, 30) during closing channel 1. This method will be ignored
2025-05-22 01:58:30.877 25 DEBUG neutron.service [req-d8c9cdb3-3cf4-44e3-9b35-b848be8d07c7 - - - - -] calling wait on _wait /var/lib/kolla/venv/lib/python3.6/site-packages/neutron/service.py:131
2025-05-22 01:58:30.881 23 DEBUG oslo_concurrency.lockutils [req-d8c9cdb3-3cf4-44e3-9b35-b848be8d07c7 - - - - -] Acquired lock "singleton_lock" lock /var/lib/kolla/venv/lib/python3.6/site-packages/oslo_concurrency/lockutils.py:294
2025-05-22 01:58:30.882 23 DEBUG oslo_concurrency.lockutils [req-d8c9cdb3-3cf4-44e3-9b35-b848be8d07c7 - - - - -] Releasing lock "singleton_lock" lock /var/lib/kolla/venv/lib/python3.6/site-packages/oslo_concurrency/lockutils.py:312
2025-05-22 01:58:30.882 23 DEBUG neutron.service [req-d8c9cdb3-3cf4-44e3-9b35-b848be8d07c7 - - - - -] calling RpcWorker wait() _wait /var/lib/kolla/venv/lib/python3.6/site-packages/neutron/service.py:128
2025-05-22 01:58:30.883 23 DEBUG neutron.service [req-d8c9cdb3-3cf4-44e3-9b35-b848be8d07c7 - - - - -] calling wait on _wait /var/lib/kolla/venv/lib/python3.6/site-packages/neutron/service.py:131
2025-05-22 01:58:30.886 25 WARNING amqp [req-d8c9cdb3-3cf4-44e3-9b35-b848be8d07c7 - - - - -] Received method (60, 30) during closing channel 1. This method will be ignored
2025-05-22 01:58:30.888 23 WARNING amqp [req-d8c9cdb3-3cf4-44e3-9b35-b848be8d07c7 - - - - -] Received method (60, 30) during closing channel 1. This method will be ignored
2025-05-22 01:58:30.888 25 DEBUG neutron.service [req-d8c9cdb3-3cf4-44e3-9b35-b848be8d07c7 - - - - -] calling wait on _wait /var/lib/kolla/venv/lib/python3.6/site-packages/neutron/service.py:131
2025-05-22 01:58:30.888 23 DEBUG neutron.service [req-d8c9cdb3-3cf4-44e3-9b35-b848be8d07c7 - - - - -] calling wait on _wait /var/lib/kolla/venv/lib/python3.6/site-packages/neutron/service.py:131
2025-05-22 01:58:30.893 25 WARNING amqp [req-d8c9cdb3-3cf4-44e3-9b35-b848be8d07c7 - - - - -] Received method (60, 30) during closing channel 1. This method will be ignored
2025-05-22 01:58:30.893 25 DEBUG neutron.service [req-d8c9cdb3-3cf4-44e3-9b35-b848be8d07c7 - - - - -] calling wait on _wait /var/lib/kolla/venv/lib/python3.6/site-packages/neutron/service.py:131
2025-05-22 01:58:30.895 23 WARNING amqp [req-d8c9cdb3-3cf4-44e3-9b35-b848be8d07c7 - - - - -] Received method (60, 30) during closing channel 1. This method will be ignored
2025-05-22 01:58:30.895 23 DEBUG neutron.service [req-d8c9cdb3-3cf4-44e3-9b35-b848be8d07c7 - - - - -] calling wait on _wait /var/lib/kolla/venv/lib/python3.6/site-packages/neutron/service.py:131
2025-05-22 01:58:30.899 25 WARNING amqp [req-d8c9cdb3-3cf4-44e3-9b35-b848be8d07c7 - - - - -] Received method (60, 30) during closing channel 1. This method will be ignored
2025-05-22 01:58:30.899 25 DEBUG neutron.service [req-d8c9cdb3-3cf4-44e3-9b35-b848be8d07c7 - - - - -] returning from RpcWorker wait() _wait /var/lib/kolla/venv/lib/python3.6/site-packages/neutron/service.py:135
2025-05-22 01:58:30.901 23 WARNING amqp [req-d8c9cdb3-3cf4-44e3-9b35-b848be8d07c7 - - - - -] Received method (60, 30) during closing channel 1. This method will be ignored
2025-05-22 01:58:30.901 23 DEBUG neutron.service [req-d8c9cdb3-3cf4-44e3-9b35-b848be8d07c7 - - - - -] calling wait on _wait /var/lib/kolla/venv/lib/python3.6/site-packages/neutron/service.py:131
2025-05-22 01:58:30.905 7 INFO oslo_service.service [-] Child 25 exited with status 0
2025-05-22 01:58:30.910 23 WARNING amqp [req-d8c9cdb3-3cf4-44e3-9b35-b848be8d07c7 - - - - -] Received method (60, 30) during closing channel 1. This method will be ignored
2025-05-22 01:58:30.911 23 DEBUG neutron.service [req-d8c9cdb3-3cf4-44e3-9b35-b848be8d07c7 - - - - -] returning from RpcWorker wait() _wait /var/lib/kolla/venv/lib/python3.6/site-packages/neutron/service.py:135
2025-05-22 01:58:30.920 7 INFO oslo_service.service [-] Child 23 exited with status 0
2025-05-22 01:58:32.008 28 DEBUG oslo_concurrency.lockutils [req-d8c9cdb3-3cf4-44e3-9b35-b848be8d07c7 - - - - -] Acquired lock "singleton_lock" lock /var/lib/kolla/venv/lib/python3.6/site-packages/oslo_concurrency/lockutils.py:294
2025-05-22 01:58:32.008 28 DEBUG oslo_concurrency.lockutils [req-d8c9cdb3-3cf4-44e3-9b35-b848be8d07c7 - - - - -] Releasing lock "singleton_lock" lock /var/lib/kolla/venv/lib/python3.6/site-packages/oslo_concurrency/lockutils.py:312
2025-05-22 01:58:32.008 28 DEBUG neutron.service [req-d8c9cdb3-3cf4-44e3-9b35-b848be8d07c7 - - - - -] calling RpcWorker wait() _wait /var/lib/kolla/venv/lib/python3.6/site-packages/neutron/service.py:128
2025-05-22 01:58:32.008 28 DEBUG neutron.service [req-d8c9cdb3-3cf4-44e3-9b35-b848be8d07c7 - - - - -] calling wait on _wait /var/lib/kolla/venv/lib/python3.6/site-packages/neutron/service.py:131
2025-05-22 01:58:32.016 28 DEBUG neutron_lib.callbacks.manager [req-9b755b08-7cb4-4cbb-9a4a-55fac9ad4c5d - - - - -] Publish callbacks ['neutron.services.segments.db._update_segment_host_mapping_for_agent-8741411757683', 'neutron.plugins.ml2.plugin.Ml2Plugin._retry_binding_revived_agents--9223372036847115376'] for agent (0cb35f2e-6c45-4f94-a663-1187424599b5), after_update _notify_loop /var/lib/kolla/venv/lib/python3.6/site-packages/neutron_lib/callbacks/manager.py:177
2025-05-22 01:58:32.022 28 WARNING amqp [req-d8c9cdb3-3cf4-44e3-9b35-b848be8d07c7 - - - - -] Received method (60, 30) during closing channel 1. This method will be ignored
2025-05-22 01:58:32.023 28 DEBUG neutron.service [req-d8c9cdb3-3cf4-44e3-9b35-b848be8d07c7 - - - - -] returning from RpcWorker wait() _wait /var/lib/kolla/venv/lib/python3.6/site-packages/neutron/service.py:135
2025-05-22 01:58:32.028 7 INFO oslo_service.service [-] Child 28 exited with status 0
2025-05-22 01:58:32.924 27 DEBUG oslo_concurrency.lockutils [req-d8c9cdb3-3cf4-44e3-9b35-b848be8d07c7 - - - - -] Acquired lock "singleton_lock" lock /var/lib/kolla/venv/lib/python3.6/site-packages/oslo_concurrency/lockutils.py:294
2025-05-22 01:58:32.924 27 DEBUG oslo_concurrency.lockutils [req-d8c9cdb3-3cf4-44e3-9b35-b848be8d07c7 - - - - -] Releasing lock "singleton_lock" lock /var/lib/kolla/venv/lib/python3.6/site-packages/oslo_concurrency/lockutils.py:312
2025-05-22 01:58:32.925 27 DEBUG neutron.service [req-d8c9cdb3-3cf4-44e3-9b35-b848be8d07c7 - - - - -] calling RpcWorker wait() _wait /var/lib/kolla/venv/lib/python3.6/site-packages/neutron/service.py:128
2025-05-22 01:58:32.925 27 DEBUG neutron.service [req-d8c9cdb3-3cf4-44e3-9b35-b848be8d07c7 - - - - -] calling wait on _wait /var/lib/kolla/venv/lib/python3.6/site-packages/neutron/service.py:131
2025-05-22 01:58:33.110 27 WARNING amqp [req-d8c9cdb3-3cf4-44e3-9b35-b848be8d07c7 - - - - -] Received method (60, 30) during closing channel 1. This method will be ignored
2025-05-22 01:58:33.110 27 DEBUG neutron.service [req-d8c9cdb3-3cf4-44e3-9b35-b848be8d07c7 - - - - -] returning from RpcWorker wait() _wait /var/lib/kolla/venv/lib/python3.6/site-packages/neutron/service.py:135
2025-05-22 01:58:33.114 7 INFO oslo_service.service [-] Child 27 exited with status 0
2025-05-22 01:58:35.217 24 DEBUG neutron.service [-] calling stop on stop /var/lib/kolla/venv/lib/python3.6/site-packages/neutron/service.py:141
2025-05-22 01:58:35.890 24 DEBUG oslo_concurrency.lockutils [req-d8c9cdb3-3cf4-44e3-9b35-b848be8d07c7 - - - - -] Acquired lock "singleton_lock" lock /var/lib/kolla/venv/lib/python3.6/site-packages/oslo_concurrency/lockutils.py:294
2025-05-22 01:58:35.891 24 DEBUG oslo_concurrency.lockutils [req-d8c9cdb3-3cf4-44e3-9b35-b848be8d07c7 - - - - -] Releasing lock "singleton_lock" lock /var/lib/kolla/venv/lib/python3.6/site-packages/oslo_concurrency/lockutils.py:312
2025-05-22 01:58:35.891 24 DEBUG neutron.service [req-d8c9cdb3-3cf4-44e3-9b35-b848be8d07c7 - - - - -] calling RpcWorker wait() _wait /var/lib/kolla/venv/lib/python3.6/site-packages/neutron/service.py:128
2025-05-22 01:58:35.891 24 DEBUG neutron.service [req-d8c9cdb3-3cf4-44e3-9b35-b848be8d07c7 - - - - -] calling wait on _wait /var/lib/kolla/venv/lib/python3.6/site-packages/neutron/service.py:131
2025-05-22 01:58:35.897 24 WARNING amqp [req-d8c9cdb3-3cf4-44e3-9b35-b848be8d07c7 - - - - -] Received method (60, 30) during closing channel 1. This method will be ignored
2025-05-22 01:58:35.898 24 DEBUG neutron.service [req-d8c9cdb3-3cf4-44e3-9b35-b848be8d07c7 - - - - -] calling wait on _wait /var/lib/kolla/venv/lib/python3.6/site-packages/neutron/service.py:131
2025-05-22 01:58:35.902 24 WARNING amqp [req-d8c9cdb3-3cf4-44e3-9b35-b848be8d07c7 - - - - -] Received method (60, 30) during closing channel 1. This method will be ignored
2025-05-22 01:58:35.903 24 DEBUG neutron.service [req-d8c9cdb3-3cf4-44e3-9b35-b848be8d07c7 - - - - -] calling wait on _wait /var/lib/kolla/venv/lib/python3.6/site-packages/neutron/service.py:131
2025-05-22 01:58:35.907 24 WARNING amqp [req-d8c9cdb3-3cf4-44e3-9b35-b848be8d07c7 - - - - -] Received method (60, 30) during closing channel 1. This method will be ignored
2025-05-22 01:58:35.907 24 DEBUG neutron.service [req-d8c9cdb3-3cf4-44e3-9b35-b848be8d07c7 - - - - -] calling wait on _wait /var/lib/kolla/venv/lib/python3.6/site-packages/neutron/service.py:131
2025-05-22 01:58:35.912 24 WARNING amqp [req-d8c9cdb3-3cf4-44e3-9b35-b848be8d07c7 - - - - -] Received method (60, 30) during closing channel 1. This method will be ignored
2025-05-22 01:58:35.912 24 DEBUG neutron.service [req-d8c9cdb3-3cf4-44e3-9b35-b848be8d07c7 - - - - -] returning from RpcWorker wait() _wait /var/lib/kolla/venv/lib/python3.6/site-packages/neutron/service.py:135
2025-05-22 01:58:35.916 7 INFO oslo_service.service [-] Child 24 exited with status 0
2025-05-22 01:58:35.916 7 INFO oslo_service.service [-] Wait called after thread killed. Cleaning up.
2025-05-22 01:58:35.917 7 DEBUG oslo_service.service [-] Stop services. stop /var/lib/kolla/venv/lib/python3.6/site-packages/oslo_service/service.py:695
2025-05-22 01:58:35.917 7 DEBUG oslo_service.service [-] Killing children. stop /var/lib/kolla/venv/lib/python3.6/site-packages/oslo_service/service.py:700
2025-05-22 01:58:39.395 7 INFO neutron.common.config [-] Logging enabled!
2025-05-22 01:58:39.395 7 INFO neutron.common.config [-] /var/lib/kolla/venv/bin/neutron-server version 20.5.1.dev23
2025-05-22 01:58:39.396 7 DEBUG neutron.common.config [-] command line: /var/lib/kolla/venv/bin/neutron-server --config-file /etc/neutron/neutron.conf --config-file /etc/neutron/ContrailPlugin.ini --config-file /etc/neutron/api-paste.ini setup_logging /var/lib/kolla/venv/lib/python3.6/site-packages/neutron/common/config.py:115
2025-05-22 01:58:39.399 7 INFO neutron.common.config [-] Logging enabled!
2025-05-22 01:58:39.399 7 INFO neutron.common.config [-] /var/lib/kolla/venv/bin/neutron-server version 20.5.1.dev23
2025-05-22 01:58:39.399 7 DEBUG neutron.common.config [-] command line: /var/lib/kolla/venv/bin/neutron-server --config-file /etc/neutron/neutron.conf --config-file /etc/neutron/ContrailPlugin.ini --config-file /etc/neutron/api-paste.ini setup_logging /var/lib/kolla/venv/lib/python3.6/site-packages/neutron/common/config.py:115
2025-05-22 01:58:39.400 7 DEBUG neutron.common.config [-] ******************************************************************************** log_opt_values /var/lib/kolla/venv/lib/python3.6/site-packages/oslo_config/cfg.py:2589
2025-05-22 01:58:39.400 7 DEBUG neutron.common.config [-] Configuration options gathered from: log_opt_values /var/lib/kolla/venv/lib/python3.6/site-packages/oslo_config/cfg.py:2590
2025-05-22 01:58:39.400 7 DEBUG neutron.common.config [-] command line args: ['--config-file', '/etc/neutron/neutron.conf', '--config-file', '/etc/neutron/ContrailPlugin.ini', '--config-file', '/etc/neutron/api-paste.ini'] log_opt_values /var/lib/kolla/venv/lib/python3.6/site-packages/oslo_config/cfg.py:2591
2025-05-22 01:58:39.401 7 DEBUG neutron.common.config [-] config files: ['/etc/neutron/neutron.conf', '/etc/neutron/ContrailPlugin.ini', '/etc/neutron/api-paste.ini'] log_opt_values /var/lib/kolla/venv/lib/python3.6/site-packages/oslo_config/cfg.py:2593
2025-05-22 01:58:39.401 7 DEBUG neutron.common.config [-] ================================================================================ log_opt_values /var/lib/kolla/venv/lib/python3.6/site-packages/oslo_config/cfg.py:2594
2025-05-22 01:58:39.401 7 DEBUG neutron.common.config [-] allow_bulk = True log_opt_values /var/lib/kolla/venv/lib/python3.6/site-packages/oslo_config/cfg.py:2603
2025-05-22 01:58:39.401 7 WARNING oslo_config.cfg [-] Deprecated: Option "allow_overlapping_ips" from group "DEFAULT" is deprecated for removal. Its value may be silently ignored in the future.
2025-05-22 01:58:39.401 7 DEBUG neutron.common.config [-] allow_overlapping_ips = True log_opt_values /var/lib/kolla/venv/lib/python3.6/site-packages/oslo_config/cfg.py:2603
2025-05-22 01:58:39.401 7 DEBUG neutron.common.config [-] api_extensions_path = /opt/plugin/site-packages/neutron_plugin_contrail/extensions:/opt/plugin/site-packages/neutron_lbaas/extensions log_opt_values /var/lib/kolla/venv/lib/python3.6/site-packages/oslo_config/cfg.py:2603
2025-05-22 01:58:39.401 7 DEBUG neutron.common.config [-] api_paste_config = /etc/neutron/api-paste.ini log_opt_values /var/lib/kolla/venv/lib/python3.6/site-packages/oslo_config/cfg.py:2603
2025-05-22 01:58:39.401 7 DEBUG neutron.common.config [-] api_workers = 1 log_opt_values /var/lib/kolla/venv/lib/python3.6/site-packages/oslo_config/cfg.py:2603
2025-05-22 01:58:39.402 7 DEBUG neutron.common.config [-] auth_strategy = keystone log_opt_values /var/lib/kolla/venv/lib/python3.6/site-packages/oslo_config/cfg.py:2603
2025-05-22 01:58:39.402 7 DEBUG neutron.common.config [-] backlog = 4096 log_opt_values /var/lib/kolla/venv/lib/python3.6/site-packages/oslo_config/cfg.py:2603
2025-05-22 01:58:39.402 7 DEBUG neutron.common.config [-] base_mac = fa:16:3e:00:00:00 log_opt_values /var/lib/kolla/venv/lib/python3.6/site-packages/oslo_config/cfg.py:2603
2025-05-22 01:58:39.402 7 DEBUG neutron.common.config [-] bind_host = 10.0.0.27 log_opt_values /var/lib/kolla/venv/lib/python3.6/site-packages/oslo_config/cfg.py:2603
2025-05-22 01:58:39.402 7 DEBUG neutron.common.config [-] bind_port = 9696 log_opt_values /var/lib/kolla/venv/lib/python3.6/site-packages/oslo_config/cfg.py:2603
