2025-05-15 01:47:38.380 65071 DEBUG oslo_service.service [-] clients_neutron.insecure = None log_opt_values /usr/lib/python3/dist-packages/oslo_config/cfg.py:2609
2025-05-15 01:47:38.380 65071 DEBUG oslo_service.service [-] clients_neutron.key_file = None log_opt_values /usr/lib/python3/dist-packages/oslo_config/cfg.py:2609
2025-05-15 01:47:38.380 65071 DEBUG oslo_service.service [-] clients_nova.ca_file = None log_opt_values /usr/lib/python3/dist-packages/oslo_config/cfg.py:2609
2025-05-15 01:47:38.381 65071 DEBUG oslo_service.service [-] clients_nova.cert_file = None log_opt_values /usr/lib/python3/dist-packages/oslo_config/cfg.py:2609
2025-05-15 01:47:38.381 65071 DEBUG oslo_service.service [-] clients_nova.endpoint_type = None log_opt_values /usr/lib/python3/dist-packages/oslo_config/cfg.py:2609
2025-05-15 01:47:38.381 65071 DEBUG oslo_service.service [-] clients_nova.http_log_debug = False log_opt_values /usr/lib/python3/dist-packages/oslo_config/cfg.py:2609
2025-05-15 01:47:38.381 65071 DEBUG oslo_service.service [-] clients_nova.insecure = None log_opt_values /usr/lib/python3/dist-packages/oslo_config/cfg.py:2609
2025-05-15 01:47:38.381 65071 DEBUG oslo_service.service [-] clients_nova.key_file = None log_opt_values /usr/lib/python3/dist-packages/oslo_config/cfg.py:2609
2025-05-15 01:47:38.382 65071 DEBUG oslo_service.service [-] clients_octavia.ca_file = None log_opt_values /usr/lib/python3/dist-packages/oslo_config/cfg.py:2609
2025-05-15 01:47:38.382 65071 DEBUG oslo_service.service [-] clients_octavia.cert_file = None log_opt_values /usr/lib/python3/dist-packages/oslo_config/cfg.py:2609
2025-05-15 01:47:38.382 65071 DEBUG oslo_service.service [-] clients_octavia.endpoint_type = None log_opt_values /usr/lib/python3/dist-packages/oslo_config/cfg.py:2609
2025-05-15 01:47:38.382 65071 DEBUG oslo_service.service [-] clients_octavia.insecure = None log_opt_values /usr/lib/python3/dist-packages/oslo_config/cfg.py:2609
2025-05-15 01:47:38.382 65071 DEBUG oslo_service.service [-] clients_octavia.key_file = None log_opt_values /usr/lib/python3/dist-packages/oslo_config/cfg.py:2609
2025-05-15 01:47:38.382 65071 DEBUG oslo_service.service [-] clients_sahara.ca_file = None log_opt_values /usr/lib/python3/dist-packages/oslo_config/cfg.py:2609
2025-05-15 01:47:38.382 65071 DEBUG oslo_service.service [-] clients_sahara.cert_file = None log_opt_values /usr/lib/python3/dist-packages/oslo_config/cfg.py:2609
2025-05-15 01:47:38.383 65071 DEBUG oslo_service.service [-] clients_sahara.endpoint_type = None log_opt_values /usr/lib/python3/dist-packages/oslo_config/cfg.py:2609
2025-05-15 01:47:38.383 65071 DEBUG oslo_service.service [-] clients_sahara.insecure = None log_opt_values /usr/lib/python3/dist-packages/oslo_config/cfg.py:2609
2025-05-15 01:47:38.383 65071 DEBUG oslo_service.service [-] clients_sahara.key_file = None log_opt_values /usr/lib/python3/dist-packages/oslo_config/cfg.py:2609
2025-05-15 01:47:38.383 65071 DEBUG oslo_service.service [-] clients_senlin.ca_file = None log_opt_values /usr/lib/python3/dist-packages/oslo_config/cfg.py:2609
2025-05-15 01:47:38.383 65071 DEBUG oslo_service.service [-] clients_senlin.cert_file = None log_opt_values /usr/lib/python3/dist-packages/oslo_config/cfg.py:2609
2025-05-15 01:47:38.384 65071 DEBUG oslo_service.service [-] clients_senlin.endpoint_type = None log_opt_values /usr/lib/python3/dist-packages/oslo_config/cfg.py:2609
2025-05-15 01:47:38.384 65071 DEBUG oslo_service.service [-] clients_senlin.insecure = None log_opt_values /usr/lib/python3/dist-packages/oslo_config/cfg.py:2609
2025-05-15 01:47:38.384 65071 DEBUG oslo_service.service [-] clients_senlin.key_file = None log_opt_values /usr/lib/python3/dist-packages/oslo_config/cfg.py:2609
2025-05-15 01:47:38.384 65071 DEBUG oslo_service.service [-] clients_swift.ca_file = None log_opt_values /usr/lib/python3/dist-packages/oslo_config/cfg.py:2609
2025-05-15 01:47:38.384 65071 DEBUG oslo_service.service [-] clients_swift.cert_file = None log_opt_values /usr/lib/python3/dist-packages/oslo_config/cfg.py:2609
2025-05-15 01:47:38.384 65071 DEBUG oslo_service.service [-] clients_swift.endpoint_type = None log_opt_values /usr/lib/python3/dist-packages/oslo_config/cfg.py:2609
2025-05-15 01:47:38.384 65071 DEBUG oslo_service.service [-] clients_swift.insecure = None log_opt_values /usr/lib/python3/dist-packages/oslo_config/cfg.py:2609
2025-05-15 01:47:38.384 65071 DEBUG oslo_service.service [-] clients_swift.key_file = None log_opt_values /usr/lib/python3/dist-packages/oslo_config/cfg.py:2609
2025-05-15 01:47:38.385 65071 DEBUG oslo_service.service [-] clients_trove.ca_file = None log_opt_values /usr/lib/python3/dist-packages/oslo_config/cfg.py:2609
2025-05-15 01:47:38.385 65071 DEBUG oslo_service.service [-] clients_trove.cert_file = None log_opt_values /usr/lib/python3/dist-packages/oslo_config/cfg.py:2609
2025-05-15 01:47:38.385 65071 DEBUG oslo_service.service [-] clients_trove.endpoint_type = None log_opt_values /usr/lib/python3/dist-packages/oslo_config/cfg.py:2609
2025-05-15 01:47:38.385 65071 DEBUG oslo_service.service [-] clients_trove.insecure = None log_opt_values /usr/lib/python3/dist-packages/oslo_config/cfg.py:2609
2025-05-15 01:47:38.385 65071 DEBUG oslo_service.service [-] clients_trove.key_file = None log_opt_values /usr/lib/python3/dist-packages/oslo_config/cfg.py:2609
2025-05-15 01:47:38.385 65071 DEBUG oslo_service.service [-] clients_vitrage.ca_file = None log_opt_values /usr/lib/python3/dist-packages/oslo_config/cfg.py:2609
2025-05-15 01:47:38.385 65071 DEBUG oslo_service.service [-] clients_vitrage.cert_file = None log_opt_values /usr/lib/python3/dist-packages/oslo_config/cfg.py:2609
2025-05-15 01:47:38.385 65071 DEBUG oslo_service.service [-] clients_vitrage.endpoint_type = None log_opt_values /usr/lib/python3/dist-packages/oslo_config/cfg.py:2609
2025-05-15 01:47:38.386 65071 DEBUG oslo_service.service [-] clients_vitrage.insecure = None log_opt_values /usr/lib/python3/dist-packages/oslo_config/cfg.py:2609
2025-05-15 01:47:38.386 65071 DEBUG oslo_service.service [-] clients_vitrage.key_file = None log_opt_values /usr/lib/python3/dist-packages/oslo_config/cfg.py:2609
2025-05-15 01:47:38.386 65071 DEBUG oslo_service.service [-] clients_zaqar.ca_file = None log_opt_values /usr/lib/python3/dist-packages/oslo_config/cfg.py:2609
2025-05-15 01:47:38.386 65071 DEBUG oslo_service.service [-] clients_zaqar.cert_file = None log_opt_values /usr/lib/python3/dist-packages/oslo_config/cfg.py:2609
2025-05-15 01:47:38.386 65071 DEBUG oslo_service.service [-] clients_zaqar.endpoint_type = None log_opt_values /usr/lib/python3/dist-packages/oslo_config/cfg.py:2609
2025-05-15 01:47:38.386 65071 DEBUG oslo_service.service [-] clients_zaqar.insecure = None log_opt_values /usr/lib/python3/dist-packages/oslo_config/cfg.py:2609
2025-05-15 01:47:38.386 65071 DEBUG oslo_service.service [-] clients_zaqar.key_file = None log_opt_values /usr/lib/python3/dist-packages/oslo_config/cfg.py:2609
2025-05-15 01:47:38.386 65071 DEBUG oslo_service.service [-] database.backend = sqlalchemy log_opt_values /usr/lib/python3/dist-packages/oslo_config/cfg.py:2609
2025-05-15 01:47:38.387 65071 DEBUG oslo_service.service [-] database.connection = **** log_opt_values /usr/lib/python3/dist-packages/oslo_config/cfg.py:2609
2025-05-15 01:47:38.387 65071 DEBUG oslo_service.service [-] database.connection_debug = 0 log_opt_values /usr/lib/python3/dist-packages/oslo_config/cfg.py:2609
2025-05-15 01:47:38.387 65071 DEBUG oslo_service.service [-] database.connection_parameters = log_opt_values /usr/lib/python3/dist-packages/oslo_config/cfg.py:2609
2025-05-15 01:47:38.387 65071 DEBUG oslo_service.service [-] database.connection_recycle_time = 3600 log_opt_values /usr/lib/python3/dist-packages/oslo_config/cfg.py:2609
2025-05-15 01:47:38.387 65071 DEBUG oslo_service.service [-] database.connection_trace = False log_opt_values /usr/lib/python3/dist-packages/oslo_config/cfg.py:2609
2025-05-15 01:47:38.387 65071 DEBUG oslo_service.service [-] database.db_inc_retry_interval = True log_opt_values /usr/lib/python3/dist-packages/oslo_config/cfg.py:2609
2025-05-15 01:47:38.387 65071 DEBUG oslo_service.service [-] database.db_max_retries = 20 log_opt_values /usr/lib/python3/dist-packages/oslo_config/cfg.py:2609
2025-05-15 01:47:38.388 65071 DEBUG oslo_service.service [-] database.db_max_retry_interval = 10 log_opt_values /usr/lib/python3/dist-packages/oslo_config/cfg.py:2609
2025-05-15 01:47:38.388 65071 DEBUG oslo_service.service [-] database.db_retry_interval = 1 log_opt_values /usr/lib/python3/dist-packages/oslo_config/cfg.py:2609
2025-05-15 01:47:38.388 65071 DEBUG oslo_service.service [-] database.max_overflow = 50 log_opt_values /usr/lib/python3/dist-packages/oslo_config/cfg.py:2609
2025-05-15 01:47:38.388 65071 DEBUG oslo_service.service [-] database.max_pool_size = 5 log_opt_values /usr/lib/python3/dist-packages/oslo_config/cfg.py:2609
2025-05-15 01:47:38.388 65071 DEBUG oslo_service.service [-] database.max_retries = 10 log_opt_values /usr/lib/python3/dist-packages/oslo_config/cfg.py:2609
2025-05-15 01:47:38.388 65071 DEBUG oslo_service.service [-] database.mysql_enable_ndb = False log_opt_values /usr/lib/python3/dist-packages/oslo_config/cfg.py:2609
2025-05-15 01:47:38.388 65071 DEBUG oslo_service.service [-] database.mysql_sql_mode = TRADITIONAL log_opt_values /usr/lib/python3/dist-packages/oslo_config/cfg.py:2609
2025-05-15 01:47:38.389 65071 DEBUG oslo_service.service [-] database.pool_timeout = None log_opt_values /usr/lib/python3/dist-packages/oslo_config/cfg.py:2609
2025-05-15 01:47:38.389 65071 DEBUG oslo_service.service [-] database.retry_interval = 10 log_opt_values /usr/lib/python3/dist-packages/oslo_config/cfg.py:2609
2025-05-15 01:47:38.389 65071 DEBUG oslo_service.service [-] database.slave_connection = **** log_opt_values /usr/lib/python3/dist-packages/oslo_config/cfg.py:2609
2025-05-15 01:47:38.389 65071 DEBUG oslo_service.service [-] database.sqlite_synchronous = True log_opt_values /usr/lib/python3/dist-packages/oslo_config/cfg.py:2609
2025-05-15 01:47:38.389 65071 DEBUG oslo_service.service [-] database.use_db_reconnect = False log_opt_values /usr/lib/python3/dist-packages/oslo_config/cfg.py:2609
2025-05-15 01:47:38.389 65071 DEBUG oslo_service.service [-] oslo_messaging_metrics.metrics_buffer_size = 1000 log_opt_values /usr/lib/python3/dist-packages/oslo_config/cfg.py:2609
2025-05-15 01:47:38.390 65071 DEBUG oslo_service.service [-] oslo_messaging_metrics.metrics_enabled = False log_opt_values /usr/lib/python3/dist-packages/oslo_config/cfg.py:2609
2025-05-15 01:47:38.390 65071 DEBUG oslo_service.service [-] oslo_messaging_metrics.metrics_process_name = log_opt_values /usr/lib/python3/dist-packages/oslo_config/cfg.py:2609
2025-05-15 01:47:38.390 65071 DEBUG oslo_service.service [-] oslo_messaging_metrics.metrics_socket_file = /var/tmp/metrics_collector.sock log_opt_values /usr/lib/python3/dist-packages/oslo_config/cfg.py:2609
2025-05-15 01:47:38.390 65071 DEBUG oslo_service.service [-] oslo_messaging_metrics.metrics_thread_stop_timeout = 10 log_opt_values /usr/lib/python3/dist-packages/oslo_config/cfg.py:2609
2025-05-15 01:47:38.390 65071 DEBUG oslo_service.service [-] oslo_policy.enforce_new_defaults = False log_opt_values /usr/lib/python3/dist-packages/oslo_config/cfg.py:2609
2025-05-15 01:47:38.390 65071 DEBUG oslo_service.service [-] oslo_policy.enforce_scope = False log_opt_values /usr/lib/python3/dist-packages/oslo_config/cfg.py:2609
2025-05-15 01:47:38.390 65071 DEBUG oslo_service.service [-] oslo_policy.policy_default_rule = default log_opt_values /usr/lib/python3/dist-packages/oslo_config/cfg.py:2609
2025-05-15 01:47:38.391 65071 DEBUG oslo_service.service [-] oslo_policy.policy_dirs = ['policy.d'] log_opt_values /usr/lib/python3/dist-packages/oslo_config/cfg.py:2609
2025-05-15 01:47:38.391 65071 DEBUG oslo_service.service [-] oslo_policy.policy_file = policy.yaml log_opt_values /usr/lib/python3/dist-packages/oslo_config/cfg.py:2609
2025-05-15 01:47:38.391 65071 DEBUG oslo_service.service [-] oslo_policy.remote_content_type = application/x-www-form-urlencoded log_opt_values /usr/lib/python3/dist-packages/oslo_config/cfg.py:2609
2025-05-15 01:47:38.391 65071 DEBUG oslo_service.service [-] oslo_policy.remote_ssl_ca_crt_file = None log_opt_values /usr/lib/python3/dist-packages/oslo_config/cfg.py:2609
2025-05-15 01:47:38.391 65071 DEBUG oslo_service.service [-] oslo_policy.remote_ssl_client_crt_file = None log_opt_values /usr/lib/python3/dist-packages/oslo_config/cfg.py:2609
2025-05-15 01:47:38.392 65071 DEBUG oslo_service.service [-] oslo_policy.remote_ssl_client_key_file = None log_opt_values /usr/lib/python3/dist-packages/oslo_config/cfg.py:2609
2025-05-15 01:47:38.392 65071 DEBUG oslo_service.service [-] oslo_policy.remote_ssl_verify_server_crt = False log_opt_values /usr/lib/python3/dist-packages/oslo_config/cfg.py:2609
2025-05-15 01:47:38.393 65071 DEBUG oslo_service.service [-] trustee.auth_section = None log_opt_values /usr/lib/python3/dist-packages/oslo_config/cfg.py:2609
2025-05-15 01:47:38.393 65071 WARNING oslo_config.cfg [-] Deprecated: Option "auth_plugin" from group "trustee" is deprecated. Use option "auth_type" from group "trustee".
2025-05-15 01:47:38.393 65071 DEBUG oslo_service.service [-] trustee.auth_type = password log_opt_values /usr/lib/python3/dist-packages/oslo_config/cfg.py:2609
2025-05-15 01:47:38.393 65071 DEBUG oslo_service.service [-] oslo_versionedobjects.fatal_exception_format_errors = False log_opt_values /usr/lib/python3/dist-packages/oslo_config/cfg.py:2609
2025-05-15 01:47:38.393 65071 DEBUG oslo_service.service [-] oslo_messaging_rabbit.amqp_auto_delete = False log_opt_values /usr/lib/python3/dist-packages/oslo_config/cfg.py:2609
2025-05-15 01:47:38.394 65071 DEBUG oslo_service.service [-] oslo_messaging_rabbit.amqp_durable_queues = False log_opt_values /usr/lib/python3/dist-packages/oslo_config/cfg.py:2609
2025-05-15 01:47:38.394 65071 DEBUG oslo_service.service [-] oslo_messaging_rabbit.conn_pool_min_size = 2 log_opt_values /usr/lib/python3/dist-packages/oslo_config/cfg.py:2609
2025-05-15 01:47:38.394 65071 DEBUG oslo_service.service [-] oslo_messaging_rabbit.conn_pool_ttl = 1200 log_opt_values /usr/lib/python3/dist-packages/oslo_config/cfg.py:2609
2025-05-15 01:47:38.394 65071 DEBUG oslo_service.service [-] oslo_messaging_rabbit.direct_mandatory_flag = True log_opt_values /usr/lib/python3/dist-packages/oslo_config/cfg.py:2609
2025-05-15 01:47:38.394 65071 DEBUG oslo_service.service [-] oslo_messaging_rabbit.enable_cancel_on_failover = False log_opt_values /usr/lib/python3/dist-packages/oslo_config/cfg.py:2609
2025-05-15 01:47:38.394 65071 DEBUG oslo_service.service [-] oslo_messaging_rabbit.heartbeat_in_pthread = False log_opt_values /usr/lib/python3/dist-packages/oslo_config/cfg.py:2609
2025-05-15 01:47:38.394 65071 DEBUG oslo_service.service [-] oslo_messaging_rabbit.heartbeat_rate = 2 log_opt_values /usr/lib/python3/dist-packages/oslo_config/cfg.py:2609
2025-05-15 01:47:38.395 65071 DEBUG oslo_service.service [-] oslo_messaging_rabbit.heartbeat_timeout_threshold = 60 log_opt_values /usr/lib/python3/dist-packages/oslo_config/cfg.py:2609
2025-05-15 01:47:38.395 65071 DEBUG oslo_service.service [-] oslo_messaging_rabbit.kombu_compression = None log_opt_values /usr/lib/python3/dist-packages/oslo_config/cfg.py:2609
2025-05-15 01:47:38.395 65071 DEBUG oslo_service.service [-] oslo_messaging_rabbit.kombu_failover_strategy = round-robin log_opt_values /usr/lib/python3/dist-packages/oslo_config/cfg.py:2609
2025-05-15 01:47:38.395 65071 DEBUG oslo_service.service [-] oslo_messaging_rabbit.kombu_missing_consumer_retry_timeout = 60 log_opt_values /usr/lib/python3/dist-packages/oslo_config/cfg.py:2609
2025-05-15 01:47:38.395 65071 DEBUG oslo_service.service [-] oslo_messaging_rabbit.kombu_reconnect_delay = 1.0 log_opt_values /usr/lib/python3/dist-packages/oslo_config/cfg.py:2609
2025-05-15 01:47:38.395 65071 DEBUG oslo_service.service [-] oslo_messaging_rabbit.rabbit_ha_queues = False log_opt_values /usr/lib/python3/dist-packages/oslo_config/cfg.py:2609
2025-05-15 01:47:38.395 65071 DEBUG oslo_service.service [-] oslo_messaging_rabbit.rabbit_interval_max = 30 log_opt_values /usr/lib/python3/dist-packages/oslo_config/cfg.py:2609
2025-05-15 01:47:38.395 65071 DEBUG oslo_service.service [-] oslo_messaging_rabbit.rabbit_login_method = AMQPLAIN log_opt_values /usr/lib/python3/dist-packages/oslo_config/cfg.py:2609
2025-05-15 01:47:38.396 65071 DEBUG oslo_service.service [-] oslo_messaging_rabbit.rabbit_qos_prefetch_count = 0 log_opt_values /usr/lib/python3/dist-packages/oslo_config/cfg.py:2609
2025-05-15 01:47:38.396 65071 DEBUG oslo_service.service [-] oslo_messaging_rabbit.rabbit_quorum_queue = False log_opt_values /usr/lib/python3/dist-packages/oslo_config/cfg.py:2609
2025-05-15 01:47:38.396 65071 DEBUG oslo_service.service [-] oslo_messaging_rabbit.rabbit_retry_backoff = 2 log_opt_values /usr/lib/python3/dist-packages/oslo_config/cfg.py:2609
2025-05-15 01:47:38.396 65071 DEBUG oslo_service.service [-] oslo_messaging_rabbit.rabbit_retry_interval = 1 log_opt_values /usr/lib/python3/dist-packages/oslo_config/cfg.py:2609
2025-05-15 01:47:38.396 65071 DEBUG oslo_service.service [-] oslo_messaging_rabbit.rabbit_transient_queues_ttl = 1800 log_opt_values /usr/lib/python3/dist-packages/oslo_config/cfg.py:2609
2025-05-15 01:47:38.396 65071 DEBUG oslo_service.service [-] oslo_messaging_rabbit.rpc_conn_pool_size = 30 log_opt_values /usr/lib/python3/dist-packages/oslo_config/cfg.py:2609
2025-05-15 01:47:38.396 65071 DEBUG oslo_service.service [-] oslo_messaging_rabbit.ssl = False log_opt_values /usr/lib/python3/dist-packages/oslo_config/cfg.py:2609
2025-05-15 01:47:38.396 65071 DEBUG oslo_service.service [-] oslo_messaging_rabbit.ssl_ca_file = log_opt_values /usr/lib/python3/dist-packages/oslo_config/cfg.py:2609
2025-05-15 01:47:38.397 65071 DEBUG oslo_service.service [-] oslo_messaging_rabbit.ssl_cert_file = log_opt_values /usr/lib/python3/dist-packages/oslo_config/cfg.py:2609
2025-05-15 01:47:38.397 65071 DEBUG oslo_service.service [-] oslo_messaging_rabbit.ssl_key_file = log_opt_values /usr/lib/python3/dist-packages/oslo_config/cfg.py:2609
2025-05-15 01:47:38.397 65071 DEBUG oslo_service.service [-] oslo_messaging_rabbit.ssl_version = log_opt_values /usr/lib/python3/dist-packages/oslo_config/cfg.py:2609
2025-05-15 01:47:38.397 65071 DEBUG oslo_service.service [-] oslo_messaging_notifications.driver = [] log_opt_values /usr/lib/python3/dist-packages/oslo_config/cfg.py:2609
2025-05-15 01:47:38.397 65071 DEBUG oslo_service.service [-] oslo_messaging_notifications.retry = -1 log_opt_values /usr/lib/python3/dist-packages/oslo_config/cfg.py:2609
2025-05-15 01:47:38.397 65071 DEBUG oslo_service.service [-] oslo_messaging_notifications.topics = ['notifications'] log_opt_values /usr/lib/python3/dist-packages/oslo_config/cfg.py:2609
2025-05-15 01:47:38.398 65071 DEBUG oslo_service.service [-] oslo_messaging_notifications.transport_url = **** log_opt_values /usr/lib/python3/dist-packages/oslo_config/cfg.py:2609
2025-05-15 01:47:38.398 65071 DEBUG oslo_service.service [-] cache.backend = dogpile.cache.null log_opt_values /usr/lib/python3/dist-packages/oslo_config/cfg.py:2609
2025-05-15 01:47:38.398 65071 DEBUG oslo_service.service [-] cache.backend_argument = **** log_opt_values /usr/lib/python3/dist-packages/oslo_config/cfg.py:2609
2025-05-15 01:47:38.398 65071 DEBUG oslo_service.service [-] cache.config_prefix = cache.oslo log_opt_values /usr/lib/python3/dist-packages/oslo_config/cfg.py:2609
2025-05-15 01:47:38.398 65071 DEBUG oslo_service.service [-] cache.debug_cache_backend = False log_opt_values /usr/lib/python3/dist-packages/oslo_config/cfg.py:2609
2025-05-15 01:47:38.398 65071 DEBUG oslo_service.service [-] cache.enabled = False log_opt_values /usr/lib/python3/dist-packages/oslo_config/cfg.py:2609
2025-05-15 01:47:38.398 65071 DEBUG oslo_service.service [-] cache.expiration_time = 600 log_opt_values /usr/lib/python3/dist-packages/oslo_config/cfg.py:2609
2025-05-15 01:47:38.399 65071 DEBUG oslo_service.service [-] cache.memcache_dead_retry = 300 log_opt_values /usr/lib/python3/dist-packages/oslo_config/cfg.py:2609
2025-05-15 01:47:38.399 65071 DEBUG oslo_service.service [-] cache.memcache_pool_connection_get_timeout = 10 log_opt_values /usr/lib/python3/dist-packages/oslo_config/cfg.py:2609
2025-05-15 01:47:38.399 65071 DEBUG oslo_service.service [-] cache.memcache_pool_flush_on_reconnect = False log_opt_values /usr/lib/python3/dist-packages/oslo_config/cfg.py:2609
2025-05-15 01:47:38.399 65071 DEBUG oslo_service.service [-] cache.memcache_pool_maxsize = 10 log_opt_values /usr/lib/python3/dist-packages/oslo_config/cfg.py:2609
2025-05-15 01:47:38.399 65071 DEBUG oslo_service.service [-] cache.memcache_pool_unused_timeout = 60 log_opt_values /usr/lib/python3/dist-packages/oslo_config/cfg.py:2609
2025-05-15 01:47:38.399 65071 DEBUG oslo_service.service [-] cache.memcache_servers = ['localhost:11211'] log_opt_values /usr/lib/python3/dist-packages/oslo_config/cfg.py:2609
2025-05-15 01:47:38.400 65071 DEBUG oslo_service.service [-] cache.memcache_socket_timeout = 1.0 log_opt_values /usr/lib/python3/dist-packages/oslo_config/cfg.py:2609
2025-05-15 01:47:38.400 65071 DEBUG oslo_service.service [-] cache.proxies = [] log_opt_values /usr/lib/python3/dist-packages/oslo_config/cfg.py:2609
2025-05-15 01:47:38.400 65071 DEBUG oslo_service.service [-] cache.tls_allowed_ciphers = None log_opt_values /usr/lib/python3/dist-packages/oslo_config/cfg.py:2609
2025-05-15 01:47:38.400 65071 DEBUG oslo_service.service [-] cache.tls_cafile = None log_opt_values /usr/lib/python3/dist-packages/oslo_config/cfg.py:2609
2025-05-15 01:47:38.400 65071 DEBUG oslo_service.service [-] cache.tls_certfile = None log_opt_values /usr/lib/python3/dist-packages/oslo_config/cfg.py:2609
2025-05-15 01:47:38.400 65071 DEBUG oslo_service.service [-] cache.tls_enabled = False log_opt_values /usr/lib/python3/dist-packages/oslo_config/cfg.py:2609
2025-05-15 01:47:38.400 65071 DEBUG oslo_service.service [-] cache.tls_keyfile = None log_opt_values /usr/lib/python3/dist-packages/oslo_config/cfg.py:2609
2025-05-15 01:47:38.400 65071 DEBUG oslo_service.service [-] constraint_validation_cache.caching = True log_opt_values /usr/lib/python3/dist-packages/oslo_config/cfg.py:2609
2025-05-15 01:47:38.401 65071 DEBUG oslo_service.service [-] constraint_validation_cache.expiration_time = 60 log_opt_values /usr/lib/python3/dist-packages/oslo_config/cfg.py:2609
2025-05-15 01:47:38.401 65071 DEBUG oslo_service.service [-] service_extension_cache.caching = True log_opt_values /usr/lib/python3/dist-packages/oslo_config/cfg.py:2609
2025-05-15 01:47:38.401 65071 DEBUG oslo_service.service [-] service_extension_cache.expiration_time = 3600 log_opt_values /usr/lib/python3/dist-packages/oslo_config/cfg.py:2609
2025-05-15 01:47:38.401 65071 DEBUG oslo_service.service [-] resource_finder_cache.caching = True log_opt_values /usr/lib/python3/dist-packages/oslo_config/cfg.py:2609
2025-05-15 01:47:38.401 65071 DEBUG oslo_service.service [-] resource_finder_cache.expiration_time = 3600 log_opt_values /usr/lib/python3/dist-packages/oslo_config/cfg.py:2609
2025-05-15 01:47:38.401 65071 DEBUG oslo_service.service [-] yaql.limit_iterators = 200 log_opt_values /usr/lib/python3/dist-packages/oslo_config/cfg.py:2609
2025-05-15 01:47:38.401 65071 DEBUG oslo_service.service [-] yaql.memory_quota = 10000 log_opt_values /usr/lib/python3/dist-packages/oslo_config/cfg.py:2609
2025-05-15 01:47:38.402 65071 DEBUG oslo_service.service [-] ******************************************************************************** log_opt_values /usr/lib/python3/dist-packages/oslo_config/cfg.py:2613
2025-05-15 01:47:38.419 65311 DEBUG oslo_db.sqlalchemy.engines [req-c5dd6665-6586-4463-acbd-81a14768235b - - - - -] MySQL server mode set to STRICT_TRANS_TABLES,STRICT_ALL_TABLES,NO_ZERO_IN_DATE,NO_ZERO_DATE,ERROR_FOR_DIVISION_BY_ZERO,TRADITIONAL,NO_ENGINE_SUBSTITUTION _check_effective_sql_mode /usr/lib/python3/dist-packages/oslo_db/sqlalchemy/engines.py:314
2025-05-15 01:47:38.427 65312 DEBUG oslo_db.sqlalchemy.engines [req-687318a2-1efb-45de-b4e8-dedefe53646a - - - - -] MySQL server mode set to STRICT_TRANS_TABLES,STRICT_ALL_TABLES,NO_ZERO_IN_DATE,NO_ZERO_DATE,ERROR_FOR_DIVISION_BY_ZERO,TRADITIONAL,NO_ENGINE_SUBSTITUTION _check_effective_sql_mode /usr/lib/python3/dist-packages/oslo_db/sqlalchemy/engines.py:314
2025-05-15 01:47:38.428 65313 DEBUG oslo_db.sqlalchemy.engines [req-d681c5a2-247d-4757-88c0-b4b4b1f7e316 - - - - -] MySQL server mode set to STRICT_TRANS_TABLES,STRICT_ALL_TABLES,NO_ZERO_IN_DATE,NO_ZERO_DATE,ERROR_FOR_DIVISION_BY_ZERO,TRADITIONAL,NO_ENGINE_SUBSTITUTION _check_effective_sql_mode /usr/lib/python3/dist-packages/oslo_db/sqlalchemy/engines.py:314
2025-05-15 01:47:38.435 65314 DEBUG oslo_db.sqlalchemy.engines [req-483a033c-015a-4a2a-8497-9ae361c1fd8b - - - - -] MySQL server mode set to STRICT_TRANS_TABLES,STRICT_ALL_TABLES,NO_ZERO_IN_DATE,NO_ZERO_DATE,ERROR_FOR_DIVISION_BY_ZERO,TRADITIONAL,NO_ENGINE_SUBSTITUTION _check_effective_sql_mode /usr/lib/python3/dist-packages/oslo_db/sqlalchemy/engines.py:314
2025-05-15 01:47:38.490 65311 DEBUG heat.engine.service [req-ddfa3457-0ff4-4123-9aea-0bb775ec260a - - - - -] Service 9ce8f872-1b2b-49c2-b353-1160cd933e25 is started service_manage_report /usr/lib/python3/dist-packages/heat/engine/service.py:2363
2025-05-15 01:47:38.498 65313 DEBUG heat.engine.service [req-e94a745b-51b6-440c-8a43-42a7d5d8bca7 - - - - -] Service 301f0016-9d46-45f2-82ae-0e5ecc1d4e53 is started service_manage_report /usr/lib/python3/dist-packages/heat/engine/service.py:2363
2025-05-15 01:47:38.501 65312 DEBUG heat.engine.service [req-001528f5-b55d-4144-864c-837d50080ca5 - - - - -] Service 6e1c431e-0476-4c5d-b6c9-590ff4a38e81 is started service_manage_report /usr/lib/python3/dist-packages/heat/engine/service.py:2363
2025-05-15 01:47:38.505 65314 DEBUG heat.engine.service [req-68437463-cb5a-468d-b70c-3d31e8f3772c - - - - -] Service 388ac56b-d0de-4e9d-9fe0-27db0e3291fd is started service_manage_report /usr/lib/python3/dist-packages/heat/engine/service.py:2363
2025-05-15 01:47:38.506 65311 DEBUG heat.engine.service [req-ddfa3457-0ff4-4123-9aea-0bb775ec260a - - - - -] Service 9ce8f872-1b2b-49c2-b353-1160cd933e25 is updated service_manage_report /usr/lib/python3/dist-packages/heat/engine/service.py:2370
2025-05-15 01:47:38.516 65313 DEBUG heat.engine.service [req-e94a745b-51b6-440c-8a43-42a7d5d8bca7 - - - - -] Service 301f0016-9d46-45f2-82ae-0e5ecc1d4e53 is updated service_manage_report /usr/lib/python3/dist-packages/heat/engine/service.py:2370
2025-05-15 01:47:38.520 65312 DEBUG heat.engine.service [req-001528f5-b55d-4144-864c-837d50080ca5 - - - - -] Service 6e1c431e-0476-4c5d-b6c9-590ff4a38e81 is updated service_manage_report /usr/lib/python3/dist-packages/heat/engine/service.py:2370
2025-05-15 01:47:38.524 65314 DEBUG heat.engine.service [req-68437463-cb5a-468d-b70c-3d31e8f3772c - - - - -] Service 388ac56b-d0de-4e9d-9fe0-27db0e3291fd is updated service_manage_report /usr/lib/python3/dist-packages/heat/engine/service.py:2370
2025-05-15 01:48:38.487 65311 DEBUG heat.engine.service [req-26327890-9422-4e05-a03e-24147bc93d61 - - - - -] Service 9ce8f872-1b2b-49c2-b353-1160cd933e25 is updated service_manage_report /usr/lib/python3/dist-packages/heat/engine/service.py:2370
2025-05-15 01:48:38.492 65313 DEBUG heat.engine.service [req-d3fac800-169b-4bd1-b545-eea8d2dbcc61 - - - - -] Service 301f0016-9d46-45f2-82ae-0e5ecc1d4e53 is updated service_manage_report /usr/lib/python3/dist-packages/heat/engine/service.py:2370
2025-05-15 01:48:38.498 65312 DEBUG heat.engine.service [req-2fd08960-2090-443f-85ce-61ae7e16682c - - - - -] Service 6e1c431e-0476-4c5d-b6c9-590ff4a38e81 is updated service_manage_report /usr/lib/python3/dist-packages/heat/engine/service.py:2370
2025-05-15 01:48:38.502 65314 DEBUG heat.engine.service [req-8997e647-b4bb-42f6-b1a6-cc10f54f2d55 - - - - -] Service 388ac56b-d0de-4e9d-9fe0-27db0e3291fd is updated service_manage_report /usr/lib/python3/dist-packages/heat/engine/service.py:2370
2025-05-15 01:49:38.483 65311 DEBUG heat.engine.service [req-6436ff28-987a-4adc-aebb-4d57cdf70ff6 - - - - -] Service 9ce8f872-1b2b-49c2-b353-1160cd933e25 is updated service_manage_report /usr/lib/python3/dist-packages/heat/engine/service.py:2370
2025-05-15 01:49:38.488 65313 DEBUG heat.engine.service [req-edf29713-972c-4277-8e70-850ebac9c7b7 - - - - -] Service 301f0016-9d46-45f2-82ae-0e5ecc1d4e53 is updated service_manage_report /usr/lib/python3/dist-packages/heat/engine/service.py:2370
2025-05-15 01:49:38.496 65312 DEBUG heat.engine.service [req-86aa69fb-fcb7-4fd5-86be-f2a71f3f229a - - - - -] Service 6e1c431e-0476-4c5d-b6c9-590ff4a38e81 is updated service_manage_report /usr/lib/python3/dist-packages/heat/engine/service.py:2370
2025-05-15 01:49:38.497 65314 DEBUG heat.engine.service [req-e0d2da5a-e9f1-4a61-a4de-b452561050b4 - - - - -] Service 388ac56b-d0de-4e9d-9fe0-27db0e3291fd is updated service_manage_report /usr/lib/python3/dist-packages/heat/engine/service.py:2370
2025-05-15 01:50:38.479 65311 DEBUG heat.engine.service [req-96569da1-ef37-4c28-9ed2-f73135a1a505 - - - - -] Service 9ce8f872-1b2b-49c2-b353-1160cd933e25 is updated service_manage_report /usr/lib/python3/dist-packages/heat/engine/service.py:2370
2025-05-15 01:50:38.490 65312 DEBUG heat.engine.service [req-7d984f15-1189-49c1-96f4-4f4997856bd3 - - - - -] Service 6e1c431e-0476-4c5d-b6c9-590ff4a38e81 is updated service_manage_report /usr/lib/python3/dist-packages/heat/engine/service.py:2370
2025-05-15 01:50:38.494 65313 DEBUG heat.engine.service [req-b9e58347-488d-4449-8841-8aa7b93ad33f - - - - -] Service 301f0016-9d46-45f2-82ae-0e5ecc1d4e53 is updated service_manage_report /usr/lib/python3/dist-packages/heat/engine/service.py:2370
2025-05-15 01:50:38.500 65314 DEBUG heat.engine.service [req-fa2b0009-18d8-446f-8456-bcdcb5c4e8c4 - - - - -] Service 388ac56b-d0de-4e9d-9fe0-27db0e3291fd is updated service_manage_report /usr/lib/python3/dist-packages/heat/engine/service.py:2370
2025-05-15 01:51:38.474 65311 DEBUG heat.engine.service [req-fb10b257-1e23-45e7-ac9b-8615ba082f51 - - - - -] Service 9ce8f872-1b2b-49c2-b353-1160cd933e25 is updated service_manage_report /usr/lib/python3/dist-packages/heat/engine/service.py:2370
2025-05-15 01:51:38.496 65312 DEBUG heat.engine.service [req-09fd0650-a042-423e-a203-00ffc7f82819 - - - - -] Service 6e1c431e-0476-4c5d-b6c9-590ff4a38e81 is updated service_manage_report /usr/lib/python3/dist-packages/heat/engine/service.py:2370
2025-05-15 01:51:38.499 65313 DEBUG heat.engine.service [req-9536cb5a-368b-4509-85a5-d1306f75783c - - - - -] Service 301f0016-9d46-45f2-82ae-0e5ecc1d4e53 is updated service_manage_report /usr/lib/python3/dist-packages/heat/engine/service.py:2370
2025-05-15 01:51:38.501 65314 DEBUG heat.engine.service [req-7fe4af18-ae68-4f6c-b9d9-3bba97dc1548 - - - - -] Service 388ac56b-d0de-4e9d-9fe0-27db0e3291fd is updated service_manage_report /usr/lib/python3/dist-packages/heat/engine/service.py:2370
2025-05-15 01:52:38.493 65311 DEBUG heat.engine.service [req-2d70b077-3030-46e1-a440-a9e76f5b8155 - - - - -] Service 9ce8f872-1b2b-49c2-b353-1160cd933e25 is updated service_manage_report /usr/lib/python3/dist-packages/heat/engine/service.py:2370
2025-05-15 01:52:38.510 65312 DEBUG heat.engine.service [req-7e369554-75db-4599-abc7-8027233ac4a9 - - - - -] Service 6e1c431e-0476-4c5d-b6c9-590ff4a38e81 is updated service_manage_report /usr/lib/python3/dist-packages/heat/engine/service.py:2370
2025-05-15 01:52:38.544 65314 DEBUG heat.engine.service [req-6d537ded-9c9a-43d9-ac74-d114ceecceee - - - - -] Service 388ac56b-d0de-4e9d-9fe0-27db0e3291fd is updated service_manage_report /usr/lib/python3/dist-packages/heat/engine/service.py:2370
2025-05-15 01:52:38.545 65313 DEBUG heat.engine.service [req-85b203b0-2787-4b9b-b778-cc6bb26aa579 - - - - -] Service 301f0016-9d46-45f2-82ae-0e5ecc1d4e53 is updated service_manage_report /usr/lib/python3/dist-packages/heat/engine/service.py:2370
2025-05-15 01:53:38.479 65311 DEBUG heat.engine.service [req-ea3be765-abfc-4416-8d5e-8fd8659548a8 - - - - -] Service 9ce8f872-1b2b-49c2-b353-1160cd933e25 is updated service_manage_report /usr/lib/python3/dist-packages/heat/engine/service.py:2370
2025-05-15 01:53:38.501 65313 DEBUG heat.engine.service [req-8a04d9e0-1045-489e-89bc-0b05121512d5 - - - - -] Service 301f0016-9d46-45f2-82ae-0e5ecc1d4e53 is updated service_manage_report /usr/lib/python3/dist-packages/heat/engine/service.py:2370
2025-05-15 01:53:38.504 65312 DEBUG heat.engine.service [req-9c95654b-78dd-4908-a3ba-95021e5b03b0 - - - - -] Service 6e1c431e-0476-4c5d-b6c9-590ff4a38e81 is updated service_manage_report /usr/lib/python3/dist-packages/heat/engine/service.py:2370
2025-05-15 01:53:38.506 65314 DEBUG heat.engine.service [req-6950ac60-265b-4b54-aa2a-ecf654e10dec - - - - -] Service 388ac56b-d0de-4e9d-9fe0-27db0e3291fd is updated service_manage_report /usr/lib/python3/dist-packages/heat/engine/service.py:2370