2025-05-15 01:45:54.203 61783 DEBUG oslo_service.service [-] volumes.backups_enabled = True log_opt_values /usr/lib/python3/dist-packages/oslo_config/cfg.py:2609
2025-05-15 01:45:54.203 61783 DEBUG oslo_service.service [-] noauth.token_response = log_opt_values /usr/lib/python3/dist-packages/oslo_config/cfg.py:2609
2025-05-15 01:45:54.204 61783 DEBUG oslo_service.service [-] clients.ca_file = None log_opt_values /usr/lib/python3/dist-packages/oslo_config/cfg.py:2609
2025-05-15 01:45:54.205 61783 DEBUG oslo_service.service [-] clients.cert_file = None log_opt_values /usr/lib/python3/dist-packages/oslo_config/cfg.py:2609
2025-05-15 01:45:54.205 61783 DEBUG oslo_service.service [-] clients.endpoint_type = publicURL log_opt_values /usr/lib/python3/dist-packages/oslo_config/cfg.py:2609
2025-05-15 01:45:54.205 61783 DEBUG oslo_service.service [-] clients.insecure = False log_opt_values /usr/lib/python3/dist-packages/oslo_config/cfg.py:2609
2025-05-15 01:45:54.206 61783 DEBUG oslo_service.service [-] clients.key_file = None log_opt_values /usr/lib/python3/dist-packages/oslo_config/cfg.py:2609
2025-05-15 01:45:54.208 61783 DEBUG oslo_service.service [-] clients_aodh.ca_file = None log_opt_values /usr/lib/python3/dist-packages/oslo_config/cfg.py:2609
2025-05-15 01:45:54.209 61783 DEBUG oslo_service.service [-] clients_aodh.cert_file = None log_opt_values /usr/lib/python3/dist-packages/oslo_config/cfg.py:2609
2025-05-15 01:45:54.209 61783 DEBUG oslo_service.service [-] clients_aodh.endpoint_type = None log_opt_values /usr/lib/python3/dist-packages/oslo_config/cfg.py:2609
2025-05-15 01:45:54.210 61783 DEBUG oslo_service.service [-] clients_aodh.insecure = None log_opt_values /usr/lib/python3/dist-packages/oslo_config/cfg.py:2609
2025-05-15 01:45:54.210 61783 DEBUG oslo_service.service [-] clients_aodh.key_file = None log_opt_values /usr/lib/python3/dist-packages/oslo_config/cfg.py:2609
2025-05-15 01:45:54.211 61783 DEBUG oslo_service.service [-] clients_barbican.ca_file = None log_opt_values /usr/lib/python3/dist-packages/oslo_config/cfg.py:2609
2025-05-15 01:45:54.211 61783 DEBUG oslo_service.service [-] clients_barbican.cert_file = None log_opt_values /usr/lib/python3/dist-packages/oslo_config/cfg.py:2609
2025-05-15 01:45:54.211 61783 DEBUG oslo_service.service [-] clients_barbican.endpoint_type = None log_opt_values /usr/lib/python3/dist-packages/oslo_config/cfg.py:2609
2025-05-15 01:45:54.211 61783 DEBUG oslo_service.service [-] clients_barbican.insecure = None log_opt_values /usr/lib/python3/dist-packages/oslo_config/cfg.py:2609
2025-05-15 01:45:54.211 61783 DEBUG oslo_service.service [-] clients_barbican.key_file = None log_opt_values /usr/lib/python3/dist-packages/oslo_config/cfg.py:2609
2025-05-15 01:45:54.211 61783 DEBUG oslo_service.service [-] clients_cinder.ca_file = None log_opt_values /usr/lib/python3/dist-packages/oslo_config/cfg.py:2609
2025-05-15 01:45:54.213 61783 DEBUG oslo_service.service [-] clients_cinder.cert_file = None log_opt_values /usr/lib/python3/dist-packages/oslo_config/cfg.py:2609
2025-05-15 01:45:54.213 61783 DEBUG oslo_service.service [-] clients_cinder.endpoint_type = None log_opt_values /usr/lib/python3/dist-packages/oslo_config/cfg.py:2609
2025-05-15 01:45:54.214 61783 DEBUG oslo_service.service [-] clients_cinder.http_log_debug = False log_opt_values /usr/lib/python3/dist-packages/oslo_config/cfg.py:2609
2025-05-15 01:45:54.215 61783 DEBUG oslo_service.service [-] clients_cinder.insecure = None log_opt_values /usr/lib/python3/dist-packages/oslo_config/cfg.py:2609
2025-05-15 01:45:54.216 61783 DEBUG oslo_service.service [-] clients_cinder.key_file = None log_opt_values /usr/lib/python3/dist-packages/oslo_config/cfg.py:2609
2025-05-15 01:45:54.216 61783 DEBUG oslo_service.service [-] clients_designate.ca_file = None log_opt_values /usr/lib/python3/dist-packages/oslo_config/cfg.py:2609
2025-05-15 01:45:54.217 61783 DEBUG oslo_service.service [-] clients_designate.cert_file = None log_opt_values /usr/lib/python3/dist-packages/oslo_config/cfg.py:2609
2025-05-15 01:45:54.217 61783 DEBUG oslo_service.service [-] clients_designate.endpoint_type = None log_opt_values /usr/lib/python3/dist-packages/oslo_config/cfg.py:2609
2025-05-15 01:45:54.217 61783 DEBUG oslo_service.service [-] clients_designate.insecure = None log_opt_values /usr/lib/python3/dist-packages/oslo_config/cfg.py:2609
2025-05-15 01:45:54.218 61783 DEBUG oslo_service.service [-] clients_designate.key_file = None log_opt_values /usr/lib/python3/dist-packages/oslo_config/cfg.py:2609
2025-05-15 01:45:54.218 61783 DEBUG oslo_service.service [-] clients_glance.ca_file = None log_opt_values /usr/lib/python3/dist-packages/oslo_config/cfg.py:2609
2025-05-15 01:45:54.218 61783 DEBUG oslo_service.service [-] clients_glance.cert_file = None log_opt_values /usr/lib/python3/dist-packages/oslo_config/cfg.py:2609
2025-05-15 01:45:54.218 61783 DEBUG oslo_service.service [-] clients_glance.endpoint_type = None log_opt_values /usr/lib/python3/dist-packages/oslo_config/cfg.py:2609
2025-05-15 01:45:54.218 61783 DEBUG oslo_service.service [-] clients_glance.insecure = None log_opt_values /usr/lib/python3/dist-packages/oslo_config/cfg.py:2609
2025-05-15 01:45:54.219 61783 DEBUG oslo_service.service [-] clients_glance.key_file = None log_opt_values /usr/lib/python3/dist-packages/oslo_config/cfg.py:2609
2025-05-15 01:45:54.219 61783 DEBUG oslo_service.service [-] clients_heat.ca_file = None log_opt_values /usr/lib/python3/dist-packages/oslo_config/cfg.py:2609
2025-05-15 01:45:54.220 61783 DEBUG oslo_service.service [-] clients_heat.cert_file = None log_opt_values /usr/lib/python3/dist-packages/oslo_config/cfg.py:2609
2025-05-15 01:45:54.220 61783 DEBUG oslo_service.service [-] clients_heat.endpoint_type = None log_opt_values /usr/lib/python3/dist-packages/oslo_config/cfg.py:2609
2025-05-15 01:45:54.220 61783 DEBUG oslo_service.service [-] clients_heat.insecure = None log_opt_values /usr/lib/python3/dist-packages/oslo_config/cfg.py:2609
2025-05-15 01:45:54.221 61783 DEBUG oslo_service.service [-] clients_heat.key_file = None log_opt_values /usr/lib/python3/dist-packages/oslo_config/cfg.py:2609
2025-05-15 01:45:54.222 61783 DEBUG oslo_service.service [-] clients_heat.url = log_opt_values /usr/lib/python3/dist-packages/oslo_config/cfg.py:2609
2025-05-15 01:45:54.222 61783 DEBUG oslo_service.service [-] clients_keystone.auth_uri = http://252.41.158.127:5050 log_opt_values /usr/lib/python3/dist-packages/oslo_config/cfg.py:2609
2025-05-15 01:45:54.222 61783 DEBUG oslo_service.service [-] clients_keystone.ca_file = None log_opt_values /usr/lib/python3/dist-packages/oslo_config/cfg.py:2609
2025-05-15 01:45:54.222 61783 DEBUG oslo_service.service [-] clients_keystone.cert_file = None log_opt_values /usr/lib/python3/dist-packages/oslo_config/cfg.py:2609
2025-05-15 01:45:54.222 61783 DEBUG oslo_service.service [-] clients_keystone.endpoint_type = None log_opt_values /usr/lib/python3/dist-packages/oslo_config/cfg.py:2609
2025-05-15 01:45:54.222 61783 DEBUG oslo_service.service [-] clients_keystone.insecure = None log_opt_values /usr/lib/python3/dist-packages/oslo_config/cfg.py:2609
2025-05-15 01:45:54.223 61783 DEBUG oslo_service.service [-] clients_keystone.key_file = None log_opt_values /usr/lib/python3/dist-packages/oslo_config/cfg.py:2609
2025-05-15 01:45:54.224 61783 DEBUG oslo_service.service [-] clients_magnum.ca_file = None log_opt_values /usr/lib/python3/dist-packages/oslo_config/cfg.py:2609
2025-05-15 01:45:54.224 61783 DEBUG oslo_service.service [-] clients_magnum.cert_file = None log_opt_values /usr/lib/python3/dist-packages/oslo_config/cfg.py:2609
2025-05-15 01:45:54.224 61783 DEBUG oslo_service.service [-] clients_magnum.endpoint_type = None log_opt_values /usr/lib/python3/dist-packages/oslo_config/cfg.py:2609
2025-05-15 01:45:54.224 61783 DEBUG oslo_service.service [-] clients_magnum.insecure = None log_opt_values /usr/lib/python3/dist-packages/oslo_config/cfg.py:2609
2025-05-15 01:45:54.225 61783 DEBUG oslo_service.service [-] clients_magnum.key_file = None log_opt_values /usr/lib/python3/dist-packages/oslo_config/cfg.py:2609
2025-05-15 01:45:54.225 61783 DEBUG oslo_service.service [-] clients_manila.ca_file = None log_opt_values /usr/lib/python3/dist-packages/oslo_config/cfg.py:2609
2025-05-15 01:45:54.225 61783 DEBUG oslo_service.service [-] clients_manila.cert_file = None log_opt_values /usr/lib/python3/dist-packages/oslo_config/cfg.py:2609
2025-05-15 01:45:54.225 61783 DEBUG oslo_service.service [-] clients_manila.endpoint_type = None log_opt_values /usr/lib/python3/dist-packages/oslo_config/cfg.py:2609
2025-05-15 01:45:54.225 61783 DEBUG oslo_service.service [-] clients_manila.insecure = None log_opt_values /usr/lib/python3/dist-packages/oslo_config/cfg.py:2609
2025-05-15 01:45:54.226 61783 DEBUG oslo_service.service [-] clients_manila.key_file = None log_opt_values /usr/lib/python3/dist-packages/oslo_config/cfg.py:2609
2025-05-15 01:45:54.226 61783 DEBUG oslo_service.service [-] clients_mistral.ca_file = None log_opt_values /usr/lib/python3/dist-packages/oslo_config/cfg.py:2609
2025-05-15 01:45:54.226 61783 DEBUG oslo_service.service [-] clients_mistral.cert_file = None log_opt_values /usr/lib/python3/dist-packages/oslo_config/cfg.py:2609
2025-05-15 01:45:54.226 61783 DEBUG oslo_service.service [-] clients_mistral.endpoint_type = None log_opt_values /usr/lib/python3/dist-packages/oslo_config/cfg.py:2609
2025-05-15 01:45:54.226 61783 DEBUG oslo_service.service [-] clients_mistral.insecure = None log_opt_values /usr/lib/python3/dist-packages/oslo_config/cfg.py:2609
2025-05-15 01:45:54.226 61783 DEBUG oslo_service.service [-] clients_mistral.key_file = None log_opt_values /usr/lib/python3/dist-packages/oslo_config/cfg.py:2609
2025-05-15 01:45:54.226 61783 DEBUG oslo_service.service [-] clients_monasca.ca_file = None log_opt_values /usr/lib/python3/dist-packages/oslo_config/cfg.py:2609
2025-05-15 01:45:54.227 61783 DEBUG oslo_service.service [-] clients_monasca.cert_file = None log_opt_values /usr/lib/python3/dist-packages/oslo_config/cfg.py:2609
2025-05-15 01:45:54.227 61783 DEBUG oslo_service.service [-] clients_monasca.endpoint_type = None log_opt_values /usr/lib/python3/dist-packages/oslo_config/cfg.py:2609
2025-05-15 01:45:54.228 61783 DEBUG oslo_service.service [-] clients_monasca.insecure = None log_opt_values /usr/lib/python3/dist-packages/oslo_config/cfg.py:2609
2025-05-15 01:45:54.228 61783 DEBUG oslo_service.service [-] clients_monasca.key_file = None log_opt_values /usr/lib/python3/dist-packages/oslo_config/cfg.py:2609
2025-05-15 01:45:54.229 61783 DEBUG oslo_service.service [-] clients_neutron.ca_file = None log_opt_values /usr/lib/python3/dist-packages/oslo_config/cfg.py:2609
2025-05-15 01:45:54.229 61783 DEBUG oslo_service.service [-] clients_neutron.cert_file = None log_opt_values /usr/lib/python3/dist-packages/oslo_config/cfg.py:2609
2025-05-15 01:45:54.230 61783 DEBUG oslo_service.service [-] clients_neutron.endpoint_type = None log_opt_values /usr/lib/python3/dist-packages/oslo_config/cfg.py:2609
2025-05-15 01:45:54.230 61783 DEBUG oslo_service.service [-] clients_neutron.insecure = None log_opt_values /usr/lib/python3/dist-packages/oslo_config/cfg.py:2609
2025-05-15 01:45:54.230 61783 DEBUG oslo_service.service [-] clients_neutron.key_file = None log_opt_values /usr/lib/python3/dist-packages/oslo_config/cfg.py:2609
2025-05-15 01:45:54.230 61783 DEBUG oslo_service.service [-] clients_nova.ca_file = None log_opt_values /usr/lib/python3/dist-packages/oslo_config/cfg.py:2609
2025-05-15 01:45:54.230 61783 DEBUG oslo_service.service [-] clients_nova.cert_file = None log_opt_values /usr/lib/python3/dist-packages/oslo_config/cfg.py:2609
2025-05-15 01:45:54.230 61783 DEBUG oslo_service.service [-] clients_nova.endpoint_type = None log_opt_values /usr/lib/python3/dist-packages/oslo_config/cfg.py:2609
2025-05-15 01:45:54.230 61783 DEBUG oslo_service.service [-] clients_nova.http_log_debug = False log_opt_values /usr/lib/python3/dist-packages/oslo_config/cfg.py:2609
2025-05-15 01:45:54.231 61783 DEBUG oslo_service.service [-] clients_nova.insecure = None log_opt_values /usr/lib/python3/dist-packages/oslo_config/cfg.py:2609
2025-05-15 01:45:54.231 61783 DEBUG oslo_service.service [-] clients_nova.key_file = None log_opt_values /usr/lib/python3/dist-packages/oslo_config/cfg.py:2609
2025-05-15 01:45:54.231 61783 DEBUG oslo_service.service [-] clients_octavia.ca_file = None log_opt_values /usr/lib/python3/dist-packages/oslo_config/cfg.py:2609
2025-05-15 01:45:54.232 61783 DEBUG oslo_service.service [-] clients_octavia.cert_file = None log_opt_values /usr/lib/python3/dist-packages/oslo_config/cfg.py:2609
2025-05-15 01:45:54.232 61783 DEBUG oslo_service.service [-] clients_octavia.endpoint_type = None log_opt_values /usr/lib/python3/dist-packages/oslo_config/cfg.py:2609
2025-05-15 01:45:54.232 61783 DEBUG oslo_service.service [-] clients_octavia.insecure = None log_opt_values /usr/lib/python3/dist-packages/oslo_config/cfg.py:2609
2025-05-15 01:45:54.234 61783 DEBUG oslo_service.service [-] clients_octavia.key_file = None log_opt_values /usr/lib/python3/dist-packages/oslo_config/cfg.py:2609
2025-05-15 01:45:54.234 61783 DEBUG oslo_service.service [-] clients_sahara.ca_file = None log_opt_values /usr/lib/python3/dist-packages/oslo_config/cfg.py:2609
2025-05-15 01:45:54.234 61783 DEBUG oslo_service.service [-] clients_sahara.cert_file = None log_opt_values /usr/lib/python3/dist-packages/oslo_config/cfg.py:2609
2025-05-15 01:45:54.235 61783 DEBUG oslo_service.service [-] clients_sahara.endpoint_type = None log_opt_values /usr/lib/python3/dist-packages/oslo_config/cfg.py:2609
2025-05-15 01:45:54.235 61783 DEBUG oslo_service.service [-] clients_sahara.insecure = None log_opt_values /usr/lib/python3/dist-packages/oslo_config/cfg.py:2609
2025-05-15 01:45:54.235 61783 DEBUG oslo_service.service [-] clients_sahara.key_file = None log_opt_values /usr/lib/python3/dist-packages/oslo_config/cfg.py:2609
2025-05-15 01:45:54.236 61783 DEBUG oslo_service.service [-] clients_senlin.ca_file = None log_opt_values /usr/lib/python3/dist-packages/oslo_config/cfg.py:2609
2025-05-15 01:45:54.236 61783 DEBUG oslo_service.service [-] clients_senlin.cert_file = None log_opt_values /usr/lib/python3/dist-packages/oslo_config/cfg.py:2609
2025-05-15 01:45:54.236 61783 DEBUG oslo_service.service [-] clients_senlin.endpoint_type = None log_opt_values /usr/lib/python3/dist-packages/oslo_config/cfg.py:2609
2025-05-15 01:45:54.236 61783 DEBUG oslo_service.service [-] clients_senlin.insecure = None log_opt_values /usr/lib/python3/dist-packages/oslo_config/cfg.py:2609
2025-05-15 01:45:54.236 61783 DEBUG oslo_service.service [-] clients_senlin.key_file = None log_opt_values /usr/lib/python3/dist-packages/oslo_config/cfg.py:2609
2025-05-15 01:45:54.236 61783 DEBUG oslo_service.service [-] clients_swift.ca_file = None log_opt_values /usr/lib/python3/dist-packages/oslo_config/cfg.py:2609
2025-05-15 01:45:54.240 61783 DEBUG oslo_service.service [-] clients_swift.cert_file = None log_opt_values /usr/lib/python3/dist-packages/oslo_config/cfg.py:2609
2025-05-15 01:45:54.240 61783 DEBUG oslo_service.service [-] clients_swift.endpoint_type = None log_opt_values /usr/lib/python3/dist-packages/oslo_config/cfg.py:2609
2025-05-15 01:45:54.241 61783 DEBUG oslo_service.service [-] clients_swift.insecure = None log_opt_values /usr/lib/python3/dist-packages/oslo_config/cfg.py:2609
2025-05-15 01:45:54.241 61783 DEBUG oslo_service.service [-] clients_swift.key_file = None log_opt_values /usr/lib/python3/dist-packages/oslo_config/cfg.py:2609
2025-05-15 01:45:54.241 61783 DEBUG oslo_service.service [-] clients_trove.ca_file = None log_opt_values /usr/lib/python3/dist-packages/oslo_config/cfg.py:2609
2025-05-15 01:45:54.241 61783 DEBUG oslo_service.service [-] clients_trove.cert_file = None log_opt_values /usr/lib/python3/dist-packages/oslo_config/cfg.py:2609
2025-05-15 01:45:54.241 61783 DEBUG oslo_service.service [-] clients_trove.endpoint_type = None log_opt_values /usr/lib/python3/dist-packages/oslo_config/cfg.py:2609
2025-05-15 01:45:54.241 61783 DEBUG oslo_service.service [-] clients_trove.insecure = None log_opt_values /usr/lib/python3/dist-packages/oslo_config/cfg.py:2609
2025-05-15 01:45:54.242 61783 DEBUG oslo_service.service [-] clients_trove.key_file = None log_opt_values /usr/lib/python3/dist-packages/oslo_config/cfg.py:2609
2025-05-15 01:45:54.242 61783 DEBUG oslo_service.service [-] clients_vitrage.ca_file = None log_opt_values /usr/lib/python3/dist-packages/oslo_config/cfg.py:2609
2025-05-15 01:45:54.242 61783 DEBUG oslo_service.service [-] clients_vitrage.cert_file = None log_opt_values /usr/lib/python3/dist-packages/oslo_config/cfg.py:2609
2025-05-15 01:45:54.242 61783 DEBUG oslo_service.service [-] clients_vitrage.endpoint_type = None log_opt_values /usr/lib/python3/dist-packages/oslo_config/cfg.py:2609
2025-05-15 01:45:54.242 61783 DEBUG oslo_service.service [-] clients_vitrage.insecure = None log_opt_values /usr/lib/python3/dist-packages/oslo_config/cfg.py:2609
2025-05-15 01:45:54.242 61783 DEBUG oslo_service.service [-] clients_vitrage.key_file = None log_opt_values /usr/lib/python3/dist-packages/oslo_config/cfg.py:2609
2025-05-15 01:45:54.243 61783 DEBUG oslo_service.service [-] clients_zaqar.ca_file = None log_opt_values /usr/lib/python3/dist-packages/oslo_config/cfg.py:2609
2025-05-15 01:45:54.243 61783 DEBUG oslo_service.service [-] clients_zaqar.cert_file = None log_opt_values /usr/lib/python3/dist-packages/oslo_config/cfg.py:2609
2025-05-15 01:45:54.243 61783 DEBUG oslo_service.service [-] clients_zaqar.endpoint_type = None log_opt_values /usr/lib/python3/dist-packages/oslo_config/cfg.py:2609
2025-05-15 01:45:54.243 61783 DEBUG oslo_service.service [-] clients_zaqar.insecure = None log_opt_values /usr/lib/python3/dist-packages/oslo_config/cfg.py:2609
2025-05-15 01:45:54.243 61783 DEBUG oslo_service.service [-] clients_zaqar.key_file = None log_opt_values /usr/lib/python3/dist-packages/oslo_config/cfg.py:2609
2025-05-15 01:45:54.243 61783 DEBUG oslo_service.service [-] database.backend = sqlalchemy log_opt_values /usr/lib/python3/dist-packages/oslo_config/cfg.py:2609
2025-05-15 01:45:54.244 61783 DEBUG oslo_service.service [-] database.connection = **** log_opt_values /usr/lib/python3/dist-packages/oslo_config/cfg.py:2609
2025-05-15 01:45:54.244 61783 DEBUG oslo_service.service [-] database.connection_debug = 0 log_opt_values /usr/lib/python3/dist-packages/oslo_config/cfg.py:2609
2025-05-15 01:45:54.244 61783 DEBUG oslo_service.service [-] database.connection_parameters = log_opt_values /usr/lib/python3/dist-packages/oslo_config/cfg.py:2609
2025-05-15 01:45:54.244 61783 DEBUG oslo_service.service [-] database.connection_recycle_time = 3600 log_opt_values /usr/lib/python3/dist-packages/oslo_config/cfg.py:2609
2025-05-15 01:45:54.245 61783 DEBUG oslo_service.service [-] database.connection_trace = False log_opt_values /usr/lib/python3/dist-packages/oslo_config/cfg.py:2609
2025-05-15 01:45:54.245 61783 DEBUG oslo_service.service [-] database.db_inc_retry_interval = True log_opt_values /usr/lib/python3/dist-packages/oslo_config/cfg.py:2609
2025-05-15 01:45:54.247 61783 DEBUG oslo_service.service [-] database.db_max_retries = 20 log_opt_values /usr/lib/python3/dist-packages/oslo_config/cfg.py:2609
2025-05-15 01:45:54.248 61783 DEBUG oslo_service.service [-] database.db_max_retry_interval = 10 log_opt_values /usr/lib/python3/dist-packages/oslo_config/cfg.py:2609
2025-05-15 01:45:54.248 61783 DEBUG oslo_service.service [-] database.db_retry_interval = 1 log_opt_values /usr/lib/python3/dist-packages/oslo_config/cfg.py:2609
2025-05-15 01:45:54.248 62007 DEBUG oslo_db.sqlalchemy.engines [req-e7958a22-a34e-4fb1-89e3-2db3e9e1c22f - - - - -] MySQL server mode set to STRICT_TRANS_TABLES,STRICT_ALL_TABLES,NO_ZERO_IN_DATE,NO_ZERO_DATE,ERROR_FOR_DIVISION_BY_ZERO,TRADITIONAL,NO_ENGINE_SUBSTITUTION _check_effective_sql_mode /usr/lib/python3/dist-packages/oslo_db/sqlalchemy/engines.py:314
2025-05-15 01:45:54.248 61783 DEBUG oslo_service.service [-] database.max_overflow = 50 log_opt_values /usr/lib/python3/dist-packages/oslo_config/cfg.py:2609
2025-05-15 01:45:54.248 61783 DEBUG oslo_service.service [-] database.max_pool_size = 5 log_opt_values /usr/lib/python3/dist-packages/oslo_config/cfg.py:2609
2025-05-15 01:45:54.249 61783 DEBUG oslo_service.service [-] database.max_retries = 10 log_opt_values /usr/lib/python3/dist-packages/oslo_config/cfg.py:2609
2025-05-15 01:45:54.249 61783 DEBUG oslo_service.service [-] database.mysql_enable_ndb = False log_opt_values /usr/lib/python3/dist-packages/oslo_config/cfg.py:2609
2025-05-15 01:45:54.250 61783 DEBUG oslo_service.service [-] database.mysql_sql_mode = TRADITIONAL log_opt_values /usr/lib/python3/dist-packages/oslo_config/cfg.py:2609
2025-05-15 01:45:54.250 61783 DEBUG oslo_service.service [-] database.pool_timeout = None log_opt_values /usr/lib/python3/dist-packages/oslo_config/cfg.py:2609
2025-05-15 01:45:54.250 61783 DEBUG oslo_service.service [-] database.retry_interval = 10 log_opt_values /usr/lib/python3/dist-packages/oslo_config/cfg.py:2609
2025-05-15 01:45:54.250 61783 DEBUG oslo_service.service [-] database.slave_connection = **** log_opt_values /usr/lib/python3/dist-packages/oslo_config/cfg.py:2609
2025-05-15 01:45:54.251 61783 DEBUG oslo_service.service [-] database.sqlite_synchronous = True log_opt_values /usr/lib/python3/dist-packages/oslo_config/cfg.py:2609
2025-05-15 01:45:54.251 61783 DEBUG oslo_service.service [-] database.use_db_reconnect = False log_opt_values /usr/lib/python3/dist-packages/oslo_config/cfg.py:2609
2025-05-15 01:45:54.251 61783 DEBUG oslo_service.service [-] oslo_messaging_metrics.metrics_buffer_size = 1000 log_opt_values /usr/lib/python3/dist-packages/oslo_config/cfg.py:2609
2025-05-15 01:45:54.252 61783 DEBUG oslo_service.service [-] oslo_messaging_metrics.metrics_enabled = False log_opt_values /usr/lib/python3/dist-packages/oslo_config/cfg.py:2609
2025-05-15 01:45:54.252 61783 DEBUG oslo_service.service [-] oslo_messaging_metrics.metrics_process_name = log_opt_values /usr/lib/python3/dist-packages/oslo_config/cfg.py:2609
2025-05-15 01:45:54.252 61783 DEBUG oslo_service.service [-] oslo_messaging_metrics.metrics_socket_file = /var/tmp/metrics_collector.sock log_opt_values /usr/lib/python3/dist-packages/oslo_config/cfg.py:2609
2025-05-15 01:45:54.253 61783 DEBUG oslo_service.service [-] oslo_messaging_metrics.metrics_thread_stop_timeout = 10 log_opt_values /usr/lib/python3/dist-packages/oslo_config/cfg.py:2609
2025-05-15 01:45:54.253 61783 DEBUG oslo_service.service [-] oslo_policy.enforce_new_defaults = False log_opt_values /usr/lib/python3/dist-packages/oslo_config/cfg.py:2609
2025-05-15 01:45:54.253 61783 DEBUG oslo_service.service [-] oslo_policy.enforce_scope = False log_opt_values /usr/lib/python3/dist-packages/oslo_config/cfg.py:2609
2025-05-15 01:45:54.254 61783 DEBUG oslo_service.service [-] oslo_policy.policy_default_rule = default log_opt_values /usr/lib/python3/dist-packages/oslo_config/cfg.py:2609
2025-05-15 01:45:54.254 61783 DEBUG oslo_service.service [-] oslo_policy.policy_dirs = ['policy.d'] log_opt_values /usr/lib/python3/dist-packages/oslo_config/cfg.py:2609
2025-05-15 01:45:54.255 61783 DEBUG oslo_service.service [-] oslo_policy.policy_file = policy.yaml log_opt_values /usr/lib/python3/dist-packages/oslo_config/cfg.py:2609
2025-05-15 01:45:54.255 61783 DEBUG oslo_service.service [-] oslo_policy.remote_content_type = application/x-www-form-urlencoded log_opt_values /usr/lib/python3/dist-packages/oslo_config/cfg.py:2609
2025-05-15 01:45:54.255 61783 DEBUG oslo_service.service [-] oslo_policy.remote_ssl_ca_crt_file = None log_opt_values /usr/lib/python3/dist-packages/oslo_config/cfg.py:2609
2025-05-15 01:45:54.255 61783 DEBUG oslo_service.service [-] oslo_policy.remote_ssl_client_crt_file = None log_opt_values /usr/lib/python3/dist-packages/oslo_config/cfg.py:2609
2025-05-15 01:45:54.256 61783 DEBUG oslo_service.service [-] oslo_policy.remote_ssl_client_key_file = None log_opt_values /usr/lib/python3/dist-packages/oslo_config/cfg.py:2609
2025-05-15 01:45:54.256 61783 DEBUG oslo_service.service [-] oslo_policy.remote_ssl_verify_server_crt = False log_opt_values /usr/lib/python3/dist-packages/oslo_config/cfg.py:2609
2025-05-15 01:45:54.256 61783 DEBUG oslo_service.service [-] trustee.auth_section = None log_opt_values /usr/lib/python3/dist-packages/oslo_config/cfg.py:2609
2025-05-15 01:45:54.257 61783 WARNING oslo_config.cfg [-] Deprecated: Option "auth_plugin" from group "trustee" is deprecated. Use option "auth_type" from group "trustee".
2025-05-15 01:45:54.257 61783 DEBUG oslo_service.service [-] trustee.auth_type = password log_opt_values /usr/lib/python3/dist-packages/oslo_config/cfg.py:2609
2025-05-15 01:45:54.257 61783 DEBUG oslo_service.service [-] oslo_versionedobjects.fatal_exception_format_errors = False log_opt_values /usr/lib/python3/dist-packages/oslo_config/cfg.py:2609
2025-05-15 01:45:54.258 61783 DEBUG oslo_service.service [-] oslo_messaging_rabbit.amqp_auto_delete = False log_opt_values /usr/lib/python3/dist-packages/oslo_config/cfg.py:2609
2025-05-15 01:45:54.258 61783 DEBUG oslo_service.service [-] oslo_messaging_rabbit.amqp_durable_queues = False log_opt_values /usr/lib/python3/dist-packages/oslo_config/cfg.py:2609
2025-05-15 01:45:54.258 61783 DEBUG oslo_service.service [-] oslo_messaging_rabbit.conn_pool_min_size = 2 log_opt_values /usr/lib/python3/dist-packages/oslo_config/cfg.py:2609
2025-05-15 01:45:54.258 61783 DEBUG oslo_service.service [-] oslo_messaging_rabbit.conn_pool_ttl = 1200 log_opt_values /usr/lib/python3/dist-packages/oslo_config/cfg.py:2609
2025-05-15 01:45:54.259 61783 DEBUG oslo_service.service [-] oslo_messaging_rabbit.direct_mandatory_flag = True log_opt_values /usr/lib/python3/dist-packages/oslo_config/cfg.py:2609
2025-05-15 01:45:54.259 61783 DEBUG oslo_service.service [-] oslo_messaging_rabbit.enable_cancel_on_failover = False log_opt_values /usr/lib/python3/dist-packages/oslo_config/cfg.py:2609
2025-05-15 01:45:54.259 61783 DEBUG oslo_service.service [-] oslo_messaging_rabbit.heartbeat_in_pthread = False log_opt_values /usr/lib/python3/dist-packages/oslo_config/cfg.py:2609
2025-05-15 01:45:54.259 61783 DEBUG oslo_service.service [-] oslo_messaging_rabbit.heartbeat_rate = 2 log_opt_values /usr/lib/python3/dist-packages/oslo_config/cfg.py:2609
2025-05-15 01:45:54.259 61783 DEBUG oslo_service.service [-] oslo_messaging_rabbit.heartbeat_timeout_threshold = 60 log_opt_values /usr/lib/python3/dist-packages/oslo_config/cfg.py:2609
2025-05-15 01:45:54.259 61783 DEBUG oslo_service.service [-] oslo_messaging_rabbit.kombu_compression = None log_opt_values /usr/lib/python3/dist-packages/oslo_config/cfg.py:2609
2025-05-15 01:45:54.260 61783 DEBUG oslo_service.service [-] oslo_messaging_rabbit.kombu_failover_strategy = round-robin log_opt_values /usr/lib/python3/dist-packages/oslo_config/cfg.py:2609
2025-05-15 01:45:54.260 61783 DEBUG oslo_service.service [-] oslo_messaging_rabbit.kombu_missing_consumer_retry_timeout = 60 log_opt_values /usr/lib/python3/dist-packages/oslo_config/cfg.py:2609
2025-05-15 01:45:54.260 61783 DEBUG oslo_service.service [-] oslo_messaging_rabbit.kombu_reconnect_delay = 1.0 log_opt_values /usr/lib/python3/dist-packages/oslo_config/cfg.py:2609
2025-05-15 01:45:54.260 61783 DEBUG oslo_service.service [-] oslo_messaging_rabbit.rabbit_ha_queues = False log_opt_values /usr/lib/python3/dist-packages/oslo_config/cfg.py:2609
2025-05-15 01:45:54.260 61783 DEBUG oslo_service.service [-] oslo_messaging_rabbit.rabbit_interval_max = 30 log_opt_values /usr/lib/python3/dist-packages/oslo_config/cfg.py:2609
2025-05-15 01:45:54.261 61783 DEBUG oslo_service.service [-] oslo_messaging_rabbit.rabbit_login_method = AMQPLAIN log_opt_values /usr/lib/python3/dist-packages/oslo_config/cfg.py:2609
2025-05-15 01:45:54.261 61783 DEBUG oslo_service.service [-] oslo_messaging_rabbit.rabbit_qos_prefetch_count = 0 log_opt_values /usr/lib/python3/dist-packages/oslo_config/cfg.py:2609
2025-05-15 01:45:54.261 61783 DEBUG oslo_service.service [-] oslo_messaging_rabbit.rabbit_quorum_queue = False log_opt_values /usr/lib/python3/dist-packages/oslo_config/cfg.py:2609
2025-05-15 01:45:54.261 62008 DEBUG oslo_db.sqlalchemy.engines [req-82727898-77d8-4fb9-b3b2-298f801c75a8 - - - - -] MySQL server mode set to STRICT_TRANS_TABLES,STRICT_ALL_TABLES,NO_ZERO_IN_DATE,NO_ZERO_DATE,ERROR_FOR_DIVISION_BY_ZERO,TRADITIONAL,NO_ENGINE_SUBSTITUTION _check_effective_sql_mode /usr/lib/python3/dist-packages/oslo_db/sqlalchemy/engines.py:314
2025-05-15 01:45:54.261 61783 DEBUG oslo_service.service [-] oslo_messaging_rabbit.rabbit_retry_backoff = 2 log_opt_values /usr/lib/python3/dist-packages/oslo_config/cfg.py:2609
2025-05-15 01:45:54.261 61783 DEBUG oslo_service.service [-] oslo_messaging_rabbit.rabbit_retry_interval = 1 log_opt_values /usr/lib/python3/dist-packages/oslo_config/cfg.py:2609
2025-05-15 01:45:54.262 61783 DEBUG oslo_service.service [-] oslo_messaging_rabbit.rabbit_transient_queues_ttl = 1800 log_opt_values /usr/lib/python3/dist-packages/oslo_config/cfg.py:2609
2025-05-15 01:45:54.262 61783 DEBUG oslo_service.service [-] oslo_messaging_rabbit.rpc_conn_pool_size = 30 log_opt_values /usr/lib/python3/dist-packages/oslo_config/cfg.py:2609
2025-05-15 01:45:54.262 61783 DEBUG oslo_service.service [-] oslo_messaging_rabbit.ssl = False log_opt_values /usr/lib/python3/dist-packages/oslo_config/cfg.py:2609
2025-05-15 01:45:54.262 61783 DEBUG oslo_service.service [-] oslo_messaging_rabbit.ssl_ca_file = log_opt_values /usr/lib/python3/dist-packages/oslo_config/cfg.py:2609
2025-05-15 01:45:54.262 61783 DEBUG oslo_service.service [-] oslo_messaging_rabbit.ssl_cert_file = log_opt_values /usr/lib/python3/dist-packages/oslo_config/cfg.py:2609
2025-05-15 01:45:54.262 61783 DEBUG oslo_service.service [-] oslo_messaging_rabbit.ssl_key_file = log_opt_values /usr/lib/python3/dist-packages/oslo_config/cfg.py:2609
2025-05-15 01:45:54.263 61783 DEBUG oslo_service.service [-] oslo_messaging_rabbit.ssl_version = log_opt_values /usr/lib/python3/dist-packages/oslo_config/cfg.py:2609
2025-05-15 01:45:54.263 61783 DEBUG oslo_service.service [-] oslo_messaging_notifications.driver = [] log_opt_values /usr/lib/python3/dist-packages/oslo_config/cfg.py:2609
2025-05-15 01:45:54.263 61783 DEBUG oslo_service.service [-] oslo_messaging_notifications.retry = -1 log_opt_values /usr/lib/python3/dist-packages/oslo_config/cfg.py:2609
2025-05-15 01:45:54.263 61783 DEBUG oslo_service.service [-] oslo_messaging_notifications.topics = ['notifications'] log_opt_values /usr/lib/python3/dist-packages/oslo_config/cfg.py:2609
2025-05-15 01:45:54.263 61783 DEBUG oslo_service.service [-] oslo_messaging_notifications.transport_url = **** log_opt_values /usr/lib/python3/dist-packages/oslo_config/cfg.py:2609
2025-05-15 01:45:54.263 61783 DEBUG oslo_service.service [-] cache.backend = dogpile.cache.null log_opt_values /usr/lib/python3/dist-packages/oslo_config/cfg.py:2609
2025-05-15 01:45:54.264 61783 DEBUG oslo_service.service [-] cache.backend_argument = **** log_opt_values /usr/lib/python3/dist-packages/oslo_config/cfg.py:2609
2025-05-15 01:45:54.264 61783 DEBUG oslo_service.service [-] cache.config_prefix = cache.oslo log_opt_values /usr/lib/python3/dist-packages/oslo_config/cfg.py:2609
2025-05-15 01:45:54.264 61783 DEBUG oslo_service.service [-] cache.debug_cache_backend = False log_opt_values /usr/lib/python3/dist-packages/oslo_config/cfg.py:2609
2025-05-15 01:45:54.264 61783 DEBUG oslo_service.service [-] cache.enabled = False log_opt_values /usr/lib/python3/dist-packages/oslo_config/cfg.py:2609
2025-05-15 01:45:54.264 61783 DEBUG oslo_service.service [-] cache.expiration_time = 600 log_opt_values /usr/lib/python3/dist-packages/oslo_config/cfg.py:2609
2025-05-15 01:45:54.265 61783 DEBUG oslo_service.service [-] cache.memcache_dead_retry = 300 log_opt_values /usr/lib/python3/dist-packages/oslo_config/cfg.py:2609
2025-05-15 01:45:54.265 61783 DEBUG oslo_service.service [-] cache.memcache_pool_connection_get_timeout = 10 log_opt_values /usr/lib/python3/dist-packages/oslo_config/cfg.py:2609
2025-05-15 01:45:54.265 61783 DEBUG oslo_service.service [-] cache.memcache_pool_flush_on_reconnect = False log_opt_values /usr/lib/python3/dist-packages/oslo_config/cfg.py:2609
2025-05-15 01:45:54.265 61783 DEBUG oslo_service.service [-] cache.memcache_pool_maxsize = 10 log_opt_values /usr/lib/python3/dist-packages/oslo_config/cfg.py:2609
2025-05-15 01:45:54.266 61783 DEBUG oslo_service.service [-] cache.memcache_pool_unused_timeout = 60 log_opt_values /usr/lib/python3/dist-packages/oslo_config/cfg.py:2609
2025-05-15 01:45:54.266 61783 DEBUG oslo_service.service [-] cache.memcache_servers = ['localhost:11211'] log_opt_values /usr/lib/python3/dist-packages/oslo_config/cfg.py:2609
2025-05-15 01:45:54.266 61783 DEBUG oslo_service.service [-] cache.memcache_socket_timeout = 1.0 log_opt_values /usr/lib/python3/dist-packages/oslo_config/cfg.py:2609
2025-05-15 01:45:54.266 61783 DEBUG oslo_service.service [-] cache.proxies = [] log_opt_values /usr/lib/python3/dist-packages/oslo_config/cfg.py:2609
2025-05-15 01:45:54.266 61783 DEBUG oslo_service.service [-] cache.tls_allowed_ciphers = None log_opt_values /usr/lib/python3/dist-packages/oslo_config/cfg.py:2609
2025-05-15 01:45:54.267 61783 DEBUG oslo_service.service [-] cache.tls_cafile = None log_opt_values /usr/lib/python3/dist-packages/oslo_config/cfg.py:2609
2025-05-15 01:45:54.267 61783 DEBUG oslo_service.service [-] cache.tls_certfile = None log_opt_values /usr/lib/python3/dist-packages/oslo_config/cfg.py:2609
2025-05-15 01:45:54.267 61783 DEBUG oslo_service.service [-] cache.tls_enabled = False log_opt_values /usr/lib/python3/dist-packages/oslo_config/cfg.py:2609
2025-05-15 01:45:54.267 61783 DEBUG oslo_service.service [-] cache.tls_keyfile = None log_opt_values /usr/lib/python3/dist-packages/oslo_config/cfg.py:2609
2025-05-15 01:45:54.267 61783 DEBUG oslo_service.service [-] constraint_validation_cache.caching = True log_opt_values /usr/lib/python3/dist-packages/oslo_config/cfg.py:2609
2025-05-15 01:45:54.268 61783 DEBUG oslo_service.service [-] constraint_validation_cache.expiration_time = 60 log_opt_values /usr/lib/python3/dist-packages/oslo_config/cfg.py:2609
2025-05-15 01:45:54.268 61783 DEBUG oslo_service.service [-] service_extension_cache.caching = True log_opt_values /usr/lib/python3/dist-packages/oslo_config/cfg.py:2609
2025-05-15 01:45:54.269 61783 DEBUG oslo_service.service [-] service_extension_cache.expiration_time = 3600 log_opt_values /usr/lib/python3/dist-packages/oslo_config/cfg.py:2609
2025-05-15 01:45:54.269 61783 DEBUG oslo_service.service [-] resource_finder_cache.caching = True log_opt_values /usr/lib/python3/dist-packages/oslo_config/cfg.py:2609
2025-05-15 01:45:54.269 61783 DEBUG oslo_service.service [-] resource_finder_cache.expiration_time = 3600 log_opt_values /usr/lib/python3/dist-packages/oslo_config/cfg.py:2609
2025-05-15 01:45:54.269 61783 DEBUG oslo_service.service [-] yaql.limit_iterators = 200 log_opt_values /usr/lib/python3/dist-packages/oslo_config/cfg.py:2609
2025-05-15 01:45:54.270 61783 DEBUG oslo_service.service [-] yaql.memory_quota = 10000 log_opt_values /usr/lib/python3/dist-packages/oslo_config/cfg.py:2609
2025-05-15 01:45:54.270 61783 DEBUG oslo_service.service [-] ******************************************************************************** log_opt_values /usr/lib/python3/dist-packages/oslo_config/cfg.py:2613
2025-05-15 01:45:54.308 62009 DEBUG oslo_db.sqlalchemy.engines [req-9f0af384-8972-4247-be3d-78e46454bf56 - - - - -] MySQL server mode set to STRICT_TRANS_TABLES,STRICT_ALL_TABLES,NO_ZERO_IN_DATE,NO_ZERO_DATE,ERROR_FOR_DIVISION_BY_ZERO,TRADITIONAL,NO_ENGINE_SUBSTITUTION _check_effective_sql_mode /usr/lib/python3/dist-packages/oslo_db/sqlalchemy/engines.py:314
2025-05-15 01:45:54.311 62007 DEBUG heat.engine.service [req-e7958a22-a34e-4fb1-89e3-2db3e9e1c22f - - - - -] Service 2e01fff2-83c4-4d19-b473-a72272185ce8 was aborted service_manage_cleanup /usr/lib/python3/dist-packages/heat/engine/service.py:2391
2025-05-15 01:45:54.312 62010 DEBUG oslo_db.sqlalchemy.engines [req-a4045e8c-0861-4884-954a-c82f984dbe1f - - - - -] MySQL server mode set to STRICT_TRANS_TABLES,STRICT_ALL_TABLES,NO_ZERO_IN_DATE,NO_ZERO_DATE,ERROR_FOR_DIVISION_BY_ZERO,TRADITIONAL,NO_ENGINE_SUBSTITUTION _check_effective_sql_mode /usr/lib/python3/dist-packages/oslo_db/sqlalchemy/engines.py:314
2025-05-15 01:45:54.348 62008 DEBUG heat.engine.service [req-82727898-77d8-4fb9-b3b2-298f801c75a8 - - - - -] Service 2e01fff2-83c4-4d19-b473-a72272185ce8 was aborted service_manage_cleanup /usr/lib/python3/dist-packages/heat/engine/service.py:2391
2025-05-15 01:45:54.364 62008 DEBUG heat.engine.service [req-82727898-77d8-4fb9-b3b2-298f801c75a8 - - - - -] Service 2f1a5908-aab4-4765-ab3e-e07274ff60f8 was aborted service_manage_cleanup /usr/lib/python3/dist-packages/heat/engine/service.py:2391
2025-05-15 01:45:54.373 62007 DEBUG heat.engine.service [req-e7958a22-a34e-4fb1-89e3-2db3e9e1c22f - - - - -] Service 2f1a5908-aab4-4765-ab3e-e07274ff60f8 was aborted service_manage_cleanup /usr/lib/python3/dist-packages/heat/engine/service.py:2391
2025-05-15 01:45:54.374 62009 DEBUG heat.engine.service [req-9f0af384-8972-4247-be3d-78e46454bf56 - - - - -] Service 2f1a5908-aab4-4765-ab3e-e07274ff60f8 was aborted service_manage_cleanup /usr/lib/python3/dist-packages/heat/engine/service.py:2391
2025-05-15 01:45:54.374 62010 DEBUG heat.engine.service [req-a4045e8c-0861-4884-954a-c82f984dbe1f - - - - -] Service 2f1a5908-aab4-4765-ab3e-e07274ff60f8 was aborted service_manage_cleanup /usr/lib/python3/dist-packages/heat/engine/service.py:2391
2025-05-15 01:45:54.423 62008 DEBUG heat.engine.service [req-82727898-77d8-4fb9-b3b2-298f801c75a8 - - - - -] Service 3effbf0e-c320-43a5-bb60-f552bf122e8a was aborted service_manage_cleanup /usr/lib/python3/dist-packages/heat/engine/service.py:2391
2025-05-15 01:45:54.424 62007 DEBUG heat.engine.service [req-e7958a22-a34e-4fb1-89e3-2db3e9e1c22f - - - - -] Service 3effbf0e-c320-43a5-bb60-f552bf122e8a was aborted service_manage_cleanup /usr/lib/python3/dist-packages/heat/engine/service.py:2391
2025-05-15 01:45:54.425 62010 DEBUG heat.engine.service [req-a4045e8c-0861-4884-954a-c82f984dbe1f - - - - -] Service 3effbf0e-c320-43a5-bb60-f552bf122e8a was aborted service_manage_cleanup /usr/lib/python3/dist-packages/heat/engine/service.py:2391
2025-05-15 01:45:54.427 62009 DEBUG heat.engine.service [req-9f0af384-8972-4247-be3d-78e46454bf56 - - - - -] Service 3effbf0e-c320-43a5-bb60-f552bf122e8a was aborted service_manage_cleanup /usr/lib/python3/dist-packages/heat/engine/service.py:2391
2025-05-15 01:45:54.720 62008 DEBUG heat.engine.service [req-82727898-77d8-4fb9-b3b2-298f801c75a8 - - - - -] Service 43c35fbd-2cf8-40a4-a320-f58b91d6dd32 was aborted service_manage_cleanup /usr/lib/python3/dist-packages/heat/engine/service.py:2391
2025-05-15 01:45:54.722 62010 DEBUG heat.engine.service [req-a4045e8c-0861-4884-954a-c82f984dbe1f - - - - -] Service 43c35fbd-2cf8-40a4-a320-f58b91d6dd32 was aborted service_manage_cleanup /usr/lib/python3/dist-packages/heat/engine/service.py:2391
2025-05-15 01:45:54.723 62007 DEBUG heat.engine.service [req-e7958a22-a34e-4fb1-89e3-2db3e9e1c22f - - - - -] Service 43c35fbd-2cf8-40a4-a320-f58b91d6dd32 was aborted service_manage_cleanup /usr/lib/python3/dist-packages/heat/engine/service.py:2391
2025-05-15 01:45:54.724 62009 DEBUG heat.engine.service [req-9f0af384-8972-4247-be3d-78e46454bf56 - - - - -] Service 43c35fbd-2cf8-40a4-a320-f58b91d6dd32 was aborted service_manage_cleanup /usr/lib/python3/dist-packages/heat/engine/service.py:2391
2025-05-15 01:45:54.782 62008 DEBUG heat.engine.service [req-82727898-77d8-4fb9-b3b2-298f801c75a8 - - - - -] Service 4884c038-3416-416b-8693-ae372a3f8364 was aborted service_manage_cleanup /usr/lib/python3/dist-packages/heat/engine/service.py:2391
2025-05-15 01:45:54.786 62007 DEBUG heat.engine.service [req-e7958a22-a34e-4fb1-89e3-2db3e9e1c22f - - - - -] Service 4884c038-3416-416b-8693-ae372a3f8364 was aborted service_manage_cleanup /usr/lib/python3/dist-packages/heat/engine/service.py:2391
2025-05-15 01:45:54.786 62010 DEBUG heat.engine.service [req-a4045e8c-0861-4884-954a-c82f984dbe1f - - - - -] Service 4884c038-3416-416b-8693-ae372a3f8364 was aborted service_manage_cleanup /usr/lib/python3/dist-packages/heat/engine/service.py:2391
2025-05-15 01:45:54.787 62009 DEBUG heat.engine.service [req-9f0af384-8972-4247-be3d-78e46454bf56 - - - - -] Service 4884c038-3416-416b-8693-ae372a3f8364 was aborted service_manage_cleanup /usr/lib/python3/dist-packages/heat/engine/service.py:2391
2025-05-15 01:45:54.851 62008 DEBUG heat.engine.service [req-82727898-77d8-4fb9-b3b2-298f801c75a8 - - - - -] Service 56425208-ce22-424e-8b8c-90797264cf40 was aborted service_manage_cleanup /usr/lib/python3/dist-packages/heat/engine/service.py:2391
2025-05-15 01:45:54.852 62010 DEBUG heat.engine.service [req-a4045e8c-0861-4884-954a-c82f984dbe1f - - - - -] Service 56425208-ce22-424e-8b8c-90797264cf40 was aborted service_manage_cleanup /usr/lib/python3/dist-packages/heat/engine/service.py:2391
2025-05-15 01:45:54.853 62007 DEBUG heat.engine.service [req-e7958a22-a34e-4fb1-89e3-2db3e9e1c22f - - - - -] Service 56425208-ce22-424e-8b8c-90797264cf40 was aborted service_manage_cleanup /usr/lib/python3/dist-packages/heat/engine/service.py:2391
2025-05-15 01:45:54.855 62009 DEBUG heat.engine.service [req-9f0af384-8972-4247-be3d-78e46454bf56 - - - - -] Service 56425208-ce22-424e-8b8c-90797264cf40 was aborted service_manage_cleanup /usr/lib/python3/dist-packages/heat/engine/service.py:2391
2025-05-15 01:45:54.957 62008 DEBUG heat.engine.service [req-82727898-77d8-4fb9-b3b2-298f801c75a8 - - - - -] Service 60c55e4f-fa1d-4511-ba71-f1b572459e93 was aborted service_manage_cleanup /usr/lib/python3/dist-packages/heat/engine/service.py:2391
2025-05-15 01:45:54.957 62009 DEBUG heat.engine.service [req-9f0af384-8972-4247-be3d-78e46454bf56 - - - - -] Service 60c55e4f-fa1d-4511-ba71-f1b572459e93 was aborted service_manage_cleanup /usr/lib/python3/dist-packages/heat/engine/service.py:2391
2025-05-15 01:45:54.958 62010 DEBUG heat.engine.service [req-a4045e8c-0861-4884-954a-c82f984dbe1f - - - - -] Service 60c55e4f-fa1d-4511-ba71-f1b572459e93 was aborted service_manage_cleanup /usr/lib/python3/dist-packages/heat/engine/service.py:2391
2025-05-15 01:45:54.959 62007 DEBUG heat.engine.service [req-e7958a22-a34e-4fb1-89e3-2db3e9e1c22f - - - - -] Service 60c55e4f-fa1d-4511-ba71-f1b572459e93 was aborted service_manage_cleanup /usr/lib/python3/dist-packages/heat/engine/service.py:2391
2025-05-15 01:45:55.144 62008 DEBUG heat.engine.service [req-82727898-77d8-4fb9-b3b2-298f801c75a8 - - - - -] Service 794912cc-1b31-4f9d-889f-ba6be34f30bb was aborted service_manage_cleanup /usr/lib/python3/dist-packages/heat/engine/service.py:2391
2025-05-15 01:45:55.145 62009 DEBUG heat.engine.service [req-9f0af384-8972-4247-be3d-78e46454bf56 - - - - -] Service 794912cc-1b31-4f9d-889f-ba6be34f30bb was aborted service_manage_cleanup /usr/lib/python3/dist-packages/heat/engine/service.py:2391
2025-05-15 01:45:55.146 62010 DEBUG heat.engine.service [req-a4045e8c-0861-4884-954a-c82f984dbe1f - - - - -] Service 794912cc-1b31-4f9d-889f-ba6be34f30bb was aborted service_manage_cleanup /usr/lib/python3/dist-packages/heat/engine/service.py:2391
2025-05-15 01:45:55.149 62007 DEBUG heat.engine.service [req-e7958a22-a34e-4fb1-89e3-2db3e9e1c22f - - - - -] Service 794912cc-1b31-4f9d-889f-ba6be34f30bb was aborted service_manage_cleanup /usr/lib/python3/dist-packages/heat/engine/service.py:2391
2025-05-15 01:45:55.178 62008 DEBUG heat.engine.service [req-82727898-77d8-4fb9-b3b2-298f801c75a8 - - - - -] Service 7e6882ff-34eb-4a12-8d7b-d2c099b87542 was aborted service_manage_cleanup /usr/lib/python3/dist-packages/heat/engine/service.py:2391
2025-05-15 01:45:55.178 62009 DEBUG heat.engine.service [req-9f0af384-8972-4247-be3d-78e46454bf56 - - - - -] Service 7e6882ff-34eb-4a12-8d7b-d2c099b87542 was aborted service_manage_cleanup /usr/lib/python3/dist-packages/heat/engine/service.py:2391
2025-05-15 01:45:55.179 62010 DEBUG heat.engine.service [req-a4045e8c-0861-4884-954a-c82f984dbe1f - - - - -] Service 7e6882ff-34eb-4a12-8d7b-d2c099b87542 was aborted service_manage_cleanup /usr/lib/python3/dist-packages/heat/engine/service.py:2391
2025-05-15 01:45:55.180 62007 DEBUG heat.engine.service [req-e7958a22-a34e-4fb1-89e3-2db3e9e1c22f - - - - -] Service 7e6882ff-34eb-4a12-8d7b-d2c099b87542 was aborted service_manage_cleanup /usr/lib/python3/dist-packages/heat/engine/service.py:2391
2025-05-15 01:45:55.594 62009 DEBUG heat.engine.service [req-9f0af384-8972-4247-be3d-78e46454bf56 - - - - -] Service b61ed484-2f7f-4ae9-971f-42d2421a2e20 was aborted service_manage_cleanup /usr/lib/python3/dist-packages/heat/engine/service.py:2391
2025-05-15 01:45:55.595 62008 DEBUG heat.engine.service [req-82727898-77d8-4fb9-b3b2-298f801c75a8 - - - - -] Service b61ed484-2f7f-4ae9-971f-42d2421a2e20 was aborted service_manage_cleanup /usr/lib/python3/dist-packages/heat/engine/service.py:2391
2025-05-15 01:45:55.596 62010 DEBUG heat.engine.service [req-a4045e8c-0861-4884-954a-c82f984dbe1f - - - - -] Service b61ed484-2f7f-4ae9-971f-42d2421a2e20 was aborted service_manage_cleanup /usr/lib/python3/dist-packages/heat/engine/service.py:2391
2025-05-15 01:45:55.598 62007 DEBUG heat.engine.service [req-e7958a22-a34e-4fb1-89e3-2db3e9e1c22f - - - - -] Service b61ed484-2f7f-4ae9-971f-42d2421a2e20 was aborted service_manage_cleanup /usr/lib/python3/dist-packages/heat/engine/service.py:2391
2025-05-15 01:45:55.746 62009 DEBUG heat.engine.service [req-9f0af384-8972-4247-be3d-78e46454bf56 - - - - -] Service b66becc8-680d-45ef-a295-b98f09716fb3 was aborted service_manage_cleanup /usr/lib/python3/dist-packages/heat/engine/service.py:2391
2025-05-15 01:45:55.746 62010 DEBUG heat.engine.service [req-a4045e8c-0861-4884-954a-c82f984dbe1f - - - - -] Service b66becc8-680d-45ef-a295-b98f09716fb3 was aborted service_manage_cleanup /usr/lib/python3/dist-packages/heat/engine/service.py:2391
2025-05-15 01:45:55.747 62008 DEBUG heat.engine.service [req-82727898-77d8-4fb9-b3b2-298f801c75a8 - - - - -] Service b66becc8-680d-45ef-a295-b98f09716fb3 was aborted service_manage_cleanup /usr/lib/python3/dist-packages/heat/engine/service.py:2391
2025-05-15 01:45:55.748 62007 DEBUG heat.engine.service [req-e7958a22-a34e-4fb1-89e3-2db3e9e1c22f - - - - -] Service b66becc8-680d-45ef-a295-b98f09716fb3 was aborted service_manage_cleanup /usr/lib/python3/dist-packages/heat/engine/service.py:2391
2025-05-15 01:45:55.763 62008 DEBUG heat.engine.service [req-82727898-77d8-4fb9-b3b2-298f801c75a8 - - - - -] Service f8fb2fc3-a281-42c6-b1d0-09d863c5998c was aborted service_manage_cleanup /usr/lib/python3/dist-packages/heat/engine/service.py:2391
2025-05-15 01:45:55.764 62007 DEBUG heat.engine.service [req-e7958a22-a34e-4fb1-89e3-2db3e9e1c22f - - - - -] Service f8fb2fc3-a281-42c6-b1d0-09d863c5998c was aborted service_manage_cleanup /usr/lib/python3/dist-packages/heat/engine/service.py:2391
2025-05-15 01:45:55.765 62010 DEBUG heat.engine.service [req-a4045e8c-0861-4884-954a-c82f984dbe1f - - - - -] Service f8fb2fc3-a281-42c6-b1d0-09d863c5998c was aborted service_manage_cleanup /usr/lib/python3/dist-packages/heat/engine/service.py:2391
2025-05-15 01:45:55.766 62009 DEBUG heat.engine.service [req-9f0af384-8972-4247-be3d-78e46454bf56 - - - - -] Service f8fb2fc3-a281-42c6-b1d0-09d863c5998c was aborted service_manage_cleanup /usr/lib/python3/dist-packages/heat/engine/service.py:2391
2025-05-15 01:45:55.801 62008 DEBUG heat.engine.service [req-4beaf137-d8c7-40ee-898f-6310298da5d3 - - - - -] Service 3be0ddf4-6747-4cf3-9900-d9a7152e0559 is started service_manage_report /usr/lib/python3/dist-packages/heat/engine/service.py:2363
2025-05-15 01:45:55.804 62007 DEBUG heat.engine.service [req-c06ba543-2139-4677-9499-0c9aa2915347 - - - - -] Service 6b51d7bb-6f4c-40b6-91ed-56c4b0f0ef37 is started service_manage_report /usr/lib/python3/dist-packages/heat/engine/service.py:2363
2025-05-15 01:45:55.807 62010 DEBUG heat.engine.service [req-3bd02ec7-e5ff-414a-b094-d59adac9b1de - - - - -] Service 0a4842e2-8f50-4002-95ad-d7457fbec57a is started service_manage_report /usr/lib/python3/dist-packages/heat/engine/service.py:2363
2025-05-15 01:45:55.813 62009 DEBUG heat.engine.service [req-4bdbb84f-8855-4dc4-9089-a2ca72d75831 - - - - -] Service 36fe14ce-6e94-44da-a0cb-aaae8a94f4ac is started service_manage_report /usr/lib/python3/dist-packages/heat/engine/service.py:2363
2025-05-15 01:45:55.825 62010 DEBUG heat.engine.service [req-3bd02ec7-e5ff-414a-b094-d59adac9b1de - - - - -] Service 0a4842e2-8f50-4002-95ad-d7457fbec57a is updated service_manage_report /usr/lib/python3/dist-packages/heat/engine/service.py:2370
2025-05-15 01:45:55.831 62008 DEBUG heat.engine.service [req-4beaf137-d8c7-40ee-898f-6310298da5d3 - - - - -] Service 3be0ddf4-6747-4cf3-9900-d9a7152e0559 is updated service_manage_report /usr/lib/python3/dist-packages/heat/engine/service.py:2370
2025-05-15 01:45:55.831 62009 DEBUG heat.engine.service [req-4bdbb84f-8855-4dc4-9089-a2ca72d75831 - - - - -] Service 36fe14ce-6e94-44da-a0cb-aaae8a94f4ac is updated service_manage_report /usr/lib/python3/dist-packages/heat/engine/service.py:2370
2025-05-15 01:45:55.831 62007 DEBUG heat.engine.service [req-c06ba543-2139-4677-9499-0c9aa2915347 - - - - -] Service 6b51d7bb-6f4c-40b6-91ed-56c4b0f0ef37 is updated service_manage_report /usr/lib/python3/dist-packages/heat/engine/service.py:2370
2025-05-15 01:46:55.793 62010 DEBUG heat.engine.service [req-b96e3dce-0dc3-40a3-9593-bf5168d15443 - - - - -] Service 0a4842e2-8f50-4002-95ad-d7457fbec57a is updated service_manage_report /usr/lib/python3/dist-packages/heat/engine/service.py:2370
