2025-05-15 00:34:46.442 34937 DEBUG oslo_service.service [-] clients_monasca.cert_file = None log_opt_values /usr/lib/python3/dist-packages/oslo_config/cfg.py:2609
2025-05-15 00:34:46.442 34937 DEBUG oslo_service.service [-] clients_monasca.endpoint_type = None log_opt_values /usr/lib/python3/dist-packages/oslo_config/cfg.py:2609
2025-05-15 00:34:46.442 34937 DEBUG oslo_service.service [-] clients_monasca.insecure = None log_opt_values /usr/lib/python3/dist-packages/oslo_config/cfg.py:2609
2025-05-15 00:34:46.443 34937 DEBUG oslo_service.service [-] clients_monasca.key_file = None log_opt_values /usr/lib/python3/dist-packages/oslo_config/cfg.py:2609
2025-05-15 00:34:46.443 34937 DEBUG oslo_service.service [-] clients_neutron.ca_file = None log_opt_values /usr/lib/python3/dist-packages/oslo_config/cfg.py:2609
2025-05-15 00:34:46.443 34937 DEBUG oslo_service.service [-] clients_neutron.cert_file = None log_opt_values /usr/lib/python3/dist-packages/oslo_config/cfg.py:2609
2025-05-15 00:34:46.443 34937 DEBUG oslo_service.service [-] clients_neutron.endpoint_type = None log_opt_values /usr/lib/python3/dist-packages/oslo_config/cfg.py:2609
2025-05-15 00:34:46.443 34937 DEBUG oslo_service.service [-] clients_neutron.insecure = None log_opt_values /usr/lib/python3/dist-packages/oslo_config/cfg.py:2609
2025-05-15 00:34:46.443 34937 DEBUG oslo_service.service [-] clients_neutron.key_file = None log_opt_values /usr/lib/python3/dist-packages/oslo_config/cfg.py:2609
2025-05-15 00:34:46.443 34937 DEBUG oslo_service.service [-] clients_nova.ca_file = None log_opt_values /usr/lib/python3/dist-packages/oslo_config/cfg.py:2609
2025-05-15 00:34:46.444 34937 DEBUG oslo_service.service [-] clients_nova.cert_file = None log_opt_values /usr/lib/python3/dist-packages/oslo_config/cfg.py:2609
2025-05-15 00:34:46.444 34937 DEBUG oslo_service.service [-] clients_nova.endpoint_type = None log_opt_values /usr/lib/python3/dist-packages/oslo_config/cfg.py:2609
2025-05-15 00:34:46.444 34937 DEBUG oslo_service.service [-] clients_nova.http_log_debug = False log_opt_values /usr/lib/python3/dist-packages/oslo_config/cfg.py:2609
2025-05-15 00:34:46.444 34937 DEBUG oslo_service.service [-] clients_nova.insecure = None log_opt_values /usr/lib/python3/dist-packages/oslo_config/cfg.py:2609
2025-05-15 00:34:46.444 34937 DEBUG oslo_service.service [-] clients_nova.key_file = None log_opt_values /usr/lib/python3/dist-packages/oslo_config/cfg.py:2609
2025-05-15 00:34:46.444 34937 DEBUG oslo_service.service [-] clients_octavia.ca_file = None log_opt_values /usr/lib/python3/dist-packages/oslo_config/cfg.py:2609
2025-05-15 00:34:46.444 34937 DEBUG oslo_service.service [-] clients_octavia.cert_file = None log_opt_values /usr/lib/python3/dist-packages/oslo_config/cfg.py:2609
2025-05-15 00:34:46.445 34937 DEBUG oslo_service.service [-] clients_octavia.endpoint_type = None log_opt_values /usr/lib/python3/dist-packages/oslo_config/cfg.py:2609
2025-05-15 00:34:46.444 35159 INFO heat.engine.worker [-] Starting engine_worker (1.4) in engine aef39d04-82a4-4dd9-ab0c-e57c91d94ca1.
2025-05-15 00:34:46.445 34937 DEBUG oslo_service.service [-] clients_octavia.insecure = None log_opt_values /usr/lib/python3/dist-packages/oslo_config/cfg.py:2609
2025-05-15 00:34:46.445 34937 DEBUG oslo_service.service [-] clients_octavia.key_file = None log_opt_values /usr/lib/python3/dist-packages/oslo_config/cfg.py:2609
2025-05-15 00:34:46.446 34937 DEBUG oslo_service.service [-] clients_sahara.ca_file = None log_opt_values /usr/lib/python3/dist-packages/oslo_config/cfg.py:2609
2025-05-15 00:34:46.446 34937 DEBUG oslo_service.service [-] clients_sahara.cert_file = None log_opt_values /usr/lib/python3/dist-packages/oslo_config/cfg.py:2609
2025-05-15 00:34:46.446 34937 DEBUG oslo_service.service [-] clients_sahara.endpoint_type = None log_opt_values /usr/lib/python3/dist-packages/oslo_config/cfg.py:2609
2025-05-15 00:34:46.446 34937 DEBUG oslo_service.service [-] clients_sahara.insecure = None log_opt_values /usr/lib/python3/dist-packages/oslo_config/cfg.py:2609
2025-05-15 00:34:46.446 34937 DEBUG oslo_service.service [-] clients_sahara.key_file = None log_opt_values /usr/lib/python3/dist-packages/oslo_config/cfg.py:2609
2025-05-15 00:34:46.446 34937 DEBUG oslo_service.service [-] clients_senlin.ca_file = None log_opt_values /usr/lib/python3/dist-packages/oslo_config/cfg.py:2609
2025-05-15 00:34:46.446 34937 DEBUG oslo_service.service [-] clients_senlin.cert_file = None log_opt_values /usr/lib/python3/dist-packages/oslo_config/cfg.py:2609
2025-05-15 00:34:46.446 34937 DEBUG oslo_service.service [-] clients_senlin.endpoint_type = None log_opt_values /usr/lib/python3/dist-packages/oslo_config/cfg.py:2609
2025-05-15 00:34:46.447 34937 DEBUG oslo_service.service [-] clients_senlin.insecure = None log_opt_values /usr/lib/python3/dist-packages/oslo_config/cfg.py:2609
2025-05-15 00:34:46.447 34937 DEBUG oslo_service.service [-] clients_senlin.key_file = None log_opt_values /usr/lib/python3/dist-packages/oslo_config/cfg.py:2609
2025-05-15 00:34:46.447 34937 DEBUG oslo_service.service [-] clients_swift.ca_file = None log_opt_values /usr/lib/python3/dist-packages/oslo_config/cfg.py:2609
2025-05-15 00:34:46.447 34937 DEBUG oslo_service.service [-] clients_swift.cert_file = None log_opt_values /usr/lib/python3/dist-packages/oslo_config/cfg.py:2609
2025-05-15 00:34:46.447 34937 DEBUG oslo_service.service [-] clients_swift.endpoint_type = None log_opt_values /usr/lib/python3/dist-packages/oslo_config/cfg.py:2609
2025-05-15 00:34:46.447 34937 DEBUG oslo_service.service [-] clients_swift.insecure = None log_opt_values /usr/lib/python3/dist-packages/oslo_config/cfg.py:2609
2025-05-15 00:34:46.447 34937 DEBUG oslo_service.service [-] clients_swift.key_file = None log_opt_values /usr/lib/python3/dist-packages/oslo_config/cfg.py:2609
2025-05-15 00:34:46.448 34937 DEBUG oslo_service.service [-] clients_trove.ca_file = None log_opt_values /usr/lib/python3/dist-packages/oslo_config/cfg.py:2609
2025-05-15 00:34:46.448 34937 DEBUG oslo_service.service [-] clients_trove.cert_file = None log_opt_values /usr/lib/python3/dist-packages/oslo_config/cfg.py:2609
2025-05-15 00:34:46.448 34937 DEBUG oslo_service.service [-] clients_trove.endpoint_type = None log_opt_values /usr/lib/python3/dist-packages/oslo_config/cfg.py:2609
2025-05-15 00:34:46.448 34937 DEBUG oslo_service.service [-] clients_trove.insecure = None log_opt_values /usr/lib/python3/dist-packages/oslo_config/cfg.py:2609
2025-05-15 00:34:46.449 34937 DEBUG oslo_service.service [-] clients_trove.key_file = None log_opt_values /usr/lib/python3/dist-packages/oslo_config/cfg.py:2609
2025-05-15 00:34:46.449 34937 DEBUG oslo_service.service [-] clients_vitrage.ca_file = None log_opt_values /usr/lib/python3/dist-packages/oslo_config/cfg.py:2609
2025-05-15 00:34:46.449 34937 DEBUG oslo_service.service [-] clients_vitrage.cert_file = None log_opt_values /usr/lib/python3/dist-packages/oslo_config/cfg.py:2609
2025-05-15 00:34:46.450 34937 DEBUG oslo_service.service [-] clients_vitrage.endpoint_type = None log_opt_values /usr/lib/python3/dist-packages/oslo_config/cfg.py:2609
2025-05-15 00:34:46.450 34937 DEBUG oslo_service.service [-] clients_vitrage.insecure = None log_opt_values /usr/lib/python3/dist-packages/oslo_config/cfg.py:2609
2025-05-15 00:34:46.450 34937 DEBUG oslo_service.service [-] clients_vitrage.key_file = None log_opt_values /usr/lib/python3/dist-packages/oslo_config/cfg.py:2609
2025-05-15 00:34:46.450 34937 DEBUG oslo_service.service [-] clients_zaqar.ca_file = None log_opt_values /usr/lib/python3/dist-packages/oslo_config/cfg.py:2609
2025-05-15 00:34:46.450 34937 DEBUG oslo_service.service [-] clients_zaqar.cert_file = None log_opt_values /usr/lib/python3/dist-packages/oslo_config/cfg.py:2609
2025-05-15 00:34:46.450 34937 DEBUG oslo_service.service [-] clients_zaqar.endpoint_type = None log_opt_values /usr/lib/python3/dist-packages/oslo_config/cfg.py:2609
2025-05-15 00:34:46.451 34937 DEBUG oslo_service.service [-] clients_zaqar.insecure = None log_opt_values /usr/lib/python3/dist-packages/oslo_config/cfg.py:2609
2025-05-15 00:34:46.451 34937 DEBUG oslo_service.service [-] clients_zaqar.key_file = None log_opt_values /usr/lib/python3/dist-packages/oslo_config/cfg.py:2609
2025-05-15 00:34:46.451 34937 DEBUG oslo_service.service [-] database.backend = sqlalchemy log_opt_values /usr/lib/python3/dist-packages/oslo_config/cfg.py:2609
2025-05-15 00:34:46.452 34937 DEBUG oslo_service.service [-] database.connection = **** log_opt_values /usr/lib/python3/dist-packages/oslo_config/cfg.py:2609
2025-05-15 00:34:46.453 34937 DEBUG oslo_service.service [-] database.connection_debug = 0 log_opt_values /usr/lib/python3/dist-packages/oslo_config/cfg.py:2609
2025-05-15 00:34:46.453 34937 DEBUG oslo_service.service [-] database.connection_parameters = log_opt_values /usr/lib/python3/dist-packages/oslo_config/cfg.py:2609
2025-05-15 00:34:46.453 34937 DEBUG oslo_service.service [-] database.connection_recycle_time = 3600 log_opt_values /usr/lib/python3/dist-packages/oslo_config/cfg.py:2609
2025-05-15 00:34:46.453 34937 DEBUG oslo_service.service [-] database.connection_trace = False log_opt_values /usr/lib/python3/dist-packages/oslo_config/cfg.py:2609
2025-05-15 00:34:46.453 34937 DEBUG oslo_service.service [-] database.db_inc_retry_interval = True log_opt_values /usr/lib/python3/dist-packages/oslo_config/cfg.py:2609
2025-05-15 00:34:46.453 34937 DEBUG oslo_service.service [-] database.db_max_retries = 20 log_opt_values /usr/lib/python3/dist-packages/oslo_config/cfg.py:2609
2025-05-15 00:34:46.453 34937 DEBUG oslo_service.service [-] database.db_max_retry_interval = 10 log_opt_values /usr/lib/python3/dist-packages/oslo_config/cfg.py:2609
2025-05-15 00:34:46.454 34937 DEBUG oslo_service.service [-] database.db_retry_interval = 1 log_opt_values /usr/lib/python3/dist-packages/oslo_config/cfg.py:2609
2025-05-15 00:34:46.454 34937 DEBUG oslo_service.service [-] database.max_overflow = 50 log_opt_values /usr/lib/python3/dist-packages/oslo_config/cfg.py:2609
2025-05-15 00:34:46.454 34937 DEBUG oslo_service.service [-] database.max_pool_size = 5 log_opt_values /usr/lib/python3/dist-packages/oslo_config/cfg.py:2609
2025-05-15 00:34:46.454 34937 DEBUG oslo_service.service [-] database.max_retries = 10 log_opt_values /usr/lib/python3/dist-packages/oslo_config/cfg.py:2609
2025-05-15 00:34:46.455 34937 DEBUG oslo_service.service [-] database.mysql_enable_ndb = False log_opt_values /usr/lib/python3/dist-packages/oslo_config/cfg.py:2609
2025-05-15 00:34:46.456 34937 DEBUG oslo_service.service [-] database.mysql_sql_mode = TRADITIONAL log_opt_values /usr/lib/python3/dist-packages/oslo_config/cfg.py:2609
2025-05-15 00:34:46.456 35157 INFO heat.engine.worker [-] Starting engine_worker (1.4) in engine c0b3d12f-848f-4b1c-a5b0-ba0b23fa8667.
2025-05-15 00:34:46.456 34937 DEBUG oslo_service.service [-] database.pool_timeout = None log_opt_values /usr/lib/python3/dist-packages/oslo_config/cfg.py:2609
2025-05-15 00:34:46.456 34937 DEBUG oslo_service.service [-] database.retry_interval = 10 log_opt_values /usr/lib/python3/dist-packages/oslo_config/cfg.py:2609
2025-05-15 00:34:46.457 34937 DEBUG oslo_service.service [-] database.slave_connection = **** log_opt_values /usr/lib/python3/dist-packages/oslo_config/cfg.py:2609
2025-05-15 00:34:46.457 34937 DEBUG oslo_service.service [-] database.sqlite_synchronous = True log_opt_values /usr/lib/python3/dist-packages/oslo_config/cfg.py:2609
2025-05-15 00:34:46.457 34937 DEBUG oslo_service.service [-] database.use_db_reconnect = False log_opt_values /usr/lib/python3/dist-packages/oslo_config/cfg.py:2609
2025-05-15 00:34:46.457 34937 DEBUG oslo_service.service [-] oslo_messaging_metrics.metrics_buffer_size = 1000 log_opt_values /usr/lib/python3/dist-packages/oslo_config/cfg.py:2609
2025-05-15 00:34:46.457 34937 DEBUG oslo_service.service [-] oslo_messaging_metrics.metrics_enabled = False log_opt_values /usr/lib/python3/dist-packages/oslo_config/cfg.py:2609
2025-05-15 00:34:46.457 34937 DEBUG oslo_service.service [-] oslo_messaging_metrics.metrics_process_name = log_opt_values /usr/lib/python3/dist-packages/oslo_config/cfg.py:2609
2025-05-15 00:34:46.458 34937 DEBUG oslo_service.service [-] oslo_messaging_metrics.metrics_socket_file = /var/tmp/metrics_collector.sock log_opt_values /usr/lib/python3/dist-packages/oslo_config/cfg.py:2609
2025-05-15 00:34:46.460 35158 INFO heat.engine.worker [-] Starting engine_worker (1.4) in engine a351e4ce-e870-405e-8b3d-65750ed4f98b.
2025-05-15 00:34:46.461 34937 DEBUG oslo_service.service [-] oslo_messaging_metrics.metrics_thread_stop_timeout = 10 log_opt_values /usr/lib/python3/dist-packages/oslo_config/cfg.py:2609
2025-05-15 00:34:46.462 34937 DEBUG oslo_service.service [-] oslo_policy.enforce_new_defaults = False log_opt_values /usr/lib/python3/dist-packages/oslo_config/cfg.py:2609
2025-05-15 00:34:46.462 34937 DEBUG oslo_service.service [-] oslo_policy.enforce_scope = False log_opt_values /usr/lib/python3/dist-packages/oslo_config/cfg.py:2609
2025-05-15 00:34:46.463 34937 DEBUG oslo_service.service [-] oslo_policy.policy_default_rule = default log_opt_values /usr/lib/python3/dist-packages/oslo_config/cfg.py:2609
2025-05-15 00:34:46.463 34937 DEBUG oslo_service.service [-] oslo_policy.policy_dirs = ['policy.d'] log_opt_values /usr/lib/python3/dist-packages/oslo_config/cfg.py:2609
2025-05-15 00:34:46.463 34937 DEBUG oslo_service.service [-] oslo_policy.policy_file = policy.yaml log_opt_values /usr/lib/python3/dist-packages/oslo_config/cfg.py:2609
2025-05-15 00:34:46.464 34937 DEBUG oslo_service.service [-] oslo_policy.remote_content_type = application/x-www-form-urlencoded log_opt_values /usr/lib/python3/dist-packages/oslo_config/cfg.py:2609
2025-05-15 00:34:46.465 34937 DEBUG oslo_service.service [-] oslo_policy.remote_ssl_ca_crt_file = None log_opt_values /usr/lib/python3/dist-packages/oslo_config/cfg.py:2609
2025-05-15 00:34:46.466 34937 DEBUG oslo_service.service [-] oslo_policy.remote_ssl_client_crt_file = None log_opt_values /usr/lib/python3/dist-packages/oslo_config/cfg.py:2609
2025-05-15 00:34:46.472 34937 DEBUG oslo_service.service [-] oslo_policy.remote_ssl_client_key_file = None log_opt_values /usr/lib/python3/dist-packages/oslo_config/cfg.py:2609
2025-05-15 00:34:46.474 34937 DEBUG oslo_service.service [-] oslo_policy.remote_ssl_verify_server_crt = False log_opt_values /usr/lib/python3/dist-packages/oslo_config/cfg.py:2609
2025-05-15 00:34:46.476 34937 DEBUG oslo_service.service [-] trustee.auth_section = None log_opt_values /usr/lib/python3/dist-packages/oslo_config/cfg.py:2609
2025-05-15 00:34:46.479 34937 WARNING oslo_config.cfg [-] Deprecated: Option "auth_plugin" from group "trustee" is deprecated. Use option "auth_type" from group "trustee".
2025-05-15 00:34:46.479 34937 DEBUG oslo_service.service [-] trustee.auth_type = password log_opt_values /usr/lib/python3/dist-packages/oslo_config/cfg.py:2609
2025-05-15 00:34:46.481 34937 DEBUG oslo_service.service [-] oslo_versionedobjects.fatal_exception_format_errors = False log_opt_values /usr/lib/python3/dist-packages/oslo_config/cfg.py:2609
2025-05-15 00:34:46.481 34937 DEBUG oslo_service.service [-] oslo_messaging_rabbit.amqp_auto_delete = False log_opt_values /usr/lib/python3/dist-packages/oslo_config/cfg.py:2609
2025-05-15 00:34:46.481 34937 DEBUG oslo_service.service [-] oslo_messaging_rabbit.amqp_durable_queues = False log_opt_values /usr/lib/python3/dist-packages/oslo_config/cfg.py:2609
2025-05-15 00:34:46.481 34937 DEBUG oslo_service.service [-] oslo_messaging_rabbit.conn_pool_min_size = 2 log_opt_values /usr/lib/python3/dist-packages/oslo_config/cfg.py:2609
2025-05-15 00:34:46.481 34937 DEBUG oslo_service.service [-] oslo_messaging_rabbit.conn_pool_ttl = 1200 log_opt_values /usr/lib/python3/dist-packages/oslo_config/cfg.py:2609
2025-05-15 00:34:46.481 34937 DEBUG oslo_service.service [-] oslo_messaging_rabbit.direct_mandatory_flag = True log_opt_values /usr/lib/python3/dist-packages/oslo_config/cfg.py:2609
2025-05-15 00:34:46.482 34937 DEBUG oslo_service.service [-] oslo_messaging_rabbit.enable_cancel_on_failover = False log_opt_values /usr/lib/python3/dist-packages/oslo_config/cfg.py:2609
2025-05-15 00:34:46.482 34937 DEBUG oslo_service.service [-] oslo_messaging_rabbit.heartbeat_in_pthread = False log_opt_values /usr/lib/python3/dist-packages/oslo_config/cfg.py:2609
2025-05-15 00:34:46.482 34937 DEBUG oslo_service.service [-] oslo_messaging_rabbit.heartbeat_rate = 2 log_opt_values /usr/lib/python3/dist-packages/oslo_config/cfg.py:2609
2025-05-15 00:34:46.482 34937 DEBUG oslo_service.service [-] oslo_messaging_rabbit.heartbeat_timeout_threshold = 60 log_opt_values /usr/lib/python3/dist-packages/oslo_config/cfg.py:2609
2025-05-15 00:34:46.484 34937 DEBUG oslo_service.service [-] oslo_messaging_rabbit.kombu_compression = None log_opt_values /usr/lib/python3/dist-packages/oslo_config/cfg.py:2609
2025-05-15 00:34:46.485 34937 DEBUG oslo_service.service [-] oslo_messaging_rabbit.kombu_failover_strategy = round-robin log_opt_values /usr/lib/python3/dist-packages/oslo_config/cfg.py:2609
2025-05-15 00:34:46.504 34937 DEBUG oslo_service.service [-] oslo_messaging_rabbit.kombu_missing_consumer_retry_timeout = 60 log_opt_values /usr/lib/python3/dist-packages/oslo_config/cfg.py:2609
2025-05-15 00:34:46.504 34937 DEBUG oslo_service.service [-] oslo_messaging_rabbit.kombu_reconnect_delay = 1.0 log_opt_values /usr/lib/python3/dist-packages/oslo_config/cfg.py:2609
2025-05-15 00:34:46.504 34937 DEBUG oslo_service.service [-] oslo_messaging_rabbit.rabbit_ha_queues = False log_opt_values /usr/lib/python3/dist-packages/oslo_config/cfg.py:2609
2025-05-15 00:34:46.505 34937 DEBUG oslo_service.service [-] oslo_messaging_rabbit.rabbit_interval_max = 30 log_opt_values /usr/lib/python3/dist-packages/oslo_config/cfg.py:2609
2025-05-15 00:34:46.505 34937 DEBUG oslo_service.service [-] oslo_messaging_rabbit.rabbit_login_method = AMQPLAIN log_opt_values /usr/lib/python3/dist-packages/oslo_config/cfg.py:2609
2025-05-15 00:34:46.505 34937 DEBUG oslo_service.service [-] oslo_messaging_rabbit.rabbit_qos_prefetch_count = 0 log_opt_values /usr/lib/python3/dist-packages/oslo_config/cfg.py:2609
2025-05-15 00:34:46.505 34937 DEBUG oslo_service.service [-] oslo_messaging_rabbit.rabbit_quorum_queue = False log_opt_values /usr/lib/python3/dist-packages/oslo_config/cfg.py:2609
2025-05-15 00:34:46.505 34937 DEBUG oslo_service.service [-] oslo_messaging_rabbit.rabbit_retry_backoff = 2 log_opt_values /usr/lib/python3/dist-packages/oslo_config/cfg.py:2609
2025-05-15 00:34:46.505 34937 DEBUG oslo_service.service [-] oslo_messaging_rabbit.rabbit_retry_interval = 1 log_opt_values /usr/lib/python3/dist-packages/oslo_config/cfg.py:2609
2025-05-15 00:34:46.505 34937 DEBUG oslo_service.service [-] oslo_messaging_rabbit.rabbit_transient_queues_ttl = 1800 log_opt_values /usr/lib/python3/dist-packages/oslo_config/cfg.py:2609
2025-05-15 00:34:46.506 34937 DEBUG oslo_service.service [-] oslo_messaging_rabbit.rpc_conn_pool_size = 30 log_opt_values /usr/lib/python3/dist-packages/oslo_config/cfg.py:2609
2025-05-15 00:34:46.506 34937 DEBUG oslo_service.service [-] oslo_messaging_rabbit.ssl = False log_opt_values /usr/lib/python3/dist-packages/oslo_config/cfg.py:2609
2025-05-15 00:34:46.506 34937 DEBUG oslo_service.service [-] oslo_messaging_rabbit.ssl_ca_file = log_opt_values /usr/lib/python3/dist-packages/oslo_config/cfg.py:2609
2025-05-15 00:34:46.506 34937 DEBUG oslo_service.service [-] oslo_messaging_rabbit.ssl_cert_file = log_opt_values /usr/lib/python3/dist-packages/oslo_config/cfg.py:2609
2025-05-15 00:34:46.506 34937 DEBUG oslo_service.service [-] oslo_messaging_rabbit.ssl_key_file = log_opt_values /usr/lib/python3/dist-packages/oslo_config/cfg.py:2609
2025-05-15 00:34:46.506 34937 DEBUG oslo_service.service [-] oslo_messaging_rabbit.ssl_version = log_opt_values /usr/lib/python3/dist-packages/oslo_config/cfg.py:2609
2025-05-15 00:34:46.506 34937 DEBUG oslo_service.service [-] oslo_messaging_notifications.driver = [] log_opt_values /usr/lib/python3/dist-packages/oslo_config/cfg.py:2609
2025-05-15 00:34:46.506 34937 DEBUG oslo_service.service [-] oslo_messaging_notifications.retry = -1 log_opt_values /usr/lib/python3/dist-packages/oslo_config/cfg.py:2609
2025-05-15 00:34:46.507 34937 DEBUG oslo_service.service [-] oslo_messaging_notifications.topics = ['notifications'] log_opt_values /usr/lib/python3/dist-packages/oslo_config/cfg.py:2609
2025-05-15 00:34:46.507 34937 DEBUG oslo_service.service [-] oslo_messaging_notifications.transport_url = **** log_opt_values /usr/lib/python3/dist-packages/oslo_config/cfg.py:2609
2025-05-15 00:34:46.507 34937 DEBUG oslo_service.service [-] cache.backend = dogpile.cache.null log_opt_values /usr/lib/python3/dist-packages/oslo_config/cfg.py:2609
2025-05-15 00:34:46.507 34937 DEBUG oslo_service.service [-] cache.backend_argument = **** log_opt_values /usr/lib/python3/dist-packages/oslo_config/cfg.py:2609
2025-05-15 00:34:46.507 34937 DEBUG oslo_service.service [-] cache.config_prefix = cache.oslo log_opt_values /usr/lib/python3/dist-packages/oslo_config/cfg.py:2609
2025-05-15 00:34:46.507 34937 DEBUG oslo_service.service [-] cache.debug_cache_backend = False log_opt_values /usr/lib/python3/dist-packages/oslo_config/cfg.py:2609
2025-05-15 00:34:46.507 34937 DEBUG oslo_service.service [-] cache.enabled = False log_opt_values /usr/lib/python3/dist-packages/oslo_config/cfg.py:2609
2025-05-15 00:34:46.508 34937 DEBUG oslo_service.service [-] cache.expiration_time = 600 log_opt_values /usr/lib/python3/dist-packages/oslo_config/cfg.py:2609
2025-05-15 00:34:46.508 34937 DEBUG oslo_service.service [-] cache.memcache_dead_retry = 300 log_opt_values /usr/lib/python3/dist-packages/oslo_config/cfg.py:2609
2025-05-15 00:34:46.508 34937 DEBUG oslo_service.service [-] cache.memcache_pool_connection_get_timeout = 10 log_opt_values /usr/lib/python3/dist-packages/oslo_config/cfg.py:2609
2025-05-15 00:34:46.508 34937 DEBUG oslo_service.service [-] cache.memcache_pool_flush_on_reconnect = False log_opt_values /usr/lib/python3/dist-packages/oslo_config/cfg.py:2609
2025-05-15 00:34:46.508 34937 DEBUG oslo_service.service [-] cache.memcache_pool_maxsize = 10 log_opt_values /usr/lib/python3/dist-packages/oslo_config/cfg.py:2609
2025-05-15 00:34:46.508 34937 DEBUG oslo_service.service [-] cache.memcache_pool_unused_timeout = 60 log_opt_values /usr/lib/python3/dist-packages/oslo_config/cfg.py:2609
2025-05-15 00:34:46.508 34937 DEBUG oslo_service.service [-] cache.memcache_servers = ['localhost:11211'] log_opt_values /usr/lib/python3/dist-packages/oslo_config/cfg.py:2609
2025-05-15 00:34:46.509 34937 DEBUG oslo_service.service [-] cache.memcache_socket_timeout = 1.0 log_opt_values /usr/lib/python3/dist-packages/oslo_config/cfg.py:2609
2025-05-15 00:34:46.509 34937 DEBUG oslo_service.service [-] cache.proxies = [] log_opt_values /usr/lib/python3/dist-packages/oslo_config/cfg.py:2609
2025-05-15 00:34:46.509 34937 DEBUG oslo_service.service [-] cache.tls_allowed_ciphers = None log_opt_values /usr/lib/python3/dist-packages/oslo_config/cfg.py:2609
2025-05-15 00:34:46.509 34937 DEBUG oslo_service.service [-] cache.tls_cafile = None log_opt_values /usr/lib/python3/dist-packages/oslo_config/cfg.py:2609
2025-05-15 00:34:46.509 34937 DEBUG oslo_service.service [-] cache.tls_certfile = None log_opt_values /usr/lib/python3/dist-packages/oslo_config/cfg.py:2609
2025-05-15 00:34:46.509 34937 DEBUG oslo_service.service [-] cache.tls_enabled = False log_opt_values /usr/lib/python3/dist-packages/oslo_config/cfg.py:2609
2025-05-15 00:34:46.509 34937 DEBUG oslo_service.service [-] cache.tls_keyfile = None log_opt_values /usr/lib/python3/dist-packages/oslo_config/cfg.py:2609
2025-05-15 00:34:46.509 34937 DEBUG oslo_service.service [-] constraint_validation_cache.caching = True log_opt_values /usr/lib/python3/dist-packages/oslo_config/cfg.py:2609
2025-05-15 00:34:46.510 34937 DEBUG oslo_service.service [-] constraint_validation_cache.expiration_time = 60 log_opt_values /usr/lib/python3/dist-packages/oslo_config/cfg.py:2609
2025-05-15 00:34:46.510 34937 DEBUG oslo_service.service [-] service_extension_cache.caching = True log_opt_values /usr/lib/python3/dist-packages/oslo_config/cfg.py:2609
2025-05-15 00:34:46.510 34937 DEBUG oslo_service.service [-] service_extension_cache.expiration_time = 3600 log_opt_values /usr/lib/python3/dist-packages/oslo_config/cfg.py:2609
2025-05-15 00:34:46.510 34937 DEBUG oslo_service.service [-] resource_finder_cache.caching = True log_opt_values /usr/lib/python3/dist-packages/oslo_config/cfg.py:2609
2025-05-15 00:34:46.510 34937 DEBUG oslo_service.service [-] resource_finder_cache.expiration_time = 3600 log_opt_values /usr/lib/python3/dist-packages/oslo_config/cfg.py:2609
2025-05-15 00:34:46.510 34937 DEBUG oslo_service.service [-] yaql.limit_iterators = 200 log_opt_values /usr/lib/python3/dist-packages/oslo_config/cfg.py:2609
2025-05-15 00:34:46.510 34937 DEBUG oslo_service.service [-] yaql.memory_quota = 10000 log_opt_values /usr/lib/python3/dist-packages/oslo_config/cfg.py:2609
2025-05-15 00:34:46.510 34937 DEBUG oslo_service.service [-] ******************************************************************************** log_opt_values /usr/lib/python3/dist-packages/oslo_config/cfg.py:2613
2025-05-15 00:34:46.562 35159 DEBUG oslo_db.sqlalchemy.engines [req-537e92e2-7225-4f39-9ccb-c6958b95d931 - - - - -] MySQL server mode set to STRICT_TRANS_TABLES,STRICT_ALL_TABLES,NO_ZERO_IN_DATE,NO_ZERO_DATE,ERROR_FOR_DIVISION_BY_ZERO,TRADITIONAL,NO_ENGINE_SUBSTITUTION _check_effective_sql_mode /usr/lib/python3/dist-packages/oslo_db/sqlalchemy/engines.py:314
2025-05-15 00:34:46.567 35157 DEBUG oslo_db.sqlalchemy.engines [req-8581011e-c681-4e61-9c14-e5ad26635cfc - - - - -] MySQL server mode set to STRICT_TRANS_TABLES,STRICT_ALL_TABLES,NO_ZERO_IN_DATE,NO_ZERO_DATE,ERROR_FOR_DIVISION_BY_ZERO,TRADITIONAL,NO_ENGINE_SUBSTITUTION _check_effective_sql_mode /usr/lib/python3/dist-packages/oslo_db/sqlalchemy/engines.py:314
2025-05-15 00:34:46.583 35156 DEBUG oslo_db.sqlalchemy.engines [req-1a723a50-0b5d-490b-944d-bbe16c59d37e - - - - -] MySQL server mode set to STRICT_TRANS_TABLES,STRICT_ALL_TABLES,NO_ZERO_IN_DATE,NO_ZERO_DATE,ERROR_FOR_DIVISION_BY_ZERO,TRADITIONAL,NO_ENGINE_SUBSTITUTION _check_effective_sql_mode /usr/lib/python3/dist-packages/oslo_db/sqlalchemy/engines.py:314
2025-05-15 00:34:46.586 35158 DEBUG oslo_db.sqlalchemy.engines [req-c447748d-3af3-41d8-a6c6-87aa773ebf7c - - - - -] MySQL server mode set to STRICT_TRANS_TABLES,STRICT_ALL_TABLES,NO_ZERO_IN_DATE,NO_ZERO_DATE,ERROR_FOR_DIVISION_BY_ZERO,TRADITIONAL,NO_ENGINE_SUBSTITUTION _check_effective_sql_mode /usr/lib/python3/dist-packages/oslo_db/sqlalchemy/engines.py:314
2025-05-15 00:34:46.657 35159 DEBUG heat.engine.service [req-bbc790fa-61dd-4682-a49f-f5bf949cd648 - - - - -] Service 60c55e4f-fa1d-4511-ba71-f1b572459e93 is started service_manage_report /usr/lib/python3/dist-packages/heat/engine/service.py:2363
2025-05-15 00:34:46.668 35157 DEBUG heat.engine.service [req-980e4fe9-112d-4183-abf3-2acad5601073 - - - - -] Service 4884c038-3416-416b-8693-ae372a3f8364 is started service_manage_report /usr/lib/python3/dist-packages/heat/engine/service.py:2363
2025-05-15 00:34:46.671 35156 DEBUG heat.engine.service [req-8446607a-bc30-4d96-8f9d-94733d5631b2 - - - - -] Service 43c35fbd-2cf8-40a4-a320-f58b91d6dd32 is started service_manage_report /usr/lib/python3/dist-packages/heat/engine/service.py:2363
2025-05-15 00:34:46.673 35159 DEBUG heat.engine.service [req-bbc790fa-61dd-4682-a49f-f5bf949cd648 - - - - -] Service 60c55e4f-fa1d-4511-ba71-f1b572459e93 is updated service_manage_report /usr/lib/python3/dist-packages/heat/engine/service.py:2370
2025-05-15 00:34:46.686 35157 DEBUG heat.engine.service [req-980e4fe9-112d-4183-abf3-2acad5601073 - - - - -] Service 4884c038-3416-416b-8693-ae372a3f8364 is updated service_manage_report /usr/lib/python3/dist-packages/heat/engine/service.py:2370
2025-05-15 00:34:46.700 35158 DEBUG heat.engine.service [req-9c965302-5621-4c49-b3ea-536361468fdc - - - - -] Service b61ed484-2f7f-4ae9-971f-42d2421a2e20 is started service_manage_report /usr/lib/python3/dist-packages/heat/engine/service.py:2363
2025-05-15 00:34:46.704 35156 DEBUG heat.engine.service [req-8446607a-bc30-4d96-8f9d-94733d5631b2 - - - - -] Service 43c35fbd-2cf8-40a4-a320-f58b91d6dd32 is updated service_manage_report /usr/lib/python3/dist-packages/heat/engine/service.py:2370
2025-05-15 00:34:46.721 35158 DEBUG heat.engine.service [req-9c965302-5621-4c49-b3ea-536361468fdc - - - - -] Service b61ed484-2f7f-4ae9-971f-42d2421a2e20 is updated service_manage_report /usr/lib/python3/dist-packages/heat/engine/service.py:2370
2025-05-15 00:35:46.640 35159 DEBUG heat.engine.service [req-90f6efba-323d-4682-85d9-e511bc6779c0 - - - - -] Service 60c55e4f-fa1d-4511-ba71-f1b572459e93 is updated service_manage_report /usr/lib/python3/dist-packages/heat/engine/service.py:2370
2025-05-15 00:35:46.652 35157 DEBUG heat.engine.service [req-3cc56600-e90e-4af8-8255-1e918b7733ca - - - - -] Service 4884c038-3416-416b-8693-ae372a3f8364 is updated service_manage_report /usr/lib/python3/dist-packages/heat/engine/service.py:2370
2025-05-15 00:35:46.661 35156 DEBUG heat.engine.service [req-0dffdbd8-1de4-4da2-9a25-1a6f2355077b - - - - -] Service 43c35fbd-2cf8-40a4-a320-f58b91d6dd32 is updated service_manage_report /usr/lib/python3/dist-packages/heat/engine/service.py:2370
2025-05-15 00:35:46.685 35158 DEBUG heat.engine.service [req-05099e86-f459-40da-ba4e-7a776a9be624 - - - - -] Service b61ed484-2f7f-4ae9-971f-42d2421a2e20 is updated service_manage_report /usr/lib/python3/dist-packages/heat/engine/service.py:2370
2025-05-15 00:36:46.634 35159 DEBUG heat.engine.service [req-d515d86c-8e6e-4ec2-b8db-137576be6505 - - - - -] Service 60c55e4f-fa1d-4511-ba71-f1b572459e93 is updated service_manage_report /usr/lib/python3/dist-packages/heat/engine/service.py:2370
2025-05-15 00:36:46.656 35157 DEBUG heat.engine.service [req-f2097a9c-037d-41c3-a4fc-5b6223e5434c - - - - -] Service 4884c038-3416-416b-8693-ae372a3f8364 is updated service_manage_report /usr/lib/python3/dist-packages/heat/engine/service.py:2370
2025-05-15 00:36:46.667 35156 DEBUG heat.engine.service [req-0ac73c7b-063e-44b7-83de-fffd37d812ea - - - - -] Service 43c35fbd-2cf8-40a4-a320-f58b91d6dd32 is updated service_manage_report /usr/lib/python3/dist-packages/heat/engine/service.py:2370
2025-05-15 00:36:46.690 35158 DEBUG heat.engine.service [req-0e3b0d1d-6ef6-471c-9cd3-db468e47f457 - - - - -] Service b61ed484-2f7f-4ae9-971f-42d2421a2e20 is updated service_manage_report /usr/lib/python3/dist-packages/heat/engine/service.py:2370
2025-05-15 00:37:46.647 35159 DEBUG heat.engine.service [req-cbea2242-b07f-4836-8685-e3e6a2487bf8 - - - - -] Service 60c55e4f-fa1d-4511-ba71-f1b572459e93 is updated service_manage_report /usr/lib/python3/dist-packages/heat/engine/service.py:2370
2025-05-15 00:37:46.665 35157 DEBUG heat.engine.service [req-4c665d32-cd32-4e7b-bfce-db2d5e4d5b79 - - - - -] Service 4884c038-3416-416b-8693-ae372a3f8364 is updated service_manage_report /usr/lib/python3/dist-packages/heat/engine/service.py:2370
2025-05-15 00:37:46.677 35156 DEBUG heat.engine.service [req-be67c715-246e-4189-a816-219132b9688c - - - - -] Service 43c35fbd-2cf8-40a4-a320-f58b91d6dd32 is updated service_manage_report /usr/lib/python3/dist-packages/heat/engine/service.py:2370
2025-05-15 00:37:46.702 35158 DEBUG heat.engine.service [req-1aff8568-9752-4b35-a613-4f8a22c73c56 - - - - -] Service b61ed484-2f7f-4ae9-971f-42d2421a2e20 is updated service_manage_report /usr/lib/python3/dist-packages/heat/engine/service.py:2370
2025-05-15 00:38:46.652 35159 DEBUG heat.engine.service [req-eeaa6e0b-497f-424f-9827-48d702beb6d5 - - - - -] Service 60c55e4f-fa1d-4511-ba71-f1b572459e93 is updated service_manage_report /usr/lib/python3/dist-packages/heat/engine/service.py:2370
2025-05-15 00:38:46.661 35157 DEBUG heat.engine.service [req-24216493-2f7d-4fa9-b85f-53cc44886a82 - - - - -] Service 4884c038-3416-416b-8693-ae372a3f8364 is updated service_manage_report /usr/lib/python3/dist-packages/heat/engine/service.py:2370
2025-05-15 00:38:46.672 35156 DEBUG heat.engine.service [req-56a8607d-ecc3-42d2-8d33-df7a5b1f92f5 - - - - -] Service 43c35fbd-2cf8-40a4-a320-f58b91d6dd32 is updated service_manage_report /usr/lib/python3/dist-packages/heat/engine/service.py:2370
2025-05-15 00:38:46.712 35158 DEBUG heat.engine.service [req-6f153ef0-6c6f-4502-bf0a-59d7c6b58e66 - - - - -] Service b61ed484-2f7f-4ae9-971f-42d2421a2e20 is updated service_manage_report /usr/lib/python3/dist-packages/heat/engine/service.py:2370
2025-05-15 00:39:46.637 35159 DEBUG heat.engine.service [req-da4b421e-76e8-40ce-a59f-897818622317 - - - - -] Service 60c55e4f-fa1d-4511-ba71-f1b572459e93 is updated service_manage_report /usr/lib/python3/dist-packages/heat/engine/service.py:2370
2025-05-15 00:39:46.656 35157 DEBUG heat.engine.service [req-b54105b7-7692-4a74-97e4-658868fe83b4 - - - - -] Service 4884c038-3416-416b-8693-ae372a3f8364 is updated service_manage_report /usr/lib/python3/dist-packages/heat/engine/service.py:2370
2025-05-15 00:39:46.666 35156 DEBUG heat.engine.service [req-db08372d-137a-4616-af5e-85bded1b5b51 - - - - -] Service 43c35fbd-2cf8-40a4-a320-f58b91d6dd32 is updated service_manage_report /usr/lib/python3/dist-packages/heat/engine/service.py:2370
2025-05-15 00:39:46.698 35158 DEBUG heat.engine.service [req-483f86de-d42b-41f1-835c-03bfd51191f7 - - - - -] Service b61ed484-2f7f-4ae9-971f-42d2421a2e20 is updated service_manage_report /usr/lib/python3/dist-packages/heat/engine/service.py:2370
2025-05-15 00:40:46.641 35159 DEBUG heat.engine.service [req-30b7bbfd-ec3e-412c-a165-050f9ceac934 - - - - -] Service 60c55e4f-fa1d-4511-ba71-f1b572459e93 is updated service_manage_report /usr/lib/python3/dist-packages/heat/engine/service.py:2370
2025-05-15 00:40:46.658 35157 DEBUG heat.engine.service [req-03a59359-4c3a-4e0f-80fa-0a66d0112bf2 - - - - -] Service 4884c038-3416-416b-8693-ae372a3f8364 is updated service_manage_report /usr/lib/python3/dist-packages/heat/engine/service.py:2370
2025-05-15 00:40:46.671 35156 DEBUG heat.engine.service [req-e46bc8b9-7338-444e-adc4-5c1a4c0c8f1d - - - - -] Service 43c35fbd-2cf8-40a4-a320-f58b91d6dd32 is updated service_manage_report /usr/lib/python3/dist-packages/heat/engine/service.py:2370
2025-05-15 00:40:46.691 35158 DEBUG heat.engine.service [req-76293c6c-dae3-4b73-b692-6b2803277d0a - - - - -] Service b61ed484-2f7f-4ae9-971f-42d2421a2e20 is updated service_manage_report /usr/lib/python3/dist-packages/heat/engine/service.py:2370
2025-05-15 00:41:46.646 35159 DEBUG heat.engine.service [req-9ece23b6-67c4-4f90-a230-7a3caaf41d4c - - - - -] Service 60c55e4f-fa1d-4511-ba71-f1b572459e93 is updated service_manage_report /usr/lib/python3/dist-packages/heat/engine/service.py:2370
2025-05-15 00:41:46.664 35157 DEBUG heat.engine.service [req-65d37786-29c4-4c89-8c8e-2608c6803f3d - - - - -] Service 4884c038-3416-416b-8693-ae372a3f8364 is updated service_manage_report /usr/lib/python3/dist-packages/heat/engine/service.py:2370
2025-05-15 00:41:46.674 35156 DEBUG heat.engine.service [req-669899d7-b431-46fc-ad77-48352547643e - - - - -] Service 43c35fbd-2cf8-40a4-a320-f58b91d6dd32 is updated service_manage_report /usr/lib/python3/dist-packages/heat/engine/service.py:2370
2025-05-15 00:41:46.695 35158 DEBUG heat.engine.service [req-c7f11d46-e458-41ef-8536-27b258cd4e51 - - - - -] Service b61ed484-2f7f-4ae9-971f-42d2421a2e20 is updated service_manage_report /usr/lib/python3/dist-packages/heat/engine/service.py:2370
2025-05-15 00:42:46.649 35159 DEBUG heat.engine.service [req-61d9d7a6-dfb9-4b24-832f-57d27a0375d9 - - - - -] Service 60c55e4f-fa1d-4511-ba71-f1b572459e93 is updated service_manage_report /usr/lib/python3/dist-packages/heat/engine/service.py:2370
2025-05-15 00:42:46.658 35157 DEBUG heat.engine.service [req-2b1ff8a4-708a-4478-ad99-ec2f42105498 - - - - -] Service 4884c038-3416-416b-8693-ae372a3f8364 is updated service_manage_report /usr/lib/python3/dist-packages/heat/engine/service.py:2370
2025-05-15 00:42:46.682 35156 DEBUG heat.engine.service [req-f5655622-0e1c-4232-8501-036c3c741204 - - - - -] Service 43c35fbd-2cf8-40a4-a320-f58b91d6dd32 is updated service_manage_report /usr/lib/python3/dist-packages/heat/engine/service.py:2370
2025-05-15 00:42:46.700 35158 DEBUG heat.engine.service [req-3eb94767-8413-4125-b287-079b6cb67723 - - - - -] Service b61ed484-2f7f-4ae9-971f-42d2421a2e20 is updated service_manage_report /usr/lib/python3/dist-packages/heat/engine/service.py:2370
2025-05-15 00:43:46.654 35159 DEBUG heat.engine.service [req-353b397f-f95a-4ec4-b438-eecb28e0119e - - - - -] Service 60c55e4f-fa1d-4511-ba71-f1b572459e93 is updated service_manage_report /usr/lib/python3/dist-packages/heat/engine/service.py:2370
2025-05-15 00:43:46.661 35157 DEBUG heat.engine.service [req-ec7cf22a-8435-4877-8156-8e774005a040 - - - - -] Service 4884c038-3416-416b-8693-ae372a3f8364 is updated service_manage_report /usr/lib/python3/dist-packages/heat/engine/service.py:2370
2025-05-15 00:43:46.674 35156 DEBUG heat.engine.service [req-3c9b73d9-b08f-4e9f-92fa-68686d961909 - - - - -] Service 43c35fbd-2cf8-40a4-a320-f58b91d6dd32 is updated service_manage_report /usr/lib/python3/dist-packages/heat/engine/service.py:2370
2025-05-15 00:43:46.703 35158 DEBUG heat.engine.service [req-b47871d7-358b-40c5-9a8f-dd9d7a7795a6 - - - - -] Service b61ed484-2f7f-4ae9-971f-42d2421a2e20 is updated service_manage_report /usr/lib/python3/dist-packages/heat/engine/service.py:2370
2025-05-15 00:44:46.663 35159 DEBUG heat.engine.service [req-3211294f-7b8c-4b5c-a831-2a2371e3790b - - - - -] Service 60c55e4f-fa1d-4511-ba71-f1b572459e93 is updated service_manage_report /usr/lib/python3/dist-packages/heat/engine/service.py:2370
2025-05-15 00:44:46.665 35157 DEBUG heat.engine.service [req-2f947c64-c94d-48fa-80dd-0ed5bbd31596 - - - - -] Service 4884c038-3416-416b-8693-ae372a3f8364 is updated service_manage_report /usr/lib/python3/dist-packages/heat/engine/service.py:2370
2025-05-15 00:44:46.679 35156 DEBUG heat.engine.service [req-c9127997-0d14-4f3c-b3fb-6d2c20a08d43 - - - - -] Service 43c35fbd-2cf8-40a4-a320-f58b91d6dd32 is updated service_manage_report /usr/lib/python3/dist-packages/heat/engine/service.py:2370
2025-05-15 00:44:46.707 35158 DEBUG heat.engine.service [req-81566779-4a6a-4c0b-b6fe-330cd3099161 - - - - -] Service b61ed484-2f7f-4ae9-971f-42d2421a2e20 is updated service_manage_report /usr/lib/python3/dist-packages/heat/engine/service.py:2370
2025-05-15 00:45:46.658 35159 DEBUG heat.engine.service [req-63dd0273-ef05-4277-af77-ae6fcdc992e5 - - - - -] Service 60c55e4f-fa1d-4511-ba71-f1b572459e93 is updated service_manage_report /usr/lib/python3/dist-packages/heat/engine/service.py:2370
2025-05-15 00:45:46.670 35157 DEBUG heat.engine.service [req-96116c3f-e2bb-4e4b-bacc-4d16bed0ea8d - - - - -] Service 4884c038-3416-416b-8693-ae372a3f8364 is updated service_manage_report /usr/lib/python3/dist-packages/heat/engine/service.py:2370
2025-05-15 00:45:46.682 35156 DEBUG heat.engine.service [req-0c7f30e5-863c-4e24-b733-a89938ede7c1 - - - - -] Service 43c35fbd-2cf8-40a4-a320-f58b91d6dd32 is updated service_manage_report /usr/lib/python3/dist-packages/heat/engine/service.py:2370
2025-05-15 00:45:46.711 35158 DEBUG heat.engine.service [req-57fc719f-0e8e-42dc-b9b7-3d3f7b8bb235 - - - - -] Service b61ed484-2f7f-4ae9-971f-42d2421a2e20 is updated service_manage_report /usr/lib/python3/dist-packages/heat/engine/service.py:2370
2025-05-15 00:46:46.664 35159 DEBUG heat.engine.service [req-b5f91d3b-47a4-4a79-9158-7d78cd23958e - - - - -] Service 60c55e4f-fa1d-4511-ba71-f1b572459e93 is updated service_manage_report /usr/lib/python3/dist-packages/heat/engine/service.py:2370
2025-05-15 00:46:46.676 35157 DEBUG heat.engine.service [req-1d0e589a-81f7-4473-a209-70d43eb32a5c - - - - -] Service 4884c038-3416-416b-8693-ae372a3f8364 is updated service_manage_report /usr/lib/python3/dist-packages/heat/engine/service.py:2370
2025-05-15 00:46:46.688 35156 DEBUG heat.engine.service [req-f1796ba7-c047-4830-97be-1d1c67e0f6a5 - - - - -] Service 43c35fbd-2cf8-40a4-a320-f58b91d6dd32 is updated service_manage_report /usr/lib/python3/dist-packages/heat/engine/service.py:2370
2025-05-15 00:46:46.715 35158 DEBUG heat.engine.service [req-5ade0bc9-8aeb-45a2-9b60-83b601396fbe - - - - -] Service b61ed484-2f7f-4ae9-971f-42d2421a2e20 is updated service_manage_report /usr/lib/python3/dist-packages/heat/engine/service.py:2370
2025-05-15 00:47:46.658 35159 DEBUG heat.engine.service [req-b8990318-8e36-45fc-9d91-7b92171c6e21 - - - - -] Service 60c55e4f-fa1d-4511-ba71-f1b572459e93 is updated service_manage_report /usr/lib/python3/dist-packages/heat/engine/service.py:2370
2025-05-15 00:47:46.672 35157 DEBUG heat.engine.service [req-74cd76ab-ef7c-431b-ba8b-8a9a8f2cd146 - - - - -] Service 4884c038-3416-416b-8693-ae372a3f8364 is updated service_manage_report /usr/lib/python3/dist-packages/heat/engine/service.py:2370
2025-05-15 00:47:46.681 35156 DEBUG heat.engine.service [req-7f07f968-8a9d-4254-adc9-9f18d02f3c7d - - - - -] Service 43c35fbd-2cf8-40a4-a320-f58b91d6dd32 is updated service_manage_report /usr/lib/python3/dist-packages/heat/engine/service.py:2370
2025-05-15 00:47:46.719 35158 DEBUG heat.engine.service [req-d2e78ba2-ae74-410f-9fb0-c6e768e59f6c - - - - -] Service b61ed484-2f7f-4ae9-971f-42d2421a2e20 is updated service_manage_report /usr/lib/python3/dist-packages/heat/engine/service.py:2370
2025-05-15 00:48:46.664 35159 DEBUG heat.engine.service [req-9ed437c9-94c1-4b0d-b20a-b79a27f4c5f7 - - - - -] Service 60c55e4f-fa1d-4511-ba71-f1b572459e93 is updated service_manage_report /usr/lib/python3/dist-packages/heat/engine/service.py:2370
2025-05-15 00:48:46.674 35157 DEBUG heat.engine.service [req-fa0b7c84-b5f8-4b1e-a1e7-5ce23a41329f - - - - -] Service 4884c038-3416-416b-8693-ae372a3f8364 is updated service_manage_report /usr/lib/python3/dist-packages/heat/engine/service.py:2370
2025-05-15 00:48:46.685 35156 DEBUG heat.engine.service [req-b2c5e471-3a09-43bb-b5dc-2aa42774a6d6 - - - - -] Service 43c35fbd-2cf8-40a4-a320-f58b91d6dd32 is updated service_manage_report /usr/lib/python3/dist-packages/heat/engine/service.py:2370
2025-05-15 00:48:46.722 35158 DEBUG heat.engine.service [req-6d937cec-a8d1-43f3-a4b8-38bec4715c70 - - - - -] Service b61ed484-2f7f-4ae9-971f-42d2421a2e20 is updated service_manage_report /usr/lib/python3/dist-packages/heat/engine/service.py:2370
2025-05-15 00:49:46.669 35159 DEBUG heat.engine.service [req-77769ad0-1bb1-47a1-a627-bb2590dea846 - - - - -] Service 60c55e4f-fa1d-4511-ba71-f1b572459e93 is updated service_manage_report /usr/lib/python3/dist-packages/heat/engine/service.py:2370
2025-05-15 00:49:46.678 35157 DEBUG heat.engine.service [req-e4182a0f-7f0b-4005-82a8-80404cd37185 - - - - -] Service 4884c038-3416-416b-8693-ae372a3f8364 is updated service_manage_report /usr/lib/python3/dist-packages/heat/engine/service.py:2370
2025-05-15 00:49:46.690 35156 DEBUG heat.engine.service [req-b62aa5a0-6be3-4e89-b819-38bcddbc8061 - - - - -] Service 43c35fbd-2cf8-40a4-a320-f58b91d6dd32 is updated service_manage_report /usr/lib/python3/dist-packages/heat/engine/service.py:2370
2025-05-15 00:49:46.727 35158 DEBUG heat.engine.service [req-99b9d3a4-281d-4fe4-a52b-79b463020d82 - - - - -] Service b61ed484-2f7f-4ae9-971f-42d2421a2e20 is updated service_manage_report /usr/lib/python3/dist-packages/heat/engine/service.py:2370
2025-05-15 00:50:46.673 35159 DEBUG heat.engine.service [req-3547d838-b1e9-4654-aa6e-62bc8041f6f7 - - - - -] Service 60c55e4f-fa1d-4511-ba71-f1b572459e93 is updated service_manage_report /usr/lib/python3/dist-packages/heat/engine/service.py:2370
2025-05-15 00:50:46.684 35157 DEBUG heat.engine.service [req-8f66a327-c857-49cf-973f-505fdd16a1ea - - - - -] Service 4884c038-3416-416b-8693-ae372a3f8364 is updated service_manage_report /usr/lib/python3/dist-packages/heat/engine/service.py:2370
2025-05-15 00:50:46.693 35156 DEBUG heat.engine.service [req-86165a77-c3a8-4a3d-948a-794d5d68b33a - - - - -] Service 43c35fbd-2cf8-40a4-a320-f58b91d6dd32 is updated service_manage_report /usr/lib/python3/dist-packages/heat/engine/service.py:2370
2025-05-15 00:50:46.734 35158 DEBUG heat.engine.service [req-7be8bf88-42de-47b0-996d-0bd6d7a2a95d - - - - -] Service b61ed484-2f7f-4ae9-971f-42d2421a2e20 is updated service_manage_report /usr/lib/python3/dist-packages/heat/engine/service.py:2370
2025-05-15 00:51:46.682 35159 DEBUG heat.engine.service [req-f9a3ec7d-3d04-4864-b6e9-e67e9bed8286 - - - - -] Service 60c55e4f-fa1d-4511-ba71-f1b572459e93 is updated service_manage_report /usr/lib/python3/dist-packages/heat/engine/service.py:2370
2025-05-15 00:51:46.684 35157 DEBUG heat.engine.service [req-403cfe02-6686-4e79-9c89-13d393184c04 - - - - -] Service 4884c038-3416-416b-8693-ae372a3f8364 is updated service_manage_report /usr/lib/python3/dist-packages/heat/engine/service.py:2370
2025-05-15 00:51:46.697 35156 DEBUG heat.engine.service [req-950a6a38-7f17-4c49-b380-dad18df3533f - - - - -] Service 43c35fbd-2cf8-40a4-a320-f58b91d6dd32 is updated service_manage_report /usr/lib/python3/dist-packages/heat/engine/service.py:2370
2025-05-15 00:51:46.731 35158 DEBUG heat.engine.service [req-55788831-cb88-4e7e-a808-03082ef03503 - - - - -] Service b61ed484-2f7f-4ae9-971f-42d2421a2e20 is updated service_manage_report /usr/lib/python3/dist-packages/heat/engine/service.py:2370
2025-05-15 00:52:46.679 35159 DEBUG heat.engine.service [req-a031e8e2-be4d-4e0a-9d14-9219417f9640 - - - - -] Service 60c55e4f-fa1d-4511-ba71-f1b572459e93 is updated service_manage_report /usr/lib/python3/dist-packages/heat/engine/service.py:2370
2025-05-15 00:52:46.683 35157 DEBUG heat.engine.service [req-9dc58740-2cc0-4c16-aafb-91846c55b45d - - - - -] Service 4884c038-3416-416b-8693-ae372a3f8364 is updated service_manage_report /usr/lib/python3/dist-packages/heat/engine/service.py:2370
2025-05-15 00:52:46.702 35156 DEBUG heat.engine.service [req-1dd31d3c-a28c-41c6-bb8b-afbd35358018 - - - - -] Service 43c35fbd-2cf8-40a4-a320-f58b91d6dd32 is updated service_manage_report /usr/lib/python3/dist-packages/heat/engine/service.py:2370
2025-05-15 00:52:46.727 35158 DEBUG heat.engine.service [req-c7fc5da4-0b83-45d9-a4ae-d181513a9dfc - - - - -] Service b61ed484-2f7f-4ae9-971f-42d2421a2e20 is updated service_manage_report /usr/lib/python3/dist-packages/heat/engine/service.py:2370
2025-05-15 00:53:46.674 35159 DEBUG heat.engine.service [req-7c6be239-0766-4b19-bb1e-7e2c65e94396 - - - - -] Service 60c55e4f-fa1d-4511-ba71-f1b572459e93 is updated service_manage_report /usr/lib/python3/dist-packages/heat/engine/service.py:2370
2025-05-15 00:53:46.677 35157 DEBUG heat.engine.service [req-274a1acd-9513-447b-b07f-acc13140c0a9 - - - - -] Service 4884c038-3416-416b-8693-ae372a3f8364 is updated service_manage_report /usr/lib/python3/dist-packages/heat/engine/service.py:2370
2025-05-15 00:53:46.704 35156 DEBUG heat.engine.service [req-0f7ee8e4-e03c-4839-abe2-b7554e5ad5e9 - - - - -] Service 43c35fbd-2cf8-40a4-a320-f58b91d6dd32 is updated service_manage_report /usr/lib/python3/dist-packages/heat/engine/service.py:2370
2025-05-15 00:53:46.723 35158 DEBUG heat.engine.service [req-1d2c40f1-89de-44bf-b76f-e6c28a7542ba - - - - -] Service b61ed484-2f7f-4ae9-971f-42d2421a2e20 is updated service_manage_report /usr/lib/python3/dist-packages/heat/engine/service.py:2370
2025-05-15 00:54:46.680 35159 DEBUG heat.engine.service [req-c6e1a053-76b7-4538-93f4-e5f6f126b107 - - - - -] Service 60c55e4f-fa1d-4511-ba71-f1b572459e93 is updated service_manage_report /usr/lib/python3/dist-packages/heat/engine/service.py:2370
2025-05-15 00:54:46.682 35157 DEBUG heat.engine.service [req-0e3c9d22-7bb5-49b2-bab7-4f8b22df6042 - - - - -] Service 4884c038-3416-416b-8693-ae372a3f8364 is updated service_manage_report /usr/lib/python3/dist-packages/heat/engine/service.py:2370
2025-05-15 00:54:46.709 35156 DEBUG heat.engine.service [req-e7163e60-116a-4dc9-b21a-316d22c568a4 - - - - -] Service 43c35fbd-2cf8-40a4-a320-f58b91d6dd32 is updated service_manage_report /usr/lib/python3/dist-packages/heat/engine/service.py:2370
2025-05-15 00:54:46.726 35158 DEBUG heat.engine.service [req-ca742d6a-f48b-4f49-b276-ce59609b60da - - - - -] Service b61ed484-2f7f-4ae9-971f-42d2421a2e20 is updated service_manage_report /usr/lib/python3/dist-packages/heat/engine/service.py:2370
2025-05-15 00:55:46.675 35159 DEBUG heat.engine.service [req-d9778d7a-6bcb-42f2-98ab-593a52c36c9c - - - - -] Service 60c55e4f-fa1d-4511-ba71-f1b572459e93 is updated service_manage_report /usr/lib/python3/dist-packages/heat/engine/service.py:2370
2025-05-15 00:55:46.677 35157 DEBUG heat.engine.service [req-d3f567d1-573d-496d-9e69-9a0c6dcc977b - - - - -] Service 4884c038-3416-416b-8693-ae372a3f8364 is updated service_manage_report /usr/lib/python3/dist-packages/heat/engine/service.py:2370
2025-05-15 00:55:46.711 35156 DEBUG heat.engine.service [req-266222d7-3e94-4b9a-9619-1c8760aa00fe - - - - -] Service 43c35fbd-2cf8-40a4-a320-f58b91d6dd32 is updated service_manage_report /usr/lib/python3/dist-packages/heat/engine/service.py:2370
2025-05-15 00:55:46.732 35158 DEBUG heat.engine.service [req-213891e8-e23d-4694-b8b9-2214d319872f - - - - -] Service b61ed484-2f7f-4ae9-971f-42d2421a2e20 is updated service_manage_report /usr/lib/python3/dist-packages/heat/engine/service.py:2370
2025-05-15 00:56:46.679 35159 DEBUG heat.engine.service [req-ec579d6c-74b6-43ea-ad9d-885611313ac8 - - - - -] Service 60c55e4f-fa1d-4511-ba71-f1b572459e93 is updated service_manage_report /usr/lib/python3/dist-packages/heat/engine/service.py:2370
2025-05-15 00:56:46.683 35157 DEBUG heat.engine.service [req-9cfb48c1-bfa1-464e-9e1e-8ad4bcff7786 - - - - -] Service 4884c038-3416-416b-8693-ae372a3f8364 is updated service_manage_report /usr/lib/python3/dist-packages/heat/engine/service.py:2370
