2025-05-15 01:58:40.426 7 DEBUG oslo_service.service [-] ml2_type_gre.tunnel_id_ranges = [] log_opt_values /var/lib/kolla/venv/lib/python3.6/site-packages/oslo_config/cfg.py:2611
2025-05-15 01:58:40.426 7 DEBUG oslo_service.service [-] ml2_type_vlan.network_vlan_ranges = [] log_opt_values /var/lib/kolla/venv/lib/python3.6/site-packages/oslo_config/cfg.py:2611
2025-05-15 01:58:40.426 7 DEBUG oslo_service.service [-] ml2_type_vxlan.vni_ranges = [] log_opt_values /var/lib/kolla/venv/lib/python3.6/site-packages/oslo_config/cfg.py:2611
2025-05-15 01:58:40.426 7 DEBUG oslo_service.service [-] ml2_type_vxlan.vxlan_group = None log_opt_values /var/lib/kolla/venv/lib/python3.6/site-packages/oslo_config/cfg.py:2611
2025-05-15 01:58:40.426 7 DEBUG oslo_service.service [-] database.backend = sqlalchemy log_opt_values /var/lib/kolla/venv/lib/python3.6/site-packages/oslo_config/cfg.py:2611
2025-05-15 01:58:40.426 7 DEBUG oslo_service.service [-] database.connection = **** log_opt_values /var/lib/kolla/venv/lib/python3.6/site-packages/oslo_config/cfg.py:2611
2025-05-15 01:58:40.426 7 DEBUG oslo_service.service [-] database.connection_debug = 0 log_opt_values /var/lib/kolla/venv/lib/python3.6/site-packages/oslo_config/cfg.py:2611
2025-05-15 01:58:40.426 7 DEBUG oslo_service.service [-] database.connection_parameters = log_opt_values /var/lib/kolla/venv/lib/python3.6/site-packages/oslo_config/cfg.py:2611
2025-05-15 01:58:40.426 7 DEBUG oslo_service.service [-] database.connection_recycle_time = 10 log_opt_values /var/lib/kolla/venv/lib/python3.6/site-packages/oslo_config/cfg.py:2611
2025-05-15 01:58:40.426 7 DEBUG oslo_service.service [-] database.connection_trace = False log_opt_values /var/lib/kolla/venv/lib/python3.6/site-packages/oslo_config/cfg.py:2611
2025-05-15 01:58:40.427 7 DEBUG oslo_service.service [-] database.db_inc_retry_interval = True log_opt_values /var/lib/kolla/venv/lib/python3.6/site-packages/oslo_config/cfg.py:2611
2025-05-15 01:58:40.427 7 DEBUG oslo_service.service [-] database.db_max_retries = 20 log_opt_values /var/lib/kolla/venv/lib/python3.6/site-packages/oslo_config/cfg.py:2611
2025-05-15 01:58:40.427 7 DEBUG oslo_service.service [-] database.db_max_retry_interval = 10 log_opt_values /var/lib/kolla/venv/lib/python3.6/site-packages/oslo_config/cfg.py:2611
2025-05-15 01:58:40.427 7 DEBUG oslo_service.service [-] database.db_retry_interval = 1 log_opt_values /var/lib/kolla/venv/lib/python3.6/site-packages/oslo_config/cfg.py:2611
2025-05-15 01:58:40.427 7 DEBUG oslo_service.service [-] database.max_overflow = 50 log_opt_values /var/lib/kolla/venv/lib/python3.6/site-packages/oslo_config/cfg.py:2611
2025-05-15 01:58:40.427 7 DEBUG oslo_service.service [-] database.max_pool_size = 1 log_opt_values /var/lib/kolla/venv/lib/python3.6/site-packages/oslo_config/cfg.py:2611
2025-05-15 01:58:40.427 7 DEBUG oslo_service.service [-] database.max_retries = -1 log_opt_values /var/lib/kolla/venv/lib/python3.6/site-packages/oslo_config/cfg.py:2611
2025-05-15 01:58:40.427 7 DEBUG oslo_service.service [-] database.mysql_enable_ndb = False log_opt_values /var/lib/kolla/venv/lib/python3.6/site-packages/oslo_config/cfg.py:2611
2025-05-15 01:58:40.427 7 DEBUG oslo_service.service [-] database.mysql_sql_mode = TRADITIONAL log_opt_values /var/lib/kolla/venv/lib/python3.6/site-packages/oslo_config/cfg.py:2611
2025-05-15 01:58:40.427 7 DEBUG oslo_service.service [-] database.pool_timeout = None log_opt_values /var/lib/kolla/venv/lib/python3.6/site-packages/oslo_config/cfg.py:2611
2025-05-15 01:58:40.427 7 DEBUG oslo_service.service [-] database.retry_interval = 10 log_opt_values /var/lib/kolla/venv/lib/python3.6/site-packages/oslo_config/cfg.py:2611
2025-05-15 01:58:40.427 7 DEBUG oslo_service.service [-] database.slave_connection = **** log_opt_values /var/lib/kolla/venv/lib/python3.6/site-packages/oslo_config/cfg.py:2611
2025-05-15 01:58:40.427 7 DEBUG oslo_service.service [-] database.sqlite_synchronous = True log_opt_values /var/lib/kolla/venv/lib/python3.6/site-packages/oslo_config/cfg.py:2611
2025-05-15 01:58:40.427 7 DEBUG oslo_service.service [-] database.use_db_reconnect = False log_opt_values /var/lib/kolla/venv/lib/python3.6/site-packages/oslo_config/cfg.py:2611
2025-05-15 01:58:40.427 7 DEBUG oslo_service.service [-] ******************************************************************************** log_opt_values /var/lib/kolla/venv/lib/python3.6/site-packages/oslo_config/cfg.py:2613
2025-05-15 01:58:42.117 22 DEBUG neutron.wsgi [-] (22) accepted ('10.0.0.130', 57112) server /var/lib/kolla/venv/lib/python3.6/site-packages/eventlet/wsgi.py:1004
2025-05-15 01:58:42.124 22 INFO neutron.wsgi [-] 10.0.0.130 "GET / HTTP/1.1" status: 200 len: 228 time: 0.0050170
2025-05-15 01:58:44.389 23 DEBUG neutron.api.rpc.handlers.dhcp_rpc [req-9ff2fab9-0aa3-49ec-808f-1c4eb2b4c046 - - - - -] get_active_networks_info from cn-jenkins-deploy-platform-ansible-os-3314-1 get_active_networks_info /var/lib/kolla/venv/lib/python3.6/site-packages/neutron/api/rpc/handlers/dhcp_rpc.py:159
2025-05-15 01:58:44.411 26 DEBUG neutron_lib.callbacks.manager [req-6c6b5334-fb97-4baa-b817-93af1719c6dc - - - - -] Publish callbacks ['neutron.services.segments.db._update_segment_host_mapping_for_agent-8775858700352', 'neutron.services.l3_router.l3_router_plugin.DVRResourceOperationHandler.create_fip_agent_gw_ports-1650109'] for agent (3a8851b5-2bc0-4804-b1b5-d0965534e3fa), after_create _notify_loop /var/lib/kolla/venv/lib/python3.6/site-packages/neutron_lib/callbacks/manager.py:177
2025-05-15 01:58:44.427 23 DEBUG neutron.scheduler.dhcp_agent_scheduler [req-9ff2fab9-0aa3-49ec-808f-1c4eb2b4c046 - - - - -] No non-hosted networks auto_schedule_networks /var/lib/kolla/venv/lib/python3.6/site-packages/neutron/scheduler/dhcp_agent_scheduler.py:60
2025-05-15 01:59:02.466 28 DEBUG neutron_lib.callbacks.manager [req-dcfd6465-50f0-41ce-aa2e-2ed3d05e8e8b - - - - -] Publish callbacks ['neutron.services.segments.db._update_segment_host_mapping_for_agent-8775858700352', 'neutron.services.l3_router.l3_router_plugin.DVRResourceOperationHandler.create_fip_agent_gw_ports-1650109'] for agent (7dd8762f-d8e1-4dc6-bc86-22c81ce5aa2f), after_create _notify_loop /var/lib/kolla/venv/lib/python3.6/site-packages/neutron_lib/callbacks/manager.py:177
2025-05-15 01:59:12.165 22 DEBUG neutron.wsgi [-] (22) accepted ('10.0.0.130', 55920) server /var/lib/kolla/venv/lib/python3.6/site-packages/eventlet/wsgi.py:1004
2025-05-15 01:59:12.169 22 INFO neutron.wsgi [-] 10.0.0.130 "GET / HTTP/1.1" status: 200 len: 228 time: 0.0031955
2025-05-15 01:59:14.398 27 DEBUG neutron_lib.callbacks.manager [req-da90f264-783a-4c3c-b363-e8e2328ec6b1 - - - - -] Publish callbacks ['neutron.services.segments.db._update_segment_host_mapping_for_agent-8775858700352', 'neutron.plugins.ml2.plugin.Ml2Plugin._retry_binding_revived_agents-1440531'] for agent (3a8851b5-2bc0-4804-b1b5-d0965534e3fa), after_update _notify_loop /var/lib/kolla/venv/lib/python3.6/site-packages/neutron_lib/callbacks/manager.py:177
2025-05-15 01:59:32.437 23 DEBUG neutron_lib.callbacks.manager [req-dcfd6465-50f0-41ce-aa2e-2ed3d05e8e8b - - - - -] Publish callbacks ['neutron.services.segments.db._update_segment_host_mapping_for_agent-8775858700352', 'neutron.plugins.ml2.plugin.Ml2Plugin._retry_binding_revived_agents-1440531'] for agent (7dd8762f-d8e1-4dc6-bc86-22c81ce5aa2f), after_update _notify_loop /var/lib/kolla/venv/lib/python3.6/site-packages/neutron_lib/callbacks/manager.py:177
2025-05-15 01:59:40.352 29 DEBUG neutron.db.agents_db [req-55684746-0ffa-430a-bd04-31298da8950f - - - - -] Agent healthcheck: found 2 active agents agent_health_check /var/lib/kolla/venv/lib/python3.6/site-packages/neutron/db/agents_db.py:318
2025-05-15 01:59:42.210 22 DEBUG neutron.wsgi [-] (22) accepted ('10.0.0.130', 38262) server /var/lib/kolla/venv/lib/python3.6/site-packages/eventlet/wsgi.py:1004
2025-05-15 01:59:42.215 22 INFO neutron.wsgi [-] 10.0.0.130 "GET / HTTP/1.1" status: 200 len: 228 time: 0.0032043
2025-05-15 01:59:44.395 24 DEBUG neutron_lib.callbacks.manager [req-686c5070-7d30-4cab-bccf-db37b6094c82 - - - - -] Publish callbacks ['neutron.services.segments.db._update_segment_host_mapping_for_agent-8775858700352', 'neutron.plugins.ml2.plugin.Ml2Plugin._retry_binding_revived_agents-1440531'] for agent (3a8851b5-2bc0-4804-b1b5-d0965534e3fa), after_update _notify_loop /var/lib/kolla/venv/lib/python3.6/site-packages/neutron_lib/callbacks/manager.py:177
2025-05-15 02:00:02.446 25 DEBUG neutron_lib.callbacks.manager [req-dcfd6465-50f0-41ce-aa2e-2ed3d05e8e8b - - - - -] Publish callbacks ['neutron.services.segments.db._update_segment_host_mapping_for_agent-8775858700352', 'neutron.plugins.ml2.plugin.Ml2Plugin._retry_binding_revived_agents-1440531'] for agent (7dd8762f-d8e1-4dc6-bc86-22c81ce5aa2f), after_update _notify_loop /var/lib/kolla/venv/lib/python3.6/site-packages/neutron_lib/callbacks/manager.py:177
2025-05-15 02:00:12.261 22 DEBUG neutron.wsgi [-] (22) accepted ('10.0.0.130', 34864) server /var/lib/kolla/venv/lib/python3.6/site-packages/eventlet/wsgi.py:1004
2025-05-15 02:00:12.265 22 INFO neutron.wsgi [-] 10.0.0.130 "GET / HTTP/1.1" status: 200 len: 228 time: 0.0027897
2025-05-15 02:00:14.378 26 DEBUG neutron_lib.callbacks.manager [req-2745a1b9-13cd-48a6-bea5-f8755c46bdee - - - - -] Publish callbacks ['neutron.services.segments.db._update_segment_host_mapping_for_agent-8775858700352', 'neutron.plugins.ml2.plugin.Ml2Plugin._retry_binding_revived_agents-1440531'] for agent (3a8851b5-2bc0-4804-b1b5-d0965534e3fa), after_update _notify_loop /var/lib/kolla/venv/lib/python3.6/site-packages/neutron_lib/callbacks/manager.py:177
2025-05-15 02:00:17.347 29 DEBUG neutron.db.agents_db [req-55684746-0ffa-430a-bd04-31298da8950f - - - - -] Agent healthcheck: found 2 active agents agent_health_check /var/lib/kolla/venv/lib/python3.6/site-packages/neutron/db/agents_db.py:318
2025-05-15 02:00:32.448 28 DEBUG neutron_lib.callbacks.manager [req-dcfd6465-50f0-41ce-aa2e-2ed3d05e8e8b - - - - -] Publish callbacks ['neutron.services.segments.db._update_segment_host_mapping_for_agent-8775858700352', 'neutron.plugins.ml2.plugin.Ml2Plugin._retry_binding_revived_agents-1440531'] for agent (7dd8762f-d8e1-4dc6-bc86-22c81ce5aa2f), after_update _notify_loop /var/lib/kolla/venv/lib/python3.6/site-packages/neutron_lib/callbacks/manager.py:177
2025-05-15 02:00:42.306 22 DEBUG neutron.wsgi [-] (22) accepted ('10.0.0.130', 53082) server /var/lib/kolla/venv/lib/python3.6/site-packages/eventlet/wsgi.py:1004
2025-05-15 02:00:42.310 22 INFO neutron.wsgi [-] 10.0.0.130 "GET / HTTP/1.1" status: 200 len: 228 time: 0.0029800
2025-05-15 02:00:44.374 27 DEBUG neutron_lib.callbacks.manager [req-e2b2b276-2cf1-4770-8193-02442a848d56 - - - - -] Publish callbacks ['neutron.services.segments.db._update_segment_host_mapping_for_agent-8775858700352', 'neutron.plugins.ml2.plugin.Ml2Plugin._retry_binding_revived_agents-1440531'] for agent (3a8851b5-2bc0-4804-b1b5-d0965534e3fa), after_update _notify_loop /var/lib/kolla/venv/lib/python3.6/site-packages/neutron_lib/callbacks/manager.py:177
2025-05-15 02:00:54.352 29 DEBUG neutron.db.agents_db [req-55684746-0ffa-430a-bd04-31298da8950f - - - - -] Agent healthcheck: found 2 active agents agent_health_check /var/lib/kolla/venv/lib/python3.6/site-packages/neutron/db/agents_db.py:318
2025-05-15 02:01:02.440 23 DEBUG neutron_lib.callbacks.manager [req-dcfd6465-50f0-41ce-aa2e-2ed3d05e8e8b - - - - -] Publish callbacks ['neutron.services.segments.db._update_segment_host_mapping_for_agent-8775858700352', 'neutron.plugins.ml2.plugin.Ml2Plugin._retry_binding_revived_agents-1440531'] for agent (7dd8762f-d8e1-4dc6-bc86-22c81ce5aa2f), after_update _notify_loop /var/lib/kolla/venv/lib/python3.6/site-packages/neutron_lib/callbacks/manager.py:177
2025-05-15 02:01:12.353 22 DEBUG neutron.wsgi [-] (22) accepted ('10.0.0.130', 45070) server /var/lib/kolla/venv/lib/python3.6/site-packages/eventlet/wsgi.py:1004
2025-05-15 02:01:12.360 22 INFO neutron.wsgi [-] 10.0.0.130 "GET / HTTP/1.1" status: 200 len: 228 time: 0.0055249
2025-05-15 02:01:14.380 24 DEBUG neutron_lib.callbacks.manager [req-b686fb49-1465-4bf3-ad93-d96ee75674d4 - - - - -] Publish callbacks ['neutron.services.segments.db._update_segment_host_mapping_for_agent-8775858700352', 'neutron.plugins.ml2.plugin.Ml2Plugin._retry_binding_revived_agents-1440531'] for agent (3a8851b5-2bc0-4804-b1b5-d0965534e3fa), after_update _notify_loop /var/lib/kolla/venv/lib/python3.6/site-packages/neutron_lib/callbacks/manager.py:177
2025-05-15 02:01:31.359 29 DEBUG neutron.db.agents_db [req-55684746-0ffa-430a-bd04-31298da8950f - - - - -] Agent healthcheck: found 2 active agents agent_health_check /var/lib/kolla/venv/lib/python3.6/site-packages/neutron/db/agents_db.py:318
2025-05-15 02:01:32.440 25 DEBUG neutron_lib.callbacks.manager [req-dcfd6465-50f0-41ce-aa2e-2ed3d05e8e8b - - - - -] Publish callbacks ['neutron.services.segments.db._update_segment_host_mapping_for_agent-8775858700352', 'neutron.plugins.ml2.plugin.Ml2Plugin._retry_binding_revived_agents-1440531'] for agent (7dd8762f-d8e1-4dc6-bc86-22c81ce5aa2f), after_update _notify_loop /var/lib/kolla/venv/lib/python3.6/site-packages/neutron_lib/callbacks/manager.py:177
2025-05-15 02:01:42.402 22 DEBUG neutron.wsgi [-] (22) accepted ('10.0.0.130', 41736) server /var/lib/kolla/venv/lib/python3.6/site-packages/eventlet/wsgi.py:1004
2025-05-15 02:01:42.405 22 INFO neutron.wsgi [-] 10.0.0.130 "GET / HTTP/1.1" status: 200 len: 228 time: 0.0025842
2025-05-15 02:01:44.376 26 DEBUG neutron_lib.callbacks.manager [req-263ac96c-1636-42be-89e2-f10da5abc4aa - - - - -] Publish callbacks ['neutron.services.segments.db._update_segment_host_mapping_for_agent-8775858700352', 'neutron.plugins.ml2.plugin.Ml2Plugin._retry_binding_revived_agents-1440531'] for agent (3a8851b5-2bc0-4804-b1b5-d0965534e3fa), after_update _notify_loop /var/lib/kolla/venv/lib/python3.6/site-packages/neutron_lib/callbacks/manager.py:177
2025-05-15 02:02:02.511 28 DEBUG neutron_lib.callbacks.manager [req-dcfd6465-50f0-41ce-aa2e-2ed3d05e8e8b - - - - -] Publish callbacks ['neutron.services.segments.db._update_segment_host_mapping_for_agent-8775858700352', 'neutron.plugins.ml2.plugin.Ml2Plugin._retry_binding_revived_agents-1440531'] for agent (7dd8762f-d8e1-4dc6-bc86-22c81ce5aa2f), after_update _notify_loop /var/lib/kolla/venv/lib/python3.6/site-packages/neutron_lib/callbacks/manager.py:177
2025-05-15 02:02:08.355 29 DEBUG neutron.db.agents_db [req-55684746-0ffa-430a-bd04-31298da8950f - - - - -] Agent healthcheck: found 2 active agents agent_health_check /var/lib/kolla/venv/lib/python3.6/site-packages/neutron/db/agents_db.py:318
2025-05-15 02:02:12.451 22 DEBUG neutron.wsgi [-] (22) accepted ('10.0.0.130', 59316) server /var/lib/kolla/venv/lib/python3.6/site-packages/eventlet/wsgi.py:1004
2025-05-15 02:02:12.454 22 INFO neutron.wsgi [-] 10.0.0.130 "GET / HTTP/1.1" status: 200 len: 228 time: 0.0027022
2025-05-15 02:02:14.372 27 DEBUG neutron_lib.callbacks.manager [req-4cabbc42-65ab-4173-879c-5e8eeccc3eca - - - - -] Publish callbacks ['neutron.services.segments.db._update_segment_host_mapping_for_agent-8775858700352', 'neutron.plugins.ml2.plugin.Ml2Plugin._retry_binding_revived_agents-1440531'] for agent (3a8851b5-2bc0-4804-b1b5-d0965534e3fa), after_update _notify_loop /var/lib/kolla/venv/lib/python3.6/site-packages/neutron_lib/callbacks/manager.py:177
2025-05-15 02:02:32.443 23 DEBUG neutron_lib.callbacks.manager [req-dcfd6465-50f0-41ce-aa2e-2ed3d05e8e8b - - - - -] Publish callbacks ['neutron.services.segments.db._update_segment_host_mapping_for_agent-8775858700352', 'neutron.plugins.ml2.plugin.Ml2Plugin._retry_binding_revived_agents-1440531'] for agent (7dd8762f-d8e1-4dc6-bc86-22c81ce5aa2f), after_update _notify_loop /var/lib/kolla/venv/lib/python3.6/site-packages/neutron_lib/callbacks/manager.py:177
2025-05-15 02:02:42.498 22 DEBUG neutron.wsgi [-] (22) accepted ('10.0.0.130', 39906) server /var/lib/kolla/venv/lib/python3.6/site-packages/eventlet/wsgi.py:1004
2025-05-15 02:02:42.502 22 INFO neutron.wsgi [-] 10.0.0.130 "GET / HTTP/1.1" status: 200 len: 228 time: 0.0028176
2025-05-15 02:02:44.367 24 DEBUG neutron_lib.callbacks.manager [req-edda03d9-f7de-449f-b600-b445c5dcef01 - - - - -] Publish callbacks ['neutron.services.segments.db._update_segment_host_mapping_for_agent-8775858700352', 'neutron.plugins.ml2.plugin.Ml2Plugin._retry_binding_revived_agents-1440531'] for agent (3a8851b5-2bc0-4804-b1b5-d0965534e3fa), after_update _notify_loop /var/lib/kolla/venv/lib/python3.6/site-packages/neutron_lib/callbacks/manager.py:177
2025-05-15 02:02:45.360 29 DEBUG neutron.db.agents_db [req-55684746-0ffa-430a-bd04-31298da8950f - - - - -] Agent healthcheck: found 2 active agents agent_health_check /var/lib/kolla/venv/lib/python3.6/site-packages/neutron/db/agents_db.py:318
2025-05-15 02:03:02.446 25 DEBUG neutron_lib.callbacks.manager [req-dcfd6465-50f0-41ce-aa2e-2ed3d05e8e8b - - - - -] Publish callbacks ['neutron.services.segments.db._update_segment_host_mapping_for_agent-8775858700352', 'neutron.plugins.ml2.plugin.Ml2Plugin._retry_binding_revived_agents-1440531'] for agent (7dd8762f-d8e1-4dc6-bc86-22c81ce5aa2f), after_update _notify_loop /var/lib/kolla/venv/lib/python3.6/site-packages/neutron_lib/callbacks/manager.py:177
2025-05-15 02:03:12.548 22 DEBUG neutron.wsgi [-] (22) accepted ('10.0.0.130', 42918) server /var/lib/kolla/venv/lib/python3.6/site-packages/eventlet/wsgi.py:1004
2025-05-15 02:03:12.552 22 INFO neutron.wsgi [-] 10.0.0.130 "GET / HTTP/1.1" status: 200 len: 228 time: 0.0028918
2025-05-15 02:03:14.363 26 DEBUG neutron_lib.callbacks.manager [req-adf04b5e-4c74-4d14-a68a-90672ce83dd9 - - - - -] Publish callbacks ['neutron.services.segments.db._update_segment_host_mapping_for_agent-8775858700352', 'neutron.plugins.ml2.plugin.Ml2Plugin._retry_binding_revived_agents-1440531'] for agent (3a8851b5-2bc0-4804-b1b5-d0965534e3fa), after_update _notify_loop /var/lib/kolla/venv/lib/python3.6/site-packages/neutron_lib/callbacks/manager.py:177
2025-05-15 02:03:22.367 29 DEBUG neutron.db.agents_db [req-55684746-0ffa-430a-bd04-31298da8950f - - - - -] Agent healthcheck: found 2 active agents agent_health_check /var/lib/kolla/venv/lib/python3.6/site-packages/neutron/db/agents_db.py:318
2025-05-15 02:03:32.452 28 DEBUG neutron_lib.callbacks.manager [req-dcfd6465-50f0-41ce-aa2e-2ed3d05e8e8b - - - - -] Publish callbacks ['neutron.services.segments.db._update_segment_host_mapping_for_agent-8775858700352', 'neutron.plugins.ml2.plugin.Ml2Plugin._retry_binding_revived_agents-1440531'] for agent (7dd8762f-d8e1-4dc6-bc86-22c81ce5aa2f), after_update _notify_loop /var/lib/kolla/venv/lib/python3.6/site-packages/neutron_lib/callbacks/manager.py:177
2025-05-15 02:03:42.601 22 DEBUG neutron.wsgi [-] (22) accepted ('10.0.0.130', 53368) server /var/lib/kolla/venv/lib/python3.6/site-packages/eventlet/wsgi.py:1004
2025-05-15 02:03:42.606 22 INFO neutron.wsgi [-] 10.0.0.130 "GET / HTTP/1.1" status: 200 len: 228 time: 0.0034871
2025-05-15 02:03:44.359 27 DEBUG neutron_lib.callbacks.manager [req-fe6144e0-1965-4899-b93f-babcc5e87194 - - - - -] Publish callbacks ['neutron.services.segments.db._update_segment_host_mapping_for_agent-8775858700352', 'neutron.plugins.ml2.plugin.Ml2Plugin._retry_binding_revived_agents-1440531'] for agent (3a8851b5-2bc0-4804-b1b5-d0965534e3fa), after_update _notify_loop /var/lib/kolla/venv/lib/python3.6/site-packages/neutron_lib/callbacks/manager.py:177
2025-05-15 02:03:59.372 29 DEBUG neutron.db.agents_db [req-55684746-0ffa-430a-bd04-31298da8950f - - - - -] Agent healthcheck: found 2 active agents agent_health_check /var/lib/kolla/venv/lib/python3.6/site-packages/neutron/db/agents_db.py:318
2025-05-15 02:04:02.451 23 DEBUG neutron_lib.callbacks.manager [req-dcfd6465-50f0-41ce-aa2e-2ed3d05e8e8b - - - - -] Publish callbacks ['neutron.services.segments.db._update_segment_host_mapping_for_agent-8775858700352', 'neutron.plugins.ml2.plugin.Ml2Plugin._retry_binding_revived_agents-1440531'] for agent (7dd8762f-d8e1-4dc6-bc86-22c81ce5aa2f), after_update _notify_loop /var/lib/kolla/venv/lib/python3.6/site-packages/neutron_lib/callbacks/manager.py:177
2025-05-15 02:04:12.664 22 DEBUG neutron.wsgi [-] (22) accepted ('10.0.0.130', 41550) server /var/lib/kolla/venv/lib/python3.6/site-packages/eventlet/wsgi.py:1004
2025-05-15 02:04:12.667 22 INFO neutron.wsgi [-] 10.0.0.130 "GET / HTTP/1.1" status: 200 len: 228 time: 0.0026207
2025-05-15 02:04:14.362 24 DEBUG neutron_lib.callbacks.manager [req-c76b2a28-d307-436d-beb5-b7f38f1a8535 - - - - -] Publish callbacks ['neutron.services.segments.db._update_segment_host_mapping_for_agent-8775858700352', 'neutron.plugins.ml2.plugin.Ml2Plugin._retry_binding_revived_agents-1440531'] for agent (3a8851b5-2bc0-4804-b1b5-d0965534e3fa), after_update _notify_loop /var/lib/kolla/venv/lib/python3.6/site-packages/neutron_lib/callbacks/manager.py:177
2025-05-15 02:04:32.455 25 DEBUG neutron_lib.callbacks.manager [req-dcfd6465-50f0-41ce-aa2e-2ed3d05e8e8b - - - - -] Publish callbacks ['neutron.services.segments.db._update_segment_host_mapping_for_agent-8775858700352', 'neutron.plugins.ml2.plugin.Ml2Plugin._retry_binding_revived_agents-1440531'] for agent (7dd8762f-d8e1-4dc6-bc86-22c81ce5aa2f), after_update _notify_loop /var/lib/kolla/venv/lib/python3.6/site-packages/neutron_lib/callbacks/manager.py:177
2025-05-15 02:04:36.378 29 DEBUG neutron.db.agents_db [req-55684746-0ffa-430a-bd04-31298da8950f - - - - -] Agent healthcheck: found 2 active agents agent_health_check /var/lib/kolla/venv/lib/python3.6/site-packages/neutron/db/agents_db.py:318
2025-05-15 02:04:42.711 22 DEBUG neutron.wsgi [-] (22) accepted ('10.0.0.130', 44494) server /var/lib/kolla/venv/lib/python3.6/site-packages/eventlet/wsgi.py:1004
2025-05-15 02:04:42.715 22 INFO neutron.wsgi [-] 10.0.0.130 "GET / HTTP/1.1" status: 200 len: 228 time: 0.0024862
2025-05-15 02:04:44.359 26 DEBUG neutron_lib.callbacks.manager [req-5b72897e-51de-4bd0-b547-842d90167466 - - - - -] Publish callbacks ['neutron.services.segments.db._update_segment_host_mapping_for_agent-8775858700352', 'neutron.plugins.ml2.plugin.Ml2Plugin._retry_binding_revived_agents-1440531'] for agent (3a8851b5-2bc0-4804-b1b5-d0965534e3fa), after_update _notify_loop /var/lib/kolla/venv/lib/python3.6/site-packages/neutron_lib/callbacks/manager.py:177
2025-05-15 02:05:02.456 28 DEBUG neutron_lib.callbacks.manager [req-dcfd6465-50f0-41ce-aa2e-2ed3d05e8e8b - - - - -] Publish callbacks ['neutron.services.segments.db._update_segment_host_mapping_for_agent-8775858700352', 'neutron.plugins.ml2.plugin.Ml2Plugin._retry_binding_revived_agents-1440531'] for agent (7dd8762f-d8e1-4dc6-bc86-22c81ce5aa2f), after_update _notify_loop /var/lib/kolla/venv/lib/python3.6/site-packages/neutron_lib/callbacks/manager.py:177
2025-05-15 02:05:12.759 22 DEBUG neutron.wsgi [-] (22) accepted ('10.0.0.130', 51176) server /var/lib/kolla/venv/lib/python3.6/site-packages/eventlet/wsgi.py:1004
2025-05-15 02:05:12.762 22 INFO neutron.wsgi [-] 10.0.0.130 "GET / HTTP/1.1" status: 200 len: 228 time: 0.0025210
2025-05-15 02:05:13.385 29 DEBUG neutron.db.agents_db [req-55684746-0ffa-430a-bd04-31298da8950f - - - - -] Agent healthcheck: found 2 active agents agent_health_check /var/lib/kolla/venv/lib/python3.6/site-packages/neutron/db/agents_db.py:318
2025-05-15 02:05:14.354 27 DEBUG neutron_lib.callbacks.manager [req-d8a029e6-054b-4a87-a2f5-21d510906ab0 - - - - -] Publish callbacks ['neutron.services.segments.db._update_segment_host_mapping_for_agent-8775858700352', 'neutron.plugins.ml2.plugin.Ml2Plugin._retry_binding_revived_agents-1440531'] for agent (3a8851b5-2bc0-4804-b1b5-d0965534e3fa), after_update _notify_loop /var/lib/kolla/venv/lib/python3.6/site-packages/neutron_lib/callbacks/manager.py:177
2025-05-15 02:05:32.458 23 DEBUG neutron_lib.callbacks.manager [req-dcfd6465-50f0-41ce-aa2e-2ed3d05e8e8b - - - - -] Publish callbacks ['neutron.services.segments.db._update_segment_host_mapping_for_agent-8775858700352', 'neutron.plugins.ml2.plugin.Ml2Plugin._retry_binding_revived_agents-1440531'] for agent (7dd8762f-d8e1-4dc6-bc86-22c81ce5aa2f), after_update _notify_loop /var/lib/kolla/venv/lib/python3.6/site-packages/neutron_lib/callbacks/manager.py:177
2025-05-15 02:05:42.809 22 DEBUG neutron.wsgi [-] (22) accepted ('10.0.0.130', 35440) server /var/lib/kolla/venv/lib/python3.6/site-packages/eventlet/wsgi.py:1004
2025-05-15 02:05:42.813 22 INFO neutron.wsgi [-] 10.0.0.130 "GET / HTTP/1.1" status: 200 len: 228 time: 0.0028598
2025-05-15 02:05:44.365 24 DEBUG neutron_lib.callbacks.manager [req-6eabd6f4-5cf8-46a4-a22d-f1066c4b0bf5 - - - - -] Publish callbacks ['neutron.services.segments.db._update_segment_host_mapping_for_agent-8775858700352', 'neutron.plugins.ml2.plugin.Ml2Plugin._retry_binding_revived_agents-1440531'] for agent (3a8851b5-2bc0-4804-b1b5-d0965534e3fa), after_update _notify_loop /var/lib/kolla/venv/lib/python3.6/site-packages/neutron_lib/callbacks/manager.py:177
2025-05-15 02:05:50.389 29 DEBUG neutron.db.agents_db [req-55684746-0ffa-430a-bd04-31298da8950f - - - - -] Agent healthcheck: found 2 active agents agent_health_check /var/lib/kolla/venv/lib/python3.6/site-packages/neutron/db/agents_db.py:318
2025-05-15 02:06:02.460 25 DEBUG neutron_lib.callbacks.manager [req-dcfd6465-50f0-41ce-aa2e-2ed3d05e8e8b - - - - -] Publish callbacks ['neutron.services.segments.db._update_segment_host_mapping_for_agent-8775858700352', 'neutron.plugins.ml2.plugin.Ml2Plugin._retry_binding_revived_agents-1440531'] for agent (7dd8762f-d8e1-4dc6-bc86-22c81ce5aa2f), after_update _notify_loop /var/lib/kolla/venv/lib/python3.6/site-packages/neutron_lib/callbacks/manager.py:177
2025-05-15 02:06:12.858 22 DEBUG neutron.wsgi [-] (22) accepted ('10.0.0.130', 42928) server /var/lib/kolla/venv/lib/python3.6/site-packages/eventlet/wsgi.py:1004
2025-05-15 02:06:12.862 22 INFO neutron.wsgi [-] 10.0.0.130 "GET / HTTP/1.1" status: 200 len: 228 time: 0.0029466
2025-05-15 02:06:14.362 26 DEBUG neutron_lib.callbacks.manager [req-5d29eddc-70ec-4106-80e1-43978b6864c1 - - - - -] Publish callbacks ['neutron.services.segments.db._update_segment_host_mapping_for_agent-8775858700352', 'neutron.plugins.ml2.plugin.Ml2Plugin._retry_binding_revived_agents-1440531'] for agent (3a8851b5-2bc0-4804-b1b5-d0965534e3fa), after_update _notify_loop /var/lib/kolla/venv/lib/python3.6/site-packages/neutron_lib/callbacks/manager.py:177
2025-05-15 02:06:27.396 29 DEBUG neutron.db.agents_db [req-55684746-0ffa-430a-bd04-31298da8950f - - - - -] Agent healthcheck: found 2 active agents agent_health_check /var/lib/kolla/venv/lib/python3.6/site-packages/neutron/db/agents_db.py:318
2025-05-15 02:06:32.465 28 DEBUG neutron_lib.callbacks.manager [req-dcfd6465-50f0-41ce-aa2e-2ed3d05e8e8b - - - - -] Publish callbacks ['neutron.services.segments.db._update_segment_host_mapping_for_agent-8775858700352', 'neutron.plugins.ml2.plugin.Ml2Plugin._retry_binding_revived_agents-1440531'] for agent (7dd8762f-d8e1-4dc6-bc86-22c81ce5aa2f), after_update _notify_loop /var/lib/kolla/venv/lib/python3.6/site-packages/neutron_lib/callbacks/manager.py:177
2025-05-15 02:06:42.975 22 DEBUG neutron.wsgi [-] (22) accepted ('10.0.0.130', 43688) server /var/lib/kolla/venv/lib/python3.6/site-packages/eventlet/wsgi.py:1004
2025-05-15 02:06:42.981 22 INFO neutron.wsgi [-] 10.0.0.130 "GET / HTTP/1.1" status: 200 len: 228 time: 0.0053637
2025-05-15 02:06:44.358 27 DEBUG neutron_lib.callbacks.manager [req-1651ba41-728e-4f43-8071-a3c63595f611 - - - - -] Publish callbacks ['neutron.services.segments.db._update_segment_host_mapping_for_agent-8775858700352', 'neutron.plugins.ml2.plugin.Ml2Plugin._retry_binding_revived_agents-1440531'] for agent (3a8851b5-2bc0-4804-b1b5-d0965534e3fa), after_update _notify_loop /var/lib/kolla/venv/lib/python3.6/site-packages/neutron_lib/callbacks/manager.py:177
2025-05-15 02:06:46.631 7 INFO oslo_service.service [-] Caught SIGTERM, stopping children
2025-05-15 02:06:46.631 7 DEBUG oslo_concurrency.lockutils [-] Acquired lock "singleton_lock" lock /var/lib/kolla/venv/lib/python3.6/site-packages/oslo_concurrency/lockutils.py:294
2025-05-15 02:06:46.632 7 DEBUG oslo_concurrency.lockutils [-] Releasing lock "singleton_lock" lock /var/lib/kolla/venv/lib/python3.6/site-packages/oslo_concurrency/lockutils.py:312
2025-05-15 02:06:46.632 7 DEBUG oslo_service.service [-] Stop services. stop /var/lib/kolla/venv/lib/python3.6/site-packages/oslo_service/service.py:695
2025-05-15 02:06:46.632 7 DEBUG neutron.service [-] calling RpcWorker stop() stop /var/lib/kolla/venv/lib/python3.6/site-packages/neutron/service.py:138
2025-05-15 02:06:46.632 7 DEBUG neutron.service [-] calling RpcWorker stop() stop /var/lib/kolla/venv/lib/python3.6/site-packages/neutron/service.py:138
2025-05-15 02:06:46.632 7 DEBUG oslo_service.service [-] Killing children. stop /var/lib/kolla/venv/lib/python3.6/site-packages/oslo_service/service.py:700
2025-05-15 02:06:46.632 7 INFO oslo_service.service [-] Waiting on 8 children to exit
2025-05-15 02:06:46.633 22 INFO neutron.wsgi [-] (22) wsgi exited, is_accepting=True
2025-05-15 02:06:46.633 29 DEBUG neutron.service [-] calling RpcWorker stop() stop /var/lib/kolla/venv/lib/python3.6/site-packages/neutron/service.py:138
2025-05-15 02:06:46.633 25 DEBUG neutron.service [-] calling RpcWorker stop() stop /var/lib/kolla/venv/lib/python3.6/site-packages/neutron/service.py:138
2025-05-15 02:06:46.633 24 DEBUG neutron.service [-] calling RpcWorker stop() stop /var/lib/kolla/venv/lib/python3.6/site-packages/neutron/service.py:138
2025-05-15 02:06:46.633 29 DEBUG neutron.service [-] calling stop on stop /var/lib/kolla/venv/lib/python3.6/site-packages/neutron/service.py:141
2025-05-15 02:06:46.634 22 DEBUG oslo_concurrency.lockutils [req-901af91b-d23e-48ae-b912-29f8702ed1d2 - - - - -] Acquired lock "singleton_lock" lock /var/lib/kolla/venv/lib/python3.6/site-packages/oslo_concurrency/lockutils.py:294
2025-05-15 02:06:46.634 22 DEBUG oslo_concurrency.lockutils [req-901af91b-d23e-48ae-b912-29f8702ed1d2 - - - - -] Releasing lock "singleton_lock" lock /var/lib/kolla/venv/lib/python3.6/site-packages/oslo_concurrency/lockutils.py:312
2025-05-15 02:06:46.635 23 DEBUG neutron.service [-] calling RpcWorker stop() stop /var/lib/kolla/venv/lib/python3.6/site-packages/neutron/service.py:138
2025-05-15 02:06:46.633 25 DEBUG neutron.service [-] calling stop on stop /var/lib/kolla/venv/lib/python3.6/site-packages/neutron/service.py:141
2025-05-15 02:06:46.635 23 DEBUG neutron.service [-] calling stop on stop /var/lib/kolla/venv/lib/python3.6/site-packages/neutron/service.py:141
2025-05-15 02:06:46.633 24 DEBUG neutron.service [-] calling stop on stop /var/lib/kolla/venv/lib/python3.6/site-packages/neutron/service.py:141
2025-05-15 02:06:46.636 27 DEBUG neutron.service [-] calling RpcWorker stop() stop /var/lib/kolla/venv/lib/python3.6/site-packages/neutron/service.py:138
2025-05-15 02:06:46.639 7 INFO oslo_service.service [-] Child 22 exited with status 0
2025-05-15 02:06:46.637 27 DEBUG neutron.service [-] calling stop on stop /var/lib/kolla/venv/lib/python3.6/site-packages/neutron/service.py:141
2025-05-15 02:06:46.640 28 DEBUG neutron.service [-] calling RpcWorker stop() stop /var/lib/kolla/venv/lib/python3.6/site-packages/neutron/service.py:138
2025-05-15 02:06:46.640 28 DEBUG neutron.service [-] calling stop on stop /var/lib/kolla/venv/lib/python3.6/site-packages/neutron/service.py:141
2025-05-15 02:06:46.643 26 DEBUG neutron.service [-] calling RpcWorker stop() stop /var/lib/kolla/venv/lib/python3.6/site-packages/neutron/service.py:138
2025-05-15 02:06:46.644 26 DEBUG neutron.service [-] calling stop on stop /var/lib/kolla/venv/lib/python3.6/site-packages/neutron/service.py:141
2025-05-15 02:06:47.564 26 DEBUG oslo_concurrency.lockutils [req-901af91b-d23e-48ae-b912-29f8702ed1d2 - - - - -] Acquired lock "singleton_lock" lock /var/lib/kolla/venv/lib/python3.6/site-packages/oslo_concurrency/lockutils.py:294
2025-05-15 02:06:47.564 26 DEBUG oslo_concurrency.lockutils [req-901af91b-d23e-48ae-b912-29f8702ed1d2 - - - - -] Releasing lock "singleton_lock" lock /var/lib/kolla/venv/lib/python3.6/site-packages/oslo_concurrency/lockutils.py:312
2025-05-15 02:06:47.564 26 DEBUG neutron.service [req-901af91b-d23e-48ae-b912-29f8702ed1d2 - - - - -] calling RpcWorker wait() _wait /var/lib/kolla/venv/lib/python3.6/site-packages/neutron/service.py:128
2025-05-15 02:06:47.564 26 DEBUG neutron.service [req-901af91b-d23e-48ae-b912-29f8702ed1d2 - - - - -] calling wait on _wait /var/lib/kolla/venv/lib/python3.6/site-packages/neutron/service.py:131
2025-05-15 02:06:47.570 26 WARNING amqp [req-901af91b-d23e-48ae-b912-29f8702ed1d2 - - - - -] Received method (60, 30) during closing channel 1. This method will be ignored
2025-05-15 02:06:47.570 26 DEBUG neutron.service [req-901af91b-d23e-48ae-b912-29f8702ed1d2 - - - - -] returning from RpcWorker wait() _wait /var/lib/kolla/venv/lib/python3.6/site-packages/neutron/service.py:135
2025-05-15 02:06:47.576 7 INFO oslo_service.service [-] Child 26 exited with status 0
2025-05-15 02:06:48.455 27 DEBUG oslo_concurrency.lockutils [req-901af91b-d23e-48ae-b912-29f8702ed1d2 - - - - -] Acquired lock "singleton_lock" lock /var/lib/kolla/venv/lib/python3.6/site-packages/oslo_concurrency/lockutils.py:294
2025-05-15 02:06:48.456 27 DEBUG oslo_concurrency.lockutils [req-901af91b-d23e-48ae-b912-29f8702ed1d2 - - - - -] Releasing lock "singleton_lock" lock /var/lib/kolla/venv/lib/python3.6/site-packages/oslo_concurrency/lockutils.py:312
2025-05-15 02:06:48.456 27 DEBUG neutron.service [req-901af91b-d23e-48ae-b912-29f8702ed1d2 - - - - -] calling RpcWorker wait() _wait /var/lib/kolla/venv/lib/python3.6/site-packages/neutron/service.py:128
2025-05-15 02:06:48.456 27 DEBUG neutron.service [req-901af91b-d23e-48ae-b912-29f8702ed1d2 - - - - -] calling wait on _wait /var/lib/kolla/venv/lib/python3.6/site-packages/neutron/service.py:131
2025-05-15 02:06:48.462 27 WARNING amqp [req-901af91b-d23e-48ae-b912-29f8702ed1d2 - - - - -] Received method (60, 30) during closing channel 1. This method will be ignored
2025-05-15 02:06:48.463 27 DEBUG neutron.service [req-901af91b-d23e-48ae-b912-29f8702ed1d2 - - - - -] returning from RpcWorker wait() _wait /var/lib/kolla/venv/lib/python3.6/site-packages/neutron/service.py:135
2025-05-15 02:06:48.470 7 INFO oslo_service.service [-] Child 27 exited with status 0
2025-05-15 02:06:50.336 23 DEBUG neutron.service [-] calling stop on stop /var/lib/kolla/venv/lib/python3.6/site-packages/neutron/service.py:141
2025-05-15 02:06:50.342 24 DEBUG neutron.service [-] calling stop on stop /var/lib/kolla/venv/lib/python3.6/site-packages/neutron/service.py:141
2025-05-15 02:06:50.352 23 DEBUG neutron.service [-] calling stop on stop /var/lib/kolla/venv/lib/python3.6/site-packages/neutron/service.py:141
2025-05-15 02:06:50.364 25 DEBUG neutron.service [-] calling stop on stop /var/lib/kolla/venv/lib/python3.6/site-packages/neutron/service.py:141
2025-05-15 02:06:50.367 24 DEBUG neutron.service [-] calling stop on stop /var/lib/kolla/venv/lib/python3.6/site-packages/neutron/service.py:141
2025-05-15 02:06:50.370 29 DEBUG oslo_concurrency.lockutils [req-901af91b-d23e-48ae-b912-29f8702ed1d2 - - - - -] Acquired lock "singleton_lock" lock /var/lib/kolla/venv/lib/python3.6/site-packages/oslo_concurrency/lockutils.py:294
2025-05-15 02:06:50.370 29 DEBUG oslo_concurrency.lockutils [req-901af91b-d23e-48ae-b912-29f8702ed1d2 - - - - -] Releasing lock "singleton_lock" lock /var/lib/kolla/venv/lib/python3.6/site-packages/oslo_concurrency/lockutils.py:312
2025-05-15 02:06:50.371 29 DEBUG neutron.service [req-901af91b-d23e-48ae-b912-29f8702ed1d2 - - - - -] calling RpcWorker wait() _wait /var/lib/kolla/venv/lib/python3.6/site-packages/neutron/service.py:128
2025-05-15 02:06:50.371 29 DEBUG neutron.service [req-901af91b-d23e-48ae-b912-29f8702ed1d2 - - - - -] calling wait on _wait /var/lib/kolla/venv/lib/python3.6/site-packages/neutron/service.py:131
2025-05-15 02:06:50.375 23 DEBUG neutron.service [-] calling stop on stop /var/lib/kolla/venv/lib/python3.6/site-packages/neutron/service.py:141
2025-05-15 02:06:50.375 25 DEBUG neutron.service [-] calling stop on stop /var/lib/kolla/venv/lib/python3.6/site-packages/neutron/service.py:141
2025-05-15 02:06:50.376 24 DEBUG neutron.service [-] calling stop on stop /var/lib/kolla/venv/lib/python3.6/site-packages/neutron/service.py:141
2025-05-15 02:06:50.380 29 WARNING amqp [req-901af91b-d23e-48ae-b912-29f8702ed1d2 - - - - -] Received method (60, 30) during closing channel 1. This method will be ignored
2025-05-15 02:06:50.380 29 DEBUG neutron.service [req-901af91b-d23e-48ae-b912-29f8702ed1d2 - - - - -] returning from RpcWorker wait() _wait /var/lib/kolla/venv/lib/python3.6/site-packages/neutron/service.py:135
2025-05-15 02:06:50.382 25 DEBUG neutron.service [-] calling stop on stop /var/lib/kolla/venv/lib/python3.6/site-packages/neutron/service.py:141
2025-05-15 02:06:50.384 23 DEBUG oslo_concurrency.lockutils [req-901af91b-d23e-48ae-b912-29f8702ed1d2 - - - - -] Acquired lock "singleton_lock" lock /var/lib/kolla/venv/lib/python3.6/site-packages/oslo_concurrency/lockutils.py:294
2025-05-15 02:06:50.384 23 DEBUG oslo_concurrency.lockutils [req-901af91b-d23e-48ae-b912-29f8702ed1d2 - - - - -] Releasing lock "singleton_lock" lock /var/lib/kolla/venv/lib/python3.6/site-packages/oslo_concurrency/lockutils.py:312
2025-05-15 02:06:50.384 23 DEBUG neutron.service [req-901af91b-d23e-48ae-b912-29f8702ed1d2 - - - - -] calling RpcWorker wait() _wait /var/lib/kolla/venv/lib/python3.6/site-packages/neutron/service.py:128
2025-05-15 02:06:50.385 23 DEBUG neutron.service [req-901af91b-d23e-48ae-b912-29f8702ed1d2 - - - - -] calling wait on _wait /var/lib/kolla/venv/lib/python3.6/site-packages/neutron/service.py:131
2025-05-15 02:06:50.385 7 INFO oslo_service.service [-] Child 29 exited with status 0
2025-05-15 02:06:50.389 24 DEBUG oslo_concurrency.lockutils [req-901af91b-d23e-48ae-b912-29f8702ed1d2 - - - - -] Acquired lock "singleton_lock" lock /var/lib/kolla/venv/lib/python3.6/site-packages/oslo_concurrency/lockutils.py:294
2025-05-15 02:06:50.390 24 DEBUG oslo_concurrency.lockutils [req-901af91b-d23e-48ae-b912-29f8702ed1d2 - - - - -] Releasing lock "singleton_lock" lock /var/lib/kolla/venv/lib/python3.6/site-packages/oslo_concurrency/lockutils.py:312
2025-05-15 02:06:50.390 24 DEBUG neutron.service [req-901af91b-d23e-48ae-b912-29f8702ed1d2 - - - - -] calling RpcWorker wait() _wait /var/lib/kolla/venv/lib/python3.6/site-packages/neutron/service.py:128
2025-05-15 02:06:50.390 24 DEBUG neutron.service [req-901af91b-d23e-48ae-b912-29f8702ed1d2 - - - - -] calling wait on _wait /var/lib/kolla/venv/lib/python3.6/site-packages/neutron/service.py:131
2025-05-15 02:06:50.390 23 WARNING amqp [req-901af91b-d23e-48ae-b912-29f8702ed1d2 - - - - -] Received method (60, 30) during closing channel 1. This method will be ignored
2025-05-15 02:06:50.391 23 DEBUG neutron.service [req-901af91b-d23e-48ae-b912-29f8702ed1d2 - - - - -] calling wait on _wait /var/lib/kolla/venv/lib/python3.6/site-packages/neutron/service.py:131
2025-05-15 02:06:50.394 25 DEBUG oslo_concurrency.lockutils [req-901af91b-d23e-48ae-b912-29f8702ed1d2 - - - - -] Acquired lock "singleton_lock" lock /var/lib/kolla/venv/lib/python3.6/site-packages/oslo_concurrency/lockutils.py:294
2025-05-15 02:06:50.394 25 DEBUG oslo_concurrency.lockutils [req-901af91b-d23e-48ae-b912-29f8702ed1d2 - - - - -] Releasing lock "singleton_lock" lock /var/lib/kolla/venv/lib/python3.6/site-packages/oslo_concurrency/lockutils.py:312
2025-05-15 02:06:50.395 25 DEBUG neutron.service [req-901af91b-d23e-48ae-b912-29f8702ed1d2 - - - - -] calling RpcWorker wait() _wait /var/lib/kolla/venv/lib/python3.6/site-packages/neutron/service.py:128
2025-05-15 02:06:50.395 25 DEBUG neutron.service [req-901af91b-d23e-48ae-b912-29f8702ed1d2 - - - - -] calling wait on _wait /var/lib/kolla/venv/lib/python3.6/site-packages/neutron/service.py:131
2025-05-15 02:06:50.397 24 WARNING amqp [req-901af91b-d23e-48ae-b912-29f8702ed1d2 - - - - -] Received method (60, 30) during closing channel 1. This method will be ignored
2025-05-15 02:06:50.398 24 DEBUG neutron.service [req-901af91b-d23e-48ae-b912-29f8702ed1d2 - - - - -] calling wait on _wait /var/lib/kolla/venv/lib/python3.6/site-packages/neutron/service.py:131
2025-05-15 02:06:50.400 23 WARNING amqp [req-901af91b-d23e-48ae-b912-29f8702ed1d2 - - - - -] Received method (60, 30) during closing channel 1. This method will be ignored
2025-05-15 02:06:50.400 23 DEBUG neutron.service [req-901af91b-d23e-48ae-b912-29f8702ed1d2 - - - - -] calling wait on _wait /var/lib/kolla/venv/lib/python3.6/site-packages/neutron/service.py:131
2025-05-15 02:06:50.404 25 WARNING amqp [req-901af91b-d23e-48ae-b912-29f8702ed1d2 - - - - -] Received method (60, 30) during closing channel 1. This method will be ignored
2025-05-15 02:06:50.405 25 DEBUG neutron.service [req-901af91b-d23e-48ae-b912-29f8702ed1d2 - - - - -] calling wait on _wait /var/lib/kolla/venv/lib/python3.6/site-packages/neutron/service.py:131
2025-05-15 02:06:50.408 23 WARNING amqp [req-901af91b-d23e-48ae-b912-29f8702ed1d2 - - - - -] Received method (60, 30) during closing channel 1. This method will be ignored
2025-05-15 02:06:50.408 24 WARNING amqp [req-901af91b-d23e-48ae-b912-29f8702ed1d2 - - - - -] Received method (60, 30) during closing channel 1. This method will be ignored
2025-05-15 02:06:50.409 23 DEBUG neutron.service [req-901af91b-d23e-48ae-b912-29f8702ed1d2 - - - - -] calling wait on _wait /var/lib/kolla/venv/lib/python3.6/site-packages/neutron/service.py:131
2025-05-15 02:06:50.409 24 DEBUG neutron.service [req-901af91b-d23e-48ae-b912-29f8702ed1d2 - - - - -] calling wait on _wait /var/lib/kolla/venv/lib/python3.6/site-packages/neutron/service.py:131
2025-05-15 02:06:50.411 25 WARNING amqp [req-901af91b-d23e-48ae-b912-29f8702ed1d2 - - - - -] Received method (60, 30) during closing channel 1. This method will be ignored
2025-05-15 02:06:50.412 25 DEBUG neutron.service [req-901af91b-d23e-48ae-b912-29f8702ed1d2 - - - - -] calling wait on _wait /var/lib/kolla/venv/lib/python3.6/site-packages/neutron/service.py:131
2025-05-15 02:06:50.415 23 WARNING amqp [req-901af91b-d23e-48ae-b912-29f8702ed1d2 - - - - -] Received method (60, 30) during closing channel 1. This method will be ignored
2025-05-15 02:06:50.415 23 DEBUG neutron.service [req-901af91b-d23e-48ae-b912-29f8702ed1d2 - - - - -] returning from RpcWorker wait() _wait /var/lib/kolla/venv/lib/python3.6/site-packages/neutron/service.py:135
2025-05-15 02:06:50.415 24 WARNING amqp [req-901af91b-d23e-48ae-b912-29f8702ed1d2 - - - - -] Received method (60, 30) during closing channel 1. This method will be ignored
2025-05-15 02:06:50.417 24 DEBUG neutron.service [req-901af91b-d23e-48ae-b912-29f8702ed1d2 - - - - -] calling wait on _wait /var/lib/kolla/venv/lib/python3.6/site-packages/neutron/service.py:131
2025-05-15 02:06:50.418 25 WARNING amqp [req-901af91b-d23e-48ae-b912-29f8702ed1d2 - - - - -] Received method (60, 30) during closing channel 1. This method will be ignored
2025-05-15 02:06:50.418 25 DEBUG neutron.service [req-901af91b-d23e-48ae-b912-29f8702ed1d2 - - - - -] calling wait on _wait /var/lib/kolla/venv/lib/python3.6/site-packages/neutron/service.py:131
2025-05-15 02:06:50.421 7 INFO oslo_service.service [-] Child 23 exited with status 0
2025-05-15 02:06:50.423 24 WARNING amqp [req-901af91b-d23e-48ae-b912-29f8702ed1d2 - - - - -] Received method (60, 30) during closing channel 1. This method will be ignored
2025-05-15 02:06:50.423 24 DEBUG neutron.service [req-901af91b-d23e-48ae-b912-29f8702ed1d2 - - - - -] returning from RpcWorker wait() _wait /var/lib/kolla/venv/lib/python3.6/site-packages/neutron/service.py:135
2025-05-15 02:06:50.427 25 WARNING amqp [req-901af91b-d23e-48ae-b912-29f8702ed1d2 - - - - -] Received method (60, 30) during closing channel 1. This method will be ignored
2025-05-15 02:06:50.428 7 INFO oslo_service.service [-] Child 24 exited with status 0
2025-05-15 02:06:50.429 25 DEBUG neutron.service [req-901af91b-d23e-48ae-b912-29f8702ed1d2 - - - - -] returning from RpcWorker wait() _wait /var/lib/kolla/venv/lib/python3.6/site-packages/neutron/service.py:135
2025-05-15 02:06:50.435 7 INFO oslo_service.service [-] Child 25 exited with status 0
2025-05-15 02:06:50.660 28 DEBUG oslo_concurrency.lockutils [req-901af91b-d23e-48ae-b912-29f8702ed1d2 - - - - -] Acquired lock "singleton_lock" lock /var/lib/kolla/venv/lib/python3.6/site-packages/oslo_concurrency/lockutils.py:294
2025-05-15 02:06:50.660 28 DEBUG oslo_concurrency.lockutils [req-901af91b-d23e-48ae-b912-29f8702ed1d2 - - - - -] Releasing lock "singleton_lock" lock /var/lib/kolla/venv/lib/python3.6/site-packages/oslo_concurrency/lockutils.py:312
2025-05-15 02:06:50.660 28 DEBUG neutron.service [req-901af91b-d23e-48ae-b912-29f8702ed1d2 - - - - -] calling RpcWorker wait() _wait /var/lib/kolla/venv/lib/python3.6/site-packages/neutron/service.py:128
2025-05-15 02:06:50.660 28 DEBUG neutron.service [req-901af91b-d23e-48ae-b912-29f8702ed1d2 - - - - -] calling wait on _wait /var/lib/kolla/venv/lib/python3.6/site-packages/neutron/service.py:131
2025-05-15 02:06:50.668 28 WARNING amqp [req-901af91b-d23e-48ae-b912-29f8702ed1d2 - - - - -] Received method (60, 30) during closing channel 1. This method will be ignored
2025-05-15 02:06:50.669 28 DEBUG neutron.service [req-901af91b-d23e-48ae-b912-29f8702ed1d2 - - - - -] returning from RpcWorker wait() _wait /var/lib/kolla/venv/lib/python3.6/site-packages/neutron/service.py:135
2025-05-15 02:06:50.673 7 INFO oslo_service.service [-] Child 28 exited with status 0
2025-05-15 02:06:50.673 7 INFO oslo_service.service [-] Wait called after thread killed. Cleaning up.
2025-05-15 02:06:50.674 7 DEBUG oslo_service.service [-] Stop services. stop /var/lib/kolla/venv/lib/python3.6/site-packages/oslo_service/service.py:695
2025-05-15 02:06:50.674 7 DEBUG oslo_service.service [-] Killing children. stop /var/lib/kolla/venv/lib/python3.6/site-packages/oslo_service/service.py:700
2025-05-15 02:06:54.762 7 INFO neutron.common.config [-] Logging enabled!
2025-05-15 02:06:54.763 7 INFO neutron.common.config [-] /var/lib/kolla/venv/bin/neutron-server version 20.5.1.dev23
2025-05-15 02:06:54.763 7 DEBUG neutron.common.config [-] command line: /var/lib/kolla/venv/bin/neutron-server --config-file /etc/neutron/neutron.conf --config-file /etc/neutron/ContrailPlugin.ini --config-file /etc/neutron/api-paste.ini setup_logging /var/lib/kolla/venv/lib/python3.6/site-packages/neutron/common/config.py:115
2025-05-15 02:06:54.767 7 INFO neutron.common.config [-] Logging enabled!
2025-05-15 02:06:54.767 7 INFO neutron.common.config [-] /var/lib/kolla/venv/bin/neutron-server version 20.5.1.dev23
2025-05-15 02:06:54.767 7 DEBUG neutron.common.config [-] command line: /var/lib/kolla/venv/bin/neutron-server --config-file /etc/neutron/neutron.conf --config-file /etc/neutron/ContrailPlugin.ini --config-file /etc/neutron/api-paste.ini setup_logging /var/lib/kolla/venv/lib/python3.6/site-packages/neutron/common/config.py:115
2025-05-15 02:06:54.768 7 DEBUG neutron.common.config [-] ******************************************************************************** log_opt_values /var/lib/kolla/venv/lib/python3.6/site-packages/oslo_config/cfg.py:2589
2025-05-15 02:06:54.768 7 DEBUG neutron.common.config [-] Configuration options gathered from: log_opt_values /var/lib/kolla/venv/lib/python3.6/site-packages/oslo_config/cfg.py:2590
2025-05-15 02:06:54.768 7 DEBUG neutron.common.config [-] command line args: ['--config-file', '/etc/neutron/neutron.conf', '--config-file', '/etc/neutron/ContrailPlugin.ini', '--config-file', '/etc/neutron/api-paste.ini'] log_opt_values /var/lib/kolla/venv/lib/python3.6/site-packages/oslo_config/cfg.py:2591
2025-05-15 02:06:54.769 7 DEBUG neutron.common.config [-] config files: ['/etc/neutron/neutron.conf', '/etc/neutron/ContrailPlugin.ini', '/etc/neutron/api-paste.ini'] log_opt_values /var/lib/kolla/venv/lib/python3.6/site-packages/oslo_config/cfg.py:2593
2025-05-15 02:06:54.769 7 DEBUG neutron.common.config [-] ================================================================================ log_opt_values /var/lib/kolla/venv/lib/python3.6/site-packages/oslo_config/cfg.py:2594
2025-05-15 02:06:54.769 7 DEBUG neutron.common.config [-] allow_bulk = True log_opt_values /var/lib/kolla/venv/lib/python3.6/site-packages/oslo_config/cfg.py:2603
2025-05-15 02:06:54.770 7 WARNING oslo_config.cfg [-] Deprecated: Option "allow_overlapping_ips" from group "DEFAULT" is deprecated for removal. Its value may be silently ignored in the future.
2025-05-15 02:06:54.770 7 DEBUG neutron.common.config [-] allow_overlapping_ips = True log_opt_values /var/lib/kolla/venv/lib/python3.6/site-packages/oslo_config/cfg.py:2603
2025-05-15 02:06:54.770 7 DEBUG neutron.common.config [-] api_extensions_path = /opt/plugin/site-packages/neutron_plugin_contrail/extensions:/opt/plugin/site-packages/neutron_lbaas/extensions log_opt_values /var/lib/kolla/venv/lib/python3.6/site-packages/oslo_config/cfg.py:2603
2025-05-15 02:06:54.770 7 DEBUG neutron.common.config [-] api_paste_config = /etc/neutron/api-paste.ini log_opt_values /var/lib/kolla/venv/lib/python3.6/site-packages/oslo_config/cfg.py:2603
2025-05-15 02:06:54.770 7 DEBUG neutron.common.config [-] api_workers = 1 log_opt_values /var/lib/kolla/venv/lib/python3.6/site-packages/oslo_config/cfg.py:2603
2025-05-15 02:06:54.770 7 DEBUG neutron.common.config [-] auth_strategy = keystone log_opt_values /var/lib/kolla/venv/lib/python3.6/site-packages/oslo_config/cfg.py:2603
2025-05-15 02:06:54.770 7 DEBUG neutron.common.config [-] backlog = 4096 log_opt_values /var/lib/kolla/venv/lib/python3.6/site-packages/oslo_config/cfg.py:2603
2025-05-15 02:06:54.771 7 DEBUG neutron.common.config [-] base_mac = fa:16:3e:00:00:00 log_opt_values /var/lib/kolla/venv/lib/python3.6/site-packages/oslo_config/cfg.py:2603
