2025-05-12 00:31:53.361 129849 DEBUG oslo_service.service [req-2457f815-25c7-4cda-bf6c-cac64abc18c9 - - - - -] oslo_policy.remote_ssl_client_key_file = None log_opt_values /usr/lib/python3/dist-packages/oslo_config/cfg.py:2609
2025-05-12 00:31:53.361 129849 DEBUG oslo_service.service [req-2457f815-25c7-4cda-bf6c-cac64abc18c9 - - - - -] oslo_policy.remote_ssl_verify_server_crt = False log_opt_values /usr/lib/python3/dist-packages/oslo_config/cfg.py:2609
2025-05-12 00:31:53.361 129849 DEBUG oslo_service.service [req-2457f815-25c7-4cda-bf6c-cac64abc18c9 - - - - -] oslo_versionedobjects.fatal_exception_format_errors = False log_opt_values /usr/lib/python3/dist-packages/oslo_config/cfg.py:2609
2025-05-12 00:31:53.362 129849 DEBUG oslo_service.service [req-2457f815-25c7-4cda-bf6c-cac64abc18c9 - - - - -] oslo_middleware.http_basic_auth_user_file = /etc/htpasswd log_opt_values /usr/lib/python3/dist-packages/oslo_config/cfg.py:2609
2025-05-12 00:31:53.362 129849 DEBUG oslo_service.service [req-2457f815-25c7-4cda-bf6c-cac64abc18c9 - - - - -] profiler.connection_string = messaging:// log_opt_values /usr/lib/python3/dist-packages/oslo_config/cfg.py:2609
2025-05-12 00:31:53.362 129849 DEBUG oslo_service.service [req-2457f815-25c7-4cda-bf6c-cac64abc18c9 - - - - -] profiler.enabled = False log_opt_values /usr/lib/python3/dist-packages/oslo_config/cfg.py:2609
2025-05-12 00:31:53.362 129849 DEBUG oslo_service.service [req-2457f815-25c7-4cda-bf6c-cac64abc18c9 - - - - -] profiler.es_doc_type = notification log_opt_values /usr/lib/python3/dist-packages/oslo_config/cfg.py:2609
2025-05-12 00:31:53.362 129849 DEBUG oslo_service.service [req-2457f815-25c7-4cda-bf6c-cac64abc18c9 - - - - -] profiler.es_scroll_size = 10000 log_opt_values /usr/lib/python3/dist-packages/oslo_config/cfg.py:2609
2025-05-12 00:31:53.362 129849 DEBUG oslo_service.service [req-2457f815-25c7-4cda-bf6c-cac64abc18c9 - - - - -] profiler.es_scroll_time = 2m log_opt_values /usr/lib/python3/dist-packages/oslo_config/cfg.py:2609
2025-05-12 00:31:53.363 129849 DEBUG oslo_service.service [req-2457f815-25c7-4cda-bf6c-cac64abc18c9 - - - - -] profiler.filter_error_trace = False log_opt_values /usr/lib/python3/dist-packages/oslo_config/cfg.py:2609
2025-05-12 00:31:53.363 129849 DEBUG oslo_service.service [req-2457f815-25c7-4cda-bf6c-cac64abc18c9 - - - - -] profiler.hmac_keys = SECRET_KEY log_opt_values /usr/lib/python3/dist-packages/oslo_config/cfg.py:2609
2025-05-12 00:31:53.363 129849 DEBUG oslo_service.service [req-2457f815-25c7-4cda-bf6c-cac64abc18c9 - - - - -] profiler.sentinel_service_name = mymaster log_opt_values /usr/lib/python3/dist-packages/oslo_config/cfg.py:2609
2025-05-12 00:31:53.363 129849 DEBUG oslo_service.service [req-2457f815-25c7-4cda-bf6c-cac64abc18c9 - - - - -] profiler.socket_timeout = 0.1 log_opt_values /usr/lib/python3/dist-packages/oslo_config/cfg.py:2609
2025-05-12 00:31:53.363 129849 DEBUG oslo_service.service [req-2457f815-25c7-4cda-bf6c-cac64abc18c9 - - - - -] profiler.trace_sqlalchemy = False log_opt_values /usr/lib/python3/dist-packages/oslo_config/cfg.py:2609
2025-05-12 00:31:53.363 129849 DEBUG oslo_service.service [req-2457f815-25c7-4cda-bf6c-cac64abc18c9 - - - - -] remote_debug.host = None log_opt_values /usr/lib/python3/dist-packages/oslo_config/cfg.py:2609
2025-05-12 00:31:53.364 129849 DEBUG oslo_service.service [req-2457f815-25c7-4cda-bf6c-cac64abc18c9 - - - - -] remote_debug.port = None log_opt_values /usr/lib/python3/dist-packages/oslo_config/cfg.py:2609
2025-05-12 00:31:53.364 129849 DEBUG oslo_service.service [req-2457f815-25c7-4cda-bf6c-cac64abc18c9 - - - - -] oslo_messaging_rabbit.amqp_auto_delete = False log_opt_values /usr/lib/python3/dist-packages/oslo_config/cfg.py:2609
2025-05-12 00:31:53.364 129849 DEBUG oslo_service.service [req-2457f815-25c7-4cda-bf6c-cac64abc18c9 - - - - -] oslo_messaging_rabbit.amqp_durable_queues = False log_opt_values /usr/lib/python3/dist-packages/oslo_config/cfg.py:2609
2025-05-12 00:31:53.364 129849 DEBUG oslo_service.service [req-2457f815-25c7-4cda-bf6c-cac64abc18c9 - - - - -] oslo_messaging_rabbit.conn_pool_min_size = 2 log_opt_values /usr/lib/python3/dist-packages/oslo_config/cfg.py:2609
2025-05-12 00:31:53.364 129849 DEBUG oslo_service.service [req-2457f815-25c7-4cda-bf6c-cac64abc18c9 - - - - -] oslo_messaging_rabbit.conn_pool_ttl = 1200 log_opt_values /usr/lib/python3/dist-packages/oslo_config/cfg.py:2609
2025-05-12 00:31:53.365 129849 DEBUG oslo_service.service [req-2457f815-25c7-4cda-bf6c-cac64abc18c9 - - - - -] oslo_messaging_rabbit.direct_mandatory_flag = True log_opt_values /usr/lib/python3/dist-packages/oslo_config/cfg.py:2609
2025-05-12 00:31:53.365 129849 DEBUG oslo_service.service [req-2457f815-25c7-4cda-bf6c-cac64abc18c9 - - - - -] oslo_messaging_rabbit.enable_cancel_on_failover = False log_opt_values /usr/lib/python3/dist-packages/oslo_config/cfg.py:2609
2025-05-12 00:31:53.365 129849 DEBUG oslo_service.service [req-2457f815-25c7-4cda-bf6c-cac64abc18c9 - - - - -] oslo_messaging_rabbit.heartbeat_in_pthread = False log_opt_values /usr/lib/python3/dist-packages/oslo_config/cfg.py:2609
2025-05-12 00:31:53.365 129849 DEBUG oslo_service.service [req-2457f815-25c7-4cda-bf6c-cac64abc18c9 - - - - -] oslo_messaging_rabbit.heartbeat_rate = 2 log_opt_values /usr/lib/python3/dist-packages/oslo_config/cfg.py:2609
2025-05-12 00:31:53.365 129849 DEBUG oslo_service.service [req-2457f815-25c7-4cda-bf6c-cac64abc18c9 - - - - -] oslo_messaging_rabbit.heartbeat_timeout_threshold = 60 log_opt_values /usr/lib/python3/dist-packages/oslo_config/cfg.py:2609
2025-05-12 00:31:53.365 129849 DEBUG oslo_service.service [req-2457f815-25c7-4cda-bf6c-cac64abc18c9 - - - - -] oslo_messaging_rabbit.kombu_compression = None log_opt_values /usr/lib/python3/dist-packages/oslo_config/cfg.py:2609
2025-05-12 00:31:53.366 129849 DEBUG oslo_service.service [req-2457f815-25c7-4cda-bf6c-cac64abc18c9 - - - - -] oslo_messaging_rabbit.kombu_failover_strategy = round-robin log_opt_values /usr/lib/python3/dist-packages/oslo_config/cfg.py:2609
2025-05-12 00:31:53.366 129849 DEBUG oslo_service.service [req-2457f815-25c7-4cda-bf6c-cac64abc18c9 - - - - -] oslo_messaging_rabbit.kombu_missing_consumer_retry_timeout = 60 log_opt_values /usr/lib/python3/dist-packages/oslo_config/cfg.py:2609
2025-05-12 00:31:53.366 129849 DEBUG oslo_service.service [req-2457f815-25c7-4cda-bf6c-cac64abc18c9 - - - - -] oslo_messaging_rabbit.kombu_reconnect_delay = 1.0 log_opt_values /usr/lib/python3/dist-packages/oslo_config/cfg.py:2609
2025-05-12 00:31:53.366 129849 DEBUG oslo_service.service [req-2457f815-25c7-4cda-bf6c-cac64abc18c9 - - - - -] oslo_messaging_rabbit.rabbit_ha_queues = False log_opt_values /usr/lib/python3/dist-packages/oslo_config/cfg.py:2609
2025-05-12 00:31:53.366 129849 DEBUG oslo_service.service [req-2457f815-25c7-4cda-bf6c-cac64abc18c9 - - - - -] oslo_messaging_rabbit.rabbit_interval_max = 30 log_opt_values /usr/lib/python3/dist-packages/oslo_config/cfg.py:2609
2025-05-12 00:31:53.366 129849 DEBUG oslo_service.service [req-2457f815-25c7-4cda-bf6c-cac64abc18c9 - - - - -] oslo_messaging_rabbit.rabbit_login_method = AMQPLAIN log_opt_values /usr/lib/python3/dist-packages/oslo_config/cfg.py:2609
2025-05-12 00:31:53.367 129849 DEBUG oslo_service.service [req-2457f815-25c7-4cda-bf6c-cac64abc18c9 - - - - -] oslo_messaging_rabbit.rabbit_qos_prefetch_count = 0 log_opt_values /usr/lib/python3/dist-packages/oslo_config/cfg.py:2609
2025-05-12 00:31:53.367 129849 DEBUG oslo_service.service [req-2457f815-25c7-4cda-bf6c-cac64abc18c9 - - - - -] oslo_messaging_rabbit.rabbit_quorum_queue = False log_opt_values /usr/lib/python3/dist-packages/oslo_config/cfg.py:2609
2025-05-12 00:31:53.367 129849 DEBUG oslo_service.service [req-2457f815-25c7-4cda-bf6c-cac64abc18c9 - - - - -] oslo_messaging_rabbit.rabbit_retry_backoff = 2 log_opt_values /usr/lib/python3/dist-packages/oslo_config/cfg.py:2609
2025-05-12 00:31:53.367 129849 DEBUG oslo_service.service [req-2457f815-25c7-4cda-bf6c-cac64abc18c9 - - - - -] oslo_messaging_rabbit.rabbit_retry_interval = 1 log_opt_values /usr/lib/python3/dist-packages/oslo_config/cfg.py:2609
2025-05-12 00:31:53.367 129849 DEBUG oslo_service.service [req-2457f815-25c7-4cda-bf6c-cac64abc18c9 - - - - -] oslo_messaging_rabbit.rabbit_transient_queues_ttl = 1800 log_opt_values /usr/lib/python3/dist-packages/oslo_config/cfg.py:2609
2025-05-12 00:31:53.367 129849 DEBUG oslo_service.service [req-2457f815-25c7-4cda-bf6c-cac64abc18c9 - - - - -] oslo_messaging_rabbit.rpc_conn_pool_size = 30 log_opt_values /usr/lib/python3/dist-packages/oslo_config/cfg.py:2609
2025-05-12 00:31:53.368 129849 DEBUG oslo_service.service [req-2457f815-25c7-4cda-bf6c-cac64abc18c9 - - - - -] oslo_messaging_rabbit.ssl = False log_opt_values /usr/lib/python3/dist-packages/oslo_config/cfg.py:2609
2025-05-12 00:31:53.368 129849 DEBUG oslo_service.service [req-2457f815-25c7-4cda-bf6c-cac64abc18c9 - - - - -] oslo_messaging_rabbit.ssl_ca_file = log_opt_values /usr/lib/python3/dist-packages/oslo_config/cfg.py:2609
2025-05-12 00:31:53.368 129849 DEBUG oslo_service.service [req-2457f815-25c7-4cda-bf6c-cac64abc18c9 - - - - -] oslo_messaging_rabbit.ssl_cert_file = log_opt_values /usr/lib/python3/dist-packages/oslo_config/cfg.py:2609
2025-05-12 00:31:53.368 129849 DEBUG oslo_service.service [req-2457f815-25c7-4cda-bf6c-cac64abc18c9 - - - - -] oslo_messaging_rabbit.ssl_key_file = log_opt_values /usr/lib/python3/dist-packages/oslo_config/cfg.py:2609
2025-05-12 00:31:53.368 129849 DEBUG oslo_service.service [req-2457f815-25c7-4cda-bf6c-cac64abc18c9 - - - - -] oslo_messaging_rabbit.ssl_version = log_opt_values /usr/lib/python3/dist-packages/oslo_config/cfg.py:2609
2025-05-12 00:31:53.368 129849 DEBUG oslo_service.service [req-2457f815-25c7-4cda-bf6c-cac64abc18c9 - - - - -] oslo_messaging_notifications.driver = ['messagingv2'] log_opt_values /usr/lib/python3/dist-packages/oslo_config/cfg.py:2609
2025-05-12 00:31:53.369 129849 DEBUG oslo_service.service [req-2457f815-25c7-4cda-bf6c-cac64abc18c9 - - - - -] oslo_messaging_notifications.retry = -1 log_opt_values /usr/lib/python3/dist-packages/oslo_config/cfg.py:2609
2025-05-12 00:31:53.369 129849 DEBUG oslo_service.service [req-2457f815-25c7-4cda-bf6c-cac64abc18c9 - - - - -] oslo_messaging_notifications.topics = ['notifications'] log_opt_values /usr/lib/python3/dist-packages/oslo_config/cfg.py:2609
2025-05-12 00:31:53.369 129849 DEBUG oslo_service.service [req-2457f815-25c7-4cda-bf6c-cac64abc18c9 - - - - -] oslo_messaging_notifications.transport_url = **** log_opt_values /usr/lib/python3/dist-packages/oslo_config/cfg.py:2609
2025-05-12 00:31:53.369 129849 DEBUG oslo_service.service [req-2457f815-25c7-4cda-bf6c-cac64abc18c9 - - - - -] oslo_limit.auth_section = None log_opt_values /usr/lib/python3/dist-packages/oslo_config/cfg.py:2609
2025-05-12 00:31:53.369 129849 DEBUG oslo_service.service [req-2457f815-25c7-4cda-bf6c-cac64abc18c9 - - - - -] oslo_limit.auth_type = None log_opt_values /usr/lib/python3/dist-packages/oslo_config/cfg.py:2609
2025-05-12 00:31:53.369 129849 DEBUG oslo_service.service [req-2457f815-25c7-4cda-bf6c-cac64abc18c9 - - - - -] oslo_limit.cafile = None log_opt_values /usr/lib/python3/dist-packages/oslo_config/cfg.py:2609
2025-05-12 00:31:53.370 129849 DEBUG oslo_service.service [req-2457f815-25c7-4cda-bf6c-cac64abc18c9 - - - - -] oslo_limit.certfile = None log_opt_values /usr/lib/python3/dist-packages/oslo_config/cfg.py:2609
2025-05-12 00:31:53.370 129849 DEBUG oslo_service.service [req-2457f815-25c7-4cda-bf6c-cac64abc18c9 - - - - -] oslo_limit.collect_timing = False log_opt_values /usr/lib/python3/dist-packages/oslo_config/cfg.py:2609
2025-05-12 00:31:53.370 129849 DEBUG oslo_service.service [req-2457f815-25c7-4cda-bf6c-cac64abc18c9 - - - - -] oslo_limit.connect_retries = None log_opt_values /usr/lib/python3/dist-packages/oslo_config/cfg.py:2609
2025-05-12 00:31:53.370 129849 DEBUG oslo_service.service [req-2457f815-25c7-4cda-bf6c-cac64abc18c9 - - - - -] oslo_limit.connect_retry_delay = None log_opt_values /usr/lib/python3/dist-packages/oslo_config/cfg.py:2609
2025-05-12 00:31:53.370 129849 DEBUG oslo_service.service [req-2457f815-25c7-4cda-bf6c-cac64abc18c9 - - - - -] oslo_limit.endpoint_id = None log_opt_values /usr/lib/python3/dist-packages/oslo_config/cfg.py:2609
2025-05-12 00:31:53.370 129849 DEBUG oslo_service.service [req-2457f815-25c7-4cda-bf6c-cac64abc18c9 - - - - -] oslo_limit.endpoint_override = None log_opt_values /usr/lib/python3/dist-packages/oslo_config/cfg.py:2609
2025-05-12 00:31:53.371 129849 DEBUG oslo_service.service [req-2457f815-25c7-4cda-bf6c-cac64abc18c9 - - - - -] oslo_limit.insecure = False log_opt_values /usr/lib/python3/dist-packages/oslo_config/cfg.py:2609
2025-05-12 00:31:53.371 129849 DEBUG oslo_service.service [req-2457f815-25c7-4cda-bf6c-cac64abc18c9 - - - - -] oslo_limit.keyfile = None log_opt_values /usr/lib/python3/dist-packages/oslo_config/cfg.py:2609
2025-05-12 00:31:53.371 129849 DEBUG oslo_service.service [req-2457f815-25c7-4cda-bf6c-cac64abc18c9 - - - - -] oslo_limit.max_version = None log_opt_values /usr/lib/python3/dist-packages/oslo_config/cfg.py:2609
2025-05-12 00:31:53.371 129849 DEBUG oslo_service.service [req-2457f815-25c7-4cda-bf6c-cac64abc18c9 - - - - -] oslo_limit.min_version = None log_opt_values /usr/lib/python3/dist-packages/oslo_config/cfg.py:2609
2025-05-12 00:31:53.371 129849 DEBUG oslo_service.service [req-2457f815-25c7-4cda-bf6c-cac64abc18c9 - - - - -] oslo_limit.region_name = None log_opt_values /usr/lib/python3/dist-packages/oslo_config/cfg.py:2609
2025-05-12 00:31:53.371 129849 DEBUG oslo_service.service [req-2457f815-25c7-4cda-bf6c-cac64abc18c9 - - - - -] oslo_limit.service_name = None log_opt_values /usr/lib/python3/dist-packages/oslo_config/cfg.py:2609
2025-05-12 00:31:53.371 129849 DEBUG oslo_service.service [req-2457f815-25c7-4cda-bf6c-cac64abc18c9 - - - - -] oslo_limit.service_type = None log_opt_values /usr/lib/python3/dist-packages/oslo_config/cfg.py:2609
2025-05-12 00:31:53.372 129849 DEBUG oslo_service.service [req-2457f815-25c7-4cda-bf6c-cac64abc18c9 - - - - -] oslo_limit.split_loggers = False log_opt_values /usr/lib/python3/dist-packages/oslo_config/cfg.py:2609
2025-05-12 00:31:53.372 129849 DEBUG oslo_service.service [req-2457f815-25c7-4cda-bf6c-cac64abc18c9 - - - - -] oslo_limit.status_code_retries = None log_opt_values /usr/lib/python3/dist-packages/oslo_config/cfg.py:2609
2025-05-12 00:31:53.372 129849 DEBUG oslo_service.service [req-2457f815-25c7-4cda-bf6c-cac64abc18c9 - - - - -] oslo_limit.status_code_retry_delay = None log_opt_values /usr/lib/python3/dist-packages/oslo_config/cfg.py:2609
2025-05-12 00:31:53.372 129849 DEBUG oslo_service.service [req-2457f815-25c7-4cda-bf6c-cac64abc18c9 - - - - -] oslo_limit.timeout = None log_opt_values /usr/lib/python3/dist-packages/oslo_config/cfg.py:2609
2025-05-12 00:31:53.372 129849 DEBUG oslo_service.service [req-2457f815-25c7-4cda-bf6c-cac64abc18c9 - - - - -] oslo_limit.valid_interfaces = None log_opt_values /usr/lib/python3/dist-packages/oslo_config/cfg.py:2609
2025-05-12 00:31:53.372 129849 DEBUG oslo_service.service [req-2457f815-25c7-4cda-bf6c-cac64abc18c9 - - - - -] oslo_limit.version = None log_opt_values /usr/lib/python3/dist-packages/oslo_config/cfg.py:2609
2025-05-12 00:31:53.373 129849 DEBUG oslo_service.service [req-2457f815-25c7-4cda-bf6c-cac64abc18c9 - - - - -] oslo_reports.file_event_handler = None log_opt_values /usr/lib/python3/dist-packages/oslo_config/cfg.py:2609
2025-05-12 00:31:53.373 129849 DEBUG oslo_service.service [req-2457f815-25c7-4cda-bf6c-cac64abc18c9 - - - - -] oslo_reports.file_event_handler_interval = 1 log_opt_values /usr/lib/python3/dist-packages/oslo_config/cfg.py:2609
2025-05-12 00:31:53.373 129849 DEBUG oslo_service.service [req-2457f815-25c7-4cda-bf6c-cac64abc18c9 - - - - -] oslo_reports.log_dir = None log_opt_values /usr/lib/python3/dist-packages/oslo_config/cfg.py:2609
2025-05-12 00:31:53.373 129849 DEBUG oslo_service.service [req-2457f815-25c7-4cda-bf6c-cac64abc18c9 - - - - -] ******************************************************************************** log_opt_values /usr/lib/python3/dist-packages/oslo_config/cfg.py:2613
2025-05-12 00:31:54.263 130166 DEBUG oslo_messaging._drivers.amqpdriver [-] AMQPListener connection timeout poll /usr/lib/python3/dist-packages/oslo_messaging/_drivers/amqpdriver.py:360
2025-05-12 00:31:54.263 130166 DEBUG oslo_messaging._drivers.amqpdriver [-] Listener is running poll /usr/lib/python3/dist-packages/oslo_messaging/_drivers/amqpdriver.py:343
2025-05-12 00:31:54.263 130166 DEBUG oslo_messaging._drivers.amqpdriver [-] AMQPListener connection consume poll /usr/lib/python3/dist-packages/oslo_messaging/_drivers/amqpdriver.py:357
2025-05-12 00:31:54.271 130168 DEBUG oslo_messaging._drivers.amqpdriver [-] AMQPListener connection timeout poll /usr/lib/python3/dist-packages/oslo_messaging/_drivers/amqpdriver.py:360
2025-05-12 00:31:54.271 130168 DEBUG oslo_messaging._drivers.amqpdriver [-] Listener is running poll /usr/lib/python3/dist-packages/oslo_messaging/_drivers/amqpdriver.py:343
2025-05-12 00:31:54.271 130168 DEBUG oslo_messaging._drivers.amqpdriver [-] AMQPListener connection consume poll /usr/lib/python3/dist-packages/oslo_messaging/_drivers/amqpdriver.py:357
2025-05-12 00:31:54.278 130167 DEBUG oslo_messaging._drivers.amqpdriver [-] AMQPListener connection timeout poll /usr/lib/python3/dist-packages/oslo_messaging/_drivers/amqpdriver.py:360
2025-05-12 00:31:54.278 130167 DEBUG oslo_messaging._drivers.amqpdriver [-] Listener is running poll /usr/lib/python3/dist-packages/oslo_messaging/_drivers/amqpdriver.py:343
2025-05-12 00:31:54.278 130167 DEBUG oslo_messaging._drivers.amqpdriver [-] AMQPListener connection consume poll /usr/lib/python3/dist-packages/oslo_messaging/_drivers/amqpdriver.py:357
2025-05-12 00:31:54.327 130169 DEBUG oslo_messaging._drivers.amqpdriver [-] AMQPListener connection timeout poll /usr/lib/python3/dist-packages/oslo_messaging/_drivers/amqpdriver.py:360
2025-05-12 00:31:54.327 130169 DEBUG oslo_messaging._drivers.amqpdriver [-] Listener is running poll /usr/lib/python3/dist-packages/oslo_messaging/_drivers/amqpdriver.py:343
2025-05-12 00:31:54.327 130169 DEBUG oslo_messaging._drivers.amqpdriver [-] AMQPListener connection consume poll /usr/lib/python3/dist-packages/oslo_messaging/_drivers/amqpdriver.py:357
2025-05-12 00:31:56.265 130166 DEBUG oslo_messaging._drivers.amqpdriver [-] AMQPListener connection timeout poll /usr/lib/python3/dist-packages/oslo_messaging/_drivers/amqpdriver.py:360
2025-05-12 00:31:56.266 130166 DEBUG oslo_messaging._drivers.amqpdriver [-] Listener is running poll /usr/lib/python3/dist-packages/oslo_messaging/_drivers/amqpdriver.py:343
2025-05-12 00:31:56.266 130166 DEBUG oslo_messaging._drivers.amqpdriver [-] AMQPListener connection consume poll /usr/lib/python3/dist-packages/oslo_messaging/_drivers/amqpdriver.py:357
2025-05-12 00:31:56.273 130168 DEBUG oslo_messaging._drivers.amqpdriver [-] AMQPListener connection timeout poll /usr/lib/python3/dist-packages/oslo_messaging/_drivers/amqpdriver.py:360
2025-05-12 00:31:56.274 130168 DEBUG oslo_messaging._drivers.amqpdriver [-] Listener is running poll /usr/lib/python3/dist-packages/oslo_messaging/_drivers/amqpdriver.py:343
2025-05-12 00:31:56.274 130168 DEBUG oslo_messaging._drivers.amqpdriver [-] AMQPListener connection consume poll /usr/lib/python3/dist-packages/oslo_messaging/_drivers/amqpdriver.py:357
2025-05-12 00:31:56.280 130167 DEBUG oslo_messaging._drivers.amqpdriver [-] AMQPListener connection timeout poll /usr/lib/python3/dist-packages/oslo_messaging/_drivers/amqpdriver.py:360
2025-05-12 00:31:56.280 130167 DEBUG oslo_messaging._drivers.amqpdriver [-] Listener is running poll /usr/lib/python3/dist-packages/oslo_messaging/_drivers/amqpdriver.py:343
2025-05-12 00:31:56.280 130167 DEBUG oslo_messaging._drivers.amqpdriver [-] AMQPListener connection consume poll /usr/lib/python3/dist-packages/oslo_messaging/_drivers/amqpdriver.py:357
2025-05-12 00:31:56.329 130169 DEBUG oslo_messaging._drivers.amqpdriver [-] AMQPListener connection timeout poll /usr/lib/python3/dist-packages/oslo_messaging/_drivers/amqpdriver.py:360
2025-05-12 00:31:56.330 130169 DEBUG oslo_messaging._drivers.amqpdriver [-] Listener is running poll /usr/lib/python3/dist-packages/oslo_messaging/_drivers/amqpdriver.py:343
2025-05-12 00:31:56.330 130169 DEBUG oslo_messaging._drivers.amqpdriver [-] AMQPListener connection consume poll /usr/lib/python3/dist-packages/oslo_messaging/_drivers/amqpdriver.py:357
2025-05-12 00:32:00.268 130166 DEBUG oslo_messaging._drivers.amqpdriver [-] AMQPListener connection timeout poll /usr/lib/python3/dist-packages/oslo_messaging/_drivers/amqpdriver.py:360
2025-05-12 00:32:00.268 130166 DEBUG oslo_messaging._drivers.amqpdriver [-] Listener is running poll /usr/lib/python3/dist-packages/oslo_messaging/_drivers/amqpdriver.py:343
2025-05-12 00:32:00.268 130166 DEBUG oslo_messaging._drivers.amqpdriver [-] AMQPListener connection consume poll /usr/lib/python3/dist-packages/oslo_messaging/_drivers/amqpdriver.py:357
2025-05-12 00:32:00.276 130168 DEBUG oslo_messaging._drivers.amqpdriver [-] AMQPListener connection timeout poll /usr/lib/python3/dist-packages/oslo_messaging/_drivers/amqpdriver.py:360
2025-05-12 00:32:00.277 130168 DEBUG oslo_messaging._drivers.amqpdriver [-] Listener is running poll /usr/lib/python3/dist-packages/oslo_messaging/_drivers/amqpdriver.py:343
2025-05-12 00:32:00.277 130168 DEBUG oslo_messaging._drivers.amqpdriver [-] AMQPListener connection consume poll /usr/lib/python3/dist-packages/oslo_messaging/_drivers/amqpdriver.py:357
2025-05-12 00:32:00.282 130167 DEBUG oslo_messaging._drivers.amqpdriver [-] AMQPListener connection timeout poll /usr/lib/python3/dist-packages/oslo_messaging/_drivers/amqpdriver.py:360
2025-05-12 00:32:00.283 130167 DEBUG oslo_messaging._drivers.amqpdriver [-] Listener is running poll /usr/lib/python3/dist-packages/oslo_messaging/_drivers/amqpdriver.py:343
2025-05-12 00:32:00.283 130167 DEBUG oslo_messaging._drivers.amqpdriver [-] AMQPListener connection consume poll /usr/lib/python3/dist-packages/oslo_messaging/_drivers/amqpdriver.py:357
2025-05-12 00:32:00.333 130169 DEBUG oslo_messaging._drivers.amqpdriver [-] AMQPListener connection timeout poll /usr/lib/python3/dist-packages/oslo_messaging/_drivers/amqpdriver.py:360
2025-05-12 00:32:00.333 130169 DEBUG oslo_messaging._drivers.amqpdriver [-] Listener is running poll /usr/lib/python3/dist-packages/oslo_messaging/_drivers/amqpdriver.py:343
2025-05-12 00:32:00.333 130169 DEBUG oslo_messaging._drivers.amqpdriver [-] AMQPListener connection consume poll /usr/lib/python3/dist-packages/oslo_messaging/_drivers/amqpdriver.py:357
2025-05-12 00:32:08.269 130166 DEBUG oslo_messaging._drivers.amqpdriver [-] AMQPListener connection timeout poll /usr/lib/python3/dist-packages/oslo_messaging/_drivers/amqpdriver.py:360
2025-05-12 00:32:08.269 130166 DEBUG oslo_messaging._drivers.amqpdriver [-] Listener is running poll /usr/lib/python3/dist-packages/oslo_messaging/_drivers/amqpdriver.py:343
2025-05-12 00:32:08.270 130166 DEBUG oslo_messaging._drivers.amqpdriver [-] AMQPListener connection consume poll /usr/lib/python3/dist-packages/oslo_messaging/_drivers/amqpdriver.py:357
2025-05-12 00:32:08.279 130168 DEBUG oslo_messaging._drivers.amqpdriver [-] AMQPListener connection timeout poll /usr/lib/python3/dist-packages/oslo_messaging/_drivers/amqpdriver.py:360
2025-05-12 00:32:08.279 130168 DEBUG oslo_messaging._drivers.amqpdriver [-] Listener is running poll /usr/lib/python3/dist-packages/oslo_messaging/_drivers/amqpdriver.py:343
2025-05-12 00:32:08.279 130168 DEBUG oslo_messaging._drivers.amqpdriver [-] AMQPListener connection consume poll /usr/lib/python3/dist-packages/oslo_messaging/_drivers/amqpdriver.py:357
2025-05-12 00:32:08.283 130167 DEBUG oslo_messaging._drivers.amqpdriver [-] AMQPListener connection timeout poll /usr/lib/python3/dist-packages/oslo_messaging/_drivers/amqpdriver.py:360
2025-05-12 00:32:08.283 130167 DEBUG oslo_messaging._drivers.amqpdriver [-] Listener is running poll /usr/lib/python3/dist-packages/oslo_messaging/_drivers/amqpdriver.py:343
2025-05-12 00:32:08.284 130167 DEBUG oslo_messaging._drivers.amqpdriver [-] AMQPListener connection consume poll /usr/lib/python3/dist-packages/oslo_messaging/_drivers/amqpdriver.py:357
2025-05-12 00:32:08.336 130169 DEBUG oslo_messaging._drivers.amqpdriver [-] AMQPListener connection timeout poll /usr/lib/python3/dist-packages/oslo_messaging/_drivers/amqpdriver.py:360
2025-05-12 00:32:08.359 130169 DEBUG oslo_messaging._drivers.amqpdriver [-] Listener is running poll /usr/lib/python3/dist-packages/oslo_messaging/_drivers/amqpdriver.py:343
2025-05-12 00:32:08.360 130169 DEBUG oslo_messaging._drivers.amqpdriver [-] AMQPListener connection consume poll /usr/lib/python3/dist-packages/oslo_messaging/_drivers/amqpdriver.py:357
2025-05-12 00:32:11.276 130167 DEBUG oslo_service.periodic_task [req-65b15417-e4f9-424f-b881-acc061f1d5a2 - - - - -] Running periodic task SchedulerManager._discover_hosts_in_cells run_periodic_tasks /usr/lib/python3/dist-packages/oslo_service/periodic_task.py:210
2025-05-12 00:32:11.277 130167 DEBUG oslo_db.sqlalchemy.engines [req-65b15417-e4f9-424f-b881-acc061f1d5a2 - - - - -] Parent process 129849 forked (130167) with an open database connection, which is being discarded and recreated. checkout /usr/lib/python3/dist-packages/oslo_db/sqlalchemy/engines.py:413
2025-05-12 00:32:11.283 130167 DEBUG oslo_concurrency.lockutils [req-65b15417-e4f9-424f-b881-acc061f1d5a2 - - - - -] Lock "285eaf89-d88c-4692-8545-b1bfabba60c9" acquired by "nova.context.set_target_cell..get_or_set_cached_cell_and_set_connections" :: waited 0.000s inner /usr/lib/python3/dist-packages/oslo_concurrency/lockutils.py:386
2025-05-12 00:32:11.284 130167 DEBUG oslo_concurrency.lockutils [req-65b15417-e4f9-424f-b881-acc061f1d5a2 - - - - -] Lock "285eaf89-d88c-4692-8545-b1bfabba60c9" "released" by "nova.context.set_target_cell..get_or_set_cached_cell_and_set_connections" :: held 0.002s inner /usr/lib/python3/dist-packages/oslo_concurrency/lockutils.py:400
2025-05-12 00:32:11.289 130167 DEBUG oslo_db.sqlalchemy.engines [req-65b15417-e4f9-424f-b881-acc061f1d5a2 - - - - -] MySQL server mode set to STRICT_TRANS_TABLES,STRICT_ALL_TABLES,NO_ZERO_IN_DATE,NO_ZERO_DATE,ERROR_FOR_DIVISION_BY_ZERO,TRADITIONAL,NO_ENGINE_SUBSTITUTION _check_effective_sql_mode /usr/lib/python3/dist-packages/oslo_db/sqlalchemy/engines.py:314
2025-05-12 00:32:11.337 130167 INFO nova.scheduler.manager [req-65b15417-e4f9-424f-b881-acc061f1d5a2 - - - - -] Discovered 1 new hosts: cell1:cn-jenkins-deploy-platform-juju-os-536-1
2025-05-12 00:32:23.285 130166 DEBUG oslo_service.periodic_task [req-f6abbdaf-39ea-4531-aa96-f1aa175b6d68 - - - - -] Running periodic task SchedulerManager._discover_hosts_in_cells run_periodic_tasks /usr/lib/python3/dist-packages/oslo_service/periodic_task.py:210
2025-05-12 00:32:23.289 130166 DEBUG oslo_concurrency.lockutils [req-66df46ea-cced-4fe6-8939-5059f525f25a - - - - -] Lock "285eaf89-d88c-4692-8545-b1bfabba60c9" acquired by "nova.context.set_target_cell..get_or_set_cached_cell_and_set_connections" :: waited 0.000s inner /usr/lib/python3/dist-packages/oslo_concurrency/lockutils.py:386
2025-05-12 00:32:23.289 130166 DEBUG oslo_concurrency.lockutils [req-66df46ea-cced-4fe6-8939-5059f525f25a - - - - -] Lock "285eaf89-d88c-4692-8545-b1bfabba60c9" "released" by "nova.context.set_target_cell..get_or_set_cached_cell_and_set_connections" :: held 0.000s inner /usr/lib/python3/dist-packages/oslo_concurrency/lockutils.py:400
2025-05-12 00:32:32.272 130168 DEBUG oslo_service.periodic_task [req-cc93f04f-6036-4c2e-90e5-f98d3f5bd206 - - - - -] Running periodic task SchedulerManager._discover_hosts_in_cells run_periodic_tasks /usr/lib/python3/dist-packages/oslo_service/periodic_task.py:210
2025-05-12 00:32:32.273 130168 DEBUG oslo_db.sqlalchemy.engines [req-cc93f04f-6036-4c2e-90e5-f98d3f5bd206 - - - - -] Parent process 129849 forked (130168) with an open database connection, which is being discarded and recreated. checkout /usr/lib/python3/dist-packages/oslo_db/sqlalchemy/engines.py:413
2025-05-12 00:32:32.279 130168 DEBUG oslo_concurrency.lockutils [req-cc93f04f-6036-4c2e-90e5-f98d3f5bd206 - - - - -] Lock "285eaf89-d88c-4692-8545-b1bfabba60c9" acquired by "nova.context.set_target_cell..get_or_set_cached_cell_and_set_connections" :: waited 0.000s inner /usr/lib/python3/dist-packages/oslo_concurrency/lockutils.py:386
2025-05-12 00:32:32.280 130168 DEBUG oslo_concurrency.lockutils [req-cc93f04f-6036-4c2e-90e5-f98d3f5bd206 - - - - -] Lock "285eaf89-d88c-4692-8545-b1bfabba60c9" "released" by "nova.context.set_target_cell..get_or_set_cached_cell_and_set_connections" :: held 0.002s inner /usr/lib/python3/dist-packages/oslo_concurrency/lockutils.py:400
2025-05-12 00:32:32.285 130168 DEBUG oslo_db.sqlalchemy.engines [req-cc93f04f-6036-4c2e-90e5-f98d3f5bd206 - - - - -] MySQL server mode set to STRICT_TRANS_TABLES,STRICT_ALL_TABLES,NO_ZERO_IN_DATE,NO_ZERO_DATE,ERROR_FOR_DIVISION_BY_ZERO,TRADITIONAL,NO_ENGINE_SUBSTITUTION _check_effective_sql_mode /usr/lib/python3/dist-packages/oslo_db/sqlalchemy/engines.py:314
2025-05-12 00:32:34.329 130169 DEBUG oslo_service.periodic_task [req-f982352a-377d-4055-92f2-9484dd7b5022 - - - - -] Running periodic task SchedulerManager._discover_hosts_in_cells run_periodic_tasks /usr/lib/python3/dist-packages/oslo_service/periodic_task.py:210
2025-05-12 00:32:34.331 130169 DEBUG oslo_db.sqlalchemy.engines [req-f982352a-377d-4055-92f2-9484dd7b5022 - - - - -] Parent process 129849 forked (130169) with an open database connection, which is being discarded and recreated. checkout /usr/lib/python3/dist-packages/oslo_db/sqlalchemy/engines.py:413
2025-05-12 00:32:34.336 130169 DEBUG oslo_concurrency.lockutils [req-f982352a-377d-4055-92f2-9484dd7b5022 - - - - -] Lock "285eaf89-d88c-4692-8545-b1bfabba60c9" acquired by "nova.context.set_target_cell..get_or_set_cached_cell_and_set_connections" :: waited 0.000s inner /usr/lib/python3/dist-packages/oslo_concurrency/lockutils.py:386
2025-05-12 00:32:34.338 130169 DEBUG oslo_concurrency.lockutils [req-f982352a-377d-4055-92f2-9484dd7b5022 - - - - -] Lock "285eaf89-d88c-4692-8545-b1bfabba60c9" "released" by "nova.context.set_target_cell..get_or_set_cached_cell_and_set_connections" :: held 0.002s inner /usr/lib/python3/dist-packages/oslo_concurrency/lockutils.py:400
2025-05-12 00:32:34.343 130169 DEBUG oslo_db.sqlalchemy.engines [req-f982352a-377d-4055-92f2-9484dd7b5022 - - - - -] MySQL server mode set to STRICT_TRANS_TABLES,STRICT_ALL_TABLES,NO_ZERO_IN_DATE,NO_ZERO_DATE,ERROR_FOR_DIVISION_BY_ZERO,TRADITIONAL,NO_ENGINE_SUBSTITUTION _check_effective_sql_mode /usr/lib/python3/dist-packages/oslo_db/sqlalchemy/engines.py:314
2025-05-12 00:32:38.258 130166 DEBUG oslo_messaging._drivers.amqpdriver [-] AMQPListener connection timeout poll /usr/lib/python3/dist-packages/oslo_messaging/_drivers/amqpdriver.py:360
2025-05-12 00:32:38.258 130166 DEBUG oslo_messaging._drivers.amqpdriver [-] Listener is running poll /usr/lib/python3/dist-packages/oslo_messaging/_drivers/amqpdriver.py:343
2025-05-12 00:32:38.258 130166 DEBUG oslo_messaging._drivers.amqpdriver [-] AMQPListener connection consume poll /usr/lib/python3/dist-packages/oslo_messaging/_drivers/amqpdriver.py:357
2025-05-12 00:32:38.264 130168 DEBUG oslo_messaging._drivers.amqpdriver [-] AMQPListener connection timeout poll /usr/lib/python3/dist-packages/oslo_messaging/_drivers/amqpdriver.py:360
2025-05-12 00:32:38.265 130168 DEBUG oslo_messaging._drivers.amqpdriver [-] Listener is running poll /usr/lib/python3/dist-packages/oslo_messaging/_drivers/amqpdriver.py:343
2025-05-12 00:32:38.265 130168 DEBUG oslo_messaging._drivers.amqpdriver [-] AMQPListener connection consume poll /usr/lib/python3/dist-packages/oslo_messaging/_drivers/amqpdriver.py:357
2025-05-12 00:32:38.274 130167 DEBUG oslo_messaging._drivers.amqpdriver [-] AMQPListener connection timeout poll /usr/lib/python3/dist-packages/oslo_messaging/_drivers/amqpdriver.py:360
2025-05-12 00:32:38.275 130167 DEBUG oslo_messaging._drivers.amqpdriver [-] Listener is running poll /usr/lib/python3/dist-packages/oslo_messaging/_drivers/amqpdriver.py:343
2025-05-12 00:32:38.275 130167 DEBUG oslo_messaging._drivers.amqpdriver [-] AMQPListener connection consume poll /usr/lib/python3/dist-packages/oslo_messaging/_drivers/amqpdriver.py:357
2025-05-12 00:32:38.318 130169 DEBUG oslo_messaging._drivers.amqpdriver [-] AMQPListener connection timeout poll /usr/lib/python3/dist-packages/oslo_messaging/_drivers/amqpdriver.py:360
2025-05-12 00:32:38.318 130169 DEBUG oslo_messaging._drivers.amqpdriver [-] Listener is running poll /usr/lib/python3/dist-packages/oslo_messaging/_drivers/amqpdriver.py:343
2025-05-12 00:32:38.318 130169 DEBUG oslo_messaging._drivers.amqpdriver [-] AMQPListener connection consume poll /usr/lib/python3/dist-packages/oslo_messaging/_drivers/amqpdriver.py:357
2025-05-12 00:32:41.340 130167 DEBUG oslo_service.periodic_task [req-65b15417-e4f9-424f-b881-acc061f1d5a2 - - - - -] Running periodic task SchedulerManager._discover_hosts_in_cells run_periodic_tasks /usr/lib/python3/dist-packages/oslo_service/periodic_task.py:210
2025-05-12 00:32:41.344 130167 DEBUG oslo_concurrency.lockutils [req-d6c21e12-df63-41fa-a13d-e28842ca1470 - - - - -] Lock "285eaf89-d88c-4692-8545-b1bfabba60c9" acquired by "nova.context.set_target_cell..get_or_set_cached_cell_and_set_connections" :: waited 0.000s inner /usr/lib/python3/dist-packages/oslo_concurrency/lockutils.py:386
2025-05-12 00:32:41.344 130167 DEBUG oslo_concurrency.lockutils [req-d6c21e12-df63-41fa-a13d-e28842ca1470 - - - - -] Lock "285eaf89-d88c-4692-8545-b1bfabba60c9" "released" by "nova.context.set_target_cell..get_or_set_cached_cell_and_set_connections" :: held 0.000s inner /usr/lib/python3/dist-packages/oslo_concurrency/lockutils.py:400
2025-05-12 00:32:53.295 130166 DEBUG oslo_service.periodic_task [req-66df46ea-cced-4fe6-8939-5059f525f25a - - - - -] Running periodic task SchedulerManager._discover_hosts_in_cells run_periodic_tasks /usr/lib/python3/dist-packages/oslo_service/periodic_task.py:210
2025-05-12 00:32:53.298 130166 DEBUG oslo_concurrency.lockutils [req-4045d1ee-d08d-4788-9a22-963caeb09f20 - - - - -] Lock "285eaf89-d88c-4692-8545-b1bfabba60c9" acquired by "nova.context.set_target_cell..get_or_set_cached_cell_and_set_connections" :: waited 0.000s inner /usr/lib/python3/dist-packages/oslo_concurrency/lockutils.py:386
2025-05-12 00:32:53.299 130166 DEBUG oslo_concurrency.lockutils [req-4045d1ee-d08d-4788-9a22-963caeb09f20 - - - - -] Lock "285eaf89-d88c-4692-8545-b1bfabba60c9" "released" by "nova.context.set_target_cell..get_or_set_cached_cell_and_set_connections" :: held 0.000s inner /usr/lib/python3/dist-packages/oslo_concurrency/lockutils.py:400
2025-05-12 00:33:02.301 130168 DEBUG oslo_service.periodic_task [req-cc93f04f-6036-4c2e-90e5-f98d3f5bd206 - - - - -] Running periodic task SchedulerManager._discover_hosts_in_cells run_periodic_tasks /usr/lib/python3/dist-packages/oslo_service/periodic_task.py:210
2025-05-12 00:33:02.305 130168 DEBUG oslo_concurrency.lockutils [req-9df24686-51a9-42ef-b6d0-0f3fe81a697f - - - - -] Lock "285eaf89-d88c-4692-8545-b1bfabba60c9" acquired by "nova.context.set_target_cell..get_or_set_cached_cell_and_set_connections" :: waited 0.000s inner /usr/lib/python3/dist-packages/oslo_concurrency/lockutils.py:386
2025-05-12 00:33:02.305 130168 DEBUG oslo_concurrency.lockutils [req-9df24686-51a9-42ef-b6d0-0f3fe81a697f - - - - -] Lock "285eaf89-d88c-4692-8545-b1bfabba60c9" "released" by "nova.context.set_target_cell..get_or_set_cached_cell_and_set_connections" :: held 0.000s inner /usr/lib/python3/dist-packages/oslo_concurrency/lockutils.py:400
2025-05-12 00:33:04.359 130169 DEBUG oslo_service.periodic_task [req-f982352a-377d-4055-92f2-9484dd7b5022 - - - - -] Running periodic task SchedulerManager._discover_hosts_in_cells run_periodic_tasks /usr/lib/python3/dist-packages/oslo_service/periodic_task.py:210
2025-05-12 00:33:04.363 130169 DEBUG oslo_concurrency.lockutils [req-b564ca6c-7e2e-4353-9ac9-5932b50c67c6 - - - - -] Lock "285eaf89-d88c-4692-8545-b1bfabba60c9" acquired by "nova.context.set_target_cell..get_or_set_cached_cell_and_set_connections" :: waited 0.000s inner /usr/lib/python3/dist-packages/oslo_concurrency/lockutils.py:386
2025-05-12 00:33:04.364 130169 DEBUG oslo_concurrency.lockutils [req-b564ca6c-7e2e-4353-9ac9-5932b50c67c6 - - - - -] Lock "285eaf89-d88c-4692-8545-b1bfabba60c9" "released" by "nova.context.set_target_cell..get_or_set_cached_cell_and_set_connections" :: held 0.000s inner /usr/lib/python3/dist-packages/oslo_concurrency/lockutils.py:400
2025-05-12 00:33:10.260 130166 DEBUG oslo_messaging._drivers.amqpdriver [-] AMQPListener connection timeout poll /usr/lib/python3/dist-packages/oslo_messaging/_drivers/amqpdriver.py:360
2025-05-12 00:33:10.261 130166 DEBUG oslo_messaging._drivers.amqpdriver [-] Listener is running poll /usr/lib/python3/dist-packages/oslo_messaging/_drivers/amqpdriver.py:343
2025-05-12 00:33:10.261 130166 DEBUG oslo_messaging._drivers.amqpdriver [-] AMQPListener connection consume poll /usr/lib/python3/dist-packages/oslo_messaging/_drivers/amqpdriver.py:357
2025-05-12 00:33:10.268 130168 DEBUG oslo_messaging._drivers.amqpdriver [-] AMQPListener connection timeout poll /usr/lib/python3/dist-packages/oslo_messaging/_drivers/amqpdriver.py:360
2025-05-12 00:33:10.268 130168 DEBUG oslo_messaging._drivers.amqpdriver [-] Listener is running poll /usr/lib/python3/dist-packages/oslo_messaging/_drivers/amqpdriver.py:343
2025-05-12 00:33:10.268 130168 DEBUG oslo_messaging._drivers.amqpdriver [-] AMQPListener connection consume poll /usr/lib/python3/dist-packages/oslo_messaging/_drivers/amqpdriver.py:357
2025-05-12 00:33:10.277 130167 DEBUG oslo_messaging._drivers.amqpdriver [-] AMQPListener connection timeout poll /usr/lib/python3/dist-packages/oslo_messaging/_drivers/amqpdriver.py:360
2025-05-12 00:33:10.277 130167 DEBUG oslo_messaging._drivers.amqpdriver [-] Listener is running poll /usr/lib/python3/dist-packages/oslo_messaging/_drivers/amqpdriver.py:343
2025-05-12 00:33:10.277 130167 DEBUG oslo_messaging._drivers.amqpdriver [-] AMQPListener connection consume poll /usr/lib/python3/dist-packages/oslo_messaging/_drivers/amqpdriver.py:357
2025-05-12 00:33:10.322 130169 DEBUG oslo_messaging._drivers.amqpdriver [-] AMQPListener connection timeout poll /usr/lib/python3/dist-packages/oslo_messaging/_drivers/amqpdriver.py:360
2025-05-12 00:33:10.322 130169 DEBUG oslo_messaging._drivers.amqpdriver [-] Listener is running poll /usr/lib/python3/dist-packages/oslo_messaging/_drivers/amqpdriver.py:343
2025-05-12 00:33:10.322 130169 DEBUG oslo_messaging._drivers.amqpdriver [-] AMQPListener connection consume poll /usr/lib/python3/dist-packages/oslo_messaging/_drivers/amqpdriver.py:357
2025-05-12 00:33:11.350 130167 DEBUG oslo_service.periodic_task [req-d6c21e12-df63-41fa-a13d-e28842ca1470 - - - - -] Running periodic task SchedulerManager._discover_hosts_in_cells run_periodic_tasks /usr/lib/python3/dist-packages/oslo_service/periodic_task.py:210
2025-05-12 00:33:11.353 130167 DEBUG oslo_concurrency.lockutils [req-e6d61fcc-9cfd-43bd-8634-3fa093012786 - - - - -] Lock "285eaf89-d88c-4692-8545-b1bfabba60c9" acquired by "nova.context.set_target_cell..get_or_set_cached_cell_and_set_connections" :: waited 0.000s inner /usr/lib/python3/dist-packages/oslo_concurrency/lockutils.py:386
2025-05-12 00:33:11.353 130167 DEBUG oslo_concurrency.lockutils [req-e6d61fcc-9cfd-43bd-8634-3fa093012786 - - - - -] Lock "285eaf89-d88c-4692-8545-b1bfabba60c9" "released" by "nova.context.set_target_cell..get_or_set_cached_cell_and_set_connections" :: held 0.000s inner /usr/lib/python3/dist-packages/oslo_concurrency/lockutils.py:400
2025-05-12 00:33:23.303 130166 DEBUG oslo_service.periodic_task [req-4045d1ee-d08d-4788-9a22-963caeb09f20 - - - - -] Running periodic task SchedulerManager._discover_hosts_in_cells run_periodic_tasks /usr/lib/python3/dist-packages/oslo_service/periodic_task.py:210
2025-05-12 00:33:23.307 130166 DEBUG oslo_concurrency.lockutils [req-d4d08539-30ad-45b6-9e91-523b225e592f - - - - -] Lock "285eaf89-d88c-4692-8545-b1bfabba60c9" acquired by "nova.context.set_target_cell..get_or_set_cached_cell_and_set_connections" :: waited 0.000s inner /usr/lib/python3/dist-packages/oslo_concurrency/lockutils.py:386
2025-05-12 00:33:23.307 130166 DEBUG oslo_concurrency.lockutils [req-d4d08539-30ad-45b6-9e91-523b225e592f - - - - -] Lock "285eaf89-d88c-4692-8545-b1bfabba60c9" "released" by "nova.context.set_target_cell..get_or_set_cached_cell_and_set_connections" :: held 0.000s inner /usr/lib/python3/dist-packages/oslo_concurrency/lockutils.py:400
2025-05-12 00:33:32.313 130168 DEBUG oslo_service.periodic_task [req-9df24686-51a9-42ef-b6d0-0f3fe81a697f - - - - -] Running periodic task SchedulerManager._discover_hosts_in_cells run_periodic_tasks /usr/lib/python3/dist-packages/oslo_service/periodic_task.py:210
2025-05-12 00:33:32.316 130168 DEBUG oslo_concurrency.lockutils [req-1e2e464e-ffa4-4c94-bb09-6601cf984771 - - - - -] Lock "285eaf89-d88c-4692-8545-b1bfabba60c9" acquired by "nova.context.set_target_cell..get_or_set_cached_cell_and_set_connections" :: waited 0.000s inner /usr/lib/python3/dist-packages/oslo_concurrency/lockutils.py:386
2025-05-12 00:33:32.317 130168 DEBUG oslo_concurrency.lockutils [req-1e2e464e-ffa4-4c94-bb09-6601cf984771 - - - - -] Lock "285eaf89-d88c-4692-8545-b1bfabba60c9" "released" by "nova.context.set_target_cell..get_or_set_cached_cell_and_set_connections" :: held 0.000s inner /usr/lib/python3/dist-packages/oslo_concurrency/lockutils.py:400
2025-05-12 00:33:35.331 130169 DEBUG oslo_service.periodic_task [req-b564ca6c-7e2e-4353-9ac9-5932b50c67c6 - - - - -] Running periodic task SchedulerManager._discover_hosts_in_cells run_periodic_tasks /usr/lib/python3/dist-packages/oslo_service/periodic_task.py:210
2025-05-12 00:33:35.334 130169 DEBUG oslo_concurrency.lockutils [req-3fe6767f-6324-467a-a102-b3216931cc79 - - - - -] Lock "285eaf89-d88c-4692-8545-b1bfabba60c9" acquired by "nova.context.set_target_cell..get_or_set_cached_cell_and_set_connections" :: waited 0.000s inner /usr/lib/python3/dist-packages/oslo_concurrency/lockutils.py:386
2025-05-12 00:33:35.335 130169 DEBUG oslo_concurrency.lockutils [req-3fe6767f-6324-467a-a102-b3216931cc79 - - - - -] Lock "285eaf89-d88c-4692-8545-b1bfabba60c9" "released" by "nova.context.set_target_cell..get_or_set_cached_cell_and_set_connections" :: held 0.000s inner /usr/lib/python3/dist-packages/oslo_concurrency/lockutils.py:400
2025-05-12 00:33:38.589 129849 INFO oslo_service.service [req-2457f815-25c7-4cda-bf6c-cac64abc18c9 - - - - -] Caught SIGTERM, stopping children
2025-05-12 00:33:38.590 129849 DEBUG oslo_concurrency.lockutils [req-2457f815-25c7-4cda-bf6c-cac64abc18c9 - - - - -] Acquired lock "singleton_lock" lock /usr/lib/python3/dist-packages/oslo_concurrency/lockutils.py:294
2025-05-12 00:33:38.591 129849 DEBUG oslo_concurrency.lockutils [req-2457f815-25c7-4cda-bf6c-cac64abc18c9 - - - - -] Releasing lock "singleton_lock" lock /usr/lib/python3/dist-packages/oslo_concurrency/lockutils.py:312
2025-05-12 00:33:38.591 129849 DEBUG oslo_service.service [req-2457f815-25c7-4cda-bf6c-cac64abc18c9 - - - - -] Stop services. stop /usr/lib/python3/dist-packages/oslo_service/service.py:695
2025-05-12 00:33:38.591 129849 DEBUG oslo_service.service [req-2457f815-25c7-4cda-bf6c-cac64abc18c9 - - - - -] Killing children. stop /usr/lib/python3/dist-packages/oslo_service/service.py:700
2025-05-12 00:33:38.591 129849 INFO oslo_service.service [req-2457f815-25c7-4cda-bf6c-cac64abc18c9 - - - - -] Waiting on 4 children to exit
2025-05-12 00:33:38.598 129849 INFO oslo_service.service [req-2457f815-25c7-4cda-bf6c-cac64abc18c9 - - - - -] Child 130167 killed by signal 15
2025-05-12 00:33:38.599 129849 INFO oslo_service.service [req-2457f815-25c7-4cda-bf6c-cac64abc18c9 - - - - -] Child 130166 killed by signal 15
2025-05-12 00:33:38.600 129849 INFO oslo_service.service [req-2457f815-25c7-4cda-bf6c-cac64abc18c9 - - - - -] Child 130168 killed by signal 15
2025-05-12 00:33:38.600 129849 INFO oslo_service.service [req-2457f815-25c7-4cda-bf6c-cac64abc18c9 - - - - -] Child 130169 killed by signal 15
2025-05-12 00:33:40.139 152106 DEBUG oslo_db.sqlalchemy.engines [req-473d8efe-4ed2-4513-a1ec-d3929aaaf021 - - - - -] MySQL server mode set to STRICT_TRANS_TABLES,STRICT_ALL_TABLES,NO_ZERO_IN_DATE,NO_ZERO_DATE,ERROR_FOR_DIVISION_BY_ZERO,TRADITIONAL,NO_ENGINE_SUBSTITUTION _check_effective_sql_mode /usr/lib/python3/dist-packages/oslo_db/sqlalchemy/engines.py:314
2025-05-12 00:33:40.171 152106 DEBUG nova.scheduler.host_manager [req-473d8efe-4ed2-4513-a1ec-d3929aaaf021 - - - - -] Found 1 cells: 285eaf89-d88c-4692-8545-b1bfabba60c9 refresh_cells_caches /usr/lib/python3/dist-packages/nova/scheduler/host_manager.py:730
2025-05-12 00:33:40.171 152106 DEBUG nova.scheduler.host_manager [req-473d8efe-4ed2-4513-a1ec-d3929aaaf021 - - - - -] Found 0 disabled cells: refresh_cells_caches /usr/lib/python3/dist-packages/nova/scheduler/host_manager.py:742
2025-05-12 00:33:40.176 152106 WARNING nova.scheduler.filters.availability_zone_filter [req-473d8efe-4ed2-4513-a1ec-d3929aaaf021 - - - - -] The 'AvailabilityZoneFilter' is deprecated since the 24.0.0 (Xena) release. Since the 18.0.0 (Rocky) release, nova has supported mapping AZs to placement aggregates. The feature is enabled by the 'query_placement_for_availability_zone' config option and is now enabled by default. As such, the 'AvailabilityZoneFilter' is no longer required. Nova is currently configured to use both placement and the AvailabilityZoneFilter for AZ enforcement.
2025-05-12 00:33:40.243 152106 DEBUG nova.scheduler.host_manager [req-473d8efe-4ed2-4513-a1ec-d3929aaaf021 - - - - -] START:_async_init_instance_info _async_init_instance_info /usr/lib/python3/dist-packages/nova/scheduler/host_manager.py:411
2025-05-12 00:33:40.245 152106 DEBUG oslo_concurrency.lockutils [req-87881743-adde-4dbe-b90b-fbffd6054c22 - - - - -] Lock "285eaf89-d88c-4692-8545-b1bfabba60c9" acquired by "nova.context.set_target_cell..get_or_set_cached_cell_and_set_connections" :: waited 0.000s inner /usr/lib/python3/dist-packages/oslo_concurrency/lockutils.py:386
2025-05-12 00:33:40.247 152106 DEBUG oslo_concurrency.lockutils [req-87881743-adde-4dbe-b90b-fbffd6054c22 - - - - -] Lock "285eaf89-d88c-4692-8545-b1bfabba60c9" "released" by "nova.context.set_target_cell..get_or_set_cached_cell_and_set_connections" :: held 0.001s inner /usr/lib/python3/dist-packages/oslo_concurrency/lockutils.py:400
2025-05-12 00:33:40.276 152106 DEBUG oslo_db.sqlalchemy.engines [req-87881743-adde-4dbe-b90b-fbffd6054c22 - - - - -] MySQL server mode set to STRICT_TRANS_TABLES,STRICT_ALL_TABLES,NO_ZERO_IN_DATE,NO_ZERO_DATE,ERROR_FOR_DIVISION_BY_ZERO,TRADITIONAL,NO_ENGINE_SUBSTITUTION _check_effective_sql_mode /usr/lib/python3/dist-packages/oslo_db/sqlalchemy/engines.py:314
2025-05-12 00:33:40.287 152106 DEBUG nova.scheduler.host_manager [req-87881743-adde-4dbe-b90b-fbffd6054c22 - - - - -] Total number of compute nodes: 1 _async_init_instance_info /usr/lib/python3/dist-packages/nova/scheduler/host_manager.py:424
2025-05-12 00:33:40.288 152106 DEBUG oslo_concurrency.lockutils [req-87881743-adde-4dbe-b90b-fbffd6054c22 - - - - -] Lock "285eaf89-d88c-4692-8545-b1bfabba60c9" acquired by "nova.context.set_target_cell..get_or_set_cached_cell_and_set_connections" :: waited 0.000s inner /usr/lib/python3/dist-packages/oslo_concurrency/lockutils.py:386
2025-05-12 00:33:40.288 152106 DEBUG oslo_concurrency.lockutils [req-87881743-adde-4dbe-b90b-fbffd6054c22 - - - - -] Lock "285eaf89-d88c-4692-8545-b1bfabba60c9" "released" by "nova.context.set_target_cell..get_or_set_cached_cell_and_set_connections" :: held 0.000s inner /usr/lib/python3/dist-packages/oslo_concurrency/lockutils.py:400
2025-05-12 00:33:40.355 152106 DEBUG nova.scheduler.host_manager [req-87881743-adde-4dbe-b90b-fbffd6054c22 - - - - -] Adding 0 instances for hosts 10-20 _async_init_instance_info /usr/lib/python3/dist-packages/nova/scheduler/host_manager.py:443
2025-05-12 00:33:40.355 152106 DEBUG nova.scheduler.host_manager [req-87881743-adde-4dbe-b90b-fbffd6054c22 - - - - -] END:_async_init_instance_info _async_init_instance_info /usr/lib/python3/dist-packages/nova/scheduler/host_manager.py:454
2025-05-12 00:33:40.752 152106 DEBUG nova.context [req-473d8efe-4ed2-4513-a1ec-d3929aaaf021 - - - - -] Found 2 cells: 00000000-0000-0000-0000-000000000000(cell0),285eaf89-d88c-4692-8545-b1bfabba60c9(cell1) load_cells /usr/lib/python3/dist-packages/nova/context.py:464
2025-05-12 00:33:40.752 152106 DEBUG oslo_concurrency.lockutils [req-668cd1de-6ba3-46cb-8e25-dde4fd8c744b - - - - -] Lock "00000000-0000-0000-0000-000000000000" acquired by "nova.context.set_target_cell..get_or_set_cached_cell_and_set_connections" :: waited 0.000s inner /usr/lib/python3/dist-packages/oslo_concurrency/lockutils.py:386
2025-05-12 00:33:40.753 152106 DEBUG oslo_concurrency.lockutils [req-668cd1de-6ba3-46cb-8e25-dde4fd8c744b - - - - -] Lock "00000000-0000-0000-0000-000000000000" "released" by "nova.context.set_target_cell..get_or_set_cached_cell_and_set_connections" :: held 0.001s inner /usr/lib/python3/dist-packages/oslo_concurrency/lockutils.py:400
2025-05-12 00:33:40.754 152106 DEBUG oslo_concurrency.lockutils [req-668cd1de-6ba3-46cb-8e25-dde4fd8c744b - - - - -] Lock "285eaf89-d88c-4692-8545-b1bfabba60c9" acquired by "nova.context.set_target_cell..get_or_set_cached_cell_and_set_connections" :: waited 0.000s inner /usr/lib/python3/dist-packages/oslo_concurrency/lockutils.py:386
