2025-05-12 00:31:53.241 129849 DEBUG oslo_service.service [req-2457f815-25c7-4cda-bf6c-cac64abc18c9 - - - - -] running_deleted_instance_poll_interval = 1800 log_opt_values /usr/lib/python3/dist-packages/oslo_config/cfg.py:2602
2025-05-12 00:31:53.241 129849 DEBUG oslo_service.service [req-2457f815-25c7-4cda-bf6c-cac64abc18c9 - - - - -] running_deleted_instance_timeout = 0 log_opt_values /usr/lib/python3/dist-packages/oslo_config/cfg.py:2602
2025-05-12 00:31:53.242 129849 DEBUG oslo_service.service [req-2457f815-25c7-4cda-bf6c-cac64abc18c9 - - - - -] scheduler_instance_sync_interval = 120 log_opt_values /usr/lib/python3/dist-packages/oslo_config/cfg.py:2602
2025-05-12 00:31:53.242 129849 DEBUG oslo_service.service [req-2457f815-25c7-4cda-bf6c-cac64abc18c9 - - - - -] service_down_time = 60 log_opt_values /usr/lib/python3/dist-packages/oslo_config/cfg.py:2602
2025-05-12 00:31:53.242 129849 DEBUG oslo_service.service [req-2457f815-25c7-4cda-bf6c-cac64abc18c9 - - - - -] servicegroup_driver = db log_opt_values /usr/lib/python3/dist-packages/oslo_config/cfg.py:2602
2025-05-12 00:31:53.242 129849 DEBUG oslo_service.service [req-2457f815-25c7-4cda-bf6c-cac64abc18c9 - - - - -] shelved_offload_time = 0 log_opt_values /usr/lib/python3/dist-packages/oslo_config/cfg.py:2602
2025-05-12 00:31:53.242 129849 DEBUG oslo_service.service [req-2457f815-25c7-4cda-bf6c-cac64abc18c9 - - - - -] shelved_poll_interval = 3600 log_opt_values /usr/lib/python3/dist-packages/oslo_config/cfg.py:2602
2025-05-12 00:31:53.243 129849 DEBUG oslo_service.service [req-2457f815-25c7-4cda-bf6c-cac64abc18c9 - - - - -] shutdown_timeout = 60 log_opt_values /usr/lib/python3/dist-packages/oslo_config/cfg.py:2602
2025-05-12 00:31:53.243 129849 DEBUG oslo_service.service [req-2457f815-25c7-4cda-bf6c-cac64abc18c9 - - - - -] source_is_ipv6 = False log_opt_values /usr/lib/python3/dist-packages/oslo_config/cfg.py:2602
2025-05-12 00:31:53.243 129849 DEBUG oslo_service.service [req-2457f815-25c7-4cda-bf6c-cac64abc18c9 - - - - -] ssl_only = False log_opt_values /usr/lib/python3/dist-packages/oslo_config/cfg.py:2602
2025-05-12 00:31:53.243 129849 DEBUG oslo_service.service [req-2457f815-25c7-4cda-bf6c-cac64abc18c9 - - - - -] state_path = /var/lib/nova log_opt_values /usr/lib/python3/dist-packages/oslo_config/cfg.py:2602
2025-05-12 00:31:53.243 129849 DEBUG oslo_service.service [req-2457f815-25c7-4cda-bf6c-cac64abc18c9 - - - - -] sync_power_state_interval = 600 log_opt_values /usr/lib/python3/dist-packages/oslo_config/cfg.py:2602
2025-05-12 00:31:53.244 129849 DEBUG oslo_service.service [req-2457f815-25c7-4cda-bf6c-cac64abc18c9 - - - - -] sync_power_state_pool_size = 1000 log_opt_values /usr/lib/python3/dist-packages/oslo_config/cfg.py:2602
2025-05-12 00:31:53.244 129849 DEBUG oslo_service.service [req-2457f815-25c7-4cda-bf6c-cac64abc18c9 - - - - -] syslog_log_facility = LOG_USER log_opt_values /usr/lib/python3/dist-packages/oslo_config/cfg.py:2602
2025-05-12 00:31:53.244 129849 DEBUG oslo_service.service [req-2457f815-25c7-4cda-bf6c-cac64abc18c9 - - - - -] tempdir = None log_opt_values /usr/lib/python3/dist-packages/oslo_config/cfg.py:2602
2025-05-12 00:31:53.244 129849 DEBUG oslo_service.service [req-2457f815-25c7-4cda-bf6c-cac64abc18c9 - - - - -] timeout_nbd = 10 log_opt_values /usr/lib/python3/dist-packages/oslo_config/cfg.py:2602
2025-05-12 00:31:53.244 130168 DEBUG nova.service [req-6d06a96c-b2b1-404e-9507-e1141ce43fad - - - - -] Creating RPC server for service scheduler start /usr/lib/python3/dist-packages/nova/service.py:182
2025-05-12 00:31:53.244 129849 DEBUG oslo_service.service [req-2457f815-25c7-4cda-bf6c-cac64abc18c9 - - - - -] transport_url = **** log_opt_values /usr/lib/python3/dist-packages/oslo_config/cfg.py:2602
2025-05-12 00:31:53.244 129849 DEBUG oslo_service.service [req-2457f815-25c7-4cda-bf6c-cac64abc18c9 - - - - -] update_resources_interval = 0 log_opt_values /usr/lib/python3/dist-packages/oslo_config/cfg.py:2602
2025-05-12 00:31:53.245 129849 DEBUG oslo_service.service [req-2457f815-25c7-4cda-bf6c-cac64abc18c9 - - - - -] use_cow_images = True log_opt_values /usr/lib/python3/dist-packages/oslo_config/cfg.py:2602
2025-05-12 00:31:53.245 129849 DEBUG oslo_service.service [req-2457f815-25c7-4cda-bf6c-cac64abc18c9 - - - - -] use_eventlog = False log_opt_values /usr/lib/python3/dist-packages/oslo_config/cfg.py:2602
2025-05-12 00:31:53.245 129849 DEBUG oslo_service.service [req-2457f815-25c7-4cda-bf6c-cac64abc18c9 - - - - -] use_journal = False log_opt_values /usr/lib/python3/dist-packages/oslo_config/cfg.py:2602
2025-05-12 00:31:53.245 129849 DEBUG oslo_service.service [req-2457f815-25c7-4cda-bf6c-cac64abc18c9 - - - - -] use_json = False log_opt_values /usr/lib/python3/dist-packages/oslo_config/cfg.py:2602
2025-05-12 00:31:53.246 129849 DEBUG oslo_service.service [req-2457f815-25c7-4cda-bf6c-cac64abc18c9 - - - - -] use_rootwrap_daemon = False log_opt_values /usr/lib/python3/dist-packages/oslo_config/cfg.py:2602
2025-05-12 00:31:53.246 129849 DEBUG oslo_service.service [req-2457f815-25c7-4cda-bf6c-cac64abc18c9 - - - - -] use_stderr = False log_opt_values /usr/lib/python3/dist-packages/oslo_config/cfg.py:2602
2025-05-12 00:31:53.246 129849 DEBUG oslo_service.service [req-2457f815-25c7-4cda-bf6c-cac64abc18c9 - - - - -] use_syslog = False log_opt_values /usr/lib/python3/dist-packages/oslo_config/cfg.py:2602
2025-05-12 00:31:53.246 129849 DEBUG oslo_service.service [req-2457f815-25c7-4cda-bf6c-cac64abc18c9 - - - - -] vcpu_pin_set = None log_opt_values /usr/lib/python3/dist-packages/oslo_config/cfg.py:2602
2025-05-12 00:31:53.246 129849 DEBUG oslo_service.service [req-2457f815-25c7-4cda-bf6c-cac64abc18c9 - - - - -] vif_plugging_is_fatal = True log_opt_values /usr/lib/python3/dist-packages/oslo_config/cfg.py:2602
2025-05-12 00:31:53.246 129849 DEBUG oslo_service.service [req-2457f815-25c7-4cda-bf6c-cac64abc18c9 - - - - -] vif_plugging_timeout = 300 log_opt_values /usr/lib/python3/dist-packages/oslo_config/cfg.py:2602
2025-05-12 00:31:53.247 129849 DEBUG oslo_service.service [req-2457f815-25c7-4cda-bf6c-cac64abc18c9 - - - - -] virt_mkfs = [] log_opt_values /usr/lib/python3/dist-packages/oslo_config/cfg.py:2602
2025-05-12 00:31:53.247 129849 DEBUG oslo_service.service [req-2457f815-25c7-4cda-bf6c-cac64abc18c9 - - - - -] volume_usage_poll_interval = 0 log_opt_values /usr/lib/python3/dist-packages/oslo_config/cfg.py:2602
2025-05-12 00:31:53.247 129849 DEBUG oslo_service.service [req-2457f815-25c7-4cda-bf6c-cac64abc18c9 - - - - -] watch_log_file = False log_opt_values /usr/lib/python3/dist-packages/oslo_config/cfg.py:2602
2025-05-12 00:31:53.248 129849 DEBUG oslo_service.service [req-2457f815-25c7-4cda-bf6c-cac64abc18c9 - - - - -] web = /usr/share/spice-html5 log_opt_values /usr/lib/python3/dist-packages/oslo_config/cfg.py:2602
2025-05-12 00:31:53.247 130167 DEBUG nova.service [req-5aef61d1-b2d3-44df-8a14-05725e38830f - - - - -] Creating RPC server for service scheduler start /usr/lib/python3/dist-packages/nova/service.py:182
2025-05-12 00:31:53.248 129849 DEBUG oslo_service.service [req-2457f815-25c7-4cda-bf6c-cac64abc18c9 - - - - -] oslo_concurrency.disable_process_locking = False log_opt_values /usr/lib/python3/dist-packages/oslo_config/cfg.py:2609
2025-05-12 00:31:53.248 129849 DEBUG oslo_service.service [req-2457f815-25c7-4cda-bf6c-cac64abc18c9 - - - - -] oslo_concurrency.lock_path = /var/lock/nova log_opt_values /usr/lib/python3/dist-packages/oslo_config/cfg.py:2609
2025-05-12 00:31:53.248 129849 WARNING oslo_config.cfg [req-2457f815-25c7-4cda-bf6c-cac64abc18c9 - - - - -] Deprecated: Option "auth_strategy" from group "api" is deprecated for removal ( The only non-default choice, ``noauth2``, is for internal development and testing purposes only and should not be used in deployments. This option and its middleware, NoAuthMiddleware[V2_18], will be removed in a future release. ). Its value may be silently ignored in the future.
2025-05-12 00:31:53.249 129849 DEBUG oslo_service.service [req-2457f815-25c7-4cda-bf6c-cac64abc18c9 - - - - -] api.auth_strategy = keystone log_opt_values /usr/lib/python3/dist-packages/oslo_config/cfg.py:2609
2025-05-12 00:31:53.249 129849 DEBUG oslo_service.service [req-2457f815-25c7-4cda-bf6c-cac64abc18c9 - - - - -] api.compute_link_prefix = None log_opt_values /usr/lib/python3/dist-packages/oslo_config/cfg.py:2609
2025-05-12 00:31:53.249 129849 DEBUG oslo_service.service [req-2457f815-25c7-4cda-bf6c-cac64abc18c9 - - - - -] api.config_drive_skip_versions = 1.0 2007-01-19 2007-03-01 2007-08-29 2007-10-10 2007-12-15 2008-02-01 2008-09-01 log_opt_values /usr/lib/python3/dist-packages/oslo_config/cfg.py:2609
2025-05-12 00:31:53.249 129849 DEBUG oslo_service.service [req-2457f815-25c7-4cda-bf6c-cac64abc18c9 - - - - -] api.dhcp_domain = novalocal log_opt_values /usr/lib/python3/dist-packages/oslo_config/cfg.py:2609
2025-05-12 00:31:53.249 129849 DEBUG oslo_service.service [req-2457f815-25c7-4cda-bf6c-cac64abc18c9 - - - - -] api.enable_instance_password = True log_opt_values /usr/lib/python3/dist-packages/oslo_config/cfg.py:2609
2025-05-12 00:31:53.249 129849 DEBUG oslo_service.service [req-2457f815-25c7-4cda-bf6c-cac64abc18c9 - - - - -] api.glance_link_prefix = None log_opt_values /usr/lib/python3/dist-packages/oslo_config/cfg.py:2609
2025-05-12 00:31:53.250 129849 DEBUG oslo_service.service [req-2457f815-25c7-4cda-bf6c-cac64abc18c9 - - - - -] api.instance_list_cells_batch_fixed_size = 100 log_opt_values /usr/lib/python3/dist-packages/oslo_config/cfg.py:2609
2025-05-12 00:31:53.250 129849 DEBUG oslo_service.service [req-2457f815-25c7-4cda-bf6c-cac64abc18c9 - - - - -] api.instance_list_cells_batch_strategy = distributed log_opt_values /usr/lib/python3/dist-packages/oslo_config/cfg.py:2609
2025-05-12 00:31:53.250 129849 DEBUG oslo_service.service [req-2457f815-25c7-4cda-bf6c-cac64abc18c9 - - - - -] api.instance_list_per_project_cells = False log_opt_values /usr/lib/python3/dist-packages/oslo_config/cfg.py:2609
2025-05-12 00:31:53.250 129849 DEBUG oslo_service.service [req-2457f815-25c7-4cda-bf6c-cac64abc18c9 - - - - -] api.list_records_by_skipping_down_cells = True log_opt_values /usr/lib/python3/dist-packages/oslo_config/cfg.py:2609
2025-05-12 00:31:53.250 129849 DEBUG oslo_service.service [req-2457f815-25c7-4cda-bf6c-cac64abc18c9 - - - - -] api.local_metadata_per_cell = False log_opt_values /usr/lib/python3/dist-packages/oslo_config/cfg.py:2609
2025-05-12 00:31:53.251 129849 DEBUG oslo_service.service [req-2457f815-25c7-4cda-bf6c-cac64abc18c9 - - - - -] api.max_limit = 1000 log_opt_values /usr/lib/python3/dist-packages/oslo_config/cfg.py:2609
2025-05-12 00:31:53.251 129849 DEBUG oslo_service.service [req-2457f815-25c7-4cda-bf6c-cac64abc18c9 - - - - -] api.metadata_cache_expiration = 15 log_opt_values /usr/lib/python3/dist-packages/oslo_config/cfg.py:2609
2025-05-12 00:31:53.251 129849 DEBUG oslo_service.service [req-2457f815-25c7-4cda-bf6c-cac64abc18c9 - - - - -] api.neutron_default_tenant_id = default log_opt_values /usr/lib/python3/dist-packages/oslo_config/cfg.py:2609
2025-05-12 00:31:53.251 129849 DEBUG oslo_service.service [req-2457f815-25c7-4cda-bf6c-cac64abc18c9 - - - - -] api.use_forwarded_for = False log_opt_values /usr/lib/python3/dist-packages/oslo_config/cfg.py:2609
2025-05-12 00:31:53.251 129849 DEBUG oslo_service.service [req-2457f815-25c7-4cda-bf6c-cac64abc18c9 - - - - -] api.use_neutron_default_nets = False log_opt_values /usr/lib/python3/dist-packages/oslo_config/cfg.py:2609
2025-05-12 00:31:53.251 129849 DEBUG oslo_service.service [req-2457f815-25c7-4cda-bf6c-cac64abc18c9 - - - - -] api.vendordata_dynamic_connect_timeout = 5 log_opt_values /usr/lib/python3/dist-packages/oslo_config/cfg.py:2609
2025-05-12 00:31:53.251 129849 DEBUG oslo_service.service [req-2457f815-25c7-4cda-bf6c-cac64abc18c9 - - - - -] api.vendordata_dynamic_failure_fatal = False log_opt_values /usr/lib/python3/dist-packages/oslo_config/cfg.py:2609
2025-05-12 00:31:53.252 129849 DEBUG oslo_service.service [req-2457f815-25c7-4cda-bf6c-cac64abc18c9 - - - - -] api.vendordata_dynamic_read_timeout = 5 log_opt_values /usr/lib/python3/dist-packages/oslo_config/cfg.py:2609
2025-05-12 00:31:53.252 129849 DEBUG oslo_service.service [req-2457f815-25c7-4cda-bf6c-cac64abc18c9 - - - - -] api.vendordata_dynamic_ssl_certfile = log_opt_values /usr/lib/python3/dist-packages/oslo_config/cfg.py:2609
2025-05-12 00:31:53.252 129849 DEBUG oslo_service.service [req-2457f815-25c7-4cda-bf6c-cac64abc18c9 - - - - -] api.vendordata_dynamic_targets = [] log_opt_values /usr/lib/python3/dist-packages/oslo_config/cfg.py:2609
2025-05-12 00:31:53.252 129849 DEBUG oslo_service.service [req-2457f815-25c7-4cda-bf6c-cac64abc18c9 - - - - -] api.vendordata_jsonfile_path = None log_opt_values /usr/lib/python3/dist-packages/oslo_config/cfg.py:2609
2025-05-12 00:31:53.253 129849 DEBUG oslo_service.service [req-2457f815-25c7-4cda-bf6c-cac64abc18c9 - - - - -] api.vendordata_providers = ['StaticJSON'] log_opt_values /usr/lib/python3/dist-packages/oslo_config/cfg.py:2609
2025-05-12 00:31:53.253 129849 DEBUG oslo_service.service [req-2457f815-25c7-4cda-bf6c-cac64abc18c9 - - - - -] cache.backend = dogpile.cache.null log_opt_values /usr/lib/python3/dist-packages/oslo_config/cfg.py:2609
2025-05-12 00:31:53.253 129849 DEBUG oslo_service.service [req-2457f815-25c7-4cda-bf6c-cac64abc18c9 - - - - -] cache.backend_argument = **** log_opt_values /usr/lib/python3/dist-packages/oslo_config/cfg.py:2609
2025-05-12 00:31:53.253 129849 DEBUG oslo_service.service [req-2457f815-25c7-4cda-bf6c-cac64abc18c9 - - - - -] cache.config_prefix = cache.oslo log_opt_values /usr/lib/python3/dist-packages/oslo_config/cfg.py:2609
2025-05-12 00:31:53.253 129849 DEBUG oslo_service.service [req-2457f815-25c7-4cda-bf6c-cac64abc18c9 - - - - -] cache.debug_cache_backend = False log_opt_values /usr/lib/python3/dist-packages/oslo_config/cfg.py:2609
2025-05-12 00:31:53.254 129849 DEBUG oslo_service.service [req-2457f815-25c7-4cda-bf6c-cac64abc18c9 - - - - -] cache.enabled = False log_opt_values /usr/lib/python3/dist-packages/oslo_config/cfg.py:2609
2025-05-12 00:31:53.254 129849 DEBUG oslo_service.service [req-2457f815-25c7-4cda-bf6c-cac64abc18c9 - - - - -] cache.expiration_time = 600 log_opt_values /usr/lib/python3/dist-packages/oslo_config/cfg.py:2609
2025-05-12 00:31:53.254 129849 DEBUG oslo_service.service [req-2457f815-25c7-4cda-bf6c-cac64abc18c9 - - - - -] cache.memcache_dead_retry = 300 log_opt_values /usr/lib/python3/dist-packages/oslo_config/cfg.py:2609
2025-05-12 00:31:53.254 129849 DEBUG oslo_service.service [req-2457f815-25c7-4cda-bf6c-cac64abc18c9 - - - - -] cache.memcache_pool_connection_get_timeout = 10 log_opt_values /usr/lib/python3/dist-packages/oslo_config/cfg.py:2609
2025-05-12 00:31:53.254 129849 DEBUG oslo_service.service [req-2457f815-25c7-4cda-bf6c-cac64abc18c9 - - - - -] cache.memcache_pool_flush_on_reconnect = False log_opt_values /usr/lib/python3/dist-packages/oslo_config/cfg.py:2609
2025-05-12 00:31:53.254 129849 DEBUG oslo_service.service [req-2457f815-25c7-4cda-bf6c-cac64abc18c9 - - - - -] cache.memcache_pool_maxsize = 10 log_opt_values /usr/lib/python3/dist-packages/oslo_config/cfg.py:2609
2025-05-12 00:31:53.255 129849 DEBUG oslo_service.service [req-2457f815-25c7-4cda-bf6c-cac64abc18c9 - - - - -] cache.memcache_pool_unused_timeout = 60 log_opt_values /usr/lib/python3/dist-packages/oslo_config/cfg.py:2609
2025-05-12 00:31:53.255 130166 DEBUG oslo_messaging._drivers.amqpdriver [-] Listener is running poll /usr/lib/python3/dist-packages/oslo_messaging/_drivers/amqpdriver.py:343
2025-05-12 00:31:53.255 129849 DEBUG oslo_service.service [req-2457f815-25c7-4cda-bf6c-cac64abc18c9 - - - - -] cache.memcache_servers = ['localhost:11211'] log_opt_values /usr/lib/python3/dist-packages/oslo_config/cfg.py:2609
2025-05-12 00:31:53.255 130166 DEBUG oslo_messaging._drivers.amqpdriver [-] AMQPListener connection consume poll /usr/lib/python3/dist-packages/oslo_messaging/_drivers/amqpdriver.py:357
2025-05-12 00:31:53.255 129849 DEBUG oslo_service.service [req-2457f815-25c7-4cda-bf6c-cac64abc18c9 - - - - -] cache.memcache_socket_timeout = 1.0 log_opt_values /usr/lib/python3/dist-packages/oslo_config/cfg.py:2609
2025-05-12 00:31:53.255 129849 DEBUG oslo_service.service [req-2457f815-25c7-4cda-bf6c-cac64abc18c9 - - - - -] cache.proxies = [] log_opt_values /usr/lib/python3/dist-packages/oslo_config/cfg.py:2609
2025-05-12 00:31:53.255 129849 DEBUG oslo_service.service [req-2457f815-25c7-4cda-bf6c-cac64abc18c9 - - - - -] cache.tls_allowed_ciphers = None log_opt_values /usr/lib/python3/dist-packages/oslo_config/cfg.py:2609
2025-05-12 00:31:53.255 129849 DEBUG oslo_service.service [req-2457f815-25c7-4cda-bf6c-cac64abc18c9 - - - - -] cache.tls_cafile = None log_opt_values /usr/lib/python3/dist-packages/oslo_config/cfg.py:2609
2025-05-12 00:31:53.255 130166 DEBUG nova.service [req-a6e6d8f8-0ca9-4fa4-a2eb-1423cdc6f85a - - - - -] Join ServiceGroup membership for this service scheduler start /usr/lib/python3/dist-packages/nova/service.py:199
2025-05-12 00:31:53.256 129849 DEBUG oslo_service.service [req-2457f815-25c7-4cda-bf6c-cac64abc18c9 - - - - -] cache.tls_certfile = None log_opt_values /usr/lib/python3/dist-packages/oslo_config/cfg.py:2609
2025-05-12 00:31:53.256 130166 DEBUG nova.servicegroup.drivers.db [req-a6e6d8f8-0ca9-4fa4-a2eb-1423cdc6f85a - - - - -] DB_Driver: join new ServiceGroup member juju-711bc3-0-lxd-7 to the scheduler group, service = join /usr/lib/python3/dist-packages/nova/servicegroup/drivers/db.py:44
2025-05-12 00:31:53.256 129849 DEBUG oslo_service.service [req-2457f815-25c7-4cda-bf6c-cac64abc18c9 - - - - -] cache.tls_enabled = False log_opt_values /usr/lib/python3/dist-packages/oslo_config/cfg.py:2609
2025-05-12 00:31:53.256 129849 DEBUG oslo_service.service [req-2457f815-25c7-4cda-bf6c-cac64abc18c9 - - - - -] cache.tls_keyfile = None log_opt_values /usr/lib/python3/dist-packages/oslo_config/cfg.py:2609
2025-05-12 00:31:53.257 129849 DEBUG oslo_service.service [req-2457f815-25c7-4cda-bf6c-cac64abc18c9 - - - - -] cinder.auth_section = None log_opt_values /usr/lib/python3/dist-packages/oslo_config/cfg.py:2609
2025-05-12 00:31:53.257 130166 DEBUG oslo_service.periodic_task [req-f6abbdaf-39ea-4531-aa96-f1aa175b6d68 - - - - -] Running periodic task SchedulerManager._discover_hosts_in_cells run_periodic_tasks /usr/lib/python3/dist-packages/oslo_service/periodic_task.py:210
2025-05-12 00:31:53.257 129849 DEBUG oslo_service.service [req-2457f815-25c7-4cda-bf6c-cac64abc18c9 - - - - -] cinder.auth_type = None log_opt_values /usr/lib/python3/dist-packages/oslo_config/cfg.py:2609
2025-05-12 00:31:53.257 129849 DEBUG oslo_service.service [req-2457f815-25c7-4cda-bf6c-cac64abc18c9 - - - - -] cinder.cafile = None log_opt_values /usr/lib/python3/dist-packages/oslo_config/cfg.py:2609
2025-05-12 00:31:53.257 130169 DEBUG oslo_db.sqlalchemy.engines [req-c52cce79-074b-42f8-8840-65dd2fa7a1e0 - - - - -] MySQL server mode set to STRICT_TRANS_TABLES,STRICT_ALL_TABLES,NO_ZERO_IN_DATE,NO_ZERO_DATE,ERROR_FOR_DIVISION_BY_ZERO,TRADITIONAL,NO_ENGINE_SUBSTITUTION _check_effective_sql_mode /usr/lib/python3/dist-packages/oslo_db/sqlalchemy/engines.py:314
2025-05-12 00:31:53.258 130166 DEBUG oslo_db.sqlalchemy.engines [req-f6abbdaf-39ea-4531-aa96-f1aa175b6d68 - - - - -] Parent process 129849 forked (130166) with an open database connection, which is being discarded and recreated. checkout /usr/lib/python3/dist-packages/oslo_db/sqlalchemy/engines.py:413
2025-05-12 00:31:53.258 129849 DEBUG oslo_service.service [req-2457f815-25c7-4cda-bf6c-cac64abc18c9 - - - - -] cinder.catalog_info = volumev3::publicURL log_opt_values /usr/lib/python3/dist-packages/oslo_config/cfg.py:2609
2025-05-12 00:31:53.258 129849 DEBUG oslo_service.service [req-2457f815-25c7-4cda-bf6c-cac64abc18c9 - - - - -] cinder.certfile = None log_opt_values /usr/lib/python3/dist-packages/oslo_config/cfg.py:2609
2025-05-12 00:31:53.258 129849 DEBUG oslo_service.service [req-2457f815-25c7-4cda-bf6c-cac64abc18c9 - - - - -] cinder.collect_timing = False log_opt_values /usr/lib/python3/dist-packages/oslo_config/cfg.py:2609
2025-05-12 00:31:53.258 129849 DEBUG oslo_service.service [req-2457f815-25c7-4cda-bf6c-cac64abc18c9 - - - - -] cinder.cross_az_attach = True log_opt_values /usr/lib/python3/dist-packages/oslo_config/cfg.py:2609
2025-05-12 00:31:53.259 129849 DEBUG oslo_service.service [req-2457f815-25c7-4cda-bf6c-cac64abc18c9 - - - - -] cinder.debug = False log_opt_values /usr/lib/python3/dist-packages/oslo_config/cfg.py:2609
2025-05-12 00:31:53.259 129849 DEBUG oslo_service.service [req-2457f815-25c7-4cda-bf6c-cac64abc18c9 - - - - -] cinder.endpoint_template = None log_opt_values /usr/lib/python3/dist-packages/oslo_config/cfg.py:2609
2025-05-12 00:31:53.259 129849 DEBUG oslo_service.service [req-2457f815-25c7-4cda-bf6c-cac64abc18c9 - - - - -] cinder.http_retries = 3 log_opt_values /usr/lib/python3/dist-packages/oslo_config/cfg.py:2609
2025-05-12 00:31:53.259 129849 DEBUG oslo_service.service [req-2457f815-25c7-4cda-bf6c-cac64abc18c9 - - - - -] cinder.insecure = False log_opt_values /usr/lib/python3/dist-packages/oslo_config/cfg.py:2609
2025-05-12 00:31:53.259 129849 DEBUG oslo_service.service [req-2457f815-25c7-4cda-bf6c-cac64abc18c9 - - - - -] cinder.keyfile = None log_opt_values /usr/lib/python3/dist-packages/oslo_config/cfg.py:2609
2025-05-12 00:31:53.260 129849 DEBUG oslo_service.service [req-2457f815-25c7-4cda-bf6c-cac64abc18c9 - - - - -] cinder.os_region_name = None log_opt_values /usr/lib/python3/dist-packages/oslo_config/cfg.py:2609
2025-05-12 00:31:53.260 129849 DEBUG oslo_service.service [req-2457f815-25c7-4cda-bf6c-cac64abc18c9 - - - - -] cinder.split_loggers = False log_opt_values /usr/lib/python3/dist-packages/oslo_config/cfg.py:2609
2025-05-12 00:31:53.260 129849 DEBUG oslo_service.service [req-2457f815-25c7-4cda-bf6c-cac64abc18c9 - - - - -] cinder.timeout = None log_opt_values /usr/lib/python3/dist-packages/oslo_config/cfg.py:2609
2025-05-12 00:31:53.260 130166 DEBUG oslo_messaging._drivers.amqpdriver [-] AMQPListener connection timeout poll /usr/lib/python3/dist-packages/oslo_messaging/_drivers/amqpdriver.py:360
2025-05-12 00:31:53.260 129849 DEBUG oslo_service.service [req-2457f815-25c7-4cda-bf6c-cac64abc18c9 - - - - -] compute.consecutive_build_service_disable_threshold = 10 log_opt_values /usr/lib/python3/dist-packages/oslo_config/cfg.py:2609
2025-05-12 00:31:53.260 130166 DEBUG oslo_messaging._drivers.amqpdriver [-] Listener is running poll /usr/lib/python3/dist-packages/oslo_messaging/_drivers/amqpdriver.py:343
2025-05-12 00:31:53.260 129849 DEBUG oslo_service.service [req-2457f815-25c7-4cda-bf6c-cac64abc18c9 - - - - -] compute.cpu_dedicated_set = None log_opt_values /usr/lib/python3/dist-packages/oslo_config/cfg.py:2609
2025-05-12 00:31:53.260 130166 DEBUG oslo_messaging._drivers.amqpdriver [-] AMQPListener connection consume poll /usr/lib/python3/dist-packages/oslo_messaging/_drivers/amqpdriver.py:357
2025-05-12 00:31:53.260 129849 DEBUG oslo_service.service [req-2457f815-25c7-4cda-bf6c-cac64abc18c9 - - - - -] compute.cpu_shared_set = None log_opt_values /usr/lib/python3/dist-packages/oslo_config/cfg.py:2609
2025-05-12 00:31:53.261 129849 DEBUG oslo_service.service [req-2457f815-25c7-4cda-bf6c-cac64abc18c9 - - - - -] compute.image_type_exclude_list = [] log_opt_values /usr/lib/python3/dist-packages/oslo_config/cfg.py:2609
2025-05-12 00:31:53.261 129849 DEBUG oslo_service.service [req-2457f815-25c7-4cda-bf6c-cac64abc18c9 - - - - -] compute.live_migration_wait_for_vif_plug = True log_opt_values /usr/lib/python3/dist-packages/oslo_config/cfg.py:2609
2025-05-12 00:31:53.261 129849 DEBUG oslo_service.service [req-2457f815-25c7-4cda-bf6c-cac64abc18c9 - - - - -] compute.max_concurrent_disk_ops = 0 log_opt_values /usr/lib/python3/dist-packages/oslo_config/cfg.py:2609
2025-05-12 00:31:53.261 129849 DEBUG oslo_service.service [req-2457f815-25c7-4cda-bf6c-cac64abc18c9 - - - - -] compute.max_disk_devices_to_attach = -1 log_opt_values /usr/lib/python3/dist-packages/oslo_config/cfg.py:2609
2025-05-12 00:31:53.261 129849 DEBUG oslo_service.service [req-2457f815-25c7-4cda-bf6c-cac64abc18c9 - - - - -] compute.packing_host_numa_cells_allocation_strategy = True log_opt_values /usr/lib/python3/dist-packages/oslo_config/cfg.py:2609
2025-05-12 00:31:53.261 129849 DEBUG oslo_service.service [req-2457f815-25c7-4cda-bf6c-cac64abc18c9 - - - - -] compute.provider_config_location = /etc/nova/provider_config/ log_opt_values /usr/lib/python3/dist-packages/oslo_config/cfg.py:2609
2025-05-12 00:31:53.261 129849 DEBUG oslo_service.service [req-2457f815-25c7-4cda-bf6c-cac64abc18c9 - - - - -] compute.resource_provider_association_refresh = 300 log_opt_values /usr/lib/python3/dist-packages/oslo_config/cfg.py:2609
2025-05-12 00:31:53.262 129849 DEBUG oslo_service.service [req-2457f815-25c7-4cda-bf6c-cac64abc18c9 - - - - -] compute.shutdown_retry_interval = 10 log_opt_values /usr/lib/python3/dist-packages/oslo_config/cfg.py:2609
2025-05-12 00:31:53.262 129849 DEBUG oslo_service.service [req-2457f815-25c7-4cda-bf6c-cac64abc18c9 - - - - -] compute.vmdk_allowed_types = ['streamOptimized', 'monolithicSparse'] log_opt_values /usr/lib/python3/dist-packages/oslo_config/cfg.py:2609
2025-05-12 00:31:53.262 129849 DEBUG oslo_service.service [req-2457f815-25c7-4cda-bf6c-cac64abc18c9 - - - - -] conductor.workers = 4 log_opt_values /usr/lib/python3/dist-packages/oslo_config/cfg.py:2609
2025-05-12 00:31:53.262 129849 DEBUG oslo_service.service [req-2457f815-25c7-4cda-bf6c-cac64abc18c9 - - - - -] console.allowed_origins = [] log_opt_values /usr/lib/python3/dist-packages/oslo_config/cfg.py:2609
2025-05-12 00:31:53.262 129849 DEBUG oslo_service.service [req-2457f815-25c7-4cda-bf6c-cac64abc18c9 - - - - -] console.ssl_ciphers = None log_opt_values /usr/lib/python3/dist-packages/oslo_config/cfg.py:2609
2025-05-12 00:31:53.263 129849 DEBUG oslo_service.service [req-2457f815-25c7-4cda-bf6c-cac64abc18c9 - - - - -] console.ssl_minimum_version = default log_opt_values /usr/lib/python3/dist-packages/oslo_config/cfg.py:2609
2025-05-12 00:31:53.264 129849 DEBUG oslo_service.service [req-2457f815-25c7-4cda-bf6c-cac64abc18c9 - - - - -] consoleauth.token_ttl = 600 log_opt_values /usr/lib/python3/dist-packages/oslo_config/cfg.py:2609
2025-05-12 00:31:53.265 129849 DEBUG oslo_service.service [req-2457f815-25c7-4cda-bf6c-cac64abc18c9 - - - - -] cyborg.cafile = None log_opt_values /usr/lib/python3/dist-packages/oslo_config/cfg.py:2609
2025-05-12 00:31:53.265 129849 DEBUG oslo_service.service [req-2457f815-25c7-4cda-bf6c-cac64abc18c9 - - - - -] cyborg.certfile = None log_opt_values /usr/lib/python3/dist-packages/oslo_config/cfg.py:2609
2025-05-12 00:31:53.266 129849 DEBUG oslo_service.service [req-2457f815-25c7-4cda-bf6c-cac64abc18c9 - - - - -] cyborg.collect_timing = False log_opt_values /usr/lib/python3/dist-packages/oslo_config/cfg.py:2609
2025-05-12 00:31:53.266 129849 DEBUG oslo_service.service [req-2457f815-25c7-4cda-bf6c-cac64abc18c9 - - - - -] cyborg.connect_retries = None log_opt_values /usr/lib/python3/dist-packages/oslo_config/cfg.py:2609
2025-05-12 00:31:53.266 130168 DEBUG oslo_messaging._drivers.amqpdriver [-] Listener is running poll /usr/lib/python3/dist-packages/oslo_messaging/_drivers/amqpdriver.py:343
2025-05-12 00:31:53.266 130168 DEBUG oslo_messaging._drivers.amqpdriver [-] AMQPListener connection consume poll /usr/lib/python3/dist-packages/oslo_messaging/_drivers/amqpdriver.py:357
2025-05-12 00:31:53.266 130168 DEBUG nova.service [req-6d06a96c-b2b1-404e-9507-e1141ce43fad - - - - -] Join ServiceGroup membership for this service scheduler start /usr/lib/python3/dist-packages/nova/service.py:199
2025-05-12 00:31:53.266 129849 DEBUG oslo_service.service [req-2457f815-25c7-4cda-bf6c-cac64abc18c9 - - - - -] cyborg.connect_retry_delay = None log_opt_values /usr/lib/python3/dist-packages/oslo_config/cfg.py:2609
2025-05-12 00:31:53.267 130168 DEBUG nova.servicegroup.drivers.db [req-6d06a96c-b2b1-404e-9507-e1141ce43fad - - - - -] DB_Driver: join new ServiceGroup member juju-711bc3-0-lxd-7 to the scheduler group, service = join /usr/lib/python3/dist-packages/nova/servicegroup/drivers/db.py:44
2025-05-12 00:31:53.267 129849 DEBUG oslo_service.service [req-2457f815-25c7-4cda-bf6c-cac64abc18c9 - - - - -] cyborg.endpoint_override = None log_opt_values /usr/lib/python3/dist-packages/oslo_config/cfg.py:2609
2025-05-12 00:31:53.267 129849 DEBUG oslo_service.service [req-2457f815-25c7-4cda-bf6c-cac64abc18c9 - - - - -] cyborg.insecure = False log_opt_values /usr/lib/python3/dist-packages/oslo_config/cfg.py:2609
2025-05-12 00:31:53.268 129849 DEBUG oslo_service.service [req-2457f815-25c7-4cda-bf6c-cac64abc18c9 - - - - -] cyborg.keyfile = None log_opt_values /usr/lib/python3/dist-packages/oslo_config/cfg.py:2609
2025-05-12 00:31:53.268 130166 DEBUG oslo_concurrency.lockutils [req-f6abbdaf-39ea-4531-aa96-f1aa175b6d68 - - - - -] Lock "285eaf89-d88c-4692-8545-b1bfabba60c9" acquired by "nova.context.set_target_cell..get_or_set_cached_cell_and_set_connections" :: waited 0.000s inner /usr/lib/python3/dist-packages/oslo_concurrency/lockutils.py:386
2025-05-12 00:31:53.268 129849 DEBUG oslo_service.service [req-2457f815-25c7-4cda-bf6c-cac64abc18c9 - - - - -] cyborg.max_version = None log_opt_values /usr/lib/python3/dist-packages/oslo_config/cfg.py:2609
2025-05-12 00:31:53.269 130168 DEBUG oslo_messaging._drivers.amqpdriver [-] AMQPListener connection timeout poll /usr/lib/python3/dist-packages/oslo_messaging/_drivers/amqpdriver.py:360
2025-05-12 00:31:53.269 130168 DEBUG oslo_messaging._drivers.amqpdriver [-] Listener is running poll /usr/lib/python3/dist-packages/oslo_messaging/_drivers/amqpdriver.py:343
2025-05-12 00:31:53.269 130168 DEBUG oslo_messaging._drivers.amqpdriver [-] AMQPListener connection consume poll /usr/lib/python3/dist-packages/oslo_messaging/_drivers/amqpdriver.py:357
2025-05-12 00:31:53.269 130166 DEBUG oslo_concurrency.lockutils [req-f6abbdaf-39ea-4531-aa96-f1aa175b6d68 - - - - -] Lock "285eaf89-d88c-4692-8545-b1bfabba60c9" "released" by "nova.context.set_target_cell..get_or_set_cached_cell_and_set_connections" :: held 0.001s inner /usr/lib/python3/dist-packages/oslo_concurrency/lockutils.py:400
2025-05-12 00:31:53.268 129849 DEBUG oslo_service.service [req-2457f815-25c7-4cda-bf6c-cac64abc18c9 - - - - -] cyborg.min_version = None log_opt_values /usr/lib/python3/dist-packages/oslo_config/cfg.py:2609
2025-05-12 00:31:53.270 129849 DEBUG oslo_service.service [req-2457f815-25c7-4cda-bf6c-cac64abc18c9 - - - - -] cyborg.region_name = None log_opt_values /usr/lib/python3/dist-packages/oslo_config/cfg.py:2609
2025-05-12 00:31:53.270 129849 DEBUG oslo_service.service [req-2457f815-25c7-4cda-bf6c-cac64abc18c9 - - - - -] cyborg.service_name = None log_opt_values /usr/lib/python3/dist-packages/oslo_config/cfg.py:2609
2025-05-12 00:31:53.270 129849 DEBUG oslo_service.service [req-2457f815-25c7-4cda-bf6c-cac64abc18c9 - - - - -] cyborg.service_type = accelerator log_opt_values /usr/lib/python3/dist-packages/oslo_config/cfg.py:2609
2025-05-12 00:31:53.271 129849 DEBUG oslo_service.service [req-2457f815-25c7-4cda-bf6c-cac64abc18c9 - - - - -] cyborg.split_loggers = False log_opt_values /usr/lib/python3/dist-packages/oslo_config/cfg.py:2609
2025-05-12 00:31:53.271 129849 DEBUG oslo_service.service [req-2457f815-25c7-4cda-bf6c-cac64abc18c9 - - - - -] cyborg.status_code_retries = None log_opt_values /usr/lib/python3/dist-packages/oslo_config/cfg.py:2609
2025-05-12 00:31:53.272 129849 DEBUG oslo_service.service [req-2457f815-25c7-4cda-bf6c-cac64abc18c9 - - - - -] cyborg.status_code_retry_delay = None log_opt_values /usr/lib/python3/dist-packages/oslo_config/cfg.py:2609
2025-05-12 00:31:53.272 129849 DEBUG oslo_service.service [req-2457f815-25c7-4cda-bf6c-cac64abc18c9 - - - - -] cyborg.timeout = None log_opt_values /usr/lib/python3/dist-packages/oslo_config/cfg.py:2609
2025-05-12 00:31:53.272 129849 DEBUG oslo_service.service [req-2457f815-25c7-4cda-bf6c-cac64abc18c9 - - - - -] cyborg.valid_interfaces = ['internal', 'public'] log_opt_values /usr/lib/python3/dist-packages/oslo_config/cfg.py:2609
2025-05-12 00:31:53.272 129849 DEBUG oslo_service.service [req-2457f815-25c7-4cda-bf6c-cac64abc18c9 - - - - -] cyborg.version = None log_opt_values /usr/lib/python3/dist-packages/oslo_config/cfg.py:2609
2025-05-12 00:31:53.272 130167 DEBUG oslo_messaging._drivers.amqpdriver [-] Listener is running poll /usr/lib/python3/dist-packages/oslo_messaging/_drivers/amqpdriver.py:343
2025-05-12 00:31:53.273 129849 DEBUG oslo_service.service [req-2457f815-25c7-4cda-bf6c-cac64abc18c9 - - - - -] database.backend = sqlalchemy log_opt_values /usr/lib/python3/dist-packages/oslo_config/cfg.py:2609
2025-05-12 00:31:53.273 130167 DEBUG oslo_messaging._drivers.amqpdriver [-] AMQPListener connection consume poll /usr/lib/python3/dist-packages/oslo_messaging/_drivers/amqpdriver.py:357
2025-05-12 00:31:53.273 129849 DEBUG oslo_service.service [req-2457f815-25c7-4cda-bf6c-cac64abc18c9 - - - - -] database.connection = **** log_opt_values /usr/lib/python3/dist-packages/oslo_config/cfg.py:2609
2025-05-12 00:31:53.273 129849 DEBUG oslo_service.service [req-2457f815-25c7-4cda-bf6c-cac64abc18c9 - - - - -] database.connection_debug = 0 log_opt_values /usr/lib/python3/dist-packages/oslo_config/cfg.py:2609
2025-05-12 00:31:53.273 130167 DEBUG nova.service [req-5aef61d1-b2d3-44df-8a14-05725e38830f - - - - -] Join ServiceGroup membership for this service scheduler start /usr/lib/python3/dist-packages/nova/service.py:199
2025-05-12 00:31:53.273 129849 DEBUG oslo_service.service [req-2457f815-25c7-4cda-bf6c-cac64abc18c9 - - - - -] database.connection_parameters = log_opt_values /usr/lib/python3/dist-packages/oslo_config/cfg.py:2609
2025-05-12 00:31:53.273 130167 DEBUG nova.servicegroup.drivers.db [req-5aef61d1-b2d3-44df-8a14-05725e38830f - - - - -] DB_Driver: join new ServiceGroup member juju-711bc3-0-lxd-7 to the scheduler group, service = join /usr/lib/python3/dist-packages/nova/servicegroup/drivers/db.py:44
2025-05-12 00:31:53.274 129849 DEBUG oslo_service.service [req-2457f815-25c7-4cda-bf6c-cac64abc18c9 - - - - -] database.connection_recycle_time = 3600 log_opt_values /usr/lib/python3/dist-packages/oslo_config/cfg.py:2609
2025-05-12 00:31:53.274 129849 DEBUG oslo_service.service [req-2457f815-25c7-4cda-bf6c-cac64abc18c9 - - - - -] database.connection_trace = False log_opt_values /usr/lib/python3/dist-packages/oslo_config/cfg.py:2609
2025-05-12 00:31:53.274 130166 DEBUG oslo_db.sqlalchemy.engines [req-f6abbdaf-39ea-4531-aa96-f1aa175b6d68 - - - - -] MySQL server mode set to STRICT_TRANS_TABLES,STRICT_ALL_TABLES,NO_ZERO_IN_DATE,NO_ZERO_DATE,ERROR_FOR_DIVISION_BY_ZERO,TRADITIONAL,NO_ENGINE_SUBSTITUTION _check_effective_sql_mode /usr/lib/python3/dist-packages/oslo_db/sqlalchemy/engines.py:314
2025-05-12 00:31:53.274 129849 DEBUG oslo_service.service [req-2457f815-25c7-4cda-bf6c-cac64abc18c9 - - - - -] database.db_inc_retry_interval = True log_opt_values /usr/lib/python3/dist-packages/oslo_config/cfg.py:2609
2025-05-12 00:31:53.275 129849 DEBUG oslo_service.service [req-2457f815-25c7-4cda-bf6c-cac64abc18c9 - - - - -] database.db_max_retries = 20 log_opt_values /usr/lib/python3/dist-packages/oslo_config/cfg.py:2609
2025-05-12 00:31:53.275 129849 DEBUG oslo_service.service [req-2457f815-25c7-4cda-bf6c-cac64abc18c9 - - - - -] database.db_max_retry_interval = 10 log_opt_values /usr/lib/python3/dist-packages/oslo_config/cfg.py:2609
2025-05-12 00:31:53.275 129849 DEBUG oslo_service.service [req-2457f815-25c7-4cda-bf6c-cac64abc18c9 - - - - -] database.db_retry_interval = 1 log_opt_values /usr/lib/python3/dist-packages/oslo_config/cfg.py:2609
2025-05-12 00:31:53.275 129849 DEBUG oslo_service.service [req-2457f815-25c7-4cda-bf6c-cac64abc18c9 - - - - -] database.max_overflow = 50 log_opt_values /usr/lib/python3/dist-packages/oslo_config/cfg.py:2609
2025-05-12 00:31:53.275 129849 DEBUG oslo_service.service [req-2457f815-25c7-4cda-bf6c-cac64abc18c9 - - - - -] database.max_pool_size = 4 log_opt_values /usr/lib/python3/dist-packages/oslo_config/cfg.py:2609
2025-05-12 00:31:53.275 129849 DEBUG oslo_service.service [req-2457f815-25c7-4cda-bf6c-cac64abc18c9 - - - - -] database.max_retries = 10 log_opt_values /usr/lib/python3/dist-packages/oslo_config/cfg.py:2609
2025-05-12 00:31:53.276 129849 DEBUG oslo_service.service [req-2457f815-25c7-4cda-bf6c-cac64abc18c9 - - - - -] database.mysql_enable_ndb = False log_opt_values /usr/lib/python3/dist-packages/oslo_config/cfg.py:2609
2025-05-12 00:31:53.276 129849 DEBUG oslo_service.service [req-2457f815-25c7-4cda-bf6c-cac64abc18c9 - - - - -] database.mysql_sql_mode = TRADITIONAL log_opt_values /usr/lib/python3/dist-packages/oslo_config/cfg.py:2609
2025-05-12 00:31:53.276 129849 DEBUG oslo_service.service [req-2457f815-25c7-4cda-bf6c-cac64abc18c9 - - - - -] database.pool_timeout = None log_opt_values /usr/lib/python3/dist-packages/oslo_config/cfg.py:2609
2025-05-12 00:31:53.276 130167 DEBUG oslo_messaging._drivers.amqpdriver [-] AMQPListener connection timeout poll /usr/lib/python3/dist-packages/oslo_messaging/_drivers/amqpdriver.py:360
2025-05-12 00:31:53.276 129849 DEBUG oslo_service.service [req-2457f815-25c7-4cda-bf6c-cac64abc18c9 - - - - -] database.retry_interval = 10 log_opt_values /usr/lib/python3/dist-packages/oslo_config/cfg.py:2609
2025-05-12 00:31:53.276 130167 DEBUG oslo_messaging._drivers.amqpdriver [-] Listener is running poll /usr/lib/python3/dist-packages/oslo_messaging/_drivers/amqpdriver.py:343
2025-05-12 00:31:53.276 130167 DEBUG oslo_messaging._drivers.amqpdriver [-] AMQPListener connection consume poll /usr/lib/python3/dist-packages/oslo_messaging/_drivers/amqpdriver.py:357
2025-05-12 00:31:53.276 129849 DEBUG oslo_service.service [req-2457f815-25c7-4cda-bf6c-cac64abc18c9 - - - - -] database.slave_connection = **** log_opt_values /usr/lib/python3/dist-packages/oslo_config/cfg.py:2609
2025-05-12 00:31:53.276 129849 DEBUG oslo_service.service [req-2457f815-25c7-4cda-bf6c-cac64abc18c9 - - - - -] database.sqlite_synchronous = True log_opt_values /usr/lib/python3/dist-packages/oslo_config/cfg.py:2609
2025-05-12 00:31:53.276 129849 DEBUG oslo_service.service [req-2457f815-25c7-4cda-bf6c-cac64abc18c9 - - - - -] database.use_db_reconnect = False log_opt_values /usr/lib/python3/dist-packages/oslo_config/cfg.py:2609
2025-05-12 00:31:53.277 129849 DEBUG oslo_service.service [req-2457f815-25c7-4cda-bf6c-cac64abc18c9 - - - - -] api_database.backend = sqlalchemy log_opt_values /usr/lib/python3/dist-packages/oslo_config/cfg.py:2609
2025-05-12 00:31:53.277 129849 DEBUG oslo_service.service [req-2457f815-25c7-4cda-bf6c-cac64abc18c9 - - - - -] api_database.connection = **** log_opt_values /usr/lib/python3/dist-packages/oslo_config/cfg.py:2609
2025-05-12 00:31:53.277 129849 DEBUG oslo_service.service [req-2457f815-25c7-4cda-bf6c-cac64abc18c9 - - - - -] api_database.connection_debug = 0 log_opt_values /usr/lib/python3/dist-packages/oslo_config/cfg.py:2609
2025-05-12 00:31:53.277 129849 DEBUG oslo_service.service [req-2457f815-25c7-4cda-bf6c-cac64abc18c9 - - - - -] api_database.connection_parameters = log_opt_values /usr/lib/python3/dist-packages/oslo_config/cfg.py:2609
2025-05-12 00:31:53.277 129849 DEBUG oslo_service.service [req-2457f815-25c7-4cda-bf6c-cac64abc18c9 - - - - -] api_database.connection_recycle_time = 3600 log_opt_values /usr/lib/python3/dist-packages/oslo_config/cfg.py:2609
2025-05-12 00:31:53.278 129849 DEBUG oslo_service.service [req-2457f815-25c7-4cda-bf6c-cac64abc18c9 - - - - -] api_database.connection_trace = False log_opt_values /usr/lib/python3/dist-packages/oslo_config/cfg.py:2609
2025-05-12 00:31:53.278 129849 DEBUG oslo_service.service [req-2457f815-25c7-4cda-bf6c-cac64abc18c9 - - - - -] api_database.db_inc_retry_interval = True log_opt_values /usr/lib/python3/dist-packages/oslo_config/cfg.py:2609
2025-05-12 00:31:53.278 129849 DEBUG oslo_service.service [req-2457f815-25c7-4cda-bf6c-cac64abc18c9 - - - - -] api_database.db_max_retries = 20 log_opt_values /usr/lib/python3/dist-packages/oslo_config/cfg.py:2609
2025-05-12 00:31:53.278 129849 DEBUG oslo_service.service [req-2457f815-25c7-4cda-bf6c-cac64abc18c9 - - - - -] api_database.db_max_retry_interval = 10 log_opt_values /usr/lib/python3/dist-packages/oslo_config/cfg.py:2609
2025-05-12 00:31:53.278 129849 DEBUG oslo_service.service [req-2457f815-25c7-4cda-bf6c-cac64abc18c9 - - - - -] api_database.db_retry_interval = 1 log_opt_values /usr/lib/python3/dist-packages/oslo_config/cfg.py:2609
2025-05-12 00:31:53.278 129849 DEBUG oslo_service.service [req-2457f815-25c7-4cda-bf6c-cac64abc18c9 - - - - -] api_database.max_overflow = 50 log_opt_values /usr/lib/python3/dist-packages/oslo_config/cfg.py:2609
2025-05-12 00:31:53.279 129849 DEBUG oslo_service.service [req-2457f815-25c7-4cda-bf6c-cac64abc18c9 - - - - -] api_database.max_pool_size = 4 log_opt_values /usr/lib/python3/dist-packages/oslo_config/cfg.py:2609
2025-05-12 00:31:53.279 129849 DEBUG oslo_service.service [req-2457f815-25c7-4cda-bf6c-cac64abc18c9 - - - - -] api_database.max_retries = 10 log_opt_values /usr/lib/python3/dist-packages/oslo_config/cfg.py:2609
2025-05-12 00:31:53.279 129849 DEBUG oslo_service.service [req-2457f815-25c7-4cda-bf6c-cac64abc18c9 - - - - -] api_database.mysql_enable_ndb = False log_opt_values /usr/lib/python3/dist-packages/oslo_config/cfg.py:2609
2025-05-12 00:31:53.279 129849 DEBUG oslo_service.service [req-2457f815-25c7-4cda-bf6c-cac64abc18c9 - - - - -] api_database.mysql_sql_mode = TRADITIONAL log_opt_values /usr/lib/python3/dist-packages/oslo_config/cfg.py:2609
2025-05-12 00:31:53.279 129849 DEBUG oslo_service.service [req-2457f815-25c7-4cda-bf6c-cac64abc18c9 - - - - -] api_database.pool_timeout = None log_opt_values /usr/lib/python3/dist-packages/oslo_config/cfg.py:2609
2025-05-12 00:31:53.279 129849 DEBUG oslo_service.service [req-2457f815-25c7-4cda-bf6c-cac64abc18c9 - - - - -] api_database.retry_interval = 10 log_opt_values /usr/lib/python3/dist-packages/oslo_config/cfg.py:2609
2025-05-12 00:31:53.280 129849 DEBUG oslo_service.service [req-2457f815-25c7-4cda-bf6c-cac64abc18c9 - - - - -] api_database.slave_connection = **** log_opt_values /usr/lib/python3/dist-packages/oslo_config/cfg.py:2609
2025-05-12 00:31:53.280 129849 DEBUG oslo_service.service [req-2457f815-25c7-4cda-bf6c-cac64abc18c9 - - - - -] api_database.sqlite_synchronous = True log_opt_values /usr/lib/python3/dist-packages/oslo_config/cfg.py:2609
2025-05-12 00:31:53.280 129849 DEBUG oslo_service.service [req-2457f815-25c7-4cda-bf6c-cac64abc18c9 - - - - -] devices.enabled_mdev_types = [] log_opt_values /usr/lib/python3/dist-packages/oslo_config/cfg.py:2609
2025-05-12 00:31:53.280 129849 DEBUG oslo_service.service [req-2457f815-25c7-4cda-bf6c-cac64abc18c9 - - - - -] ephemeral_storage_encryption.cipher = aes-xts-plain64 log_opt_values /usr/lib/python3/dist-packages/oslo_config/cfg.py:2609
2025-05-12 00:31:53.280 129849 DEBUG oslo_service.service [req-2457f815-25c7-4cda-bf6c-cac64abc18c9 - - - - -] ephemeral_storage_encryption.enabled = False log_opt_values /usr/lib/python3/dist-packages/oslo_config/cfg.py:2609
2025-05-12 00:31:53.280 129849 DEBUG oslo_service.service [req-2457f815-25c7-4cda-bf6c-cac64abc18c9 - - - - -] ephemeral_storage_encryption.key_size = 512 log_opt_values /usr/lib/python3/dist-packages/oslo_config/cfg.py:2609
2025-05-12 00:31:53.281 129849 WARNING oslo_config.cfg [req-2457f815-25c7-4cda-bf6c-cac64abc18c9 - - - - -] Deprecated: Option "api_servers" from group "glance" is deprecated for removal ( Support for image service configuration via standard keystoneauth1 Adapter options was added in the 17.0.0 Queens release. The api_servers option was retained temporarily to allow consumers time to cut over to a real load balancing solution. ). Its value may be silently ignored in the future.
2025-05-12 00:31:53.281 129849 DEBUG oslo_service.service [req-2457f815-25c7-4cda-bf6c-cac64abc18c9 - - - - -] glance.api_servers = ['http://252.33.228.166:9292'] log_opt_values /usr/lib/python3/dist-packages/oslo_config/cfg.py:2609
2025-05-12 00:31:53.281 129849 DEBUG oslo_service.service [req-2457f815-25c7-4cda-bf6c-cac64abc18c9 - - - - -] glance.cafile = None log_opt_values /usr/lib/python3/dist-packages/oslo_config/cfg.py:2609
2025-05-12 00:31:53.281 129849 DEBUG oslo_service.service [req-2457f815-25c7-4cda-bf6c-cac64abc18c9 - - - - -] glance.certfile = None log_opt_values /usr/lib/python3/dist-packages/oslo_config/cfg.py:2609
2025-05-12 00:31:53.281 129849 DEBUG oslo_service.service [req-2457f815-25c7-4cda-bf6c-cac64abc18c9 - - - - -] glance.collect_timing = False log_opt_values /usr/lib/python3/dist-packages/oslo_config/cfg.py:2609
2025-05-12 00:31:53.282 129849 DEBUG oslo_service.service [req-2457f815-25c7-4cda-bf6c-cac64abc18c9 - - - - -] glance.connect_retries = None log_opt_values /usr/lib/python3/dist-packages/oslo_config/cfg.py:2609
2025-05-12 00:31:53.282 129849 DEBUG oslo_service.service [req-2457f815-25c7-4cda-bf6c-cac64abc18c9 - - - - -] glance.connect_retry_delay = None log_opt_values /usr/lib/python3/dist-packages/oslo_config/cfg.py:2609
2025-05-12 00:31:53.282 129849 DEBUG oslo_service.service [req-2457f815-25c7-4cda-bf6c-cac64abc18c9 - - - - -] glance.debug = False log_opt_values /usr/lib/python3/dist-packages/oslo_config/cfg.py:2609
2025-05-12 00:31:53.282 129849 DEBUG oslo_service.service [req-2457f815-25c7-4cda-bf6c-cac64abc18c9 - - - - -] glance.default_trusted_certificate_ids = [] log_opt_values /usr/lib/python3/dist-packages/oslo_config/cfg.py:2609
2025-05-12 00:31:53.282 129849 DEBUG oslo_service.service [req-2457f815-25c7-4cda-bf6c-cac64abc18c9 - - - - -] glance.enable_certificate_validation = False log_opt_values /usr/lib/python3/dist-packages/oslo_config/cfg.py:2609
2025-05-12 00:31:53.282 129849 DEBUG oslo_service.service [req-2457f815-25c7-4cda-bf6c-cac64abc18c9 - - - - -] glance.enable_rbd_download = False log_opt_values /usr/lib/python3/dist-packages/oslo_config/cfg.py:2609
2025-05-12 00:31:53.282 129849 DEBUG oslo_service.service [req-2457f815-25c7-4cda-bf6c-cac64abc18c9 - - - - -] glance.endpoint_override = None log_opt_values /usr/lib/python3/dist-packages/oslo_config/cfg.py:2609
2025-05-12 00:31:53.283 129849 DEBUG oslo_service.service [req-2457f815-25c7-4cda-bf6c-cac64abc18c9 - - - - -] glance.insecure = False log_opt_values /usr/lib/python3/dist-packages/oslo_config/cfg.py:2609
2025-05-12 00:31:53.283 129849 DEBUG oslo_service.service [req-2457f815-25c7-4cda-bf6c-cac64abc18c9 - - - - -] glance.keyfile = None log_opt_values /usr/lib/python3/dist-packages/oslo_config/cfg.py:2609
2025-05-12 00:31:53.283 129849 DEBUG oslo_service.service [req-2457f815-25c7-4cda-bf6c-cac64abc18c9 - - - - -] glance.max_version = None log_opt_values /usr/lib/python3/dist-packages/oslo_config/cfg.py:2609
2025-05-12 00:31:53.283 129849 DEBUG oslo_service.service [req-2457f815-25c7-4cda-bf6c-cac64abc18c9 - - - - -] glance.min_version = None log_opt_values /usr/lib/python3/dist-packages/oslo_config/cfg.py:2609
2025-05-12 00:31:53.283 129849 DEBUG oslo_service.service [req-2457f815-25c7-4cda-bf6c-cac64abc18c9 - - - - -] glance.num_retries = 3 log_opt_values /usr/lib/python3/dist-packages/oslo_config/cfg.py:2609
2025-05-12 00:31:53.283 129849 DEBUG oslo_service.service [req-2457f815-25c7-4cda-bf6c-cac64abc18c9 - - - - -] glance.rbd_ceph_conf = log_opt_values /usr/lib/python3/dist-packages/oslo_config/cfg.py:2609
2025-05-12 00:31:53.284 129849 DEBUG oslo_service.service [req-2457f815-25c7-4cda-bf6c-cac64abc18c9 - - - - -] glance.rbd_connect_timeout = 5 log_opt_values /usr/lib/python3/dist-packages/oslo_config/cfg.py:2609
2025-05-12 00:31:53.284 129849 DEBUG oslo_service.service [req-2457f815-25c7-4cda-bf6c-cac64abc18c9 - - - - -] glance.rbd_pool = log_opt_values /usr/lib/python3/dist-packages/oslo_config/cfg.py:2609
2025-05-12 00:31:53.284 129849 DEBUG oslo_service.service [req-2457f815-25c7-4cda-bf6c-cac64abc18c9 - - - - -] glance.rbd_user = log_opt_values /usr/lib/python3/dist-packages/oslo_config/cfg.py:2609
2025-05-12 00:31:53.284 129849 DEBUG oslo_service.service [req-2457f815-25c7-4cda-bf6c-cac64abc18c9 - - - - -] glance.region_name = None log_opt_values /usr/lib/python3/dist-packages/oslo_config/cfg.py:2609
2025-05-12 00:31:53.284 129849 DEBUG oslo_service.service [req-2457f815-25c7-4cda-bf6c-cac64abc18c9 - - - - -] glance.service_name = None log_opt_values /usr/lib/python3/dist-packages/oslo_config/cfg.py:2609
2025-05-12 00:31:53.284 129849 DEBUG oslo_service.service [req-2457f815-25c7-4cda-bf6c-cac64abc18c9 - - - - -] glance.service_type = image log_opt_values /usr/lib/python3/dist-packages/oslo_config/cfg.py:2609
2025-05-12 00:31:53.285 129849 DEBUG oslo_service.service [req-2457f815-25c7-4cda-bf6c-cac64abc18c9 - - - - -] glance.split_loggers = False log_opt_values /usr/lib/python3/dist-packages/oslo_config/cfg.py:2609
2025-05-12 00:31:53.285 129849 DEBUG oslo_service.service [req-2457f815-25c7-4cda-bf6c-cac64abc18c9 - - - - -] glance.status_code_retries = None log_opt_values /usr/lib/python3/dist-packages/oslo_config/cfg.py:2609
2025-05-12 00:31:53.285 129849 DEBUG oslo_service.service [req-2457f815-25c7-4cda-bf6c-cac64abc18c9 - - - - -] glance.status_code_retry_delay = None log_opt_values /usr/lib/python3/dist-packages/oslo_config/cfg.py:2609
2025-05-12 00:31:53.285 129849 DEBUG oslo_service.service [req-2457f815-25c7-4cda-bf6c-cac64abc18c9 - - - - -] glance.timeout = None log_opt_values /usr/lib/python3/dist-packages/oslo_config/cfg.py:2609
2025-05-12 00:31:53.285 129849 DEBUG oslo_service.service [req-2457f815-25c7-4cda-bf6c-cac64abc18c9 - - - - -] glance.valid_interfaces = ['internal', 'public'] log_opt_values /usr/lib/python3/dist-packages/oslo_config/cfg.py:2609
