2025-05-12 00:33:51.852 157308 DEBUG oslo_service.service [req-f93e6ff6-362f-4b95-ba16-a5c8e6fb8de5 - - - - -] api.vendordata_dynamic_read_timeout = 5 log_opt_values /usr/lib/python3/dist-packages/oslo_config/cfg.py:2609
2025-05-12 00:33:51.852 157308 DEBUG oslo_service.service [req-f93e6ff6-362f-4b95-ba16-a5c8e6fb8de5 - - - - -] api.vendordata_dynamic_ssl_certfile = log_opt_values /usr/lib/python3/dist-packages/oslo_config/cfg.py:2609
2025-05-12 00:33:51.852 157308 DEBUG oslo_service.service [req-f93e6ff6-362f-4b95-ba16-a5c8e6fb8de5 - - - - -] api.vendordata_dynamic_targets = [] log_opt_values /usr/lib/python3/dist-packages/oslo_config/cfg.py:2609
2025-05-12 00:33:51.853 157308 DEBUG oslo_service.service [req-f93e6ff6-362f-4b95-ba16-a5c8e6fb8de5 - - - - -] api.vendordata_jsonfile_path = None log_opt_values /usr/lib/python3/dist-packages/oslo_config/cfg.py:2609
2025-05-12 00:33:51.853 157308 DEBUG oslo_service.service [req-f93e6ff6-362f-4b95-ba16-a5c8e6fb8de5 - - - - -] api.vendordata_providers = ['StaticJSON'] log_opt_values /usr/lib/python3/dist-packages/oslo_config/cfg.py:2609
2025-05-12 00:33:51.853 157308 DEBUG oslo_service.service [req-f93e6ff6-362f-4b95-ba16-a5c8e6fb8de5 - - - - -] cache.backend = dogpile.cache.null log_opt_values /usr/lib/python3/dist-packages/oslo_config/cfg.py:2609
2025-05-12 00:33:51.853 157308 DEBUG oslo_service.service [req-f93e6ff6-362f-4b95-ba16-a5c8e6fb8de5 - - - - -] cache.backend_argument = **** log_opt_values /usr/lib/python3/dist-packages/oslo_config/cfg.py:2609
2025-05-12 00:33:51.853 157308 DEBUG oslo_service.service [req-f93e6ff6-362f-4b95-ba16-a5c8e6fb8de5 - - - - -] cache.config_prefix = cache.oslo log_opt_values /usr/lib/python3/dist-packages/oslo_config/cfg.py:2609
2025-05-12 00:33:51.853 157308 DEBUG oslo_service.service [req-f93e6ff6-362f-4b95-ba16-a5c8e6fb8de5 - - - - -] cache.debug_cache_backend = False log_opt_values /usr/lib/python3/dist-packages/oslo_config/cfg.py:2609
2025-05-12 00:33:51.854 157308 DEBUG oslo_service.service [req-f93e6ff6-362f-4b95-ba16-a5c8e6fb8de5 - - - - -] cache.enabled = False log_opt_values /usr/lib/python3/dist-packages/oslo_config/cfg.py:2609
2025-05-12 00:33:51.854 157308 DEBUG oslo_service.service [req-f93e6ff6-362f-4b95-ba16-a5c8e6fb8de5 - - - - -] cache.expiration_time = 600 log_opt_values /usr/lib/python3/dist-packages/oslo_config/cfg.py:2609
2025-05-12 00:33:51.854 157745 DEBUG oslo_messaging._drivers.amqpdriver [-] Listener is running poll /usr/lib/python3/dist-packages/oslo_messaging/_drivers/amqpdriver.py:343
2025-05-12 00:33:51.854 157308 DEBUG oslo_service.service [req-f93e6ff6-362f-4b95-ba16-a5c8e6fb8de5 - - - - -] cache.memcache_dead_retry = 300 log_opt_values /usr/lib/python3/dist-packages/oslo_config/cfg.py:2609
2025-05-12 00:33:51.854 157745 DEBUG oslo_messaging._drivers.amqpdriver [-] AMQPListener connection consume poll /usr/lib/python3/dist-packages/oslo_messaging/_drivers/amqpdriver.py:357
2025-05-12 00:33:51.854 157308 DEBUG oslo_service.service [req-f93e6ff6-362f-4b95-ba16-a5c8e6fb8de5 - - - - -] cache.memcache_pool_connection_get_timeout = 10 log_opt_values /usr/lib/python3/dist-packages/oslo_config/cfg.py:2609
2025-05-12 00:33:51.854 157308 DEBUG oslo_service.service [req-f93e6ff6-362f-4b95-ba16-a5c8e6fb8de5 - - - - -] cache.memcache_pool_flush_on_reconnect = False log_opt_values /usr/lib/python3/dist-packages/oslo_config/cfg.py:2609
2025-05-12 00:33:51.854 157308 DEBUG oslo_service.service [req-f93e6ff6-362f-4b95-ba16-a5c8e6fb8de5 - - - - -] cache.memcache_pool_maxsize = 10 log_opt_values /usr/lib/python3/dist-packages/oslo_config/cfg.py:2609
2025-05-12 00:33:51.855 157308 DEBUG oslo_service.service [req-f93e6ff6-362f-4b95-ba16-a5c8e6fb8de5 - - - - -] cache.memcache_pool_unused_timeout = 60 log_opt_values /usr/lib/python3/dist-packages/oslo_config/cfg.py:2609
2025-05-12 00:33:51.855 157745 DEBUG nova.service [req-4b83586f-f5f4-4a0a-88c3-1fa39e005a1b - - - - -] Join ServiceGroup membership for this service scheduler start /usr/lib/python3/dist-packages/nova/service.py:199
2025-05-12 00:33:51.855 157308 DEBUG oslo_service.service [req-f93e6ff6-362f-4b95-ba16-a5c8e6fb8de5 - - - - -] cache.memcache_servers = ['localhost:11211'] log_opt_values /usr/lib/python3/dist-packages/oslo_config/cfg.py:2609
2025-05-12 00:33:51.855 157308 DEBUG oslo_service.service [req-f93e6ff6-362f-4b95-ba16-a5c8e6fb8de5 - - - - -] cache.memcache_socket_timeout = 1.0 log_opt_values /usr/lib/python3/dist-packages/oslo_config/cfg.py:2609
2025-05-12 00:33:51.855 157745 DEBUG nova.servicegroup.drivers.db [req-4b83586f-f5f4-4a0a-88c3-1fa39e005a1b - - - - -] DB_Driver: join new ServiceGroup member juju-711bc3-0-lxd-7 to the scheduler group, service = join /usr/lib/python3/dist-packages/nova/servicegroup/drivers/db.py:44
2025-05-12 00:33:51.855 157308 DEBUG oslo_service.service [req-f93e6ff6-362f-4b95-ba16-a5c8e6fb8de5 - - - - -] cache.proxies = [] log_opt_values /usr/lib/python3/dist-packages/oslo_config/cfg.py:2609
2025-05-12 00:33:51.855 157308 DEBUG oslo_service.service [req-f93e6ff6-362f-4b95-ba16-a5c8e6fb8de5 - - - - -] cache.tls_allowed_ciphers = None log_opt_values /usr/lib/python3/dist-packages/oslo_config/cfg.py:2609
2025-05-12 00:33:51.855 157308 DEBUG oslo_service.service [req-f93e6ff6-362f-4b95-ba16-a5c8e6fb8de5 - - - - -] cache.tls_cafile = None log_opt_values /usr/lib/python3/dist-packages/oslo_config/cfg.py:2609
2025-05-12 00:33:51.856 157308 DEBUG oslo_service.service [req-f93e6ff6-362f-4b95-ba16-a5c8e6fb8de5 - - - - -] cache.tls_certfile = None log_opt_values /usr/lib/python3/dist-packages/oslo_config/cfg.py:2609
2025-05-12 00:33:51.856 157308 DEBUG oslo_service.service [req-f93e6ff6-362f-4b95-ba16-a5c8e6fb8de5 - - - - -] cache.tls_enabled = False log_opt_values /usr/lib/python3/dist-packages/oslo_config/cfg.py:2609
2025-05-12 00:33:51.856 157308 DEBUG oslo_service.service [req-f93e6ff6-362f-4b95-ba16-a5c8e6fb8de5 - - - - -] cache.tls_keyfile = None log_opt_values /usr/lib/python3/dist-packages/oslo_config/cfg.py:2609
2025-05-12 00:33:51.856 157308 DEBUG oslo_service.service [req-f93e6ff6-362f-4b95-ba16-a5c8e6fb8de5 - - - - -] cinder.auth_section = None log_opt_values /usr/lib/python3/dist-packages/oslo_config/cfg.py:2609
2025-05-12 00:33:51.856 157308 DEBUG oslo_service.service [req-f93e6ff6-362f-4b95-ba16-a5c8e6fb8de5 - - - - -] cinder.auth_type = None log_opt_values /usr/lib/python3/dist-packages/oslo_config/cfg.py:2609
2025-05-12 00:33:51.856 157308 DEBUG oslo_service.service [req-f93e6ff6-362f-4b95-ba16-a5c8e6fb8de5 - - - - -] cinder.cafile = None log_opt_values /usr/lib/python3/dist-packages/oslo_config/cfg.py:2609
2025-05-12 00:33:51.857 157308 DEBUG oslo_service.service [req-f93e6ff6-362f-4b95-ba16-a5c8e6fb8de5 - - - - -] cinder.catalog_info = volumev3::publicURL log_opt_values /usr/lib/python3/dist-packages/oslo_config/cfg.py:2609
2025-05-12 00:33:51.857 157308 DEBUG oslo_service.service [req-f93e6ff6-362f-4b95-ba16-a5c8e6fb8de5 - - - - -] cinder.certfile = None log_opt_values /usr/lib/python3/dist-packages/oslo_config/cfg.py:2609
2025-05-12 00:33:51.857 157308 DEBUG oslo_service.service [req-f93e6ff6-362f-4b95-ba16-a5c8e6fb8de5 - - - - -] cinder.collect_timing = False log_opt_values /usr/lib/python3/dist-packages/oslo_config/cfg.py:2609
2025-05-12 00:33:51.857 157308 DEBUG oslo_service.service [req-f93e6ff6-362f-4b95-ba16-a5c8e6fb8de5 - - - - -] cinder.cross_az_attach = True log_opt_values /usr/lib/python3/dist-packages/oslo_config/cfg.py:2609
2025-05-12 00:33:51.857 157308 DEBUG oslo_service.service [req-f93e6ff6-362f-4b95-ba16-a5c8e6fb8de5 - - - - -] cinder.debug = False log_opt_values /usr/lib/python3/dist-packages/oslo_config/cfg.py:2609
2025-05-12 00:33:51.857 157308 DEBUG oslo_service.service [req-f93e6ff6-362f-4b95-ba16-a5c8e6fb8de5 - - - - -] cinder.endpoint_template = None log_opt_values /usr/lib/python3/dist-packages/oslo_config/cfg.py:2609
2025-05-12 00:33:51.857 157745 DEBUG oslo_messaging._drivers.amqpdriver [-] AMQPListener connection timeout poll /usr/lib/python3/dist-packages/oslo_messaging/_drivers/amqpdriver.py:360
2025-05-12 00:33:51.858 157745 DEBUG oslo_messaging._drivers.amqpdriver [-] Listener is running poll /usr/lib/python3/dist-packages/oslo_messaging/_drivers/amqpdriver.py:343
2025-05-12 00:33:51.858 157308 DEBUG oslo_service.service [req-f93e6ff6-362f-4b95-ba16-a5c8e6fb8de5 - - - - -] cinder.http_retries = 3 log_opt_values /usr/lib/python3/dist-packages/oslo_config/cfg.py:2609
2025-05-12 00:33:51.858 157745 DEBUG oslo_messaging._drivers.amqpdriver [-] AMQPListener connection consume poll /usr/lib/python3/dist-packages/oslo_messaging/_drivers/amqpdriver.py:357
2025-05-12 00:33:51.858 157308 DEBUG oslo_service.service [req-f93e6ff6-362f-4b95-ba16-a5c8e6fb8de5 - - - - -] cinder.insecure = False log_opt_values /usr/lib/python3/dist-packages/oslo_config/cfg.py:2609
2025-05-12 00:33:51.858 157308 DEBUG oslo_service.service [req-f93e6ff6-362f-4b95-ba16-a5c8e6fb8de5 - - - - -] cinder.keyfile = None log_opt_values /usr/lib/python3/dist-packages/oslo_config/cfg.py:2609
2025-05-12 00:33:51.858 157308 DEBUG oslo_service.service [req-f93e6ff6-362f-4b95-ba16-a5c8e6fb8de5 - - - - -] cinder.os_region_name = None log_opt_values /usr/lib/python3/dist-packages/oslo_config/cfg.py:2609
2025-05-12 00:33:51.858 157308 DEBUG oslo_service.service [req-f93e6ff6-362f-4b95-ba16-a5c8e6fb8de5 - - - - -] cinder.split_loggers = False log_opt_values /usr/lib/python3/dist-packages/oslo_config/cfg.py:2609
2025-05-12 00:33:51.858 157308 DEBUG oslo_service.service [req-f93e6ff6-362f-4b95-ba16-a5c8e6fb8de5 - - - - -] cinder.timeout = None log_opt_values /usr/lib/python3/dist-packages/oslo_config/cfg.py:2609
2025-05-12 00:33:51.858 157308 DEBUG oslo_service.service [req-f93e6ff6-362f-4b95-ba16-a5c8e6fb8de5 - - - - -] compute.consecutive_build_service_disable_threshold = 10 log_opt_values /usr/lib/python3/dist-packages/oslo_config/cfg.py:2609
2025-05-12 00:33:51.859 157308 DEBUG oslo_service.service [req-f93e6ff6-362f-4b95-ba16-a5c8e6fb8de5 - - - - -] compute.cpu_dedicated_set = None log_opt_values /usr/lib/python3/dist-packages/oslo_config/cfg.py:2609
2025-05-12 00:33:51.859 157308 DEBUG oslo_service.service [req-f93e6ff6-362f-4b95-ba16-a5c8e6fb8de5 - - - - -] compute.cpu_shared_set = None log_opt_values /usr/lib/python3/dist-packages/oslo_config/cfg.py:2609
2025-05-12 00:33:51.859 157308 DEBUG oslo_service.service [req-f93e6ff6-362f-4b95-ba16-a5c8e6fb8de5 - - - - -] compute.image_type_exclude_list = [] log_opt_values /usr/lib/python3/dist-packages/oslo_config/cfg.py:2609
2025-05-12 00:33:51.859 157308 DEBUG oslo_service.service [req-f93e6ff6-362f-4b95-ba16-a5c8e6fb8de5 - - - - -] compute.live_migration_wait_for_vif_plug = True log_opt_values /usr/lib/python3/dist-packages/oslo_config/cfg.py:2609
2025-05-12 00:33:51.859 157308 DEBUG oslo_service.service [req-f93e6ff6-362f-4b95-ba16-a5c8e6fb8de5 - - - - -] compute.max_concurrent_disk_ops = 0 log_opt_values /usr/lib/python3/dist-packages/oslo_config/cfg.py:2609
2025-05-12 00:33:51.859 157308 DEBUG oslo_service.service [req-f93e6ff6-362f-4b95-ba16-a5c8e6fb8de5 - - - - -] compute.max_disk_devices_to_attach = -1 log_opt_values /usr/lib/python3/dist-packages/oslo_config/cfg.py:2609
2025-05-12 00:33:51.860 157308 DEBUG oslo_service.service [req-f93e6ff6-362f-4b95-ba16-a5c8e6fb8de5 - - - - -] compute.packing_host_numa_cells_allocation_strategy = True log_opt_values /usr/lib/python3/dist-packages/oslo_config/cfg.py:2609
2025-05-12 00:33:51.860 157308 DEBUG oslo_service.service [req-f93e6ff6-362f-4b95-ba16-a5c8e6fb8de5 - - - - -] compute.provider_config_location = /etc/nova/provider_config/ log_opt_values /usr/lib/python3/dist-packages/oslo_config/cfg.py:2609
2025-05-12 00:33:51.860 157308 DEBUG oslo_service.service [req-f93e6ff6-362f-4b95-ba16-a5c8e6fb8de5 - - - - -] compute.resource_provider_association_refresh = 300 log_opt_values /usr/lib/python3/dist-packages/oslo_config/cfg.py:2609
2025-05-12 00:33:51.860 157308 DEBUG oslo_service.service [req-f93e6ff6-362f-4b95-ba16-a5c8e6fb8de5 - - - - -] compute.shutdown_retry_interval = 10 log_opt_values /usr/lib/python3/dist-packages/oslo_config/cfg.py:2609
2025-05-12 00:33:51.860 157308 DEBUG oslo_service.service [req-f93e6ff6-362f-4b95-ba16-a5c8e6fb8de5 - - - - -] compute.vmdk_allowed_types = ['streamOptimized', 'monolithicSparse'] log_opt_values /usr/lib/python3/dist-packages/oslo_config/cfg.py:2609
2025-05-12 00:33:51.860 157308 DEBUG oslo_service.service [req-f93e6ff6-362f-4b95-ba16-a5c8e6fb8de5 - - - - -] conductor.workers = 4 log_opt_values /usr/lib/python3/dist-packages/oslo_config/cfg.py:2609
2025-05-12 00:33:51.860 157308 DEBUG oslo_service.service [req-f93e6ff6-362f-4b95-ba16-a5c8e6fb8de5 - - - - -] console.allowed_origins = [] log_opt_values /usr/lib/python3/dist-packages/oslo_config/cfg.py:2609
2025-05-12 00:33:51.861 157308 DEBUG oslo_service.service [req-f93e6ff6-362f-4b95-ba16-a5c8e6fb8de5 - - - - -] console.ssl_ciphers = None log_opt_values /usr/lib/python3/dist-packages/oslo_config/cfg.py:2609
2025-05-12 00:33:51.861 157308 DEBUG oslo_service.service [req-f93e6ff6-362f-4b95-ba16-a5c8e6fb8de5 - - - - -] console.ssl_minimum_version = default log_opt_values /usr/lib/python3/dist-packages/oslo_config/cfg.py:2609
2025-05-12 00:33:51.861 157308 DEBUG oslo_service.service [req-f93e6ff6-362f-4b95-ba16-a5c8e6fb8de5 - - - - -] consoleauth.token_ttl = 600 log_opt_values /usr/lib/python3/dist-packages/oslo_config/cfg.py:2609
2025-05-12 00:33:51.861 157308 DEBUG oslo_service.service [req-f93e6ff6-362f-4b95-ba16-a5c8e6fb8de5 - - - - -] cyborg.cafile = None log_opt_values /usr/lib/python3/dist-packages/oslo_config/cfg.py:2609
2025-05-12 00:33:51.861 157308 DEBUG oslo_service.service [req-f93e6ff6-362f-4b95-ba16-a5c8e6fb8de5 - - - - -] cyborg.certfile = None log_opt_values /usr/lib/python3/dist-packages/oslo_config/cfg.py:2609
2025-05-12 00:33:51.861 157308 DEBUG oslo_service.service [req-f93e6ff6-362f-4b95-ba16-a5c8e6fb8de5 - - - - -] cyborg.collect_timing = False log_opt_values /usr/lib/python3/dist-packages/oslo_config/cfg.py:2609
2025-05-12 00:33:51.862 157308 DEBUG oslo_service.service [req-f93e6ff6-362f-4b95-ba16-a5c8e6fb8de5 - - - - -] cyborg.connect_retries = None log_opt_values /usr/lib/python3/dist-packages/oslo_config/cfg.py:2609
2025-05-12 00:33:51.862 157308 DEBUG oslo_service.service [req-f93e6ff6-362f-4b95-ba16-a5c8e6fb8de5 - - - - -] cyborg.connect_retry_delay = None log_opt_values /usr/lib/python3/dist-packages/oslo_config/cfg.py:2609
2025-05-12 00:33:51.862 157308 DEBUG oslo_service.service [req-f93e6ff6-362f-4b95-ba16-a5c8e6fb8de5 - - - - -] cyborg.endpoint_override = None log_opt_values /usr/lib/python3/dist-packages/oslo_config/cfg.py:2609
2025-05-12 00:33:51.862 157308 DEBUG oslo_service.service [req-f93e6ff6-362f-4b95-ba16-a5c8e6fb8de5 - - - - -] cyborg.insecure = False log_opt_values /usr/lib/python3/dist-packages/oslo_config/cfg.py:2609
2025-05-12 00:33:51.862 157308 DEBUG oslo_service.service [req-f93e6ff6-362f-4b95-ba16-a5c8e6fb8de5 - - - - -] cyborg.keyfile = None log_opt_values /usr/lib/python3/dist-packages/oslo_config/cfg.py:2609
2025-05-12 00:33:51.862 157308 DEBUG oslo_service.service [req-f93e6ff6-362f-4b95-ba16-a5c8e6fb8de5 - - - - -] cyborg.max_version = None log_opt_values /usr/lib/python3/dist-packages/oslo_config/cfg.py:2609
2025-05-12 00:33:51.863 157308 DEBUG oslo_service.service [req-f93e6ff6-362f-4b95-ba16-a5c8e6fb8de5 - - - - -] cyborg.min_version = None log_opt_values /usr/lib/python3/dist-packages/oslo_config/cfg.py:2609
2025-05-12 00:33:51.863 157308 DEBUG oslo_service.service [req-f93e6ff6-362f-4b95-ba16-a5c8e6fb8de5 - - - - -] cyborg.region_name = None log_opt_values /usr/lib/python3/dist-packages/oslo_config/cfg.py:2609
2025-05-12 00:33:51.863 157308 DEBUG oslo_service.service [req-f93e6ff6-362f-4b95-ba16-a5c8e6fb8de5 - - - - -] cyborg.service_name = None log_opt_values /usr/lib/python3/dist-packages/oslo_config/cfg.py:2609
2025-05-12 00:33:51.863 157308 DEBUG oslo_service.service [req-f93e6ff6-362f-4b95-ba16-a5c8e6fb8de5 - - - - -] cyborg.service_type = accelerator log_opt_values /usr/lib/python3/dist-packages/oslo_config/cfg.py:2609
2025-05-12 00:33:51.863 157308 DEBUG oslo_service.service [req-f93e6ff6-362f-4b95-ba16-a5c8e6fb8de5 - - - - -] cyborg.split_loggers = False log_opt_values /usr/lib/python3/dist-packages/oslo_config/cfg.py:2609
2025-05-12 00:33:51.863 157308 DEBUG oslo_service.service [req-f93e6ff6-362f-4b95-ba16-a5c8e6fb8de5 - - - - -] cyborg.status_code_retries = None log_opt_values /usr/lib/python3/dist-packages/oslo_config/cfg.py:2609
2025-05-12 00:33:51.863 157748 DEBUG oslo_messaging._drivers.amqpdriver [-] Listener is running poll /usr/lib/python3/dist-packages/oslo_messaging/_drivers/amqpdriver.py:343
2025-05-12 00:33:51.863 157308 DEBUG oslo_service.service [req-f93e6ff6-362f-4b95-ba16-a5c8e6fb8de5 - - - - -] cyborg.status_code_retry_delay = None log_opt_values /usr/lib/python3/dist-packages/oslo_config/cfg.py:2609
2025-05-12 00:33:51.863 157748 DEBUG oslo_messaging._drivers.amqpdriver [-] AMQPListener connection consume poll /usr/lib/python3/dist-packages/oslo_messaging/_drivers/amqpdriver.py:357
2025-05-12 00:33:51.864 157308 DEBUG oslo_service.service [req-f93e6ff6-362f-4b95-ba16-a5c8e6fb8de5 - - - - -] cyborg.timeout = None log_opt_values /usr/lib/python3/dist-packages/oslo_config/cfg.py:2609
2025-05-12 00:33:51.864 157308 DEBUG oslo_service.service [req-f93e6ff6-362f-4b95-ba16-a5c8e6fb8de5 - - - - -] cyborg.valid_interfaces = ['internal', 'public'] log_opt_values /usr/lib/python3/dist-packages/oslo_config/cfg.py:2609
2025-05-12 00:33:51.864 157747 DEBUG oslo_messaging._drivers.amqpdriver [-] Listener is running poll /usr/lib/python3/dist-packages/oslo_messaging/_drivers/amqpdriver.py:343
2025-05-12 00:33:51.864 157308 DEBUG oslo_service.service [req-f93e6ff6-362f-4b95-ba16-a5c8e6fb8de5 - - - - -] cyborg.version = None log_opt_values /usr/lib/python3/dist-packages/oslo_config/cfg.py:2609
2025-05-12 00:33:51.864 157747 DEBUG oslo_messaging._drivers.amqpdriver [-] AMQPListener connection consume poll /usr/lib/python3/dist-packages/oslo_messaging/_drivers/amqpdriver.py:357
2025-05-12 00:33:51.864 157308 DEBUG oslo_service.service [req-f93e6ff6-362f-4b95-ba16-a5c8e6fb8de5 - - - - -] database.backend = sqlalchemy log_opt_values /usr/lib/python3/dist-packages/oslo_config/cfg.py:2609
2025-05-12 00:33:51.864 157748 DEBUG nova.service [req-1226367f-5374-440c-84f5-dfe3373d4427 - - - - -] Join ServiceGroup membership for this service scheduler start /usr/lib/python3/dist-packages/nova/service.py:199
2025-05-12 00:33:51.864 157308 DEBUG oslo_service.service [req-f93e6ff6-362f-4b95-ba16-a5c8e6fb8de5 - - - - -] database.connection = **** log_opt_values /usr/lib/python3/dist-packages/oslo_config/cfg.py:2609
2025-05-12 00:33:51.864 157748 DEBUG nova.servicegroup.drivers.db [req-1226367f-5374-440c-84f5-dfe3373d4427 - - - - -] DB_Driver: join new ServiceGroup member juju-711bc3-0-lxd-7 to the scheduler group, service = join /usr/lib/python3/dist-packages/nova/servicegroup/drivers/db.py:44
2025-05-12 00:33:51.864 157308 DEBUG oslo_service.service [req-f93e6ff6-362f-4b95-ba16-a5c8e6fb8de5 - - - - -] database.connection_debug = 0 log_opt_values /usr/lib/python3/dist-packages/oslo_config/cfg.py:2609
2025-05-12 00:33:51.864 157747 DEBUG nova.service [req-e1c70b9d-f636-47c0-872f-bad6e4e4f540 - - - - -] Join ServiceGroup membership for this service scheduler start /usr/lib/python3/dist-packages/nova/service.py:199
2025-05-12 00:33:51.865 157308 DEBUG oslo_service.service [req-f93e6ff6-362f-4b95-ba16-a5c8e6fb8de5 - - - - -] database.connection_parameters = log_opt_values /usr/lib/python3/dist-packages/oslo_config/cfg.py:2609
2025-05-12 00:33:51.865 157747 DEBUG nova.servicegroup.drivers.db [req-e1c70b9d-f636-47c0-872f-bad6e4e4f540 - - - - -] DB_Driver: join new ServiceGroup member juju-711bc3-0-lxd-7 to the scheduler group, service = join /usr/lib/python3/dist-packages/nova/servicegroup/drivers/db.py:44
2025-05-12 00:33:51.865 157308 DEBUG oslo_service.service [req-f93e6ff6-362f-4b95-ba16-a5c8e6fb8de5 - - - - -] database.connection_recycle_time = 3600 log_opt_values /usr/lib/python3/dist-packages/oslo_config/cfg.py:2609
2025-05-12 00:33:51.866 157308 DEBUG oslo_service.service [req-f93e6ff6-362f-4b95-ba16-a5c8e6fb8de5 - - - - -] database.connection_trace = False log_opt_values /usr/lib/python3/dist-packages/oslo_config/cfg.py:2609
2025-05-12 00:33:51.866 157308 DEBUG oslo_service.service [req-f93e6ff6-362f-4b95-ba16-a5c8e6fb8de5 - - - - -] database.db_inc_retry_interval = True log_opt_values /usr/lib/python3/dist-packages/oslo_config/cfg.py:2609
2025-05-12 00:33:51.866 157308 DEBUG oslo_service.service [req-f93e6ff6-362f-4b95-ba16-a5c8e6fb8de5 - - - - -] database.db_max_retries = 20 log_opt_values /usr/lib/python3/dist-packages/oslo_config/cfg.py:2609
2025-05-12 00:33:51.866 157308 DEBUG oslo_service.service [req-f93e6ff6-362f-4b95-ba16-a5c8e6fb8de5 - - - - -] database.db_max_retry_interval = 10 log_opt_values /usr/lib/python3/dist-packages/oslo_config/cfg.py:2609
2025-05-12 00:33:51.866 157308 DEBUG oslo_service.service [req-f93e6ff6-362f-4b95-ba16-a5c8e6fb8de5 - - - - -] database.db_retry_interval = 1 log_opt_values /usr/lib/python3/dist-packages/oslo_config/cfg.py:2609
2025-05-12 00:33:51.866 157308 DEBUG oslo_service.service [req-f93e6ff6-362f-4b95-ba16-a5c8e6fb8de5 - - - - -] database.max_overflow = 50 log_opt_values /usr/lib/python3/dist-packages/oslo_config/cfg.py:2609
2025-05-12 00:33:51.867 157308 DEBUG oslo_service.service [req-f93e6ff6-362f-4b95-ba16-a5c8e6fb8de5 - - - - -] database.max_pool_size = 4 log_opt_values /usr/lib/python3/dist-packages/oslo_config/cfg.py:2609
2025-05-12 00:33:51.867 157308 DEBUG oslo_service.service [req-f93e6ff6-362f-4b95-ba16-a5c8e6fb8de5 - - - - -] database.max_retries = 10 log_opt_values /usr/lib/python3/dist-packages/oslo_config/cfg.py:2609
2025-05-12 00:33:51.867 157308 DEBUG oslo_service.service [req-f93e6ff6-362f-4b95-ba16-a5c8e6fb8de5 - - - - -] database.mysql_enable_ndb = False log_opt_values /usr/lib/python3/dist-packages/oslo_config/cfg.py:2609
2025-05-12 00:33:51.867 157308 DEBUG oslo_service.service [req-f93e6ff6-362f-4b95-ba16-a5c8e6fb8de5 - - - - -] database.mysql_sql_mode = TRADITIONAL log_opt_values /usr/lib/python3/dist-packages/oslo_config/cfg.py:2609
2025-05-12 00:33:51.867 157308 DEBUG oslo_service.service [req-f93e6ff6-362f-4b95-ba16-a5c8e6fb8de5 - - - - -] database.pool_timeout = None log_opt_values /usr/lib/python3/dist-packages/oslo_config/cfg.py:2609
2025-05-12 00:33:51.867 157748 DEBUG oslo_messaging._drivers.amqpdriver [-] AMQPListener connection timeout poll /usr/lib/python3/dist-packages/oslo_messaging/_drivers/amqpdriver.py:360
2025-05-12 00:33:51.867 157308 DEBUG oslo_service.service [req-f93e6ff6-362f-4b95-ba16-a5c8e6fb8de5 - - - - -] database.retry_interval = 10 log_opt_values /usr/lib/python3/dist-packages/oslo_config/cfg.py:2609
2025-05-12 00:33:51.867 157748 DEBUG oslo_messaging._drivers.amqpdriver [-] Listener is running poll /usr/lib/python3/dist-packages/oslo_messaging/_drivers/amqpdriver.py:343
2025-05-12 00:33:51.867 157748 DEBUG oslo_messaging._drivers.amqpdriver [-] AMQPListener connection consume poll /usr/lib/python3/dist-packages/oslo_messaging/_drivers/amqpdriver.py:357
2025-05-12 00:33:51.867 157308 DEBUG oslo_service.service [req-f93e6ff6-362f-4b95-ba16-a5c8e6fb8de5 - - - - -] database.slave_connection = **** log_opt_values /usr/lib/python3/dist-packages/oslo_config/cfg.py:2609
2025-05-12 00:33:51.868 157308 DEBUG oslo_service.service [req-f93e6ff6-362f-4b95-ba16-a5c8e6fb8de5 - - - - -] database.sqlite_synchronous = True log_opt_values /usr/lib/python3/dist-packages/oslo_config/cfg.py:2609
2025-05-12 00:33:51.868 157747 DEBUG oslo_messaging._drivers.amqpdriver [-] AMQPListener connection timeout poll /usr/lib/python3/dist-packages/oslo_messaging/_drivers/amqpdriver.py:360
2025-05-12 00:33:51.868 157308 DEBUG oslo_service.service [req-f93e6ff6-362f-4b95-ba16-a5c8e6fb8de5 - - - - -] database.use_db_reconnect = False log_opt_values /usr/lib/python3/dist-packages/oslo_config/cfg.py:2609
2025-05-12 00:33:51.868 157747 DEBUG oslo_messaging._drivers.amqpdriver [-] Listener is running poll /usr/lib/python3/dist-packages/oslo_messaging/_drivers/amqpdriver.py:343
2025-05-12 00:33:51.868 157747 DEBUG oslo_messaging._drivers.amqpdriver [-] AMQPListener connection consume poll /usr/lib/python3/dist-packages/oslo_messaging/_drivers/amqpdriver.py:357
2025-05-12 00:33:51.868 157308 DEBUG oslo_service.service [req-f93e6ff6-362f-4b95-ba16-a5c8e6fb8de5 - - - - -] api_database.backend = sqlalchemy log_opt_values /usr/lib/python3/dist-packages/oslo_config/cfg.py:2609
2025-05-12 00:33:51.868 157308 DEBUG oslo_service.service [req-f93e6ff6-362f-4b95-ba16-a5c8e6fb8de5 - - - - -] api_database.connection = **** log_opt_values /usr/lib/python3/dist-packages/oslo_config/cfg.py:2609
2025-05-12 00:33:51.868 157308 DEBUG oslo_service.service [req-f93e6ff6-362f-4b95-ba16-a5c8e6fb8de5 - - - - -] api_database.connection_debug = 0 log_opt_values /usr/lib/python3/dist-packages/oslo_config/cfg.py:2609
2025-05-12 00:33:51.868 157308 DEBUG oslo_service.service [req-f93e6ff6-362f-4b95-ba16-a5c8e6fb8de5 - - - - -] api_database.connection_parameters = log_opt_values /usr/lib/python3/dist-packages/oslo_config/cfg.py:2609
2025-05-12 00:33:51.869 157308 DEBUG oslo_service.service [req-f93e6ff6-362f-4b95-ba16-a5c8e6fb8de5 - - - - -] api_database.connection_recycle_time = 3600 log_opt_values /usr/lib/python3/dist-packages/oslo_config/cfg.py:2609
2025-05-12 00:33:51.869 157308 DEBUG oslo_service.service [req-f93e6ff6-362f-4b95-ba16-a5c8e6fb8de5 - - - - -] api_database.connection_trace = False log_opt_values /usr/lib/python3/dist-packages/oslo_config/cfg.py:2609
2025-05-12 00:33:51.869 157308 DEBUG oslo_service.service [req-f93e6ff6-362f-4b95-ba16-a5c8e6fb8de5 - - - - -] api_database.db_inc_retry_interval = True log_opt_values /usr/lib/python3/dist-packages/oslo_config/cfg.py:2609
2025-05-12 00:33:51.869 157308 DEBUG oslo_service.service [req-f93e6ff6-362f-4b95-ba16-a5c8e6fb8de5 - - - - -] api_database.db_max_retries = 20 log_opt_values /usr/lib/python3/dist-packages/oslo_config/cfg.py:2609
2025-05-12 00:33:51.869 157746 DEBUG oslo_messaging._drivers.amqpdriver [-] Listener is running poll /usr/lib/python3/dist-packages/oslo_messaging/_drivers/amqpdriver.py:343
2025-05-12 00:33:51.869 157308 DEBUG oslo_service.service [req-f93e6ff6-362f-4b95-ba16-a5c8e6fb8de5 - - - - -] api_database.db_max_retry_interval = 10 log_opt_values /usr/lib/python3/dist-packages/oslo_config/cfg.py:2609
2025-05-12 00:33:51.869 157746 DEBUG oslo_messaging._drivers.amqpdriver [-] AMQPListener connection consume poll /usr/lib/python3/dist-packages/oslo_messaging/_drivers/amqpdriver.py:357
2025-05-12 00:33:51.869 157308 DEBUG oslo_service.service [req-f93e6ff6-362f-4b95-ba16-a5c8e6fb8de5 - - - - -] api_database.db_retry_interval = 1 log_opt_values /usr/lib/python3/dist-packages/oslo_config/cfg.py:2609
2025-05-12 00:33:51.869 157308 DEBUG oslo_service.service [req-f93e6ff6-362f-4b95-ba16-a5c8e6fb8de5 - - - - -] api_database.max_overflow = 50 log_opt_values /usr/lib/python3/dist-packages/oslo_config/cfg.py:2609
2025-05-12 00:33:51.870 157308 DEBUG oslo_service.service [req-f93e6ff6-362f-4b95-ba16-a5c8e6fb8de5 - - - - -] api_database.max_pool_size = 4 log_opt_values /usr/lib/python3/dist-packages/oslo_config/cfg.py:2609
2025-05-12 00:33:51.870 157308 DEBUG oslo_service.service [req-f93e6ff6-362f-4b95-ba16-a5c8e6fb8de5 - - - - -] api_database.max_retries = 10 log_opt_values /usr/lib/python3/dist-packages/oslo_config/cfg.py:2609
2025-05-12 00:33:51.870 157308 DEBUG oslo_service.service [req-f93e6ff6-362f-4b95-ba16-a5c8e6fb8de5 - - - - -] api_database.mysql_enable_ndb = False log_opt_values /usr/lib/python3/dist-packages/oslo_config/cfg.py:2609
2025-05-12 00:33:51.870 157746 DEBUG nova.service [req-f4f2d060-9117-47ef-90fc-27b804cde999 - - - - -] Join ServiceGroup membership for this service scheduler start /usr/lib/python3/dist-packages/nova/service.py:199
2025-05-12 00:33:51.870 157308 DEBUG oslo_service.service [req-f93e6ff6-362f-4b95-ba16-a5c8e6fb8de5 - - - - -] api_database.mysql_sql_mode = TRADITIONAL log_opt_values /usr/lib/python3/dist-packages/oslo_config/cfg.py:2609
2025-05-12 00:33:51.870 157746 DEBUG nova.servicegroup.drivers.db [req-f4f2d060-9117-47ef-90fc-27b804cde999 - - - - -] DB_Driver: join new ServiceGroup member juju-711bc3-0-lxd-7 to the scheduler group, service = join /usr/lib/python3/dist-packages/nova/servicegroup/drivers/db.py:44
2025-05-12 00:33:51.870 157308 DEBUG oslo_service.service [req-f93e6ff6-362f-4b95-ba16-a5c8e6fb8de5 - - - - -] api_database.pool_timeout = None log_opt_values /usr/lib/python3/dist-packages/oslo_config/cfg.py:2609
2025-05-12 00:33:51.870 157308 DEBUG oslo_service.service [req-f93e6ff6-362f-4b95-ba16-a5c8e6fb8de5 - - - - -] api_database.retry_interval = 10 log_opt_values /usr/lib/python3/dist-packages/oslo_config/cfg.py:2609
2025-05-12 00:33:51.871 157308 DEBUG oslo_service.service [req-f93e6ff6-362f-4b95-ba16-a5c8e6fb8de5 - - - - -] api_database.slave_connection = **** log_opt_values /usr/lib/python3/dist-packages/oslo_config/cfg.py:2609
2025-05-12 00:33:51.871 157308 DEBUG oslo_service.service [req-f93e6ff6-362f-4b95-ba16-a5c8e6fb8de5 - - - - -] api_database.sqlite_synchronous = True log_opt_values /usr/lib/python3/dist-packages/oslo_config/cfg.py:2609
2025-05-12 00:33:51.871 157308 DEBUG oslo_service.service [req-f93e6ff6-362f-4b95-ba16-a5c8e6fb8de5 - - - - -] devices.enabled_mdev_types = [] log_opt_values /usr/lib/python3/dist-packages/oslo_config/cfg.py:2609
2025-05-12 00:33:51.871 157308 DEBUG oslo_service.service [req-f93e6ff6-362f-4b95-ba16-a5c8e6fb8de5 - - - - -] ephemeral_storage_encryption.cipher = aes-xts-plain64 log_opt_values /usr/lib/python3/dist-packages/oslo_config/cfg.py:2609
2025-05-12 00:33:51.871 157308 DEBUG oslo_service.service [req-f93e6ff6-362f-4b95-ba16-a5c8e6fb8de5 - - - - -] ephemeral_storage_encryption.enabled = False log_opt_values /usr/lib/python3/dist-packages/oslo_config/cfg.py:2609
2025-05-12 00:33:51.871 157308 DEBUG oslo_service.service [req-f93e6ff6-362f-4b95-ba16-a5c8e6fb8de5 - - - - -] ephemeral_storage_encryption.key_size = 512 log_opt_values /usr/lib/python3/dist-packages/oslo_config/cfg.py:2609
2025-05-12 00:33:51.872 157308 WARNING oslo_config.cfg [req-f93e6ff6-362f-4b95-ba16-a5c8e6fb8de5 - - - - -] Deprecated: Option "api_servers" from group "glance" is deprecated for removal ( Support for image service configuration via standard keystoneauth1 Adapter options was added in the 17.0.0 Queens release. The api_servers option was retained temporarily to allow consumers time to cut over to a real load balancing solution. ). Its value may be silently ignored in the future.
2025-05-12 00:33:51.872 157308 DEBUG oslo_service.service [req-f93e6ff6-362f-4b95-ba16-a5c8e6fb8de5 - - - - -] glance.api_servers = ['http://252.33.228.166:9292'] log_opt_values /usr/lib/python3/dist-packages/oslo_config/cfg.py:2609
2025-05-12 00:33:51.872 157308 DEBUG oslo_service.service [req-f93e6ff6-362f-4b95-ba16-a5c8e6fb8de5 - - - - -] glance.cafile = None log_opt_values /usr/lib/python3/dist-packages/oslo_config/cfg.py:2609
2025-05-12 00:33:51.872 157308 DEBUG oslo_service.service [req-f93e6ff6-362f-4b95-ba16-a5c8e6fb8de5 - - - - -] glance.certfile = None log_opt_values /usr/lib/python3/dist-packages/oslo_config/cfg.py:2609
2025-05-12 00:33:51.872 157308 DEBUG oslo_service.service [req-f93e6ff6-362f-4b95-ba16-a5c8e6fb8de5 - - - - -] glance.collect_timing = False log_opt_values /usr/lib/python3/dist-packages/oslo_config/cfg.py:2609
2025-05-12 00:33:51.872 157746 DEBUG oslo_messaging._drivers.amqpdriver [-] AMQPListener connection timeout poll /usr/lib/python3/dist-packages/oslo_messaging/_drivers/amqpdriver.py:360
2025-05-12 00:33:51.872 157308 DEBUG oslo_service.service [req-f93e6ff6-362f-4b95-ba16-a5c8e6fb8de5 - - - - -] glance.connect_retries = None log_opt_values /usr/lib/python3/dist-packages/oslo_config/cfg.py:2609
2025-05-12 00:33:51.873 157746 DEBUG oslo_messaging._drivers.amqpdriver [-] Listener is running poll /usr/lib/python3/dist-packages/oslo_messaging/_drivers/amqpdriver.py:343
2025-05-12 00:33:51.873 157308 DEBUG oslo_service.service [req-f93e6ff6-362f-4b95-ba16-a5c8e6fb8de5 - - - - -] glance.connect_retry_delay = None log_opt_values /usr/lib/python3/dist-packages/oslo_config/cfg.py:2609
2025-05-12 00:33:51.873 157746 DEBUG oslo_messaging._drivers.amqpdriver [-] AMQPListener connection consume poll /usr/lib/python3/dist-packages/oslo_messaging/_drivers/amqpdriver.py:357
2025-05-12 00:33:51.873 157308 DEBUG oslo_service.service [req-f93e6ff6-362f-4b95-ba16-a5c8e6fb8de5 - - - - -] glance.debug = False log_opt_values /usr/lib/python3/dist-packages/oslo_config/cfg.py:2609
2025-05-12 00:33:51.873 157308 DEBUG oslo_service.service [req-f93e6ff6-362f-4b95-ba16-a5c8e6fb8de5 - - - - -] glance.default_trusted_certificate_ids = [] log_opt_values /usr/lib/python3/dist-packages/oslo_config/cfg.py:2609
2025-05-12 00:33:51.873 157308 DEBUG oslo_service.service [req-f93e6ff6-362f-4b95-ba16-a5c8e6fb8de5 - - - - -] glance.enable_certificate_validation = False log_opt_values /usr/lib/python3/dist-packages/oslo_config/cfg.py:2609
2025-05-12 00:33:51.873 157308 DEBUG oslo_service.service [req-f93e6ff6-362f-4b95-ba16-a5c8e6fb8de5 - - - - -] glance.enable_rbd_download = False log_opt_values /usr/lib/python3/dist-packages/oslo_config/cfg.py:2609
2025-05-12 00:33:51.873 157308 DEBUG oslo_service.service [req-f93e6ff6-362f-4b95-ba16-a5c8e6fb8de5 - - - - -] glance.endpoint_override = None log_opt_values /usr/lib/python3/dist-packages/oslo_config/cfg.py:2609
2025-05-12 00:33:51.874 157308 DEBUG oslo_service.service [req-f93e6ff6-362f-4b95-ba16-a5c8e6fb8de5 - - - - -] glance.insecure = False log_opt_values /usr/lib/python3/dist-packages/oslo_config/cfg.py:2609
2025-05-12 00:33:51.874 157308 DEBUG oslo_service.service [req-f93e6ff6-362f-4b95-ba16-a5c8e6fb8de5 - - - - -] glance.keyfile = None log_opt_values /usr/lib/python3/dist-packages/oslo_config/cfg.py:2609
2025-05-12 00:33:51.874 157308 DEBUG oslo_service.service [req-f93e6ff6-362f-4b95-ba16-a5c8e6fb8de5 - - - - -] glance.max_version = None log_opt_values /usr/lib/python3/dist-packages/oslo_config/cfg.py:2609
2025-05-12 00:33:51.874 157308 DEBUG oslo_service.service [req-f93e6ff6-362f-4b95-ba16-a5c8e6fb8de5 - - - - -] glance.min_version = None log_opt_values /usr/lib/python3/dist-packages/oslo_config/cfg.py:2609
2025-05-12 00:33:51.874 157308 DEBUG oslo_service.service [req-f93e6ff6-362f-4b95-ba16-a5c8e6fb8de5 - - - - -] glance.num_retries = 3 log_opt_values /usr/lib/python3/dist-packages/oslo_config/cfg.py:2609
2025-05-12 00:33:51.874 157308 DEBUG oslo_service.service [req-f93e6ff6-362f-4b95-ba16-a5c8e6fb8de5 - - - - -] glance.rbd_ceph_conf = log_opt_values /usr/lib/python3/dist-packages/oslo_config/cfg.py:2609
2025-05-12 00:33:51.874 157308 DEBUG oslo_service.service [req-f93e6ff6-362f-4b95-ba16-a5c8e6fb8de5 - - - - -] glance.rbd_connect_timeout = 5 log_opt_values /usr/lib/python3/dist-packages/oslo_config/cfg.py:2609
2025-05-12 00:33:51.875 157308 DEBUG oslo_service.service [req-f93e6ff6-362f-4b95-ba16-a5c8e6fb8de5 - - - - -] glance.rbd_pool = log_opt_values /usr/lib/python3/dist-packages/oslo_config/cfg.py:2609
2025-05-12 00:33:51.875 157308 DEBUG oslo_service.service [req-f93e6ff6-362f-4b95-ba16-a5c8e6fb8de5 - - - - -] glance.rbd_user = log_opt_values /usr/lib/python3/dist-packages/oslo_config/cfg.py:2609
2025-05-12 00:33:51.875 157308 DEBUG oslo_service.service [req-f93e6ff6-362f-4b95-ba16-a5c8e6fb8de5 - - - - -] glance.region_name = None log_opt_values /usr/lib/python3/dist-packages/oslo_config/cfg.py:2609
2025-05-12 00:33:51.875 157308 DEBUG oslo_service.service [req-f93e6ff6-362f-4b95-ba16-a5c8e6fb8de5 - - - - -] glance.service_name = None log_opt_values /usr/lib/python3/dist-packages/oslo_config/cfg.py:2609
2025-05-12 00:33:51.875 157308 DEBUG oslo_service.service [req-f93e6ff6-362f-4b95-ba16-a5c8e6fb8de5 - - - - -] glance.service_type = image log_opt_values /usr/lib/python3/dist-packages/oslo_config/cfg.py:2609
2025-05-12 00:33:51.875 157308 DEBUG oslo_service.service [req-f93e6ff6-362f-4b95-ba16-a5c8e6fb8de5 - - - - -] glance.split_loggers = False log_opt_values /usr/lib/python3/dist-packages/oslo_config/cfg.py:2609
2025-05-12 00:33:51.876 157308 DEBUG oslo_service.service [req-f93e6ff6-362f-4b95-ba16-a5c8e6fb8de5 - - - - -] glance.status_code_retries = None log_opt_values /usr/lib/python3/dist-packages/oslo_config/cfg.py:2609
2025-05-12 00:33:51.876 157308 DEBUG oslo_service.service [req-f93e6ff6-362f-4b95-ba16-a5c8e6fb8de5 - - - - -] glance.status_code_retry_delay = None log_opt_values /usr/lib/python3/dist-packages/oslo_config/cfg.py:2609
2025-05-12 00:33:51.876 157308 DEBUG oslo_service.service [req-f93e6ff6-362f-4b95-ba16-a5c8e6fb8de5 - - - - -] glance.timeout = None log_opt_values /usr/lib/python3/dist-packages/oslo_config/cfg.py:2609
2025-05-12 00:33:51.876 157308 DEBUG oslo_service.service [req-f93e6ff6-362f-4b95-ba16-a5c8e6fb8de5 - - - - -] glance.valid_interfaces = ['internal', 'public'] log_opt_values /usr/lib/python3/dist-packages/oslo_config/cfg.py:2609
2025-05-12 00:33:51.876 157308 DEBUG oslo_service.service [req-f93e6ff6-362f-4b95-ba16-a5c8e6fb8de5 - - - - -] glance.verify_glance_signatures = False log_opt_values /usr/lib/python3/dist-packages/oslo_config/cfg.py:2609
2025-05-12 00:33:51.876 157308 DEBUG oslo_service.service [req-f93e6ff6-362f-4b95-ba16-a5c8e6fb8de5 - - - - -] glance.version = None log_opt_values /usr/lib/python3/dist-packages/oslo_config/cfg.py:2609
2025-05-12 00:33:51.876 157308 DEBUG oslo_service.service [req-f93e6ff6-362f-4b95-ba16-a5c8e6fb8de5 - - - - -] guestfs.debug = False log_opt_values /usr/lib/python3/dist-packages/oslo_config/cfg.py:2609
2025-05-12 00:33:51.877 157308 DEBUG oslo_service.service [req-f93e6ff6-362f-4b95-ba16-a5c8e6fb8de5 - - - - -] hyperv.config_drive_cdrom = False log_opt_values /usr/lib/python3/dist-packages/oslo_config/cfg.py:2609
2025-05-12 00:33:51.877 157308 DEBUG oslo_service.service [req-f93e6ff6-362f-4b95-ba16-a5c8e6fb8de5 - - - - -] hyperv.config_drive_inject_password = False log_opt_values /usr/lib/python3/dist-packages/oslo_config/cfg.py:2609
2025-05-12 00:33:51.877 157308 DEBUG oslo_service.service [req-f93e6ff6-362f-4b95-ba16-a5c8e6fb8de5 - - - - -] hyperv.dynamic_memory_ratio = 1.0 log_opt_values /usr/lib/python3/dist-packages/oslo_config/cfg.py:2609
2025-05-12 00:33:51.877 157308 DEBUG oslo_service.service [req-f93e6ff6-362f-4b95-ba16-a5c8e6fb8de5 - - - - -] hyperv.enable_instance_metrics_collection = False log_opt_values /usr/lib/python3/dist-packages/oslo_config/cfg.py:2609
2025-05-12 00:33:51.877 157308 DEBUG oslo_service.service [req-f93e6ff6-362f-4b95-ba16-a5c8e6fb8de5 - - - - -] hyperv.enable_remotefx = False log_opt_values /usr/lib/python3/dist-packages/oslo_config/cfg.py:2609
2025-05-12 00:33:51.877 157308 DEBUG oslo_service.service [req-f93e6ff6-362f-4b95-ba16-a5c8e6fb8de5 - - - - -] hyperv.instances_path_share = log_opt_values /usr/lib/python3/dist-packages/oslo_config/cfg.py:2609
2025-05-12 00:33:51.878 157308 DEBUG oslo_service.service [req-f93e6ff6-362f-4b95-ba16-a5c8e6fb8de5 - - - - -] hyperv.iscsi_initiator_list = [] log_opt_values /usr/lib/python3/dist-packages/oslo_config/cfg.py:2609
2025-05-12 00:33:51.878 157308 DEBUG oslo_service.service [req-f93e6ff6-362f-4b95-ba16-a5c8e6fb8de5 - - - - -] hyperv.limit_cpu_features = False log_opt_values /usr/lib/python3/dist-packages/oslo_config/cfg.py:2609
2025-05-12 00:33:51.878 157308 DEBUG oslo_service.service [req-f93e6ff6-362f-4b95-ba16-a5c8e6fb8de5 - - - - -] hyperv.mounted_disk_query_retry_count = 10 log_opt_values /usr/lib/python3/dist-packages/oslo_config/cfg.py:2609
2025-05-12 00:33:51.878 157308 DEBUG oslo_service.service [req-f93e6ff6-362f-4b95-ba16-a5c8e6fb8de5 - - - - -] hyperv.mounted_disk_query_retry_interval = 5 log_opt_values /usr/lib/python3/dist-packages/oslo_config/cfg.py:2609
2025-05-12 00:33:51.878 157308 DEBUG oslo_service.service [req-f93e6ff6-362f-4b95-ba16-a5c8e6fb8de5 - - - - -] hyperv.power_state_check_timeframe = 60 log_opt_values /usr/lib/python3/dist-packages/oslo_config/cfg.py:2609
2025-05-12 00:33:51.878 157308 DEBUG oslo_service.service [req-f93e6ff6-362f-4b95-ba16-a5c8e6fb8de5 - - - - -] hyperv.power_state_event_polling_interval = 2 log_opt_values /usr/lib/python3/dist-packages/oslo_config/cfg.py:2609
2025-05-12 00:33:51.878 157308 DEBUG oslo_service.service [req-f93e6ff6-362f-4b95-ba16-a5c8e6fb8de5 - - - - -] hyperv.qemu_img_cmd = qemu-img.exe log_opt_values /usr/lib/python3/dist-packages/oslo_config/cfg.py:2609
2025-05-12 00:33:51.879 157308 DEBUG oslo_service.service [req-f93e6ff6-362f-4b95-ba16-a5c8e6fb8de5 - - - - -] hyperv.use_multipath_io = False log_opt_values /usr/lib/python3/dist-packages/oslo_config/cfg.py:2609
2025-05-12 00:33:51.879 157308 DEBUG oslo_service.service [req-f93e6ff6-362f-4b95-ba16-a5c8e6fb8de5 - - - - -] hyperv.volume_attach_retry_count = 10 log_opt_values /usr/lib/python3/dist-packages/oslo_config/cfg.py:2609
2025-05-12 00:33:51.879 157308 DEBUG oslo_service.service [req-f93e6ff6-362f-4b95-ba16-a5c8e6fb8de5 - - - - -] hyperv.volume_attach_retry_interval = 5 log_opt_values /usr/lib/python3/dist-packages/oslo_config/cfg.py:2609
2025-05-12 00:33:51.879 157308 DEBUG oslo_service.service [req-f93e6ff6-362f-4b95-ba16-a5c8e6fb8de5 - - - - -] hyperv.vswitch_name = None log_opt_values /usr/lib/python3/dist-packages/oslo_config/cfg.py:2609
2025-05-12 00:33:51.879 157308 DEBUG oslo_service.service [req-f93e6ff6-362f-4b95-ba16-a5c8e6fb8de5 - - - - -] hyperv.wait_soft_reboot_seconds = 60 log_opt_values /usr/lib/python3/dist-packages/oslo_config/cfg.py:2609
2025-05-12 00:33:51.879 157308 DEBUG oslo_service.service [req-f93e6ff6-362f-4b95-ba16-a5c8e6fb8de5 - - - - -] mks.enabled = False log_opt_values /usr/lib/python3/dist-packages/oslo_config/cfg.py:2609
2025-05-12 00:33:51.880 157308 DEBUG oslo_service.service [req-f93e6ff6-362f-4b95-ba16-a5c8e6fb8de5 - - - - -] mks.mksproxy_base_url = http://127.0.0.1:6090/ log_opt_values /usr/lib/python3/dist-packages/oslo_config/cfg.py:2609
2025-05-12 00:33:51.880 157308 DEBUG oslo_service.service [req-f93e6ff6-362f-4b95-ba16-a5c8e6fb8de5 - - - - -] image_cache.manager_interval = 2400 log_opt_values /usr/lib/python3/dist-packages/oslo_config/cfg.py:2609
2025-05-12 00:33:51.880 157308 DEBUG oslo_service.service [req-f93e6ff6-362f-4b95-ba16-a5c8e6fb8de5 - - - - -] image_cache.precache_concurrency = 1 log_opt_values /usr/lib/python3/dist-packages/oslo_config/cfg.py:2609
2025-05-12 00:33:51.880 157308 DEBUG oslo_service.service [req-f93e6ff6-362f-4b95-ba16-a5c8e6fb8de5 - - - - -] image_cache.remove_unused_base_images = True log_opt_values /usr/lib/python3/dist-packages/oslo_config/cfg.py:2609
2025-05-12 00:33:51.881 157308 DEBUG oslo_service.service [req-f93e6ff6-362f-4b95-ba16-a5c8e6fb8de5 - - - - -] image_cache.remove_unused_original_minimum_age_seconds = 86400 log_opt_values /usr/lib/python3/dist-packages/oslo_config/cfg.py:2609
2025-05-12 00:33:51.881 157308 DEBUG oslo_service.service [req-f93e6ff6-362f-4b95-ba16-a5c8e6fb8de5 - - - - -] image_cache.remove_unused_resized_minimum_age_seconds = 3600 log_opt_values /usr/lib/python3/dist-packages/oslo_config/cfg.py:2609
2025-05-12 00:33:51.881 157308 DEBUG oslo_service.service [req-f93e6ff6-362f-4b95-ba16-a5c8e6fb8de5 - - - - -] image_cache.subdirectory_name = _base log_opt_values /usr/lib/python3/dist-packages/oslo_config/cfg.py:2609
2025-05-12 00:33:51.881 157308 DEBUG oslo_service.service [req-f93e6ff6-362f-4b95-ba16-a5c8e6fb8de5 - - - - -] ironic.api_max_retries = 60 log_opt_values /usr/lib/python3/dist-packages/oslo_config/cfg.py:2609
2025-05-12 00:33:51.881 157308 DEBUG oslo_service.service [req-f93e6ff6-362f-4b95-ba16-a5c8e6fb8de5 - - - - -] ironic.api_retry_interval = 2 log_opt_values /usr/lib/python3/dist-packages/oslo_config/cfg.py:2609
2025-05-12 00:33:51.881 157308 DEBUG oslo_service.service [req-f93e6ff6-362f-4b95-ba16-a5c8e6fb8de5 - - - - -] ironic.auth_section = None log_opt_values /usr/lib/python3/dist-packages/oslo_config/cfg.py:2609
2025-05-12 00:33:51.882 157308 DEBUG oslo_service.service [req-f93e6ff6-362f-4b95-ba16-a5c8e6fb8de5 - - - - -] ironic.auth_type = None log_opt_values /usr/lib/python3/dist-packages/oslo_config/cfg.py:2609
2025-05-12 00:33:51.882 157308 DEBUG oslo_service.service [req-f93e6ff6-362f-4b95-ba16-a5c8e6fb8de5 - - - - -] ironic.cafile = None log_opt_values /usr/lib/python3/dist-packages/oslo_config/cfg.py:2609
2025-05-12 00:33:51.882 157308 DEBUG oslo_service.service [req-f93e6ff6-362f-4b95-ba16-a5c8e6fb8de5 - - - - -] ironic.certfile = None log_opt_values /usr/lib/python3/dist-packages/oslo_config/cfg.py:2609
2025-05-12 00:33:51.882 157308 DEBUG oslo_service.service [req-f93e6ff6-362f-4b95-ba16-a5c8e6fb8de5 - - - - -] ironic.collect_timing = False log_opt_values /usr/lib/python3/dist-packages/oslo_config/cfg.py:2609
2025-05-12 00:33:51.882 157308 DEBUG oslo_service.service [req-f93e6ff6-362f-4b95-ba16-a5c8e6fb8de5 - - - - -] ironic.connect_retries = None log_opt_values /usr/lib/python3/dist-packages/oslo_config/cfg.py:2609
2025-05-12 00:33:51.882 157308 DEBUG oslo_service.service [req-f93e6ff6-362f-4b95-ba16-a5c8e6fb8de5 - - - - -] ironic.connect_retry_delay = None log_opt_values /usr/lib/python3/dist-packages/oslo_config/cfg.py:2609
2025-05-12 00:33:51.882 157308 DEBUG oslo_service.service [req-f93e6ff6-362f-4b95-ba16-a5c8e6fb8de5 - - - - -] ironic.endpoint_override = None log_opt_values /usr/lib/python3/dist-packages/oslo_config/cfg.py:2609
2025-05-12 00:33:51.883 157308 DEBUG oslo_service.service [req-f93e6ff6-362f-4b95-ba16-a5c8e6fb8de5 - - - - -] ironic.insecure = False log_opt_values /usr/lib/python3/dist-packages/oslo_config/cfg.py:2609
2025-05-12 00:33:51.883 157308 DEBUG oslo_service.service [req-f93e6ff6-362f-4b95-ba16-a5c8e6fb8de5 - - - - -] ironic.keyfile = None log_opt_values /usr/lib/python3/dist-packages/oslo_config/cfg.py:2609
2025-05-12 00:33:51.883 157308 DEBUG oslo_service.service [req-f93e6ff6-362f-4b95-ba16-a5c8e6fb8de5 - - - - -] ironic.max_version = None log_opt_values /usr/lib/python3/dist-packages/oslo_config/cfg.py:2609
2025-05-12 00:33:51.883 157308 DEBUG oslo_service.service [req-f93e6ff6-362f-4b95-ba16-a5c8e6fb8de5 - - - - -] ironic.min_version = None log_opt_values /usr/lib/python3/dist-packages/oslo_config/cfg.py:2609
2025-05-12 00:33:51.883 157308 DEBUG oslo_service.service [req-f93e6ff6-362f-4b95-ba16-a5c8e6fb8de5 - - - - -] ironic.partition_key = None log_opt_values /usr/lib/python3/dist-packages/oslo_config/cfg.py:2609
2025-05-12 00:33:51.883 157308 DEBUG oslo_service.service [req-f93e6ff6-362f-4b95-ba16-a5c8e6fb8de5 - - - - -] ironic.peer_list = [] log_opt_values /usr/lib/python3/dist-packages/oslo_config/cfg.py:2609
2025-05-12 00:33:51.883 157308 DEBUG oslo_service.service [req-f93e6ff6-362f-4b95-ba16-a5c8e6fb8de5 - - - - -] ironic.region_name = None log_opt_values /usr/lib/python3/dist-packages/oslo_config/cfg.py:2609
2025-05-12 00:33:51.884 157308 DEBUG oslo_service.service [req-f93e6ff6-362f-4b95-ba16-a5c8e6fb8de5 - - - - -] ironic.serial_console_state_timeout = 10 log_opt_values /usr/lib/python3/dist-packages/oslo_config/cfg.py:2609
2025-05-12 00:33:51.884 157308 DEBUG oslo_service.service [req-f93e6ff6-362f-4b95-ba16-a5c8e6fb8de5 - - - - -] ironic.service_name = None log_opt_values /usr/lib/python3/dist-packages/oslo_config/cfg.py:2609
2025-05-12 00:33:51.884 157308 DEBUG oslo_service.service [req-f93e6ff6-362f-4b95-ba16-a5c8e6fb8de5 - - - - -] ironic.service_type = baremetal log_opt_values /usr/lib/python3/dist-packages/oslo_config/cfg.py:2609
2025-05-12 00:33:51.884 157308 DEBUG oslo_service.service [req-f93e6ff6-362f-4b95-ba16-a5c8e6fb8de5 - - - - -] ironic.split_loggers = False log_opt_values /usr/lib/python3/dist-packages/oslo_config/cfg.py:2609
2025-05-12 00:33:51.884 157308 DEBUG oslo_service.service [req-f93e6ff6-362f-4b95-ba16-a5c8e6fb8de5 - - - - -] ironic.status_code_retries = None log_opt_values /usr/lib/python3/dist-packages/oslo_config/cfg.py:2609
2025-05-12 00:33:51.884 157308 DEBUG oslo_service.service [req-f93e6ff6-362f-4b95-ba16-a5c8e6fb8de5 - - - - -] ironic.status_code_retry_delay = None log_opt_values /usr/lib/python3/dist-packages/oslo_config/cfg.py:2609
2025-05-12 00:33:51.885 157308 DEBUG oslo_service.service [req-f93e6ff6-362f-4b95-ba16-a5c8e6fb8de5 - - - - -] ironic.timeout = None log_opt_values /usr/lib/python3/dist-packages/oslo_config/cfg.py:2609
2025-05-12 00:33:51.885 157308 DEBUG oslo_service.service [req-f93e6ff6-362f-4b95-ba16-a5c8e6fb8de5 - - - - -] ironic.valid_interfaces = ['internal', 'public'] log_opt_values /usr/lib/python3/dist-packages/oslo_config/cfg.py:2609
2025-05-12 00:33:51.885 157308 DEBUG oslo_service.service [req-f93e6ff6-362f-4b95-ba16-a5c8e6fb8de5 - - - - -] ironic.version = None log_opt_values /usr/lib/python3/dist-packages/oslo_config/cfg.py:2609
2025-05-12 00:33:51.885 157308 DEBUG oslo_service.service [req-f93e6ff6-362f-4b95-ba16-a5c8e6fb8de5 - - - - -] key_manager.backend = barbican log_opt_values /usr/lib/python3/dist-packages/oslo_config/cfg.py:2609
2025-05-12 00:33:51.885 157308 DEBUG oslo_service.service [req-f93e6ff6-362f-4b95-ba16-a5c8e6fb8de5 - - - - -] key_manager.fixed_key = **** log_opt_values /usr/lib/python3/dist-packages/oslo_config/cfg.py:2609
2025-05-12 00:33:51.885 157308 DEBUG oslo_service.service [req-f93e6ff6-362f-4b95-ba16-a5c8e6fb8de5 - - - - -] barbican.auth_endpoint = http://localhost/identity/v3 log_opt_values /usr/lib/python3/dist-packages/oslo_config/cfg.py:2609
