2025-05-12 00:31:44.663 129353 DEBUG oslo_service.service [req-b61e762b-ecc4-43c9-b2f2-c97e847bbc44 - - - - -] api.instance_list_cells_batch_fixed_size = 100 log_opt_values /usr/lib/python3/dist-packages/oslo_config/cfg.py:2609
2025-05-12 00:31:44.663 129353 DEBUG oslo_service.service [req-b61e762b-ecc4-43c9-b2f2-c97e847bbc44 - - - - -] api.instance_list_cells_batch_strategy = distributed log_opt_values /usr/lib/python3/dist-packages/oslo_config/cfg.py:2609
2025-05-12 00:31:44.663 129353 DEBUG oslo_service.service [req-b61e762b-ecc4-43c9-b2f2-c97e847bbc44 - - - - -] api.instance_list_per_project_cells = False log_opt_values /usr/lib/python3/dist-packages/oslo_config/cfg.py:2609
2025-05-12 00:31:44.663 129353 DEBUG oslo_service.service [req-b61e762b-ecc4-43c9-b2f2-c97e847bbc44 - - - - -] api.list_records_by_skipping_down_cells = True log_opt_values /usr/lib/python3/dist-packages/oslo_config/cfg.py:2609
2025-05-12 00:31:44.663 129353 DEBUG oslo_service.service [req-b61e762b-ecc4-43c9-b2f2-c97e847bbc44 - - - - -] api.local_metadata_per_cell = False log_opt_values /usr/lib/python3/dist-packages/oslo_config/cfg.py:2609
2025-05-12 00:31:44.664 129353 DEBUG oslo_service.service [req-b61e762b-ecc4-43c9-b2f2-c97e847bbc44 - - - - -] api.max_limit = 1000 log_opt_values /usr/lib/python3/dist-packages/oslo_config/cfg.py:2609
2025-05-12 00:31:44.664 129353 DEBUG oslo_service.service [req-b61e762b-ecc4-43c9-b2f2-c97e847bbc44 - - - - -] api.metadata_cache_expiration = 15 log_opt_values /usr/lib/python3/dist-packages/oslo_config/cfg.py:2609
2025-05-12 00:31:44.665 129353 DEBUG oslo_service.service [req-b61e762b-ecc4-43c9-b2f2-c97e847bbc44 - - - - -] api.neutron_default_tenant_id = default log_opt_values /usr/lib/python3/dist-packages/oslo_config/cfg.py:2609
2025-05-12 00:31:44.665 129353 DEBUG oslo_service.service [req-b61e762b-ecc4-43c9-b2f2-c97e847bbc44 - - - - -] api.use_forwarded_for = False log_opt_values /usr/lib/python3/dist-packages/oslo_config/cfg.py:2609
2025-05-12 00:31:44.665 129353 DEBUG oslo_service.service [req-b61e762b-ecc4-43c9-b2f2-c97e847bbc44 - - - - -] api.use_neutron_default_nets = False log_opt_values /usr/lib/python3/dist-packages/oslo_config/cfg.py:2609
2025-05-12 00:31:44.665 129353 DEBUG oslo_service.service [req-b61e762b-ecc4-43c9-b2f2-c97e847bbc44 - - - - -] api.vendordata_dynamic_connect_timeout = 5 log_opt_values /usr/lib/python3/dist-packages/oslo_config/cfg.py:2609
2025-05-12 00:31:44.665 129353 DEBUG oslo_service.service [req-b61e762b-ecc4-43c9-b2f2-c97e847bbc44 - - - - -] api.vendordata_dynamic_failure_fatal = False log_opt_values /usr/lib/python3/dist-packages/oslo_config/cfg.py:2609
2025-05-12 00:31:44.666 129353 DEBUG oslo_service.service [req-b61e762b-ecc4-43c9-b2f2-c97e847bbc44 - - - - -] api.vendordata_dynamic_read_timeout = 5 log_opt_values /usr/lib/python3/dist-packages/oslo_config/cfg.py:2609
2025-05-12 00:31:44.666 129353 DEBUG oslo_service.service [req-b61e762b-ecc4-43c9-b2f2-c97e847bbc44 - - - - -] api.vendordata_dynamic_ssl_certfile = log_opt_values /usr/lib/python3/dist-packages/oslo_config/cfg.py:2609
2025-05-12 00:31:44.666 129353 DEBUG oslo_service.service [req-b61e762b-ecc4-43c9-b2f2-c97e847bbc44 - - - - -] api.vendordata_dynamic_targets = [] log_opt_values /usr/lib/python3/dist-packages/oslo_config/cfg.py:2609
2025-05-12 00:31:44.667 129353 DEBUG oslo_service.service [req-b61e762b-ecc4-43c9-b2f2-c97e847bbc44 - - - - -] api.vendordata_jsonfile_path = None log_opt_values /usr/lib/python3/dist-packages/oslo_config/cfg.py:2609
2025-05-12 00:31:44.667 129353 DEBUG oslo_service.service [req-b61e762b-ecc4-43c9-b2f2-c97e847bbc44 - - - - -] api.vendordata_providers = ['StaticJSON'] log_opt_values /usr/lib/python3/dist-packages/oslo_config/cfg.py:2609
2025-05-12 00:31:44.667 129353 DEBUG oslo_service.service [req-b61e762b-ecc4-43c9-b2f2-c97e847bbc44 - - - - -] cache.backend = dogpile.cache.null log_opt_values /usr/lib/python3/dist-packages/oslo_config/cfg.py:2609
2025-05-12 00:31:44.667 129353 DEBUG oslo_service.service [req-b61e762b-ecc4-43c9-b2f2-c97e847bbc44 - - - - -] cache.backend_argument = **** log_opt_values /usr/lib/python3/dist-packages/oslo_config/cfg.py:2609
2025-05-12 00:31:44.667 129353 DEBUG oslo_service.service [req-b61e762b-ecc4-43c9-b2f2-c97e847bbc44 - - - - -] cache.config_prefix = cache.oslo log_opt_values /usr/lib/python3/dist-packages/oslo_config/cfg.py:2609
2025-05-12 00:31:44.667 129617 DEBUG nova.service [req-508a2044-664e-4261-ba56-42bf368515b9 - - - - -] Creating RPC server for service conductor start /usr/lib/python3/dist-packages/nova/service.py:182
2025-05-12 00:31:44.668 129353 DEBUG oslo_service.service [req-b61e762b-ecc4-43c9-b2f2-c97e847bbc44 - - - - -] cache.debug_cache_backend = False log_opt_values /usr/lib/python3/dist-packages/oslo_config/cfg.py:2609
2025-05-12 00:31:44.668 129353 DEBUG oslo_service.service [req-b61e762b-ecc4-43c9-b2f2-c97e847bbc44 - - - - -] cache.enabled = False log_opt_values /usr/lib/python3/dist-packages/oslo_config/cfg.py:2609
2025-05-12 00:31:44.668 129353 DEBUG oslo_service.service [req-b61e762b-ecc4-43c9-b2f2-c97e847bbc44 - - - - -] cache.expiration_time = 600 log_opt_values /usr/lib/python3/dist-packages/oslo_config/cfg.py:2609
2025-05-12 00:31:44.668 129353 DEBUG oslo_service.service [req-b61e762b-ecc4-43c9-b2f2-c97e847bbc44 - - - - -] cache.memcache_dead_retry = 300 log_opt_values /usr/lib/python3/dist-packages/oslo_config/cfg.py:2609
2025-05-12 00:31:44.668 129353 DEBUG oslo_service.service [req-b61e762b-ecc4-43c9-b2f2-c97e847bbc44 - - - - -] cache.memcache_pool_connection_get_timeout = 10 log_opt_values /usr/lib/python3/dist-packages/oslo_config/cfg.py:2609
2025-05-12 00:31:44.668 129353 DEBUG oslo_service.service [req-b61e762b-ecc4-43c9-b2f2-c97e847bbc44 - - - - -] cache.memcache_pool_flush_on_reconnect = False log_opt_values /usr/lib/python3/dist-packages/oslo_config/cfg.py:2609
2025-05-12 00:31:44.669 129353 DEBUG oslo_service.service [req-b61e762b-ecc4-43c9-b2f2-c97e847bbc44 - - - - -] cache.memcache_pool_maxsize = 10 log_opt_values /usr/lib/python3/dist-packages/oslo_config/cfg.py:2609
2025-05-12 00:31:44.669 129353 DEBUG oslo_service.service [req-b61e762b-ecc4-43c9-b2f2-c97e847bbc44 - - - - -] cache.memcache_pool_unused_timeout = 60 log_opt_values /usr/lib/python3/dist-packages/oslo_config/cfg.py:2609
2025-05-12 00:31:44.669 129353 DEBUG oslo_service.service [req-b61e762b-ecc4-43c9-b2f2-c97e847bbc44 - - - - -] cache.memcache_servers = ['localhost:11211'] log_opt_values /usr/lib/python3/dist-packages/oslo_config/cfg.py:2609
2025-05-12 00:31:44.669 129353 DEBUG oslo_service.service [req-b61e762b-ecc4-43c9-b2f2-c97e847bbc44 - - - - -] cache.memcache_socket_timeout = 1.0 log_opt_values /usr/lib/python3/dist-packages/oslo_config/cfg.py:2609
2025-05-12 00:31:44.669 129353 DEBUG oslo_service.service [req-b61e762b-ecc4-43c9-b2f2-c97e847bbc44 - - - - -] cache.proxies = [] log_opt_values /usr/lib/python3/dist-packages/oslo_config/cfg.py:2609
2025-05-12 00:31:44.669 129353 DEBUG oslo_service.service [req-b61e762b-ecc4-43c9-b2f2-c97e847bbc44 - - - - -] cache.tls_allowed_ciphers = None log_opt_values /usr/lib/python3/dist-packages/oslo_config/cfg.py:2609
2025-05-12 00:31:44.670 129353 DEBUG oslo_service.service [req-b61e762b-ecc4-43c9-b2f2-c97e847bbc44 - - - - -] cache.tls_cafile = None log_opt_values /usr/lib/python3/dist-packages/oslo_config/cfg.py:2609
2025-05-12 00:31:44.670 129353 DEBUG oslo_service.service [req-b61e762b-ecc4-43c9-b2f2-c97e847bbc44 - - - - -] cache.tls_certfile = None log_opt_values /usr/lib/python3/dist-packages/oslo_config/cfg.py:2609
2025-05-12 00:31:44.670 129353 DEBUG oslo_service.service [req-b61e762b-ecc4-43c9-b2f2-c97e847bbc44 - - - - -] cache.tls_enabled = False log_opt_values /usr/lib/python3/dist-packages/oslo_config/cfg.py:2609
2025-05-12 00:31:44.670 129353 DEBUG oslo_service.service [req-b61e762b-ecc4-43c9-b2f2-c97e847bbc44 - - - - -] cache.tls_keyfile = None log_opt_values /usr/lib/python3/dist-packages/oslo_config/cfg.py:2609
2025-05-12 00:31:44.671 129353 DEBUG oslo_service.service [req-b61e762b-ecc4-43c9-b2f2-c97e847bbc44 - - - - -] cinder.auth_section = None log_opt_values /usr/lib/python3/dist-packages/oslo_config/cfg.py:2609
2025-05-12 00:31:44.671 129353 DEBUG oslo_service.service [req-b61e762b-ecc4-43c9-b2f2-c97e847bbc44 - - - - -] cinder.auth_type = None log_opt_values /usr/lib/python3/dist-packages/oslo_config/cfg.py:2609
2025-05-12 00:31:44.671 129353 DEBUG oslo_service.service [req-b61e762b-ecc4-43c9-b2f2-c97e847bbc44 - - - - -] cinder.cafile = None log_opt_values /usr/lib/python3/dist-packages/oslo_config/cfg.py:2609
2025-05-12 00:31:44.671 129353 DEBUG oslo_service.service [req-b61e762b-ecc4-43c9-b2f2-c97e847bbc44 - - - - -] cinder.catalog_info = volumev3::publicURL log_opt_values /usr/lib/python3/dist-packages/oslo_config/cfg.py:2609
2025-05-12 00:31:44.672 129353 DEBUG oslo_service.service [req-b61e762b-ecc4-43c9-b2f2-c97e847bbc44 - - - - -] cinder.certfile = None log_opt_values /usr/lib/python3/dist-packages/oslo_config/cfg.py:2609
2025-05-12 00:31:44.672 129353 DEBUG oslo_service.service [req-b61e762b-ecc4-43c9-b2f2-c97e847bbc44 - - - - -] cinder.collect_timing = False log_opt_values /usr/lib/python3/dist-packages/oslo_config/cfg.py:2609
2025-05-12 00:31:44.672 129353 DEBUG oslo_service.service [req-b61e762b-ecc4-43c9-b2f2-c97e847bbc44 - - - - -] cinder.cross_az_attach = True log_opt_values /usr/lib/python3/dist-packages/oslo_config/cfg.py:2609
2025-05-12 00:31:44.673 129353 DEBUG oslo_service.service [req-b61e762b-ecc4-43c9-b2f2-c97e847bbc44 - - - - -] cinder.debug = False log_opt_values /usr/lib/python3/dist-packages/oslo_config/cfg.py:2609
2025-05-12 00:31:44.673 129353 DEBUG oslo_service.service [req-b61e762b-ecc4-43c9-b2f2-c97e847bbc44 - - - - -] cinder.endpoint_template = None log_opt_values /usr/lib/python3/dist-packages/oslo_config/cfg.py:2609
2025-05-12 00:31:44.673 129353 DEBUG oslo_service.service [req-b61e762b-ecc4-43c9-b2f2-c97e847bbc44 - - - - -] cinder.http_retries = 3 log_opt_values /usr/lib/python3/dist-packages/oslo_config/cfg.py:2609
2025-05-12 00:31:44.673 129353 DEBUG oslo_service.service [req-b61e762b-ecc4-43c9-b2f2-c97e847bbc44 - - - - -] cinder.insecure = False log_opt_values /usr/lib/python3/dist-packages/oslo_config/cfg.py:2609
2025-05-12 00:31:44.674 129353 DEBUG oslo_service.service [req-b61e762b-ecc4-43c9-b2f2-c97e847bbc44 - - - - -] cinder.keyfile = None log_opt_values /usr/lib/python3/dist-packages/oslo_config/cfg.py:2609
2025-05-12 00:31:44.674 129353 DEBUG oslo_service.service [req-b61e762b-ecc4-43c9-b2f2-c97e847bbc44 - - - - -] cinder.os_region_name = None log_opt_values /usr/lib/python3/dist-packages/oslo_config/cfg.py:2609
2025-05-12 00:31:44.674 129353 DEBUG oslo_service.service [req-b61e762b-ecc4-43c9-b2f2-c97e847bbc44 - - - - -] cinder.split_loggers = False log_opt_values /usr/lib/python3/dist-packages/oslo_config/cfg.py:2609
2025-05-12 00:31:44.674 129353 DEBUG oslo_service.service [req-b61e762b-ecc4-43c9-b2f2-c97e847bbc44 - - - - -] cinder.timeout = None log_opt_values /usr/lib/python3/dist-packages/oslo_config/cfg.py:2609
2025-05-12 00:31:44.674 129353 DEBUG oslo_service.service [req-b61e762b-ecc4-43c9-b2f2-c97e847bbc44 - - - - -] compute.consecutive_build_service_disable_threshold = 10 log_opt_values /usr/lib/python3/dist-packages/oslo_config/cfg.py:2609
2025-05-12 00:31:44.674 129353 DEBUG oslo_service.service [req-b61e762b-ecc4-43c9-b2f2-c97e847bbc44 - - - - -] compute.cpu_dedicated_set = None log_opt_values /usr/lib/python3/dist-packages/oslo_config/cfg.py:2609
2025-05-12 00:31:44.675 129353 DEBUG oslo_service.service [req-b61e762b-ecc4-43c9-b2f2-c97e847bbc44 - - - - -] compute.cpu_shared_set = None log_opt_values /usr/lib/python3/dist-packages/oslo_config/cfg.py:2609
2025-05-12 00:31:44.675 129353 DEBUG oslo_service.service [req-b61e762b-ecc4-43c9-b2f2-c97e847bbc44 - - - - -] compute.image_type_exclude_list = [] log_opt_values /usr/lib/python3/dist-packages/oslo_config/cfg.py:2609
2025-05-12 00:31:44.675 129353 DEBUG oslo_service.service [req-b61e762b-ecc4-43c9-b2f2-c97e847bbc44 - - - - -] compute.live_migration_wait_for_vif_plug = True log_opt_values /usr/lib/python3/dist-packages/oslo_config/cfg.py:2609
2025-05-12 00:31:44.675 129353 DEBUG oslo_service.service [req-b61e762b-ecc4-43c9-b2f2-c97e847bbc44 - - - - -] compute.max_concurrent_disk_ops = 0 log_opt_values /usr/lib/python3/dist-packages/oslo_config/cfg.py:2609
2025-05-12 00:31:44.675 129353 DEBUG oslo_service.service [req-b61e762b-ecc4-43c9-b2f2-c97e847bbc44 - - - - -] compute.max_disk_devices_to_attach = -1 log_opt_values /usr/lib/python3/dist-packages/oslo_config/cfg.py:2609
2025-05-12 00:31:44.675 129353 DEBUG oslo_service.service [req-b61e762b-ecc4-43c9-b2f2-c97e847bbc44 - - - - -] compute.packing_host_numa_cells_allocation_strategy = True log_opt_values /usr/lib/python3/dist-packages/oslo_config/cfg.py:2609
2025-05-12 00:31:44.675 129618 DEBUG nova.service [req-819ab0fd-717c-4000-a8c0-1e3f6334fd5d - - - - -] Creating RPC server for service conductor start /usr/lib/python3/dist-packages/nova/service.py:182
2025-05-12 00:31:44.676 129353 DEBUG oslo_service.service [req-b61e762b-ecc4-43c9-b2f2-c97e847bbc44 - - - - -] compute.provider_config_location = /etc/nova/provider_config/ log_opt_values /usr/lib/python3/dist-packages/oslo_config/cfg.py:2609
2025-05-12 00:31:44.676 129353 DEBUG oslo_service.service [req-b61e762b-ecc4-43c9-b2f2-c97e847bbc44 - - - - -] compute.resource_provider_association_refresh = 300 log_opt_values /usr/lib/python3/dist-packages/oslo_config/cfg.py:2609
2025-05-12 00:31:44.677 129353 DEBUG oslo_service.service [req-b61e762b-ecc4-43c9-b2f2-c97e847bbc44 - - - - -] compute.shutdown_retry_interval = 10 log_opt_values /usr/lib/python3/dist-packages/oslo_config/cfg.py:2609
2025-05-12 00:31:44.677 129353 DEBUG oslo_service.service [req-b61e762b-ecc4-43c9-b2f2-c97e847bbc44 - - - - -] compute.vmdk_allowed_types = ['streamOptimized', 'monolithicSparse'] log_opt_values /usr/lib/python3/dist-packages/oslo_config/cfg.py:2609
2025-05-12 00:31:44.677 129353 DEBUG oslo_service.service [req-b61e762b-ecc4-43c9-b2f2-c97e847bbc44 - - - - -] conductor.workers = 4 log_opt_values /usr/lib/python3/dist-packages/oslo_config/cfg.py:2609
2025-05-12 00:31:44.678 129353 DEBUG oslo_service.service [req-b61e762b-ecc4-43c9-b2f2-c97e847bbc44 - - - - -] console.allowed_origins = [] log_opt_values /usr/lib/python3/dist-packages/oslo_config/cfg.py:2609
2025-05-12 00:31:44.678 129353 DEBUG oslo_service.service [req-b61e762b-ecc4-43c9-b2f2-c97e847bbc44 - - - - -] console.ssl_ciphers = None log_opt_values /usr/lib/python3/dist-packages/oslo_config/cfg.py:2609
2025-05-12 00:31:44.678 129353 DEBUG oslo_service.service [req-b61e762b-ecc4-43c9-b2f2-c97e847bbc44 - - - - -] console.ssl_minimum_version = default log_opt_values /usr/lib/python3/dist-packages/oslo_config/cfg.py:2609
2025-05-12 00:31:44.678 129353 DEBUG oslo_service.service [req-b61e762b-ecc4-43c9-b2f2-c97e847bbc44 - - - - -] consoleauth.token_ttl = 600 log_opt_values /usr/lib/python3/dist-packages/oslo_config/cfg.py:2609
2025-05-12 00:31:44.679 129353 DEBUG oslo_service.service [req-b61e762b-ecc4-43c9-b2f2-c97e847bbc44 - - - - -] cyborg.cafile = None log_opt_values /usr/lib/python3/dist-packages/oslo_config/cfg.py:2609
2025-05-12 00:31:44.679 129619 DEBUG nova.service [req-2b9f9107-8f1c-4756-a6da-3d6282a5accc - - - - -] Creating RPC server for service conductor start /usr/lib/python3/dist-packages/nova/service.py:182
2025-05-12 00:31:44.679 129620 DEBUG nova.service [req-964184ec-9799-4c2c-85b0-b6fb930354a2 - - - - -] Creating RPC server for service conductor start /usr/lib/python3/dist-packages/nova/service.py:182
2025-05-12 00:31:44.680 129353 DEBUG oslo_service.service [req-b61e762b-ecc4-43c9-b2f2-c97e847bbc44 - - - - -] cyborg.certfile = None log_opt_values /usr/lib/python3/dist-packages/oslo_config/cfg.py:2609
2025-05-12 00:31:44.680 129353 DEBUG oslo_service.service [req-b61e762b-ecc4-43c9-b2f2-c97e847bbc44 - - - - -] cyborg.collect_timing = False log_opt_values /usr/lib/python3/dist-packages/oslo_config/cfg.py:2609
2025-05-12 00:31:44.680 129353 DEBUG oslo_service.service [req-b61e762b-ecc4-43c9-b2f2-c97e847bbc44 - - - - -] cyborg.connect_retries = None log_opt_values /usr/lib/python3/dist-packages/oslo_config/cfg.py:2609
2025-05-12 00:31:44.681 129353 DEBUG oslo_service.service [req-b61e762b-ecc4-43c9-b2f2-c97e847bbc44 - - - - -] cyborg.connect_retry_delay = None log_opt_values /usr/lib/python3/dist-packages/oslo_config/cfg.py:2609
2025-05-12 00:31:44.681 129353 DEBUG oslo_service.service [req-b61e762b-ecc4-43c9-b2f2-c97e847bbc44 - - - - -] cyborg.endpoint_override = None log_opt_values /usr/lib/python3/dist-packages/oslo_config/cfg.py:2609
2025-05-12 00:31:44.681 129353 DEBUG oslo_service.service [req-b61e762b-ecc4-43c9-b2f2-c97e847bbc44 - - - - -] cyborg.insecure = False log_opt_values /usr/lib/python3/dist-packages/oslo_config/cfg.py:2609
2025-05-12 00:31:44.682 129353 DEBUG oslo_service.service [req-b61e762b-ecc4-43c9-b2f2-c97e847bbc44 - - - - -] cyborg.keyfile = None log_opt_values /usr/lib/python3/dist-packages/oslo_config/cfg.py:2609
2025-05-12 00:31:44.682 129353 DEBUG oslo_service.service [req-b61e762b-ecc4-43c9-b2f2-c97e847bbc44 - - - - -] cyborg.max_version = None log_opt_values /usr/lib/python3/dist-packages/oslo_config/cfg.py:2609
2025-05-12 00:31:44.682 129353 DEBUG oslo_service.service [req-b61e762b-ecc4-43c9-b2f2-c97e847bbc44 - - - - -] cyborg.min_version = None log_opt_values /usr/lib/python3/dist-packages/oslo_config/cfg.py:2609
2025-05-12 00:31:44.683 129353 DEBUG oslo_service.service [req-b61e762b-ecc4-43c9-b2f2-c97e847bbc44 - - - - -] cyborg.region_name = None log_opt_values /usr/lib/python3/dist-packages/oslo_config/cfg.py:2609
2025-05-12 00:31:44.683 129353 DEBUG oslo_service.service [req-b61e762b-ecc4-43c9-b2f2-c97e847bbc44 - - - - -] cyborg.service_name = None log_opt_values /usr/lib/python3/dist-packages/oslo_config/cfg.py:2609
2025-05-12 00:31:44.683 129353 DEBUG oslo_service.service [req-b61e762b-ecc4-43c9-b2f2-c97e847bbc44 - - - - -] cyborg.service_type = accelerator log_opt_values /usr/lib/python3/dist-packages/oslo_config/cfg.py:2609
2025-05-12 00:31:44.683 129353 DEBUG oslo_service.service [req-b61e762b-ecc4-43c9-b2f2-c97e847bbc44 - - - - -] cyborg.split_loggers = False log_opt_values /usr/lib/python3/dist-packages/oslo_config/cfg.py:2609
2025-05-12 00:31:44.684 129353 DEBUG oslo_service.service [req-b61e762b-ecc4-43c9-b2f2-c97e847bbc44 - - - - -] cyborg.status_code_retries = None log_opt_values /usr/lib/python3/dist-packages/oslo_config/cfg.py:2609
2025-05-12 00:31:44.685 129353 DEBUG oslo_service.service [req-b61e762b-ecc4-43c9-b2f2-c97e847bbc44 - - - - -] cyborg.status_code_retry_delay = None log_opt_values /usr/lib/python3/dist-packages/oslo_config/cfg.py:2609
2025-05-12 00:31:44.685 129353 DEBUG oslo_service.service [req-b61e762b-ecc4-43c9-b2f2-c97e847bbc44 - - - - -] cyborg.timeout = None log_opt_values /usr/lib/python3/dist-packages/oslo_config/cfg.py:2609
2025-05-12 00:31:44.685 129353 DEBUG oslo_service.service [req-b61e762b-ecc4-43c9-b2f2-c97e847bbc44 - - - - -] cyborg.valid_interfaces = ['internal', 'public'] log_opt_values /usr/lib/python3/dist-packages/oslo_config/cfg.py:2609
2025-05-12 00:31:44.686 129353 DEBUG oslo_service.service [req-b61e762b-ecc4-43c9-b2f2-c97e847bbc44 - - - - -] cyborg.version = None log_opt_values /usr/lib/python3/dist-packages/oslo_config/cfg.py:2609
2025-05-12 00:31:44.686 129353 DEBUG oslo_service.service [req-b61e762b-ecc4-43c9-b2f2-c97e847bbc44 - - - - -] database.backend = sqlalchemy log_opt_values /usr/lib/python3/dist-packages/oslo_config/cfg.py:2609
2025-05-12 00:31:44.687 129353 DEBUG oslo_service.service [req-b61e762b-ecc4-43c9-b2f2-c97e847bbc44 - - - - -] database.connection = **** log_opt_values /usr/lib/python3/dist-packages/oslo_config/cfg.py:2609
2025-05-12 00:31:44.687 129353 DEBUG oslo_service.service [req-b61e762b-ecc4-43c9-b2f2-c97e847bbc44 - - - - -] database.connection_debug = 0 log_opt_values /usr/lib/python3/dist-packages/oslo_config/cfg.py:2609
2025-05-12 00:31:44.687 129353 DEBUG oslo_service.service [req-b61e762b-ecc4-43c9-b2f2-c97e847bbc44 - - - - -] database.connection_parameters = log_opt_values /usr/lib/python3/dist-packages/oslo_config/cfg.py:2609
2025-05-12 00:31:44.688 129353 DEBUG oslo_service.service [req-b61e762b-ecc4-43c9-b2f2-c97e847bbc44 - - - - -] database.connection_recycle_time = 3600 log_opt_values /usr/lib/python3/dist-packages/oslo_config/cfg.py:2609
2025-05-12 00:31:44.688 129353 DEBUG oslo_service.service [req-b61e762b-ecc4-43c9-b2f2-c97e847bbc44 - - - - -] database.connection_trace = False log_opt_values /usr/lib/python3/dist-packages/oslo_config/cfg.py:2609
2025-05-12 00:31:44.689 129353 DEBUG oslo_service.service [req-b61e762b-ecc4-43c9-b2f2-c97e847bbc44 - - - - -] database.db_inc_retry_interval = True log_opt_values /usr/lib/python3/dist-packages/oslo_config/cfg.py:2609
2025-05-12 00:31:44.691 129353 DEBUG oslo_service.service [req-b61e762b-ecc4-43c9-b2f2-c97e847bbc44 - - - - -] database.db_max_retries = 20 log_opt_values /usr/lib/python3/dist-packages/oslo_config/cfg.py:2609
2025-05-12 00:31:44.692 129353 DEBUG oslo_service.service [req-b61e762b-ecc4-43c9-b2f2-c97e847bbc44 - - - - -] database.db_max_retry_interval = 10 log_opt_values /usr/lib/python3/dist-packages/oslo_config/cfg.py:2609
2025-05-12 00:31:44.694 129353 DEBUG oslo_service.service [req-b61e762b-ecc4-43c9-b2f2-c97e847bbc44 - - - - -] database.db_retry_interval = 1 log_opt_values /usr/lib/python3/dist-packages/oslo_config/cfg.py:2609
2025-05-12 00:31:44.696 129353 DEBUG oslo_service.service [req-b61e762b-ecc4-43c9-b2f2-c97e847bbc44 - - - - -] database.max_overflow = 50 log_opt_values /usr/lib/python3/dist-packages/oslo_config/cfg.py:2609
2025-05-12 00:31:44.698 129353 DEBUG oslo_service.service [req-b61e762b-ecc4-43c9-b2f2-c97e847bbc44 - - - - -] database.max_pool_size = 4 log_opt_values /usr/lib/python3/dist-packages/oslo_config/cfg.py:2609
2025-05-12 00:31:44.699 129353 DEBUG oslo_service.service [req-b61e762b-ecc4-43c9-b2f2-c97e847bbc44 - - - - -] database.max_retries = 10 log_opt_values /usr/lib/python3/dist-packages/oslo_config/cfg.py:2609
2025-05-12 00:31:44.699 129353 DEBUG oslo_service.service [req-b61e762b-ecc4-43c9-b2f2-c97e847bbc44 - - - - -] database.mysql_enable_ndb = False log_opt_values /usr/lib/python3/dist-packages/oslo_config/cfg.py:2609
2025-05-12 00:31:44.699 129353 DEBUG oslo_service.service [req-b61e762b-ecc4-43c9-b2f2-c97e847bbc44 - - - - -] database.mysql_sql_mode = TRADITIONAL log_opt_values /usr/lib/python3/dist-packages/oslo_config/cfg.py:2609
2025-05-12 00:31:44.699 129620 DEBUG oslo_messaging._drivers.amqpdriver [-] Listener is running poll /usr/lib/python3/dist-packages/oslo_messaging/_drivers/amqpdriver.py:343
2025-05-12 00:31:44.700 129620 DEBUG oslo_messaging._drivers.amqpdriver [-] AMQPListener connection consume poll /usr/lib/python3/dist-packages/oslo_messaging/_drivers/amqpdriver.py:357
2025-05-12 00:31:44.700 129353 DEBUG oslo_service.service [req-b61e762b-ecc4-43c9-b2f2-c97e847bbc44 - - - - -] database.pool_timeout = None log_opt_values /usr/lib/python3/dist-packages/oslo_config/cfg.py:2609
2025-05-12 00:31:44.700 129353 DEBUG oslo_service.service [req-b61e762b-ecc4-43c9-b2f2-c97e847bbc44 - - - - -] database.retry_interval = 10 log_opt_values /usr/lib/python3/dist-packages/oslo_config/cfg.py:2609
2025-05-12 00:31:44.700 129620 DEBUG nova.service [req-964184ec-9799-4c2c-85b0-b6fb930354a2 - - - - -] Join ServiceGroup membership for this service conductor start /usr/lib/python3/dist-packages/nova/service.py:199
2025-05-12 00:31:44.700 129353 DEBUG oslo_service.service [req-b61e762b-ecc4-43c9-b2f2-c97e847bbc44 - - - - -] database.slave_connection = **** log_opt_values /usr/lib/python3/dist-packages/oslo_config/cfg.py:2609
2025-05-12 00:31:44.700 129620 DEBUG nova.servicegroup.drivers.db [req-964184ec-9799-4c2c-85b0-b6fb930354a2 - - - - -] DB_Driver: join new ServiceGroup member juju-711bc3-0-lxd-7 to the conductor group, service = join /usr/lib/python3/dist-packages/nova/servicegroup/drivers/db.py:44
2025-05-12 00:31:44.700 129353 DEBUG oslo_service.service [req-b61e762b-ecc4-43c9-b2f2-c97e847bbc44 - - - - -] database.sqlite_synchronous = True log_opt_values /usr/lib/python3/dist-packages/oslo_config/cfg.py:2609
2025-05-12 00:31:44.699 129617 DEBUG oslo_messaging._drivers.amqpdriver [-] Listener is running poll /usr/lib/python3/dist-packages/oslo_messaging/_drivers/amqpdriver.py:343
2025-05-12 00:31:44.701 129353 DEBUG oslo_service.service [req-b61e762b-ecc4-43c9-b2f2-c97e847bbc44 - - - - -] database.use_db_reconnect = False log_opt_values /usr/lib/python3/dist-packages/oslo_config/cfg.py:2609
2025-05-12 00:31:44.701 129617 DEBUG oslo_messaging._drivers.amqpdriver [-] AMQPListener connection consume poll /usr/lib/python3/dist-packages/oslo_messaging/_drivers/amqpdriver.py:357
2025-05-12 00:31:44.701 129353 DEBUG oslo_service.service [req-b61e762b-ecc4-43c9-b2f2-c97e847bbc44 - - - - -] api_database.backend = sqlalchemy log_opt_values /usr/lib/python3/dist-packages/oslo_config/cfg.py:2609
2025-05-12 00:31:44.701 129618 DEBUG oslo_messaging._drivers.amqpdriver [-] Listener is running poll /usr/lib/python3/dist-packages/oslo_messaging/_drivers/amqpdriver.py:343
2025-05-12 00:31:44.701 129618 DEBUG oslo_messaging._drivers.amqpdriver [-] AMQPListener connection consume poll /usr/lib/python3/dist-packages/oslo_messaging/_drivers/amqpdriver.py:357
2025-05-12 00:31:44.701 129353 DEBUG oslo_service.service [req-b61e762b-ecc4-43c9-b2f2-c97e847bbc44 - - - - -] api_database.connection = **** log_opt_values /usr/lib/python3/dist-packages/oslo_config/cfg.py:2609
2025-05-12 00:31:44.701 129617 DEBUG nova.service [req-508a2044-664e-4261-ba56-42bf368515b9 - - - - -] Join ServiceGroup membership for this service conductor start /usr/lib/python3/dist-packages/nova/service.py:199
2025-05-12 00:31:44.702 129353 DEBUG oslo_service.service [req-b61e762b-ecc4-43c9-b2f2-c97e847bbc44 - - - - -] api_database.connection_debug = 0 log_opt_values /usr/lib/python3/dist-packages/oslo_config/cfg.py:2609
2025-05-12 00:31:44.702 129353 DEBUG oslo_service.service [req-b61e762b-ecc4-43c9-b2f2-c97e847bbc44 - - - - -] api_database.connection_parameters = log_opt_values /usr/lib/python3/dist-packages/oslo_config/cfg.py:2609
2025-05-12 00:31:44.702 129617 DEBUG nova.servicegroup.drivers.db [req-508a2044-664e-4261-ba56-42bf368515b9 - - - - -] DB_Driver: join new ServiceGroup member juju-711bc3-0-lxd-7 to the conductor group, service = join /usr/lib/python3/dist-packages/nova/servicegroup/drivers/db.py:44
2025-05-12 00:31:44.703 129620 DEBUG oslo_messaging._drivers.amqpdriver [-] AMQPListener connection timeout poll /usr/lib/python3/dist-packages/oslo_messaging/_drivers/amqpdriver.py:360
2025-05-12 00:31:44.703 129620 DEBUG oslo_messaging._drivers.amqpdriver [-] Listener is running poll /usr/lib/python3/dist-packages/oslo_messaging/_drivers/amqpdriver.py:343
2025-05-12 00:31:44.703 129353 DEBUG oslo_service.service [req-b61e762b-ecc4-43c9-b2f2-c97e847bbc44 - - - - -] api_database.connection_recycle_time = 3600 log_opt_values /usr/lib/python3/dist-packages/oslo_config/cfg.py:2609
2025-05-12 00:31:44.703 129620 DEBUG oslo_messaging._drivers.amqpdriver [-] AMQPListener connection consume poll /usr/lib/python3/dist-packages/oslo_messaging/_drivers/amqpdriver.py:357
2025-05-12 00:31:44.703 129353 DEBUG oslo_service.service [req-b61e762b-ecc4-43c9-b2f2-c97e847bbc44 - - - - -] api_database.connection_trace = False log_opt_values /usr/lib/python3/dist-packages/oslo_config/cfg.py:2609
2025-05-12 00:31:44.703 129353 DEBUG oslo_service.service [req-b61e762b-ecc4-43c9-b2f2-c97e847bbc44 - - - - -] api_database.db_inc_retry_interval = True log_opt_values /usr/lib/python3/dist-packages/oslo_config/cfg.py:2609
2025-05-12 00:31:44.704 129353 DEBUG oslo_service.service [req-b61e762b-ecc4-43c9-b2f2-c97e847bbc44 - - - - -] api_database.db_max_retries = 20 log_opt_values /usr/lib/python3/dist-packages/oslo_config/cfg.py:2609
2025-05-12 00:31:44.704 129353 DEBUG oslo_service.service [req-b61e762b-ecc4-43c9-b2f2-c97e847bbc44 - - - - -] api_database.db_max_retry_interval = 10 log_opt_values /usr/lib/python3/dist-packages/oslo_config/cfg.py:2609
2025-05-12 00:31:44.704 129353 DEBUG oslo_service.service [req-b61e762b-ecc4-43c9-b2f2-c97e847bbc44 - - - - -] api_database.db_retry_interval = 1 log_opt_values /usr/lib/python3/dist-packages/oslo_config/cfg.py:2609
2025-05-12 00:31:44.704 129619 DEBUG oslo_messaging._drivers.amqpdriver [-] Listener is running poll /usr/lib/python3/dist-packages/oslo_messaging/_drivers/amqpdriver.py:343
2025-05-12 00:31:44.704 129618 DEBUG nova.service [req-819ab0fd-717c-4000-a8c0-1e3f6334fd5d - - - - -] Join ServiceGroup membership for this service conductor start /usr/lib/python3/dist-packages/nova/service.py:199
2025-05-12 00:31:44.704 129619 DEBUG oslo_messaging._drivers.amqpdriver [-] AMQPListener connection consume poll /usr/lib/python3/dist-packages/oslo_messaging/_drivers/amqpdriver.py:357
2025-05-12 00:31:44.704 129353 DEBUG oslo_service.service [req-b61e762b-ecc4-43c9-b2f2-c97e847bbc44 - - - - -] api_database.max_overflow = 50 log_opt_values /usr/lib/python3/dist-packages/oslo_config/cfg.py:2609
2025-05-12 00:31:44.704 129618 DEBUG nova.servicegroup.drivers.db [req-819ab0fd-717c-4000-a8c0-1e3f6334fd5d - - - - -] DB_Driver: join new ServiceGroup member juju-711bc3-0-lxd-7 to the conductor group, service = join /usr/lib/python3/dist-packages/nova/servicegroup/drivers/db.py:44
2025-05-12 00:31:44.704 129353 DEBUG oslo_service.service [req-b61e762b-ecc4-43c9-b2f2-c97e847bbc44 - - - - -] api_database.max_pool_size = 4 log_opt_values /usr/lib/python3/dist-packages/oslo_config/cfg.py:2609
2025-05-12 00:31:44.705 129353 DEBUG oslo_service.service [req-b61e762b-ecc4-43c9-b2f2-c97e847bbc44 - - - - -] api_database.max_retries = 10 log_opt_values /usr/lib/python3/dist-packages/oslo_config/cfg.py:2609
2025-05-12 00:31:44.705 129353 DEBUG oslo_service.service [req-b61e762b-ecc4-43c9-b2f2-c97e847bbc44 - - - - -] api_database.mysql_enable_ndb = False log_opt_values /usr/lib/python3/dist-packages/oslo_config/cfg.py:2609
2025-05-12 00:31:44.705 129619 DEBUG nova.service [req-2b9f9107-8f1c-4756-a6da-3d6282a5accc - - - - -] Join ServiceGroup membership for this service conductor start /usr/lib/python3/dist-packages/nova/service.py:199
2025-05-12 00:31:44.705 129353 DEBUG oslo_service.service [req-b61e762b-ecc4-43c9-b2f2-c97e847bbc44 - - - - -] api_database.mysql_sql_mode = TRADITIONAL log_opt_values /usr/lib/python3/dist-packages/oslo_config/cfg.py:2609
2025-05-12 00:31:44.705 129619 DEBUG nova.servicegroup.drivers.db [req-2b9f9107-8f1c-4756-a6da-3d6282a5accc - - - - -] DB_Driver: join new ServiceGroup member juju-711bc3-0-lxd-7 to the conductor group, service = join /usr/lib/python3/dist-packages/nova/servicegroup/drivers/db.py:44
2025-05-12 00:31:44.705 129617 DEBUG oslo_messaging._drivers.amqpdriver [-] AMQPListener connection timeout poll /usr/lib/python3/dist-packages/oslo_messaging/_drivers/amqpdriver.py:360
2025-05-12 00:31:44.706 129353 DEBUG oslo_service.service [req-b61e762b-ecc4-43c9-b2f2-c97e847bbc44 - - - - -] api_database.pool_timeout = None log_opt_values /usr/lib/python3/dist-packages/oslo_config/cfg.py:2609
2025-05-12 00:31:44.706 129617 DEBUG oslo_messaging._drivers.amqpdriver [-] Listener is running poll /usr/lib/python3/dist-packages/oslo_messaging/_drivers/amqpdriver.py:343
2025-05-12 00:31:44.706 129353 DEBUG oslo_service.service [req-b61e762b-ecc4-43c9-b2f2-c97e847bbc44 - - - - -] api_database.retry_interval = 10 log_opt_values /usr/lib/python3/dist-packages/oslo_config/cfg.py:2609
2025-05-12 00:31:44.706 129617 DEBUG oslo_messaging._drivers.amqpdriver [-] AMQPListener connection consume poll /usr/lib/python3/dist-packages/oslo_messaging/_drivers/amqpdriver.py:357
2025-05-12 00:31:44.706 129353 DEBUG oslo_service.service [req-b61e762b-ecc4-43c9-b2f2-c97e847bbc44 - - - - -] api_database.slave_connection = **** log_opt_values /usr/lib/python3/dist-packages/oslo_config/cfg.py:2609
2025-05-12 00:31:44.707 129618 DEBUG oslo_messaging._drivers.amqpdriver [-] AMQPListener connection timeout poll /usr/lib/python3/dist-packages/oslo_messaging/_drivers/amqpdriver.py:360
2025-05-12 00:31:44.707 129353 DEBUG oslo_service.service [req-b61e762b-ecc4-43c9-b2f2-c97e847bbc44 - - - - -] api_database.sqlite_synchronous = True log_opt_values /usr/lib/python3/dist-packages/oslo_config/cfg.py:2609
2025-05-12 00:31:44.707 129618 DEBUG oslo_messaging._drivers.amqpdriver [-] Listener is running poll /usr/lib/python3/dist-packages/oslo_messaging/_drivers/amqpdriver.py:343
2025-05-12 00:31:44.707 129618 DEBUG oslo_messaging._drivers.amqpdriver [-] AMQPListener connection consume poll /usr/lib/python3/dist-packages/oslo_messaging/_drivers/amqpdriver.py:357
2025-05-12 00:31:44.707 129353 DEBUG oslo_service.service [req-b61e762b-ecc4-43c9-b2f2-c97e847bbc44 - - - - -] devices.enabled_mdev_types = [] log_opt_values /usr/lib/python3/dist-packages/oslo_config/cfg.py:2609
2025-05-12 00:31:44.707 129353 DEBUG oslo_service.service [req-b61e762b-ecc4-43c9-b2f2-c97e847bbc44 - - - - -] ephemeral_storage_encryption.cipher = aes-xts-plain64 log_opt_values /usr/lib/python3/dist-packages/oslo_config/cfg.py:2609
2025-05-12 00:31:44.707 129353 DEBUG oslo_service.service [req-b61e762b-ecc4-43c9-b2f2-c97e847bbc44 - - - - -] ephemeral_storage_encryption.enabled = False log_opt_values /usr/lib/python3/dist-packages/oslo_config/cfg.py:2609
2025-05-12 00:31:44.707 129353 DEBUG oslo_service.service [req-b61e762b-ecc4-43c9-b2f2-c97e847bbc44 - - - - -] ephemeral_storage_encryption.key_size = 512 log_opt_values /usr/lib/python3/dist-packages/oslo_config/cfg.py:2609
2025-05-12 00:31:44.708 129353 WARNING oslo_config.cfg [req-b61e762b-ecc4-43c9-b2f2-c97e847bbc44 - - - - -] Deprecated: Option "api_servers" from group "glance" is deprecated for removal ( Support for image service configuration via standard keystoneauth1 Adapter options was added in the 17.0.0 Queens release. The api_servers option was retained temporarily to allow consumers time to cut over to a real load balancing solution. ). Its value may be silently ignored in the future.
2025-05-12 00:31:44.708 129619 DEBUG oslo_messaging._drivers.amqpdriver [-] AMQPListener connection timeout poll /usr/lib/python3/dist-packages/oslo_messaging/_drivers/amqpdriver.py:360
2025-05-12 00:31:44.709 129619 DEBUG oslo_messaging._drivers.amqpdriver [-] Listener is running poll /usr/lib/python3/dist-packages/oslo_messaging/_drivers/amqpdriver.py:343
2025-05-12 00:31:44.709 129619 DEBUG oslo_messaging._drivers.amqpdriver [-] AMQPListener connection consume poll /usr/lib/python3/dist-packages/oslo_messaging/_drivers/amqpdriver.py:357
2025-05-12 00:31:44.709 129353 DEBUG oslo_service.service [req-b61e762b-ecc4-43c9-b2f2-c97e847bbc44 - - - - -] glance.api_servers = ['http://252.33.228.166:9292'] log_opt_values /usr/lib/python3/dist-packages/oslo_config/cfg.py:2609
2025-05-12 00:31:44.709 129353 DEBUG oslo_service.service [req-b61e762b-ecc4-43c9-b2f2-c97e847bbc44 - - - - -] glance.cafile = None log_opt_values /usr/lib/python3/dist-packages/oslo_config/cfg.py:2609
2025-05-12 00:31:44.709 129353 DEBUG oslo_service.service [req-b61e762b-ecc4-43c9-b2f2-c97e847bbc44 - - - - -] glance.certfile = None log_opt_values /usr/lib/python3/dist-packages/oslo_config/cfg.py:2609
2025-05-12 00:31:44.709 129353 DEBUG oslo_service.service [req-b61e762b-ecc4-43c9-b2f2-c97e847bbc44 - - - - -] glance.collect_timing = False log_opt_values /usr/lib/python3/dist-packages/oslo_config/cfg.py:2609
2025-05-12 00:31:44.709 129353 DEBUG oslo_service.service [req-b61e762b-ecc4-43c9-b2f2-c97e847bbc44 - - - - -] glance.connect_retries = None log_opt_values /usr/lib/python3/dist-packages/oslo_config/cfg.py:2609
2025-05-12 00:31:44.709 129353 DEBUG oslo_service.service [req-b61e762b-ecc4-43c9-b2f2-c97e847bbc44 - - - - -] glance.connect_retry_delay = None log_opt_values /usr/lib/python3/dist-packages/oslo_config/cfg.py:2609
2025-05-12 00:31:44.710 129353 DEBUG oslo_service.service [req-b61e762b-ecc4-43c9-b2f2-c97e847bbc44 - - - - -] glance.debug = False log_opt_values /usr/lib/python3/dist-packages/oslo_config/cfg.py:2609
2025-05-12 00:31:44.710 129353 DEBUG oslo_service.service [req-b61e762b-ecc4-43c9-b2f2-c97e847bbc44 - - - - -] glance.default_trusted_certificate_ids = [] log_opt_values /usr/lib/python3/dist-packages/oslo_config/cfg.py:2609
2025-05-12 00:31:44.710 129353 DEBUG oslo_service.service [req-b61e762b-ecc4-43c9-b2f2-c97e847bbc44 - - - - -] glance.enable_certificate_validation = False log_opt_values /usr/lib/python3/dist-packages/oslo_config/cfg.py:2609
2025-05-12 00:31:44.710 129353 DEBUG oslo_service.service [req-b61e762b-ecc4-43c9-b2f2-c97e847bbc44 - - - - -] glance.enable_rbd_download = False log_opt_values /usr/lib/python3/dist-packages/oslo_config/cfg.py:2609
2025-05-12 00:31:44.710 129353 DEBUG oslo_service.service [req-b61e762b-ecc4-43c9-b2f2-c97e847bbc44 - - - - -] glance.endpoint_override = None log_opt_values /usr/lib/python3/dist-packages/oslo_config/cfg.py:2609
2025-05-12 00:31:44.711 129353 DEBUG oslo_service.service [req-b61e762b-ecc4-43c9-b2f2-c97e847bbc44 - - - - -] glance.insecure = False log_opt_values /usr/lib/python3/dist-packages/oslo_config/cfg.py:2609
2025-05-12 00:31:44.711 129353 DEBUG oslo_service.service [req-b61e762b-ecc4-43c9-b2f2-c97e847bbc44 - - - - -] glance.keyfile = None log_opt_values /usr/lib/python3/dist-packages/oslo_config/cfg.py:2609
2025-05-12 00:31:44.711 129353 DEBUG oslo_service.service [req-b61e762b-ecc4-43c9-b2f2-c97e847bbc44 - - - - -] glance.max_version = None log_opt_values /usr/lib/python3/dist-packages/oslo_config/cfg.py:2609
2025-05-12 00:31:44.711 129353 DEBUG oslo_service.service [req-b61e762b-ecc4-43c9-b2f2-c97e847bbc44 - - - - -] glance.min_version = None log_opt_values /usr/lib/python3/dist-packages/oslo_config/cfg.py:2609
2025-05-12 00:31:44.711 129353 DEBUG oslo_service.service [req-b61e762b-ecc4-43c9-b2f2-c97e847bbc44 - - - - -] glance.num_retries = 3 log_opt_values /usr/lib/python3/dist-packages/oslo_config/cfg.py:2609
2025-05-12 00:31:44.711 129353 DEBUG oslo_service.service [req-b61e762b-ecc4-43c9-b2f2-c97e847bbc44 - - - - -] glance.rbd_ceph_conf = log_opt_values /usr/lib/python3/dist-packages/oslo_config/cfg.py:2609
2025-05-12 00:31:44.711 129353 DEBUG oslo_service.service [req-b61e762b-ecc4-43c9-b2f2-c97e847bbc44 - - - - -] glance.rbd_connect_timeout = 5 log_opt_values /usr/lib/python3/dist-packages/oslo_config/cfg.py:2609
2025-05-12 00:31:44.712 129353 DEBUG oslo_service.service [req-b61e762b-ecc4-43c9-b2f2-c97e847bbc44 - - - - -] glance.rbd_pool = log_opt_values /usr/lib/python3/dist-packages/oslo_config/cfg.py:2609
2025-05-12 00:31:44.712 129353 DEBUG oslo_service.service [req-b61e762b-ecc4-43c9-b2f2-c97e847bbc44 - - - - -] glance.rbd_user = log_opt_values /usr/lib/python3/dist-packages/oslo_config/cfg.py:2609
2025-05-12 00:31:44.712 129353 DEBUG oslo_service.service [req-b61e762b-ecc4-43c9-b2f2-c97e847bbc44 - - - - -] glance.region_name = None log_opt_values /usr/lib/python3/dist-packages/oslo_config/cfg.py:2609
2025-05-12 00:31:44.712 129353 DEBUG oslo_service.service [req-b61e762b-ecc4-43c9-b2f2-c97e847bbc44 - - - - -] glance.service_name = None log_opt_values /usr/lib/python3/dist-packages/oslo_config/cfg.py:2609
2025-05-12 00:31:44.712 129353 DEBUG oslo_service.service [req-b61e762b-ecc4-43c9-b2f2-c97e847bbc44 - - - - -] glance.service_type = image log_opt_values /usr/lib/python3/dist-packages/oslo_config/cfg.py:2609
2025-05-12 00:31:44.712 129353 DEBUG oslo_service.service [req-b61e762b-ecc4-43c9-b2f2-c97e847bbc44 - - - - -] glance.split_loggers = False log_opt_values /usr/lib/python3/dist-packages/oslo_config/cfg.py:2609
2025-05-12 00:31:44.713 129353 DEBUG oslo_service.service [req-b61e762b-ecc4-43c9-b2f2-c97e847bbc44 - - - - -] glance.status_code_retries = None log_opt_values /usr/lib/python3/dist-packages/oslo_config/cfg.py:2609
2025-05-12 00:31:44.713 129353 DEBUG oslo_service.service [req-b61e762b-ecc4-43c9-b2f2-c97e847bbc44 - - - - -] glance.status_code_retry_delay = None log_opt_values /usr/lib/python3/dist-packages/oslo_config/cfg.py:2609
2025-05-12 00:31:44.714 129353 DEBUG oslo_service.service [req-b61e762b-ecc4-43c9-b2f2-c97e847bbc44 - - - - -] glance.timeout = None log_opt_values /usr/lib/python3/dist-packages/oslo_config/cfg.py:2609
2025-05-12 00:31:44.714 129353 DEBUG oslo_service.service [req-b61e762b-ecc4-43c9-b2f2-c97e847bbc44 - - - - -] glance.valid_interfaces = ['internal', 'public'] log_opt_values /usr/lib/python3/dist-packages/oslo_config/cfg.py:2609
2025-05-12 00:31:44.714 129353 DEBUG oslo_service.service [req-b61e762b-ecc4-43c9-b2f2-c97e847bbc44 - - - - -] glance.verify_glance_signatures = False log_opt_values /usr/lib/python3/dist-packages/oslo_config/cfg.py:2609
2025-05-12 00:31:44.714 129353 DEBUG oslo_service.service [req-b61e762b-ecc4-43c9-b2f2-c97e847bbc44 - - - - -] glance.version = None log_opt_values /usr/lib/python3/dist-packages/oslo_config/cfg.py:2609
2025-05-12 00:31:44.715 129353 DEBUG oslo_service.service [req-b61e762b-ecc4-43c9-b2f2-c97e847bbc44 - - - - -] guestfs.debug = False log_opt_values /usr/lib/python3/dist-packages/oslo_config/cfg.py:2609
2025-05-12 00:31:44.715 129353 DEBUG oslo_service.service [req-b61e762b-ecc4-43c9-b2f2-c97e847bbc44 - - - - -] hyperv.config_drive_cdrom = False log_opt_values /usr/lib/python3/dist-packages/oslo_config/cfg.py:2609
2025-05-12 00:31:44.715 129353 DEBUG oslo_service.service [req-b61e762b-ecc4-43c9-b2f2-c97e847bbc44 - - - - -] hyperv.config_drive_inject_password = False log_opt_values /usr/lib/python3/dist-packages/oslo_config/cfg.py:2609
2025-05-12 00:31:44.715 129353 DEBUG oslo_service.service [req-b61e762b-ecc4-43c9-b2f2-c97e847bbc44 - - - - -] hyperv.dynamic_memory_ratio = 1.0 log_opt_values /usr/lib/python3/dist-packages/oslo_config/cfg.py:2609
2025-05-12 00:31:44.715 129353 DEBUG oslo_service.service [req-b61e762b-ecc4-43c9-b2f2-c97e847bbc44 - - - - -] hyperv.enable_instance_metrics_collection = False log_opt_values /usr/lib/python3/dist-packages/oslo_config/cfg.py:2609
2025-05-12 00:31:44.715 129353 DEBUG oslo_service.service [req-b61e762b-ecc4-43c9-b2f2-c97e847bbc44 - - - - -] hyperv.enable_remotefx = False log_opt_values /usr/lib/python3/dist-packages/oslo_config/cfg.py:2609
2025-05-12 00:31:44.716 129353 DEBUG oslo_service.service [req-b61e762b-ecc4-43c9-b2f2-c97e847bbc44 - - - - -] hyperv.instances_path_share = log_opt_values /usr/lib/python3/dist-packages/oslo_config/cfg.py:2609
2025-05-12 00:31:44.716 129353 DEBUG oslo_service.service [req-b61e762b-ecc4-43c9-b2f2-c97e847bbc44 - - - - -] hyperv.iscsi_initiator_list = [] log_opt_values /usr/lib/python3/dist-packages/oslo_config/cfg.py:2609
2025-05-12 00:31:44.716 129353 DEBUG oslo_service.service [req-b61e762b-ecc4-43c9-b2f2-c97e847bbc44 - - - - -] hyperv.limit_cpu_features = False log_opt_values /usr/lib/python3/dist-packages/oslo_config/cfg.py:2609
2025-05-12 00:31:44.716 129353 DEBUG oslo_service.service [req-b61e762b-ecc4-43c9-b2f2-c97e847bbc44 - - - - -] hyperv.mounted_disk_query_retry_count = 10 log_opt_values /usr/lib/python3/dist-packages/oslo_config/cfg.py:2609
2025-05-12 00:31:44.716 129353 DEBUG oslo_service.service [req-b61e762b-ecc4-43c9-b2f2-c97e847bbc44 - - - - -] hyperv.mounted_disk_query_retry_interval = 5 log_opt_values /usr/lib/python3/dist-packages/oslo_config/cfg.py:2609
2025-05-12 00:31:44.716 129353 DEBUG oslo_service.service [req-b61e762b-ecc4-43c9-b2f2-c97e847bbc44 - - - - -] hyperv.power_state_check_timeframe = 60 log_opt_values /usr/lib/python3/dist-packages/oslo_config/cfg.py:2609
2025-05-12 00:31:44.717 129353 DEBUG oslo_service.service [req-b61e762b-ecc4-43c9-b2f2-c97e847bbc44 - - - - -] hyperv.power_state_event_polling_interval = 2 log_opt_values /usr/lib/python3/dist-packages/oslo_config/cfg.py:2609
2025-05-12 00:31:44.717 129353 DEBUG oslo_service.service [req-b61e762b-ecc4-43c9-b2f2-c97e847bbc44 - - - - -] hyperv.qemu_img_cmd = qemu-img.exe log_opt_values /usr/lib/python3/dist-packages/oslo_config/cfg.py:2609
2025-05-12 00:31:44.717 129353 DEBUG oslo_service.service [req-b61e762b-ecc4-43c9-b2f2-c97e847bbc44 - - - - -] hyperv.use_multipath_io = False log_opt_values /usr/lib/python3/dist-packages/oslo_config/cfg.py:2609
2025-05-12 00:31:44.717 129353 DEBUG oslo_service.service [req-b61e762b-ecc4-43c9-b2f2-c97e847bbc44 - - - - -] hyperv.volume_attach_retry_count = 10 log_opt_values /usr/lib/python3/dist-packages/oslo_config/cfg.py:2609
2025-05-12 00:31:44.717 129353 DEBUG oslo_service.service [req-b61e762b-ecc4-43c9-b2f2-c97e847bbc44 - - - - -] hyperv.volume_attach_retry_interval = 5 log_opt_values /usr/lib/python3/dist-packages/oslo_config/cfg.py:2609
2025-05-12 00:31:44.717 129353 DEBUG oslo_service.service [req-b61e762b-ecc4-43c9-b2f2-c97e847bbc44 - - - - -] hyperv.vswitch_name = None log_opt_values /usr/lib/python3/dist-packages/oslo_config/cfg.py:2609
2025-05-12 00:31:44.717 129353 DEBUG oslo_service.service [req-b61e762b-ecc4-43c9-b2f2-c97e847bbc44 - - - - -] hyperv.wait_soft_reboot_seconds = 60 log_opt_values /usr/lib/python3/dist-packages/oslo_config/cfg.py:2609
2025-05-12 00:31:44.718 129353 DEBUG oslo_service.service [req-b61e762b-ecc4-43c9-b2f2-c97e847bbc44 - - - - -] mks.enabled = False log_opt_values /usr/lib/python3/dist-packages/oslo_config/cfg.py:2609
2025-05-12 00:31:44.718 129353 DEBUG oslo_service.service [req-b61e762b-ecc4-43c9-b2f2-c97e847bbc44 - - - - -] mks.mksproxy_base_url = http://127.0.0.1:6090/ log_opt_values /usr/lib/python3/dist-packages/oslo_config/cfg.py:2609
2025-05-12 00:31:44.718 129353 DEBUG oslo_service.service [req-b61e762b-ecc4-43c9-b2f2-c97e847bbc44 - - - - -] image_cache.manager_interval = 2400 log_opt_values /usr/lib/python3/dist-packages/oslo_config/cfg.py:2609
2025-05-12 00:31:44.719 129353 DEBUG oslo_service.service [req-b61e762b-ecc4-43c9-b2f2-c97e847bbc44 - - - - -] image_cache.precache_concurrency = 1 log_opt_values /usr/lib/python3/dist-packages/oslo_config/cfg.py:2609
2025-05-12 00:31:44.719 129353 DEBUG oslo_service.service [req-b61e762b-ecc4-43c9-b2f2-c97e847bbc44 - - - - -] image_cache.remove_unused_base_images = True log_opt_values /usr/lib/python3/dist-packages/oslo_config/cfg.py:2609
2025-05-12 00:31:44.719 129353 DEBUG oslo_service.service [req-b61e762b-ecc4-43c9-b2f2-c97e847bbc44 - - - - -] image_cache.remove_unused_original_minimum_age_seconds = 86400 log_opt_values /usr/lib/python3/dist-packages/oslo_config/cfg.py:2609
2025-05-12 00:31:44.719 129353 DEBUG oslo_service.service [req-b61e762b-ecc4-43c9-b2f2-c97e847bbc44 - - - - -] image_cache.remove_unused_resized_minimum_age_seconds = 3600 log_opt_values /usr/lib/python3/dist-packages/oslo_config/cfg.py:2609
2025-05-12 00:31:44.719 129353 DEBUG oslo_service.service [req-b61e762b-ecc4-43c9-b2f2-c97e847bbc44 - - - - -] image_cache.subdirectory_name = _base log_opt_values /usr/lib/python3/dist-packages/oslo_config/cfg.py:2609
2025-05-12 00:31:44.719 129353 DEBUG oslo_service.service [req-b61e762b-ecc4-43c9-b2f2-c97e847bbc44 - - - - -] ironic.api_max_retries = 60 log_opt_values /usr/lib/python3/dist-packages/oslo_config/cfg.py:2609
2025-05-12 00:31:44.720 129353 DEBUG oslo_service.service [req-b61e762b-ecc4-43c9-b2f2-c97e847bbc44 - - - - -] ironic.api_retry_interval = 2 log_opt_values /usr/lib/python3/dist-packages/oslo_config/cfg.py:2609
2025-05-12 00:31:44.720 129353 DEBUG oslo_service.service [req-b61e762b-ecc4-43c9-b2f2-c97e847bbc44 - - - - -] ironic.auth_section = None log_opt_values /usr/lib/python3/dist-packages/oslo_config/cfg.py:2609
2025-05-12 00:31:44.720 129353 DEBUG oslo_service.service [req-b61e762b-ecc4-43c9-b2f2-c97e847bbc44 - - - - -] ironic.auth_type = None log_opt_values /usr/lib/python3/dist-packages/oslo_config/cfg.py:2609
2025-05-12 00:31:44.720 129353 DEBUG oslo_service.service [req-b61e762b-ecc4-43c9-b2f2-c97e847bbc44 - - - - -] ironic.cafile = None log_opt_values /usr/lib/python3/dist-packages/oslo_config/cfg.py:2609
2025-05-12 00:31:44.720 129353 DEBUG oslo_service.service [req-b61e762b-ecc4-43c9-b2f2-c97e847bbc44 - - - - -] ironic.certfile = None log_opt_values /usr/lib/python3/dist-packages/oslo_config/cfg.py:2609
2025-05-12 00:31:44.720 129353 DEBUG oslo_service.service [req-b61e762b-ecc4-43c9-b2f2-c97e847bbc44 - - - - -] ironic.collect_timing = False log_opt_values /usr/lib/python3/dist-packages/oslo_config/cfg.py:2609
2025-05-12 00:31:44.721 129353 DEBUG oslo_service.service [req-b61e762b-ecc4-43c9-b2f2-c97e847bbc44 - - - - -] ironic.connect_retries = None log_opt_values /usr/lib/python3/dist-packages/oslo_config/cfg.py:2609
2025-05-12 00:31:44.721 129353 DEBUG oslo_service.service [req-b61e762b-ecc4-43c9-b2f2-c97e847bbc44 - - - - -] ironic.connect_retry_delay = None log_opt_values /usr/lib/python3/dist-packages/oslo_config/cfg.py:2609
2025-05-12 00:31:44.721 129353 DEBUG oslo_service.service [req-b61e762b-ecc4-43c9-b2f2-c97e847bbc44 - - - - -] ironic.endpoint_override = None log_opt_values /usr/lib/python3/dist-packages/oslo_config/cfg.py:2609
2025-05-12 00:31:44.721 129353 DEBUG oslo_service.service [req-b61e762b-ecc4-43c9-b2f2-c97e847bbc44 - - - - -] ironic.insecure = False log_opt_values /usr/lib/python3/dist-packages/oslo_config/cfg.py:2609
2025-05-12 00:31:44.721 129353 DEBUG oslo_service.service [req-b61e762b-ecc4-43c9-b2f2-c97e847bbc44 - - - - -] ironic.keyfile = None log_opt_values /usr/lib/python3/dist-packages/oslo_config/cfg.py:2609
2025-05-12 00:31:44.721 129353 DEBUG oslo_service.service [req-b61e762b-ecc4-43c9-b2f2-c97e847bbc44 - - - - -] ironic.max_version = None log_opt_values /usr/lib/python3/dist-packages/oslo_config/cfg.py:2609
