2025-05-12 00:31:44.803 129353 DEBUG oslo_service.service [req-b61e762b-ecc4-43c9-b2f2-c97e847bbc44 - - - - -] oslo_limit.connect_retry_delay = None log_opt_values /usr/lib/python3/dist-packages/oslo_config/cfg.py:2609
2025-05-12 00:31:44.804 129353 DEBUG oslo_service.service [req-b61e762b-ecc4-43c9-b2f2-c97e847bbc44 - - - - -] oslo_limit.endpoint_id = None log_opt_values /usr/lib/python3/dist-packages/oslo_config/cfg.py:2609
2025-05-12 00:31:44.804 129353 DEBUG oslo_service.service [req-b61e762b-ecc4-43c9-b2f2-c97e847bbc44 - - - - -] oslo_limit.endpoint_override = None log_opt_values /usr/lib/python3/dist-packages/oslo_config/cfg.py:2609
2025-05-12 00:31:44.804 129353 DEBUG oslo_service.service [req-b61e762b-ecc4-43c9-b2f2-c97e847bbc44 - - - - -] oslo_limit.insecure = False log_opt_values /usr/lib/python3/dist-packages/oslo_config/cfg.py:2609
2025-05-12 00:31:44.804 129353 DEBUG oslo_service.service [req-b61e762b-ecc4-43c9-b2f2-c97e847bbc44 - - - - -] oslo_limit.keyfile = None log_opt_values /usr/lib/python3/dist-packages/oslo_config/cfg.py:2609
2025-05-12 00:31:44.804 129353 DEBUG oslo_service.service [req-b61e762b-ecc4-43c9-b2f2-c97e847bbc44 - - - - -] oslo_limit.max_version = None log_opt_values /usr/lib/python3/dist-packages/oslo_config/cfg.py:2609
2025-05-12 00:31:44.804 129353 DEBUG oslo_service.service [req-b61e762b-ecc4-43c9-b2f2-c97e847bbc44 - - - - -] oslo_limit.min_version = None log_opt_values /usr/lib/python3/dist-packages/oslo_config/cfg.py:2609
2025-05-12 00:31:44.805 129353 DEBUG oslo_service.service [req-b61e762b-ecc4-43c9-b2f2-c97e847bbc44 - - - - -] oslo_limit.region_name = None log_opt_values /usr/lib/python3/dist-packages/oslo_config/cfg.py:2609
2025-05-12 00:31:44.805 129353 DEBUG oslo_service.service [req-b61e762b-ecc4-43c9-b2f2-c97e847bbc44 - - - - -] oslo_limit.service_name = None log_opt_values /usr/lib/python3/dist-packages/oslo_config/cfg.py:2609
2025-05-12 00:31:44.805 129353 DEBUG oslo_service.service [req-b61e762b-ecc4-43c9-b2f2-c97e847bbc44 - - - - -] oslo_limit.service_type = None log_opt_values /usr/lib/python3/dist-packages/oslo_config/cfg.py:2609
2025-05-12 00:31:44.805 129353 DEBUG oslo_service.service [req-b61e762b-ecc4-43c9-b2f2-c97e847bbc44 - - - - -] oslo_limit.split_loggers = False log_opt_values /usr/lib/python3/dist-packages/oslo_config/cfg.py:2609
2025-05-12 00:31:44.805 129353 DEBUG oslo_service.service [req-b61e762b-ecc4-43c9-b2f2-c97e847bbc44 - - - - -] oslo_limit.status_code_retries = None log_opt_values /usr/lib/python3/dist-packages/oslo_config/cfg.py:2609
2025-05-12 00:31:44.805 129353 DEBUG oslo_service.service [req-b61e762b-ecc4-43c9-b2f2-c97e847bbc44 - - - - -] oslo_limit.status_code_retry_delay = None log_opt_values /usr/lib/python3/dist-packages/oslo_config/cfg.py:2609
2025-05-12 00:31:44.806 129353 DEBUG oslo_service.service [req-b61e762b-ecc4-43c9-b2f2-c97e847bbc44 - - - - -] oslo_limit.timeout = None log_opt_values /usr/lib/python3/dist-packages/oslo_config/cfg.py:2609
2025-05-12 00:31:44.806 129353 DEBUG oslo_service.service [req-b61e762b-ecc4-43c9-b2f2-c97e847bbc44 - - - - -] oslo_limit.valid_interfaces = None log_opt_values /usr/lib/python3/dist-packages/oslo_config/cfg.py:2609
2025-05-12 00:31:44.806 129353 DEBUG oslo_service.service [req-b61e762b-ecc4-43c9-b2f2-c97e847bbc44 - - - - -] oslo_limit.version = None log_opt_values /usr/lib/python3/dist-packages/oslo_config/cfg.py:2609
2025-05-12 00:31:44.806 129353 DEBUG oslo_service.service [req-b61e762b-ecc4-43c9-b2f2-c97e847bbc44 - - - - -] oslo_reports.file_event_handler = None log_opt_values /usr/lib/python3/dist-packages/oslo_config/cfg.py:2609
2025-05-12 00:31:44.806 129353 DEBUG oslo_service.service [req-b61e762b-ecc4-43c9-b2f2-c97e847bbc44 - - - - -] oslo_reports.file_event_handler_interval = 1 log_opt_values /usr/lib/python3/dist-packages/oslo_config/cfg.py:2609
2025-05-12 00:31:44.807 129353 DEBUG oslo_service.service [req-b61e762b-ecc4-43c9-b2f2-c97e847bbc44 - - - - -] oslo_reports.log_dir = None log_opt_values /usr/lib/python3/dist-packages/oslo_config/cfg.py:2609
2025-05-12 00:31:44.807 129353 DEBUG oslo_service.service [req-b61e762b-ecc4-43c9-b2f2-c97e847bbc44 - - - - -] ******************************************************************************** log_opt_values /usr/lib/python3/dist-packages/oslo_config/cfg.py:2613
2025-05-12 00:31:45.704 129620 DEBUG oslo_messaging._drivers.amqpdriver [-] AMQPListener connection timeout poll /usr/lib/python3/dist-packages/oslo_messaging/_drivers/amqpdriver.py:360
2025-05-12 00:31:45.704 129620 DEBUG oslo_messaging._drivers.amqpdriver [-] Listener is running poll /usr/lib/python3/dist-packages/oslo_messaging/_drivers/amqpdriver.py:343
2025-05-12 00:31:45.704 129620 DEBUG oslo_messaging._drivers.amqpdriver [-] AMQPListener connection consume poll /usr/lib/python3/dist-packages/oslo_messaging/_drivers/amqpdriver.py:357
2025-05-12 00:31:45.708 129617 DEBUG oslo_messaging._drivers.amqpdriver [-] AMQPListener connection timeout poll /usr/lib/python3/dist-packages/oslo_messaging/_drivers/amqpdriver.py:360
2025-05-12 00:31:45.708 129617 DEBUG oslo_messaging._drivers.amqpdriver [-] Listener is running poll /usr/lib/python3/dist-packages/oslo_messaging/_drivers/amqpdriver.py:343
2025-05-12 00:31:45.708 129617 DEBUG oslo_messaging._drivers.amqpdriver [-] AMQPListener connection consume poll /usr/lib/python3/dist-packages/oslo_messaging/_drivers/amqpdriver.py:357
2025-05-12 00:31:45.708 129618 DEBUG oslo_messaging._drivers.amqpdriver [-] AMQPListener connection timeout poll /usr/lib/python3/dist-packages/oslo_messaging/_drivers/amqpdriver.py:360
2025-05-12 00:31:45.709 129618 DEBUG oslo_messaging._drivers.amqpdriver [-] Listener is running poll /usr/lib/python3/dist-packages/oslo_messaging/_drivers/amqpdriver.py:343
2025-05-12 00:31:45.709 129618 DEBUG oslo_messaging._drivers.amqpdriver [-] AMQPListener connection consume poll /usr/lib/python3/dist-packages/oslo_messaging/_drivers/amqpdriver.py:357
2025-05-12 00:31:45.710 129619 DEBUG oslo_messaging._drivers.amqpdriver [-] AMQPListener connection timeout poll /usr/lib/python3/dist-packages/oslo_messaging/_drivers/amqpdriver.py:360
2025-05-12 00:31:45.710 129619 DEBUG oslo_messaging._drivers.amqpdriver [-] Listener is running poll /usr/lib/python3/dist-packages/oslo_messaging/_drivers/amqpdriver.py:343
2025-05-12 00:31:45.710 129619 DEBUG oslo_messaging._drivers.amqpdriver [-] AMQPListener connection consume poll /usr/lib/python3/dist-packages/oslo_messaging/_drivers/amqpdriver.py:357
2025-05-12 00:31:47.707 129620 DEBUG oslo_messaging._drivers.amqpdriver [-] AMQPListener connection timeout poll /usr/lib/python3/dist-packages/oslo_messaging/_drivers/amqpdriver.py:360
2025-05-12 00:31:47.707 129620 DEBUG oslo_messaging._drivers.amqpdriver [-] Listener is running poll /usr/lib/python3/dist-packages/oslo_messaging/_drivers/amqpdriver.py:343
2025-05-12 00:31:47.707 129620 DEBUG oslo_messaging._drivers.amqpdriver [-] AMQPListener connection consume poll /usr/lib/python3/dist-packages/oslo_messaging/_drivers/amqpdriver.py:357
2025-05-12 00:31:47.710 129617 DEBUG oslo_messaging._drivers.amqpdriver [-] AMQPListener connection timeout poll /usr/lib/python3/dist-packages/oslo_messaging/_drivers/amqpdriver.py:360
2025-05-12 00:31:47.711 129617 DEBUG oslo_messaging._drivers.amqpdriver [-] Listener is running poll /usr/lib/python3/dist-packages/oslo_messaging/_drivers/amqpdriver.py:343
2025-05-12 00:31:47.711 129617 DEBUG oslo_messaging._drivers.amqpdriver [-] AMQPListener connection consume poll /usr/lib/python3/dist-packages/oslo_messaging/_drivers/amqpdriver.py:357
2025-05-12 00:31:47.711 129618 DEBUG oslo_messaging._drivers.amqpdriver [-] AMQPListener connection timeout poll /usr/lib/python3/dist-packages/oslo_messaging/_drivers/amqpdriver.py:360
2025-05-12 00:31:47.711 129618 DEBUG oslo_messaging._drivers.amqpdriver [-] Listener is running poll /usr/lib/python3/dist-packages/oslo_messaging/_drivers/amqpdriver.py:343
2025-05-12 00:31:47.711 129618 DEBUG oslo_messaging._drivers.amqpdriver [-] AMQPListener connection consume poll /usr/lib/python3/dist-packages/oslo_messaging/_drivers/amqpdriver.py:357
2025-05-12 00:31:47.714 129619 DEBUG oslo_messaging._drivers.amqpdriver [-] AMQPListener connection timeout poll /usr/lib/python3/dist-packages/oslo_messaging/_drivers/amqpdriver.py:360
2025-05-12 00:31:47.714 129619 DEBUG oslo_messaging._drivers.amqpdriver [-] Listener is running poll /usr/lib/python3/dist-packages/oslo_messaging/_drivers/amqpdriver.py:343
2025-05-12 00:31:47.714 129619 DEBUG oslo_messaging._drivers.amqpdriver [-] AMQPListener connection consume poll /usr/lib/python3/dist-packages/oslo_messaging/_drivers/amqpdriver.py:357
2025-05-12 00:31:49.372 129620 DEBUG oslo_messaging._drivers.amqpdriver [-] received message msg_id: 6a24548d86bf46be907b4d903cfb444f reply to reply_90c63d9588244034ac44dba0b6d68ea2 __call__ /usr/lib/python3/dist-packages/oslo_messaging/_drivers/amqpdriver.py:320
2025-05-12 00:31:49.372 129620 DEBUG oslo_messaging._drivers.amqpdriver [-] Listener is running poll /usr/lib/python3/dist-packages/oslo_messaging/_drivers/amqpdriver.py:343
2025-05-12 00:31:49.372 129620 DEBUG oslo_messaging._drivers.amqpdriver [-] Poll the incoming message with unique_id: 6d55640794174e15b0578dc041492b18 poll /usr/lib/python3/dist-packages/oslo_messaging/_drivers/amqpdriver.py:346
2025-05-12 00:31:49.372 129620 DEBUG oslo_messaging._drivers.amqpdriver [-] Listener is running poll /usr/lib/python3/dist-packages/oslo_messaging/_drivers/amqpdriver.py:343
2025-05-12 00:31:49.372 129620 DEBUG oslo_messaging._drivers.amqpdriver [-] AMQPListener connection consume poll /usr/lib/python3/dist-packages/oslo_messaging/_drivers/amqpdriver.py:357
2025-05-12 00:31:49.374 129620 DEBUG oslo_messaging._drivers.amqpdriver [-] AMQPListener connection timeout poll /usr/lib/python3/dist-packages/oslo_messaging/_drivers/amqpdriver.py:360
2025-05-12 00:31:49.374 129620 DEBUG oslo_messaging._drivers.amqpdriver [-] Listener is running poll /usr/lib/python3/dist-packages/oslo_messaging/_drivers/amqpdriver.py:343
2025-05-12 00:31:49.375 129620 DEBUG oslo_messaging._drivers.amqpdriver [-] AMQPListener connection consume poll /usr/lib/python3/dist-packages/oslo_messaging/_drivers/amqpdriver.py:357
2025-05-12 00:31:49.377 129620 DEBUG oslo_messaging._drivers.amqpdriver [req-0f7a4eb5-83e2-418a-bdb6-38c1a114110a - - - - -] sending reply msg_id: 6a24548d86bf46be907b4d903cfb444f reply queue: reply_90c63d9588244034ac44dba0b6d68ea2 time elapsed: 0.004658340000105454s _send_reply /usr/lib/python3/dist-packages/oslo_messaging/_drivers/amqpdriver.py:118
2025-05-12 00:31:50.376 129620 DEBUG oslo_messaging._drivers.amqpdriver [-] AMQPListener connection timeout poll /usr/lib/python3/dist-packages/oslo_messaging/_drivers/amqpdriver.py:360
2025-05-12 00:31:50.376 129620 DEBUG oslo_messaging._drivers.amqpdriver [-] Listener is running poll /usr/lib/python3/dist-packages/oslo_messaging/_drivers/amqpdriver.py:343
2025-05-12 00:31:50.376 129620 DEBUG oslo_messaging._drivers.amqpdriver [-] AMQPListener connection consume poll /usr/lib/python3/dist-packages/oslo_messaging/_drivers/amqpdriver.py:357
2025-05-12 00:31:51.029 129353 INFO oslo_service.service [req-b61e762b-ecc4-43c9-b2f2-c97e847bbc44 - - - - -] Caught SIGTERM, stopping children
2025-05-12 00:31:51.029 129353 DEBUG oslo_concurrency.lockutils [req-b61e762b-ecc4-43c9-b2f2-c97e847bbc44 - - - - -] Acquired lock "singleton_lock" lock /usr/lib/python3/dist-packages/oslo_concurrency/lockutils.py:294
2025-05-12 00:31:51.029 129353 DEBUG oslo_concurrency.lockutils [req-b61e762b-ecc4-43c9-b2f2-c97e847bbc44 - - - - -] Releasing lock "singleton_lock" lock /usr/lib/python3/dist-packages/oslo_concurrency/lockutils.py:312
2025-05-12 00:31:51.030 129353 DEBUG oslo_service.service [req-b61e762b-ecc4-43c9-b2f2-c97e847bbc44 - - - - -] Stop services. stop /usr/lib/python3/dist-packages/oslo_service/service.py:695
2025-05-12 00:31:51.030 129353 DEBUG oslo_service.service [req-b61e762b-ecc4-43c9-b2f2-c97e847bbc44 - - - - -] Killing children. stop /usr/lib/python3/dist-packages/oslo_service/service.py:700
2025-05-12 00:31:51.030 129353 INFO oslo_service.service [req-b61e762b-ecc4-43c9-b2f2-c97e847bbc44 - - - - -] Waiting on 4 children to exit
2025-05-12 00:31:51.036 129353 INFO oslo_service.service [req-b61e762b-ecc4-43c9-b2f2-c97e847bbc44 - - - - -] Child 129617 killed by signal 15
2025-05-12 00:31:51.036 129353 INFO oslo_service.service [req-b61e762b-ecc4-43c9-b2f2-c97e847bbc44 - - - - -] Child 129618 killed by signal 15
2025-05-12 00:31:51.037 129353 INFO oslo_service.service [req-b61e762b-ecc4-43c9-b2f2-c97e847bbc44 - - - - -] Child 129619 killed by signal 15
2025-05-12 00:31:51.042 129353 INFO oslo_service.service [req-b61e762b-ecc4-43c9-b2f2-c97e847bbc44 - - - - -] Child 129620 killed by signal 15
2025-05-12 00:31:54.140 129855 DEBUG oslo_db.sqlalchemy.engines [req-a0b55793-3e6b-4766-980f-b7b9439ccc17 - - - - -] MySQL server mode set to STRICT_TRANS_TABLES,STRICT_ALL_TABLES,NO_ZERO_IN_DATE,NO_ZERO_DATE,ERROR_FOR_DIVISION_BY_ZERO,TRADITIONAL,NO_ENGINE_SUBSTITUTION _check_effective_sql_mode /usr/lib/python3/dist-packages/oslo_db/sqlalchemy/engines.py:314
2025-05-12 00:31:54.232 129855 DEBUG nova.context [req-a0b55793-3e6b-4766-980f-b7b9439ccc17 - - - - -] Found 2 cells: 00000000-0000-0000-0000-000000000000(cell0),285eaf89-d88c-4692-8545-b1bfabba60c9(cell1) load_cells /usr/lib/python3/dist-packages/nova/context.py:464
2025-05-12 00:31:54.234 129855 DEBUG oslo_concurrency.lockutils [req-a0b55793-3e6b-4766-980f-b7b9439ccc17 - - - - -] Lock "00000000-0000-0000-0000-000000000000" acquired by "nova.context.set_target_cell..get_or_set_cached_cell_and_set_connections" :: waited 0.000s inner /usr/lib/python3/dist-packages/oslo_concurrency/lockutils.py:386
2025-05-12 00:31:54.235 129855 DEBUG oslo_concurrency.lockutils [req-a0b55793-3e6b-4766-980f-b7b9439ccc17 - - - - -] Lock "00000000-0000-0000-0000-000000000000" "released" by "nova.context.set_target_cell..get_or_set_cached_cell_and_set_connections" :: held 0.001s inner /usr/lib/python3/dist-packages/oslo_concurrency/lockutils.py:400
2025-05-12 00:31:54.235 129855 DEBUG oslo_concurrency.lockutils [req-a0b55793-3e6b-4766-980f-b7b9439ccc17 - - - - -] Lock "285eaf89-d88c-4692-8545-b1bfabba60c9" acquired by "nova.context.set_target_cell..get_or_set_cached_cell_and_set_connections" :: waited 0.000s inner /usr/lib/python3/dist-packages/oslo_concurrency/lockutils.py:386
2025-05-12 00:31:54.236 129855 DEBUG oslo_concurrency.lockutils [req-a0b55793-3e6b-4766-980f-b7b9439ccc17 - - - - -] Lock "285eaf89-d88c-4692-8545-b1bfabba60c9" "released" by "nova.context.set_target_cell..get_or_set_cached_cell_and_set_connections" :: held 0.001s inner /usr/lib/python3/dist-packages/oslo_concurrency/lockutils.py:400
2025-05-12 00:31:54.241 129855 DEBUG oslo_db.sqlalchemy.engines [req-a0b55793-3e6b-4766-980f-b7b9439ccc17 - - - - -] MySQL server mode set to STRICT_TRANS_TABLES,STRICT_ALL_TABLES,NO_ZERO_IN_DATE,NO_ZERO_DATE,ERROR_FOR_DIVISION_BY_ZERO,TRADITIONAL,NO_ENGINE_SUBSTITUTION _check_effective_sql_mode /usr/lib/python3/dist-packages/oslo_db/sqlalchemy/engines.py:314
2025-05-12 00:31:54.242 129855 DEBUG oslo_db.sqlalchemy.engines [req-a0b55793-3e6b-4766-980f-b7b9439ccc17 - - - - -] MySQL server mode set to STRICT_TRANS_TABLES,STRICT_ALL_TABLES,NO_ZERO_IN_DATE,NO_ZERO_DATE,ERROR_FOR_DIVISION_BY_ZERO,TRADITIONAL,NO_ENGINE_SUBSTITUTION _check_effective_sql_mode /usr/lib/python3/dist-packages/oslo_db/sqlalchemy/engines.py:314
2025-05-12 00:31:54.304 129855 DEBUG oslo_concurrency.lockutils [req-a0b55793-3e6b-4766-980f-b7b9439ccc17 - - - - -] Acquired lock "singleton_lock" lock /usr/lib/python3/dist-packages/oslo_concurrency/lockutils.py:294
2025-05-12 00:31:54.304 129855 DEBUG oslo_concurrency.lockutils [req-a0b55793-3e6b-4766-980f-b7b9439ccc17 - - - - -] Releasing lock "singleton_lock" lock /usr/lib/python3/dist-packages/oslo_concurrency/lockutils.py:312
2025-05-12 00:31:54.305 129855 INFO oslo_service.service [req-a0b55793-3e6b-4766-980f-b7b9439ccc17 - - - - -] Starting 4 workers
2025-05-12 00:31:54.309 129855 DEBUG oslo_service.service [req-a0b55793-3e6b-4766-980f-b7b9439ccc17 - - - - -] Started child 130810 _start_child /usr/lib/python3/dist-packages/oslo_service/service.py:575
2025-05-12 00:31:54.313 130810 INFO nova.service [-] Starting conductor node (version 25.2.1)
2025-05-12 00:31:54.313 129855 DEBUG oslo_service.service [req-a0b55793-3e6b-4766-980f-b7b9439ccc17 - - - - -] Started child 130816 _start_child /usr/lib/python3/dist-packages/oslo_service/service.py:575
2025-05-12 00:31:54.317 130816 INFO nova.service [-] Starting conductor node (version 25.2.1)
2025-05-12 00:31:54.318 129855 DEBUG oslo_service.service [req-a0b55793-3e6b-4766-980f-b7b9439ccc17 - - - - -] Started child 130817 _start_child /usr/lib/python3/dist-packages/oslo_service/service.py:575
2025-05-12 00:31:54.322 130817 INFO nova.service [-] Starting conductor node (version 25.2.1)
2025-05-12 00:31:54.325 130810 DEBUG oslo_db.sqlalchemy.engines [req-f44c8f76-3365-4f53-8e8d-42050aa2b9d9 - - - - -] MySQL server mode set to STRICT_TRANS_TABLES,STRICT_ALL_TABLES,NO_ZERO_IN_DATE,NO_ZERO_DATE,ERROR_FOR_DIVISION_BY_ZERO,TRADITIONAL,NO_ENGINE_SUBSTITUTION _check_effective_sql_mode /usr/lib/python3/dist-packages/oslo_db/sqlalchemy/engines.py:314
2025-05-12 00:31:54.323 129855 DEBUG oslo_service.service [req-a0b55793-3e6b-4766-980f-b7b9439ccc17 - - - - -] Started child 130818 _start_child /usr/lib/python3/dist-packages/oslo_service/service.py:575
2025-05-12 00:31:54.327 129855 DEBUG oslo_service.service [req-a0b55793-3e6b-4766-980f-b7b9439ccc17 - - - - -] Full set of CONF: wait /usr/lib/python3/dist-packages/oslo_service/service.py:649
2025-05-12 00:31:54.327 129855 DEBUG oslo_service.service [req-a0b55793-3e6b-4766-980f-b7b9439ccc17 - - - - -] ******************************************************************************** log_opt_values /usr/lib/python3/dist-packages/oslo_config/cfg.py:2589
2025-05-12 00:31:54.327 129855 DEBUG oslo_service.service [req-a0b55793-3e6b-4766-980f-b7b9439ccc17 - - - - -] Configuration options gathered from: log_opt_values /usr/lib/python3/dist-packages/oslo_config/cfg.py:2590
2025-05-12 00:31:54.327 129855 DEBUG oslo_service.service [req-a0b55793-3e6b-4766-980f-b7b9439ccc17 - - - - -] command line args: ['--config-file=/etc/nova/nova.conf', '--log-file=/var/log/nova/nova-conductor.log'] log_opt_values /usr/lib/python3/dist-packages/oslo_config/cfg.py:2591
2025-05-12 00:31:54.327 130818 INFO nova.service [-] Starting conductor node (version 25.2.1)
2025-05-12 00:31:54.328 129855 DEBUG oslo_service.service [req-a0b55793-3e6b-4766-980f-b7b9439ccc17 - - - - -] config files: ['/etc/nova/nova.conf'] log_opt_values /usr/lib/python3/dist-packages/oslo_config/cfg.py:2592
2025-05-12 00:31:54.328 129855 DEBUG oslo_service.service [req-a0b55793-3e6b-4766-980f-b7b9439ccc17 - - - - -] ================================================================================ log_opt_values /usr/lib/python3/dist-packages/oslo_config/cfg.py:2594
2025-05-12 00:31:54.329 129855 DEBUG oslo_service.service [req-a0b55793-3e6b-4766-980f-b7b9439ccc17 - - - - -] allow_resize_to_same_host = False log_opt_values /usr/lib/python3/dist-packages/oslo_config/cfg.py:2602
2025-05-12 00:31:54.329 130816 DEBUG oslo_db.sqlalchemy.engines [req-9fa97716-ba79-4c31-ac47-2739e4930320 - - - - -] MySQL server mode set to STRICT_TRANS_TABLES,STRICT_ALL_TABLES,NO_ZERO_IN_DATE,NO_ZERO_DATE,ERROR_FOR_DIVISION_BY_ZERO,TRADITIONAL,NO_ENGINE_SUBSTITUTION _check_effective_sql_mode /usr/lib/python3/dist-packages/oslo_db/sqlalchemy/engines.py:314
2025-05-12 00:31:54.329 129855 DEBUG oslo_service.service [req-a0b55793-3e6b-4766-980f-b7b9439ccc17 - - - - -] arq_binding_timeout = 300 log_opt_values /usr/lib/python3/dist-packages/oslo_config/cfg.py:2602
2025-05-12 00:31:54.330 129855 DEBUG oslo_service.service [req-a0b55793-3e6b-4766-980f-b7b9439ccc17 - - - - -] block_device_allocate_retries = 60 log_opt_values /usr/lib/python3/dist-packages/oslo_config/cfg.py:2602
2025-05-12 00:31:54.330 129855 DEBUG oslo_service.service [req-a0b55793-3e6b-4766-980f-b7b9439ccc17 - - - - -] block_device_allocate_retries_interval = 3 log_opt_values /usr/lib/python3/dist-packages/oslo_config/cfg.py:2602
2025-05-12 00:31:54.330 129855 DEBUG oslo_service.service [req-a0b55793-3e6b-4766-980f-b7b9439ccc17 - - - - -] cert = self.pem log_opt_values /usr/lib/python3/dist-packages/oslo_config/cfg.py:2602
2025-05-12 00:31:54.330 129855 DEBUG oslo_service.service [req-a0b55793-3e6b-4766-980f-b7b9439ccc17 - - - - -] compute_driver = libvirt.LibvirtDriver log_opt_values /usr/lib/python3/dist-packages/oslo_config/cfg.py:2602
2025-05-12 00:31:54.331 129855 DEBUG oslo_service.service [req-a0b55793-3e6b-4766-980f-b7b9439ccc17 - - - - -] compute_monitors = [] log_opt_values /usr/lib/python3/dist-packages/oslo_config/cfg.py:2602
2025-05-12 00:31:54.331 129855 DEBUG oslo_service.service [req-a0b55793-3e6b-4766-980f-b7b9439ccc17 - - - - -] config_dir = [] log_opt_values /usr/lib/python3/dist-packages/oslo_config/cfg.py:2602
2025-05-12 00:31:54.331 129855 DEBUG oslo_service.service [req-a0b55793-3e6b-4766-980f-b7b9439ccc17 - - - - -] config_drive_format = iso9660 log_opt_values /usr/lib/python3/dist-packages/oslo_config/cfg.py:2602
2025-05-12 00:31:54.331 129855 DEBUG oslo_service.service [req-a0b55793-3e6b-4766-980f-b7b9439ccc17 - - - - -] config_file = ['/etc/nova/nova.conf'] log_opt_values /usr/lib/python3/dist-packages/oslo_config/cfg.py:2602
2025-05-12 00:31:54.331 129855 DEBUG oslo_service.service [req-a0b55793-3e6b-4766-980f-b7b9439ccc17 - - - - -] config_source = [] log_opt_values /usr/lib/python3/dist-packages/oslo_config/cfg.py:2602
2025-05-12 00:31:54.331 129855 DEBUG oslo_service.service [req-a0b55793-3e6b-4766-980f-b7b9439ccc17 - - - - -] console_host = juju-711bc3-0-lxd-7 log_opt_values /usr/lib/python3/dist-packages/oslo_config/cfg.py:2602
2025-05-12 00:31:54.332 129855 DEBUG oslo_service.service [req-a0b55793-3e6b-4766-980f-b7b9439ccc17 - - - - -] control_exchange = nova log_opt_values /usr/lib/python3/dist-packages/oslo_config/cfg.py:2602
2025-05-12 00:31:54.332 129855 DEBUG oslo_service.service [req-a0b55793-3e6b-4766-980f-b7b9439ccc17 - - - - -] cpu_allocation_ratio = 2.0 log_opt_values /usr/lib/python3/dist-packages/oslo_config/cfg.py:2602
2025-05-12 00:31:54.332 129855 DEBUG oslo_service.service [req-a0b55793-3e6b-4766-980f-b7b9439ccc17 - - - - -] daemon = False log_opt_values /usr/lib/python3/dist-packages/oslo_config/cfg.py:2602
2025-05-12 00:31:54.332 129855 DEBUG oslo_service.service [req-a0b55793-3e6b-4766-980f-b7b9439ccc17 - - - - -] debug = True log_opt_values /usr/lib/python3/dist-packages/oslo_config/cfg.py:2602
2025-05-12 00:31:54.333 129855 DEBUG oslo_service.service [req-a0b55793-3e6b-4766-980f-b7b9439ccc17 - - - - -] default_access_ip_network_name = None log_opt_values /usr/lib/python3/dist-packages/oslo_config/cfg.py:2602
2025-05-12 00:31:54.333 129855 DEBUG oslo_service.service [req-a0b55793-3e6b-4766-980f-b7b9439ccc17 - - - - -] default_availability_zone = nova log_opt_values /usr/lib/python3/dist-packages/oslo_config/cfg.py:2602
2025-05-12 00:31:54.333 129855 DEBUG oslo_service.service [req-a0b55793-3e6b-4766-980f-b7b9439ccc17 - - - - -] default_ephemeral_format = None log_opt_values /usr/lib/python3/dist-packages/oslo_config/cfg.py:2602
2025-05-12 00:31:54.333 129855 DEBUG oslo_service.service [req-a0b55793-3e6b-4766-980f-b7b9439ccc17 - - - - -] default_log_levels = ['amqp=WARN', 'amqplib=WARN', 'boto=WARN', 'qpid=WARN', 'sqlalchemy=WARN', 'suds=INFO', 'oslo.messaging=INFO', 'oslo_messaging=DEBUG', 'iso8601=WARN', 'requests.packages.urllib3.connectionpool=WARN', 'urllib3.connectionpool=WARN', 'websocket=WARN', 'requests.packages.urllib3.util.retry=WARN', 'urllib3.util.retry=WARN', 'keystonemiddleware=WARN', 'routes.middleware=WARN', 'stevedore=WARN', 'taskflow=WARN', 'keystoneauth=WARN', 'oslo.cache=INFO', 'dogpile.core.dogpile=INFO', 'glanceclient=WARN', 'oslo.privsep.daemon=INFO'] log_opt_values /usr/lib/python3/dist-packages/oslo_config/cfg.py:2602
2025-05-12 00:31:54.334 129855 DEBUG oslo_service.service [req-a0b55793-3e6b-4766-980f-b7b9439ccc17 - - - - -] default_schedule_zone = None log_opt_values /usr/lib/python3/dist-packages/oslo_config/cfg.py:2602
2025-05-12 00:31:54.334 129855 DEBUG oslo_service.service [req-a0b55793-3e6b-4766-980f-b7b9439ccc17 - - - - -] disk_allocation_ratio = 1.0 log_opt_values /usr/lib/python3/dist-packages/oslo_config/cfg.py:2602
2025-05-12 00:31:54.334 129855 DEBUG oslo_service.service [req-a0b55793-3e6b-4766-980f-b7b9439ccc17 - - - - -] enable_new_services = True log_opt_values /usr/lib/python3/dist-packages/oslo_config/cfg.py:2602
2025-05-12 00:31:54.334 129855 DEBUG oslo_service.service [req-a0b55793-3e6b-4766-980f-b7b9439ccc17 - - - - -] enabled_apis = ['osapi_compute', 'metadata'] log_opt_values /usr/lib/python3/dist-packages/oslo_config/cfg.py:2602
2025-05-12 00:31:54.334 129855 DEBUG oslo_service.service [req-a0b55793-3e6b-4766-980f-b7b9439ccc17 - - - - -] enabled_ssl_apis = [] log_opt_values /usr/lib/python3/dist-packages/oslo_config/cfg.py:2602
2025-05-12 00:31:54.335 129855 DEBUG oslo_service.service [req-a0b55793-3e6b-4766-980f-b7b9439ccc17 - - - - -] fatal_deprecations = False log_opt_values /usr/lib/python3/dist-packages/oslo_config/cfg.py:2602
2025-05-12 00:31:54.335 129855 DEBUG oslo_service.service [req-a0b55793-3e6b-4766-980f-b7b9439ccc17 - - - - -] flat_injected = False log_opt_values /usr/lib/python3/dist-packages/oslo_config/cfg.py:2602
2025-05-12 00:31:54.335 129855 DEBUG oslo_service.service [req-a0b55793-3e6b-4766-980f-b7b9439ccc17 - - - - -] force_config_drive = False log_opt_values /usr/lib/python3/dist-packages/oslo_config/cfg.py:2602
2025-05-12 00:31:54.335 129855 DEBUG oslo_service.service [req-a0b55793-3e6b-4766-980f-b7b9439ccc17 - - - - -] force_raw_images = True log_opt_values /usr/lib/python3/dist-packages/oslo_config/cfg.py:2602
2025-05-12 00:31:54.335 129855 DEBUG oslo_service.service [req-a0b55793-3e6b-4766-980f-b7b9439ccc17 - - - - -] graceful_shutdown_timeout = 60 log_opt_values /usr/lib/python3/dist-packages/oslo_config/cfg.py:2602
2025-05-12 00:31:54.336 129855 DEBUG oslo_service.service [req-a0b55793-3e6b-4766-980f-b7b9439ccc17 - - - - -] heal_instance_info_cache_interval = 60 log_opt_values /usr/lib/python3/dist-packages/oslo_config/cfg.py:2602
2025-05-12 00:31:54.336 129855 DEBUG oslo_service.service [req-a0b55793-3e6b-4766-980f-b7b9439ccc17 - - - - -] host = juju-711bc3-0-lxd-7 log_opt_values /usr/lib/python3/dist-packages/oslo_config/cfg.py:2602
2025-05-12 00:31:54.336 129855 DEBUG oslo_service.service [req-a0b55793-3e6b-4766-980f-b7b9439ccc17 - - - - -] initial_cpu_allocation_ratio = 16.0 log_opt_values /usr/lib/python3/dist-packages/oslo_config/cfg.py:2602
2025-05-12 00:31:54.336 129855 DEBUG oslo_service.service [req-a0b55793-3e6b-4766-980f-b7b9439ccc17 - - - - -] initial_disk_allocation_ratio = 1.0 log_opt_values /usr/lib/python3/dist-packages/oslo_config/cfg.py:2602
2025-05-12 00:31:54.336 129855 DEBUG oslo_service.service [req-a0b55793-3e6b-4766-980f-b7b9439ccc17 - - - - -] initial_ram_allocation_ratio = 1.5 log_opt_values /usr/lib/python3/dist-packages/oslo_config/cfg.py:2602
2025-05-12 00:31:54.337 129855 DEBUG oslo_service.service [req-a0b55793-3e6b-4766-980f-b7b9439ccc17 - - - - -] injected_network_template = /usr/lib/python3/dist-packages/nova/virt/interfaces.template log_opt_values /usr/lib/python3/dist-packages/oslo_config/cfg.py:2602
2025-05-12 00:31:54.337 129855 DEBUG oslo_service.service [req-a0b55793-3e6b-4766-980f-b7b9439ccc17 - - - - -] instance_build_timeout = 0 log_opt_values /usr/lib/python3/dist-packages/oslo_config/cfg.py:2602
2025-05-12 00:31:54.337 129855 DEBUG oslo_service.service [req-a0b55793-3e6b-4766-980f-b7b9439ccc17 - - - - -] instance_delete_interval = 300 log_opt_values /usr/lib/python3/dist-packages/oslo_config/cfg.py:2602
2025-05-12 00:31:54.337 129855 DEBUG oslo_service.service [req-a0b55793-3e6b-4766-980f-b7b9439ccc17 - - - - -] instance_format = [instance: %(uuid)s] log_opt_values /usr/lib/python3/dist-packages/oslo_config/cfg.py:2602
2025-05-12 00:31:54.338 129855 DEBUG oslo_service.service [req-a0b55793-3e6b-4766-980f-b7b9439ccc17 - - - - -] instance_name_template = instance-%08x log_opt_values /usr/lib/python3/dist-packages/oslo_config/cfg.py:2602
2025-05-12 00:31:54.337 130818 DEBUG oslo_db.sqlalchemy.engines [req-ae9a9538-1e2f-407f-b361-82364838cef6 - - - - -] MySQL server mode set to STRICT_TRANS_TABLES,STRICT_ALL_TABLES,NO_ZERO_IN_DATE,NO_ZERO_DATE,ERROR_FOR_DIVISION_BY_ZERO,TRADITIONAL,NO_ENGINE_SUBSTITUTION _check_effective_sql_mode /usr/lib/python3/dist-packages/oslo_db/sqlalchemy/engines.py:314
2025-05-12 00:31:54.338 129855 DEBUG oslo_service.service [req-a0b55793-3e6b-4766-980f-b7b9439ccc17 - - - - -] instance_usage_audit = False log_opt_values /usr/lib/python3/dist-packages/oslo_config/cfg.py:2602
2025-05-12 00:31:54.338 129855 DEBUG oslo_service.service [req-a0b55793-3e6b-4766-980f-b7b9439ccc17 - - - - -] instance_usage_audit_period = month log_opt_values /usr/lib/python3/dist-packages/oslo_config/cfg.py:2602
2025-05-12 00:31:54.338 129855 DEBUG oslo_service.service [req-a0b55793-3e6b-4766-980f-b7b9439ccc17 - - - - -] instance_uuid_format = [instance: %(uuid)s] log_opt_values /usr/lib/python3/dist-packages/oslo_config/cfg.py:2602
2025-05-12 00:31:54.338 129855 DEBUG oslo_service.service [req-a0b55793-3e6b-4766-980f-b7b9439ccc17 - - - - -] instances_path = /var/lib/nova/instances log_opt_values /usr/lib/python3/dist-packages/oslo_config/cfg.py:2602
2025-05-12 00:31:54.339 129855 DEBUG oslo_service.service [req-a0b55793-3e6b-4766-980f-b7b9439ccc17 - - - - -] internal_service_availability_zone = internal log_opt_values /usr/lib/python3/dist-packages/oslo_config/cfg.py:2602
2025-05-12 00:31:54.339 129855 DEBUG oslo_service.service [req-a0b55793-3e6b-4766-980f-b7b9439ccc17 - - - - -] key = None log_opt_values /usr/lib/python3/dist-packages/oslo_config/cfg.py:2602
2025-05-12 00:31:54.339 129855 DEBUG oslo_service.service [req-a0b55793-3e6b-4766-980f-b7b9439ccc17 - - - - -] live_migration_retry_count = 30 log_opt_values /usr/lib/python3/dist-packages/oslo_config/cfg.py:2602
2025-05-12 00:31:54.339 129855 DEBUG oslo_service.service [req-a0b55793-3e6b-4766-980f-b7b9439ccc17 - - - - -] log_config_append = None log_opt_values /usr/lib/python3/dist-packages/oslo_config/cfg.py:2602
2025-05-12 00:31:54.339 129855 DEBUG oslo_service.service [req-a0b55793-3e6b-4766-980f-b7b9439ccc17 - - - - -] log_date_format = %Y-%m-%d %H:%M:%S log_opt_values /usr/lib/python3/dist-packages/oslo_config/cfg.py:2602
2025-05-12 00:31:54.339 129855 DEBUG oslo_service.service [req-a0b55793-3e6b-4766-980f-b7b9439ccc17 - - - - -] log_dir = /var/log/nova log_opt_values /usr/lib/python3/dist-packages/oslo_config/cfg.py:2602
2025-05-12 00:31:54.340 129855 DEBUG oslo_service.service [req-a0b55793-3e6b-4766-980f-b7b9439ccc17 - - - - -] log_file = /var/log/nova/nova-conductor.log log_opt_values /usr/lib/python3/dist-packages/oslo_config/cfg.py:2602
2025-05-12 00:31:54.340 129855 DEBUG oslo_service.service [req-a0b55793-3e6b-4766-980f-b7b9439ccc17 - - - - -] log_options = True log_opt_values /usr/lib/python3/dist-packages/oslo_config/cfg.py:2602
2025-05-12 00:31:54.340 129855 DEBUG oslo_service.service [req-a0b55793-3e6b-4766-980f-b7b9439ccc17 - - - - -] log_rotate_interval = 1 log_opt_values /usr/lib/python3/dist-packages/oslo_config/cfg.py:2602
2025-05-12 00:31:54.340 129855 DEBUG oslo_service.service [req-a0b55793-3e6b-4766-980f-b7b9439ccc17 - - - - -] log_rotate_interval_type = days log_opt_values /usr/lib/python3/dist-packages/oslo_config/cfg.py:2602
2025-05-12 00:31:54.340 129855 DEBUG oslo_service.service [req-a0b55793-3e6b-4766-980f-b7b9439ccc17 - - - - -] log_rotation_type = none log_opt_values /usr/lib/python3/dist-packages/oslo_config/cfg.py:2602
2025-05-12 00:31:54.341 129855 DEBUG oslo_service.service [req-a0b55793-3e6b-4766-980f-b7b9439ccc17 - - - - -] logging_context_format_string = %(asctime)s.%(msecs)03d %(process)d %(levelname)s %(name)s [%(request_id)s %(user_identity)s] %(instance)s%(message)s log_opt_values /usr/lib/python3/dist-packages/oslo_config/cfg.py:2602
2025-05-12 00:31:54.341 129855 DEBUG oslo_service.service [req-a0b55793-3e6b-4766-980f-b7b9439ccc17 - - - - -] logging_debug_format_suffix = %(funcName)s %(pathname)s:%(lineno)d log_opt_values /usr/lib/python3/dist-packages/oslo_config/cfg.py:2602
2025-05-12 00:31:54.341 129855 DEBUG oslo_service.service [req-a0b55793-3e6b-4766-980f-b7b9439ccc17 - - - - -] logging_default_format_string = %(asctime)s.%(msecs)03d %(process)d %(levelname)s %(name)s [-] %(instance)s%(message)s log_opt_values /usr/lib/python3/dist-packages/oslo_config/cfg.py:2602
2025-05-12 00:31:54.341 129855 DEBUG oslo_service.service [req-a0b55793-3e6b-4766-980f-b7b9439ccc17 - - - - -] logging_exception_prefix = %(asctime)s.%(msecs)03d %(process)d ERROR %(name)s %(instance)s log_opt_values /usr/lib/python3/dist-packages/oslo_config/cfg.py:2602
2025-05-12 00:31:54.341 129855 DEBUG oslo_service.service [req-a0b55793-3e6b-4766-980f-b7b9439ccc17 - - - - -] logging_user_identity_format = %(user)s %(project)s %(domain)s %(user_domain)s %(project_domain)s log_opt_values /usr/lib/python3/dist-packages/oslo_config/cfg.py:2602
2025-05-12 00:31:54.342 129855 DEBUG oslo_service.service [req-a0b55793-3e6b-4766-980f-b7b9439ccc17 - - - - -] long_rpc_timeout = 1800 log_opt_values /usr/lib/python3/dist-packages/oslo_config/cfg.py:2602
2025-05-12 00:31:54.342 129855 DEBUG oslo_service.service [req-a0b55793-3e6b-4766-980f-b7b9439ccc17 - - - - -] max_concurrent_builds = 10 log_opt_values /usr/lib/python3/dist-packages/oslo_config/cfg.py:2602
2025-05-12 00:31:54.342 129855 DEBUG oslo_service.service [req-a0b55793-3e6b-4766-980f-b7b9439ccc17 - - - - -] max_concurrent_live_migrations = 1 log_opt_values /usr/lib/python3/dist-packages/oslo_config/cfg.py:2602
2025-05-12 00:31:54.342 129855 DEBUG oslo_service.service [req-a0b55793-3e6b-4766-980f-b7b9439ccc17 - - - - -] max_concurrent_snapshots = 5 log_opt_values /usr/lib/python3/dist-packages/oslo_config/cfg.py:2602
2025-05-12 00:31:54.342 129855 DEBUG oslo_service.service [req-a0b55793-3e6b-4766-980f-b7b9439ccc17 - - - - -] max_local_block_devices = 3 log_opt_values /usr/lib/python3/dist-packages/oslo_config/cfg.py:2602
2025-05-12 00:31:54.342 129855 DEBUG oslo_service.service [req-a0b55793-3e6b-4766-980f-b7b9439ccc17 - - - - -] max_logfile_count = 30 log_opt_values /usr/lib/python3/dist-packages/oslo_config/cfg.py:2602
2025-05-12 00:31:54.343 129855 DEBUG oslo_service.service [req-a0b55793-3e6b-4766-980f-b7b9439ccc17 - - - - -] max_logfile_size_mb = 200 log_opt_values /usr/lib/python3/dist-packages/oslo_config/cfg.py:2602
2025-05-12 00:31:54.343 129855 DEBUG oslo_service.service [req-a0b55793-3e6b-4766-980f-b7b9439ccc17 - - - - -] maximum_instance_delete_attempts = 5 log_opt_values /usr/lib/python3/dist-packages/oslo_config/cfg.py:2602
2025-05-12 00:31:54.343 129855 DEBUG oslo_service.service [req-a0b55793-3e6b-4766-980f-b7b9439ccc17 - - - - -] metadata_listen = 0.0.0.0 log_opt_values /usr/lib/python3/dist-packages/oslo_config/cfg.py:2602
2025-05-12 00:31:54.343 129855 DEBUG oslo_service.service [req-a0b55793-3e6b-4766-980f-b7b9439ccc17 - - - - -] metadata_listen_port = 8765 log_opt_values /usr/lib/python3/dist-packages/oslo_config/cfg.py:2602
2025-05-12 00:31:54.343 130816 DEBUG nova.service [req-9fa97716-ba79-4c31-ac47-2739e4930320 - - - - -] Creating RPC server for service conductor start /usr/lib/python3/dist-packages/nova/service.py:182
2025-05-12 00:31:54.343 129855 DEBUG oslo_service.service [req-a0b55793-3e6b-4766-980f-b7b9439ccc17 - - - - -] metadata_workers = None log_opt_values /usr/lib/python3/dist-packages/oslo_config/cfg.py:2602
2025-05-12 00:31:54.343 129855 DEBUG oslo_service.service [req-a0b55793-3e6b-4766-980f-b7b9439ccc17 - - - - -] migrate_max_retries = -1 log_opt_values /usr/lib/python3/dist-packages/oslo_config/cfg.py:2602
2025-05-12 00:31:54.344 129855 DEBUG oslo_service.service [req-a0b55793-3e6b-4766-980f-b7b9439ccc17 - - - - -] mkisofs_cmd = genisoimage log_opt_values /usr/lib/python3/dist-packages/oslo_config/cfg.py:2602
2025-05-12 00:31:54.344 129855 DEBUG oslo_service.service [req-a0b55793-3e6b-4766-980f-b7b9439ccc17 - - - - -] my_block_storage_ip = 252.33.69.247 log_opt_values /usr/lib/python3/dist-packages/oslo_config/cfg.py:2602
2025-05-12 00:31:54.344 129855 DEBUG oslo_service.service [req-a0b55793-3e6b-4766-980f-b7b9439ccc17 - - - - -] my_ip = 252.33.69.247 log_opt_values /usr/lib/python3/dist-packages/oslo_config/cfg.py:2602
2025-05-12 00:31:54.344 129855 DEBUG oslo_service.service [req-a0b55793-3e6b-4766-980f-b7b9439ccc17 - - - - -] network_allocate_retries = 0 log_opt_values /usr/lib/python3/dist-packages/oslo_config/cfg.py:2602
2025-05-12 00:31:54.344 129855 DEBUG oslo_service.service [req-a0b55793-3e6b-4766-980f-b7b9439ccc17 - - - - -] non_inheritable_image_properties = ['cache_in_nova', 'bittorrent'] log_opt_values /usr/lib/python3/dist-packages/oslo_config/cfg.py:2602
2025-05-12 00:31:54.345 129855 DEBUG oslo_service.service [req-a0b55793-3e6b-4766-980f-b7b9439ccc17 - - - - -] osapi_compute_listen = 0.0.0.0 log_opt_values /usr/lib/python3/dist-packages/oslo_config/cfg.py:2602
2025-05-12 00:31:54.345 129855 DEBUG oslo_service.service [req-a0b55793-3e6b-4766-980f-b7b9439ccc17 - - - - -] osapi_compute_listen_port = 8764 log_opt_values /usr/lib/python3/dist-packages/oslo_config/cfg.py:2602
2025-05-12 00:31:54.345 129855 DEBUG oslo_service.service [req-a0b55793-3e6b-4766-980f-b7b9439ccc17 - - - - -] osapi_compute_unique_server_name_scope = log_opt_values /usr/lib/python3/dist-packages/oslo_config/cfg.py:2602
2025-05-12 00:31:54.345 129855 DEBUG oslo_service.service [req-a0b55793-3e6b-4766-980f-b7b9439ccc17 - - - - -] osapi_compute_workers = 4 log_opt_values /usr/lib/python3/dist-packages/oslo_config/cfg.py:2602
2025-05-12 00:31:54.345 129855 DEBUG oslo_service.service [req-a0b55793-3e6b-4766-980f-b7b9439ccc17 - - - - -] password_length = 12 log_opt_values /usr/lib/python3/dist-packages/oslo_config/cfg.py:2602
2025-05-12 00:31:54.345 129855 DEBUG oslo_service.service [req-a0b55793-3e6b-4766-980f-b7b9439ccc17 - - - - -] periodic_enable = True log_opt_values /usr/lib/python3/dist-packages/oslo_config/cfg.py:2602
2025-05-12 00:31:54.346 129855 DEBUG oslo_service.service [req-a0b55793-3e6b-4766-980f-b7b9439ccc17 - - - - -] periodic_fuzzy_delay = 60 log_opt_values /usr/lib/python3/dist-packages/oslo_config/cfg.py:2602
2025-05-12 00:31:54.346 129855 DEBUG oslo_service.service [req-a0b55793-3e6b-4766-980f-b7b9439ccc17 - - - - -] pointer_model = usbtablet log_opt_values /usr/lib/python3/dist-packages/oslo_config/cfg.py:2602
2025-05-12 00:31:54.346 129855 DEBUG oslo_service.service [req-a0b55793-3e6b-4766-980f-b7b9439ccc17 - - - - -] preallocate_images = none log_opt_values /usr/lib/python3/dist-packages/oslo_config/cfg.py:2602
2025-05-12 00:31:54.346 129855 DEBUG oslo_service.service [req-a0b55793-3e6b-4766-980f-b7b9439ccc17 - - - - -] publish_errors = False log_opt_values /usr/lib/python3/dist-packages/oslo_config/cfg.py:2602
2025-05-12 00:31:54.349 130810 DEBUG nova.service [req-f44c8f76-3365-4f53-8e8d-42050aa2b9d9 - - - - -] Creating RPC server for service conductor start /usr/lib/python3/dist-packages/nova/service.py:182
2025-05-12 00:31:54.352 130818 DEBUG nova.service [req-ae9a9538-1e2f-407f-b361-82364838cef6 - - - - -] Creating RPC server for service conductor start /usr/lib/python3/dist-packages/nova/service.py:182
2025-05-12 00:31:54.346 129855 DEBUG oslo_service.service [req-a0b55793-3e6b-4766-980f-b7b9439ccc17 - - - - -] pybasedir = /usr/lib/python3/dist-packages log_opt_values /usr/lib/python3/dist-packages/oslo_config/cfg.py:2602
2025-05-12 00:31:54.355 129855 DEBUG oslo_service.service [req-a0b55793-3e6b-4766-980f-b7b9439ccc17 - - - - -] ram_allocation_ratio = 0.98 log_opt_values /usr/lib/python3/dist-packages/oslo_config/cfg.py:2602
2025-05-12 00:31:54.356 129855 DEBUG oslo_service.service [req-a0b55793-3e6b-4766-980f-b7b9439ccc17 - - - - -] rate_limit_burst = 0 log_opt_values /usr/lib/python3/dist-packages/oslo_config/cfg.py:2602
2025-05-12 00:31:54.357 129855 DEBUG oslo_service.service [req-a0b55793-3e6b-4766-980f-b7b9439ccc17 - - - - -] rate_limit_except_level = CRITICAL log_opt_values /usr/lib/python3/dist-packages/oslo_config/cfg.py:2602
2025-05-12 00:31:54.357 129855 DEBUG oslo_service.service [req-a0b55793-3e6b-4766-980f-b7b9439ccc17 - - - - -] rate_limit_interval = 0 log_opt_values /usr/lib/python3/dist-packages/oslo_config/cfg.py:2602
2025-05-12 00:31:54.357 130817 DEBUG oslo_db.sqlalchemy.engines [req-39728fbc-c7f0-46d0-ae51-1e7761d5644c - - - - -] MySQL server mode set to STRICT_TRANS_TABLES,STRICT_ALL_TABLES,NO_ZERO_IN_DATE,NO_ZERO_DATE,ERROR_FOR_DIVISION_BY_ZERO,TRADITIONAL,NO_ENGINE_SUBSTITUTION _check_effective_sql_mode /usr/lib/python3/dist-packages/oslo_db/sqlalchemy/engines.py:314
2025-05-12 00:31:54.358 129855 DEBUG oslo_service.service [req-a0b55793-3e6b-4766-980f-b7b9439ccc17 - - - - -] reboot_timeout = 0 log_opt_values /usr/lib/python3/dist-packages/oslo_config/cfg.py:2602
2025-05-12 00:31:54.358 129855 DEBUG oslo_service.service [req-a0b55793-3e6b-4766-980f-b7b9439ccc17 - - - - -] reclaim_instance_interval = 0 log_opt_values /usr/lib/python3/dist-packages/oslo_config/cfg.py:2602
2025-05-12 00:31:54.359 129855 DEBUG oslo_service.service [req-a0b55793-3e6b-4766-980f-b7b9439ccc17 - - - - -] record = None log_opt_values /usr/lib/python3/dist-packages/oslo_config/cfg.py:2602
2025-05-12 00:31:54.359 129855 DEBUG oslo_service.service [req-a0b55793-3e6b-4766-980f-b7b9439ccc17 - - - - -] report_interval = 10 log_opt_values /usr/lib/python3/dist-packages/oslo_config/cfg.py:2602
2025-05-12 00:31:54.360 129855 DEBUG oslo_service.service [req-a0b55793-3e6b-4766-980f-b7b9439ccc17 - - - - -] rescue_timeout = 0 log_opt_values /usr/lib/python3/dist-packages/oslo_config/cfg.py:2602
2025-05-12 00:31:54.364 130816 DEBUG oslo_messaging._drivers.amqpdriver [-] Listener is running poll /usr/lib/python3/dist-packages/oslo_messaging/_drivers/amqpdriver.py:343
2025-05-12 00:31:54.364 130816 DEBUG oslo_messaging._drivers.amqpdriver [-] AMQPListener connection consume poll /usr/lib/python3/dist-packages/oslo_messaging/_drivers/amqpdriver.py:357
2025-05-12 00:31:54.364 130816 DEBUG nova.service [req-9fa97716-ba79-4c31-ac47-2739e4930320 - - - - -] Join ServiceGroup membership for this service conductor start /usr/lib/python3/dist-packages/nova/service.py:199
2025-05-12 00:31:54.363 129855 DEBUG oslo_service.service [req-a0b55793-3e6b-4766-980f-b7b9439ccc17 - - - - -] reserved_host_cpus = 0 log_opt_values /usr/lib/python3/dist-packages/oslo_config/cfg.py:2602
2025-05-12 00:31:54.365 130816 DEBUG nova.servicegroup.drivers.db [req-9fa97716-ba79-4c31-ac47-2739e4930320 - - - - -] DB_Driver: join new ServiceGroup member juju-711bc3-0-lxd-7 to the conductor group, service = join /usr/lib/python3/dist-packages/nova/servicegroup/drivers/db.py:44
2025-05-12 00:31:54.365 129855 DEBUG oslo_service.service [req-a0b55793-3e6b-4766-980f-b7b9439ccc17 - - - - -] reserved_host_disk_mb = 0 log_opt_values /usr/lib/python3/dist-packages/oslo_config/cfg.py:2602
2025-05-12 00:31:54.365 129855 DEBUG oslo_service.service [req-a0b55793-3e6b-4766-980f-b7b9439ccc17 - - - - -] reserved_host_memory_mb = 512 log_opt_values /usr/lib/python3/dist-packages/oslo_config/cfg.py:2602
2025-05-12 00:31:54.366 130816 DEBUG oslo_messaging._drivers.amqpdriver [-] received message msg_id: aaaf6497d81c4008aea37c5a0511a0e5 reply to reply_90c63d9588244034ac44dba0b6d68ea2 __call__ /usr/lib/python3/dist-packages/oslo_messaging/_drivers/amqpdriver.py:320
2025-05-12 00:31:54.365 129855 DEBUG oslo_service.service [req-a0b55793-3e6b-4766-980f-b7b9439ccc17 - - - - -] reserved_huge_pages = None log_opt_values /usr/lib/python3/dist-packages/oslo_config/cfg.py:2602
2025-05-12 00:31:54.366 129855 DEBUG oslo_service.service [req-a0b55793-3e6b-4766-980f-b7b9439ccc17 - - - - -] resize_confirm_window = 0 log_opt_values /usr/lib/python3/dist-packages/oslo_config/cfg.py:2602
2025-05-12 00:31:54.368 130816 DEBUG oslo_messaging._drivers.amqpdriver [-] AMQPListener connection timeout poll /usr/lib/python3/dist-packages/oslo_messaging/_drivers/amqpdriver.py:360
2025-05-12 00:31:54.368 130816 DEBUG oslo_messaging._drivers.amqpdriver [-] Listener is running poll /usr/lib/python3/dist-packages/oslo_messaging/_drivers/amqpdriver.py:343
2025-05-12 00:31:54.368 130816 DEBUG oslo_messaging._drivers.amqpdriver [-] Poll the incoming message with unique_id: db102e6d297441e7a307a702bf92f2da poll /usr/lib/python3/dist-packages/oslo_messaging/_drivers/amqpdriver.py:346
2025-05-12 00:31:54.367 129855 DEBUG oslo_service.service [req-a0b55793-3e6b-4766-980f-b7b9439ccc17 - - - - -] resize_fs_using_block_device = False log_opt_values /usr/lib/python3/dist-packages/oslo_config/cfg.py:2602
2025-05-12 00:31:54.368 130816 DEBUG oslo_messaging._drivers.amqpdriver [-] Listener is running poll /usr/lib/python3/dist-packages/oslo_messaging/_drivers/amqpdriver.py:343
2025-05-12 00:31:54.368 130816 DEBUG oslo_messaging._drivers.amqpdriver [-] AMQPListener connection consume poll /usr/lib/python3/dist-packages/oslo_messaging/_drivers/amqpdriver.py:357
2025-05-12 00:31:54.368 129855 DEBUG oslo_service.service [req-a0b55793-3e6b-4766-980f-b7b9439ccc17 - - - - -] resume_guests_state_on_host_boot = False log_opt_values /usr/lib/python3/dist-packages/oslo_config/cfg.py:2602
2025-05-12 00:31:54.368 129855 DEBUG oslo_service.service [req-a0b55793-3e6b-4766-980f-b7b9439ccc17 - - - - -] rootwrap_config = /etc/nova/rootwrap.conf log_opt_values /usr/lib/python3/dist-packages/oslo_config/cfg.py:2602
2025-05-12 00:31:54.369 129855 DEBUG oslo_service.service [req-a0b55793-3e6b-4766-980f-b7b9439ccc17 - - - - -] rpc_response_timeout = 60 log_opt_values /usr/lib/python3/dist-packages/oslo_config/cfg.py:2602
2025-05-12 00:31:54.369 129855 DEBUG oslo_service.service [req-a0b55793-3e6b-4766-980f-b7b9439ccc17 - - - - -] run_external_periodic_tasks = True log_opt_values /usr/lib/python3/dist-packages/oslo_config/cfg.py:2602
2025-05-12 00:31:54.369 129855 DEBUG oslo_service.service [req-a0b55793-3e6b-4766-980f-b7b9439ccc17 - - - - -] running_deleted_instance_action = reap log_opt_values /usr/lib/python3/dist-packages/oslo_config/cfg.py:2602
2025-05-12 00:31:54.370 129855 DEBUG oslo_service.service [req-a0b55793-3e6b-4766-980f-b7b9439ccc17 - - - - -] running_deleted_instance_poll_interval = 1800 log_opt_values /usr/lib/python3/dist-packages/oslo_config/cfg.py:2602
2025-05-12 00:31:54.370 129855 DEBUG oslo_service.service [req-a0b55793-3e6b-4766-980f-b7b9439ccc17 - - - - -] running_deleted_instance_timeout = 0 log_opt_values /usr/lib/python3/dist-packages/oslo_config/cfg.py:2602
2025-05-12 00:31:54.370 129855 DEBUG oslo_service.service [req-a0b55793-3e6b-4766-980f-b7b9439ccc17 - - - - -] scheduler_instance_sync_interval = 120 log_opt_values /usr/lib/python3/dist-packages/oslo_config/cfg.py:2602
2025-05-12 00:31:54.370 129855 DEBUG oslo_service.service [req-a0b55793-3e6b-4766-980f-b7b9439ccc17 - - - - -] service_down_time = 60 log_opt_values /usr/lib/python3/dist-packages/oslo_config/cfg.py:2602
2025-05-12 00:31:54.370 129855 DEBUG oslo_service.service [req-a0b55793-3e6b-4766-980f-b7b9439ccc17 - - - - -] servicegroup_driver = db log_opt_values /usr/lib/python3/dist-packages/oslo_config/cfg.py:2602
2025-05-12 00:31:54.370 129855 DEBUG oslo_service.service [req-a0b55793-3e6b-4766-980f-b7b9439ccc17 - - - - -] shelved_offload_time = 0 log_opt_values /usr/lib/python3/dist-packages/oslo_config/cfg.py:2602
2025-05-12 00:31:54.371 129855 DEBUG oslo_service.service [req-a0b55793-3e6b-4766-980f-b7b9439ccc17 - - - - -] shelved_poll_interval = 3600 log_opt_values /usr/lib/python3/dist-packages/oslo_config/cfg.py:2602
2025-05-12 00:31:54.380 130810 DEBUG oslo_messaging._drivers.amqpdriver [-] Listener is running poll /usr/lib/python3/dist-packages/oslo_messaging/_drivers/amqpdriver.py:343
2025-05-12 00:31:54.375 129855 DEBUG oslo_service.service [req-a0b55793-3e6b-4766-980f-b7b9439ccc17 - - - - -] shutdown_timeout = 60 log_opt_values /usr/lib/python3/dist-packages/oslo_config/cfg.py:2602
2025-05-12 00:31:54.380 130810 DEBUG oslo_messaging._drivers.amqpdriver [-] AMQPListener connection consume poll /usr/lib/python3/dist-packages/oslo_messaging/_drivers/amqpdriver.py:357
2025-05-12 00:31:54.381 130810 DEBUG nova.service [req-f44c8f76-3365-4f53-8e8d-42050aa2b9d9 - - - - -] Join ServiceGroup membership for this service conductor start /usr/lib/python3/dist-packages/nova/service.py:199
2025-05-12 00:31:54.382 130810 DEBUG nova.servicegroup.drivers.db [req-f44c8f76-3365-4f53-8e8d-42050aa2b9d9 - - - - -] DB_Driver: join new ServiceGroup member juju-711bc3-0-lxd-7 to the conductor group, service = join /usr/lib/python3/dist-packages/nova/servicegroup/drivers/db.py:44
2025-05-12 00:31:54.381 129855 DEBUG oslo_service.service [req-a0b55793-3e6b-4766-980f-b7b9439ccc17 - - - - -] source_is_ipv6 = False log_opt_values /usr/lib/python3/dist-packages/oslo_config/cfg.py:2602
2025-05-12 00:31:54.383 130816 DEBUG oslo_messaging._drivers.amqpdriver [req-152dcec6-55d2-424d-8b84-a4796d9bd78c - - - - -] sending reply msg_id: aaaf6497d81c4008aea37c5a0511a0e5 reply queue: reply_90c63d9588244034ac44dba0b6d68ea2 time elapsed: 0.01687251299995296s _send_reply /usr/lib/python3/dist-packages/oslo_messaging/_drivers/amqpdriver.py:118
2025-05-12 00:31:54.383 130818 DEBUG oslo_messaging._drivers.amqpdriver [-] Listener is running poll /usr/lib/python3/dist-packages/oslo_messaging/_drivers/amqpdriver.py:343
