2025-05-12 01:19:27.092 35229 DEBUG heat.engine.service [req-91d38111-8984-4e46-b26d-fc3b55483a75 - - - - -] Service 8765a077-6711-413b-89bb-0a3ac52bc9c0 is updated service_manage_report /usr/lib/python3/dist-packages/heat/engine/service.py:2370
2025-05-12 01:20:27.089 35228 DEBUG heat.engine.service [req-84cf40bf-8011-4ce3-97ff-f2f8592807e5 - - - - -] Service 261b45a6-39f1-4a74-b1b5-1b414301cac7 is updated service_manage_report /usr/lib/python3/dist-packages/heat/engine/service.py:2370
2025-05-12 01:20:27.093 35230 DEBUG heat.engine.service [req-7d5f31a0-628f-4b31-891a-e1b99ea11156 - - - - -] Service 4c4f2a6f-3087-4e46-a8a4-609dd5699e2f is updated service_manage_report /usr/lib/python3/dist-packages/heat/engine/service.py:2370
2025-05-12 01:20:27.095 35229 DEBUG heat.engine.service [req-e5f2b431-7c7d-4544-b435-aac784b00721 - - - - -] Service 8765a077-6711-413b-89bb-0a3ac52bc9c0 is updated service_manage_report /usr/lib/python3/dist-packages/heat/engine/service.py:2370
2025-05-12 01:20:27.095 35227 DEBUG heat.engine.service [req-16b49609-978f-45e8-8c23-046f9586f01b - - - - -] Service b47b1398-ea3b-4aa5-a77f-32c250960109 is updated service_manage_report /usr/lib/python3/dist-packages/heat/engine/service.py:2370
2025-05-12 01:21:27.092 35228 DEBUG heat.engine.service [req-1685080b-4626-4575-944c-76ba8dc4985a - - - - -] Service 261b45a6-39f1-4a74-b1b5-1b414301cac7 is updated service_manage_report /usr/lib/python3/dist-packages/heat/engine/service.py:2370
2025-05-12 01:21:27.099 35230 DEBUG heat.engine.service [req-a595490e-6733-4468-a5b9-eac71bb314ce - - - - -] Service 4c4f2a6f-3087-4e46-a8a4-609dd5699e2f is updated service_manage_report /usr/lib/python3/dist-packages/heat/engine/service.py:2370
2025-05-12 01:21:27.100 35227 DEBUG heat.engine.service [req-b828e752-9247-4f46-a53c-a812220ba77b - - - - -] Service b47b1398-ea3b-4aa5-a77f-32c250960109 is updated service_manage_report /usr/lib/python3/dist-packages/heat/engine/service.py:2370
2025-05-12 01:21:27.100 35229 DEBUG heat.engine.service [req-a503aa4b-5c5b-4d9e-9d11-82adb7f8c29f - - - - -] Service 8765a077-6711-413b-89bb-0a3ac52bc9c0 is updated service_manage_report /usr/lib/python3/dist-packages/heat/engine/service.py:2370
2025-05-12 01:22:27.096 35228 DEBUG heat.engine.service [req-794de5dc-231a-4d61-a72e-4aaf9df06274 - - - - -] Service 261b45a6-39f1-4a74-b1b5-1b414301cac7 is updated service_manage_report /usr/lib/python3/dist-packages/heat/engine/service.py:2370
2025-05-12 01:22:27.102 35230 DEBUG heat.engine.service [req-460a8fea-ce7a-482a-b0fa-3dd68a74727f - - - - -] Service 4c4f2a6f-3087-4e46-a8a4-609dd5699e2f is updated service_manage_report /usr/lib/python3/dist-packages/heat/engine/service.py:2370
2025-05-12 01:22:27.104 35229 DEBUG heat.engine.service [req-c534d330-0e77-4cc5-a245-7b46cb878758 - - - - -] Service 8765a077-6711-413b-89bb-0a3ac52bc9c0 is updated service_manage_report /usr/lib/python3/dist-packages/heat/engine/service.py:2370
2025-05-12 01:22:27.104 35227 DEBUG heat.engine.service [req-a34e5966-5ea3-4d67-a800-bb3b398a04ff - - - - -] Service b47b1398-ea3b-4aa5-a77f-32c250960109 is updated service_manage_report /usr/lib/python3/dist-packages/heat/engine/service.py:2370
2025-05-12 01:23:27.100 35228 DEBUG heat.engine.service [req-fa57a51a-51b2-48e7-89bd-eee117bdc178 - - - - -] Service 261b45a6-39f1-4a74-b1b5-1b414301cac7 is updated service_manage_report /usr/lib/python3/dist-packages/heat/engine/service.py:2370
2025-05-12 01:23:27.105 35227 DEBUG heat.engine.service [req-b88f3e0b-c343-4b7b-bdcb-4d050cd10971 - - - - -] Service b47b1398-ea3b-4aa5-a77f-32c250960109 is updated service_manage_report /usr/lib/python3/dist-packages/heat/engine/service.py:2370
2025-05-12 01:23:27.109 35230 DEBUG heat.engine.service [req-26ad944e-26ea-47e8-b488-a822b5074c32 - - - - -] Service 4c4f2a6f-3087-4e46-a8a4-609dd5699e2f is updated service_manage_report /usr/lib/python3/dist-packages/heat/engine/service.py:2370
2025-05-12 01:23:27.109 35229 DEBUG heat.engine.service [req-c50b649c-dcad-436f-ad35-0c9106e301ed - - - - -] Service 8765a077-6711-413b-89bb-0a3ac52bc9c0 is updated service_manage_report /usr/lib/python3/dist-packages/heat/engine/service.py:2370
2025-05-12 01:24:27.104 35230 DEBUG heat.engine.service [req-b15804a1-ac87-4dc6-b571-f8f30406e440 - - - - -] Service 4c4f2a6f-3087-4e46-a8a4-609dd5699e2f is updated service_manage_report /usr/lib/python3/dist-packages/heat/engine/service.py:2370
2025-05-12 01:24:27.108 35228 DEBUG heat.engine.service [req-bf54e607-c4c1-4b8b-bf10-bb43ab5bf501 - - - - -] Service 261b45a6-39f1-4a74-b1b5-1b414301cac7 is updated service_manage_report /usr/lib/python3/dist-packages/heat/engine/service.py:2370
2025-05-12 01:24:27.112 35227 DEBUG heat.engine.service [req-820515e5-f51f-42c6-8d55-21eb64fd626b - - - - -] Service b47b1398-ea3b-4aa5-a77f-32c250960109 is updated service_manage_report /usr/lib/python3/dist-packages/heat/engine/service.py:2370
2025-05-12 01:24:27.113 35229 DEBUG heat.engine.service [req-7070b405-4068-464e-ab07-7fc3c3d0e1cc - - - - -] Service 8765a077-6711-413b-89bb-0a3ac52bc9c0 is updated service_manage_report /usr/lib/python3/dist-packages/heat/engine/service.py:2370
2025-05-12 01:25:27.109 35228 DEBUG heat.engine.service [req-b7b8c9b3-c700-4865-b314-7433e6336e67 - - - - -] Service 261b45a6-39f1-4a74-b1b5-1b414301cac7 is updated service_manage_report /usr/lib/python3/dist-packages/heat/engine/service.py:2370
2025-05-12 01:25:27.111 35230 DEBUG heat.engine.service [req-760ead06-21dc-4a11-98d3-a6353150fabe - - - - -] Service 4c4f2a6f-3087-4e46-a8a4-609dd5699e2f is updated service_manage_report /usr/lib/python3/dist-packages/heat/engine/service.py:2370
2025-05-12 01:25:27.111 35227 DEBUG heat.engine.service [req-2c9e53bc-f47c-4194-be9f-50529c90454a - - - - -] Service b47b1398-ea3b-4aa5-a77f-32c250960109 is updated service_manage_report /usr/lib/python3/dist-packages/heat/engine/service.py:2370
2025-05-12 01:25:27.117 35229 DEBUG heat.engine.service [req-eb1bdf9b-8b0a-4879-9460-fb46fcab236b - - - - -] Service 8765a077-6711-413b-89bb-0a3ac52bc9c0 is updated service_manage_report /usr/lib/python3/dist-packages/heat/engine/service.py:2370
2025-05-12 01:26:27.105 35230 DEBUG heat.engine.service [req-5e3ad461-03ae-4524-9bd3-1bfd4099f316 - - - - -] Service 4c4f2a6f-3087-4e46-a8a4-609dd5699e2f is updated service_manage_report /usr/lib/python3/dist-packages/heat/engine/service.py:2370
2025-05-12 01:26:27.105 35228 DEBUG heat.engine.service [req-1a2ffd92-f774-4ca4-ade0-d9227ecc282f - - - - -] Service 261b45a6-39f1-4a74-b1b5-1b414301cac7 is updated service_manage_report /usr/lib/python3/dist-packages/heat/engine/service.py:2370
2025-05-12 01:26:27.105 35227 DEBUG heat.engine.service [req-12f44e90-cd8e-429e-a596-9fa74af7e0ea - - - - -] Service b47b1398-ea3b-4aa5-a77f-32c250960109 is updated service_manage_report /usr/lib/python3/dist-packages/heat/engine/service.py:2370
2025-05-12 01:26:27.117 35229 DEBUG heat.engine.service [req-4bfdbf1e-7da9-455c-a058-e901fa8e4ef9 - - - - -] Service 8765a077-6711-413b-89bb-0a3ac52bc9c0 is updated service_manage_report /usr/lib/python3/dist-packages/heat/engine/service.py:2370
2025-05-12 01:27:27.097 35228 DEBUG heat.engine.service [req-b15d9ae6-a4a8-472e-96e4-138f0f65ffd3 - - - - -] Service 261b45a6-39f1-4a74-b1b5-1b414301cac7 is updated service_manage_report /usr/lib/python3/dist-packages/heat/engine/service.py:2370
2025-05-12 01:27:27.107 35230 DEBUG heat.engine.service [req-b153717d-85c6-40f3-b9a3-9ef3a66a0d11 - - - - -] Service 4c4f2a6f-3087-4e46-a8a4-609dd5699e2f is updated service_manage_report /usr/lib/python3/dist-packages/heat/engine/service.py:2370
2025-05-12 01:27:27.108 35227 DEBUG heat.engine.service [req-e0869419-fb07-4d2c-8484-5b72ab8c544e - - - - -] Service b47b1398-ea3b-4aa5-a77f-32c250960109 is updated service_manage_report /usr/lib/python3/dist-packages/heat/engine/service.py:2370
2025-05-12 01:27:27.120 35229 DEBUG heat.engine.service [req-7daa884a-49b9-4530-a401-86952c18a4d4 - - - - -] Service 8765a077-6711-413b-89bb-0a3ac52bc9c0 is updated service_manage_report /usr/lib/python3/dist-packages/heat/engine/service.py:2370
2025-05-12 01:28:27.103 35228 DEBUG heat.engine.service [req-28c91643-70cd-4464-a16f-86a3551d25a9 - - - - -] Service 261b45a6-39f1-4a74-b1b5-1b414301cac7 is updated service_manage_report /usr/lib/python3/dist-packages/heat/engine/service.py:2370
2025-05-12 01:28:27.110 35230 DEBUG heat.engine.service [req-a6cd5ada-0806-4517-851f-4a6edcface28 - - - - -] Service 4c4f2a6f-3087-4e46-a8a4-609dd5699e2f is updated service_manage_report /usr/lib/python3/dist-packages/heat/engine/service.py:2370
2025-05-12 01:28:27.111 35227 DEBUG heat.engine.service [req-1301a989-4dbb-4ca8-8620-0edcff85954b - - - - -] Service b47b1398-ea3b-4aa5-a77f-32c250960109 is updated service_manage_report /usr/lib/python3/dist-packages/heat/engine/service.py:2370
2025-05-12 01:28:27.121 35229 DEBUG heat.engine.service [req-d9fce185-8d64-486e-8ed6-b897eaced205 - - - - -] Service 8765a077-6711-413b-89bb-0a3ac52bc9c0 is updated service_manage_report /usr/lib/python3/dist-packages/heat/engine/service.py:2370
2025-05-12 01:29:27.095 35228 DEBUG heat.engine.service [req-14012f28-6550-4544-adca-6b6a4596edca - - - - -] Service 261b45a6-39f1-4a74-b1b5-1b414301cac7 is updated service_manage_report /usr/lib/python3/dist-packages/heat/engine/service.py:2370
2025-05-12 01:29:27.111 35230 DEBUG heat.engine.service [req-316b4735-2196-4971-b523-37138f6dce4e - - - - -] Service 4c4f2a6f-3087-4e46-a8a4-609dd5699e2f is updated service_manage_report /usr/lib/python3/dist-packages/heat/engine/service.py:2370
2025-05-12 01:29:27.113 35227 DEBUG heat.engine.service [req-d65e71f6-e98c-4ebf-8b83-c6ef242bfda8 - - - - -] Service b47b1398-ea3b-4aa5-a77f-32c250960109 is updated service_manage_report /usr/lib/python3/dist-packages/heat/engine/service.py:2370
2025-05-12 01:29:27.121 35229 DEBUG heat.engine.service [req-c11a96ed-e654-414c-a9de-6e7978248784 - - - - -] Service 8765a077-6711-413b-89bb-0a3ac52bc9c0 is updated service_manage_report /usr/lib/python3/dist-packages/heat/engine/service.py:2370
2025-05-12 01:30:27.099 35228 DEBUG heat.engine.service [req-3417aed8-f164-47ce-a185-b54bd270081b - - - - -] Service 261b45a6-39f1-4a74-b1b5-1b414301cac7 is updated service_manage_report /usr/lib/python3/dist-packages/heat/engine/service.py:2370
2025-05-12 01:30:27.117 35227 DEBUG heat.engine.service [req-21ba85ec-7f92-4930-a79e-032642ff6bee - - - - -] Service b47b1398-ea3b-4aa5-a77f-32c250960109 is updated service_manage_report /usr/lib/python3/dist-packages/heat/engine/service.py:2370
2025-05-12 01:30:27.118 35230 DEBUG heat.engine.service [req-0ecf9bf5-c6f5-436a-a7a9-24cdef82c59b - - - - -] Service 4c4f2a6f-3087-4e46-a8a4-609dd5699e2f is updated service_manage_report /usr/lib/python3/dist-packages/heat/engine/service.py:2370
2025-05-12 01:30:27.124 35229 DEBUG heat.engine.service [req-ae2e68b5-40db-4f15-8dab-14224f5572ed - - - - -] Service 8765a077-6711-413b-89bb-0a3ac52bc9c0 is updated service_manage_report /usr/lib/python3/dist-packages/heat/engine/service.py:2370
2025-05-12 01:31:27.106 35228 DEBUG heat.engine.service [req-541ca2e3-ef6a-4697-9e0a-fcecde146e43 - - - - -] Service 261b45a6-39f1-4a74-b1b5-1b414301cac7 is updated service_manage_report /usr/lib/python3/dist-packages/heat/engine/service.py:2370
2025-05-12 01:31:27.114 35230 DEBUG heat.engine.service [req-5e144b19-8503-41be-89f1-cac0e1971cc6 - - - - -] Service 4c4f2a6f-3087-4e46-a8a4-609dd5699e2f is updated service_manage_report /usr/lib/python3/dist-packages/heat/engine/service.py:2370
2025-05-12 01:31:27.122 35227 DEBUG heat.engine.service [req-f2841eea-3189-4b62-8448-6ea757ed5cca - - - - -] Service b47b1398-ea3b-4aa5-a77f-32c250960109 is updated service_manage_report /usr/lib/python3/dist-packages/heat/engine/service.py:2370
2025-05-12 01:31:27.129 35229 DEBUG heat.engine.service [req-e84458a9-4bcf-4089-8bc3-e2836ef4be8e - - - - -] Service 8765a077-6711-413b-89bb-0a3ac52bc9c0 is updated service_manage_report /usr/lib/python3/dist-packages/heat/engine/service.py:2370
2025-05-12 01:32:27.098 35228 DEBUG heat.engine.service [req-3c438b74-3aa7-4b96-b239-92a25c5a67cf - - - - -] Service 261b45a6-39f1-4a74-b1b5-1b414301cac7 is updated service_manage_report /usr/lib/python3/dist-packages/heat/engine/service.py:2370
2025-05-12 01:32:27.116 35230 DEBUG heat.engine.service [req-7803f5c4-b9ce-4eec-a51a-0e66bd29b843 - - - - -] Service 4c4f2a6f-3087-4e46-a8a4-609dd5699e2f is updated service_manage_report /usr/lib/python3/dist-packages/heat/engine/service.py:2370
2025-05-12 01:32:27.125 35227 DEBUG heat.engine.service [req-98f356f8-5668-4c78-8b74-3d63a12f1ef0 - - - - -] Service b47b1398-ea3b-4aa5-a77f-32c250960109 is updated service_manage_report /usr/lib/python3/dist-packages/heat/engine/service.py:2370
2025-05-12 01:32:27.132 35229 DEBUG heat.engine.service [req-01c50a6c-c267-448c-a93c-ff91827bb498 - - - - -] Service 8765a077-6711-413b-89bb-0a3ac52bc9c0 is updated service_manage_report /usr/lib/python3/dist-packages/heat/engine/service.py:2370
2025-05-12 01:33:27.100 35228 DEBUG heat.engine.service [req-61475134-f977-4e0e-88c5-f794b8741f15 - - - - -] Service 261b45a6-39f1-4a74-b1b5-1b414301cac7 is updated service_manage_report /usr/lib/python3/dist-packages/heat/engine/service.py:2370
2025-05-12 01:33:27.117 35230 DEBUG heat.engine.service [req-09659d82-a0a9-4617-90dd-e4e526969c2b - - - - -] Service 4c4f2a6f-3087-4e46-a8a4-609dd5699e2f is updated service_manage_report /usr/lib/python3/dist-packages/heat/engine/service.py:2370
2025-05-12 01:33:27.125 35227 DEBUG heat.engine.service [req-d9d7891f-9ac6-4d7c-9484-23b1cb4687fa - - - - -] Service b47b1398-ea3b-4aa5-a77f-32c250960109 is updated service_manage_report /usr/lib/python3/dist-packages/heat/engine/service.py:2370
2025-05-12 01:33:27.133 35229 DEBUG heat.engine.service [req-31911dfc-a173-4766-be31-0546a70c4499 - - - - -] Service 8765a077-6711-413b-89bb-0a3ac52bc9c0 is updated service_manage_report /usr/lib/python3/dist-packages/heat/engine/service.py:2370
2025-05-12 01:34:27.105 35228 DEBUG heat.engine.service [req-d26587bb-21f2-4463-a43e-eb7115076450 - - - - -] Service 261b45a6-39f1-4a74-b1b5-1b414301cac7 is updated service_manage_report /usr/lib/python3/dist-packages/heat/engine/service.py:2370
2025-05-12 01:34:27.117 35230 DEBUG heat.engine.service [req-38a1cc85-5e8d-45ed-a050-1a3e89531df6 - - - - -] Service 4c4f2a6f-3087-4e46-a8a4-609dd5699e2f is updated service_manage_report /usr/lib/python3/dist-packages/heat/engine/service.py:2370
2025-05-12 01:34:27.127 35227 DEBUG heat.engine.service [req-3b7bcf14-eb14-4da0-97a5-3c2b585fa02a - - - - -] Service b47b1398-ea3b-4aa5-a77f-32c250960109 is updated service_manage_report /usr/lib/python3/dist-packages/heat/engine/service.py:2370
2025-05-12 01:34:27.133 35229 DEBUG heat.engine.service [req-3f967802-e664-4d7b-995f-843027f79613 - - - - -] Service 8765a077-6711-413b-89bb-0a3ac52bc9c0 is updated service_manage_report /usr/lib/python3/dist-packages/heat/engine/service.py:2370
2025-05-12 01:35:27.107 35228 DEBUG heat.engine.service [req-74c42910-bc4c-4a90-ac05-13c3b3cdafed - - - - -] Service 261b45a6-39f1-4a74-b1b5-1b414301cac7 is updated service_manage_report /usr/lib/python3/dist-packages/heat/engine/service.py:2370
2025-05-12 01:35:27.118 35230 DEBUG heat.engine.service [req-f82508a9-ab79-48d9-99e8-772fae8a9e82 - - - - -] Service 4c4f2a6f-3087-4e46-a8a4-609dd5699e2f is updated service_manage_report /usr/lib/python3/dist-packages/heat/engine/service.py:2370
2025-05-12 01:35:27.128 35227 DEBUG heat.engine.service [req-7d27a085-fe1d-4788-8085-9019809e56fd - - - - -] Service b47b1398-ea3b-4aa5-a77f-32c250960109 is updated service_manage_report /usr/lib/python3/dist-packages/heat/engine/service.py:2370
2025-05-12 01:35:27.137 35229 DEBUG heat.engine.service [req-01ffaadd-965a-497a-bcf6-0d8c10f3f965 - - - - -] Service 8765a077-6711-413b-89bb-0a3ac52bc9c0 is updated service_manage_report /usr/lib/python3/dist-packages/heat/engine/service.py:2370
2025-05-12 01:36:27.109 35228 DEBUG heat.engine.service [req-c84117dd-8731-4a12-9fe8-79d6304a6ccd - - - - -] Service 261b45a6-39f1-4a74-b1b5-1b414301cac7 is updated service_manage_report /usr/lib/python3/dist-packages/heat/engine/service.py:2370
2025-05-12 01:36:27.119 35230 DEBUG heat.engine.service [req-fa3ecfec-7fb3-4336-8007-c129af95a4f1 - - - - -] Service 4c4f2a6f-3087-4e46-a8a4-609dd5699e2f is updated service_manage_report /usr/lib/python3/dist-packages/heat/engine/service.py:2370
2025-05-12 01:36:27.129 35227 DEBUG heat.engine.service [req-20ec60c9-1989-404b-9627-608c178b13d8 - - - - -] Service b47b1398-ea3b-4aa5-a77f-32c250960109 is updated service_manage_report /usr/lib/python3/dist-packages/heat/engine/service.py:2370
2025-05-12 01:36:27.139 35229 DEBUG heat.engine.service [req-54e9968b-7a47-4f11-bfa2-547cd1a980e0 - - - - -] Service 8765a077-6711-413b-89bb-0a3ac52bc9c0 is updated service_manage_report /usr/lib/python3/dist-packages/heat/engine/service.py:2370
2025-05-12 01:37:27.114 35228 DEBUG heat.engine.service [req-9608c52d-f877-433a-a802-b6390e553d5d - - - - -] Service 261b45a6-39f1-4a74-b1b5-1b414301cac7 is updated service_manage_report /usr/lib/python3/dist-packages/heat/engine/service.py:2370
2025-05-12 01:37:27.121 35230 DEBUG heat.engine.service [req-6ef5e91c-ed9d-4d08-9f8f-08674e9fa0ef - - - - -] Service 4c4f2a6f-3087-4e46-a8a4-609dd5699e2f is updated service_manage_report /usr/lib/python3/dist-packages/heat/engine/service.py:2370
2025-05-12 01:37:27.132 35227 DEBUG heat.engine.service [req-c2aab8ba-3f0e-4226-8672-95ae9b9cd059 - - - - -] Service b47b1398-ea3b-4aa5-a77f-32c250960109 is updated service_manage_report /usr/lib/python3/dist-packages/heat/engine/service.py:2370
2025-05-12 01:37:27.142 35229 DEBUG heat.engine.service [req-c07eda1e-ed4a-4410-b01a-f38b81ccbae3 - - - - -] Service 8765a077-6711-413b-89bb-0a3ac52bc9c0 is updated service_manage_report /usr/lib/python3/dist-packages/heat/engine/service.py:2370
2025-05-12 01:38:27.118 35228 DEBUG heat.engine.service [req-bc2c7a1e-4195-43b9-a3b0-76838968ae75 - - - - -] Service 261b45a6-39f1-4a74-b1b5-1b414301cac7 is updated service_manage_report /usr/lib/python3/dist-packages/heat/engine/service.py:2370
2025-05-12 01:38:27.122 35230 DEBUG heat.engine.service [req-6b1b5766-9fb0-4c81-a883-13aed77463d5 - - - - -] Service 4c4f2a6f-3087-4e46-a8a4-609dd5699e2f is updated service_manage_report /usr/lib/python3/dist-packages/heat/engine/service.py:2370
2025-05-12 01:38:27.132 35227 DEBUG heat.engine.service [req-e245f9b8-79f2-4c13-a68d-8d1f5d407f83 - - - - -] Service b47b1398-ea3b-4aa5-a77f-32c250960109 is updated service_manage_report /usr/lib/python3/dist-packages/heat/engine/service.py:2370
2025-05-12 01:38:27.142 35229 DEBUG heat.engine.service [req-97f2598b-ebcb-4183-a7d5-012854b4b3c9 - - - - -] Service 8765a077-6711-413b-89bb-0a3ac52bc9c0 is updated service_manage_report /usr/lib/python3/dist-packages/heat/engine/service.py:2370
2025-05-12 01:39:27.120 35228 DEBUG heat.engine.service [req-d6815424-ca5c-44d2-a8b3-d5ca07c43dd0 - - - - -] Service 261b45a6-39f1-4a74-b1b5-1b414301cac7 is updated service_manage_report /usr/lib/python3/dist-packages/heat/engine/service.py:2370
2025-05-12 01:39:27.122 35230 DEBUG heat.engine.service [req-b7642f2e-e279-4a2c-b144-79bea8f40f5e - - - - -] Service 4c4f2a6f-3087-4e46-a8a4-609dd5699e2f is updated service_manage_report /usr/lib/python3/dist-packages/heat/engine/service.py:2370
2025-05-12 01:39:27.136 35227 DEBUG heat.engine.service [req-1db68d58-a9e3-4806-880a-1b41df28c243 - - - - -] Service b47b1398-ea3b-4aa5-a77f-32c250960109 is updated service_manage_report /usr/lib/python3/dist-packages/heat/engine/service.py:2370
2025-05-12 01:39:27.143 35229 DEBUG heat.engine.service [req-9df6d76a-a728-42cb-bbda-21691573cd4d - - - - -] Service 8765a077-6711-413b-89bb-0a3ac52bc9c0 is updated service_manage_report /usr/lib/python3/dist-packages/heat/engine/service.py:2370
2025-05-12 01:40:27.126 35228 DEBUG heat.engine.service [req-cc277a95-f4d4-4ce9-b429-6c39b6b69f8a - - - - -] Service 261b45a6-39f1-4a74-b1b5-1b414301cac7 is updated service_manage_report /usr/lib/python3/dist-packages/heat/engine/service.py:2370
2025-05-12 01:40:27.130 35230 DEBUG heat.engine.service [req-8c5a25ad-85eb-44be-a092-e6d577eb7d6b - - - - -] Service 4c4f2a6f-3087-4e46-a8a4-609dd5699e2f is updated service_manage_report /usr/lib/python3/dist-packages/heat/engine/service.py:2370
2025-05-12 01:40:27.141 35227 DEBUG heat.engine.service [req-d8236554-528a-4f27-a001-6fbe710722f2 - - - - -] Service b47b1398-ea3b-4aa5-a77f-32c250960109 is updated service_manage_report /usr/lib/python3/dist-packages/heat/engine/service.py:2370
2025-05-12 01:40:27.145 35229 DEBUG heat.engine.service [req-4cdcee76-1a03-4f5a-8dd2-f7b653b8849b - - - - -] Service 8765a077-6711-413b-89bb-0a3ac52bc9c0 is updated service_manage_report /usr/lib/python3/dist-packages/heat/engine/service.py:2370
2025-05-12 01:41:27.119 35228 DEBUG heat.engine.service [req-32c5341d-cdd5-4f35-bd69-d1ab45f6f106 - - - - -] Service 261b45a6-39f1-4a74-b1b5-1b414301cac7 is updated service_manage_report /usr/lib/python3/dist-packages/heat/engine/service.py:2370
2025-05-12 01:41:27.126 35230 DEBUG heat.engine.service [req-4c9368e0-fe1b-44cf-9655-aee77546c3bf - - - - -] Service 4c4f2a6f-3087-4e46-a8a4-609dd5699e2f is updated service_manage_report /usr/lib/python3/dist-packages/heat/engine/service.py:2370
2025-05-12 01:41:27.143 35227 DEBUG heat.engine.service [req-f897b88a-fa5f-4864-a4ed-55fdca415687 - - - - -] Service b47b1398-ea3b-4aa5-a77f-32c250960109 is updated service_manage_report /usr/lib/python3/dist-packages/heat/engine/service.py:2370
2025-05-12 01:41:27.147 35229 DEBUG heat.engine.service [req-8075dd14-7b90-4eb5-9ef0-bd5818883db3 - - - - -] Service 8765a077-6711-413b-89bb-0a3ac52bc9c0 is updated service_manage_report /usr/lib/python3/dist-packages/heat/engine/service.py:2370
2025-05-12 01:42:27.120 35230 DEBUG heat.engine.service [req-899b63ee-690f-44ce-ae7e-688b7e3d60b6 - - - - -] Service 4c4f2a6f-3087-4e46-a8a4-609dd5699e2f is updated service_manage_report /usr/lib/python3/dist-packages/heat/engine/service.py:2370
2025-05-12 01:42:27.123 35228 DEBUG heat.engine.service [req-95bdccd3-1815-4840-969a-7a21c2af14a3 - - - - -] Service 261b45a6-39f1-4a74-b1b5-1b414301cac7 is updated service_manage_report /usr/lib/python3/dist-packages/heat/engine/service.py:2370
2025-05-12 01:42:27.149 35227 DEBUG heat.engine.service [req-9a10b189-3ccd-4dd4-94c6-c65b6ee836de - - - - -] Service b47b1398-ea3b-4aa5-a77f-32c250960109 is updated service_manage_report /usr/lib/python3/dist-packages/heat/engine/service.py:2370
2025-05-12 01:42:27.152 35229 DEBUG heat.engine.service [req-5396eafd-4213-4668-87a8-c2e35d47ddbc - - - - -] Service 8765a077-6711-413b-89bb-0a3ac52bc9c0 is updated service_manage_report /usr/lib/python3/dist-packages/heat/engine/service.py:2370
2025-05-12 01:43:27.124 35230 DEBUG heat.engine.service [req-10701ba9-cd93-4026-8344-4f3a8534063c - - - - -] Service 4c4f2a6f-3087-4e46-a8a4-609dd5699e2f is updated service_manage_report /usr/lib/python3/dist-packages/heat/engine/service.py:2370
2025-05-12 01:43:27.126 35228 DEBUG heat.engine.service [req-2b61e1f7-6b9f-475a-a3cd-4233cf3380ea - - - - -] Service 261b45a6-39f1-4a74-b1b5-1b414301cac7 is updated service_manage_report /usr/lib/python3/dist-packages/heat/engine/service.py:2370
2025-05-12 01:43:27.151 35227 DEBUG heat.engine.service [req-ac1cb524-5273-4b2d-9979-4943daddbb07 - - - - -] Service b47b1398-ea3b-4aa5-a77f-32c250960109 is updated service_manage_report /usr/lib/python3/dist-packages/heat/engine/service.py:2370
2025-05-12 01:43:27.156 35229 DEBUG heat.engine.service [req-60f87fa1-e850-4ae9-b22b-0685dd7d998e - - - - -] Service 8765a077-6711-413b-89bb-0a3ac52bc9c0 is updated service_manage_report /usr/lib/python3/dist-packages/heat/engine/service.py:2370
2025-05-12 01:44:27.128 35230 DEBUG heat.engine.service [req-ae4472b5-84d6-470f-b684-b4efc9c96642 - - - - -] Service 4c4f2a6f-3087-4e46-a8a4-609dd5699e2f is updated service_manage_report /usr/lib/python3/dist-packages/heat/engine/service.py:2370
2025-05-12 01:44:27.130 35228 DEBUG heat.engine.service [req-1a062258-2ea9-40de-b702-552d673a4b1d - - - - -] Service 261b45a6-39f1-4a74-b1b5-1b414301cac7 is updated service_manage_report /usr/lib/python3/dist-packages/heat/engine/service.py:2370
2025-05-12 01:44:27.155 35227 DEBUG heat.engine.service [req-c445f0aa-4c69-4edc-9be2-6a0a98126072 - - - - -] Service b47b1398-ea3b-4aa5-a77f-32c250960109 is updated service_manage_report /usr/lib/python3/dist-packages/heat/engine/service.py:2370
2025-05-12 01:44:27.158 35229 DEBUG heat.engine.service [req-99003aba-9be9-47e0-9e83-813c568ff5fc - - - - -] Service 8765a077-6711-413b-89bb-0a3ac52bc9c0 is updated service_manage_report /usr/lib/python3/dist-packages/heat/engine/service.py:2370
2025-05-12 01:45:27.131 35230 DEBUG heat.engine.service [req-a31234a0-f22d-4ed1-8a68-f6c01e40a909 - - - - -] Service 4c4f2a6f-3087-4e46-a8a4-609dd5699e2f is updated service_manage_report /usr/lib/python3/dist-packages/heat/engine/service.py:2370
2025-05-12 01:45:27.134 35228 DEBUG heat.engine.service [req-e106c0bc-81d4-4128-bd80-15b17c1a75cf - - - - -] Service 261b45a6-39f1-4a74-b1b5-1b414301cac7 is updated service_manage_report /usr/lib/python3/dist-packages/heat/engine/service.py:2370
2025-05-12 01:45:27.157 35227 DEBUG heat.engine.service [req-c2ef929b-d11c-42d0-8d54-798c5c5800ce - - - - -] Service b47b1398-ea3b-4aa5-a77f-32c250960109 is updated service_manage_report /usr/lib/python3/dist-packages/heat/engine/service.py:2370
2025-05-12 01:45:27.159 35229 DEBUG heat.engine.service [req-e8916c95-b18d-4c10-b62b-75188221f03e - - - - -] Service 8765a077-6711-413b-89bb-0a3ac52bc9c0 is updated service_manage_report /usr/lib/python3/dist-packages/heat/engine/service.py:2370
2025-05-12 01:46:27.136 35230 DEBUG heat.engine.service [req-4d9f43f8-c24d-481d-97b2-40765eb768e5 - - - - -] Service 4c4f2a6f-3087-4e46-a8a4-609dd5699e2f is updated service_manage_report /usr/lib/python3/dist-packages/heat/engine/service.py:2370
2025-05-12 01:46:27.138 35228 DEBUG heat.engine.service [req-f317edf2-af6a-4679-9a03-3faaacac0d8c - - - - -] Service 261b45a6-39f1-4a74-b1b5-1b414301cac7 is updated service_manage_report /usr/lib/python3/dist-packages/heat/engine/service.py:2370
2025-05-12 01:46:27.158 35227 DEBUG heat.engine.service [req-d6b51b4c-50c4-4272-bc21-3de1832de9ef - - - - -] Service b47b1398-ea3b-4aa5-a77f-32c250960109 is updated service_manage_report /usr/lib/python3/dist-packages/heat/engine/service.py:2370
2025-05-12 01:46:27.160 35229 DEBUG heat.engine.service [req-0cbf76fe-975a-401f-bc0f-d24f586574ab - - - - -] Service 8765a077-6711-413b-89bb-0a3ac52bc9c0 is updated service_manage_report /usr/lib/python3/dist-packages/heat/engine/service.py:2370
2025-05-12 01:47:27.138 35230 DEBUG heat.engine.service [req-3cbbfb02-6570-4549-9ed3-0250681c9794 - - - - -] Service 4c4f2a6f-3087-4e46-a8a4-609dd5699e2f is updated service_manage_report /usr/lib/python3/dist-packages/heat/engine/service.py:2370
2025-05-12 01:47:27.139 35228 DEBUG heat.engine.service [req-885c6563-3be9-4ec7-af09-2276c113ddbf - - - - -] Service 261b45a6-39f1-4a74-b1b5-1b414301cac7 is updated service_manage_report /usr/lib/python3/dist-packages/heat/engine/service.py:2370
2025-05-12 01:47:27.161 35227 DEBUG heat.engine.service [req-5e4d4472-fab7-4615-b013-83f7a0f1d68c - - - - -] Service b47b1398-ea3b-4aa5-a77f-32c250960109 is updated service_manage_report /usr/lib/python3/dist-packages/heat/engine/service.py:2370
2025-05-12 01:47:27.163 35229 DEBUG heat.engine.service [req-a0f2d9d5-4aa1-4b30-a368-ad3e15a1d184 - - - - -] Service 8765a077-6711-413b-89bb-0a3ac52bc9c0 is updated service_manage_report /usr/lib/python3/dist-packages/heat/engine/service.py:2370
2025-05-12 01:48:27.142 35230 DEBUG heat.engine.service [req-8ec64f98-248d-4853-9802-88f50f4c79db - - - - -] Service 4c4f2a6f-3087-4e46-a8a4-609dd5699e2f is updated service_manage_report /usr/lib/python3/dist-packages/heat/engine/service.py:2370
2025-05-12 01:48:27.143 35228 DEBUG heat.engine.service [req-aa96b5d9-7c0d-4d23-a2bd-ccbe19d1b1ea - - - - -] Service 261b45a6-39f1-4a74-b1b5-1b414301cac7 is updated service_manage_report /usr/lib/python3/dist-packages/heat/engine/service.py:2370
2025-05-12 01:48:27.165 35227 DEBUG heat.engine.service [req-8ac67aa4-be08-4bf0-b5c0-87de0d0ddb23 - - - - -] Service b47b1398-ea3b-4aa5-a77f-32c250960109 is updated service_manage_report /usr/lib/python3/dist-packages/heat/engine/service.py:2370
2025-05-12 01:48:27.166 35229 DEBUG heat.engine.service [req-90edac79-4082-4e02-9c09-027525f977ae - - - - -] Service 8765a077-6711-413b-89bb-0a3ac52bc9c0 is updated service_manage_report /usr/lib/python3/dist-packages/heat/engine/service.py:2370
2025-05-12 01:49:27.145 35230 DEBUG heat.engine.service [req-510e3353-f763-46c2-97d9-29b0a47dd83d - - - - -] Service 4c4f2a6f-3087-4e46-a8a4-609dd5699e2f is updated service_manage_report /usr/lib/python3/dist-packages/heat/engine/service.py:2370
2025-05-12 01:49:27.146 35228 DEBUG heat.engine.service [req-761211d2-5fca-4106-9c64-c34a6177e354 - - - - -] Service 261b45a6-39f1-4a74-b1b5-1b414301cac7 is updated service_manage_report /usr/lib/python3/dist-packages/heat/engine/service.py:2370
2025-05-12 01:49:27.168 35227 DEBUG heat.engine.service [req-82a08f5a-5b4a-4c99-b748-eb124a262125 - - - - -] Service b47b1398-ea3b-4aa5-a77f-32c250960109 is updated service_manage_report /usr/lib/python3/dist-packages/heat/engine/service.py:2370
2025-05-12 01:49:27.169 35229 DEBUG heat.engine.service [req-2a37c2ac-1614-47b1-b9e5-99d578ea57b5 - - - - -] Service 8765a077-6711-413b-89bb-0a3ac52bc9c0 is updated service_manage_report /usr/lib/python3/dist-packages/heat/engine/service.py:2370
2025-05-12 01:50:27.147 35230 DEBUG heat.engine.service [req-60b613ca-31e3-47a3-a128-2f5c11c9d259 - - - - -] Service 4c4f2a6f-3087-4e46-a8a4-609dd5699e2f is updated service_manage_report /usr/lib/python3/dist-packages/heat/engine/service.py:2370
2025-05-12 01:50:27.152 35228 DEBUG heat.engine.service [req-3dc16000-6644-4997-bd00-eacd62d3b94d - - - - -] Service 261b45a6-39f1-4a74-b1b5-1b414301cac7 is updated service_manage_report /usr/lib/python3/dist-packages/heat/engine/service.py:2370
2025-05-12 01:50:27.171 35227 DEBUG heat.engine.service [req-f8612398-5914-4b01-a1f1-30a530c23e80 - - - - -] Service b47b1398-ea3b-4aa5-a77f-32c250960109 is updated service_manage_report /usr/lib/python3/dist-packages/heat/engine/service.py:2370
2025-05-12 01:50:27.173 35229 DEBUG heat.engine.service [req-dc97941d-ec11-4c9e-bb61-14894732116d - - - - -] Service 8765a077-6711-413b-89bb-0a3ac52bc9c0 is updated service_manage_report /usr/lib/python3/dist-packages/heat/engine/service.py:2370
2025-05-12 01:51:27.151 35230 DEBUG heat.engine.service [req-65044d92-b576-47b6-b725-fd3d84133bf0 - - - - -] Service 4c4f2a6f-3087-4e46-a8a4-609dd5699e2f is updated service_manage_report /usr/lib/python3/dist-packages/heat/engine/service.py:2370
2025-05-12 01:51:27.157 35228 DEBUG heat.engine.service [req-e9dbf708-5ada-4560-8170-555963cbe956 - - - - -] Service 261b45a6-39f1-4a74-b1b5-1b414301cac7 is updated service_manage_report /usr/lib/python3/dist-packages/heat/engine/service.py:2370
2025-05-12 01:51:27.179 35227 DEBUG heat.engine.service [req-00494b69-7b5f-4d3c-be19-5561a83cf12e - - - - -] Service b47b1398-ea3b-4aa5-a77f-32c250960109 is updated service_manage_report /usr/lib/python3/dist-packages/heat/engine/service.py:2370
2025-05-12 01:51:27.181 35229 DEBUG heat.engine.service [req-3a0b5b75-aa90-4313-b147-6eb6ea5619df - - - - -] Service 8765a077-6711-413b-89bb-0a3ac52bc9c0 is updated service_manage_report /usr/lib/python3/dist-packages/heat/engine/service.py:2370
2025-05-12 01:52:27.158 35230 DEBUG heat.engine.service [req-bb96227c-adb8-48f5-8b7c-88df1648a749 - - - - -] Service 4c4f2a6f-3087-4e46-a8a4-609dd5699e2f is updated service_manage_report /usr/lib/python3/dist-packages/heat/engine/service.py:2370
2025-05-12 01:52:27.161 35228 DEBUG heat.engine.service [req-d8fd8aa6-7eb0-47b7-a33b-4915cb0419dc - - - - -] Service 261b45a6-39f1-4a74-b1b5-1b414301cac7 is updated service_manage_report /usr/lib/python3/dist-packages/heat/engine/service.py:2370
2025-05-12 01:52:27.174 35227 DEBUG heat.engine.service [req-ff50fc44-5b2f-41fd-b86e-c5f8ed128db0 - - - - -] Service b47b1398-ea3b-4aa5-a77f-32c250960109 is updated service_manage_report /usr/lib/python3/dist-packages/heat/engine/service.py:2370
2025-05-12 01:52:27.177 35229 DEBUG heat.engine.service [req-a04fc43a-1b5f-4a91-b4d1-34087df6e9ce - - - - -] Service 8765a077-6711-413b-89bb-0a3ac52bc9c0 is updated service_manage_report /usr/lib/python3/dist-packages/heat/engine/service.py:2370
2025-05-12 01:53:27.151 35230 DEBUG heat.engine.service [req-e3962498-91e6-4d9d-9be8-9f7a2d62760b - - - - -] Service 4c4f2a6f-3087-4e46-a8a4-609dd5699e2f is updated service_manage_report /usr/lib/python3/dist-packages/heat/engine/service.py:2370
2025-05-12 01:53:27.163 35228 DEBUG heat.engine.service [req-c5ab383a-cf02-4dec-85e7-bdd850bbd9f6 - - - - -] Service 261b45a6-39f1-4a74-b1b5-1b414301cac7 is updated service_manage_report /usr/lib/python3/dist-packages/heat/engine/service.py:2370
2025-05-12 01:53:27.170 35229 DEBUG heat.engine.service [req-2e4e87b6-dc9f-4871-9d33-291ba9dfb92d - - - - -] Service 8765a077-6711-413b-89bb-0a3ac52bc9c0 is updated service_manage_report /usr/lib/python3/dist-packages/heat/engine/service.py:2370
2025-05-12 01:53:27.173 35227 DEBUG heat.engine.service [req-f34008ee-fc8b-4b1b-bfd0-dcd1d75de645 - - - - -] Service b47b1398-ea3b-4aa5-a77f-32c250960109 is updated service_manage_report /usr/lib/python3/dist-packages/heat/engine/service.py:2370
2025-05-12 01:54:27.154 35230 DEBUG heat.engine.service [req-e3ab65fc-5871-4c0c-aef0-23db0c69d167 - - - - -] Service 4c4f2a6f-3087-4e46-a8a4-609dd5699e2f is updated service_manage_report /usr/lib/python3/dist-packages/heat/engine/service.py:2370
2025-05-12 01:54:27.163 35228 DEBUG heat.engine.service [req-a99de28a-2321-4554-b5a5-874526a4d9af - - - - -] Service 261b45a6-39f1-4a74-b1b5-1b414301cac7 is updated service_manage_report /usr/lib/python3/dist-packages/heat/engine/service.py:2370
2025-05-12 01:54:27.171 35229 DEBUG heat.engine.service [req-f9fc1425-9b4d-4688-9d64-67bf14cf0dda - - - - -] Service 8765a077-6711-413b-89bb-0a3ac52bc9c0 is updated service_manage_report /usr/lib/python3/dist-packages/heat/engine/service.py:2370
2025-05-12 01:54:27.175 35227 DEBUG heat.engine.service [req-f8ea431e-5485-4c64-8aad-d3c5ca4ef100 - - - - -] Service b47b1398-ea3b-4aa5-a77f-32c250960109 is updated service_manage_report /usr/lib/python3/dist-packages/heat/engine/service.py:2370
2025-05-12 01:55:27.161 35230 DEBUG heat.engine.service [req-58d4d5af-5fd9-4783-bd5b-acaab0229454 - - - - -] Service 4c4f2a6f-3087-4e46-a8a4-609dd5699e2f is updated service_manage_report /usr/lib/python3/dist-packages/heat/engine/service.py:2370
2025-05-12 01:55:27.167 35228 DEBUG heat.engine.service [req-4e17aaf6-1688-4b88-a14d-7d2a8bb21512 - - - - -] Service 261b45a6-39f1-4a74-b1b5-1b414301cac7 is updated service_manage_report /usr/lib/python3/dist-packages/heat/engine/service.py:2370
2025-05-12 01:55:27.174 35229 DEBUG heat.engine.service [req-6626b455-da80-439c-9f68-31615bb92176 - - - - -] Service 8765a077-6711-413b-89bb-0a3ac52bc9c0 is updated service_manage_report /usr/lib/python3/dist-packages/heat/engine/service.py:2370
2025-05-12 01:55:27.180 35227 DEBUG heat.engine.service [req-ca810c30-a734-4c48-a0ef-5641e227f124 - - - - -] Service b47b1398-ea3b-4aa5-a77f-32c250960109 is updated service_manage_report /usr/lib/python3/dist-packages/heat/engine/service.py:2370
2025-05-12 01:56:26.606 35229 DEBUG heat.engine.service [-] Attempting to stop engine service... _stop_rpc_server /usr/lib/python3/dist-packages/heat/engine/service.py:437
2025-05-12 01:56:26.606 35230 DEBUG heat.engine.service [-] Attempting to stop engine service... _stop_rpc_server /usr/lib/python3/dist-packages/heat/engine/service.py:437
2025-05-12 01:56:26.606 35228 DEBUG heat.engine.service [-] Attempting to stop engine service... _stop_rpc_server /usr/lib/python3/dist-packages/heat/engine/service.py:437
2025-05-12 01:56:26.606 35227 DEBUG heat.engine.service [-] Attempting to stop engine service... _stop_rpc_server /usr/lib/python3/dist-packages/heat/engine/service.py:437
2025-05-12 01:56:26.607 34995 INFO oslo_service.service [-] Caught SIGTERM, stopping children
2025-05-12 01:56:26.607 34995 DEBUG oslo_concurrency.lockutils [-] Acquired lock "singleton_lock" lock /usr/lib/python3/dist-packages/oslo_concurrency/lockutils.py:294
2025-05-12 01:56:26.607 34995 DEBUG oslo_concurrency.lockutils [-] Releasing lock "singleton_lock" lock /usr/lib/python3/dist-packages/oslo_concurrency/lockutils.py:312
2025-05-12 01:56:26.607 34995 DEBUG oslo_service.service [-] Stop services. stop /usr/lib/python3/dist-packages/oslo_service/service.py:695
2025-05-12 01:56:26.607 34995 INFO heat.engine.service [-] All threads were gone, terminating engine
2025-05-12 01:56:26.608 34995 DEBUG oslo_service.service [-] Killing children. stop /usr/lib/python3/dist-packages/oslo_service/service.py:700
2025-05-12 01:56:26.608 34995 INFO oslo_service.service [-] Waiting on 4 children to exit
2025-05-12 01:56:26.615 34995 INFO oslo_service.service [-] Child 35229 killed by signal 15
2025-05-12 01:56:26.632 34995 INFO oslo_service.service [-] Child 35227 killed by signal 15
2025-05-12 01:56:26.633 34995 INFO oslo_service.service [-] Child 35228 killed by signal 15
2025-05-12 01:56:26.633 34995 INFO oslo_service.service [-] Child 35230 killed by signal 15
2025-05-12 01:56:28.532 64788 DEBUG oslo_concurrency.lockutils [-] Lock "context-manager" acquired by "neutron_lib.db.api._create_context_manager" :: waited 0.000s inner /usr/lib/python3/dist-packages/oslo_concurrency/lockutils.py:386
2025-05-12 01:56:28.532 64788 DEBUG oslo_concurrency.lockutils [-] Lock "context-manager" "released" by "neutron_lib.db.api._create_context_manager" :: held 0.000s inner /usr/lib/python3/dist-packages/oslo_concurrency/lockutils.py:400
2025-05-12 01:56:28.762 64788 WARNING heat.engine.environment [-] OS::Aodh::Alarm is DEPRECATED. Theshold alarm relies on ceilometer-api and has been deprecated in aodh since Ocata. Use OS::Aodh::GnocchiAggregationByResourcesAlarm instead.
2025-05-12 01:56:28.775 64788 WARNING heat.engine.environment [-] OS::Aodh::CombinationAlarm is HIDDEN. OS::Aodh::CombinationAlarm is deprecated and has been removed from Aodh, use OS::Aodh::CompositeAlarm instead.
2025-05-12 01:56:28.775 64788 WARNING heat.engine.environment [-] OS::Designate::Domain is HIDDEN. This resource has been removed, use OS::Designate::Zone instead.
2025-05-12 01:56:28.775 64788 WARNING heat.engine.environment [-] OS::Designate::Record is HIDDEN. This resource has been removed, use OS::Designate::RecordSet instead.
2025-05-12 01:56:28.775 64788 WARNING heat.engine.environment [-] OS::Glance::Image is DEPRECATED. Creating a Glance Image based on an existing URL location requires the Glance v1 API, which is deprecated.
2025-05-12 01:56:28.776 64788 WARNING heat.engine.environment [-] OS::Heat::HARestarter is HIDDEN. The HARestarter resource type has been removed. Existing stacks containing HARestarter resources can still be used, but the HARestarter resource will be a placeholder that does nothing.
2025-05-12 01:56:28.776 64788 WARNING heat.engine.environment [-] OS::Heat::SoftwareDeployments is HIDDEN. Please use OS::Heat::SoftwareDeploymentGroup instead.
2025-05-12 01:56:28.776 64788 WARNING heat.engine.environment [-] OS::Heat::StructuredDeployments is HIDDEN. Please use OS::Heat::StructuredDeploymentGroup instead.
2025-05-12 01:56:28.776 64788 WARNING heat.engine.environment [-] OS::Magnum::Bay is HIDDEN. Please use OS::Magnum::Cluster instead.
2025-05-12 01:56:28.776 64788 WARNING heat.engine.environment [-] OS::Magnum::BayModel is HIDDEN. Please use OS::Magnum::ClusterTemplate instead.
2025-05-12 01:56:28.777 64788 WARNING heat.engine.environment [-] OS::Neutron::ExtraRoute is UNSUPPORTED. Use this resource at your own risk.
2025-05-12 01:56:28.777 64788 WARNING heat.engine.environment [-] OS::Neutron::HealthMonitor is HIDDEN. Use LBaaS V2 instead.
2025-05-12 01:56:28.777 64788 WARNING heat.engine.environment [-] OS::Neutron::Pool is HIDDEN. Use LBaaS V2 instead.
2025-05-12 01:56:28.777 64788 WARNING heat.engine.environment [-] OS::Neutron::PoolMember is HIDDEN. Use LBaaS V2 instead.
2025-05-12 01:56:28.777 64788 WARNING heat.engine.environment [-] OS::Neutron::LoadBalancer is HIDDEN. Use LBaaS V2 instead.
2025-05-12 01:56:28.777 64788 WARNING heat.engine.environment [-] OS::Neutron::RouterGateway is HIDDEN. Use the `external_gateway_info` property in the router resource to set up the gateway.
2025-05-12 01:56:28.778 64788 WARNING heat.engine.environment [-] OS::Nova::FloatingIP is HIDDEN. Please use OS::Neutron::FloatingIP instead.
2025-05-12 01:56:28.778 64788 WARNING heat.engine.environment [-] OS::Nova::FloatingIPAssociation is HIDDEN. Please use OS::Neutron::FloatingIPAssociation instead.
2025-05-12 01:56:28.779 64788 INFO heat.engine.environment [-] Loading /etc/heat/environment.d/default.yaml
2025-05-12 01:56:28.780 64788 INFO heat.engine.environment [-] Registered: [Plugin](User:False) AWS::AutoScaling::AutoScalingGroup ->
2025-05-12 01:56:28.781 64788 INFO heat.engine.environment [-] Registered: [Plugin](User:False) AWS::AutoScaling::LaunchConfiguration ->
2025-05-12 01:56:28.781 64788 INFO heat.engine.environment [-] Registered: [Plugin](User:False) AWS::AutoScaling::ScalingPolicy ->
2025-05-12 01:56:28.781 64788 INFO heat.engine.environment [-] Registered: [Plugin](User:False) AWS::CloudFormation::Stack ->
2025-05-12 01:56:28.781 64788 INFO heat.engine.environment [-] Registered: [Plugin](User:False) AWS::CloudFormation::WaitCondition ->
2025-05-12 01:56:28.781 64788 INFO heat.engine.environment [-] Registered: [Plugin](User:False) AWS::CloudFormation::WaitConditionHandle ->
2025-05-12 01:56:28.781 64788 INFO heat.engine.environment [-] Registered: [Plugin](User:False) AWS::EC2::EIP ->
2025-05-12 01:56:28.781 64788 INFO heat.engine.environment [-] Registered: [Plugin](User:False) AWS::EC2::EIPAssociation ->
2025-05-12 01:56:28.781 64788 INFO heat.engine.environment [-] Registered: [Plugin](User:False) AWS::EC2::Instance ->
2025-05-12 01:56:28.781 64788 INFO heat.engine.environment [-] Registered: [Plugin](User:False) AWS::EC2::InternetGateway ->
2025-05-12 01:56:28.781 64788 INFO heat.engine.environment [-] Registered: [Plugin](User:False) AWS::EC2::VPCGatewayAttachment ->
2025-05-12 01:56:28.782 64788 INFO heat.engine.environment [-] Registered: [Plugin](User:False) AWS::EC2::NetworkInterface ->
2025-05-12 01:56:28.782 64788 INFO heat.engine.environment [-] Registered: [Plugin](User:False) AWS::EC2::RouteTable ->
2025-05-12 01:56:28.782 64788 INFO heat.engine.environment [-] Registered: [Plugin](User:False) AWS::EC2::SubnetRouteTableAssociation ->
2025-05-12 01:56:28.782 64788 INFO heat.engine.environment [-] Registered: [Plugin](User:False) AWS::EC2::SecurityGroup ->
2025-05-12 01:56:28.782 64788 INFO heat.engine.environment [-] Registered: [Plugin](User:False) AWS::EC2::Subnet ->
2025-05-12 01:56:28.782 64788 INFO heat.engine.environment [-] Registered: [Plugin](User:False) AWS::EC2::Volume ->
2025-05-12 01:56:28.782 64788 INFO heat.engine.environment [-] Registered: [Plugin](User:False) AWS::EC2::VolumeAttachment ->
2025-05-12 01:56:28.782 64788 INFO heat.engine.environment [-] Registered: [Plugin](User:False) AWS::EC2::VPC ->
2025-05-12 01:56:28.782 64788 INFO heat.engine.environment [-] Registered: [Plugin](User:False) AWS::IAM::User ->
2025-05-12 01:56:28.782 64788 INFO heat.engine.environment [-] Registered: [Plugin](User:False) AWS::IAM::AccessKey ->
2025-05-12 01:56:28.783 64788 INFO heat.engine.environment [-] Registered: [Plugin](User:False) AWS::ElasticLoadBalancing::LoadBalancer ->
2025-05-12 01:56:28.783 64788 INFO heat.engine.environment [-] Registered: [Plugin](User:False) AWS::S3::Bucket ->
2025-05-12 01:56:28.783 64788 INFO heat.engine.environment [-] Registered: [Plugin](User:False) OS::Aodh::Alarm ->
2025-05-12 01:56:28.783 64788 INFO heat.engine.environment [-] Registered: [Plugin](User:False) OS::Aodh::CombinationAlarm ->
2025-05-12 01:56:28.783 64788 INFO heat.engine.environment [-] Registered: [Plugin](User:False) OS::Aodh::EventAlarm ->
2025-05-12 01:56:28.783 64788 INFO heat.engine.environment [-] Registered: [Plugin](User:False) OS::Aodh::LBMemberHealthAlarm ->
2025-05-12 01:56:28.783 64788 INFO heat.engine.environment [-] Registered: [Plugin](User:False) OS::Aodh::CompositeAlarm ->
2025-05-12 01:56:28.783 64788 INFO heat.engine.environment [-] Registered: [Plugin](User:False) OS::Aodh::GnocchiResourcesAlarm ->
2025-05-12 01:56:28.783 64788 INFO heat.engine.environment [-] Registered: [Plugin](User:False) OS::Aodh::GnocchiAggregationByMetricsAlarm ->
2025-05-12 01:56:28.783 64788 INFO heat.engine.environment [-] Registered: [Plugin](User:False) OS::Aodh::GnocchiAggregationByResourcesAlarm ->
2025-05-12 01:56:28.783 64788 INFO heat.engine.environment [-] Registered: [Plugin](User:False) OS::Barbican::GenericContainer ->
2025-05-12 01:56:28.783 64788 INFO heat.engine.environment [-] Registered: [Plugin](User:False) OS::Barbican::CertificateContainer ->
2025-05-12 01:56:28.784 64788 INFO heat.engine.environment [-] Registered: [Plugin](User:False) OS::Barbican::RSAContainer ->
2025-05-12 01:56:28.784 64788 INFO heat.engine.environment [-] Registered: [Plugin](User:False) OS::Barbican::Order ->
2025-05-12 01:56:28.784 64788 INFO heat.engine.environment [-] Registered: [Plugin](User:False) OS::Barbican::Secret ->
2025-05-12 01:56:28.784 64788 INFO heat.engine.environment [-] Registered: [Plugin](User:False) OS::Blazar::Host ->
2025-05-12 01:56:28.784 64788 INFO heat.engine.environment [-] Registered: [Plugin](User:False) OS::Blazar::Lease ->
2025-05-12 01:56:28.784 64788 INFO heat.engine.environment [-] Registered: [Plugin](User:False) OS::Cinder::EncryptedVolumeType ->
2025-05-12 01:56:28.784 64788 INFO heat.engine.environment [-] Registered: [Plugin](User:False) OS::Cinder::QoSSpecs ->
2025-05-12 01:56:28.784 64788 INFO heat.engine.environment [-] Registered: [Plugin](User:False) OS::Cinder::QoSAssociation ->
2025-05-12 01:56:28.784 64788 INFO heat.engine.environment [-] Registered: [Plugin](User:False) OS::Cinder::Quota ->
2025-05-12 01:56:28.784 64788 INFO heat.engine.environment [-] Registered: [Plugin](User:False) OS::Cinder::Volume ->
2025-05-12 01:56:28.784 64788 INFO heat.engine.environment [-] Registered: [Plugin](User:False) OS::Cinder::VolumeAttachment ->
2025-05-12 01:56:28.785 64788 INFO heat.engine.environment [-] Registered: [Plugin](User:False) OS::Cinder::VolumeType ->
2025-05-12 01:56:28.785 64788 INFO heat.engine.environment [-] Registered: [Plugin](User:False) OS::Designate::Domain ->
2025-05-12 01:56:28.785 64788 INFO heat.engine.environment [-] Registered: [Plugin](User:False) OS::Designate::Record ->
2025-05-12 01:56:28.785 64788 INFO heat.engine.environment [-] Registered: [Plugin](User:False) OS::Designate::RecordSet ->
2025-05-12 01:56:28.785 64788 INFO heat.engine.environment [-] Registered: [Plugin](User:False) OS::Designate::Zone ->
2025-05-12 01:56:28.785 64788 INFO heat.engine.environment [-] Registered: [Plugin](User:False) OS::Glance::Image ->
2025-05-12 01:56:28.785 64788 INFO heat.engine.environment [-] Registered: [Plugin](User:False) OS::Glance::WebImage ->
2025-05-12 01:56:28.785 64788 INFO heat.engine.environment [-] Registered: [Plugin](User:False) OS::Heat::AccessPolicy ->
2025-05-12 01:56:28.785 64788 INFO heat.engine.environment [-] Registered: [Plugin](User:False) OS::Heat::AutoScalingGroup ->
2025-05-12 01:56:28.785 64788 INFO heat.engine.environment [-] Registered: [Plugin](User:False) OS::Heat::CloudConfig ->
2025-05-12 01:56:28.785 64788 INFO heat.engine.environment [-] Registered: [Plugin](User:False) OS::Heat::Delay ->
2025-05-12 01:56:28.785 64788 INFO heat.engine.environment [-] Registered: [Plugin](User:False) OS::Heat::DeployedServer ->
2025-05-12 01:56:28.786 64788 INFO heat.engine.environment [-] Registered: [Plugin](User:False) OS::Heat::HARestarter ->
2025-05-12 01:56:28.786 64788 INFO heat.engine.environment [-] Registered: [Plugin](User:False) OS::Heat::InstanceGroup ->
2025-05-12 01:56:28.786 64788 INFO heat.engine.environment [-] Registered: [Plugin](User:False) OS::Heat::MultipartMime ->
2025-05-12 01:56:28.786 64788 INFO heat.engine.environment [-] Registered: [Plugin](User:False) OS::Heat::None ->
2025-05-12 01:56:28.786 64788 INFO heat.engine.environment [-] Registered: [Plugin](User:False) OS::Heat::RandomString ->
2025-05-12 01:56:28.786 64788 INFO heat.engine.environment [-] Registered: [Plugin](User:False) OS::Heat::Stack ->
2025-05-12 01:56:28.786 64788 INFO heat.engine.environment [-] Registered: [Plugin](User:False) OS::Heat::ResourceChain ->
2025-05-12 01:56:28.786 64788 INFO heat.engine.environment [-] Registered: [Plugin](User:False) OS::Heat::ResourceGroup ->
2025-05-12 01:56:28.786 64788 INFO heat.engine.environment [-] Registered: [Plugin](User:False) OS::Heat::ScalingPolicy ->
2025-05-12 01:56:28.786 64788 INFO heat.engine.environment [-] Registered: [Plugin](User:False) OS::Heat::SoftwareComponent ->
2025-05-12 01:56:28.786 64788 INFO heat.engine.environment [-] Registered: [Plugin](User:False) OS::Heat::SoftwareConfig ->
2025-05-12 01:56:28.787 64788 INFO heat.engine.environment [-] Registered: [Plugin](User:False) OS::Heat::SoftwareDeployment ->
2025-05-12 01:56:28.787 64788 INFO heat.engine.environment [-] Registered: [Plugin](User:False) OS::Heat::SoftwareDeploymentGroup ->
2025-05-12 01:56:28.787 64788 INFO heat.engine.environment [-] Registered: [Plugin](User:False) OS::Heat::SoftwareDeployments ->
