2025-05-12 02:02:41.610 69271 DEBUG oslo_service.service [-] oslo_policy.remote_ssl_client_key_file = None log_opt_values /usr/lib/python3/dist-packages/oslo_config/cfg.py:2609
2025-05-12 02:02:41.611 69271 DEBUG oslo_service.service [-] oslo_policy.remote_ssl_verify_server_crt = False log_opt_values /usr/lib/python3/dist-packages/oslo_config/cfg.py:2609
2025-05-12 02:02:41.611 69271 DEBUG oslo_service.service [-] trustee.auth_section = None log_opt_values /usr/lib/python3/dist-packages/oslo_config/cfg.py:2609
2025-05-12 02:02:41.611 69271 WARNING oslo_config.cfg [-] Deprecated: Option "auth_plugin" from group "trustee" is deprecated. Use option "auth_type" from group "trustee".
2025-05-12 02:02:41.611 69271 DEBUG oslo_service.service [-] trustee.auth_type = password log_opt_values /usr/lib/python3/dist-packages/oslo_config/cfg.py:2609
2025-05-12 02:02:41.611 69271 DEBUG oslo_service.service [-] oslo_versionedobjects.fatal_exception_format_errors = False log_opt_values /usr/lib/python3/dist-packages/oslo_config/cfg.py:2609
2025-05-12 02:02:41.611 69271 DEBUG oslo_service.service [-] oslo_messaging_rabbit.amqp_auto_delete = False log_opt_values /usr/lib/python3/dist-packages/oslo_config/cfg.py:2609
2025-05-12 02:02:41.612 69271 DEBUG oslo_service.service [-] oslo_messaging_rabbit.amqp_durable_queues = False log_opt_values /usr/lib/python3/dist-packages/oslo_config/cfg.py:2609
2025-05-12 02:02:41.612 69271 DEBUG oslo_service.service [-] oslo_messaging_rabbit.conn_pool_min_size = 2 log_opt_values /usr/lib/python3/dist-packages/oslo_config/cfg.py:2609
2025-05-12 02:02:41.612 69271 DEBUG oslo_service.service [-] oslo_messaging_rabbit.conn_pool_ttl = 1200 log_opt_values /usr/lib/python3/dist-packages/oslo_config/cfg.py:2609
2025-05-12 02:02:41.612 69271 DEBUG oslo_service.service [-] oslo_messaging_rabbit.direct_mandatory_flag = True log_opt_values /usr/lib/python3/dist-packages/oslo_config/cfg.py:2609
2025-05-12 02:02:41.612 69271 DEBUG oslo_service.service [-] oslo_messaging_rabbit.enable_cancel_on_failover = False log_opt_values /usr/lib/python3/dist-packages/oslo_config/cfg.py:2609
2025-05-12 02:02:41.612 69271 DEBUG oslo_service.service [-] oslo_messaging_rabbit.heartbeat_in_pthread = False log_opt_values /usr/lib/python3/dist-packages/oslo_config/cfg.py:2609
2025-05-12 02:02:41.612 69271 DEBUG oslo_service.service [-] oslo_messaging_rabbit.heartbeat_rate = 2 log_opt_values /usr/lib/python3/dist-packages/oslo_config/cfg.py:2609
2025-05-12 02:02:41.612 69271 DEBUG oslo_service.service [-] oslo_messaging_rabbit.heartbeat_timeout_threshold = 60 log_opt_values /usr/lib/python3/dist-packages/oslo_config/cfg.py:2609
2025-05-12 02:02:41.613 69271 DEBUG oslo_service.service [-] oslo_messaging_rabbit.kombu_compression = None log_opt_values /usr/lib/python3/dist-packages/oslo_config/cfg.py:2609
2025-05-12 02:02:41.613 69271 DEBUG oslo_service.service [-] oslo_messaging_rabbit.kombu_failover_strategy = round-robin log_opt_values /usr/lib/python3/dist-packages/oslo_config/cfg.py:2609
2025-05-12 02:02:41.613 69271 DEBUG oslo_service.service [-] oslo_messaging_rabbit.kombu_missing_consumer_retry_timeout = 60 log_opt_values /usr/lib/python3/dist-packages/oslo_config/cfg.py:2609
2025-05-12 02:02:41.613 69271 DEBUG oslo_service.service [-] oslo_messaging_rabbit.kombu_reconnect_delay = 1.0 log_opt_values /usr/lib/python3/dist-packages/oslo_config/cfg.py:2609
2025-05-12 02:02:41.613 69271 DEBUG oslo_service.service [-] oslo_messaging_rabbit.rabbit_ha_queues = False log_opt_values /usr/lib/python3/dist-packages/oslo_config/cfg.py:2609
2025-05-12 02:02:41.613 69271 DEBUG oslo_service.service [-] oslo_messaging_rabbit.rabbit_interval_max = 30 log_opt_values /usr/lib/python3/dist-packages/oslo_config/cfg.py:2609
2025-05-12 02:02:41.613 69271 DEBUG oslo_service.service [-] oslo_messaging_rabbit.rabbit_login_method = AMQPLAIN log_opt_values /usr/lib/python3/dist-packages/oslo_config/cfg.py:2609
2025-05-12 02:02:41.613 69271 DEBUG oslo_service.service [-] oslo_messaging_rabbit.rabbit_qos_prefetch_count = 0 log_opt_values /usr/lib/python3/dist-packages/oslo_config/cfg.py:2609
2025-05-12 02:02:41.613 69271 DEBUG oslo_service.service [-] oslo_messaging_rabbit.rabbit_quorum_queue = False log_opt_values /usr/lib/python3/dist-packages/oslo_config/cfg.py:2609
2025-05-12 02:02:41.614 69271 DEBUG oslo_service.service [-] oslo_messaging_rabbit.rabbit_retry_backoff = 2 log_opt_values /usr/lib/python3/dist-packages/oslo_config/cfg.py:2609
2025-05-12 02:02:41.614 69271 DEBUG oslo_service.service [-] oslo_messaging_rabbit.rabbit_retry_interval = 1 log_opt_values /usr/lib/python3/dist-packages/oslo_config/cfg.py:2609
2025-05-12 02:02:41.615 69271 DEBUG oslo_service.service [-] oslo_messaging_rabbit.rabbit_transient_queues_ttl = 1800 log_opt_values /usr/lib/python3/dist-packages/oslo_config/cfg.py:2609
2025-05-12 02:02:41.615 69271 DEBUG oslo_service.service [-] oslo_messaging_rabbit.rpc_conn_pool_size = 30 log_opt_values /usr/lib/python3/dist-packages/oslo_config/cfg.py:2609
2025-05-12 02:02:41.615 69271 DEBUG oslo_service.service [-] oslo_messaging_rabbit.ssl = False log_opt_values /usr/lib/python3/dist-packages/oslo_config/cfg.py:2609
2025-05-12 02:02:41.615 69271 DEBUG oslo_service.service [-] oslo_messaging_rabbit.ssl_ca_file = log_opt_values /usr/lib/python3/dist-packages/oslo_config/cfg.py:2609
2025-05-12 02:02:41.615 69271 DEBUG oslo_service.service [-] oslo_messaging_rabbit.ssl_cert_file = log_opt_values /usr/lib/python3/dist-packages/oslo_config/cfg.py:2609
2025-05-12 02:02:41.615 69271 DEBUG oslo_service.service [-] oslo_messaging_rabbit.ssl_key_file = log_opt_values /usr/lib/python3/dist-packages/oslo_config/cfg.py:2609
2025-05-12 02:02:41.615 69271 DEBUG oslo_service.service [-] oslo_messaging_rabbit.ssl_version = log_opt_values /usr/lib/python3/dist-packages/oslo_config/cfg.py:2609
2025-05-12 02:02:41.615 69271 DEBUG oslo_service.service [-] oslo_messaging_notifications.driver = [] log_opt_values /usr/lib/python3/dist-packages/oslo_config/cfg.py:2609
2025-05-12 02:02:41.616 69271 DEBUG oslo_service.service [-] oslo_messaging_notifications.retry = -1 log_opt_values /usr/lib/python3/dist-packages/oslo_config/cfg.py:2609
2025-05-12 02:02:41.616 69271 DEBUG oslo_service.service [-] oslo_messaging_notifications.topics = ['notifications'] log_opt_values /usr/lib/python3/dist-packages/oslo_config/cfg.py:2609
2025-05-12 02:02:41.616 69271 DEBUG oslo_service.service [-] oslo_messaging_notifications.transport_url = **** log_opt_values /usr/lib/python3/dist-packages/oslo_config/cfg.py:2609
2025-05-12 02:02:41.616 69271 DEBUG oslo_service.service [-] cache.backend = dogpile.cache.null log_opt_values /usr/lib/python3/dist-packages/oslo_config/cfg.py:2609
2025-05-12 02:02:41.616 69271 DEBUG oslo_service.service [-] cache.backend_argument = **** log_opt_values /usr/lib/python3/dist-packages/oslo_config/cfg.py:2609
2025-05-12 02:02:41.616 69271 DEBUG oslo_service.service [-] cache.config_prefix = cache.oslo log_opt_values /usr/lib/python3/dist-packages/oslo_config/cfg.py:2609
2025-05-12 02:02:41.616 69271 DEBUG oslo_service.service [-] cache.debug_cache_backend = False log_opt_values /usr/lib/python3/dist-packages/oslo_config/cfg.py:2609
2025-05-12 02:02:41.616 69271 DEBUG oslo_service.service [-] cache.enabled = False log_opt_values /usr/lib/python3/dist-packages/oslo_config/cfg.py:2609
2025-05-12 02:02:41.617 69271 DEBUG oslo_service.service [-] cache.expiration_time = 600 log_opt_values /usr/lib/python3/dist-packages/oslo_config/cfg.py:2609
2025-05-12 02:02:41.617 69271 DEBUG oslo_service.service [-] cache.memcache_dead_retry = 300 log_opt_values /usr/lib/python3/dist-packages/oslo_config/cfg.py:2609
2025-05-12 02:02:41.617 69271 DEBUG oslo_service.service [-] cache.memcache_pool_connection_get_timeout = 10 log_opt_values /usr/lib/python3/dist-packages/oslo_config/cfg.py:2609
2025-05-12 02:02:41.617 69271 DEBUG oslo_service.service [-] cache.memcache_pool_flush_on_reconnect = False log_opt_values /usr/lib/python3/dist-packages/oslo_config/cfg.py:2609
2025-05-12 02:02:41.617 69271 DEBUG oslo_service.service [-] cache.memcache_pool_maxsize = 10 log_opt_values /usr/lib/python3/dist-packages/oslo_config/cfg.py:2609
2025-05-12 02:02:41.617 69271 DEBUG oslo_service.service [-] cache.memcache_pool_unused_timeout = 60 log_opt_values /usr/lib/python3/dist-packages/oslo_config/cfg.py:2609
2025-05-12 02:02:41.617 69271 DEBUG oslo_service.service [-] cache.memcache_servers = ['localhost:11211'] log_opt_values /usr/lib/python3/dist-packages/oslo_config/cfg.py:2609
2025-05-12 02:02:41.617 69271 DEBUG oslo_service.service [-] cache.memcache_socket_timeout = 1.0 log_opt_values /usr/lib/python3/dist-packages/oslo_config/cfg.py:2609
2025-05-12 02:02:41.618 69271 DEBUG oslo_service.service [-] cache.proxies = [] log_opt_values /usr/lib/python3/dist-packages/oslo_config/cfg.py:2609
2025-05-12 02:02:41.618 69271 DEBUG oslo_service.service [-] cache.tls_allowed_ciphers = None log_opt_values /usr/lib/python3/dist-packages/oslo_config/cfg.py:2609
2025-05-12 02:02:41.618 69271 DEBUG oslo_service.service [-] cache.tls_cafile = None log_opt_values /usr/lib/python3/dist-packages/oslo_config/cfg.py:2609
2025-05-12 02:02:41.618 69271 DEBUG oslo_service.service [-] cache.tls_certfile = None log_opt_values /usr/lib/python3/dist-packages/oslo_config/cfg.py:2609
2025-05-12 02:02:41.618 69271 DEBUG oslo_service.service [-] cache.tls_enabled = False log_opt_values /usr/lib/python3/dist-packages/oslo_config/cfg.py:2609
2025-05-12 02:02:41.618 69271 DEBUG oslo_service.service [-] cache.tls_keyfile = None log_opt_values /usr/lib/python3/dist-packages/oslo_config/cfg.py:2609
2025-05-12 02:02:41.618 69271 DEBUG oslo_service.service [-] constraint_validation_cache.caching = True log_opt_values /usr/lib/python3/dist-packages/oslo_config/cfg.py:2609
2025-05-12 02:02:41.618 69271 DEBUG oslo_service.service [-] constraint_validation_cache.expiration_time = 60 log_opt_values /usr/lib/python3/dist-packages/oslo_config/cfg.py:2609
2025-05-12 02:02:41.618 69271 DEBUG oslo_service.service [-] service_extension_cache.caching = True log_opt_values /usr/lib/python3/dist-packages/oslo_config/cfg.py:2609
2025-05-12 02:02:41.619 69271 DEBUG oslo_service.service [-] service_extension_cache.expiration_time = 3600 log_opt_values /usr/lib/python3/dist-packages/oslo_config/cfg.py:2609
2025-05-12 02:02:41.619 69271 DEBUG oslo_service.service [-] resource_finder_cache.caching = True log_opt_values /usr/lib/python3/dist-packages/oslo_config/cfg.py:2609
2025-05-12 02:02:41.619 69271 DEBUG oslo_service.service [-] resource_finder_cache.expiration_time = 3600 log_opt_values /usr/lib/python3/dist-packages/oslo_config/cfg.py:2609
2025-05-12 02:02:41.619 69271 DEBUG oslo_service.service [-] yaql.limit_iterators = 200 log_opt_values /usr/lib/python3/dist-packages/oslo_config/cfg.py:2609
2025-05-12 02:02:41.619 69271 DEBUG oslo_service.service [-] yaql.memory_quota = 10000 log_opt_values /usr/lib/python3/dist-packages/oslo_config/cfg.py:2609
2025-05-12 02:02:41.619 69271 DEBUG oslo_service.service [-] ******************************************************************************** log_opt_values /usr/lib/python3/dist-packages/oslo_config/cfg.py:2613
2025-05-12 02:02:41.643 69497 DEBUG oslo_db.sqlalchemy.engines [req-fcf9155c-d110-4f5d-9d9b-0654c89d5967 - - - - -] MySQL server mode set to STRICT_TRANS_TABLES,STRICT_ALL_TABLES,NO_ZERO_IN_DATE,NO_ZERO_DATE,ERROR_FOR_DIVISION_BY_ZERO,TRADITIONAL,NO_ENGINE_SUBSTITUTION _check_effective_sql_mode /usr/lib/python3/dist-packages/oslo_db/sqlalchemy/engines.py:314
2025-05-12 02:02:41.676 69500 DEBUG oslo_db.sqlalchemy.engines [req-33ce2e72-e0f3-419e-8668-a45f77c81785 - - - - -] MySQL server mode set to STRICT_TRANS_TABLES,STRICT_ALL_TABLES,NO_ZERO_IN_DATE,NO_ZERO_DATE,ERROR_FOR_DIVISION_BY_ZERO,TRADITIONAL,NO_ENGINE_SUBSTITUTION _check_effective_sql_mode /usr/lib/python3/dist-packages/oslo_db/sqlalchemy/engines.py:314
2025-05-12 02:02:41.677 69498 DEBUG oslo_db.sqlalchemy.engines [req-6ea7509c-c567-45f1-bb2d-129ae7d4fc72 - - - - -] MySQL server mode set to STRICT_TRANS_TABLES,STRICT_ALL_TABLES,NO_ZERO_IN_DATE,NO_ZERO_DATE,ERROR_FOR_DIVISION_BY_ZERO,TRADITIONAL,NO_ENGINE_SUBSTITUTION _check_effective_sql_mode /usr/lib/python3/dist-packages/oslo_db/sqlalchemy/engines.py:314
2025-05-12 02:02:41.683 69499 DEBUG oslo_db.sqlalchemy.engines [req-f4669557-e7cc-439a-99d5-3f98706fe8f7 - - - - -] MySQL server mode set to STRICT_TRANS_TABLES,STRICT_ALL_TABLES,NO_ZERO_IN_DATE,NO_ZERO_DATE,ERROR_FOR_DIVISION_BY_ZERO,TRADITIONAL,NO_ENGINE_SUBSTITUTION _check_effective_sql_mode /usr/lib/python3/dist-packages/oslo_db/sqlalchemy/engines.py:314
2025-05-12 02:02:41.687 69497 DEBUG heat.engine.service [req-fcf9155c-d110-4f5d-9d9b-0654c89d5967 - - - - -] Service 261b45a6-39f1-4a74-b1b5-1b414301cac7 was aborted service_manage_cleanup /usr/lib/python3/dist-packages/heat/engine/service.py:2391
2025-05-12 02:02:41.724 69498 DEBUG heat.engine.service [req-6ea7509c-c567-45f1-bb2d-129ae7d4fc72 - - - - -] Service 261b45a6-39f1-4a74-b1b5-1b414301cac7 was aborted service_manage_cleanup /usr/lib/python3/dist-packages/heat/engine/service.py:2391
2025-05-12 02:02:41.732 69499 DEBUG heat.engine.service [req-f4669557-e7cc-439a-99d5-3f98706fe8f7 - - - - -] Service 261b45a6-39f1-4a74-b1b5-1b414301cac7 was aborted service_manage_cleanup /usr/lib/python3/dist-packages/heat/engine/service.py:2391
2025-05-12 02:02:41.733 69500 DEBUG heat.engine.service [req-33ce2e72-e0f3-419e-8668-a45f77c81785 - - - - -] Service 261b45a6-39f1-4a74-b1b5-1b414301cac7 was aborted service_manage_cleanup /usr/lib/python3/dist-packages/heat/engine/service.py:2391
2025-05-12 02:02:41.774 69497 DEBUG heat.engine.service [req-fcf9155c-d110-4f5d-9d9b-0654c89d5967 - - - - -] Service 3c049596-a188-4093-8236-41f778c0bc68 was aborted service_manage_cleanup /usr/lib/python3/dist-packages/heat/engine/service.py:2391
2025-05-12 02:02:41.775 69499 DEBUG heat.engine.service [req-f4669557-e7cc-439a-99d5-3f98706fe8f7 - - - - -] Service 3c049596-a188-4093-8236-41f778c0bc68 was aborted service_manage_cleanup /usr/lib/python3/dist-packages/heat/engine/service.py:2391
2025-05-12 02:02:41.776 69500 DEBUG heat.engine.service [req-33ce2e72-e0f3-419e-8668-a45f77c81785 - - - - -] Service 3c049596-a188-4093-8236-41f778c0bc68 was aborted service_manage_cleanup /usr/lib/python3/dist-packages/heat/engine/service.py:2391
2025-05-12 02:02:41.776 69498 DEBUG heat.engine.service [req-6ea7509c-c567-45f1-bb2d-129ae7d4fc72 - - - - -] Service 3c049596-a188-4093-8236-41f778c0bc68 was aborted service_manage_cleanup /usr/lib/python3/dist-packages/heat/engine/service.py:2391
2025-05-12 02:02:41.833 69497 DEBUG heat.engine.service [req-fcf9155c-d110-4f5d-9d9b-0654c89d5967 - - - - -] Service 4c4f2a6f-3087-4e46-a8a4-609dd5699e2f was aborted service_manage_cleanup /usr/lib/python3/dist-packages/heat/engine/service.py:2391
2025-05-12 02:02:41.833 69499 DEBUG heat.engine.service [req-f4669557-e7cc-439a-99d5-3f98706fe8f7 - - - - -] Service 4c4f2a6f-3087-4e46-a8a4-609dd5699e2f was aborted service_manage_cleanup /usr/lib/python3/dist-packages/heat/engine/service.py:2391
2025-05-12 02:02:41.834 69500 DEBUG heat.engine.service [req-33ce2e72-e0f3-419e-8668-a45f77c81785 - - - - -] Service 4c4f2a6f-3087-4e46-a8a4-609dd5699e2f was aborted service_manage_cleanup /usr/lib/python3/dist-packages/heat/engine/service.py:2391
2025-05-12 02:02:41.835 69498 DEBUG heat.engine.service [req-6ea7509c-c567-45f1-bb2d-129ae7d4fc72 - - - - -] Service 4c4f2a6f-3087-4e46-a8a4-609dd5699e2f was aborted service_manage_cleanup /usr/lib/python3/dist-packages/heat/engine/service.py:2391
2025-05-12 02:02:41.870 69499 DEBUG heat.engine.service [req-f4669557-e7cc-439a-99d5-3f98706fe8f7 - - - - -] Service 67b6d470-7d51-4abe-a6ee-76b6f2951c73 was aborted service_manage_cleanup /usr/lib/python3/dist-packages/heat/engine/service.py:2391
2025-05-12 02:02:41.871 69500 DEBUG heat.engine.service [req-33ce2e72-e0f3-419e-8668-a45f77c81785 - - - - -] Service 67b6d470-7d51-4abe-a6ee-76b6f2951c73 was aborted service_manage_cleanup /usr/lib/python3/dist-packages/heat/engine/service.py:2391
2025-05-12 02:02:41.872 69497 DEBUG heat.engine.service [req-fcf9155c-d110-4f5d-9d9b-0654c89d5967 - - - - -] Service 67b6d470-7d51-4abe-a6ee-76b6f2951c73 was aborted service_manage_cleanup /usr/lib/python3/dist-packages/heat/engine/service.py:2391
2025-05-12 02:02:41.872 69498 DEBUG heat.engine.service [req-6ea7509c-c567-45f1-bb2d-129ae7d4fc72 - - - - -] Service 67b6d470-7d51-4abe-a6ee-76b6f2951c73 was aborted service_manage_cleanup /usr/lib/python3/dist-packages/heat/engine/service.py:2391
2025-05-12 02:02:41.905 69499 DEBUG heat.engine.service [req-f4669557-e7cc-439a-99d5-3f98706fe8f7 - - - - -] Service 6f2876e8-1ee1-4d05-89ec-e0ccb1ad05e1 was aborted service_manage_cleanup /usr/lib/python3/dist-packages/heat/engine/service.py:2391
2025-05-12 02:02:41.906 69500 DEBUG heat.engine.service [req-33ce2e72-e0f3-419e-8668-a45f77c81785 - - - - -] Service 6f2876e8-1ee1-4d05-89ec-e0ccb1ad05e1 was aborted service_manage_cleanup /usr/lib/python3/dist-packages/heat/engine/service.py:2391
2025-05-12 02:02:41.906 69497 DEBUG heat.engine.service [req-fcf9155c-d110-4f5d-9d9b-0654c89d5967 - - - - -] Service 6f2876e8-1ee1-4d05-89ec-e0ccb1ad05e1 was aborted service_manage_cleanup /usr/lib/python3/dist-packages/heat/engine/service.py:2391
2025-05-12 02:02:41.907 69498 DEBUG heat.engine.service [req-6ea7509c-c567-45f1-bb2d-129ae7d4fc72 - - - - -] Service 6f2876e8-1ee1-4d05-89ec-e0ccb1ad05e1 was aborted service_manage_cleanup /usr/lib/python3/dist-packages/heat/engine/service.py:2391
2025-05-12 02:02:41.943 69499 DEBUG heat.engine.service [req-f4669557-e7cc-439a-99d5-3f98706fe8f7 - - - - -] Service 8765a077-6711-413b-89bb-0a3ac52bc9c0 was aborted service_manage_cleanup /usr/lib/python3/dist-packages/heat/engine/service.py:2391
2025-05-12 02:02:41.944 69500 DEBUG heat.engine.service [req-33ce2e72-e0f3-419e-8668-a45f77c81785 - - - - -] Service 8765a077-6711-413b-89bb-0a3ac52bc9c0 was aborted service_manage_cleanup /usr/lib/python3/dist-packages/heat/engine/service.py:2391
2025-05-12 02:02:41.945 69497 DEBUG heat.engine.service [req-fcf9155c-d110-4f5d-9d9b-0654c89d5967 - - - - -] Service 8765a077-6711-413b-89bb-0a3ac52bc9c0 was aborted service_manage_cleanup /usr/lib/python3/dist-packages/heat/engine/service.py:2391
2025-05-12 02:02:41.946 69498 DEBUG heat.engine.service [req-6ea7509c-c567-45f1-bb2d-129ae7d4fc72 - - - - -] Service 8765a077-6711-413b-89bb-0a3ac52bc9c0 was aborted service_manage_cleanup /usr/lib/python3/dist-packages/heat/engine/service.py:2391
2025-05-12 02:02:41.969 69500 DEBUG heat.engine.service [req-33ce2e72-e0f3-419e-8668-a45f77c81785 - - - - -] Service 8e19661e-8518-40de-8bf6-b31bfe71412f was aborted service_manage_cleanup /usr/lib/python3/dist-packages/heat/engine/service.py:2391
2025-05-12 02:02:41.969 69499 DEBUG heat.engine.service [req-f4669557-e7cc-439a-99d5-3f98706fe8f7 - - - - -] Service 8e19661e-8518-40de-8bf6-b31bfe71412f was aborted service_manage_cleanup /usr/lib/python3/dist-packages/heat/engine/service.py:2391
2025-05-12 02:02:41.970 69497 DEBUG heat.engine.service [req-fcf9155c-d110-4f5d-9d9b-0654c89d5967 - - - - -] Service 8e19661e-8518-40de-8bf6-b31bfe71412f was aborted service_manage_cleanup /usr/lib/python3/dist-packages/heat/engine/service.py:2391
2025-05-12 02:02:41.971 69498 DEBUG heat.engine.service [req-6ea7509c-c567-45f1-bb2d-129ae7d4fc72 - - - - -] Service 8e19661e-8518-40de-8bf6-b31bfe71412f was aborted service_manage_cleanup /usr/lib/python3/dist-packages/heat/engine/service.py:2391
2025-05-12 02:02:41.985 69500 DEBUG heat.engine.service [req-33ce2e72-e0f3-419e-8668-a45f77c81785 - - - - -] Service 9af7c2fa-3f4e-479b-afd3-70b30a13e142 was aborted service_manage_cleanup /usr/lib/python3/dist-packages/heat/engine/service.py:2391
2025-05-12 02:02:41.985 69499 DEBUG heat.engine.service [req-f4669557-e7cc-439a-99d5-3f98706fe8f7 - - - - -] Service 9af7c2fa-3f4e-479b-afd3-70b30a13e142 was aborted service_manage_cleanup /usr/lib/python3/dist-packages/heat/engine/service.py:2391
2025-05-12 02:02:41.986 69498 DEBUG heat.engine.service [req-6ea7509c-c567-45f1-bb2d-129ae7d4fc72 - - - - -] Service 9af7c2fa-3f4e-479b-afd3-70b30a13e142 was aborted service_manage_cleanup /usr/lib/python3/dist-packages/heat/engine/service.py:2391
2025-05-12 02:02:41.987 69497 DEBUG heat.engine.service [req-fcf9155c-d110-4f5d-9d9b-0654c89d5967 - - - - -] Service 9af7c2fa-3f4e-479b-afd3-70b30a13e142 was aborted service_manage_cleanup /usr/lib/python3/dist-packages/heat/engine/service.py:2391
2025-05-12 02:02:41.995 69500 DEBUG heat.engine.service [req-33ce2e72-e0f3-419e-8668-a45f77c81785 - - - - -] Service b2a4f8a8-e7b5-4115-b37f-49aaae2144c6 was aborted service_manage_cleanup /usr/lib/python3/dist-packages/heat/engine/service.py:2391
2025-05-12 02:02:41.996 69499 DEBUG heat.engine.service [req-f4669557-e7cc-439a-99d5-3f98706fe8f7 - - - - -] Service b2a4f8a8-e7b5-4115-b37f-49aaae2144c6 was aborted service_manage_cleanup /usr/lib/python3/dist-packages/heat/engine/service.py:2391
2025-05-12 02:02:41.997 69498 DEBUG heat.engine.service [req-6ea7509c-c567-45f1-bb2d-129ae7d4fc72 - - - - -] Service b2a4f8a8-e7b5-4115-b37f-49aaae2144c6 was aborted service_manage_cleanup /usr/lib/python3/dist-packages/heat/engine/service.py:2391
2025-05-12 02:02:41.997 69497 DEBUG heat.engine.service [req-fcf9155c-d110-4f5d-9d9b-0654c89d5967 - - - - -] Service b2a4f8a8-e7b5-4115-b37f-49aaae2144c6 was aborted service_manage_cleanup /usr/lib/python3/dist-packages/heat/engine/service.py:2391
2025-05-12 02:02:42.007 69499 DEBUG heat.engine.service [req-f4669557-e7cc-439a-99d5-3f98706fe8f7 - - - - -] Service b47b1398-ea3b-4aa5-a77f-32c250960109 was aborted service_manage_cleanup /usr/lib/python3/dist-packages/heat/engine/service.py:2391
2025-05-12 02:02:42.007 69500 DEBUG heat.engine.service [req-33ce2e72-e0f3-419e-8668-a45f77c81785 - - - - -] Service b47b1398-ea3b-4aa5-a77f-32c250960109 was aborted service_manage_cleanup /usr/lib/python3/dist-packages/heat/engine/service.py:2391
2025-05-12 02:02:42.008 69498 DEBUG heat.engine.service [req-6ea7509c-c567-45f1-bb2d-129ae7d4fc72 - - - - -] Service b47b1398-ea3b-4aa5-a77f-32c250960109 was aborted service_manage_cleanup /usr/lib/python3/dist-packages/heat/engine/service.py:2391
2025-05-12 02:02:42.008 69497 DEBUG heat.engine.service [req-fcf9155c-d110-4f5d-9d9b-0654c89d5967 - - - - -] Service b47b1398-ea3b-4aa5-a77f-32c250960109 was aborted service_manage_cleanup /usr/lib/python3/dist-packages/heat/engine/service.py:2391
2025-05-12 02:02:42.017 69499 DEBUG heat.engine.service [req-f4669557-e7cc-439a-99d5-3f98706fe8f7 - - - - -] Service d941b844-f15d-4e85-baf3-e0e9e6489438 was aborted service_manage_cleanup /usr/lib/python3/dist-packages/heat/engine/service.py:2391
2025-05-12 02:02:42.018 69498 DEBUG heat.engine.service [req-6ea7509c-c567-45f1-bb2d-129ae7d4fc72 - - - - -] Service d941b844-f15d-4e85-baf3-e0e9e6489438 was aborted service_manage_cleanup /usr/lib/python3/dist-packages/heat/engine/service.py:2391
2025-05-12 02:02:42.018 69497 DEBUG heat.engine.service [req-fcf9155c-d110-4f5d-9d9b-0654c89d5967 - - - - -] Service d941b844-f15d-4e85-baf3-e0e9e6489438 was aborted service_manage_cleanup /usr/lib/python3/dist-packages/heat/engine/service.py:2391
2025-05-12 02:02:42.019 69500 DEBUG heat.engine.service [req-33ce2e72-e0f3-419e-8668-a45f77c81785 - - - - -] Service d941b844-f15d-4e85-baf3-e0e9e6489438 was aborted service_manage_cleanup /usr/lib/python3/dist-packages/heat/engine/service.py:2391
2025-05-12 02:02:42.027 69498 DEBUG heat.engine.service [req-6ea7509c-c567-45f1-bb2d-129ae7d4fc72 - - - - -] Service fe7294db-cdc4-478a-8a31-702a0cd438f4 was aborted service_manage_cleanup /usr/lib/python3/dist-packages/heat/engine/service.py:2391
2025-05-12 02:02:42.028 69497 DEBUG heat.engine.service [req-fcf9155c-d110-4f5d-9d9b-0654c89d5967 - - - - -] Service fe7294db-cdc4-478a-8a31-702a0cd438f4 was aborted service_manage_cleanup /usr/lib/python3/dist-packages/heat/engine/service.py:2391
2025-05-12 02:02:42.028 69499 DEBUG heat.engine.service [req-f4669557-e7cc-439a-99d5-3f98706fe8f7 - - - - -] Service fe7294db-cdc4-478a-8a31-702a0cd438f4 was aborted service_manage_cleanup /usr/lib/python3/dist-packages/heat/engine/service.py:2391
2025-05-12 02:02:42.030 69500 DEBUG heat.engine.service [req-33ce2e72-e0f3-419e-8668-a45f77c81785 - - - - -] Service fe7294db-cdc4-478a-8a31-702a0cd438f4 was aborted service_manage_cleanup /usr/lib/python3/dist-packages/heat/engine/service.py:2391
2025-05-12 02:02:42.061 69499 DEBUG heat.engine.service [req-79ad2b4a-d2d6-493f-aaee-b7e4d8311acd - - - - -] Service bb31ec2f-0e4e-43f4-b348-555d51818154 is started service_manage_report /usr/lib/python3/dist-packages/heat/engine/service.py:2363
2025-05-12 02:02:42.066 69500 DEBUG heat.engine.service [req-ab5604d0-15cf-40c0-a701-4b6215a95293 - - - - -] Service 15697b4a-e23e-4bbc-8e73-87d24f0d3951 is started service_manage_report /usr/lib/python3/dist-packages/heat/engine/service.py:2363
2025-05-12 02:02:42.068 69498 DEBUG heat.engine.service [req-4430e08c-fb1c-40e4-bb7e-d2079393aaa2 - - - - -] Service 32e916c0-450e-4bbf-af4d-48392ed05716 is started service_manage_report /usr/lib/python3/dist-packages/heat/engine/service.py:2363
2025-05-12 02:02:42.068 69497 DEBUG heat.engine.service [req-58e7807c-7343-4915-bfbe-179a448079a1 - - - - -] Service 33e3fc27-82ca-4d88-8e77-0bedc65c1317 is started service_manage_report /usr/lib/python3/dist-packages/heat/engine/service.py:2363
2025-05-12 02:02:42.078 69499 DEBUG heat.engine.service [req-79ad2b4a-d2d6-493f-aaee-b7e4d8311acd - - - - -] Service bb31ec2f-0e4e-43f4-b348-555d51818154 is updated service_manage_report /usr/lib/python3/dist-packages/heat/engine/service.py:2370
2025-05-12 02:02:42.093 69500 DEBUG heat.engine.service [req-ab5604d0-15cf-40c0-a701-4b6215a95293 - - - - -] Service 15697b4a-e23e-4bbc-8e73-87d24f0d3951 is updated service_manage_report /usr/lib/python3/dist-packages/heat/engine/service.py:2370
2025-05-12 02:02:42.097 69497 DEBUG heat.engine.service [req-58e7807c-7343-4915-bfbe-179a448079a1 - - - - -] Service 33e3fc27-82ca-4d88-8e77-0bedc65c1317 is updated service_manage_report /usr/lib/python3/dist-packages/heat/engine/service.py:2370
2025-05-12 02:02:42.097 69498 DEBUG heat.engine.service [req-4430e08c-fb1c-40e4-bb7e-d2079393aaa2 - - - - -] Service 32e916c0-450e-4bbf-af4d-48392ed05716 is updated service_manage_report /usr/lib/python3/dist-packages/heat/engine/service.py:2370
2025-05-12 02:03:32.716 69498 DEBUG heat.engine.service [-] Attempting to stop engine service... _stop_rpc_server /usr/lib/python3/dist-packages/heat/engine/service.py:437
2025-05-12 02:03:32.717 69497 DEBUG heat.engine.service [-] Attempting to stop engine service... _stop_rpc_server /usr/lib/python3/dist-packages/heat/engine/service.py:437
2025-05-12 02:03:32.718 69500 DEBUG heat.engine.service [-] Attempting to stop engine service... _stop_rpc_server /usr/lib/python3/dist-packages/heat/engine/service.py:437
2025-05-12 02:03:32.717 69499 DEBUG heat.engine.service [-] Attempting to stop engine service... _stop_rpc_server /usr/lib/python3/dist-packages/heat/engine/service.py:437
2025-05-12 02:03:32.724 69271 INFO oslo_service.service [-] Caught SIGTERM, stopping children
2025-05-12 02:03:32.725 69271 DEBUG oslo_concurrency.lockutils [-] Acquired lock "singleton_lock" lock /usr/lib/python3/dist-packages/oslo_concurrency/lockutils.py:294
2025-05-12 02:03:32.725 69271 DEBUG oslo_concurrency.lockutils [-] Releasing lock "singleton_lock" lock /usr/lib/python3/dist-packages/oslo_concurrency/lockutils.py:312
2025-05-12 02:03:32.725 69271 DEBUG oslo_service.service [-] Stop services. stop /usr/lib/python3/dist-packages/oslo_service/service.py:695
2025-05-12 02:03:32.726 69271 INFO heat.engine.service [-] All threads were gone, terminating engine
2025-05-12 02:03:32.726 69271 DEBUG oslo_service.service [-] Killing children. stop /usr/lib/python3/dist-packages/oslo_service/service.py:700
2025-05-12 02:03:32.739 69271 INFO oslo_service.service [-] Waiting on 4 children to exit
2025-05-12 02:03:32.739 69271 INFO oslo_service.service [-] Child 69497 killed by signal 15
2025-05-12 02:03:32.748 69271 INFO oslo_service.service [-] Child 69500 killed by signal 15
2025-05-12 02:03:32.755 69271 INFO oslo_service.service [-] Child 69498 killed by signal 15
2025-05-12 02:03:32.757 69271 INFO oslo_service.service [-] Child 69499 killed by signal 15
2025-05-12 02:03:34.343 70757 DEBUG oslo_concurrency.lockutils [-] Lock "context-manager" acquired by "neutron_lib.db.api._create_context_manager" :: waited 0.000s inner /usr/lib/python3/dist-packages/oslo_concurrency/lockutils.py:386
2025-05-12 02:03:34.344 70757 DEBUG oslo_concurrency.lockutils [-] Lock "context-manager" "released" by "neutron_lib.db.api._create_context_manager" :: held 0.000s inner /usr/lib/python3/dist-packages/oslo_concurrency/lockutils.py:400
2025-05-12 02:03:36.510 70757 WARNING heat.engine.environment [-] OS::Aodh::Alarm is DEPRECATED. Theshold alarm relies on ceilometer-api and has been deprecated in aodh since Ocata. Use OS::Aodh::GnocchiAggregationByResourcesAlarm instead.
2025-05-12 02:03:36.510 70757 WARNING heat.engine.environment [-] OS::Aodh::CombinationAlarm is HIDDEN. OS::Aodh::CombinationAlarm is deprecated and has been removed from Aodh, use OS::Aodh::CompositeAlarm instead.
2025-05-12 02:03:36.510 70757 WARNING heat.engine.environment [-] OS::Designate::Domain is HIDDEN. This resource has been removed, use OS::Designate::Zone instead.
2025-05-12 02:03:36.510 70757 WARNING heat.engine.environment [-] OS::Designate::Record is HIDDEN. This resource has been removed, use OS::Designate::RecordSet instead.
2025-05-12 02:03:36.510 70757 WARNING heat.engine.environment [-] OS::Glance::Image is DEPRECATED. Creating a Glance Image based on an existing URL location requires the Glance v1 API, which is deprecated.
2025-05-12 02:03:36.511 70757 WARNING heat.engine.environment [-] OS::Heat::HARestarter is HIDDEN. The HARestarter resource type has been removed. Existing stacks containing HARestarter resources can still be used, but the HARestarter resource will be a placeholder that does nothing.
2025-05-12 02:03:36.511 70757 WARNING heat.engine.environment [-] OS::Heat::SoftwareDeployments is HIDDEN. Please use OS::Heat::SoftwareDeploymentGroup instead.
2025-05-12 02:03:36.511 70757 WARNING heat.engine.environment [-] OS::Heat::StructuredDeployments is HIDDEN. Please use OS::Heat::StructuredDeploymentGroup instead.
2025-05-12 02:03:36.511 70757 WARNING heat.engine.environment [-] OS::Magnum::Bay is HIDDEN. Please use OS::Magnum::Cluster instead.
2025-05-12 02:03:36.511 70757 WARNING heat.engine.environment [-] OS::Magnum::BayModel is HIDDEN. Please use OS::Magnum::ClusterTemplate instead.
2025-05-12 02:03:36.512 70757 WARNING heat.engine.environment [-] OS::Neutron::ExtraRoute is UNSUPPORTED. Use this resource at your own risk.
2025-05-12 02:03:36.512 70757 WARNING heat.engine.environment [-] OS::Neutron::HealthMonitor is HIDDEN. Use LBaaS V2 instead.
2025-05-12 02:03:36.512 70757 WARNING heat.engine.environment [-] OS::Neutron::Pool is HIDDEN. Use LBaaS V2 instead.
2025-05-12 02:03:36.512 70757 WARNING heat.engine.environment [-] OS::Neutron::PoolMember is HIDDEN. Use LBaaS V2 instead.
2025-05-12 02:03:36.512 70757 WARNING heat.engine.environment [-] OS::Neutron::LoadBalancer is HIDDEN. Use LBaaS V2 instead.
2025-05-12 02:03:36.512 70757 WARNING heat.engine.environment [-] OS::Neutron::RouterGateway is HIDDEN. Use the `external_gateway_info` property in the router resource to set up the gateway.
2025-05-12 02:03:36.513 70757 WARNING heat.engine.environment [-] OS::Nova::FloatingIP is HIDDEN. Please use OS::Neutron::FloatingIP instead.
2025-05-12 02:03:36.513 70757 WARNING heat.engine.environment [-] OS::Nova::FloatingIPAssociation is HIDDEN. Please use OS::Neutron::FloatingIPAssociation instead.
2025-05-12 02:03:36.515 70757 INFO heat.engine.environment [-] Loading /etc/heat/environment.d/default.yaml
2025-05-12 02:03:36.516 70757 INFO heat.engine.environment [-] Registered: [Plugin](User:False) AWS::AutoScaling::AutoScalingGroup ->
2025-05-12 02:03:36.521 70757 INFO heat.engine.environment [-] Registered: [Plugin](User:False) AWS::AutoScaling::LaunchConfiguration ->
2025-05-12 02:03:36.521 70757 INFO heat.engine.environment [-] Registered: [Plugin](User:False) AWS::AutoScaling::ScalingPolicy ->
2025-05-12 02:03:36.521 70757 INFO heat.engine.environment [-] Registered: [Plugin](User:False) AWS::CloudFormation::Stack ->
2025-05-12 02:03:36.521 70757 INFO heat.engine.environment [-] Registered: [Plugin](User:False) AWS::CloudFormation::WaitCondition ->
2025-05-12 02:03:36.521 70757 INFO heat.engine.environment [-] Registered: [Plugin](User:False) AWS::CloudFormation::WaitConditionHandle ->
2025-05-12 02:03:36.521 70757 INFO heat.engine.environment [-] Registered: [Plugin](User:False) AWS::EC2::EIP ->
2025-05-12 02:03:36.522 70757 INFO heat.engine.environment [-] Registered: [Plugin](User:False) AWS::EC2::EIPAssociation ->
2025-05-12 02:03:36.522 70757 INFO heat.engine.environment [-] Registered: [Plugin](User:False) AWS::EC2::Instance ->
2025-05-12 02:03:36.523 70757 INFO heat.engine.environment [-] Registered: [Plugin](User:False) AWS::EC2::InternetGateway ->
2025-05-12 02:03:36.523 70757 INFO heat.engine.environment [-] Registered: [Plugin](User:False) AWS::EC2::VPCGatewayAttachment ->
2025-05-12 02:03:36.529 70757 INFO heat.engine.environment [-] Registered: [Plugin](User:False) AWS::EC2::NetworkInterface ->
2025-05-12 02:03:36.529 70757 INFO heat.engine.environment [-] Registered: [Plugin](User:False) AWS::EC2::RouteTable ->
2025-05-12 02:03:36.529 70757 INFO heat.engine.environment [-] Registered: [Plugin](User:False) AWS::EC2::SubnetRouteTableAssociation ->
2025-05-12 02:03:36.529 70757 INFO heat.engine.environment [-] Registered: [Plugin](User:False) AWS::EC2::SecurityGroup ->
2025-05-12 02:03:36.529 70757 INFO heat.engine.environment [-] Registered: [Plugin](User:False) AWS::EC2::Subnet ->
2025-05-12 02:03:36.529 70757 INFO heat.engine.environment [-] Registered: [Plugin](User:False) AWS::EC2::Volume ->
2025-05-12 02:03:36.530 70757 INFO heat.engine.environment [-] Registered: [Plugin](User:False) AWS::EC2::VolumeAttachment ->
2025-05-12 02:03:36.530 70757 INFO heat.engine.environment [-] Registered: [Plugin](User:False) AWS::EC2::VPC ->
2025-05-12 02:03:36.530 70757 INFO heat.engine.environment [-] Registered: [Plugin](User:False) AWS::IAM::User ->
2025-05-12 02:03:36.530 70757 INFO heat.engine.environment [-] Registered: [Plugin](User:False) AWS::IAM::AccessKey ->
2025-05-12 02:03:36.530 70757 INFO heat.engine.environment [-] Registered: [Plugin](User:False) AWS::ElasticLoadBalancing::LoadBalancer ->
2025-05-12 02:03:36.530 70757 INFO heat.engine.environment [-] Registered: [Plugin](User:False) AWS::S3::Bucket ->
2025-05-12 02:03:36.530 70757 INFO heat.engine.environment [-] Registered: [Plugin](User:False) OS::Aodh::Alarm ->
2025-05-12 02:03:36.530 70757 INFO heat.engine.environment [-] Registered: [Plugin](User:False) OS::Aodh::CombinationAlarm ->
2025-05-12 02:03:36.530 70757 INFO heat.engine.environment [-] Registered: [Plugin](User:False) OS::Aodh::EventAlarm ->
2025-05-12 02:03:36.530 70757 INFO heat.engine.environment [-] Registered: [Plugin](User:False) OS::Aodh::LBMemberHealthAlarm ->
2025-05-12 02:03:36.530 70757 INFO heat.engine.environment [-] Registered: [Plugin](User:False) OS::Aodh::CompositeAlarm ->
2025-05-12 02:03:36.530 70757 INFO heat.engine.environment [-] Registered: [Plugin](User:False) OS::Aodh::GnocchiResourcesAlarm ->
2025-05-12 02:03:36.531 70757 INFO heat.engine.environment [-] Registered: [Plugin](User:False) OS::Aodh::GnocchiAggregationByMetricsAlarm ->
2025-05-12 02:03:36.531 70757 INFO heat.engine.environment [-] Registered: [Plugin](User:False) OS::Aodh::GnocchiAggregationByResourcesAlarm ->
2025-05-12 02:03:36.531 70757 INFO heat.engine.environment [-] Registered: [Plugin](User:False) OS::Barbican::GenericContainer ->
2025-05-12 02:03:36.531 70757 INFO heat.engine.environment [-] Registered: [Plugin](User:False) OS::Barbican::CertificateContainer ->
2025-05-12 02:03:36.531 70757 INFO heat.engine.environment [-] Registered: [Plugin](User:False) OS::Barbican::RSAContainer ->
2025-05-12 02:03:36.531 70757 INFO heat.engine.environment [-] Registered: [Plugin](User:False) OS::Barbican::Order ->
2025-05-12 02:03:36.531 70757 INFO heat.engine.environment [-] Registered: [Plugin](User:False) OS::Barbican::Secret ->
2025-05-12 02:03:36.531 70757 INFO heat.engine.environment [-] Registered: [Plugin](User:False) OS::Blazar::Host ->
2025-05-12 02:03:36.531 70757 INFO heat.engine.environment [-] Registered: [Plugin](User:False) OS::Blazar::Lease ->
2025-05-12 02:03:36.531 70757 INFO heat.engine.environment [-] Registered: [Plugin](User:False) OS::Cinder::EncryptedVolumeType ->
2025-05-12 02:03:36.531 70757 INFO heat.engine.environment [-] Registered: [Plugin](User:False) OS::Cinder::QoSSpecs ->
2025-05-12 02:03:36.531 70757 INFO heat.engine.environment [-] Registered: [Plugin](User:False) OS::Cinder::QoSAssociation ->
2025-05-12 02:03:36.532 70757 INFO heat.engine.environment [-] Registered: [Plugin](User:False) OS::Cinder::Quota ->
2025-05-12 02:03:36.532 70757 INFO heat.engine.environment [-] Registered: [Plugin](User:False) OS::Cinder::Volume ->
2025-05-12 02:03:36.532 70757 INFO heat.engine.environment [-] Registered: [Plugin](User:False) OS::Cinder::VolumeAttachment ->
2025-05-12 02:03:36.532 70757 INFO heat.engine.environment [-] Registered: [Plugin](User:False) OS::Cinder::VolumeType ->
2025-05-12 02:03:36.532 70757 INFO heat.engine.environment [-] Registered: [Plugin](User:False) OS::Designate::Domain ->
2025-05-12 02:03:36.532 70757 INFO heat.engine.environment [-] Registered: [Plugin](User:False) OS::Designate::Record ->
2025-05-12 02:03:36.532 70757 INFO heat.engine.environment [-] Registered: [Plugin](User:False) OS::Designate::RecordSet ->
2025-05-12 02:03:36.532 70757 INFO heat.engine.environment [-] Registered: [Plugin](User:False) OS::Designate::Zone ->
2025-05-12 02:03:36.532 70757 INFO heat.engine.environment [-] Registered: [Plugin](User:False) OS::Glance::Image ->
2025-05-12 02:03:36.532 70757 INFO heat.engine.environment [-] Registered: [Plugin](User:False) OS::Glance::WebImage ->
2025-05-12 02:03:36.532 70757 INFO heat.engine.environment [-] Registered: [Plugin](User:False) OS::Heat::AccessPolicy ->
2025-05-12 02:03:36.532 70757 INFO heat.engine.environment [-] Registered: [Plugin](User:False) OS::Heat::AutoScalingGroup ->
2025-05-12 02:03:36.533 70757 INFO heat.engine.environment [-] Registered: [Plugin](User:False) OS::Heat::CloudConfig ->
2025-05-12 02:03:36.533 70757 INFO heat.engine.environment [-] Registered: [Plugin](User:False) OS::Heat::Delay ->
2025-05-12 02:03:36.533 70757 INFO heat.engine.environment [-] Registered: [Plugin](User:False) OS::Heat::DeployedServer ->
2025-05-12 02:03:36.533 70757 INFO heat.engine.environment [-] Registered: [Plugin](User:False) OS::Heat::HARestarter ->
2025-05-12 02:03:36.533 70757 INFO heat.engine.environment [-] Registered: [Plugin](User:False) OS::Heat::InstanceGroup ->
2025-05-12 02:03:36.533 70757 INFO heat.engine.environment [-] Registered: [Plugin](User:False) OS::Heat::MultipartMime ->
2025-05-12 02:03:36.533 70757 INFO heat.engine.environment [-] Registered: [Plugin](User:False) OS::Heat::None ->
2025-05-12 02:03:36.533 70757 INFO heat.engine.environment [-] Registered: [Plugin](User:False) OS::Heat::RandomString ->
2025-05-12 02:03:36.533 70757 INFO heat.engine.environment [-] Registered: [Plugin](User:False) OS::Heat::Stack ->
2025-05-12 02:03:36.533 70757 INFO heat.engine.environment [-] Registered: [Plugin](User:False) OS::Heat::ResourceChain ->
2025-05-12 02:03:36.533 70757 INFO heat.engine.environment [-] Registered: [Plugin](User:False) OS::Heat::ResourceGroup ->
2025-05-12 02:03:36.533 70757 INFO heat.engine.environment [-] Registered: [Plugin](User:False) OS::Heat::ScalingPolicy ->
2025-05-12 02:03:36.534 70757 INFO heat.engine.environment [-] Registered: [Plugin](User:False) OS::Heat::SoftwareComponent ->
2025-05-12 02:03:36.534 70757 INFO heat.engine.environment [-] Registered: [Plugin](User:False) OS::Heat::SoftwareConfig ->
2025-05-12 02:03:36.534 70757 INFO heat.engine.environment [-] Registered: [Plugin](User:False) OS::Heat::SoftwareDeployment ->
2025-05-12 02:03:36.534 70757 INFO heat.engine.environment [-] Registered: [Plugin](User:False) OS::Heat::SoftwareDeploymentGroup ->
2025-05-12 02:03:36.534 70757 INFO heat.engine.environment [-] Registered: [Plugin](User:False) OS::Heat::SoftwareDeployments ->
2025-05-12 02:03:36.534 70757 INFO heat.engine.environment [-] Registered: [Plugin](User:False) OS::Heat::StructuredConfig ->
2025-05-12 02:03:36.534 70757 INFO heat.engine.environment [-] Registered: [Plugin](User:False) OS::Heat::StructuredDeployment ->
2025-05-12 02:03:36.534 70757 INFO heat.engine.environment [-] Registered: [Plugin](User:False) OS::Heat::StructuredDeploymentGroup ->
2025-05-12 02:03:36.534 70757 INFO heat.engine.environment [-] Registered: [Plugin](User:False) OS::Heat::StructuredDeployments ->
2025-05-12 02:03:36.534 70757 INFO heat.engine.environment [-] Registered: [Plugin](User:False) OS::Heat::SwiftSignal ->
2025-05-12 02:03:36.534 70757 INFO heat.engine.environment [-] Registered: [Plugin](User:False) OS::Heat::SwiftSignalHandle ->
2025-05-12 02:03:36.534 70757 INFO heat.engine.environment [-] Registered: [Plugin](User:False) OS::Heat::TestResource ->
2025-05-12 02:03:36.535 70757 INFO heat.engine.environment [-] Registered: [Plugin](User:False) OS::Heat::Value ->
2025-05-12 02:03:36.535 70757 INFO heat.engine.environment [-] Registered: [Plugin](User:False) OS::Heat::WaitCondition ->
2025-05-12 02:03:36.535 70757 INFO heat.engine.environment [-] Registered: [Plugin](User:False) OS::Heat::WaitConditionHandle ->
2025-05-12 02:03:36.535 70757 INFO heat.engine.environment [-] Registered: [Plugin](User:False) OS::Heat::UpdateWaitConditionHandle ->
2025-05-12 02:03:36.535 70757 INFO heat.engine.environment [-] Registered: [Plugin](User:False) OS::Ironic::Port ->
2025-05-12 02:03:36.535 70757 INFO heat.engine.environment [-] Registered: [Plugin](User:False) OS::Keystone::Domain ->
2025-05-12 02:03:36.535 70757 INFO heat.engine.environment [-] Registered: [Plugin](User:False) OS::Keystone::Endpoint ->
2025-05-12 02:03:36.535 70757 INFO heat.engine.environment [-] Registered: [Plugin](User:False) OS::Keystone::Group ->
2025-05-12 02:03:36.535 70757 INFO heat.engine.environment [-] Registered: [Plugin](User:False) OS::Keystone::Project ->
2025-05-12 02:03:36.535 70757 INFO heat.engine.environment [-] Registered: [Plugin](User:False) OS::Keystone::Region ->
2025-05-12 02:03:36.535 70757 INFO heat.engine.environment [-] Registered: [Plugin](User:False) OS::Keystone::Role ->
2025-05-12 02:03:36.535 70757 INFO heat.engine.environment [-] Registered: [Plugin](User:False) OS::Keystone::UserRoleAssignment ->
2025-05-12 02:03:36.536 70757 INFO heat.engine.environment [-] Registered: [Plugin](User:False) OS::Keystone::GroupRoleAssignment ->
2025-05-12 02:03:36.536 70757 INFO heat.engine.environment [-] Registered: [Plugin](User:False) OS::Keystone::Service ->
2025-05-12 02:03:36.536 70757 INFO heat.engine.environment [-] Registered: [Plugin](User:False) OS::Keystone::User ->
2025-05-12 02:03:36.536 70757 INFO heat.engine.environment [-] Registered: [Plugin](User:False) OS::Magnum::Bay ->
2025-05-12 02:03:36.536 70757 INFO heat.engine.environment [-] Registered: [Plugin](User:False) OS::Magnum::BayModel ->
2025-05-12 02:03:36.536 70757 INFO heat.engine.environment [-] Registered: [Plugin](User:False) OS::Magnum::Cluster ->
2025-05-12 02:03:36.536 70757 INFO heat.engine.environment [-] Registered: [Plugin](User:False) OS::Magnum::ClusterTemplate ->
2025-05-12 02:03:36.536 70757 INFO heat.engine.environment [-] Registered: [Plugin](User:False) OS::Manila::SecurityService ->
2025-05-12 02:03:36.536 70757 INFO heat.engine.environment [-] Registered: [Plugin](User:False) OS::Manila::Share ->
2025-05-12 02:03:36.536 70757 INFO heat.engine.environment [-] Registered: [Plugin](User:False) OS::Manila::ShareNetwork ->
2025-05-12 02:03:36.536 70757 INFO heat.engine.environment [-] Registered: [Plugin](User:False) OS::Manila::ShareType ->
2025-05-12 02:03:36.536 70757 INFO heat.engine.environment [-] Registered: [Plugin](User:False) OS::Mistral::CronTrigger ->
2025-05-12 02:03:36.537 70757 INFO heat.engine.environment [-] Registered: [Plugin](User:False) OS::Mistral::ExternalResource ->
2025-05-12 02:03:36.537 70757 INFO heat.engine.environment [-] Registered: [Plugin](User:False) OS::Mistral::Workflow ->
2025-05-12 02:03:36.537 70757 INFO heat.engine.environment [-] Registered: [Plugin](User:False) OS::Monasca::AlarmDefinition ->
2025-05-12 02:03:36.537 70757 INFO heat.engine.environment [-] Registered: [Plugin](User:False) OS::Monasca::Notification ->
2025-05-12 02:03:36.537 70757 INFO heat.engine.environment [-] Registered: [Plugin](User:False) OS::Neutron::AddressScope ->
2025-05-12 02:03:36.537 70757 INFO heat.engine.environment [-] Registered: [Plugin](User:False) OS::Neutron::ExtraRoute ->
2025-05-12 02:03:36.537 70757 INFO heat.engine.environment [-] Registered: [Plugin](User:False) OS::Neutron::ExtraRouteSet ->
2025-05-12 02:03:36.537 70757 INFO heat.engine.environment [-] Registered: [Plugin](User:False) OS::Neutron::Firewall ->
2025-05-12 02:03:36.537 70757 INFO heat.engine.environment [-] Registered: [Plugin](User:False) OS::Neutron::FirewallPolicy ->
2025-05-12 02:03:36.537 70757 INFO heat.engine.environment [-] Registered: [Plugin](User:False) OS::Neutron::FirewallRule ->
2025-05-12 02:03:36.537 70757 INFO heat.engine.environment [-] Registered: [Plugin](User:False) OS::Neutron::FloatingIP ->
2025-05-12 02:03:36.537 70757 INFO heat.engine.environment [-] Registered: [Plugin](User:False) OS::Neutron::FloatingIPAssociation ->
2025-05-12 02:03:36.538 70757 INFO heat.engine.environment [-] Registered: [Plugin](User:False) OS::Neutron::L2Gateway ->
2025-05-12 02:03:36.538 70757 INFO heat.engine.environment [-] Registered: [Plugin](User:False) OS::Neutron::L2GatewayConnection ->
2025-05-12 02:03:36.538 70757 INFO heat.engine.environment [-] Registered: [Plugin](User:False) OS::Neutron::LBaaS::HealthMonitor ->
2025-05-12 02:03:36.538 70757 INFO heat.engine.environment [-] Registered: [Plugin](User:False) OS::Neutron::LBaaS::L7Policy ->
2025-05-12 02:03:36.538 70757 INFO heat.engine.environment [-] Registered: [Plugin](User:False) OS::Neutron::LBaaS::L7Rule ->
2025-05-12 02:03:36.538 70757 INFO heat.engine.environment [-] Registered: [Plugin](User:False) OS::Neutron::LBaaS::Listener ->
2025-05-12 02:03:36.538 70757 INFO heat.engine.environment [-] Registered: [Plugin](User:False) OS::Neutron::LBaaS::LoadBalancer ->
2025-05-12 02:03:36.538 70757 INFO heat.engine.environment [-] Registered: [Plugin](User:False) OS::Neutron::LBaaS::Pool ->
2025-05-12 02:03:36.538 70757 INFO heat.engine.environment [-] Registered: [Plugin](User:False) OS::Neutron::LBaaS::PoolMember ->
2025-05-12 02:03:36.538 70757 INFO heat.engine.environment [-] Registered: [Plugin](User:False) OS::Neutron::HealthMonitor ->
2025-05-12 02:03:36.538 70757 INFO heat.engine.environment [-] Registered: [Plugin](User:False) OS::Neutron::Pool ->
2025-05-12 02:03:36.538 70757 INFO heat.engine.environment [-] Registered: [Plugin](User:False) OS::Neutron::PoolMember ->
2025-05-12 02:03:36.539 70757 INFO heat.engine.environment [-] Registered: [Plugin](User:False) OS::Neutron::LoadBalancer ->
2025-05-12 02:03:36.539 70757 INFO heat.engine.environment [-] Registered: [Plugin](User:False) OS::Neutron::MeteringLabel ->
2025-05-12 02:03:36.539 70757 INFO heat.engine.environment [-] Registered: [Plugin](User:False) OS::Neutron::MeteringRule ->
2025-05-12 02:03:36.539 70757 INFO heat.engine.environment [-] Registered: [Plugin](User:False) OS::Neutron::Net ->
2025-05-12 02:03:36.539 70757 INFO heat.engine.environment [-] Registered: [Plugin](User:False) OS::Neutron::NetworkGateway ->
2025-05-12 02:03:36.539 70757 INFO heat.engine.environment [-] Registered: [Plugin](User:False) OS::Neutron::Port ->
2025-05-12 02:03:36.539 70757 INFO heat.engine.environment [-] Registered: [Plugin](User:False) OS::Neutron::ProviderNet ->
2025-05-12 02:03:36.539 70757 INFO heat.engine.environment [-] Registered: [Plugin](User:False) OS::Neutron::QoSPolicy ->
2025-05-12 02:03:36.539 70757 INFO heat.engine.environment [-] Registered: [Plugin](User:False) OS::Neutron::QoSBandwidthLimitRule ->
2025-05-12 02:03:36.539 70757 INFO heat.engine.environment [-] Registered: [Plugin](User:False) OS::Neutron::QoSDscpMarkingRule ->
2025-05-12 02:03:36.539 70757 INFO heat.engine.environment [-] Registered: [Plugin](User:False) OS::Neutron::QoSMinimumBandwidthRule ->
2025-05-12 02:03:36.539 70757 INFO heat.engine.environment [-] Registered: [Plugin](User:False) OS::Neutron::Quota ->
2025-05-12 02:03:36.540 70757 INFO heat.engine.environment [-] Registered: [Plugin](User:False) OS::Neutron::RBACPolicy ->
2025-05-12 02:03:36.540 70757 INFO heat.engine.environment [-] Registered: [Plugin](User:False) OS::Neutron::Router ->
2025-05-12 02:03:36.540 70757 INFO heat.engine.environment [-] Registered: [Plugin](User:False) OS::Neutron::RouterInterface ->
2025-05-12 02:03:36.540 70757 INFO heat.engine.environment [-] Registered: [Plugin](User:False) OS::Neutron::RouterGateway ->
2025-05-12 02:03:36.540 70757 INFO heat.engine.environment [-] Registered: [Plugin](User:False) OS::Neutron::SecurityGroup ->
2025-05-12 02:03:36.540 70757 INFO heat.engine.environment [-] Registered: [Plugin](User:False) OS::Neutron::SecurityGroupRule ->
