2025-05-08 00:48:54.735 130883 DEBUG oslo_messaging._drivers.amqpdriver [-] Listener is running poll /usr/lib/python3/dist-packages/oslo_messaging/_drivers/amqpdriver.py:343
2025-05-08 00:48:54.735 130883 DEBUG oslo_messaging._drivers.amqpdriver [-] AMQPListener connection consume poll /usr/lib/python3/dist-packages/oslo_messaging/_drivers/amqpdriver.py:357
2025-05-08 00:48:54.754 130890 DEBUG oslo_messaging._drivers.amqpdriver [-] AMQPListener connection timeout poll /usr/lib/python3/dist-packages/oslo_messaging/_drivers/amqpdriver.py:360
2025-05-08 00:48:54.755 130890 DEBUG oslo_messaging._drivers.amqpdriver [-] Listener is running poll /usr/lib/python3/dist-packages/oslo_messaging/_drivers/amqpdriver.py:343
2025-05-08 00:48:54.755 130890 DEBUG oslo_messaging._drivers.amqpdriver [-] AMQPListener connection consume poll /usr/lib/python3/dist-packages/oslo_messaging/_drivers/amqpdriver.py:357
2025-05-08 00:48:54.756 130884 DEBUG oslo_messaging._drivers.amqpdriver [-] AMQPListener connection timeout poll /usr/lib/python3/dist-packages/oslo_messaging/_drivers/amqpdriver.py:360
2025-05-08 00:48:54.756 130884 DEBUG oslo_messaging._drivers.amqpdriver [-] Listener is running poll /usr/lib/python3/dist-packages/oslo_messaging/_drivers/amqpdriver.py:343
2025-05-08 00:48:54.756 130884 DEBUG oslo_messaging._drivers.amqpdriver [-] AMQPListener connection consume poll /usr/lib/python3/dist-packages/oslo_messaging/_drivers/amqpdriver.py:357
2025-05-08 00:49:02.729 130877 DEBUG oslo_messaging._drivers.amqpdriver [-] AMQPListener connection timeout poll /usr/lib/python3/dist-packages/oslo_messaging/_drivers/amqpdriver.py:360
2025-05-08 00:49:02.729 130877 DEBUG oslo_messaging._drivers.amqpdriver [-] Listener is running poll /usr/lib/python3/dist-packages/oslo_messaging/_drivers/amqpdriver.py:343
2025-05-08 00:49:02.729 130877 DEBUG oslo_messaging._drivers.amqpdriver [-] AMQPListener connection consume poll /usr/lib/python3/dist-packages/oslo_messaging/_drivers/amqpdriver.py:357
2025-05-08 00:49:02.737 130883 DEBUG oslo_messaging._drivers.amqpdriver [-] AMQPListener connection timeout poll /usr/lib/python3/dist-packages/oslo_messaging/_drivers/amqpdriver.py:360
2025-05-08 00:49:02.737 130883 DEBUG oslo_messaging._drivers.amqpdriver [-] Listener is running poll /usr/lib/python3/dist-packages/oslo_messaging/_drivers/amqpdriver.py:343
2025-05-08 00:49:02.737 130883 DEBUG oslo_messaging._drivers.amqpdriver [-] AMQPListener connection consume poll /usr/lib/python3/dist-packages/oslo_messaging/_drivers/amqpdriver.py:357
2025-05-08 00:49:02.747 130890 DEBUG oslo_service.periodic_task [req-2404e8a1-a971-460d-95a5-70d6631162f3 - - - - -] Running periodic task SchedulerManager._discover_hosts_in_cells run_periodic_tasks /usr/lib/python3/dist-packages/oslo_service/periodic_task.py:210
2025-05-08 00:49:02.748 130890 DEBUG oslo_db.sqlalchemy.engines [req-2404e8a1-a971-460d-95a5-70d6631162f3 - - - - -] Parent process 129386 forked (130890) with an open database connection, which is being discarded and recreated. checkout /usr/lib/python3/dist-packages/oslo_db/sqlalchemy/engines.py:413
2025-05-08 00:49:02.756 130890 DEBUG oslo_messaging._drivers.amqpdriver [-] AMQPListener connection timeout poll /usr/lib/python3/dist-packages/oslo_messaging/_drivers/amqpdriver.py:360
2025-05-08 00:49:02.756 130890 DEBUG oslo_messaging._drivers.amqpdriver [-] Listener is running poll /usr/lib/python3/dist-packages/oslo_messaging/_drivers/amqpdriver.py:343
2025-05-08 00:49:02.756 130890 DEBUG oslo_messaging._drivers.amqpdriver [-] AMQPListener connection consume poll /usr/lib/python3/dist-packages/oslo_messaging/_drivers/amqpdriver.py:357
2025-05-08 00:49:02.757 130884 DEBUG oslo_messaging._drivers.amqpdriver [-] AMQPListener connection timeout poll /usr/lib/python3/dist-packages/oslo_messaging/_drivers/amqpdriver.py:360
2025-05-08 00:49:02.757 130884 DEBUG oslo_messaging._drivers.amqpdriver [-] Listener is running poll /usr/lib/python3/dist-packages/oslo_messaging/_drivers/amqpdriver.py:343
2025-05-08 00:49:02.757 130884 DEBUG oslo_messaging._drivers.amqpdriver [-] AMQPListener connection consume poll /usr/lib/python3/dist-packages/oslo_messaging/_drivers/amqpdriver.py:357
2025-05-08 00:49:02.758 130890 DEBUG oslo_concurrency.lockutils [req-2404e8a1-a971-460d-95a5-70d6631162f3 - - - - -] Lock "0c206cc3-5e37-4ab2-b98d-cd506eb7a61c" acquired by "nova.context.set_target_cell..get_or_set_cached_cell_and_set_connections" :: waited 0.000s inner /usr/lib/python3/dist-packages/oslo_concurrency/lockutils.py:386
2025-05-08 00:49:02.760 130890 DEBUG oslo_concurrency.lockutils [req-2404e8a1-a971-460d-95a5-70d6631162f3 - - - - -] Lock "0c206cc3-5e37-4ab2-b98d-cd506eb7a61c" "released" by "nova.context.set_target_cell..get_or_set_cached_cell_and_set_connections" :: held 0.002s inner /usr/lib/python3/dist-packages/oslo_concurrency/lockutils.py:400
2025-05-08 00:49:02.768 130890 DEBUG oslo_db.sqlalchemy.engines [req-2404e8a1-a971-460d-95a5-70d6631162f3 - - - - -] MySQL server mode set to STRICT_TRANS_TABLES,STRICT_ALL_TABLES,NO_ZERO_IN_DATE,NO_ZERO_DATE,ERROR_FOR_DIVISION_BY_ZERO,TRADITIONAL,NO_ENGINE_SUBSTITUTION _check_effective_sql_mode /usr/lib/python3/dist-packages/oslo_db/sqlalchemy/engines.py:314
2025-05-08 00:49:20.799 130884 DEBUG oslo_service.periodic_task [req-550654ec-c428-4776-be8f-3010ce5671fa - - - - -] Running periodic task SchedulerManager._discover_hosts_in_cells run_periodic_tasks /usr/lib/python3/dist-packages/oslo_service/periodic_task.py:210
2025-05-08 00:49:20.805 130884 DEBUG oslo_concurrency.lockutils [req-0d8dd343-ede3-4954-9a9b-97aa89e8609e - - - - -] Lock "0c206cc3-5e37-4ab2-b98d-cd506eb7a61c" acquired by "nova.context.set_target_cell..get_or_set_cached_cell_and_set_connections" :: waited 0.000s inner /usr/lib/python3/dist-packages/oslo_concurrency/lockutils.py:386
2025-05-08 00:49:20.805 130884 DEBUG oslo_concurrency.lockutils [req-0d8dd343-ede3-4954-9a9b-97aa89e8609e - - - - -] Lock "0c206cc3-5e37-4ab2-b98d-cd506eb7a61c" "released" by "nova.context.set_target_cell..get_or_set_cached_cell_and_set_connections" :: held 0.000s inner /usr/lib/python3/dist-packages/oslo_concurrency/lockutils.py:400
2025-05-08 00:49:23.725 130883 DEBUG oslo_service.periodic_task [req-0c7001cd-bf80-4f9c-b987-7289df0f4ac5 - - - - -] Running periodic task SchedulerManager._discover_hosts_in_cells run_periodic_tasks /usr/lib/python3/dist-packages/oslo_service/periodic_task.py:210
2025-05-08 00:49:23.726 130883 DEBUG oslo_db.sqlalchemy.engines [req-0c7001cd-bf80-4f9c-b987-7289df0f4ac5 - - - - -] Parent process 129386 forked (130883) with an open database connection, which is being discarded and recreated. checkout /usr/lib/python3/dist-packages/oslo_db/sqlalchemy/engines.py:413
2025-05-08 00:49:23.734 130883 DEBUG oslo_concurrency.lockutils [req-0c7001cd-bf80-4f9c-b987-7289df0f4ac5 - - - - -] Lock "0c206cc3-5e37-4ab2-b98d-cd506eb7a61c" acquired by "nova.context.set_target_cell..get_or_set_cached_cell_and_set_connections" :: waited 0.000s inner /usr/lib/python3/dist-packages/oslo_concurrency/lockutils.py:386
2025-05-08 00:49:23.736 130883 DEBUG oslo_concurrency.lockutils [req-0c7001cd-bf80-4f9c-b987-7289df0f4ac5 - - - - -] Lock "0c206cc3-5e37-4ab2-b98d-cd506eb7a61c" "released" by "nova.context.set_target_cell..get_or_set_cached_cell_and_set_connections" :: held 0.002s inner /usr/lib/python3/dist-packages/oslo_concurrency/lockutils.py:400
2025-05-08 00:49:23.743 130883 DEBUG oslo_db.sqlalchemy.engines [req-0c7001cd-bf80-4f9c-b987-7289df0f4ac5 - - - - -] MySQL server mode set to STRICT_TRANS_TABLES,STRICT_ALL_TABLES,NO_ZERO_IN_DATE,NO_ZERO_DATE,ERROR_FOR_DIVISION_BY_ZERO,TRADITIONAL,NO_ENGINE_SUBSTITUTION _check_effective_sql_mode /usr/lib/python3/dist-packages/oslo_db/sqlalchemy/engines.py:314
2025-05-08 00:49:32.701 130877 DEBUG oslo_messaging._drivers.amqpdriver [-] AMQPListener connection timeout poll /usr/lib/python3/dist-packages/oslo_messaging/_drivers/amqpdriver.py:360
2025-05-08 00:49:32.702 130877 DEBUG oslo_messaging._drivers.amqpdriver [-] Listener is running poll /usr/lib/python3/dist-packages/oslo_messaging/_drivers/amqpdriver.py:343
2025-05-08 00:49:32.702 130877 DEBUG oslo_messaging._drivers.amqpdriver [-] AMQPListener connection consume poll /usr/lib/python3/dist-packages/oslo_messaging/_drivers/amqpdriver.py:357
2025-05-08 00:49:32.720 130883 DEBUG oslo_messaging._drivers.amqpdriver [-] AMQPListener connection timeout poll /usr/lib/python3/dist-packages/oslo_messaging/_drivers/amqpdriver.py:360
2025-05-08 00:49:32.721 130883 DEBUG oslo_messaging._drivers.amqpdriver [-] Listener is running poll /usr/lib/python3/dist-packages/oslo_messaging/_drivers/amqpdriver.py:343
2025-05-08 00:49:32.721 130883 DEBUG oslo_messaging._drivers.amqpdriver [-] AMQPListener connection consume poll /usr/lib/python3/dist-packages/oslo_messaging/_drivers/amqpdriver.py:357
2025-05-08 00:49:32.734 130890 DEBUG oslo_messaging._drivers.amqpdriver [-] AMQPListener connection timeout poll /usr/lib/python3/dist-packages/oslo_messaging/_drivers/amqpdriver.py:360
2025-05-08 00:49:32.735 130890 DEBUG oslo_messaging._drivers.amqpdriver [-] Listener is running poll /usr/lib/python3/dist-packages/oslo_messaging/_drivers/amqpdriver.py:343
2025-05-08 00:49:32.735 130890 DEBUG oslo_messaging._drivers.amqpdriver [-] AMQPListener connection consume poll /usr/lib/python3/dist-packages/oslo_messaging/_drivers/amqpdriver.py:357
2025-05-08 00:49:32.735 130884 DEBUG oslo_messaging._drivers.amqpdriver [-] AMQPListener connection timeout poll /usr/lib/python3/dist-packages/oslo_messaging/_drivers/amqpdriver.py:360
2025-05-08 00:49:32.736 130884 DEBUG oslo_messaging._drivers.amqpdriver [-] Listener is running poll /usr/lib/python3/dist-packages/oslo_messaging/_drivers/amqpdriver.py:343
2025-05-08 00:49:32.736 130884 DEBUG oslo_messaging._drivers.amqpdriver [-] AMQPListener connection consume poll /usr/lib/python3/dist-packages/oslo_messaging/_drivers/amqpdriver.py:357
2025-05-08 00:49:32.784 130890 DEBUG oslo_service.periodic_task [req-2404e8a1-a971-460d-95a5-70d6631162f3 - - - - -] Running periodic task SchedulerManager._discover_hosts_in_cells run_periodic_tasks /usr/lib/python3/dist-packages/oslo_service/periodic_task.py:210
2025-05-08 00:49:32.789 130890 DEBUG oslo_concurrency.lockutils [req-a9f157d4-2574-4608-845a-85070c26e354 - - - - -] Lock "0c206cc3-5e37-4ab2-b98d-cd506eb7a61c" acquired by "nova.context.set_target_cell..get_or_set_cached_cell_and_set_connections" :: waited 0.000s inner /usr/lib/python3/dist-packages/oslo_concurrency/lockutils.py:386
2025-05-08 00:49:32.790 130890 DEBUG oslo_concurrency.lockutils [req-a9f157d4-2574-4608-845a-85070c26e354 - - - - -] Lock "0c206cc3-5e37-4ab2-b98d-cd506eb7a61c" "released" by "nova.context.set_target_cell..get_or_set_cached_cell_and_set_connections" :: held 0.001s inner /usr/lib/python3/dist-packages/oslo_concurrency/lockutils.py:400
2025-05-08 00:49:40.723 130877 DEBUG oslo_service.periodic_task [req-3f3b4b5d-8af6-4804-9e87-a8021495eaf2 - - - - -] Running periodic task SchedulerManager._discover_hosts_in_cells run_periodic_tasks /usr/lib/python3/dist-packages/oslo_service/periodic_task.py:210
2025-05-08 00:49:40.725 130877 DEBUG oslo_db.sqlalchemy.engines [req-3f3b4b5d-8af6-4804-9e87-a8021495eaf2 - - - - -] Parent process 129386 forked (130877) with an open database connection, which is being discarded and recreated. checkout /usr/lib/python3/dist-packages/oslo_db/sqlalchemy/engines.py:413
2025-05-08 00:49:40.732 130877 DEBUG oslo_concurrency.lockutils [req-3f3b4b5d-8af6-4804-9e87-a8021495eaf2 - - - - -] Lock "0c206cc3-5e37-4ab2-b98d-cd506eb7a61c" acquired by "nova.context.set_target_cell..get_or_set_cached_cell_and_set_connections" :: waited 0.000s inner /usr/lib/python3/dist-packages/oslo_concurrency/lockutils.py:386
2025-05-08 00:49:40.733 130877 DEBUG oslo_concurrency.lockutils [req-3f3b4b5d-8af6-4804-9e87-a8021495eaf2 - - - - -] Lock "0c206cc3-5e37-4ab2-b98d-cd506eb7a61c" "released" by "nova.context.set_target_cell..get_or_set_cached_cell_and_set_connections" :: held 0.002s inner /usr/lib/python3/dist-packages/oslo_concurrency/lockutils.py:400
2025-05-08 00:49:40.739 130877 DEBUG oslo_db.sqlalchemy.engines [req-3f3b4b5d-8af6-4804-9e87-a8021495eaf2 - - - - -] MySQL server mode set to STRICT_TRANS_TABLES,STRICT_ALL_TABLES,NO_ZERO_IN_DATE,NO_ZERO_DATE,ERROR_FOR_DIVISION_BY_ZERO,TRADITIONAL,NO_ENGINE_SUBSTITUTION _check_effective_sql_mode /usr/lib/python3/dist-packages/oslo_db/sqlalchemy/engines.py:314
2025-05-08 00:49:50.811 130884 DEBUG oslo_service.periodic_task [req-0d8dd343-ede3-4954-9a9b-97aa89e8609e - - - - -] Running periodic task SchedulerManager._discover_hosts_in_cells run_periodic_tasks /usr/lib/python3/dist-packages/oslo_service/periodic_task.py:210
2025-05-08 00:49:50.816 130884 DEBUG oslo_concurrency.lockutils [req-b8fe540d-3aeb-48e1-906a-8edf29d9caa1 - - - - -] Lock "0c206cc3-5e37-4ab2-b98d-cd506eb7a61c" acquired by "nova.context.set_target_cell..get_or_set_cached_cell_and_set_connections" :: waited 0.000s inner /usr/lib/python3/dist-packages/oslo_concurrency/lockutils.py:386
2025-05-08 00:49:50.817 130884 DEBUG oslo_concurrency.lockutils [req-b8fe540d-3aeb-48e1-906a-8edf29d9caa1 - - - - -] Lock "0c206cc3-5e37-4ab2-b98d-cd506eb7a61c" "released" by "nova.context.set_target_cell..get_or_set_cached_cell_and_set_connections" :: held 0.000s inner /usr/lib/python3/dist-packages/oslo_concurrency/lockutils.py:400
2025-05-08 00:49:53.759 130883 DEBUG oslo_service.periodic_task [req-0c7001cd-bf80-4f9c-b987-7289df0f4ac5 - - - - -] Running periodic task SchedulerManager._discover_hosts_in_cells run_periodic_tasks /usr/lib/python3/dist-packages/oslo_service/periodic_task.py:210
2025-05-08 00:49:53.764 130883 DEBUG oslo_concurrency.lockutils [req-7c3fa0dc-bc6b-4b94-a5de-96c5cbcb38b9 - - - - -] Lock "0c206cc3-5e37-4ab2-b98d-cd506eb7a61c" acquired by "nova.context.set_target_cell..get_or_set_cached_cell_and_set_connections" :: waited 0.000s inner /usr/lib/python3/dist-packages/oslo_concurrency/lockutils.py:386
2025-05-08 00:49:53.765 130883 DEBUG oslo_concurrency.lockutils [req-7c3fa0dc-bc6b-4b94-a5de-96c5cbcb38b9 - - - - -] Lock "0c206cc3-5e37-4ab2-b98d-cd506eb7a61c" "released" by "nova.context.set_target_cell..get_or_set_cached_cell_and_set_connections" :: held 0.001s inner /usr/lib/python3/dist-packages/oslo_concurrency/lockutils.py:400
2025-05-08 00:49:59.119 129386 INFO oslo_service.service [req-58d124ab-20ca-4f4d-8090-825f61333162 - - - - -] Caught SIGTERM, stopping children
2025-05-08 00:49:59.119 129386 DEBUG oslo_concurrency.lockutils [req-58d124ab-20ca-4f4d-8090-825f61333162 - - - - -] Acquired lock "singleton_lock" lock /usr/lib/python3/dist-packages/oslo_concurrency/lockutils.py:294
2025-05-08 00:49:59.119 129386 DEBUG oslo_concurrency.lockutils [req-58d124ab-20ca-4f4d-8090-825f61333162 - - - - -] Releasing lock "singleton_lock" lock /usr/lib/python3/dist-packages/oslo_concurrency/lockutils.py:312
2025-05-08 00:49:59.120 129386 DEBUG oslo_service.service [req-58d124ab-20ca-4f4d-8090-825f61333162 - - - - -] Stop services. stop /usr/lib/python3/dist-packages/oslo_service/service.py:695
2025-05-08 00:49:59.120 129386 DEBUG oslo_service.service [req-58d124ab-20ca-4f4d-8090-825f61333162 - - - - -] Killing children. stop /usr/lib/python3/dist-packages/oslo_service/service.py:700
2025-05-08 00:49:59.120 129386 INFO oslo_service.service [req-58d124ab-20ca-4f4d-8090-825f61333162 - - - - -] Waiting on 4 children to exit
2025-05-08 00:49:59.130 129386 INFO oslo_service.service [req-58d124ab-20ca-4f4d-8090-825f61333162 - - - - -] Child 130877 killed by signal 15
2025-05-08 00:49:59.131 129386 INFO oslo_service.service [req-58d124ab-20ca-4f4d-8090-825f61333162 - - - - -] Child 130883 killed by signal 15
2025-05-08 00:49:59.131 129386 INFO oslo_service.service [req-58d124ab-20ca-4f4d-8090-825f61333162 - - - - -] Child 130884 killed by signal 15
2025-05-08 00:49:59.131 129386 INFO oslo_service.service [req-58d124ab-20ca-4f4d-8090-825f61333162 - - - - -] Child 130890 killed by signal 15
2025-05-08 00:50:01.877 135151 DEBUG oslo_db.sqlalchemy.engines [req-6ca696b9-ce68-4d48-baf0-daee175ad6d8 - - - - -] MySQL server mode set to STRICT_TRANS_TABLES,STRICT_ALL_TABLES,NO_ZERO_IN_DATE,NO_ZERO_DATE,ERROR_FOR_DIVISION_BY_ZERO,TRADITIONAL,NO_ENGINE_SUBSTITUTION _check_effective_sql_mode /usr/lib/python3/dist-packages/oslo_db/sqlalchemy/engines.py:314
2025-05-08 00:50:01.916 135151 DEBUG nova.scheduler.host_manager [req-6ca696b9-ce68-4d48-baf0-daee175ad6d8 - - - - -] Found 1 cells: 0c206cc3-5e37-4ab2-b98d-cd506eb7a61c refresh_cells_caches /usr/lib/python3/dist-packages/nova/scheduler/host_manager.py:730
2025-05-08 00:50:01.916 135151 DEBUG nova.scheduler.host_manager [req-6ca696b9-ce68-4d48-baf0-daee175ad6d8 - - - - -] Found 0 disabled cells: refresh_cells_caches /usr/lib/python3/dist-packages/nova/scheduler/host_manager.py:742
2025-05-08 00:50:01.922 135151 WARNING nova.scheduler.filters.availability_zone_filter [req-6ca696b9-ce68-4d48-baf0-daee175ad6d8 - - - - -] The 'AvailabilityZoneFilter' is deprecated since the 24.0.0 (Xena) release. Since the 18.0.0 (Rocky) release, nova has supported mapping AZs to placement aggregates. The feature is enabled by the 'query_placement_for_availability_zone' config option and is now enabled by default. As such, the 'AvailabilityZoneFilter' is no longer required. Nova is currently configured to use both placement and the AvailabilityZoneFilter for AZ enforcement.
2025-05-08 00:50:02.062 135151 DEBUG nova.scheduler.host_manager [req-6ca696b9-ce68-4d48-baf0-daee175ad6d8 - - - - -] START:_async_init_instance_info _async_init_instance_info /usr/lib/python3/dist-packages/nova/scheduler/host_manager.py:411
2025-05-08 00:50:02.065 135151 DEBUG oslo_concurrency.lockutils [req-6edfc134-d9d0-4e4b-9b44-6050d1b91e78 - - - - -] Lock "0c206cc3-5e37-4ab2-b98d-cd506eb7a61c" acquired by "nova.context.set_target_cell..get_or_set_cached_cell_and_set_connections" :: waited 0.000s inner /usr/lib/python3/dist-packages/oslo_concurrency/lockutils.py:386
2025-05-08 00:50:02.067 135151 DEBUG oslo_concurrency.lockutils [req-6edfc134-d9d0-4e4b-9b44-6050d1b91e78 - - - - -] Lock "0c206cc3-5e37-4ab2-b98d-cd506eb7a61c" "released" by "nova.context.set_target_cell..get_or_set_cached_cell_and_set_connections" :: held 0.002s inner /usr/lib/python3/dist-packages/oslo_concurrency/lockutils.py:400
2025-05-08 00:50:02.074 135151 DEBUG oslo_db.sqlalchemy.engines [req-6edfc134-d9d0-4e4b-9b44-6050d1b91e78 - - - - -] MySQL server mode set to STRICT_TRANS_TABLES,STRICT_ALL_TABLES,NO_ZERO_IN_DATE,NO_ZERO_DATE,ERROR_FOR_DIVISION_BY_ZERO,TRADITIONAL,NO_ENGINE_SUBSTITUTION _check_effective_sql_mode /usr/lib/python3/dist-packages/oslo_db/sqlalchemy/engines.py:314
2025-05-08 00:50:02.089 135151 DEBUG nova.scheduler.host_manager [req-6edfc134-d9d0-4e4b-9b44-6050d1b91e78 - - - - -] Total number of compute nodes: 0 _async_init_instance_info /usr/lib/python3/dist-packages/nova/scheduler/host_manager.py:424
2025-05-08 00:50:02.090 135151 DEBUG oslo_concurrency.lockutils [req-6edfc134-d9d0-4e4b-9b44-6050d1b91e78 - - - - -] Lock "0c206cc3-5e37-4ab2-b98d-cd506eb7a61c" acquired by "nova.context.set_target_cell..get_or_set_cached_cell_and_set_connections" :: waited 0.000s inner /usr/lib/python3/dist-packages/oslo_concurrency/lockutils.py:386
2025-05-08 00:50:02.090 135151 DEBUG oslo_concurrency.lockutils [req-6edfc134-d9d0-4e4b-9b44-6050d1b91e78 - - - - -] Lock "0c206cc3-5e37-4ab2-b98d-cd506eb7a61c" "released" by "nova.context.set_target_cell..get_or_set_cached_cell_and_set_connections" :: held 0.000s inner /usr/lib/python3/dist-packages/oslo_concurrency/lockutils.py:400
2025-05-08 00:50:02.161 135151 DEBUG nova.scheduler.host_manager [req-6edfc134-d9d0-4e4b-9b44-6050d1b91e78 - - - - -] Adding 0 instances for hosts 10-20 _async_init_instance_info /usr/lib/python3/dist-packages/nova/scheduler/host_manager.py:443
2025-05-08 00:50:02.164 135151 DEBUG nova.scheduler.host_manager [req-6edfc134-d9d0-4e4b-9b44-6050d1b91e78 - - - - -] END:_async_init_instance_info _async_init_instance_info /usr/lib/python3/dist-packages/nova/scheduler/host_manager.py:454
2025-05-08 00:50:04.307 135151 DEBUG nova.context [req-6ca696b9-ce68-4d48-baf0-daee175ad6d8 - - - - -] Found 2 cells: 00000000-0000-0000-0000-000000000000(cell0),0c206cc3-5e37-4ab2-b98d-cd506eb7a61c(cell1) load_cells /usr/lib/python3/dist-packages/nova/context.py:464
2025-05-08 00:50:04.308 135151 DEBUG oslo_concurrency.lockutils [req-00f6bee8-dc29-42db-9391-883ad896b02c - - - - -] Lock "00000000-0000-0000-0000-000000000000" acquired by "nova.context.set_target_cell..get_or_set_cached_cell_and_set_connections" :: waited 0.000s inner /usr/lib/python3/dist-packages/oslo_concurrency/lockutils.py:386
2025-05-08 00:50:04.311 135151 DEBUG oslo_concurrency.lockutils [req-00f6bee8-dc29-42db-9391-883ad896b02c - - - - -] Lock "00000000-0000-0000-0000-000000000000" "released" by "nova.context.set_target_cell..get_or_set_cached_cell_and_set_connections" :: held 0.003s inner /usr/lib/python3/dist-packages/oslo_concurrency/lockutils.py:400
2025-05-08 00:50:04.313 135151 DEBUG oslo_concurrency.lockutils [req-00f6bee8-dc29-42db-9391-883ad896b02c - - - - -] Lock "0c206cc3-5e37-4ab2-b98d-cd506eb7a61c" acquired by "nova.context.set_target_cell..get_or_set_cached_cell_and_set_connections" :: waited 0.000s inner /usr/lib/python3/dist-packages/oslo_concurrency/lockutils.py:386
2025-05-08 00:50:04.313 135151 DEBUG oslo_concurrency.lockutils [req-00f6bee8-dc29-42db-9391-883ad896b02c - - - - -] Lock "0c206cc3-5e37-4ab2-b98d-cd506eb7a61c" "released" by "nova.context.set_target_cell..get_or_set_cached_cell_and_set_connections" :: held 0.000s inner /usr/lib/python3/dist-packages/oslo_concurrency/lockutils.py:400
2025-05-08 00:50:04.329 135151 DEBUG oslo_db.sqlalchemy.engines [req-00f6bee8-dc29-42db-9391-883ad896b02c - - - - -] MySQL server mode set to STRICT_TRANS_TABLES,STRICT_ALL_TABLES,NO_ZERO_IN_DATE,NO_ZERO_DATE,ERROR_FOR_DIVISION_BY_ZERO,TRADITIONAL,NO_ENGINE_SUBSTITUTION _check_effective_sql_mode /usr/lib/python3/dist-packages/oslo_db/sqlalchemy/engines.py:314
2025-05-08 00:50:04.356 135151 DEBUG oslo_concurrency.lockutils [req-00f6bee8-dc29-42db-9391-883ad896b02c - - - - -] Acquired lock "singleton_lock" lock /usr/lib/python3/dist-packages/oslo_concurrency/lockutils.py:294
2025-05-08 00:50:04.357 135151 DEBUG oslo_concurrency.lockutils [req-00f6bee8-dc29-42db-9391-883ad896b02c - - - - -] Releasing lock "singleton_lock" lock /usr/lib/python3/dist-packages/oslo_concurrency/lockutils.py:312
2025-05-08 00:50:04.358 135151 INFO oslo_service.service [req-00f6bee8-dc29-42db-9391-883ad896b02c - - - - -] Starting 4 workers
2025-05-08 00:50:04.369 135151 DEBUG oslo_service.service [req-00f6bee8-dc29-42db-9391-883ad896b02c - - - - -] Started child 135896 _start_child /usr/lib/python3/dist-packages/oslo_service/service.py:575
2025-05-08 00:50:04.373 135896 INFO nova.service [-] Starting scheduler node (version 25.2.1)
2025-05-08 00:50:04.387 135896 DEBUG oslo_db.sqlalchemy.engines [req-51ff3c9e-415e-49be-b5d8-17cb3f97147d - - - - -] MySQL server mode set to STRICT_TRANS_TABLES,STRICT_ALL_TABLES,NO_ZERO_IN_DATE,NO_ZERO_DATE,ERROR_FOR_DIVISION_BY_ZERO,TRADITIONAL,NO_ENGINE_SUBSTITUTION _check_effective_sql_mode /usr/lib/python3/dist-packages/oslo_db/sqlalchemy/engines.py:314
2025-05-08 00:50:04.387 135151 DEBUG oslo_service.service [req-00f6bee8-dc29-42db-9391-883ad896b02c - - - - -] Started child 135897 _start_child /usr/lib/python3/dist-packages/oslo_service/service.py:575
2025-05-08 00:50:04.396 135897 INFO nova.service [-] Starting scheduler node (version 25.2.1)
2025-05-08 00:50:04.416 135896 DEBUG nova.service [req-51ff3c9e-415e-49be-b5d8-17cb3f97147d - - - - -] Creating RPC server for service scheduler start /usr/lib/python3/dist-packages/nova/service.py:182
2025-05-08 00:50:04.419 135897 DEBUG oslo_db.sqlalchemy.engines [req-f14efd90-5ec3-4130-bb13-4885cdcbc2e8 - - - - -] MySQL server mode set to STRICT_TRANS_TABLES,STRICT_ALL_TABLES,NO_ZERO_IN_DATE,NO_ZERO_DATE,ERROR_FOR_DIVISION_BY_ZERO,TRADITIONAL,NO_ENGINE_SUBSTITUTION _check_effective_sql_mode /usr/lib/python3/dist-packages/oslo_db/sqlalchemy/engines.py:314
2025-05-08 00:50:04.428 135902 INFO nova.service [-] Starting scheduler node (version 25.2.1)
2025-05-08 00:50:04.421 135151 DEBUG oslo_service.service [req-00f6bee8-dc29-42db-9391-883ad896b02c - - - - -] Started child 135902 _start_child /usr/lib/python3/dist-packages/oslo_service/service.py:575
2025-05-08 00:50:04.469 135902 DEBUG oslo_db.sqlalchemy.engines [req-edbdf7ac-c980-48ff-a162-fd96e3dee89b - - - - -] MySQL server mode set to STRICT_TRANS_TABLES,STRICT_ALL_TABLES,NO_ZERO_IN_DATE,NO_ZERO_DATE,ERROR_FOR_DIVISION_BY_ZERO,TRADITIONAL,NO_ENGINE_SUBSTITUTION _check_effective_sql_mode /usr/lib/python3/dist-packages/oslo_db/sqlalchemy/engines.py:314
2025-05-08 00:50:04.475 135151 DEBUG oslo_service.service [req-00f6bee8-dc29-42db-9391-883ad896b02c - - - - -] Started child 135910 _start_child /usr/lib/python3/dist-packages/oslo_service/service.py:575
2025-05-08 00:50:04.478 135151 DEBUG oslo_service.service [req-00f6bee8-dc29-42db-9391-883ad896b02c - - - - -] Full set of CONF: wait /usr/lib/python3/dist-packages/oslo_service/service.py:649
2025-05-08 00:50:04.478 135151 DEBUG oslo_service.service [req-00f6bee8-dc29-42db-9391-883ad896b02c - - - - -] ******************************************************************************** log_opt_values /usr/lib/python3/dist-packages/oslo_config/cfg.py:2589
2025-05-08 00:50:04.478 135151 DEBUG oslo_service.service [req-00f6bee8-dc29-42db-9391-883ad896b02c - - - - -] Configuration options gathered from: log_opt_values /usr/lib/python3/dist-packages/oslo_config/cfg.py:2590
2025-05-08 00:50:04.479 135151 DEBUG oslo_service.service [req-00f6bee8-dc29-42db-9391-883ad896b02c - - - - -] command line args: ['--config-file=/etc/nova/nova.conf', '--log-file=/var/log/nova/nova-scheduler.log'] log_opt_values /usr/lib/python3/dist-packages/oslo_config/cfg.py:2591
2025-05-08 00:50:04.479 135151 DEBUG oslo_service.service [req-00f6bee8-dc29-42db-9391-883ad896b02c - - - - -] config files: ['/etc/nova/nova.conf'] log_opt_values /usr/lib/python3/dist-packages/oslo_config/cfg.py:2592
2025-05-08 00:50:04.479 135151 DEBUG oslo_service.service [req-00f6bee8-dc29-42db-9391-883ad896b02c - - - - -] ================================================================================ log_opt_values /usr/lib/python3/dist-packages/oslo_config/cfg.py:2594
2025-05-08 00:50:04.480 135151 DEBUG oslo_service.service [req-00f6bee8-dc29-42db-9391-883ad896b02c - - - - -] allow_resize_to_same_host = False log_opt_values /usr/lib/python3/dist-packages/oslo_config/cfg.py:2602
2025-05-08 00:50:04.480 135151 DEBUG oslo_service.service [req-00f6bee8-dc29-42db-9391-883ad896b02c - - - - -] arq_binding_timeout = 300 log_opt_values /usr/lib/python3/dist-packages/oslo_config/cfg.py:2602
2025-05-08 00:50:04.480 135151 DEBUG oslo_service.service [req-00f6bee8-dc29-42db-9391-883ad896b02c - - - - -] block_device_allocate_retries = 60 log_opt_values /usr/lib/python3/dist-packages/oslo_config/cfg.py:2602
2025-05-08 00:50:04.480 135151 DEBUG oslo_service.service [req-00f6bee8-dc29-42db-9391-883ad896b02c - - - - -] block_device_allocate_retries_interval = 3 log_opt_values /usr/lib/python3/dist-packages/oslo_config/cfg.py:2602
2025-05-08 00:50:04.480 135151 DEBUG oslo_service.service [req-00f6bee8-dc29-42db-9391-883ad896b02c - - - - -] cert = self.pem log_opt_values /usr/lib/python3/dist-packages/oslo_config/cfg.py:2602
2025-05-08 00:50:04.481 135151 DEBUG oslo_service.service [req-00f6bee8-dc29-42db-9391-883ad896b02c - - - - -] compute_driver = libvirt.LibvirtDriver log_opt_values /usr/lib/python3/dist-packages/oslo_config/cfg.py:2602
2025-05-08 00:50:04.480 135910 INFO nova.service [-] Starting scheduler node (version 25.2.1)
2025-05-08 00:50:04.481 135151 DEBUG oslo_service.service [req-00f6bee8-dc29-42db-9391-883ad896b02c - - - - -] compute_monitors = [] log_opt_values /usr/lib/python3/dist-packages/oslo_config/cfg.py:2602
2025-05-08 00:50:04.481 135151 DEBUG oslo_service.service [req-00f6bee8-dc29-42db-9391-883ad896b02c - - - - -] config_dir = [] log_opt_values /usr/lib/python3/dist-packages/oslo_config/cfg.py:2602
2025-05-08 00:50:04.482 135151 DEBUG oslo_service.service [req-00f6bee8-dc29-42db-9391-883ad896b02c - - - - -] config_drive_format = iso9660 log_opt_values /usr/lib/python3/dist-packages/oslo_config/cfg.py:2602
2025-05-08 00:50:04.482 135151 DEBUG oslo_service.service [req-00f6bee8-dc29-42db-9391-883ad896b02c - - - - -] config_file = ['/etc/nova/nova.conf'] log_opt_values /usr/lib/python3/dist-packages/oslo_config/cfg.py:2602
2025-05-08 00:50:04.482 135151 DEBUG oslo_service.service [req-00f6bee8-dc29-42db-9391-883ad896b02c - - - - -] config_source = [] log_opt_values /usr/lib/python3/dist-packages/oslo_config/cfg.py:2602
2025-05-08 00:50:04.482 135151 DEBUG oslo_service.service [req-00f6bee8-dc29-42db-9391-883ad896b02c - - - - -] console_host = juju-33e30c-0-lxd-7 log_opt_values /usr/lib/python3/dist-packages/oslo_config/cfg.py:2602
2025-05-08 00:50:04.483 135151 DEBUG oslo_service.service [req-00f6bee8-dc29-42db-9391-883ad896b02c - - - - -] control_exchange = nova log_opt_values /usr/lib/python3/dist-packages/oslo_config/cfg.py:2602
2025-05-08 00:50:04.483 135151 DEBUG oslo_service.service [req-00f6bee8-dc29-42db-9391-883ad896b02c - - - - -] cpu_allocation_ratio = 2.0 log_opt_values /usr/lib/python3/dist-packages/oslo_config/cfg.py:2602
2025-05-08 00:50:04.483 135151 DEBUG oslo_service.service [req-00f6bee8-dc29-42db-9391-883ad896b02c - - - - -] daemon = False log_opt_values /usr/lib/python3/dist-packages/oslo_config/cfg.py:2602
2025-05-08 00:50:04.483 135151 DEBUG oslo_service.service [req-00f6bee8-dc29-42db-9391-883ad896b02c - - - - -] debug = True log_opt_values /usr/lib/python3/dist-packages/oslo_config/cfg.py:2602
2025-05-08 00:50:04.484 135151 DEBUG oslo_service.service [req-00f6bee8-dc29-42db-9391-883ad896b02c - - - - -] default_access_ip_network_name = None log_opt_values /usr/lib/python3/dist-packages/oslo_config/cfg.py:2602
2025-05-08 00:50:04.483 135896 DEBUG oslo_messaging._drivers.amqpdriver [-] Listener is running poll /usr/lib/python3/dist-packages/oslo_messaging/_drivers/amqpdriver.py:343
2025-05-08 00:50:04.484 135151 DEBUG oslo_service.service [req-00f6bee8-dc29-42db-9391-883ad896b02c - - - - -] default_availability_zone = nova log_opt_values /usr/lib/python3/dist-packages/oslo_config/cfg.py:2602
2025-05-08 00:50:04.484 135896 DEBUG oslo_messaging._drivers.amqpdriver [-] AMQPListener connection consume poll /usr/lib/python3/dist-packages/oslo_messaging/_drivers/amqpdriver.py:357
2025-05-08 00:50:04.484 135151 DEBUG oslo_service.service [req-00f6bee8-dc29-42db-9391-883ad896b02c - - - - -] default_ephemeral_format = None log_opt_values /usr/lib/python3/dist-packages/oslo_config/cfg.py:2602
2025-05-08 00:50:04.484 135151 DEBUG oslo_service.service [req-00f6bee8-dc29-42db-9391-883ad896b02c - - - - -] default_log_levels = ['amqp=WARN', 'amqplib=WARN', 'boto=WARN', 'qpid=WARN', 'sqlalchemy=WARN', 'suds=INFO', 'oslo.messaging=INFO', 'oslo_messaging=DEBUG', 'iso8601=WARN', 'requests.packages.urllib3.connectionpool=WARN', 'urllib3.connectionpool=WARN', 'websocket=WARN', 'requests.packages.urllib3.util.retry=WARN', 'urllib3.util.retry=WARN', 'keystonemiddleware=WARN', 'routes.middleware=WARN', 'stevedore=WARN', 'taskflow=WARN', 'keystoneauth=WARN', 'oslo.cache=INFO', 'dogpile.core.dogpile=INFO', 'glanceclient=WARN', 'oslo.privsep.daemon=INFO'] log_opt_values /usr/lib/python3/dist-packages/oslo_config/cfg.py:2602
2025-05-08 00:50:04.484 135151 DEBUG oslo_service.service [req-00f6bee8-dc29-42db-9391-883ad896b02c - - - - -] default_schedule_zone = None log_opt_values /usr/lib/python3/dist-packages/oslo_config/cfg.py:2602
2025-05-08 00:50:04.485 135151 DEBUG oslo_service.service [req-00f6bee8-dc29-42db-9391-883ad896b02c - - - - -] disk_allocation_ratio = 1.0 log_opt_values /usr/lib/python3/dist-packages/oslo_config/cfg.py:2602
2025-05-08 00:50:04.485 135151 DEBUG oslo_service.service [req-00f6bee8-dc29-42db-9391-883ad896b02c - - - - -] enable_new_services = True log_opt_values /usr/lib/python3/dist-packages/oslo_config/cfg.py:2602
2025-05-08 00:50:04.485 135151 DEBUG oslo_service.service [req-00f6bee8-dc29-42db-9391-883ad896b02c - - - - -] enabled_apis = ['osapi_compute', 'metadata'] log_opt_values /usr/lib/python3/dist-packages/oslo_config/cfg.py:2602
2025-05-08 00:50:04.485 135151 DEBUG oslo_service.service [req-00f6bee8-dc29-42db-9391-883ad896b02c - - - - -] enabled_ssl_apis = [] log_opt_values /usr/lib/python3/dist-packages/oslo_config/cfg.py:2602
2025-05-08 00:50:04.485 135896 DEBUG nova.service [req-51ff3c9e-415e-49be-b5d8-17cb3f97147d - - - - -] Join ServiceGroup membership for this service scheduler start /usr/lib/python3/dist-packages/nova/service.py:199
2025-05-08 00:50:04.485 135151 DEBUG oslo_service.service [req-00f6bee8-dc29-42db-9391-883ad896b02c - - - - -] fatal_deprecations = False log_opt_values /usr/lib/python3/dist-packages/oslo_config/cfg.py:2602
2025-05-08 00:50:04.485 135896 DEBUG nova.servicegroup.drivers.db [req-51ff3c9e-415e-49be-b5d8-17cb3f97147d - - - - -] DB_Driver: join new ServiceGroup member juju-33e30c-0-lxd-7 to the scheduler group, service = join /usr/lib/python3/dist-packages/nova/servicegroup/drivers/db.py:44
2025-05-08 00:50:04.486 135151 DEBUG oslo_service.service [req-00f6bee8-dc29-42db-9391-883ad896b02c - - - - -] flat_injected = False log_opt_values /usr/lib/python3/dist-packages/oslo_config/cfg.py:2602
2025-05-08 00:50:04.486 135151 DEBUG oslo_service.service [req-00f6bee8-dc29-42db-9391-883ad896b02c - - - - -] force_config_drive = False log_opt_values /usr/lib/python3/dist-packages/oslo_config/cfg.py:2602
2025-05-08 00:50:04.486 135151 DEBUG oslo_service.service [req-00f6bee8-dc29-42db-9391-883ad896b02c - - - - -] force_raw_images = True log_opt_values /usr/lib/python3/dist-packages/oslo_config/cfg.py:2602
2025-05-08 00:50:04.486 135151 DEBUG oslo_service.service [req-00f6bee8-dc29-42db-9391-883ad896b02c - - - - -] graceful_shutdown_timeout = 60 log_opt_values /usr/lib/python3/dist-packages/oslo_config/cfg.py:2602
2025-05-08 00:50:04.486 135151 DEBUG oslo_service.service [req-00f6bee8-dc29-42db-9391-883ad896b02c - - - - -] heal_instance_info_cache_interval = 60 log_opt_values /usr/lib/python3/dist-packages/oslo_config/cfg.py:2602
2025-05-08 00:50:04.487 135151 DEBUG oslo_service.service [req-00f6bee8-dc29-42db-9391-883ad896b02c - - - - -] host = juju-33e30c-0-lxd-7 log_opt_values /usr/lib/python3/dist-packages/oslo_config/cfg.py:2602
2025-05-08 00:50:04.487 135151 DEBUG oslo_service.service [req-00f6bee8-dc29-42db-9391-883ad896b02c - - - - -] initial_cpu_allocation_ratio = 16.0 log_opt_values /usr/lib/python3/dist-packages/oslo_config/cfg.py:2602
2025-05-08 00:50:04.487 135151 DEBUG oslo_service.service [req-00f6bee8-dc29-42db-9391-883ad896b02c - - - - -] initial_disk_allocation_ratio = 1.0 log_opt_values /usr/lib/python3/dist-packages/oslo_config/cfg.py:2602
2025-05-08 00:50:04.488 135151 DEBUG oslo_service.service [req-00f6bee8-dc29-42db-9391-883ad896b02c - - - - -] initial_ram_allocation_ratio = 1.5 log_opt_values /usr/lib/python3/dist-packages/oslo_config/cfg.py:2602
2025-05-08 00:50:04.488 135151 DEBUG oslo_service.service [req-00f6bee8-dc29-42db-9391-883ad896b02c - - - - -] injected_network_template = /usr/lib/python3/dist-packages/nova/virt/interfaces.template log_opt_values /usr/lib/python3/dist-packages/oslo_config/cfg.py:2602
2025-05-08 00:50:04.488 135151 DEBUG oslo_service.service [req-00f6bee8-dc29-42db-9391-883ad896b02c - - - - -] instance_build_timeout = 0 log_opt_values /usr/lib/python3/dist-packages/oslo_config/cfg.py:2602
2025-05-08 00:50:04.489 135151 DEBUG oslo_service.service [req-00f6bee8-dc29-42db-9391-883ad896b02c - - - - -] instance_delete_interval = 300 log_opt_values /usr/lib/python3/dist-packages/oslo_config/cfg.py:2602
2025-05-08 00:50:04.489 135151 DEBUG oslo_service.service [req-00f6bee8-dc29-42db-9391-883ad896b02c - - - - -] instance_format = [instance: %(uuid)s] log_opt_values /usr/lib/python3/dist-packages/oslo_config/cfg.py:2602
2025-05-08 00:50:04.489 135151 DEBUG oslo_service.service [req-00f6bee8-dc29-42db-9391-883ad896b02c - - - - -] instance_name_template = instance-%08x log_opt_values /usr/lib/python3/dist-packages/oslo_config/cfg.py:2602
2025-05-08 00:50:04.489 135151 DEBUG oslo_service.service [req-00f6bee8-dc29-42db-9391-883ad896b02c - - - - -] instance_usage_audit = False log_opt_values /usr/lib/python3/dist-packages/oslo_config/cfg.py:2602
2025-05-08 00:50:04.489 135151 DEBUG oslo_service.service [req-00f6bee8-dc29-42db-9391-883ad896b02c - - - - -] instance_usage_audit_period = month log_opt_values /usr/lib/python3/dist-packages/oslo_config/cfg.py:2602
2025-05-08 00:50:04.489 135151 DEBUG oslo_service.service [req-00f6bee8-dc29-42db-9391-883ad896b02c - - - - -] instance_uuid_format = [instance: %(uuid)s] log_opt_values /usr/lib/python3/dist-packages/oslo_config/cfg.py:2602
2025-05-08 00:50:04.490 135151 DEBUG oslo_service.service [req-00f6bee8-dc29-42db-9391-883ad896b02c - - - - -] instances_path = /var/lib/nova/instances log_opt_values /usr/lib/python3/dist-packages/oslo_config/cfg.py:2602
2025-05-08 00:50:04.490 135151 DEBUG oslo_service.service [req-00f6bee8-dc29-42db-9391-883ad896b02c - - - - -] internal_service_availability_zone = internal log_opt_values /usr/lib/python3/dist-packages/oslo_config/cfg.py:2602
2025-05-08 00:50:04.490 135151 DEBUG oslo_service.service [req-00f6bee8-dc29-42db-9391-883ad896b02c - - - - -] key = None log_opt_values /usr/lib/python3/dist-packages/oslo_config/cfg.py:2602
2025-05-08 00:50:04.490 135151 DEBUG oslo_service.service [req-00f6bee8-dc29-42db-9391-883ad896b02c - - - - -] live_migration_retry_count = 30 log_opt_values /usr/lib/python3/dist-packages/oslo_config/cfg.py:2602
2025-05-08 00:50:04.490 135151 DEBUG oslo_service.service [req-00f6bee8-dc29-42db-9391-883ad896b02c - - - - -] log_config_append = None log_opt_values /usr/lib/python3/dist-packages/oslo_config/cfg.py:2602
2025-05-08 00:50:04.490 135896 DEBUG oslo_messaging._drivers.amqpdriver [-] AMQPListener connection timeout poll /usr/lib/python3/dist-packages/oslo_messaging/_drivers/amqpdriver.py:360
2025-05-08 00:50:04.491 135151 DEBUG oslo_service.service [req-00f6bee8-dc29-42db-9391-883ad896b02c - - - - -] log_date_format = %Y-%m-%d %H:%M:%S log_opt_values /usr/lib/python3/dist-packages/oslo_config/cfg.py:2602
2025-05-08 00:50:04.491 135151 DEBUG oslo_service.service [req-00f6bee8-dc29-42db-9391-883ad896b02c - - - - -] log_dir = /var/log/nova log_opt_values /usr/lib/python3/dist-packages/oslo_config/cfg.py:2602
2025-05-08 00:50:04.491 135896 DEBUG oslo_messaging._drivers.amqpdriver [-] Listener is running poll /usr/lib/python3/dist-packages/oslo_messaging/_drivers/amqpdriver.py:343
2025-05-08 00:50:04.491 135151 DEBUG oslo_service.service [req-00f6bee8-dc29-42db-9391-883ad896b02c - - - - -] log_file = /var/log/nova/nova-scheduler.log log_opt_values /usr/lib/python3/dist-packages/oslo_config/cfg.py:2602
2025-05-08 00:50:04.491 135151 DEBUG oslo_service.service [req-00f6bee8-dc29-42db-9391-883ad896b02c - - - - -] log_options = True log_opt_values /usr/lib/python3/dist-packages/oslo_config/cfg.py:2602
2025-05-08 00:50:04.491 135896 DEBUG oslo_messaging._drivers.amqpdriver [-] AMQPListener connection consume poll /usr/lib/python3/dist-packages/oslo_messaging/_drivers/amqpdriver.py:357
2025-05-08 00:50:04.491 135151 DEBUG oslo_service.service [req-00f6bee8-dc29-42db-9391-883ad896b02c - - - - -] log_rotate_interval = 1 log_opt_values /usr/lib/python3/dist-packages/oslo_config/cfg.py:2602
2025-05-08 00:50:04.492 135151 DEBUG oslo_service.service [req-00f6bee8-dc29-42db-9391-883ad896b02c - - - - -] log_rotate_interval_type = days log_opt_values /usr/lib/python3/dist-packages/oslo_config/cfg.py:2602
2025-05-08 00:50:04.492 135151 DEBUG oslo_service.service [req-00f6bee8-dc29-42db-9391-883ad896b02c - - - - -] log_rotation_type = none log_opt_values /usr/lib/python3/dist-packages/oslo_config/cfg.py:2602
2025-05-08 00:50:04.492 135151 DEBUG oslo_service.service [req-00f6bee8-dc29-42db-9391-883ad896b02c - - - - -] logging_context_format_string = %(asctime)s.%(msecs)03d %(process)d %(levelname)s %(name)s [%(request_id)s %(user_identity)s] %(instance)s%(message)s log_opt_values /usr/lib/python3/dist-packages/oslo_config/cfg.py:2602
2025-05-08 00:50:04.492 135151 DEBUG oslo_service.service [req-00f6bee8-dc29-42db-9391-883ad896b02c - - - - -] logging_debug_format_suffix = %(funcName)s %(pathname)s:%(lineno)d log_opt_values /usr/lib/python3/dist-packages/oslo_config/cfg.py:2602
2025-05-08 00:50:04.493 135151 DEBUG oslo_service.service [req-00f6bee8-dc29-42db-9391-883ad896b02c - - - - -] logging_default_format_string = %(asctime)s.%(msecs)03d %(process)d %(levelname)s %(name)s [-] %(instance)s%(message)s log_opt_values /usr/lib/python3/dist-packages/oslo_config/cfg.py:2602
2025-05-08 00:50:04.493 135151 DEBUG oslo_service.service [req-00f6bee8-dc29-42db-9391-883ad896b02c - - - - -] logging_exception_prefix = %(asctime)s.%(msecs)03d %(process)d ERROR %(name)s %(instance)s log_opt_values /usr/lib/python3/dist-packages/oslo_config/cfg.py:2602
2025-05-08 00:50:04.493 135897 DEBUG nova.service [req-f14efd90-5ec3-4130-bb13-4885cdcbc2e8 - - - - -] Creating RPC server for service scheduler start /usr/lib/python3/dist-packages/nova/service.py:182
2025-05-08 00:50:04.493 135151 DEBUG oslo_service.service [req-00f6bee8-dc29-42db-9391-883ad896b02c - - - - -] logging_user_identity_format = %(user)s %(project)s %(domain)s %(user_domain)s %(project_domain)s log_opt_values /usr/lib/python3/dist-packages/oslo_config/cfg.py:2602
2025-05-08 00:50:04.493 135151 DEBUG oslo_service.service [req-00f6bee8-dc29-42db-9391-883ad896b02c - - - - -] long_rpc_timeout = 1800 log_opt_values /usr/lib/python3/dist-packages/oslo_config/cfg.py:2602
2025-05-08 00:50:04.494 135151 DEBUG oslo_service.service [req-00f6bee8-dc29-42db-9391-883ad896b02c - - - - -] max_concurrent_builds = 10 log_opt_values /usr/lib/python3/dist-packages/oslo_config/cfg.py:2602
2025-05-08 00:50:04.494 135151 DEBUG oslo_service.service [req-00f6bee8-dc29-42db-9391-883ad896b02c - - - - -] max_concurrent_live_migrations = 1 log_opt_values /usr/lib/python3/dist-packages/oslo_config/cfg.py:2602
2025-05-08 00:50:04.494 135151 DEBUG oslo_service.service [req-00f6bee8-dc29-42db-9391-883ad896b02c - - - - -] max_concurrent_snapshots = 5 log_opt_values /usr/lib/python3/dist-packages/oslo_config/cfg.py:2602
2025-05-08 00:50:04.494 135151 DEBUG oslo_service.service [req-00f6bee8-dc29-42db-9391-883ad896b02c - - - - -] max_local_block_devices = 3 log_opt_values /usr/lib/python3/dist-packages/oslo_config/cfg.py:2602
2025-05-08 00:50:04.494 135151 DEBUG oslo_service.service [req-00f6bee8-dc29-42db-9391-883ad896b02c - - - - -] max_logfile_count = 30 log_opt_values /usr/lib/python3/dist-packages/oslo_config/cfg.py:2602
2025-05-08 00:50:04.494 135151 DEBUG oslo_service.service [req-00f6bee8-dc29-42db-9391-883ad896b02c - - - - -] max_logfile_size_mb = 200 log_opt_values /usr/lib/python3/dist-packages/oslo_config/cfg.py:2602
2025-05-08 00:50:04.495 135151 DEBUG oslo_service.service [req-00f6bee8-dc29-42db-9391-883ad896b02c - - - - -] maximum_instance_delete_attempts = 5 log_opt_values /usr/lib/python3/dist-packages/oslo_config/cfg.py:2602
2025-05-08 00:50:04.495 135151 DEBUG oslo_service.service [req-00f6bee8-dc29-42db-9391-883ad896b02c - - - - -] metadata_listen = 0.0.0.0 log_opt_values /usr/lib/python3/dist-packages/oslo_config/cfg.py:2602
2025-05-08 00:50:04.495 135910 DEBUG oslo_db.sqlalchemy.engines [req-945f20df-0c51-4045-a89a-498897f9d430 - - - - -] MySQL server mode set to STRICT_TRANS_TABLES,STRICT_ALL_TABLES,NO_ZERO_IN_DATE,NO_ZERO_DATE,ERROR_FOR_DIVISION_BY_ZERO,TRADITIONAL,NO_ENGINE_SUBSTITUTION _check_effective_sql_mode /usr/lib/python3/dist-packages/oslo_db/sqlalchemy/engines.py:314
2025-05-08 00:50:04.495 135151 DEBUG oslo_service.service [req-00f6bee8-dc29-42db-9391-883ad896b02c - - - - -] metadata_listen_port = 8765 log_opt_values /usr/lib/python3/dist-packages/oslo_config/cfg.py:2602
2025-05-08 00:50:04.495 135151 DEBUG oslo_service.service [req-00f6bee8-dc29-42db-9391-883ad896b02c - - - - -] metadata_workers = None log_opt_values /usr/lib/python3/dist-packages/oslo_config/cfg.py:2602
2025-05-08 00:50:04.495 135151 DEBUG oslo_service.service [req-00f6bee8-dc29-42db-9391-883ad896b02c - - - - -] migrate_max_retries = -1 log_opt_values /usr/lib/python3/dist-packages/oslo_config/cfg.py:2602
2025-05-08 00:50:04.498 135151 DEBUG oslo_service.service [req-00f6bee8-dc29-42db-9391-883ad896b02c - - - - -] mkisofs_cmd = genisoimage log_opt_values /usr/lib/python3/dist-packages/oslo_config/cfg.py:2602
2025-05-08 00:50:04.499 135151 DEBUG oslo_service.service [req-00f6bee8-dc29-42db-9391-883ad896b02c - - - - -] my_block_storage_ip = 252.129.61.123 log_opt_values /usr/lib/python3/dist-packages/oslo_config/cfg.py:2602
2025-05-08 00:50:04.499 135151 DEBUG oslo_service.service [req-00f6bee8-dc29-42db-9391-883ad896b02c - - - - -] my_ip = 252.129.61.123 log_opt_values /usr/lib/python3/dist-packages/oslo_config/cfg.py:2602
2025-05-08 00:50:04.499 135151 DEBUG oslo_service.service [req-00f6bee8-dc29-42db-9391-883ad896b02c - - - - -] network_allocate_retries = 0 log_opt_values /usr/lib/python3/dist-packages/oslo_config/cfg.py:2602
2025-05-08 00:50:04.500 135151 DEBUG oslo_service.service [req-00f6bee8-dc29-42db-9391-883ad896b02c - - - - -] non_inheritable_image_properties = ['cache_in_nova', 'bittorrent'] log_opt_values /usr/lib/python3/dist-packages/oslo_config/cfg.py:2602
2025-05-08 00:50:04.500 135151 DEBUG oslo_service.service [req-00f6bee8-dc29-42db-9391-883ad896b02c - - - - -] osapi_compute_listen = 0.0.0.0 log_opt_values /usr/lib/python3/dist-packages/oslo_config/cfg.py:2602
2025-05-08 00:50:04.500 135151 DEBUG oslo_service.service [req-00f6bee8-dc29-42db-9391-883ad896b02c - - - - -] osapi_compute_listen_port = 8764 log_opt_values /usr/lib/python3/dist-packages/oslo_config/cfg.py:2602
2025-05-08 00:50:04.500 135151 DEBUG oslo_service.service [req-00f6bee8-dc29-42db-9391-883ad896b02c - - - - -] osapi_compute_unique_server_name_scope = log_opt_values /usr/lib/python3/dist-packages/oslo_config/cfg.py:2602
2025-05-08 00:50:04.500 135151 DEBUG oslo_service.service [req-00f6bee8-dc29-42db-9391-883ad896b02c - - - - -] osapi_compute_workers = 4 log_opt_values /usr/lib/python3/dist-packages/oslo_config/cfg.py:2602
2025-05-08 00:50:04.501 135151 DEBUG oslo_service.service [req-00f6bee8-dc29-42db-9391-883ad896b02c - - - - -] password_length = 12 log_opt_values /usr/lib/python3/dist-packages/oslo_config/cfg.py:2602
2025-05-08 00:50:04.501 135151 DEBUG oslo_service.service [req-00f6bee8-dc29-42db-9391-883ad896b02c - - - - -] periodic_enable = True log_opt_values /usr/lib/python3/dist-packages/oslo_config/cfg.py:2602
2025-05-08 00:50:04.501 135151 DEBUG oslo_service.service [req-00f6bee8-dc29-42db-9391-883ad896b02c - - - - -] periodic_fuzzy_delay = 60 log_opt_values /usr/lib/python3/dist-packages/oslo_config/cfg.py:2602
2025-05-08 00:50:04.501 135151 DEBUG oslo_service.service [req-00f6bee8-dc29-42db-9391-883ad896b02c - - - - -] pointer_model = usbtablet log_opt_values /usr/lib/python3/dist-packages/oslo_config/cfg.py:2602
2025-05-08 00:50:04.501 135151 DEBUG oslo_service.service [req-00f6bee8-dc29-42db-9391-883ad896b02c - - - - -] preallocate_images = none log_opt_values /usr/lib/python3/dist-packages/oslo_config/cfg.py:2602
2025-05-08 00:50:04.501 135151 DEBUG oslo_service.service [req-00f6bee8-dc29-42db-9391-883ad896b02c - - - - -] publish_errors = False log_opt_values /usr/lib/python3/dist-packages/oslo_config/cfg.py:2602
2025-05-08 00:50:04.502 135151 DEBUG oslo_service.service [req-00f6bee8-dc29-42db-9391-883ad896b02c - - - - -] pybasedir = /usr/lib/python3/dist-packages log_opt_values /usr/lib/python3/dist-packages/oslo_config/cfg.py:2602
2025-05-08 00:50:04.502 135151 DEBUG oslo_service.service [req-00f6bee8-dc29-42db-9391-883ad896b02c - - - - -] ram_allocation_ratio = 0.98 log_opt_values /usr/lib/python3/dist-packages/oslo_config/cfg.py:2602
2025-05-08 00:50:04.502 135151 DEBUG oslo_service.service [req-00f6bee8-dc29-42db-9391-883ad896b02c - - - - -] rate_limit_burst = 0 log_opt_values /usr/lib/python3/dist-packages/oslo_config/cfg.py:2602
2025-05-08 00:50:04.502 135151 DEBUG oslo_service.service [req-00f6bee8-dc29-42db-9391-883ad896b02c - - - - -] rate_limit_except_level = CRITICAL log_opt_values /usr/lib/python3/dist-packages/oslo_config/cfg.py:2602
2025-05-08 00:50:04.502 135151 DEBUG oslo_service.service [req-00f6bee8-dc29-42db-9391-883ad896b02c - - - - -] rate_limit_interval = 0 log_opt_values /usr/lib/python3/dist-packages/oslo_config/cfg.py:2602
2025-05-08 00:50:04.503 135151 DEBUG oslo_service.service [req-00f6bee8-dc29-42db-9391-883ad896b02c - - - - -] reboot_timeout = 0 log_opt_values /usr/lib/python3/dist-packages/oslo_config/cfg.py:2602
2025-05-08 00:50:04.503 135151 DEBUG oslo_service.service [req-00f6bee8-dc29-42db-9391-883ad896b02c - - - - -] reclaim_instance_interval = 0 log_opt_values /usr/lib/python3/dist-packages/oslo_config/cfg.py:2602
2025-05-08 00:50:04.503 135151 DEBUG oslo_service.service [req-00f6bee8-dc29-42db-9391-883ad896b02c - - - - -] record = None log_opt_values /usr/lib/python3/dist-packages/oslo_config/cfg.py:2602
2025-05-08 00:50:04.503 135151 DEBUG oslo_service.service [req-00f6bee8-dc29-42db-9391-883ad896b02c - - - - -] report_interval = 10 log_opt_values /usr/lib/python3/dist-packages/oslo_config/cfg.py:2602
2025-05-08 00:50:04.504 135151 DEBUG oslo_service.service [req-00f6bee8-dc29-42db-9391-883ad896b02c - - - - -] rescue_timeout = 0 log_opt_values /usr/lib/python3/dist-packages/oslo_config/cfg.py:2602
