2025-05-08 02:16:54.857 7 DEBUG oslo_service.service [-] database.backend = sqlalchemy log_opt_values /var/lib/kolla/venv/lib/python3.6/site-packages/oslo_config/cfg.py:2611
2025-05-08 02:16:54.857 7 DEBUG oslo_service.service [-] database.connection = **** log_opt_values /var/lib/kolla/venv/lib/python3.6/site-packages/oslo_config/cfg.py:2611
2025-05-08 02:16:54.857 7 DEBUG oslo_service.service [-] database.connection_debug = 0 log_opt_values /var/lib/kolla/venv/lib/python3.6/site-packages/oslo_config/cfg.py:2611
2025-05-08 02:16:54.857 7 DEBUG oslo_service.service [-] database.connection_parameters = log_opt_values /var/lib/kolla/venv/lib/python3.6/site-packages/oslo_config/cfg.py:2611
2025-05-08 02:16:54.857 7 DEBUG oslo_service.service [-] database.connection_recycle_time = 10 log_opt_values /var/lib/kolla/venv/lib/python3.6/site-packages/oslo_config/cfg.py:2611
2025-05-08 02:16:54.857 7 DEBUG oslo_service.service [-] database.connection_trace = False log_opt_values /var/lib/kolla/venv/lib/python3.6/site-packages/oslo_config/cfg.py:2611
2025-05-08 02:16:54.857 7 DEBUG oslo_service.service [-] database.db_inc_retry_interval = True log_opt_values /var/lib/kolla/venv/lib/python3.6/site-packages/oslo_config/cfg.py:2611
2025-05-08 02:16:54.857 7 DEBUG oslo_service.service [-] database.db_max_retries = 20 log_opt_values /var/lib/kolla/venv/lib/python3.6/site-packages/oslo_config/cfg.py:2611
2025-05-08 02:16:54.857 7 DEBUG oslo_service.service [-] database.db_max_retry_interval = 10 log_opt_values /var/lib/kolla/venv/lib/python3.6/site-packages/oslo_config/cfg.py:2611
2025-05-08 02:16:54.857 7 DEBUG oslo_service.service [-] database.db_retry_interval = 1 log_opt_values /var/lib/kolla/venv/lib/python3.6/site-packages/oslo_config/cfg.py:2611
2025-05-08 02:16:54.857 7 DEBUG oslo_service.service [-] database.max_overflow = 50 log_opt_values /var/lib/kolla/venv/lib/python3.6/site-packages/oslo_config/cfg.py:2611
2025-05-08 02:16:54.857 7 DEBUG oslo_service.service [-] database.max_pool_size = 1 log_opt_values /var/lib/kolla/venv/lib/python3.6/site-packages/oslo_config/cfg.py:2611
2025-05-08 02:16:54.857 7 DEBUG oslo_service.service [-] database.max_retries = -1 log_opt_values /var/lib/kolla/venv/lib/python3.6/site-packages/oslo_config/cfg.py:2611
2025-05-08 02:16:54.857 7 DEBUG oslo_service.service [-] database.mysql_enable_ndb = False log_opt_values /var/lib/kolla/venv/lib/python3.6/site-packages/oslo_config/cfg.py:2611
2025-05-08 02:16:54.857 7 DEBUG oslo_service.service [-] database.mysql_sql_mode = TRADITIONAL log_opt_values /var/lib/kolla/venv/lib/python3.6/site-packages/oslo_config/cfg.py:2611
2025-05-08 02:16:54.857 7 DEBUG oslo_service.service [-] database.pool_timeout = None log_opt_values /var/lib/kolla/venv/lib/python3.6/site-packages/oslo_config/cfg.py:2611
2025-05-08 02:16:54.857 7 DEBUG oslo_service.service [-] database.retry_interval = 10 log_opt_values /var/lib/kolla/venv/lib/python3.6/site-packages/oslo_config/cfg.py:2611
2025-05-08 02:16:54.858 7 DEBUG oslo_service.service [-] database.slave_connection = **** log_opt_values /var/lib/kolla/venv/lib/python3.6/site-packages/oslo_config/cfg.py:2611
2025-05-08 02:16:54.858 7 DEBUG oslo_service.service [-] database.sqlite_synchronous = True log_opt_values /var/lib/kolla/venv/lib/python3.6/site-packages/oslo_config/cfg.py:2611
2025-05-08 02:16:54.858 7 DEBUG oslo_service.service [-] database.use_db_reconnect = False log_opt_values /var/lib/kolla/venv/lib/python3.6/site-packages/oslo_config/cfg.py:2611
2025-05-08 02:16:54.858 7 DEBUG oslo_service.service [-] ******************************************************************************** log_opt_values /var/lib/kolla/venv/lib/python3.6/site-packages/oslo_config/cfg.py:2613
2025-05-08 02:16:54.924 23 DEBUG neutron.services.l3_router.l3_router_plugin [-] neutron.services.l3_router.l3_router_plugin.L3RouterPlugin method start_rpc_listeners called with arguments () {} wrapper /var/lib/kolla/venv/lib/python3.6/site-packages/oslo_log/helpers.py:66
2025-05-08 02:16:54.925 25 DEBUG neutron.services.l3_router.l3_router_plugin [-] neutron.services.l3_router.l3_router_plugin.L3RouterPlugin method start_rpc_listeners called with arguments () {} wrapper /var/lib/kolla/venv/lib/python3.6/site-packages/oslo_log/helpers.py:66
2025-05-08 02:16:54.933 24 DEBUG neutron.services.l3_router.l3_router_plugin [-] neutron.services.l3_router.l3_router_plugin.L3RouterPlugin method start_rpc_listeners called with arguments () {} wrapper /var/lib/kolla/venv/lib/python3.6/site-packages/oslo_log/helpers.py:66
2025-05-08 02:16:56.618 22 DEBUG neutron.wsgi [-] (22) accepted ('10.0.0.38', 56140) server /var/lib/kolla/venv/lib/python3.6/site-packages/eventlet/wsgi.py:1004
2025-05-08 02:16:56.632 22 INFO neutron.wsgi [-] 10.0.0.38 "GET / HTTP/1.1" status: 200 len: 227 time: 0.0110869
2025-05-08 02:16:59.814 24 DEBUG neutron.api.rpc.handlers.dhcp_rpc [req-e391ca12-3f17-4791-aca9-8c87b24551f0 - - - - -] get_active_networks_info from cn-jenkins-deploy-platform-ansible-os-3287-1 get_active_networks_info /var/lib/kolla/venv/lib/python3.6/site-packages/neutron/api/rpc/handlers/dhcp_rpc.py:159
2025-05-08 02:16:59.879 27 DEBUG neutron_lib.callbacks.manager [req-4bb1cf15-6444-49f3-9a91-a274c6edd8ca - - - - -] Publish callbacks ['neutron.services.segments.db._update_segment_host_mapping_for_agent-8780383574080', 'neutron.services.l3_router.l3_router_plugin.DVRResourceOperationHandler.create_fip_agent_gw_ports-3718845'] for agent (a20545f5-c267-4730-84e6-60e6282f715b), after_create _notify_loop /var/lib/kolla/venv/lib/python3.6/site-packages/neutron_lib/callbacks/manager.py:177
2025-05-08 02:16:59.914 24 DEBUG neutron.scheduler.dhcp_agent_scheduler [req-e391ca12-3f17-4791-aca9-8c87b24551f0 - - - - -] No non-hosted networks auto_schedule_networks /var/lib/kolla/venv/lib/python3.6/site-packages/neutron/scheduler/dhcp_agent_scheduler.py:60
2025-05-08 02:17:19.982 28 DEBUG neutron_lib.callbacks.manager [req-083c8f98-5fe3-4548-8ecd-d0a9bfa8bc72 - - - - -] Publish callbacks ['neutron.services.segments.db._update_segment_host_mapping_for_agent-8780383574080', 'neutron.services.l3_router.l3_router_plugin.DVRResourceOperationHandler.create_fip_agent_gw_ports-3718845'] for agent (4b91173d-5790-4f94-beb9-1fc83eb806cc), after_create _notify_loop /var/lib/kolla/venv/lib/python3.6/site-packages/neutron_lib/callbacks/manager.py:177
2025-05-08 02:17:26.739 22 DEBUG neutron.wsgi [-] (22) accepted ('10.0.0.38', 55500) server /var/lib/kolla/venv/lib/python3.6/site-packages/eventlet/wsgi.py:1004
2025-05-08 02:17:26.753 22 INFO neutron.wsgi [-] 10.0.0.38 "GET / HTTP/1.1" status: 200 len: 227 time: 0.0120432
2025-05-08 02:17:29.843 26 DEBUG neutron_lib.callbacks.manager [req-13038f48-daed-4abf-96f8-21b7be3794e6 - - - - -] Publish callbacks ['neutron.services.segments.db._update_segment_host_mapping_for_agent-8780383574080', 'neutron.plugins.ml2.plugin.Ml2Plugin._retry_binding_revived_agents-911123'] for agent (a20545f5-c267-4730-84e6-60e6282f715b), after_update _notify_loop /var/lib/kolla/venv/lib/python3.6/site-packages/neutron_lib/callbacks/manager.py:177
2025-05-08 02:17:39.897 29 DEBUG neutron.db.agents_db [req-a440a86a-4890-45fb-b76a-60409d312e21 - - - - -] Agent healthcheck: found 2 active agents agent_health_check /var/lib/kolla/venv/lib/python3.6/site-packages/neutron/db/agents_db.py:318
2025-05-08 02:17:49.907 23 DEBUG neutron_lib.callbacks.manager [req-083c8f98-5fe3-4548-8ecd-d0a9bfa8bc72 - - - - -] Publish callbacks ['neutron.services.segments.db._update_segment_host_mapping_for_agent-8780383574080', 'neutron.plugins.ml2.plugin.Ml2Plugin._retry_binding_revived_agents-911123'] for agent (4b91173d-5790-4f94-beb9-1fc83eb806cc), after_update _notify_loop /var/lib/kolla/venv/lib/python3.6/site-packages/neutron_lib/callbacks/manager.py:177
2025-05-08 02:17:56.881 22 DEBUG neutron.wsgi [-] (22) accepted ('10.0.0.38', 59618) server /var/lib/kolla/venv/lib/python3.6/site-packages/eventlet/wsgi.py:1004
2025-05-08 02:17:56.891 22 INFO neutron.wsgi [-] 10.0.0.38 "GET / HTTP/1.1" status: 200 len: 227 time: 0.0089090
2025-05-08 02:17:59.853 25 DEBUG neutron_lib.callbacks.manager [req-b63054e4-51df-4002-835e-b2e60c265947 - - - - -] Publish callbacks ['neutron.services.segments.db._update_segment_host_mapping_for_agent-8780383574080', 'neutron.plugins.ml2.plugin.Ml2Plugin._retry_binding_revived_agents-911123'] for agent (a20545f5-c267-4730-84e6-60e6282f715b), after_update _notify_loop /var/lib/kolla/venv/lib/python3.6/site-packages/neutron_lib/callbacks/manager.py:177
2025-05-08 02:18:16.860 29 DEBUG neutron.db.agents_db [req-a440a86a-4890-45fb-b76a-60409d312e21 - - - - -] Agent healthcheck: found 2 active agents agent_health_check /var/lib/kolla/venv/lib/python3.6/site-packages/neutron/db/agents_db.py:318
2025-05-08 02:18:19.921 24 DEBUG neutron_lib.callbacks.manager [req-083c8f98-5fe3-4548-8ecd-d0a9bfa8bc72 - - - - -] Publish callbacks ['neutron.services.segments.db._update_segment_host_mapping_for_agent-8780383574080', 'neutron.plugins.ml2.plugin.Ml2Plugin._retry_binding_revived_agents-911123'] for agent (4b91173d-5790-4f94-beb9-1fc83eb806cc), after_update _notify_loop /var/lib/kolla/venv/lib/python3.6/site-packages/neutron_lib/callbacks/manager.py:177
2025-05-08 02:18:27.005 22 DEBUG neutron.wsgi [-] (22) accepted ('10.0.0.38', 34234) server /var/lib/kolla/venv/lib/python3.6/site-packages/eventlet/wsgi.py:1004
2025-05-08 02:18:27.010 22 INFO neutron.wsgi [-] 10.0.0.38 "GET / HTTP/1.1" status: 200 len: 227 time: 0.0038426
2025-05-08 02:18:29.810 27 DEBUG neutron_lib.callbacks.manager [req-c7a496d3-7ea5-4a84-a053-96cfb0e789ff - - - - -] Publish callbacks ['neutron.services.segments.db._update_segment_host_mapping_for_agent-8780383574080', 'neutron.plugins.ml2.plugin.Ml2Plugin._retry_binding_revived_agents-911123'] for agent (a20545f5-c267-4730-84e6-60e6282f715b), after_update _notify_loop /var/lib/kolla/venv/lib/python3.6/site-packages/neutron_lib/callbacks/manager.py:177
2025-05-08 02:18:49.907 28 DEBUG neutron_lib.callbacks.manager [req-083c8f98-5fe3-4548-8ecd-d0a9bfa8bc72 - - - - -] Publish callbacks ['neutron.services.segments.db._update_segment_host_mapping_for_agent-8780383574080', 'neutron.plugins.ml2.plugin.Ml2Plugin._retry_binding_revived_agents-911123'] for agent (4b91173d-5790-4f94-beb9-1fc83eb806cc), after_update _notify_loop /var/lib/kolla/venv/lib/python3.6/site-packages/neutron_lib/callbacks/manager.py:177
2025-05-08 02:18:53.862 29 DEBUG neutron.db.agents_db [req-a440a86a-4890-45fb-b76a-60409d312e21 - - - - -] Agent healthcheck: found 2 active agents agent_health_check /var/lib/kolla/venv/lib/python3.6/site-packages/neutron/db/agents_db.py:318
2025-05-08 02:18:57.144 22 DEBUG neutron.wsgi [-] (22) accepted ('10.0.0.38', 59636) server /var/lib/kolla/venv/lib/python3.6/site-packages/eventlet/wsgi.py:1004
2025-05-08 02:18:57.154 22 INFO neutron.wsgi [-] 10.0.0.38 "GET / HTTP/1.1" status: 200 len: 227 time: 0.0082808
2025-05-08 02:18:59.809 26 DEBUG neutron_lib.callbacks.manager [req-5c8eeb27-f56b-451d-8fc3-04ea39726c5a - - - - -] Publish callbacks ['neutron.services.segments.db._update_segment_host_mapping_for_agent-8780383574080', 'neutron.plugins.ml2.plugin.Ml2Plugin._retry_binding_revived_agents-911123'] for agent (a20545f5-c267-4730-84e6-60e6282f715b), after_update _notify_loop /var/lib/kolla/venv/lib/python3.6/site-packages/neutron_lib/callbacks/manager.py:177
2025-05-08 02:19:19.913 23 DEBUG neutron_lib.callbacks.manager [req-083c8f98-5fe3-4548-8ecd-d0a9bfa8bc72 - - - - -] Publish callbacks ['neutron.services.segments.db._update_segment_host_mapping_for_agent-8780383574080', 'neutron.plugins.ml2.plugin.Ml2Plugin._retry_binding_revived_agents-911123'] for agent (4b91173d-5790-4f94-beb9-1fc83eb806cc), after_update _notify_loop /var/lib/kolla/venv/lib/python3.6/site-packages/neutron_lib/callbacks/manager.py:177
2025-05-08 02:19:27.214 22 DEBUG neutron.wsgi [-] (22) accepted ('10.0.0.38', 42974) server /var/lib/kolla/venv/lib/python3.6/site-packages/eventlet/wsgi.py:1004
2025-05-08 02:19:27.224 22 INFO neutron.wsgi [-] 10.0.0.38 "GET / HTTP/1.1" status: 200 len: 227 time: 0.0098121
2025-05-08 02:19:29.813 25 DEBUG neutron_lib.callbacks.manager [req-3e312f85-4ae8-4062-8f07-482d1a3a0e8c - - - - -] Publish callbacks ['neutron.services.segments.db._update_segment_host_mapping_for_agent-8780383574080', 'neutron.plugins.ml2.plugin.Ml2Plugin._retry_binding_revived_agents-911123'] for agent (a20545f5-c267-4730-84e6-60e6282f715b), after_update _notify_loop /var/lib/kolla/venv/lib/python3.6/site-packages/neutron_lib/callbacks/manager.py:177
2025-05-08 02:19:30.866 29 DEBUG neutron.db.agents_db [req-a440a86a-4890-45fb-b76a-60409d312e21 - - - - -] Agent healthcheck: found 2 active agents agent_health_check /var/lib/kolla/venv/lib/python3.6/site-packages/neutron/db/agents_db.py:318
2025-05-08 02:19:49.916 24 DEBUG neutron_lib.callbacks.manager [req-083c8f98-5fe3-4548-8ecd-d0a9bfa8bc72 - - - - -] Publish callbacks ['neutron.services.segments.db._update_segment_host_mapping_for_agent-8780383574080', 'neutron.plugins.ml2.plugin.Ml2Plugin._retry_binding_revived_agents-911123'] for agent (4b91173d-5790-4f94-beb9-1fc83eb806cc), after_update _notify_loop /var/lib/kolla/venv/lib/python3.6/site-packages/neutron_lib/callbacks/manager.py:177
2025-05-08 02:19:57.355 22 DEBUG neutron.wsgi [-] (22) accepted ('10.0.0.38', 50480) server /var/lib/kolla/venv/lib/python3.6/site-packages/eventlet/wsgi.py:1004
2025-05-08 02:19:57.364 22 INFO neutron.wsgi [-] 10.0.0.38 "GET / HTTP/1.1" status: 200 len: 227 time: 0.0076635
2025-05-08 02:19:59.799 27 DEBUG neutron_lib.callbacks.manager [req-e6df9c64-417c-41bf-a36f-854f6fa05986 - - - - -] Publish callbacks ['neutron.services.segments.db._update_segment_host_mapping_for_agent-8780383574080', 'neutron.plugins.ml2.plugin.Ml2Plugin._retry_binding_revived_agents-911123'] for agent (a20545f5-c267-4730-84e6-60e6282f715b), after_update _notify_loop /var/lib/kolla/venv/lib/python3.6/site-packages/neutron_lib/callbacks/manager.py:177
2025-05-08 02:20:07.873 29 DEBUG neutron.db.agents_db [req-a440a86a-4890-45fb-b76a-60409d312e21 - - - - -] Agent healthcheck: found 2 active agents agent_health_check /var/lib/kolla/venv/lib/python3.6/site-packages/neutron/db/agents_db.py:318
2025-05-08 02:20:19.909 28 DEBUG neutron_lib.callbacks.manager [req-083c8f98-5fe3-4548-8ecd-d0a9bfa8bc72 - - - - -] Publish callbacks ['neutron.services.segments.db._update_segment_host_mapping_for_agent-8780383574080', 'neutron.plugins.ml2.plugin.Ml2Plugin._retry_binding_revived_agents-911123'] for agent (4b91173d-5790-4f94-beb9-1fc83eb806cc), after_update _notify_loop /var/lib/kolla/venv/lib/python3.6/site-packages/neutron_lib/callbacks/manager.py:177
2025-05-08 02:20:27.485 22 DEBUG neutron.wsgi [-] (22) accepted ('10.0.0.38', 51576) server /var/lib/kolla/venv/lib/python3.6/site-packages/eventlet/wsgi.py:1004
2025-05-08 02:20:27.493 22 INFO neutron.wsgi [-] 10.0.0.38 "GET / HTTP/1.1" status: 200 len: 227 time: 0.0061848
2025-05-08 02:20:29.808 26 DEBUG neutron_lib.callbacks.manager [req-935c3ec7-f9eb-45f5-a476-356d523b190b - - - - -] Publish callbacks ['neutron.services.segments.db._update_segment_host_mapping_for_agent-8780383574080', 'neutron.plugins.ml2.plugin.Ml2Plugin._retry_binding_revived_agents-911123'] for agent (a20545f5-c267-4730-84e6-60e6282f715b), after_update _notify_loop /var/lib/kolla/venv/lib/python3.6/site-packages/neutron_lib/callbacks/manager.py:177
2025-05-08 02:20:44.879 29 DEBUG neutron.db.agents_db [req-a440a86a-4890-45fb-b76a-60409d312e21 - - - - -] Agent healthcheck: found 2 active agents agent_health_check /var/lib/kolla/venv/lib/python3.6/site-packages/neutron/db/agents_db.py:318
2025-05-08 02:20:49.918 23 DEBUG neutron_lib.callbacks.manager [req-083c8f98-5fe3-4548-8ecd-d0a9bfa8bc72 - - - - -] Publish callbacks ['neutron.services.segments.db._update_segment_host_mapping_for_agent-8780383574080', 'neutron.plugins.ml2.plugin.Ml2Plugin._retry_binding_revived_agents-911123'] for agent (4b91173d-5790-4f94-beb9-1fc83eb806cc), after_update _notify_loop /var/lib/kolla/venv/lib/python3.6/site-packages/neutron_lib/callbacks/manager.py:177
2025-05-08 02:20:57.616 22 DEBUG neutron.wsgi [-] (22) accepted ('10.0.0.38', 33726) server /var/lib/kolla/venv/lib/python3.6/site-packages/eventlet/wsgi.py:1004
2025-05-08 02:20:57.628 22 INFO neutron.wsgi [-] 10.0.0.38 "GET / HTTP/1.1" status: 200 len: 227 time: 0.0100708
2025-05-08 02:20:59.798 25 DEBUG neutron_lib.callbacks.manager [req-15112890-33aa-45e0-ac78-dc4fb3a46da7 - - - - -] Publish callbacks ['neutron.services.segments.db._update_segment_host_mapping_for_agent-8780383574080', 'neutron.plugins.ml2.plugin.Ml2Plugin._retry_binding_revived_agents-911123'] for agent (a20545f5-c267-4730-84e6-60e6282f715b), after_update _notify_loop /var/lib/kolla/venv/lib/python3.6/site-packages/neutron_lib/callbacks/manager.py:177
2025-05-08 02:21:19.930 24 DEBUG neutron_lib.callbacks.manager [req-083c8f98-5fe3-4548-8ecd-d0a9bfa8bc72 - - - - -] Publish callbacks ['neutron.services.segments.db._update_segment_host_mapping_for_agent-8780383574080', 'neutron.plugins.ml2.plugin.Ml2Plugin._retry_binding_revived_agents-911123'] for agent (4b91173d-5790-4f94-beb9-1fc83eb806cc), after_update _notify_loop /var/lib/kolla/venv/lib/python3.6/site-packages/neutron_lib/callbacks/manager.py:177
2025-05-08 02:21:21.884 29 DEBUG neutron.db.agents_db [req-a440a86a-4890-45fb-b76a-60409d312e21 - - - - -] Agent healthcheck: found 2 active agents agent_health_check /var/lib/kolla/venv/lib/python3.6/site-packages/neutron/db/agents_db.py:318
2025-05-08 02:21:27.728 22 DEBUG neutron.wsgi [-] (22) accepted ('10.0.0.38', 58664) server /var/lib/kolla/venv/lib/python3.6/site-packages/eventlet/wsgi.py:1004
2025-05-08 02:21:27.739 22 INFO neutron.wsgi [-] 10.0.0.38 "GET / HTTP/1.1" status: 200 len: 227 time: 0.0095210
2025-05-08 02:21:29.787 27 DEBUG neutron_lib.callbacks.manager [req-c4ce68ee-4d47-42ff-9d29-af6bc41d3667 - - - - -] Publish callbacks ['neutron.services.segments.db._update_segment_host_mapping_for_agent-8780383574080', 'neutron.plugins.ml2.plugin.Ml2Plugin._retry_binding_revived_agents-911123'] for agent (a20545f5-c267-4730-84e6-60e6282f715b), after_update _notify_loop /var/lib/kolla/venv/lib/python3.6/site-packages/neutron_lib/callbacks/manager.py:177
2025-05-08 02:21:49.923 28 DEBUG neutron_lib.callbacks.manager [req-083c8f98-5fe3-4548-8ecd-d0a9bfa8bc72 - - - - -] Publish callbacks ['neutron.services.segments.db._update_segment_host_mapping_for_agent-8780383574080', 'neutron.plugins.ml2.plugin.Ml2Plugin._retry_binding_revived_agents-911123'] for agent (4b91173d-5790-4f94-beb9-1fc83eb806cc), after_update _notify_loop /var/lib/kolla/venv/lib/python3.6/site-packages/neutron_lib/callbacks/manager.py:177
2025-05-08 02:21:57.826 22 DEBUG neutron.wsgi [-] (22) accepted ('10.0.0.38', 60510) server /var/lib/kolla/venv/lib/python3.6/site-packages/eventlet/wsgi.py:1004
2025-05-08 02:21:57.835 22 INFO neutron.wsgi [-] 10.0.0.38 "GET / HTTP/1.1" status: 200 len: 227 time: 0.0077970
2025-05-08 02:21:58.891 29 DEBUG neutron.db.agents_db [req-a440a86a-4890-45fb-b76a-60409d312e21 - - - - -] Agent healthcheck: found 2 active agents agent_health_check /var/lib/kolla/venv/lib/python3.6/site-packages/neutron/db/agents_db.py:318
2025-05-08 02:21:59.826 26 DEBUG neutron_lib.callbacks.manager [req-d022184a-b424-4190-a4ff-da53bfb146fb - - - - -] Publish callbacks ['neutron.services.segments.db._update_segment_host_mapping_for_agent-8780383574080', 'neutron.plugins.ml2.plugin.Ml2Plugin._retry_binding_revived_agents-911123'] for agent (a20545f5-c267-4730-84e6-60e6282f715b), after_update _notify_loop /var/lib/kolla/venv/lib/python3.6/site-packages/neutron_lib/callbacks/manager.py:177
2025-05-08 02:22:19.942 23 DEBUG neutron_lib.callbacks.manager [req-083c8f98-5fe3-4548-8ecd-d0a9bfa8bc72 - - - - -] Publish callbacks ['neutron.services.segments.db._update_segment_host_mapping_for_agent-8780383574080', 'neutron.plugins.ml2.plugin.Ml2Plugin._retry_binding_revived_agents-911123'] for agent (4b91173d-5790-4f94-beb9-1fc83eb806cc), after_update _notify_loop /var/lib/kolla/venv/lib/python3.6/site-packages/neutron_lib/callbacks/manager.py:177
2025-05-08 02:22:27.941 22 DEBUG neutron.wsgi [-] (22) accepted ('10.0.0.38', 42998) server /var/lib/kolla/venv/lib/python3.6/site-packages/eventlet/wsgi.py:1004
2025-05-08 02:22:27.950 22 INFO neutron.wsgi [-] 10.0.0.38 "GET / HTTP/1.1" status: 200 len: 227 time: 0.0078783
2025-05-08 02:22:29.804 25 DEBUG neutron_lib.callbacks.manager [req-bc2145c4-14c8-4d1f-9805-b6b2e0f457b9 - - - - -] Publish callbacks ['neutron.services.segments.db._update_segment_host_mapping_for_agent-8780383574080', 'neutron.plugins.ml2.plugin.Ml2Plugin._retry_binding_revived_agents-911123'] for agent (a20545f5-c267-4730-84e6-60e6282f715b), after_update _notify_loop /var/lib/kolla/venv/lib/python3.6/site-packages/neutron_lib/callbacks/manager.py:177
2025-05-08 02:22:35.898 29 DEBUG neutron.db.agents_db [req-a440a86a-4890-45fb-b76a-60409d312e21 - - - - -] Agent healthcheck: found 2 active agents agent_health_check /var/lib/kolla/venv/lib/python3.6/site-packages/neutron/db/agents_db.py:318
2025-05-08 02:22:49.941 24 DEBUG neutron_lib.callbacks.manager [req-083c8f98-5fe3-4548-8ecd-d0a9bfa8bc72 - - - - -] Publish callbacks ['neutron.services.segments.db._update_segment_host_mapping_for_agent-8780383574080', 'neutron.plugins.ml2.plugin.Ml2Plugin._retry_binding_revived_agents-911123'] for agent (4b91173d-5790-4f94-beb9-1fc83eb806cc), after_update _notify_loop /var/lib/kolla/venv/lib/python3.6/site-packages/neutron_lib/callbacks/manager.py:177
2025-05-08 02:22:58.059 22 DEBUG neutron.wsgi [-] (22) accepted ('10.0.0.38', 53428) server /var/lib/kolla/venv/lib/python3.6/site-packages/eventlet/wsgi.py:1004
2025-05-08 02:22:58.065 22 INFO neutron.wsgi [-] 10.0.0.38 "GET / HTTP/1.1" status: 200 len: 227 time: 0.0055976
2025-05-08 02:22:59.802 27 DEBUG neutron_lib.callbacks.manager [req-69548b6a-e2d1-4793-87a8-6e0772c48663 - - - - -] Publish callbacks ['neutron.services.segments.db._update_segment_host_mapping_for_agent-8780383574080', 'neutron.plugins.ml2.plugin.Ml2Plugin._retry_binding_revived_agents-911123'] for agent (a20545f5-c267-4730-84e6-60e6282f715b), after_update _notify_loop /var/lib/kolla/venv/lib/python3.6/site-packages/neutron_lib/callbacks/manager.py:177
2025-05-08 02:23:12.897 29 DEBUG neutron.db.agents_db [req-a440a86a-4890-45fb-b76a-60409d312e21 - - - - -] Agent healthcheck: found 2 active agents agent_health_check /var/lib/kolla/venv/lib/python3.6/site-packages/neutron/db/agents_db.py:318
2025-05-08 02:23:19.951 28 DEBUG neutron_lib.callbacks.manager [req-083c8f98-5fe3-4548-8ecd-d0a9bfa8bc72 - - - - -] Publish callbacks ['neutron.services.segments.db._update_segment_host_mapping_for_agent-8780383574080', 'neutron.plugins.ml2.plugin.Ml2Plugin._retry_binding_revived_agents-911123'] for agent (4b91173d-5790-4f94-beb9-1fc83eb806cc), after_update _notify_loop /var/lib/kolla/venv/lib/python3.6/site-packages/neutron_lib/callbacks/manager.py:177
2025-05-08 02:23:28.173 22 DEBUG neutron.wsgi [-] (22) accepted ('10.0.0.38', 37280) server /var/lib/kolla/venv/lib/python3.6/site-packages/eventlet/wsgi.py:1004
2025-05-08 02:23:28.182 22 INFO neutron.wsgi [-] 10.0.0.38 "GET / HTTP/1.1" status: 200 len: 227 time: 0.0068016
2025-05-08 02:23:29.798 26 DEBUG neutron_lib.callbacks.manager [req-58dde5dd-eebf-4fd8-bec4-d95aeaa97815 - - - - -] Publish callbacks ['neutron.services.segments.db._update_segment_host_mapping_for_agent-8780383574080', 'neutron.plugins.ml2.plugin.Ml2Plugin._retry_binding_revived_agents-911123'] for agent (a20545f5-c267-4730-84e6-60e6282f715b), after_update _notify_loop /var/lib/kolla/venv/lib/python3.6/site-packages/neutron_lib/callbacks/manager.py:177
2025-05-08 02:23:49.894 29 DEBUG neutron.db.agents_db [req-a440a86a-4890-45fb-b76a-60409d312e21 - - - - -] Agent healthcheck: found 2 active agents agent_health_check /var/lib/kolla/venv/lib/python3.6/site-packages/neutron/db/agents_db.py:318
2025-05-08 02:23:49.954 23 DEBUG neutron_lib.callbacks.manager [req-083c8f98-5fe3-4548-8ecd-d0a9bfa8bc72 - - - - -] Publish callbacks ['neutron.services.segments.db._update_segment_host_mapping_for_agent-8780383574080', 'neutron.plugins.ml2.plugin.Ml2Plugin._retry_binding_revived_agents-911123'] for agent (4b91173d-5790-4f94-beb9-1fc83eb806cc), after_update _notify_loop /var/lib/kolla/venv/lib/python3.6/site-packages/neutron_lib/callbacks/manager.py:177
2025-05-08 02:23:58.292 22 DEBUG neutron.wsgi [-] (22) accepted ('10.0.0.38', 55998) server /var/lib/kolla/venv/lib/python3.6/site-packages/eventlet/wsgi.py:1004
2025-05-08 02:23:58.302 22 INFO neutron.wsgi [-] 10.0.0.38 "GET / HTTP/1.1" status: 200 len: 227 time: 0.0088284
2025-05-08 02:23:59.806 25 DEBUG neutron_lib.callbacks.manager [req-648e10fc-b524-49cf-ad52-28c5b084f0d1 - - - - -] Publish callbacks ['neutron.services.segments.db._update_segment_host_mapping_for_agent-8780383574080', 'neutron.plugins.ml2.plugin.Ml2Plugin._retry_binding_revived_agents-911123'] for agent (a20545f5-c267-4730-84e6-60e6282f715b), after_update _notify_loop /var/lib/kolla/venv/lib/python3.6/site-packages/neutron_lib/callbacks/manager.py:177
2025-05-08 02:24:19.955 24 DEBUG neutron_lib.callbacks.manager [req-083c8f98-5fe3-4548-8ecd-d0a9bfa8bc72 - - - - -] Publish callbacks ['neutron.services.segments.db._update_segment_host_mapping_for_agent-8780383574080', 'neutron.plugins.ml2.plugin.Ml2Plugin._retry_binding_revived_agents-911123'] for agent (4b91173d-5790-4f94-beb9-1fc83eb806cc), after_update _notify_loop /var/lib/kolla/venv/lib/python3.6/site-packages/neutron_lib/callbacks/manager.py:177
2025-05-08 02:24:26.903 29 DEBUG neutron.db.agents_db [req-a440a86a-4890-45fb-b76a-60409d312e21 - - - - -] Agent healthcheck: found 2 active agents agent_health_check /var/lib/kolla/venv/lib/python3.6/site-packages/neutron/db/agents_db.py:318
2025-05-08 02:24:28.427 22 DEBUG neutron.wsgi [-] (22) accepted ('10.0.0.38', 38294) server /var/lib/kolla/venv/lib/python3.6/site-packages/eventlet/wsgi.py:1004
2025-05-08 02:24:28.431 22 INFO neutron.wsgi [-] 10.0.0.38 "GET / HTTP/1.1" status: 200 len: 227 time: 0.0029867
2025-05-08 02:24:29.807 27 DEBUG neutron_lib.callbacks.manager [req-ab641415-527b-423c-85d5-bdc0c80b5b79 - - - - -] Publish callbacks ['neutron.services.segments.db._update_segment_host_mapping_for_agent-8780383574080', 'neutron.plugins.ml2.plugin.Ml2Plugin._retry_binding_revived_agents-911123'] for agent (a20545f5-c267-4730-84e6-60e6282f715b), after_update _notify_loop /var/lib/kolla/venv/lib/python3.6/site-packages/neutron_lib/callbacks/manager.py:177
2025-05-08 02:24:49.957 28 DEBUG neutron_lib.callbacks.manager [req-083c8f98-5fe3-4548-8ecd-d0a9bfa8bc72 - - - - -] Publish callbacks ['neutron.services.segments.db._update_segment_host_mapping_for_agent-8780383574080', 'neutron.plugins.ml2.plugin.Ml2Plugin._retry_binding_revived_agents-911123'] for agent (4b91173d-5790-4f94-beb9-1fc83eb806cc), after_update _notify_loop /var/lib/kolla/venv/lib/python3.6/site-packages/neutron_lib/callbacks/manager.py:177
2025-05-08 02:24:58.490 22 DEBUG neutron.wsgi [-] (22) accepted ('10.0.0.38', 37796) server /var/lib/kolla/venv/lib/python3.6/site-packages/eventlet/wsgi.py:1004
2025-05-08 02:24:58.497 22 INFO neutron.wsgi [-] 10.0.0.38 "GET / HTTP/1.1" status: 200 len: 227 time: 0.0055072
2025-05-08 02:24:59.822 26 DEBUG neutron_lib.callbacks.manager [req-a9b1cc2e-f398-4efd-ba28-e7300502c09e - - - - -] Publish callbacks ['neutron.services.segments.db._update_segment_host_mapping_for_agent-8780383574080', 'neutron.plugins.ml2.plugin.Ml2Plugin._retry_binding_revived_agents-911123'] for agent (a20545f5-c267-4730-84e6-60e6282f715b), after_update _notify_loop /var/lib/kolla/venv/lib/python3.6/site-packages/neutron_lib/callbacks/manager.py:177
2025-05-08 02:25:03.892 29 DEBUG neutron.db.agents_db [req-a440a86a-4890-45fb-b76a-60409d312e21 - - - - -] Agent healthcheck: found 2 active agents agent_health_check /var/lib/kolla/venv/lib/python3.6/site-packages/neutron/db/agents_db.py:318
2025-05-08 02:25:19.958 23 DEBUG neutron_lib.callbacks.manager [req-083c8f98-5fe3-4548-8ecd-d0a9bfa8bc72 - - - - -] Publish callbacks ['neutron.services.segments.db._update_segment_host_mapping_for_agent-8780383574080', 'neutron.plugins.ml2.plugin.Ml2Plugin._retry_binding_revived_agents-911123'] for agent (4b91173d-5790-4f94-beb9-1fc83eb806cc), after_update _notify_loop /var/lib/kolla/venv/lib/python3.6/site-packages/neutron_lib/callbacks/manager.py:177
2025-05-08 02:25:28.583 22 DEBUG neutron.wsgi [-] (22) accepted ('10.0.0.38', 48606) server /var/lib/kolla/venv/lib/python3.6/site-packages/eventlet/wsgi.py:1004
2025-05-08 02:25:28.592 22 INFO neutron.wsgi [-] 10.0.0.38 "GET / HTTP/1.1" status: 200 len: 227 time: 0.0080576
2025-05-08 02:25:29.820 25 DEBUG neutron_lib.callbacks.manager [req-26c9522f-3323-480a-8879-e54588eda5d1 - - - - -] Publish callbacks ['neutron.services.segments.db._update_segment_host_mapping_for_agent-8780383574080', 'neutron.plugins.ml2.plugin.Ml2Plugin._retry_binding_revived_agents-911123'] for agent (a20545f5-c267-4730-84e6-60e6282f715b), after_update _notify_loop /var/lib/kolla/venv/lib/python3.6/site-packages/neutron_lib/callbacks/manager.py:177
2025-05-08 02:25:40.893 29 DEBUG neutron.db.agents_db [req-a440a86a-4890-45fb-b76a-60409d312e21 - - - - -] Agent healthcheck: found 2 active agents agent_health_check /var/lib/kolla/venv/lib/python3.6/site-packages/neutron/db/agents_db.py:318
2025-05-08 02:25:49.972 24 DEBUG neutron_lib.callbacks.manager [req-083c8f98-5fe3-4548-8ecd-d0a9bfa8bc72 - - - - -] Publish callbacks ['neutron.services.segments.db._update_segment_host_mapping_for_agent-8780383574080', 'neutron.plugins.ml2.plugin.Ml2Plugin._retry_binding_revived_agents-911123'] for agent (4b91173d-5790-4f94-beb9-1fc83eb806cc), after_update _notify_loop /var/lib/kolla/venv/lib/python3.6/site-packages/neutron_lib/callbacks/manager.py:177
2025-05-08 02:25:58.702 22 DEBUG neutron.wsgi [-] (22) accepted ('10.0.0.38', 47622) server /var/lib/kolla/venv/lib/python3.6/site-packages/eventlet/wsgi.py:1004
2025-05-08 02:25:58.706 22 INFO neutron.wsgi [-] 10.0.0.38 "GET / HTTP/1.1" status: 200 len: 227 time: 0.0037189
2025-05-08 02:25:59.812 27 DEBUG neutron_lib.callbacks.manager [req-484ff10a-0390-43dc-9616-e8857bce65e7 - - - - -] Publish callbacks ['neutron.services.segments.db._update_segment_host_mapping_for_agent-8780383574080', 'neutron.plugins.ml2.plugin.Ml2Plugin._retry_binding_revived_agents-911123'] for agent (a20545f5-c267-4730-84e6-60e6282f715b), after_update _notify_loop /var/lib/kolla/venv/lib/python3.6/site-packages/neutron_lib/callbacks/manager.py:177
2025-05-08 02:26:17.899 29 DEBUG neutron.db.agents_db [req-a440a86a-4890-45fb-b76a-60409d312e21 - - - - -] Agent healthcheck: found 2 active agents agent_health_check /var/lib/kolla/venv/lib/python3.6/site-packages/neutron/db/agents_db.py:318
2025-05-08 02:26:19.995 28 DEBUG neutron_lib.callbacks.manager [req-083c8f98-5fe3-4548-8ecd-d0a9bfa8bc72 - - - - -] Publish callbacks ['neutron.services.segments.db._update_segment_host_mapping_for_agent-8780383574080', 'neutron.plugins.ml2.plugin.Ml2Plugin._retry_binding_revived_agents-911123'] for agent (4b91173d-5790-4f94-beb9-1fc83eb806cc), after_update _notify_loop /var/lib/kolla/venv/lib/python3.6/site-packages/neutron_lib/callbacks/manager.py:177
2025-05-08 02:26:28.766 22 DEBUG neutron.wsgi [-] (22) accepted ('10.0.0.38', 43846) server /var/lib/kolla/venv/lib/python3.6/site-packages/eventlet/wsgi.py:1004
2025-05-08 02:26:28.770 22 INFO neutron.wsgi [-] 10.0.0.38 "GET / HTTP/1.1" status: 200 len: 227 time: 0.0031962
2025-05-08 02:26:29.810 26 DEBUG neutron_lib.callbacks.manager [req-82c2e609-ec00-451c-8104-fdd577fc504a - - - - -] Publish callbacks ['neutron.services.segments.db._update_segment_host_mapping_for_agent-8780383574080', 'neutron.plugins.ml2.plugin.Ml2Plugin._retry_binding_revived_agents-911123'] for agent (a20545f5-c267-4730-84e6-60e6282f715b), after_update _notify_loop /var/lib/kolla/venv/lib/python3.6/site-packages/neutron_lib/callbacks/manager.py:177
2025-05-08 02:26:49.980 23 DEBUG neutron_lib.callbacks.manager [req-083c8f98-5fe3-4548-8ecd-d0a9bfa8bc72 - - - - -] Publish callbacks ['neutron.services.segments.db._update_segment_host_mapping_for_agent-8780383574080', 'neutron.plugins.ml2.plugin.Ml2Plugin._retry_binding_revived_agents-911123'] for agent (4b91173d-5790-4f94-beb9-1fc83eb806cc), after_update _notify_loop /var/lib/kolla/venv/lib/python3.6/site-packages/neutron_lib/callbacks/manager.py:177
2025-05-08 02:26:54.900 29 DEBUG neutron.db.agents_db [req-a440a86a-4890-45fb-b76a-60409d312e21 - - - - -] Agent healthcheck: found 2 active agents agent_health_check /var/lib/kolla/venv/lib/python3.6/site-packages/neutron/db/agents_db.py:318
2025-05-08 02:26:58.869 22 DEBUG neutron.wsgi [-] (22) accepted ('10.0.0.38', 38324) server /var/lib/kolla/venv/lib/python3.6/site-packages/eventlet/wsgi.py:1004
2025-05-08 02:26:58.882 22 INFO neutron.wsgi [-] 10.0.0.38 "GET / HTTP/1.1" status: 200 len: 227 time: 0.0114405
2025-05-08 02:26:59.812 25 DEBUG neutron_lib.callbacks.manager [req-19ff4533-d2e8-43e6-ae11-73f591ee15ae - - - - -] Publish callbacks ['neutron.services.segments.db._update_segment_host_mapping_for_agent-8780383574080', 'neutron.plugins.ml2.plugin.Ml2Plugin._retry_binding_revived_agents-911123'] for agent (a20545f5-c267-4730-84e6-60e6282f715b), after_update _notify_loop /var/lib/kolla/venv/lib/python3.6/site-packages/neutron_lib/callbacks/manager.py:177
2025-05-08 02:27:19.962 24 DEBUG neutron_lib.callbacks.manager [req-083c8f98-5fe3-4548-8ecd-d0a9bfa8bc72 - - - - -] Publish callbacks ['neutron.services.segments.db._update_segment_host_mapping_for_agent-8780383574080', 'neutron.plugins.ml2.plugin.Ml2Plugin._retry_binding_revived_agents-911123'] for agent (4b91173d-5790-4f94-beb9-1fc83eb806cc), after_update _notify_loop /var/lib/kolla/venv/lib/python3.6/site-packages/neutron_lib/callbacks/manager.py:177
2025-05-08 02:27:28.978 22 DEBUG neutron.wsgi [-] (22) accepted ('10.0.0.38', 53466) server /var/lib/kolla/venv/lib/python3.6/site-packages/eventlet/wsgi.py:1004
2025-05-08 02:27:28.988 22 INFO neutron.wsgi [-] 10.0.0.38 "GET / HTTP/1.1" status: 200 len: 227 time: 0.0080593
2025-05-08 02:27:29.804 27 DEBUG neutron_lib.callbacks.manager [req-e8eb10c7-949a-46e0-be52-37801097bc24 - - - - -] Publish callbacks ['neutron.services.segments.db._update_segment_host_mapping_for_agent-8780383574080', 'neutron.plugins.ml2.plugin.Ml2Plugin._retry_binding_revived_agents-911123'] for agent (a20545f5-c267-4730-84e6-60e6282f715b), after_update _notify_loop /var/lib/kolla/venv/lib/python3.6/site-packages/neutron_lib/callbacks/manager.py:177
2025-05-08 02:27:31.903 29 DEBUG neutron.db.agents_db [req-a440a86a-4890-45fb-b76a-60409d312e21 - - - - -] Agent healthcheck: found 2 active agents agent_health_check /var/lib/kolla/venv/lib/python3.6/site-packages/neutron/db/agents_db.py:318
2025-05-08 02:27:50.081 28 DEBUG neutron_lib.callbacks.manager [req-083c8f98-5fe3-4548-8ecd-d0a9bfa8bc72 - - - - -] Publish callbacks ['neutron.services.segments.db._update_segment_host_mapping_for_agent-8780383574080', 'neutron.plugins.ml2.plugin.Ml2Plugin._retry_binding_revived_agents-911123'] for agent (4b91173d-5790-4f94-beb9-1fc83eb806cc), after_update _notify_loop /var/lib/kolla/venv/lib/python3.6/site-packages/neutron_lib/callbacks/manager.py:177
2025-05-08 02:27:59.124 22 DEBUG neutron.wsgi [-] (22) accepted ('10.0.0.38', 60670) server /var/lib/kolla/venv/lib/python3.6/site-packages/eventlet/wsgi.py:1004
2025-05-08 02:27:59.129 22 INFO neutron.wsgi [-] 10.0.0.38 "GET / HTTP/1.1" status: 200 len: 227 time: 0.0042739
2025-05-08 02:27:59.811 26 DEBUG neutron_lib.callbacks.manager [req-cb241202-32a0-42ad-a014-a02215b24b7d - - - - -] Publish callbacks ['neutron.services.segments.db._update_segment_host_mapping_for_agent-8780383574080', 'neutron.plugins.ml2.plugin.Ml2Plugin._retry_binding_revived_agents-911123'] for agent (a20545f5-c267-4730-84e6-60e6282f715b), after_update _notify_loop /var/lib/kolla/venv/lib/python3.6/site-packages/neutron_lib/callbacks/manager.py:177
2025-05-08 02:28:08.913 29 DEBUG neutron.db.agents_db [req-a440a86a-4890-45fb-b76a-60409d312e21 - - - - -] Agent healthcheck: found 2 active agents agent_health_check /var/lib/kolla/venv/lib/python3.6/site-packages/neutron/db/agents_db.py:318
2025-05-08 02:28:19.994 23 DEBUG neutron_lib.callbacks.manager [req-083c8f98-5fe3-4548-8ecd-d0a9bfa8bc72 - - - - -] Publish callbacks ['neutron.services.segments.db._update_segment_host_mapping_for_agent-8780383574080', 'neutron.plugins.ml2.plugin.Ml2Plugin._retry_binding_revived_agents-911123'] for agent (4b91173d-5790-4f94-beb9-1fc83eb806cc), after_update _notify_loop /var/lib/kolla/venv/lib/python3.6/site-packages/neutron_lib/callbacks/manager.py:177
2025-05-08 02:28:29.254 22 DEBUG neutron.wsgi [-] (22) accepted ('10.0.0.38', 52476) server /var/lib/kolla/venv/lib/python3.6/site-packages/eventlet/wsgi.py:1004
2025-05-08 02:28:29.266 22 INFO neutron.wsgi [-] 10.0.0.38 "GET / HTTP/1.1" status: 200 len: 227 time: 0.0100467
2025-05-08 02:28:29.815 25 DEBUG neutron_lib.callbacks.manager [req-41520ce3-ca2c-40f5-b965-ba317c792966 - - - - -] Publish callbacks ['neutron.services.segments.db._update_segment_host_mapping_for_agent-8780383574080', 'neutron.plugins.ml2.plugin.Ml2Plugin._retry_binding_revived_agents-911123'] for agent (a20545f5-c267-4730-84e6-60e6282f715b), after_update _notify_loop /var/lib/kolla/venv/lib/python3.6/site-packages/neutron_lib/callbacks/manager.py:177
2025-05-08 02:28:45.911 29 DEBUG neutron.db.agents_db [req-a440a86a-4890-45fb-b76a-60409d312e21 - - - - -] Agent healthcheck: found 2 active agents agent_health_check /var/lib/kolla/venv/lib/python3.6/site-packages/neutron/db/agents_db.py:318
2025-05-08 02:28:50.108 24 DEBUG neutron_lib.callbacks.manager [req-083c8f98-5fe3-4548-8ecd-d0a9bfa8bc72 - - - - -] Publish callbacks ['neutron.services.segments.db._update_segment_host_mapping_for_agent-8780383574080', 'neutron.plugins.ml2.plugin.Ml2Plugin._retry_binding_revived_agents-911123'] for agent (4b91173d-5790-4f94-beb9-1fc83eb806cc), after_update _notify_loop /var/lib/kolla/venv/lib/python3.6/site-packages/neutron_lib/callbacks/manager.py:177
2025-05-08 02:28:59.369 22 DEBUG neutron.wsgi [-] (22) accepted ('10.0.0.38', 39950) server /var/lib/kolla/venv/lib/python3.6/site-packages/eventlet/wsgi.py:1004
2025-05-08 02:28:59.383 22 INFO neutron.wsgi [-] 10.0.0.38 "GET / HTTP/1.1" status: 200 len: 227 time: 0.0112565
2025-05-08 02:28:59.801 27 DEBUG neutron_lib.callbacks.manager [req-3148e047-1b94-4c0d-a107-e4d6e65b6cb1 - - - - -] Publish callbacks ['neutron.services.segments.db._update_segment_host_mapping_for_agent-8780383574080', 'neutron.plugins.ml2.plugin.Ml2Plugin._retry_binding_revived_agents-911123'] for agent (a20545f5-c267-4730-84e6-60e6282f715b), after_update _notify_loop /var/lib/kolla/venv/lib/python3.6/site-packages/neutron_lib/callbacks/manager.py:177
2025-05-08 02:29:19.991 28 DEBUG neutron_lib.callbacks.manager [req-083c8f98-5fe3-4548-8ecd-d0a9bfa8bc72 - - - - -] Publish callbacks ['neutron.services.segments.db._update_segment_host_mapping_for_agent-8780383574080', 'neutron.plugins.ml2.plugin.Ml2Plugin._retry_binding_revived_agents-911123'] for agent (4b91173d-5790-4f94-beb9-1fc83eb806cc), after_update _notify_loop /var/lib/kolla/venv/lib/python3.6/site-packages/neutron_lib/callbacks/manager.py:177
2025-05-08 02:29:22.900 29 DEBUG neutron.db.agents_db [req-a440a86a-4890-45fb-b76a-60409d312e21 - - - - -] Agent healthcheck: found 2 active agents agent_health_check /var/lib/kolla/venv/lib/python3.6/site-packages/neutron/db/agents_db.py:318
2025-05-08 02:29:29.504 22 DEBUG neutron.wsgi [-] (22) accepted ('10.0.0.38', 52520) server /var/lib/kolla/venv/lib/python3.6/site-packages/eventlet/wsgi.py:1004
2025-05-08 02:29:29.517 22 INFO neutron.wsgi [-] 10.0.0.38 "GET / HTTP/1.1" status: 200 len: 227 time: 0.0114875
2025-05-08 02:29:29.823 26 DEBUG neutron_lib.callbacks.manager [req-7a550e34-53a2-4f58-a549-91094ba90b25 - - - - -] Publish callbacks ['neutron.services.segments.db._update_segment_host_mapping_for_agent-8780383574080', 'neutron.plugins.ml2.plugin.Ml2Plugin._retry_binding_revived_agents-911123'] for agent (a20545f5-c267-4730-84e6-60e6282f715b), after_update _notify_loop /var/lib/kolla/venv/lib/python3.6/site-packages/neutron_lib/callbacks/manager.py:177
2025-05-08 02:29:49.994 23 DEBUG neutron_lib.callbacks.manager [req-083c8f98-5fe3-4548-8ecd-d0a9bfa8bc72 - - - - -] Publish callbacks ['neutron.services.segments.db._update_segment_host_mapping_for_agent-8780383574080', 'neutron.plugins.ml2.plugin.Ml2Plugin._retry_binding_revived_agents-911123'] for agent (4b91173d-5790-4f94-beb9-1fc83eb806cc), after_update _notify_loop /var/lib/kolla/venv/lib/python3.6/site-packages/neutron_lib/callbacks/manager.py:177
2025-05-08 02:29:59.654 22 DEBUG neutron.wsgi [-] (22) accepted ('10.0.0.38', 39730) server /var/lib/kolla/venv/lib/python3.6/site-packages/eventlet/wsgi.py:1004
2025-05-08 02:29:59.660 22 INFO neutron.wsgi [-] 10.0.0.38 "GET / HTTP/1.1" status: 200 len: 227 time: 0.0041661
2025-05-08 02:29:59.830 25 DEBUG neutron_lib.callbacks.manager [req-2ff29fbf-7fd6-450f-aefe-e5939f2d8e15 - - - - -] Publish callbacks ['neutron.services.segments.db._update_segment_host_mapping_for_agent-8780383574080', 'neutron.plugins.ml2.plugin.Ml2Plugin._retry_binding_revived_agents-911123'] for agent (a20545f5-c267-4730-84e6-60e6282f715b), after_update _notify_loop /var/lib/kolla/venv/lib/python3.6/site-packages/neutron_lib/callbacks/manager.py:177
2025-05-08 02:29:59.919 29 DEBUG neutron.db.agents_db [req-a440a86a-4890-45fb-b76a-60409d312e21 - - - - -] Agent healthcheck: found 2 active agents agent_health_check /var/lib/kolla/venv/lib/python3.6/site-packages/neutron/db/agents_db.py:318
2025-05-08 02:30:00.270 7 INFO oslo_service.service [-] Caught SIGTERM, stopping children
2025-05-08 02:30:00.290 7 DEBUG oslo_concurrency.lockutils [-] Acquired lock "singleton_lock" lock /var/lib/kolla/venv/lib/python3.6/site-packages/oslo_concurrency/lockutils.py:294
2025-05-08 02:30:00.290 7 DEBUG oslo_concurrency.lockutils [-] Releasing lock "singleton_lock" lock /var/lib/kolla/venv/lib/python3.6/site-packages/oslo_concurrency/lockutils.py:312
2025-05-08 02:30:00.290 7 DEBUG oslo_service.service [-] Stop services. stop /var/lib/kolla/venv/lib/python3.6/site-packages/oslo_service/service.py:695
2025-05-08 02:30:00.290 7 DEBUG neutron.service [-] calling RpcWorker stop() stop /var/lib/kolla/venv/lib/python3.6/site-packages/neutron/service.py:138
2025-05-08 02:30:00.290 7 DEBUG neutron.service [-] calling RpcWorker stop() stop /var/lib/kolla/venv/lib/python3.6/site-packages/neutron/service.py:138
2025-05-08 02:30:00.291 7 DEBUG oslo_service.service [-] Killing children. stop /var/lib/kolla/venv/lib/python3.6/site-packages/oslo_service/service.py:700
2025-05-08 02:30:00.291 7 INFO oslo_service.service [-] Waiting on 8 children to exit
2025-05-08 02:30:00.291 22 INFO neutron.wsgi [-] (22) wsgi exited, is_accepting=True
2025-05-08 02:30:00.291 23 DEBUG neutron.service [-] calling RpcWorker stop() stop /var/lib/kolla/venv/lib/python3.6/site-packages/neutron/service.py:138
2025-05-08 02:30:00.292 28 DEBUG neutron.service [-] calling RpcWorker stop() stop /var/lib/kolla/venv/lib/python3.6/site-packages/neutron/service.py:138
2025-05-08 02:30:00.292 22 DEBUG oslo_concurrency.lockutils [req-28052d02-5426-4157-a887-54b49310b9a0 - - - - -] Acquired lock "singleton_lock" lock /var/lib/kolla/venv/lib/python3.6/site-packages/oslo_concurrency/lockutils.py:294
2025-05-08 02:30:00.292 24 DEBUG neutron.service [-] calling RpcWorker stop() stop /var/lib/kolla/venv/lib/python3.6/site-packages/neutron/service.py:138
2025-05-08 02:30:00.293 22 DEBUG oslo_concurrency.lockutils [req-28052d02-5426-4157-a887-54b49310b9a0 - - - - -] Releasing lock "singleton_lock" lock /var/lib/kolla/venv/lib/python3.6/site-packages/oslo_concurrency/lockutils.py:312
2025-05-08 02:30:00.294 24 DEBUG neutron.service [-] calling stop on stop /var/lib/kolla/venv/lib/python3.6/site-packages/neutron/service.py:141
2025-05-08 02:30:00.292 23 DEBUG neutron.service [-] calling stop on stop /var/lib/kolla/venv/lib/python3.6/site-packages/neutron/service.py:141
2025-05-08 02:30:00.298 26 DEBUG neutron.service [-] calling RpcWorker stop() stop /var/lib/kolla/venv/lib/python3.6/site-packages/neutron/service.py:138
2025-05-08 02:30:00.299 7 INFO oslo_service.service [-] Child 22 exited with status 0
2025-05-08 02:30:00.298 29 DEBUG neutron.service [-] calling RpcWorker stop() stop /var/lib/kolla/venv/lib/python3.6/site-packages/neutron/service.py:138
2025-05-08 02:30:00.293 28 DEBUG neutron.service [-] calling stop on stop /var/lib/kolla/venv/lib/python3.6/site-packages/neutron/service.py:141
2025-05-08 02:30:00.302 27 DEBUG neutron.service [-] calling RpcWorker stop() stop /var/lib/kolla/venv/lib/python3.6/site-packages/neutron/service.py:138
2025-05-08 02:30:00.300 29 DEBUG neutron.service [-] calling stop on stop /var/lib/kolla/venv/lib/python3.6/site-packages/neutron/service.py:141
2025-05-08 02:30:00.302 25 DEBUG neutron.service [-] calling RpcWorker stop() stop /var/lib/kolla/venv/lib/python3.6/site-packages/neutron/service.py:138
2025-05-08 02:30:00.302 27 DEBUG neutron.service [-] calling stop on stop /var/lib/kolla/venv/lib/python3.6/site-packages/neutron/service.py:141
2025-05-08 02:30:00.306 25 DEBUG neutron.service [-] calling stop on stop /var/lib/kolla/venv/lib/python3.6/site-packages/neutron/service.py:141
2025-05-08 02:30:00.298 26 DEBUG neutron.service [-] calling stop on stop /var/lib/kolla/venv/lib/python3.6/site-packages/neutron/service.py:141
2025-05-08 02:30:03.017 26 DEBUG oslo_concurrency.lockutils [req-28052d02-5426-4157-a887-54b49310b9a0 - - - - -] Acquired lock "singleton_lock" lock /var/lib/kolla/venv/lib/python3.6/site-packages/oslo_concurrency/lockutils.py:294
2025-05-08 02:30:03.018 26 DEBUG oslo_concurrency.lockutils [req-28052d02-5426-4157-a887-54b49310b9a0 - - - - -] Releasing lock "singleton_lock" lock /var/lib/kolla/venv/lib/python3.6/site-packages/oslo_concurrency/lockutils.py:312
2025-05-08 02:30:03.019 26 DEBUG neutron.service [req-28052d02-5426-4157-a887-54b49310b9a0 - - - - -] calling RpcWorker wait() _wait /var/lib/kolla/venv/lib/python3.6/site-packages/neutron/service.py:128
2025-05-08 02:30:03.019 26 DEBUG neutron.service [req-28052d02-5426-4157-a887-54b49310b9a0 - - - - -] calling wait on _wait /var/lib/kolla/venv/lib/python3.6/site-packages/neutron/service.py:131
2025-05-08 02:30:03.029 26 WARNING amqp [req-28052d02-5426-4157-a887-54b49310b9a0 - - - - -] Received method (60, 30) during closing channel 1. This method will be ignored
2025-05-08 02:30:03.030 26 DEBUG neutron.service [req-28052d02-5426-4157-a887-54b49310b9a0 - - - - -] returning from RpcWorker wait() _wait /var/lib/kolla/venv/lib/python3.6/site-packages/neutron/service.py:135
2025-05-08 02:30:03.039 7 INFO oslo_service.service [-] Child 26 exited with status 0
2025-05-08 02:30:04.853 27 DEBUG oslo_concurrency.lockutils [req-28052d02-5426-4157-a887-54b49310b9a0 - - - - -] Acquired lock "singleton_lock" lock /var/lib/kolla/venv/lib/python3.6/site-packages/oslo_concurrency/lockutils.py:294
2025-05-08 02:30:04.855 27 DEBUG oslo_concurrency.lockutils [req-28052d02-5426-4157-a887-54b49310b9a0 - - - - -] Releasing lock "singleton_lock" lock /var/lib/kolla/venv/lib/python3.6/site-packages/oslo_concurrency/lockutils.py:312
2025-05-08 02:30:04.856 27 DEBUG neutron.service [req-28052d02-5426-4157-a887-54b49310b9a0 - - - - -] calling RpcWorker wait() _wait /var/lib/kolla/venv/lib/python3.6/site-packages/neutron/service.py:128
2025-05-08 02:30:04.857 27 DEBUG neutron.service [req-28052d02-5426-4157-a887-54b49310b9a0 - - - - -] calling wait on _wait /var/lib/kolla/venv/lib/python3.6/site-packages/neutron/service.py:131
2025-05-08 02:30:04.865 24 DEBUG neutron.service [-] calling stop on stop /var/lib/kolla/venv/lib/python3.6/site-packages/neutron/service.py:141
2025-05-08 02:30:04.865 27 WARNING amqp [req-28052d02-5426-4157-a887-54b49310b9a0 - - - - -] Received method (60, 30) during closing channel 1. This method will be ignored
2025-05-08 02:30:04.866 28 DEBUG oslo_concurrency.lockutils [req-28052d02-5426-4157-a887-54b49310b9a0 - - - - -] Acquired lock "singleton_lock" lock /var/lib/kolla/venv/lib/python3.6/site-packages/oslo_concurrency/lockutils.py:294
2025-05-08 02:30:04.867 28 DEBUG oslo_concurrency.lockutils [req-28052d02-5426-4157-a887-54b49310b9a0 - - - - -] Releasing lock "singleton_lock" lock /var/lib/kolla/venv/lib/python3.6/site-packages/oslo_concurrency/lockutils.py:312
2025-05-08 02:30:04.867 28 DEBUG neutron.service [req-28052d02-5426-4157-a887-54b49310b9a0 - - - - -] calling RpcWorker wait() _wait /var/lib/kolla/venv/lib/python3.6/site-packages/neutron/service.py:128
2025-05-08 02:30:04.867 28 DEBUG neutron.service [req-28052d02-5426-4157-a887-54b49310b9a0 - - - - -] calling wait on _wait /var/lib/kolla/venv/lib/python3.6/site-packages/neutron/service.py:131
2025-05-08 02:30:04.867 27 DEBUG neutron.service [req-28052d02-5426-4157-a887-54b49310b9a0 - - - - -] returning from RpcWorker wait() _wait /var/lib/kolla/venv/lib/python3.6/site-packages/neutron/service.py:135
2025-05-08 02:30:04.868 25 DEBUG neutron.service [-] calling stop on stop /var/lib/kolla/venv/lib/python3.6/site-packages/neutron/service.py:141
2025-05-08 02:30:04.874 23 DEBUG neutron.service [-] calling stop on stop /var/lib/kolla/venv/lib/python3.6/site-packages/neutron/service.py:141
2025-05-08 02:30:04.875 28 WARNING amqp [req-28052d02-5426-4157-a887-54b49310b9a0 - - - - -] Received method (60, 30) during closing channel 1. This method will be ignored
