2025-05-05 00:40:31.486 168926 DEBUG oslo_service.service [req-67f0a4cb-16af-43af-8477-d621aeecb17e - - - - -] network_allocate_retries = 0 log_opt_values /usr/lib/python3/dist-packages/oslo_config/cfg.py:2602
2025-05-05 00:40:31.486 168926 DEBUG oslo_service.service [req-67f0a4cb-16af-43af-8477-d621aeecb17e - - - - -] non_inheritable_image_properties = ['cache_in_nova', 'bittorrent'] log_opt_values /usr/lib/python3/dist-packages/oslo_config/cfg.py:2602
2025-05-05 00:40:31.486 169239 DEBUG oslo_db.sqlalchemy.engines [req-a1f4d68e-ca33-4983-b3fe-59b9104c0796 - - - - -] MySQL server mode set to STRICT_TRANS_TABLES,STRICT_ALL_TABLES,NO_ZERO_IN_DATE,NO_ZERO_DATE,ERROR_FOR_DIVISION_BY_ZERO,TRADITIONAL,NO_ENGINE_SUBSTITUTION _check_effective_sql_mode /usr/lib/python3/dist-packages/oslo_db/sqlalchemy/engines.py:314
2025-05-05 00:40:31.486 168926 DEBUG oslo_service.service [req-67f0a4cb-16af-43af-8477-d621aeecb17e - - - - -] osapi_compute_listen = 0.0.0.0 log_opt_values /usr/lib/python3/dist-packages/oslo_config/cfg.py:2602
2025-05-05 00:40:31.486 168926 DEBUG oslo_service.service [req-67f0a4cb-16af-43af-8477-d621aeecb17e - - - - -] osapi_compute_listen_port = 8764 log_opt_values /usr/lib/python3/dist-packages/oslo_config/cfg.py:2602
2025-05-05 00:40:31.486 168926 DEBUG oslo_service.service [req-67f0a4cb-16af-43af-8477-d621aeecb17e - - - - -] osapi_compute_unique_server_name_scope = log_opt_values /usr/lib/python3/dist-packages/oslo_config/cfg.py:2602
2025-05-05 00:40:31.487 168926 DEBUG oslo_service.service [req-67f0a4cb-16af-43af-8477-d621aeecb17e - - - - -] osapi_compute_workers = 4 log_opt_values /usr/lib/python3/dist-packages/oslo_config/cfg.py:2602
2025-05-05 00:40:31.487 168926 DEBUG oslo_service.service [req-67f0a4cb-16af-43af-8477-d621aeecb17e - - - - -] password_length = 12 log_opt_values /usr/lib/python3/dist-packages/oslo_config/cfg.py:2602
2025-05-05 00:40:31.487 168926 DEBUG oslo_service.service [req-67f0a4cb-16af-43af-8477-d621aeecb17e - - - - -] periodic_enable = True log_opt_values /usr/lib/python3/dist-packages/oslo_config/cfg.py:2602
2025-05-05 00:40:31.487 168926 DEBUG oslo_service.service [req-67f0a4cb-16af-43af-8477-d621aeecb17e - - - - -] periodic_fuzzy_delay = 60 log_opt_values /usr/lib/python3/dist-packages/oslo_config/cfg.py:2602
2025-05-05 00:40:31.487 168926 DEBUG oslo_service.service [req-67f0a4cb-16af-43af-8477-d621aeecb17e - - - - -] pointer_model = usbtablet log_opt_values /usr/lib/python3/dist-packages/oslo_config/cfg.py:2602
2025-05-05 00:40:31.487 168926 DEBUG oslo_service.service [req-67f0a4cb-16af-43af-8477-d621aeecb17e - - - - -] preallocate_images = none log_opt_values /usr/lib/python3/dist-packages/oslo_config/cfg.py:2602
2025-05-05 00:40:31.488 168926 DEBUG oslo_service.service [req-67f0a4cb-16af-43af-8477-d621aeecb17e - - - - -] publish_errors = False log_opt_values /usr/lib/python3/dist-packages/oslo_config/cfg.py:2602
2025-05-05 00:40:31.488 168926 DEBUG oslo_service.service [req-67f0a4cb-16af-43af-8477-d621aeecb17e - - - - -] pybasedir = /usr/lib/python3/dist-packages log_opt_values /usr/lib/python3/dist-packages/oslo_config/cfg.py:2602
2025-05-05 00:40:31.488 168926 DEBUG oslo_service.service [req-67f0a4cb-16af-43af-8477-d621aeecb17e - - - - -] ram_allocation_ratio = 0.98 log_opt_values /usr/lib/python3/dist-packages/oslo_config/cfg.py:2602
2025-05-05 00:40:31.488 168926 DEBUG oslo_service.service [req-67f0a4cb-16af-43af-8477-d621aeecb17e - - - - -] rate_limit_burst = 0 log_opt_values /usr/lib/python3/dist-packages/oslo_config/cfg.py:2602
2025-05-05 00:40:31.488 168926 DEBUG oslo_service.service [req-67f0a4cb-16af-43af-8477-d621aeecb17e - - - - -] rate_limit_except_level = CRITICAL log_opt_values /usr/lib/python3/dist-packages/oslo_config/cfg.py:2602
2025-05-05 00:40:31.489 168926 DEBUG oslo_service.service [req-67f0a4cb-16af-43af-8477-d621aeecb17e - - - - -] rate_limit_interval = 0 log_opt_values /usr/lib/python3/dist-packages/oslo_config/cfg.py:2602
2025-05-05 00:40:31.489 168926 DEBUG oslo_service.service [req-67f0a4cb-16af-43af-8477-d621aeecb17e - - - - -] reboot_timeout = 0 log_opt_values /usr/lib/python3/dist-packages/oslo_config/cfg.py:2602
2025-05-05 00:40:31.489 168926 DEBUG oslo_service.service [req-67f0a4cb-16af-43af-8477-d621aeecb17e - - - - -] reclaim_instance_interval = 0 log_opt_values /usr/lib/python3/dist-packages/oslo_config/cfg.py:2602
2025-05-05 00:40:31.489 168926 DEBUG oslo_service.service [req-67f0a4cb-16af-43af-8477-d621aeecb17e - - - - -] record = None log_opt_values /usr/lib/python3/dist-packages/oslo_config/cfg.py:2602
2025-05-05 00:40:31.489 168926 DEBUG oslo_service.service [req-67f0a4cb-16af-43af-8477-d621aeecb17e - - - - -] report_interval = 10 log_opt_values /usr/lib/python3/dist-packages/oslo_config/cfg.py:2602
2025-05-05 00:40:31.489 168926 DEBUG oslo_service.service [req-67f0a4cb-16af-43af-8477-d621aeecb17e - - - - -] rescue_timeout = 0 log_opt_values /usr/lib/python3/dist-packages/oslo_config/cfg.py:2602
2025-05-05 00:40:31.490 168926 DEBUG oslo_service.service [req-67f0a4cb-16af-43af-8477-d621aeecb17e - - - - -] reserved_host_cpus = 0 log_opt_values /usr/lib/python3/dist-packages/oslo_config/cfg.py:2602
2025-05-05 00:40:31.490 168926 DEBUG oslo_service.service [req-67f0a4cb-16af-43af-8477-d621aeecb17e - - - - -] reserved_host_disk_mb = 0 log_opt_values /usr/lib/python3/dist-packages/oslo_config/cfg.py:2602
2025-05-05 00:40:31.490 168926 DEBUG oslo_service.service [req-67f0a4cb-16af-43af-8477-d621aeecb17e - - - - -] reserved_host_memory_mb = 512 log_opt_values /usr/lib/python3/dist-packages/oslo_config/cfg.py:2602
2025-05-05 00:40:31.490 168926 DEBUG oslo_service.service [req-67f0a4cb-16af-43af-8477-d621aeecb17e - - - - -] reserved_huge_pages = None log_opt_values /usr/lib/python3/dist-packages/oslo_config/cfg.py:2602
2025-05-05 00:40:31.490 168926 DEBUG oslo_service.service [req-67f0a4cb-16af-43af-8477-d621aeecb17e - - - - -] resize_confirm_window = 0 log_opt_values /usr/lib/python3/dist-packages/oslo_config/cfg.py:2602
2025-05-05 00:40:31.491 168926 DEBUG oslo_service.service [req-67f0a4cb-16af-43af-8477-d621aeecb17e - - - - -] resize_fs_using_block_device = False log_opt_values /usr/lib/python3/dist-packages/oslo_config/cfg.py:2602
2025-05-05 00:40:31.491 168926 DEBUG oslo_service.service [req-67f0a4cb-16af-43af-8477-d621aeecb17e - - - - -] resume_guests_state_on_host_boot = False log_opt_values /usr/lib/python3/dist-packages/oslo_config/cfg.py:2602
2025-05-05 00:40:31.491 168926 DEBUG oslo_service.service [req-67f0a4cb-16af-43af-8477-d621aeecb17e - - - - -] rootwrap_config = /etc/nova/rootwrap.conf log_opt_values /usr/lib/python3/dist-packages/oslo_config/cfg.py:2602
2025-05-05 00:40:31.491 168926 DEBUG oslo_service.service [req-67f0a4cb-16af-43af-8477-d621aeecb17e - - - - -] run_external_periodic_tasks = True log_opt_values /usr/lib/python3/dist-packages/oslo_config/cfg.py:2602
2025-05-05 00:40:31.491 168926 DEBUG oslo_service.service [req-67f0a4cb-16af-43af-8477-d621aeecb17e - - - - -] running_deleted_instance_action = reap log_opt_values /usr/lib/python3/dist-packages/oslo_config/cfg.py:2602
2025-05-05 00:40:31.491 168926 DEBUG oslo_service.service [req-67f0a4cb-16af-43af-8477-d621aeecb17e - - - - -] running_deleted_instance_poll_interval = 1800 log_opt_values /usr/lib/python3/dist-packages/oslo_config/cfg.py:2602
2025-05-05 00:40:31.492 168926 DEBUG oslo_service.service [req-67f0a4cb-16af-43af-8477-d621aeecb17e - - - - -] running_deleted_instance_timeout = 0 log_opt_values /usr/lib/python3/dist-packages/oslo_config/cfg.py:2602
2025-05-05 00:40:31.492 168926 DEBUG oslo_service.service [req-67f0a4cb-16af-43af-8477-d621aeecb17e - - - - -] scheduler_instance_sync_interval = 120 log_opt_values /usr/lib/python3/dist-packages/oslo_config/cfg.py:2602
2025-05-05 00:40:31.492 168926 DEBUG oslo_service.service [req-67f0a4cb-16af-43af-8477-d621aeecb17e - - - - -] service_down_time = 60 log_opt_values /usr/lib/python3/dist-packages/oslo_config/cfg.py:2602
2025-05-05 00:40:31.492 168926 DEBUG oslo_service.service [req-67f0a4cb-16af-43af-8477-d621aeecb17e - - - - -] servicegroup_driver = db log_opt_values /usr/lib/python3/dist-packages/oslo_config/cfg.py:2602
2025-05-05 00:40:31.492 168926 DEBUG oslo_service.service [req-67f0a4cb-16af-43af-8477-d621aeecb17e - - - - -] shelved_offload_time = 0 log_opt_values /usr/lib/python3/dist-packages/oslo_config/cfg.py:2602
2025-05-05 00:40:31.492 169237 DEBUG nova.service [req-2718a666-0afc-4a06-9d50-04117913d5d8 - - - - -] Creating RPC server for service scheduler start /usr/lib/python3/dist-packages/nova/service.py:182
2025-05-05 00:40:31.492 168926 DEBUG oslo_service.service [req-67f0a4cb-16af-43af-8477-d621aeecb17e - - - - -] shelved_poll_interval = 3600 log_opt_values /usr/lib/python3/dist-packages/oslo_config/cfg.py:2602
2025-05-05 00:40:31.493 168926 DEBUG oslo_service.service [req-67f0a4cb-16af-43af-8477-d621aeecb17e - - - - -] shutdown_timeout = 60 log_opt_values /usr/lib/python3/dist-packages/oslo_config/cfg.py:2602
2025-05-05 00:40:31.493 169236 DEBUG nova.service [req-da70a6f5-712c-4f2e-8868-e043f34e6e9e - - - - -] Creating RPC server for service scheduler start /usr/lib/python3/dist-packages/nova/service.py:182
2025-05-05 00:40:31.493 168926 DEBUG oslo_service.service [req-67f0a4cb-16af-43af-8477-d621aeecb17e - - - - -] source_is_ipv6 = False log_opt_values /usr/lib/python3/dist-packages/oslo_config/cfg.py:2602
2025-05-05 00:40:31.493 168926 DEBUG oslo_service.service [req-67f0a4cb-16af-43af-8477-d621aeecb17e - - - - -] ssl_only = False log_opt_values /usr/lib/python3/dist-packages/oslo_config/cfg.py:2602
2025-05-05 00:40:31.493 168926 DEBUG oslo_service.service [req-67f0a4cb-16af-43af-8477-d621aeecb17e - - - - -] state_path = /var/lib/nova log_opt_values /usr/lib/python3/dist-packages/oslo_config/cfg.py:2602
2025-05-05 00:40:31.493 168926 DEBUG oslo_service.service [req-67f0a4cb-16af-43af-8477-d621aeecb17e - - - - -] sync_power_state_interval = 600 log_opt_values /usr/lib/python3/dist-packages/oslo_config/cfg.py:2602
2025-05-05 00:40:31.494 168926 DEBUG oslo_service.service [req-67f0a4cb-16af-43af-8477-d621aeecb17e - - - - -] sync_power_state_pool_size = 1000 log_opt_values /usr/lib/python3/dist-packages/oslo_config/cfg.py:2602
2025-05-05 00:40:31.494 168926 DEBUG oslo_service.service [req-67f0a4cb-16af-43af-8477-d621aeecb17e - - - - -] syslog_log_facility = LOG_USER log_opt_values /usr/lib/python3/dist-packages/oslo_config/cfg.py:2602
2025-05-05 00:40:31.494 168926 DEBUG oslo_service.service [req-67f0a4cb-16af-43af-8477-d621aeecb17e - - - - -] tempdir = None log_opt_values /usr/lib/python3/dist-packages/oslo_config/cfg.py:2602
2025-05-05 00:40:31.494 168926 DEBUG oslo_service.service [req-67f0a4cb-16af-43af-8477-d621aeecb17e - - - - -] timeout_nbd = 10 log_opt_values /usr/lib/python3/dist-packages/oslo_config/cfg.py:2602
2025-05-05 00:40:31.494 168926 DEBUG oslo_service.service [req-67f0a4cb-16af-43af-8477-d621aeecb17e - - - - -] transport_url = **** log_opt_values /usr/lib/python3/dist-packages/oslo_config/cfg.py:2602
2025-05-05 00:40:31.494 168926 DEBUG oslo_service.service [req-67f0a4cb-16af-43af-8477-d621aeecb17e - - - - -] update_resources_interval = 0 log_opt_values /usr/lib/python3/dist-packages/oslo_config/cfg.py:2602
2025-05-05 00:40:31.495 168926 DEBUG oslo_service.service [req-67f0a4cb-16af-43af-8477-d621aeecb17e - - - - -] use_cow_images = True log_opt_values /usr/lib/python3/dist-packages/oslo_config/cfg.py:2602
2025-05-05 00:40:31.495 168926 DEBUG oslo_service.service [req-67f0a4cb-16af-43af-8477-d621aeecb17e - - - - -] use_eventlog = False log_opt_values /usr/lib/python3/dist-packages/oslo_config/cfg.py:2602
2025-05-05 00:40:31.495 168926 DEBUG oslo_service.service [req-67f0a4cb-16af-43af-8477-d621aeecb17e - - - - -] use_journal = False log_opt_values /usr/lib/python3/dist-packages/oslo_config/cfg.py:2602
2025-05-05 00:40:31.495 168926 DEBUG oslo_service.service [req-67f0a4cb-16af-43af-8477-d621aeecb17e - - - - -] use_json = False log_opt_values /usr/lib/python3/dist-packages/oslo_config/cfg.py:2602
2025-05-05 00:40:31.495 168926 DEBUG oslo_service.service [req-67f0a4cb-16af-43af-8477-d621aeecb17e - - - - -] use_rootwrap_daemon = False log_opt_values /usr/lib/python3/dist-packages/oslo_config/cfg.py:2602
2025-05-05 00:40:31.496 168926 DEBUG oslo_service.service [req-67f0a4cb-16af-43af-8477-d621aeecb17e - - - - -] use_stderr = False log_opt_values /usr/lib/python3/dist-packages/oslo_config/cfg.py:2602
2025-05-05 00:40:31.496 168926 DEBUG oslo_service.service [req-67f0a4cb-16af-43af-8477-d621aeecb17e - - - - -] use_syslog = False log_opt_values /usr/lib/python3/dist-packages/oslo_config/cfg.py:2602
2025-05-05 00:40:31.496 168926 DEBUG oslo_service.service [req-67f0a4cb-16af-43af-8477-d621aeecb17e - - - - -] vcpu_pin_set = None log_opt_values /usr/lib/python3/dist-packages/oslo_config/cfg.py:2602
2025-05-05 00:40:31.496 168926 DEBUG oslo_service.service [req-67f0a4cb-16af-43af-8477-d621aeecb17e - - - - -] vif_plugging_is_fatal = True log_opt_values /usr/lib/python3/dist-packages/oslo_config/cfg.py:2602
2025-05-05 00:40:31.496 168926 DEBUG oslo_service.service [req-67f0a4cb-16af-43af-8477-d621aeecb17e - - - - -] vif_plugging_timeout = 300 log_opt_values /usr/lib/python3/dist-packages/oslo_config/cfg.py:2602
2025-05-05 00:40:31.496 168926 DEBUG oslo_service.service [req-67f0a4cb-16af-43af-8477-d621aeecb17e - - - - -] virt_mkfs = [] log_opt_values /usr/lib/python3/dist-packages/oslo_config/cfg.py:2602
2025-05-05 00:40:31.497 168926 DEBUG oslo_service.service [req-67f0a4cb-16af-43af-8477-d621aeecb17e - - - - -] volume_usage_poll_interval = 0 log_opt_values /usr/lib/python3/dist-packages/oslo_config/cfg.py:2602
2025-05-05 00:40:31.497 168926 DEBUG oslo_service.service [req-67f0a4cb-16af-43af-8477-d621aeecb17e - - - - -] watch_log_file = False log_opt_values /usr/lib/python3/dist-packages/oslo_config/cfg.py:2602
2025-05-05 00:40:31.497 168926 DEBUG oslo_service.service [req-67f0a4cb-16af-43af-8477-d621aeecb17e - - - - -] web = /usr/share/spice-html5 log_opt_values /usr/lib/python3/dist-packages/oslo_config/cfg.py:2602
2025-05-05 00:40:31.497 168926 DEBUG oslo_service.service [req-67f0a4cb-16af-43af-8477-d621aeecb17e - - - - -] oslo_concurrency.disable_process_locking = False log_opt_values /usr/lib/python3/dist-packages/oslo_config/cfg.py:2609
2025-05-05 00:40:31.498 168926 DEBUG oslo_service.service [req-67f0a4cb-16af-43af-8477-d621aeecb17e - - - - -] oslo_concurrency.lock_path = /var/lock/nova log_opt_values /usr/lib/python3/dist-packages/oslo_config/cfg.py:2609
2025-05-05 00:40:31.498 168926 WARNING oslo_config.cfg [req-67f0a4cb-16af-43af-8477-d621aeecb17e - - - - -] Deprecated: Option "auth_strategy" from group "api" is deprecated for removal ( The only non-default choice, ``noauth2``, is for internal development and testing purposes only and should not be used in deployments. This option and its middleware, NoAuthMiddleware[V2_18], will be removed in a future release. ). Its value may be silently ignored in the future.
2025-05-05 00:40:31.498 168926 DEBUG oslo_service.service [req-67f0a4cb-16af-43af-8477-d621aeecb17e - - - - -] api.auth_strategy = keystone log_opt_values /usr/lib/python3/dist-packages/oslo_config/cfg.py:2609
2025-05-05 00:40:31.498 168926 DEBUG oslo_service.service [req-67f0a4cb-16af-43af-8477-d621aeecb17e - - - - -] api.compute_link_prefix = None log_opt_values /usr/lib/python3/dist-packages/oslo_config/cfg.py:2609
2025-05-05 00:40:31.499 168926 DEBUG oslo_service.service [req-67f0a4cb-16af-43af-8477-d621aeecb17e - - - - -] api.config_drive_skip_versions = 1.0 2007-01-19 2007-03-01 2007-08-29 2007-10-10 2007-12-15 2008-02-01 2008-09-01 log_opt_values /usr/lib/python3/dist-packages/oslo_config/cfg.py:2609
2025-05-05 00:40:31.499 168926 DEBUG oslo_service.service [req-67f0a4cb-16af-43af-8477-d621aeecb17e - - - - -] api.dhcp_domain = novalocal log_opt_values /usr/lib/python3/dist-packages/oslo_config/cfg.py:2609
2025-05-05 00:40:31.499 168926 DEBUG oslo_service.service [req-67f0a4cb-16af-43af-8477-d621aeecb17e - - - - -] api.enable_instance_password = True log_opt_values /usr/lib/python3/dist-packages/oslo_config/cfg.py:2609
2025-05-05 00:40:31.499 168926 DEBUG oslo_service.service [req-67f0a4cb-16af-43af-8477-d621aeecb17e - - - - -] api.glance_link_prefix = None log_opt_values /usr/lib/python3/dist-packages/oslo_config/cfg.py:2609
2025-05-05 00:40:31.499 168926 DEBUG oslo_service.service [req-67f0a4cb-16af-43af-8477-d621aeecb17e - - - - -] api.instance_list_cells_batch_fixed_size = 100 log_opt_values /usr/lib/python3/dist-packages/oslo_config/cfg.py:2609
2025-05-05 00:40:31.500 168926 DEBUG oslo_service.service [req-67f0a4cb-16af-43af-8477-d621aeecb17e - - - - -] api.instance_list_cells_batch_strategy = distributed log_opt_values /usr/lib/python3/dist-packages/oslo_config/cfg.py:2609
2025-05-05 00:40:31.500 168926 DEBUG oslo_service.service [req-67f0a4cb-16af-43af-8477-d621aeecb17e - - - - -] api.instance_list_per_project_cells = False log_opt_values /usr/lib/python3/dist-packages/oslo_config/cfg.py:2609
2025-05-05 00:40:31.500 168926 DEBUG oslo_service.service [req-67f0a4cb-16af-43af-8477-d621aeecb17e - - - - -] api.list_records_by_skipping_down_cells = True log_opt_values /usr/lib/python3/dist-packages/oslo_config/cfg.py:2609
2025-05-05 00:40:31.500 168926 DEBUG oslo_service.service [req-67f0a4cb-16af-43af-8477-d621aeecb17e - - - - -] api.local_metadata_per_cell = False log_opt_values /usr/lib/python3/dist-packages/oslo_config/cfg.py:2609
2025-05-05 00:40:31.500 168926 DEBUG oslo_service.service [req-67f0a4cb-16af-43af-8477-d621aeecb17e - - - - -] api.max_limit = 1000 log_opt_values /usr/lib/python3/dist-packages/oslo_config/cfg.py:2609
2025-05-05 00:40:31.500 168926 DEBUG oslo_service.service [req-67f0a4cb-16af-43af-8477-d621aeecb17e - - - - -] api.metadata_cache_expiration = 15 log_opt_values /usr/lib/python3/dist-packages/oslo_config/cfg.py:2609
2025-05-05 00:40:31.501 168926 DEBUG oslo_service.service [req-67f0a4cb-16af-43af-8477-d621aeecb17e - - - - -] api.neutron_default_tenant_id = default log_opt_values /usr/lib/python3/dist-packages/oslo_config/cfg.py:2609
2025-05-05 00:40:31.501 168926 DEBUG oslo_service.service [req-67f0a4cb-16af-43af-8477-d621aeecb17e - - - - -] api.use_forwarded_for = False log_opt_values /usr/lib/python3/dist-packages/oslo_config/cfg.py:2609
2025-05-05 00:40:31.501 168926 DEBUG oslo_service.service [req-67f0a4cb-16af-43af-8477-d621aeecb17e - - - - -] api.use_neutron_default_nets = False log_opt_values /usr/lib/python3/dist-packages/oslo_config/cfg.py:2609
2025-05-05 00:40:31.501 168926 DEBUG oslo_service.service [req-67f0a4cb-16af-43af-8477-d621aeecb17e - - - - -] api.vendordata_dynamic_connect_timeout = 5 log_opt_values /usr/lib/python3/dist-packages/oslo_config/cfg.py:2609
2025-05-05 00:40:31.501 168926 DEBUG oslo_service.service [req-67f0a4cb-16af-43af-8477-d621aeecb17e - - - - -] api.vendordata_dynamic_failure_fatal = False log_opt_values /usr/lib/python3/dist-packages/oslo_config/cfg.py:2609
2025-05-05 00:40:31.502 168926 DEBUG oslo_service.service [req-67f0a4cb-16af-43af-8477-d621aeecb17e - - - - -] api.vendordata_dynamic_read_timeout = 5 log_opt_values /usr/lib/python3/dist-packages/oslo_config/cfg.py:2609
2025-05-05 00:40:31.502 168926 DEBUG oslo_service.service [req-67f0a4cb-16af-43af-8477-d621aeecb17e - - - - -] api.vendordata_dynamic_ssl_certfile = log_opt_values /usr/lib/python3/dist-packages/oslo_config/cfg.py:2609
2025-05-05 00:40:31.502 168926 DEBUG oslo_service.service [req-67f0a4cb-16af-43af-8477-d621aeecb17e - - - - -] api.vendordata_dynamic_targets = [] log_opt_values /usr/lib/python3/dist-packages/oslo_config/cfg.py:2609
2025-05-05 00:40:31.502 169239 DEBUG nova.service [req-a1f4d68e-ca33-4983-b3fe-59b9104c0796 - - - - -] Creating RPC server for service scheduler start /usr/lib/python3/dist-packages/nova/service.py:182
2025-05-05 00:40:31.502 168926 DEBUG oslo_service.service [req-67f0a4cb-16af-43af-8477-d621aeecb17e - - - - -] api.vendordata_jsonfile_path = None log_opt_values /usr/lib/python3/dist-packages/oslo_config/cfg.py:2609
2025-05-05 00:40:31.502 168926 DEBUG oslo_service.service [req-67f0a4cb-16af-43af-8477-d621aeecb17e - - - - -] api.vendordata_providers = ['StaticJSON'] log_opt_values /usr/lib/python3/dist-packages/oslo_config/cfg.py:2609
2025-05-05 00:40:31.503 168926 DEBUG oslo_service.service [req-67f0a4cb-16af-43af-8477-d621aeecb17e - - - - -] cache.backend = dogpile.cache.null log_opt_values /usr/lib/python3/dist-packages/oslo_config/cfg.py:2609
2025-05-05 00:40:31.503 168926 DEBUG oslo_service.service [req-67f0a4cb-16af-43af-8477-d621aeecb17e - - - - -] cache.backend_argument = **** log_opt_values /usr/lib/python3/dist-packages/oslo_config/cfg.py:2609
2025-05-05 00:40:31.503 168926 DEBUG oslo_service.service [req-67f0a4cb-16af-43af-8477-d621aeecb17e - - - - -] cache.config_prefix = cache.oslo log_opt_values /usr/lib/python3/dist-packages/oslo_config/cfg.py:2609
2025-05-05 00:40:31.503 168926 DEBUG oslo_service.service [req-67f0a4cb-16af-43af-8477-d621aeecb17e - - - - -] cache.debug_cache_backend = False log_opt_values /usr/lib/python3/dist-packages/oslo_config/cfg.py:2609
2025-05-05 00:40:31.503 168926 DEBUG oslo_service.service [req-67f0a4cb-16af-43af-8477-d621aeecb17e - - - - -] cache.enabled = False log_opt_values /usr/lib/python3/dist-packages/oslo_config/cfg.py:2609
2025-05-05 00:40:31.504 168926 DEBUG oslo_service.service [req-67f0a4cb-16af-43af-8477-d621aeecb17e - - - - -] cache.expiration_time = 600 log_opt_values /usr/lib/python3/dist-packages/oslo_config/cfg.py:2609
2025-05-05 00:40:31.504 168926 DEBUG oslo_service.service [req-67f0a4cb-16af-43af-8477-d621aeecb17e - - - - -] cache.memcache_dead_retry = 300 log_opt_values /usr/lib/python3/dist-packages/oslo_config/cfg.py:2609
2025-05-05 00:40:31.504 168926 DEBUG oslo_service.service [req-67f0a4cb-16af-43af-8477-d621aeecb17e - - - - -] cache.memcache_pool_connection_get_timeout = 10 log_opt_values /usr/lib/python3/dist-packages/oslo_config/cfg.py:2609
2025-05-05 00:40:31.504 168926 DEBUG oslo_service.service [req-67f0a4cb-16af-43af-8477-d621aeecb17e - - - - -] cache.memcache_pool_flush_on_reconnect = False log_opt_values /usr/lib/python3/dist-packages/oslo_config/cfg.py:2609
2025-05-05 00:40:31.504 168926 DEBUG oslo_service.service [req-67f0a4cb-16af-43af-8477-d621aeecb17e - - - - -] cache.memcache_pool_maxsize = 10 log_opt_values /usr/lib/python3/dist-packages/oslo_config/cfg.py:2609
2025-05-05 00:40:31.504 168926 DEBUG oslo_service.service [req-67f0a4cb-16af-43af-8477-d621aeecb17e - - - - -] cache.memcache_pool_unused_timeout = 60 log_opt_values /usr/lib/python3/dist-packages/oslo_config/cfg.py:2609
2025-05-05 00:40:31.505 168926 DEBUG oslo_service.service [req-67f0a4cb-16af-43af-8477-d621aeecb17e - - - - -] cache.memcache_servers = ['localhost:11211'] log_opt_values /usr/lib/python3/dist-packages/oslo_config/cfg.py:2609
2025-05-05 00:40:31.505 168926 DEBUG oslo_service.service [req-67f0a4cb-16af-43af-8477-d621aeecb17e - - - - -] cache.memcache_socket_timeout = 1.0 log_opt_values /usr/lib/python3/dist-packages/oslo_config/cfg.py:2609
2025-05-05 00:40:31.505 168926 DEBUG oslo_service.service [req-67f0a4cb-16af-43af-8477-d621aeecb17e - - - - -] cache.proxies = [] log_opt_values /usr/lib/python3/dist-packages/oslo_config/cfg.py:2609
2025-05-05 00:40:31.505 168926 DEBUG oslo_service.service [req-67f0a4cb-16af-43af-8477-d621aeecb17e - - - - -] cache.tls_allowed_ciphers = None log_opt_values /usr/lib/python3/dist-packages/oslo_config/cfg.py:2609
2025-05-05 00:40:31.505 168926 DEBUG oslo_service.service [req-67f0a4cb-16af-43af-8477-d621aeecb17e - - - - -] cache.tls_cafile = None log_opt_values /usr/lib/python3/dist-packages/oslo_config/cfg.py:2609
2025-05-05 00:40:31.506 168926 DEBUG oslo_service.service [req-67f0a4cb-16af-43af-8477-d621aeecb17e - - - - -] cache.tls_certfile = None log_opt_values /usr/lib/python3/dist-packages/oslo_config/cfg.py:2609
2025-05-05 00:40:31.506 168926 DEBUG oslo_service.service [req-67f0a4cb-16af-43af-8477-d621aeecb17e - - - - -] cache.tls_enabled = False log_opt_values /usr/lib/python3/dist-packages/oslo_config/cfg.py:2609
2025-05-05 00:40:31.506 168926 DEBUG oslo_service.service [req-67f0a4cb-16af-43af-8477-d621aeecb17e - - - - -] cache.tls_keyfile = None log_opt_values /usr/lib/python3/dist-packages/oslo_config/cfg.py:2609
2025-05-05 00:40:31.506 168926 DEBUG oslo_service.service [req-67f0a4cb-16af-43af-8477-d621aeecb17e - - - - -] cinder.auth_section = None log_opt_values /usr/lib/python3/dist-packages/oslo_config/cfg.py:2609
2025-05-05 00:40:31.506 168926 DEBUG oslo_service.service [req-67f0a4cb-16af-43af-8477-d621aeecb17e - - - - -] cinder.auth_type = None log_opt_values /usr/lib/python3/dist-packages/oslo_config/cfg.py:2609
2025-05-05 00:40:31.507 168926 DEBUG oslo_service.service [req-67f0a4cb-16af-43af-8477-d621aeecb17e - - - - -] cinder.cafile = None log_opt_values /usr/lib/python3/dist-packages/oslo_config/cfg.py:2609
2025-05-05 00:40:31.507 168926 DEBUG oslo_service.service [req-67f0a4cb-16af-43af-8477-d621aeecb17e - - - - -] cinder.catalog_info = volumev3::publicURL log_opt_values /usr/lib/python3/dist-packages/oslo_config/cfg.py:2609
2025-05-05 00:40:31.507 168926 DEBUG oslo_service.service [req-67f0a4cb-16af-43af-8477-d621aeecb17e - - - - -] cinder.certfile = None log_opt_values /usr/lib/python3/dist-packages/oslo_config/cfg.py:2609
2025-05-05 00:40:31.507 168926 DEBUG oslo_service.service [req-67f0a4cb-16af-43af-8477-d621aeecb17e - - - - -] cinder.collect_timing = False log_opt_values /usr/lib/python3/dist-packages/oslo_config/cfg.py:2609
2025-05-05 00:40:31.507 168926 DEBUG oslo_service.service [req-67f0a4cb-16af-43af-8477-d621aeecb17e - - - - -] cinder.cross_az_attach = True log_opt_values /usr/lib/python3/dist-packages/oslo_config/cfg.py:2609
2025-05-05 00:40:31.508 168926 DEBUG oslo_service.service [req-67f0a4cb-16af-43af-8477-d621aeecb17e - - - - -] cinder.debug = False log_opt_values /usr/lib/python3/dist-packages/oslo_config/cfg.py:2609
2025-05-05 00:40:31.508 168926 DEBUG oslo_service.service [req-67f0a4cb-16af-43af-8477-d621aeecb17e - - - - -] cinder.endpoint_template = None log_opt_values /usr/lib/python3/dist-packages/oslo_config/cfg.py:2609
2025-05-05 00:40:31.509 168926 DEBUG oslo_service.service [req-67f0a4cb-16af-43af-8477-d621aeecb17e - - - - -] cinder.http_retries = 3 log_opt_values /usr/lib/python3/dist-packages/oslo_config/cfg.py:2609
2025-05-05 00:40:31.509 168926 DEBUG oslo_service.service [req-67f0a4cb-16af-43af-8477-d621aeecb17e - - - - -] cinder.insecure = False log_opt_values /usr/lib/python3/dist-packages/oslo_config/cfg.py:2609
2025-05-05 00:40:31.509 168926 DEBUG oslo_service.service [req-67f0a4cb-16af-43af-8477-d621aeecb17e - - - - -] cinder.keyfile = None log_opt_values /usr/lib/python3/dist-packages/oslo_config/cfg.py:2609
2025-05-05 00:40:31.509 168926 DEBUG oslo_service.service [req-67f0a4cb-16af-43af-8477-d621aeecb17e - - - - -] cinder.os_region_name = None log_opt_values /usr/lib/python3/dist-packages/oslo_config/cfg.py:2609
2025-05-05 00:40:31.510 168926 DEBUG oslo_service.service [req-67f0a4cb-16af-43af-8477-d621aeecb17e - - - - -] cinder.split_loggers = False log_opt_values /usr/lib/python3/dist-packages/oslo_config/cfg.py:2609
2025-05-05 00:40:31.510 168926 DEBUG oslo_service.service [req-67f0a4cb-16af-43af-8477-d621aeecb17e - - - - -] cinder.timeout = None log_opt_values /usr/lib/python3/dist-packages/oslo_config/cfg.py:2609
2025-05-05 00:40:31.511 168926 DEBUG oslo_service.service [req-67f0a4cb-16af-43af-8477-d621aeecb17e - - - - -] compute.consecutive_build_service_disable_threshold = 10 log_opt_values /usr/lib/python3/dist-packages/oslo_config/cfg.py:2609
2025-05-05 00:40:31.512 168926 DEBUG oslo_service.service [req-67f0a4cb-16af-43af-8477-d621aeecb17e - - - - -] compute.cpu_dedicated_set = None log_opt_values /usr/lib/python3/dist-packages/oslo_config/cfg.py:2609
2025-05-05 00:40:31.512 168926 DEBUG oslo_service.service [req-67f0a4cb-16af-43af-8477-d621aeecb17e - - - - -] compute.cpu_shared_set = None log_opt_values /usr/lib/python3/dist-packages/oslo_config/cfg.py:2609
2025-05-05 00:40:31.513 168926 DEBUG oslo_service.service [req-67f0a4cb-16af-43af-8477-d621aeecb17e - - - - -] compute.image_type_exclude_list = [] log_opt_values /usr/lib/python3/dist-packages/oslo_config/cfg.py:2609
2025-05-05 00:40:31.515 168926 DEBUG oslo_service.service [req-67f0a4cb-16af-43af-8477-d621aeecb17e - - - - -] compute.live_migration_wait_for_vif_plug = True log_opt_values /usr/lib/python3/dist-packages/oslo_config/cfg.py:2609
2025-05-05 00:40:31.515 168926 DEBUG oslo_service.service [req-67f0a4cb-16af-43af-8477-d621aeecb17e - - - - -] compute.max_concurrent_disk_ops = 0 log_opt_values /usr/lib/python3/dist-packages/oslo_config/cfg.py:2609
2025-05-05 00:40:31.515 169238 DEBUG nova.service [req-7e030152-e4b0-4772-9f25-215546ac0681 - - - - -] Creating RPC server for service scheduler start /usr/lib/python3/dist-packages/nova/service.py:182
2025-05-05 00:40:31.515 168926 DEBUG oslo_service.service [req-67f0a4cb-16af-43af-8477-d621aeecb17e - - - - -] compute.max_disk_devices_to_attach = -1 log_opt_values /usr/lib/python3/dist-packages/oslo_config/cfg.py:2609
2025-05-05 00:40:31.515 168926 DEBUG oslo_service.service [req-67f0a4cb-16af-43af-8477-d621aeecb17e - - - - -] compute.packing_host_numa_cells_allocation_strategy = True log_opt_values /usr/lib/python3/dist-packages/oslo_config/cfg.py:2609
2025-05-05 00:40:31.515 168926 DEBUG oslo_service.service [req-67f0a4cb-16af-43af-8477-d621aeecb17e - - - - -] compute.provider_config_location = /etc/nova/provider_config/ log_opt_values /usr/lib/python3/dist-packages/oslo_config/cfg.py:2609
2025-05-05 00:40:31.516 168926 DEBUG oslo_service.service [req-67f0a4cb-16af-43af-8477-d621aeecb17e - - - - -] compute.resource_provider_association_refresh = 300 log_opt_values /usr/lib/python3/dist-packages/oslo_config/cfg.py:2609
2025-05-05 00:40:31.516 168926 DEBUG oslo_service.service [req-67f0a4cb-16af-43af-8477-d621aeecb17e - - - - -] compute.shutdown_retry_interval = 10 log_opt_values /usr/lib/python3/dist-packages/oslo_config/cfg.py:2609
2025-05-05 00:40:31.516 168926 DEBUG oslo_service.service [req-67f0a4cb-16af-43af-8477-d621aeecb17e - - - - -] compute.vmdk_allowed_types = ['streamOptimized', 'monolithicSparse'] log_opt_values /usr/lib/python3/dist-packages/oslo_config/cfg.py:2609
2025-05-05 00:40:31.517 168926 DEBUG oslo_service.service [req-67f0a4cb-16af-43af-8477-d621aeecb17e - - - - -] conductor.workers = 4 log_opt_values /usr/lib/python3/dist-packages/oslo_config/cfg.py:2609
2025-05-05 00:40:31.517 168926 DEBUG oslo_service.service [req-67f0a4cb-16af-43af-8477-d621aeecb17e - - - - -] console.allowed_origins = [] log_opt_values /usr/lib/python3/dist-packages/oslo_config/cfg.py:2609
2025-05-05 00:40:31.517 168926 DEBUG oslo_service.service [req-67f0a4cb-16af-43af-8477-d621aeecb17e - - - - -] console.ssl_ciphers = None log_opt_values /usr/lib/python3/dist-packages/oslo_config/cfg.py:2609
2025-05-05 00:40:31.518 168926 DEBUG oslo_service.service [req-67f0a4cb-16af-43af-8477-d621aeecb17e - - - - -] console.ssl_minimum_version = default log_opt_values /usr/lib/python3/dist-packages/oslo_config/cfg.py:2609
2025-05-05 00:40:31.519 168926 DEBUG oslo_service.service [req-67f0a4cb-16af-43af-8477-d621aeecb17e - - - - -] consoleauth.token_ttl = 600 log_opt_values /usr/lib/python3/dist-packages/oslo_config/cfg.py:2609
2025-05-05 00:40:31.519 168926 DEBUG oslo_service.service [req-67f0a4cb-16af-43af-8477-d621aeecb17e - - - - -] cyborg.cafile = None log_opt_values /usr/lib/python3/dist-packages/oslo_config/cfg.py:2609
2025-05-05 00:40:31.519 168926 DEBUG oslo_service.service [req-67f0a4cb-16af-43af-8477-d621aeecb17e - - - - -] cyborg.certfile = None log_opt_values /usr/lib/python3/dist-packages/oslo_config/cfg.py:2609
2025-05-05 00:40:31.518 169237 DEBUG oslo_messaging._drivers.amqpdriver [-] Listener is running poll /usr/lib/python3/dist-packages/oslo_messaging/_drivers/amqpdriver.py:343
2025-05-05 00:40:31.519 168926 DEBUG oslo_service.service [req-67f0a4cb-16af-43af-8477-d621aeecb17e - - - - -] cyborg.collect_timing = False log_opt_values /usr/lib/python3/dist-packages/oslo_config/cfg.py:2609
2025-05-05 00:40:31.520 168926 DEBUG oslo_service.service [req-67f0a4cb-16af-43af-8477-d621aeecb17e - - - - -] cyborg.connect_retries = None log_opt_values /usr/lib/python3/dist-packages/oslo_config/cfg.py:2609
2025-05-05 00:40:31.520 168926 DEBUG oslo_service.service [req-67f0a4cb-16af-43af-8477-d621aeecb17e - - - - -] cyborg.connect_retry_delay = None log_opt_values /usr/lib/python3/dist-packages/oslo_config/cfg.py:2609
2025-05-05 00:40:31.519 169237 DEBUG oslo_messaging._drivers.amqpdriver [-] AMQPListener connection consume poll /usr/lib/python3/dist-packages/oslo_messaging/_drivers/amqpdriver.py:357
2025-05-05 00:40:31.520 168926 DEBUG oslo_service.service [req-67f0a4cb-16af-43af-8477-d621aeecb17e - - - - -] cyborg.endpoint_override = None log_opt_values /usr/lib/python3/dist-packages/oslo_config/cfg.py:2609
2025-05-05 00:40:31.521 168926 DEBUG oslo_service.service [req-67f0a4cb-16af-43af-8477-d621aeecb17e - - - - -] cyborg.insecure = False log_opt_values /usr/lib/python3/dist-packages/oslo_config/cfg.py:2609
2025-05-05 00:40:31.520 169237 DEBUG nova.service [req-2718a666-0afc-4a06-9d50-04117913d5d8 - - - - -] Join ServiceGroup membership for this service scheduler start /usr/lib/python3/dist-packages/nova/service.py:199
2025-05-05 00:40:31.521 168926 DEBUG oslo_service.service [req-67f0a4cb-16af-43af-8477-d621aeecb17e - - - - -] cyborg.keyfile = None log_opt_values /usr/lib/python3/dist-packages/oslo_config/cfg.py:2609
2025-05-05 00:40:31.521 168926 DEBUG oslo_service.service [req-67f0a4cb-16af-43af-8477-d621aeecb17e - - - - -] cyborg.max_version = None log_opt_values /usr/lib/python3/dist-packages/oslo_config/cfg.py:2609
2025-05-05 00:40:31.521 168926 DEBUG oslo_service.service [req-67f0a4cb-16af-43af-8477-d621aeecb17e - - - - -] cyborg.min_version = None log_opt_values /usr/lib/python3/dist-packages/oslo_config/cfg.py:2609
2025-05-05 00:40:31.521 169237 DEBUG nova.servicegroup.drivers.db [req-2718a666-0afc-4a06-9d50-04117913d5d8 - - - - -] DB_Driver: join new ServiceGroup member juju-fe8807-0-lxd-7 to the scheduler group, service = join /usr/lib/python3/dist-packages/nova/servicegroup/drivers/db.py:44
2025-05-05 00:40:31.522 168926 DEBUG oslo_service.service [req-67f0a4cb-16af-43af-8477-d621aeecb17e - - - - -] cyborg.region_name = None log_opt_values /usr/lib/python3/dist-packages/oslo_config/cfg.py:2609
2025-05-05 00:40:31.522 168926 DEBUG oslo_service.service [req-67f0a4cb-16af-43af-8477-d621aeecb17e - - - - -] cyborg.service_name = None log_opt_values /usr/lib/python3/dist-packages/oslo_config/cfg.py:2609
2025-05-05 00:40:31.522 169236 DEBUG oslo_messaging._drivers.amqpdriver [-] Listener is running poll /usr/lib/python3/dist-packages/oslo_messaging/_drivers/amqpdriver.py:343
2025-05-05 00:40:31.522 168926 DEBUG oslo_service.service [req-67f0a4cb-16af-43af-8477-d621aeecb17e - - - - -] cyborg.service_type = accelerator log_opt_values /usr/lib/python3/dist-packages/oslo_config/cfg.py:2609
2025-05-05 00:40:31.523 169236 DEBUG oslo_messaging._drivers.amqpdriver [-] AMQPListener connection consume poll /usr/lib/python3/dist-packages/oslo_messaging/_drivers/amqpdriver.py:357
2025-05-05 00:40:31.523 168926 DEBUG oslo_service.service [req-67f0a4cb-16af-43af-8477-d621aeecb17e - - - - -] cyborg.split_loggers = False log_opt_values /usr/lib/python3/dist-packages/oslo_config/cfg.py:2609
2025-05-05 00:40:31.523 168926 DEBUG oslo_service.service [req-67f0a4cb-16af-43af-8477-d621aeecb17e - - - - -] cyborg.status_code_retries = None log_opt_values /usr/lib/python3/dist-packages/oslo_config/cfg.py:2609
2025-05-05 00:40:31.523 168926 DEBUG oslo_service.service [req-67f0a4cb-16af-43af-8477-d621aeecb17e - - - - -] cyborg.status_code_retry_delay = None log_opt_values /usr/lib/python3/dist-packages/oslo_config/cfg.py:2609
2025-05-05 00:40:31.523 168926 DEBUG oslo_service.service [req-67f0a4cb-16af-43af-8477-d621aeecb17e - - - - -] cyborg.timeout = None log_opt_values /usr/lib/python3/dist-packages/oslo_config/cfg.py:2609
2025-05-05 00:40:31.523 169236 DEBUG nova.service [req-da70a6f5-712c-4f2e-8868-e043f34e6e9e - - - - -] Join ServiceGroup membership for this service scheduler start /usr/lib/python3/dist-packages/nova/service.py:199
2025-05-05 00:40:31.524 168926 DEBUG oslo_service.service [req-67f0a4cb-16af-43af-8477-d621aeecb17e - - - - -] cyborg.valid_interfaces = ['internal', 'public'] log_opt_values /usr/lib/python3/dist-packages/oslo_config/cfg.py:2609
2025-05-05 00:40:31.524 168926 DEBUG oslo_service.service [req-67f0a4cb-16af-43af-8477-d621aeecb17e - - - - -] cyborg.version = None log_opt_values /usr/lib/python3/dist-packages/oslo_config/cfg.py:2609
2025-05-05 00:40:31.524 169237 DEBUG oslo_messaging._drivers.amqpdriver [-] AMQPListener connection timeout poll /usr/lib/python3/dist-packages/oslo_messaging/_drivers/amqpdriver.py:360
2025-05-05 00:40:31.524 169236 DEBUG nova.servicegroup.drivers.db [req-da70a6f5-712c-4f2e-8868-e043f34e6e9e - - - - -] DB_Driver: join new ServiceGroup member juju-fe8807-0-lxd-7 to the scheduler group, service = join /usr/lib/python3/dist-packages/nova/servicegroup/drivers/db.py:44
2025-05-05 00:40:31.524 168926 DEBUG oslo_service.service [req-67f0a4cb-16af-43af-8477-d621aeecb17e - - - - -] database.backend = sqlalchemy log_opt_values /usr/lib/python3/dist-packages/oslo_config/cfg.py:2609
2025-05-05 00:40:31.524 169237 DEBUG oslo_messaging._drivers.amqpdriver [-] Listener is running poll /usr/lib/python3/dist-packages/oslo_messaging/_drivers/amqpdriver.py:343
2025-05-05 00:40:31.524 169237 DEBUG oslo_messaging._drivers.amqpdriver [-] AMQPListener connection consume poll /usr/lib/python3/dist-packages/oslo_messaging/_drivers/amqpdriver.py:357
2025-05-05 00:40:31.524 168926 DEBUG oslo_service.service [req-67f0a4cb-16af-43af-8477-d621aeecb17e - - - - -] database.connection = **** log_opt_values /usr/lib/python3/dist-packages/oslo_config/cfg.py:2609
2025-05-05 00:40:31.524 168926 DEBUG oslo_service.service [req-67f0a4cb-16af-43af-8477-d621aeecb17e - - - - -] database.connection_debug = 0 log_opt_values /usr/lib/python3/dist-packages/oslo_config/cfg.py:2609
2025-05-05 00:40:31.525 168926 DEBUG oslo_service.service [req-67f0a4cb-16af-43af-8477-d621aeecb17e - - - - -] database.connection_parameters = log_opt_values /usr/lib/python3/dist-packages/oslo_config/cfg.py:2609
2025-05-05 00:40:31.525 168926 DEBUG oslo_service.service [req-67f0a4cb-16af-43af-8477-d621aeecb17e - - - - -] database.connection_recycle_time = 3600 log_opt_values /usr/lib/python3/dist-packages/oslo_config/cfg.py:2609
2025-05-05 00:40:31.525 168926 DEBUG oslo_service.service [req-67f0a4cb-16af-43af-8477-d621aeecb17e - - - - -] database.connection_trace = False log_opt_values /usr/lib/python3/dist-packages/oslo_config/cfg.py:2609
2025-05-05 00:40:31.526 168926 DEBUG oslo_service.service [req-67f0a4cb-16af-43af-8477-d621aeecb17e - - - - -] database.db_inc_retry_interval = True log_opt_values /usr/lib/python3/dist-packages/oslo_config/cfg.py:2609
2025-05-05 00:40:31.526 168926 DEBUG oslo_service.service [req-67f0a4cb-16af-43af-8477-d621aeecb17e - - - - -] database.db_max_retries = 20 log_opt_values /usr/lib/python3/dist-packages/oslo_config/cfg.py:2609
2025-05-05 00:40:31.526 169236 DEBUG oslo_messaging._drivers.amqpdriver [-] AMQPListener connection timeout poll /usr/lib/python3/dist-packages/oslo_messaging/_drivers/amqpdriver.py:360
2025-05-05 00:40:31.526 169236 DEBUG oslo_messaging._drivers.amqpdriver [-] Listener is running poll /usr/lib/python3/dist-packages/oslo_messaging/_drivers/amqpdriver.py:343
2025-05-05 00:40:31.526 168926 DEBUG oslo_service.service [req-67f0a4cb-16af-43af-8477-d621aeecb17e - - - - -] database.db_max_retry_interval = 10 log_opt_values /usr/lib/python3/dist-packages/oslo_config/cfg.py:2609
2025-05-05 00:40:31.526 169236 DEBUG oslo_messaging._drivers.amqpdriver [-] AMQPListener connection consume poll /usr/lib/python3/dist-packages/oslo_messaging/_drivers/amqpdriver.py:357
2025-05-05 00:40:31.526 168926 DEBUG oslo_service.service [req-67f0a4cb-16af-43af-8477-d621aeecb17e - - - - -] database.db_retry_interval = 1 log_opt_values /usr/lib/python3/dist-packages/oslo_config/cfg.py:2609
2025-05-05 00:40:31.527 168926 DEBUG oslo_service.service [req-67f0a4cb-16af-43af-8477-d621aeecb17e - - - - -] database.max_overflow = 50 log_opt_values /usr/lib/python3/dist-packages/oslo_config/cfg.py:2609
2025-05-05 00:40:31.527 168926 DEBUG oslo_service.service [req-67f0a4cb-16af-43af-8477-d621aeecb17e - - - - -] database.max_pool_size = 4 log_opt_values /usr/lib/python3/dist-packages/oslo_config/cfg.py:2609
2025-05-05 00:40:31.527 168926 DEBUG oslo_service.service [req-67f0a4cb-16af-43af-8477-d621aeecb17e - - - - -] database.max_retries = 10 log_opt_values /usr/lib/python3/dist-packages/oslo_config/cfg.py:2609
2025-05-05 00:40:31.528 168926 DEBUG oslo_service.service [req-67f0a4cb-16af-43af-8477-d621aeecb17e - - - - -] database.mysql_enable_ndb = False log_opt_values /usr/lib/python3/dist-packages/oslo_config/cfg.py:2609
2025-05-05 00:40:31.528 168926 DEBUG oslo_service.service [req-67f0a4cb-16af-43af-8477-d621aeecb17e - - - - -] database.mysql_sql_mode = TRADITIONAL log_opt_values /usr/lib/python3/dist-packages/oslo_config/cfg.py:2609
2025-05-05 00:40:31.528 168926 DEBUG oslo_service.service [req-67f0a4cb-16af-43af-8477-d621aeecb17e - - - - -] database.pool_timeout = None log_opt_values /usr/lib/python3/dist-packages/oslo_config/cfg.py:2609
2025-05-05 00:40:31.529 168926 DEBUG oslo_service.service [req-67f0a4cb-16af-43af-8477-d621aeecb17e - - - - -] database.retry_interval = 10 log_opt_values /usr/lib/python3/dist-packages/oslo_config/cfg.py:2609
2025-05-05 00:40:31.529 168926 DEBUG oslo_service.service [req-67f0a4cb-16af-43af-8477-d621aeecb17e - - - - -] database.slave_connection = **** log_opt_values /usr/lib/python3/dist-packages/oslo_config/cfg.py:2609
2025-05-05 00:40:31.529 168926 DEBUG oslo_service.service [req-67f0a4cb-16af-43af-8477-d621aeecb17e - - - - -] database.sqlite_synchronous = True log_opt_values /usr/lib/python3/dist-packages/oslo_config/cfg.py:2609
2025-05-05 00:40:31.529 168926 DEBUG oslo_service.service [req-67f0a4cb-16af-43af-8477-d621aeecb17e - - - - -] database.use_db_reconnect = False log_opt_values /usr/lib/python3/dist-packages/oslo_config/cfg.py:2609
2025-05-05 00:40:31.530 168926 DEBUG oslo_service.service [req-67f0a4cb-16af-43af-8477-d621aeecb17e - - - - -] api_database.backend = sqlalchemy log_opt_values /usr/lib/python3/dist-packages/oslo_config/cfg.py:2609
2025-05-05 00:40:31.530 168926 DEBUG oslo_service.service [req-67f0a4cb-16af-43af-8477-d621aeecb17e - - - - -] api_database.connection = **** log_opt_values /usr/lib/python3/dist-packages/oslo_config/cfg.py:2609
2025-05-05 00:40:31.530 168926 DEBUG oslo_service.service [req-67f0a4cb-16af-43af-8477-d621aeecb17e - - - - -] api_database.connection_debug = 0 log_opt_values /usr/lib/python3/dist-packages/oslo_config/cfg.py:2609
2025-05-05 00:40:31.531 168926 DEBUG oslo_service.service [req-67f0a4cb-16af-43af-8477-d621aeecb17e - - - - -] api_database.connection_parameters = log_opt_values /usr/lib/python3/dist-packages/oslo_config/cfg.py:2609
2025-05-05 00:40:31.531 168926 DEBUG oslo_service.service [req-67f0a4cb-16af-43af-8477-d621aeecb17e - - - - -] api_database.connection_recycle_time = 3600 log_opt_values /usr/lib/python3/dist-packages/oslo_config/cfg.py:2609
2025-05-05 00:40:31.531 168926 DEBUG oslo_service.service [req-67f0a4cb-16af-43af-8477-d621aeecb17e - - - - -] api_database.connection_trace = False log_opt_values /usr/lib/python3/dist-packages/oslo_config/cfg.py:2609
2025-05-05 00:40:31.531 168926 DEBUG oslo_service.service [req-67f0a4cb-16af-43af-8477-d621aeecb17e - - - - -] api_database.db_inc_retry_interval = True log_opt_values /usr/lib/python3/dist-packages/oslo_config/cfg.py:2609
2025-05-05 00:40:31.531 168926 DEBUG oslo_service.service [req-67f0a4cb-16af-43af-8477-d621aeecb17e - - - - -] api_database.db_max_retries = 20 log_opt_values /usr/lib/python3/dist-packages/oslo_config/cfg.py:2609
2025-05-05 00:40:31.531 168926 DEBUG oslo_service.service [req-67f0a4cb-16af-43af-8477-d621aeecb17e - - - - -] api_database.db_max_retry_interval = 10 log_opt_values /usr/lib/python3/dist-packages/oslo_config/cfg.py:2609
2025-05-05 00:40:31.532 168926 DEBUG oslo_service.service [req-67f0a4cb-16af-43af-8477-d621aeecb17e - - - - -] api_database.db_retry_interval = 1 log_opt_values /usr/lib/python3/dist-packages/oslo_config/cfg.py:2609
2025-05-05 00:40:31.532 168926 DEBUG oslo_service.service [req-67f0a4cb-16af-43af-8477-d621aeecb17e - - - - -] api_database.max_overflow = 50 log_opt_values /usr/lib/python3/dist-packages/oslo_config/cfg.py:2609
2025-05-05 00:40:31.532 168926 DEBUG oslo_service.service [req-67f0a4cb-16af-43af-8477-d621aeecb17e - - - - -] api_database.max_pool_size = 4 log_opt_values /usr/lib/python3/dist-packages/oslo_config/cfg.py:2609
2025-05-05 00:40:31.532 168926 DEBUG oslo_service.service [req-67f0a4cb-16af-43af-8477-d621aeecb17e - - - - -] api_database.max_retries = 10 log_opt_values /usr/lib/python3/dist-packages/oslo_config/cfg.py:2609
2025-05-05 00:40:31.532 168926 DEBUG oslo_service.service [req-67f0a4cb-16af-43af-8477-d621aeecb17e - - - - -] api_database.mysql_enable_ndb = False log_opt_values /usr/lib/python3/dist-packages/oslo_config/cfg.py:2609
2025-05-05 00:40:31.533 168926 DEBUG oslo_service.service [req-67f0a4cb-16af-43af-8477-d621aeecb17e - - - - -] api_database.mysql_sql_mode = TRADITIONAL log_opt_values /usr/lib/python3/dist-packages/oslo_config/cfg.py:2609
2025-05-05 00:40:31.533 168926 DEBUG oslo_service.service [req-67f0a4cb-16af-43af-8477-d621aeecb17e - - - - -] api_database.pool_timeout = None log_opt_values /usr/lib/python3/dist-packages/oslo_config/cfg.py:2609
2025-05-05 00:40:31.533 168926 DEBUG oslo_service.service [req-67f0a4cb-16af-43af-8477-d621aeecb17e - - - - -] api_database.retry_interval = 10 log_opt_values /usr/lib/python3/dist-packages/oslo_config/cfg.py:2609
2025-05-05 00:40:31.533 168926 DEBUG oslo_service.service [req-67f0a4cb-16af-43af-8477-d621aeecb17e - - - - -] api_database.slave_connection = **** log_opt_values /usr/lib/python3/dist-packages/oslo_config/cfg.py:2609
2025-05-05 00:40:31.533 168926 DEBUG oslo_service.service [req-67f0a4cb-16af-43af-8477-d621aeecb17e - - - - -] api_database.sqlite_synchronous = True log_opt_values /usr/lib/python3/dist-packages/oslo_config/cfg.py:2609
2025-05-05 00:40:31.533 168926 DEBUG oslo_service.service [req-67f0a4cb-16af-43af-8477-d621aeecb17e - - - - -] devices.enabled_mdev_types = [] log_opt_values /usr/lib/python3/dist-packages/oslo_config/cfg.py:2609
2025-05-05 00:40:31.534 168926 DEBUG oslo_service.service [req-67f0a4cb-16af-43af-8477-d621aeecb17e - - - - -] ephemeral_storage_encryption.cipher = aes-xts-plain64 log_opt_values /usr/lib/python3/dist-packages/oslo_config/cfg.py:2609
2025-05-05 00:40:31.534 168926 DEBUG oslo_service.service [req-67f0a4cb-16af-43af-8477-d621aeecb17e - - - - -] ephemeral_storage_encryption.enabled = False log_opt_values /usr/lib/python3/dist-packages/oslo_config/cfg.py:2609
2025-05-05 00:40:31.535 168926 DEBUG oslo_service.service [req-67f0a4cb-16af-43af-8477-d621aeecb17e - - - - -] ephemeral_storage_encryption.key_size = 512 log_opt_values /usr/lib/python3/dist-packages/oslo_config/cfg.py:2609
2025-05-05 00:40:31.536 168926 WARNING oslo_config.cfg [req-67f0a4cb-16af-43af-8477-d621aeecb17e - - - - -] Deprecated: Option "api_servers" from group "glance" is deprecated for removal ( Support for image service configuration via standard keystoneauth1 Adapter options was added in the 17.0.0 Queens release. The api_servers option was retained temporarily to allow consumers time to cut over to a real load balancing solution. ). Its value may be silently ignored in the future.
2025-05-05 00:40:31.536 168926 DEBUG oslo_service.service [req-67f0a4cb-16af-43af-8477-d621aeecb17e - - - - -] glance.api_servers = ['http://252.129.245.29:9292'] log_opt_values /usr/lib/python3/dist-packages/oslo_config/cfg.py:2609
2025-05-05 00:40:31.538 169238 DEBUG oslo_messaging._drivers.amqpdriver [-] Listener is running poll /usr/lib/python3/dist-packages/oslo_messaging/_drivers/amqpdriver.py:343
2025-05-05 00:40:31.538 168926 DEBUG oslo_service.service [req-67f0a4cb-16af-43af-8477-d621aeecb17e - - - - -] glance.cafile = None log_opt_values /usr/lib/python3/dist-packages/oslo_config/cfg.py:2609
2025-05-05 00:40:31.538 169238 DEBUG oslo_messaging._drivers.amqpdriver [-] AMQPListener connection consume poll /usr/lib/python3/dist-packages/oslo_messaging/_drivers/amqpdriver.py:357
2025-05-05 00:40:31.539 168926 DEBUG oslo_service.service [req-67f0a4cb-16af-43af-8477-d621aeecb17e - - - - -] glance.certfile = None log_opt_values /usr/lib/python3/dist-packages/oslo_config/cfg.py:2609
2025-05-05 00:40:31.539 169238 DEBUG nova.service [req-7e030152-e4b0-4772-9f25-215546ac0681 - - - - -] Join ServiceGroup membership for this service scheduler start /usr/lib/python3/dist-packages/nova/service.py:199
2025-05-05 00:40:31.539 168926 DEBUG oslo_service.service [req-67f0a4cb-16af-43af-8477-d621aeecb17e - - - - -] glance.collect_timing = False log_opt_values /usr/lib/python3/dist-packages/oslo_config/cfg.py:2609
2025-05-05 00:40:31.539 169238 DEBUG nova.servicegroup.drivers.db [req-7e030152-e4b0-4772-9f25-215546ac0681 - - - - -] DB_Driver: join new ServiceGroup member juju-fe8807-0-lxd-7 to the scheduler group, service = join /usr/lib/python3/dist-packages/nova/servicegroup/drivers/db.py:44
2025-05-05 00:40:31.539 168926 DEBUG oslo_service.service [req-67f0a4cb-16af-43af-8477-d621aeecb17e - - - - -] glance.connect_retries = None log_opt_values /usr/lib/python3/dist-packages/oslo_config/cfg.py:2609
