2025-05-05 00:40:32.027 168932 DEBUG oslo_service.service [req-d921a3c2-abac-425c-abe4-ca98c1ede0be - - - - -] web = /usr/share/spice-html5 log_opt_values /usr/lib/python3/dist-packages/oslo_config/cfg.py:2602
2025-05-05 00:40:32.029 168932 DEBUG oslo_service.service [req-d921a3c2-abac-425c-abe4-ca98c1ede0be - - - - -] oslo_concurrency.disable_process_locking = False log_opt_values /usr/lib/python3/dist-packages/oslo_config/cfg.py:2609
2025-05-05 00:40:32.029 168932 DEBUG oslo_service.service [req-d921a3c2-abac-425c-abe4-ca98c1ede0be - - - - -] oslo_concurrency.lock_path = /var/lock/nova log_opt_values /usr/lib/python3/dist-packages/oslo_config/cfg.py:2609
2025-05-05 00:40:32.029 169243 DEBUG nova.service [req-8686688c-eac8-41dc-bd85-6123841efe50 - - - - -] Creating RPC server for service conductor start /usr/lib/python3/dist-packages/nova/service.py:182
2025-05-05 00:40:32.029 168932 DEBUG oslo_service.service [req-d921a3c2-abac-425c-abe4-ca98c1ede0be - - - - -] oslo_messaging_metrics.metrics_buffer_size = 1000 log_opt_values /usr/lib/python3/dist-packages/oslo_config/cfg.py:2609
2025-05-05 00:40:32.030 168932 DEBUG oslo_service.service [req-d921a3c2-abac-425c-abe4-ca98c1ede0be - - - - -] oslo_messaging_metrics.metrics_enabled = False log_opt_values /usr/lib/python3/dist-packages/oslo_config/cfg.py:2609
2025-05-05 00:40:32.029 169240 DEBUG oslo_messaging._drivers.amqpdriver [-] Listener is running poll /usr/lib/python3/dist-packages/oslo_messaging/_drivers/amqpdriver.py:343
2025-05-05 00:40:32.030 168932 DEBUG oslo_service.service [req-d921a3c2-abac-425c-abe4-ca98c1ede0be - - - - -] oslo_messaging_metrics.metrics_process_name = log_opt_values /usr/lib/python3/dist-packages/oslo_config/cfg.py:2609
2025-05-05 00:40:32.030 169240 DEBUG oslo_messaging._drivers.amqpdriver [-] AMQPListener connection consume poll /usr/lib/python3/dist-packages/oslo_messaging/_drivers/amqpdriver.py:357
2025-05-05 00:40:32.030 168932 DEBUG oslo_service.service [req-d921a3c2-abac-425c-abe4-ca98c1ede0be - - - - -] oslo_messaging_metrics.metrics_socket_file = /var/tmp/metrics_collector.sock log_opt_values /usr/lib/python3/dist-packages/oslo_config/cfg.py:2609
2025-05-05 00:40:32.030 168932 DEBUG oslo_service.service [req-d921a3c2-abac-425c-abe4-ca98c1ede0be - - - - -] oslo_messaging_metrics.metrics_thread_stop_timeout = 10 log_opt_values /usr/lib/python3/dist-packages/oslo_config/cfg.py:2609
2025-05-05 00:40:32.031 169240 DEBUG oslo_messaging._drivers.amqpdriver [-] received message msg_id: 45d00fc30c5d477385f72d3742404155 reply to reply_cc598d5ca4f24495a69c428e571dcd79 __call__ /usr/lib/python3/dist-packages/oslo_messaging/_drivers/amqpdriver.py:320
2025-05-05 00:40:32.031 168932 WARNING oslo_config.cfg [req-d921a3c2-abac-425c-abe4-ca98c1ede0be - - - - -] Deprecated: Option "auth_strategy" from group "api" is deprecated for removal ( The only non-default choice, ``noauth2``, is for internal development and testing purposes only and should not be used in deployments. This option and its middleware, NoAuthMiddleware[V2_18], will be removed in a future release. ). Its value may be silently ignored in the future.
2025-05-05 00:40:32.032 168932 DEBUG oslo_service.service [req-d921a3c2-abac-425c-abe4-ca98c1ede0be - - - - -] api.auth_strategy = keystone log_opt_values /usr/lib/python3/dist-packages/oslo_config/cfg.py:2609
2025-05-05 00:40:32.032 169240 DEBUG nova.service [req-1dae52e1-00b1-41be-a786-dab225914182 - - - - -] Join ServiceGroup membership for this service conductor start /usr/lib/python3/dist-packages/nova/service.py:199
2025-05-05 00:40:32.032 168932 DEBUG oslo_service.service [req-d921a3c2-abac-425c-abe4-ca98c1ede0be - - - - -] api.compute_link_prefix = None log_opt_values /usr/lib/python3/dist-packages/oslo_config/cfg.py:2609
2025-05-05 00:40:32.032 168932 DEBUG oslo_service.service [req-d921a3c2-abac-425c-abe4-ca98c1ede0be - - - - -] api.config_drive_skip_versions = 1.0 2007-01-19 2007-03-01 2007-08-29 2007-10-10 2007-12-15 2008-02-01 2008-09-01 log_opt_values /usr/lib/python3/dist-packages/oslo_config/cfg.py:2609
2025-05-05 00:40:32.032 169240 DEBUG nova.servicegroup.drivers.db [req-1dae52e1-00b1-41be-a786-dab225914182 - - - - -] DB_Driver: join new ServiceGroup member juju-fe8807-0-lxd-7 to the conductor group, service = join /usr/lib/python3/dist-packages/nova/servicegroup/drivers/db.py:44
2025-05-05 00:40:32.032 168932 DEBUG oslo_service.service [req-d921a3c2-abac-425c-abe4-ca98c1ede0be - - - - -] api.dhcp_domain = novalocal log_opt_values /usr/lib/python3/dist-packages/oslo_config/cfg.py:2609
2025-05-05 00:40:32.033 169241 DEBUG oslo_messaging._drivers.amqpdriver [-] Listener is running poll /usr/lib/python3/dist-packages/oslo_messaging/_drivers/amqpdriver.py:343
2025-05-05 00:40:32.033 168932 DEBUG oslo_service.service [req-d921a3c2-abac-425c-abe4-ca98c1ede0be - - - - -] api.enable_instance_password = True log_opt_values /usr/lib/python3/dist-packages/oslo_config/cfg.py:2609
2025-05-05 00:40:32.033 168932 DEBUG oslo_service.service [req-d921a3c2-abac-425c-abe4-ca98c1ede0be - - - - -] api.glance_link_prefix = None log_opt_values /usr/lib/python3/dist-packages/oslo_config/cfg.py:2609
2025-05-05 00:40:32.033 168932 DEBUG oslo_service.service [req-d921a3c2-abac-425c-abe4-ca98c1ede0be - - - - -] api.instance_list_cells_batch_fixed_size = 100 log_opt_values /usr/lib/python3/dist-packages/oslo_config/cfg.py:2609
2025-05-05 00:40:32.033 168932 DEBUG oslo_service.service [req-d921a3c2-abac-425c-abe4-ca98c1ede0be - - - - -] api.instance_list_cells_batch_strategy = distributed log_opt_values /usr/lib/python3/dist-packages/oslo_config/cfg.py:2609
2025-05-05 00:40:32.033 169241 DEBUG oslo_messaging._drivers.amqpdriver [-] AMQPListener connection consume poll /usr/lib/python3/dist-packages/oslo_messaging/_drivers/amqpdriver.py:357
2025-05-05 00:40:32.034 168932 DEBUG oslo_service.service [req-d921a3c2-abac-425c-abe4-ca98c1ede0be - - - - -] api.instance_list_per_project_cells = False log_opt_values /usr/lib/python3/dist-packages/oslo_config/cfg.py:2609
2025-05-05 00:40:32.034 168932 DEBUG oslo_service.service [req-d921a3c2-abac-425c-abe4-ca98c1ede0be - - - - -] api.list_records_by_skipping_down_cells = True log_opt_values /usr/lib/python3/dist-packages/oslo_config/cfg.py:2609
2025-05-05 00:40:32.034 168932 DEBUG oslo_service.service [req-d921a3c2-abac-425c-abe4-ca98c1ede0be - - - - -] api.local_metadata_per_cell = False log_opt_values /usr/lib/python3/dist-packages/oslo_config/cfg.py:2609
2025-05-05 00:40:32.034 169240 DEBUG oslo_messaging._drivers.amqpdriver [-] AMQPListener connection timeout poll /usr/lib/python3/dist-packages/oslo_messaging/_drivers/amqpdriver.py:360
2025-05-05 00:40:32.034 168932 DEBUG oslo_service.service [req-d921a3c2-abac-425c-abe4-ca98c1ede0be - - - - -] api.max_limit = 1000 log_opt_values /usr/lib/python3/dist-packages/oslo_config/cfg.py:2609
2025-05-05 00:40:32.034 168932 DEBUG oslo_service.service [req-d921a3c2-abac-425c-abe4-ca98c1ede0be - - - - -] api.metadata_cache_expiration = 15 log_opt_values /usr/lib/python3/dist-packages/oslo_config/cfg.py:2609
2025-05-05 00:40:32.034 169240 DEBUG oslo_messaging._drivers.amqpdriver [-] Listener is running poll /usr/lib/python3/dist-packages/oslo_messaging/_drivers/amqpdriver.py:343
2025-05-05 00:40:32.035 169240 DEBUG oslo_messaging._drivers.amqpdriver [-] Poll the incoming message with unique_id: 62234ef99b7341ae85df91efadb35d5d poll /usr/lib/python3/dist-packages/oslo_messaging/_drivers/amqpdriver.py:346
2025-05-05 00:40:32.035 168932 DEBUG oslo_service.service [req-d921a3c2-abac-425c-abe4-ca98c1ede0be - - - - -] api.neutron_default_tenant_id = default log_opt_values /usr/lib/python3/dist-packages/oslo_config/cfg.py:2609
2025-05-05 00:40:32.035 168932 DEBUG oslo_service.service [req-d921a3c2-abac-425c-abe4-ca98c1ede0be - - - - -] api.use_forwarded_for = False log_opt_values /usr/lib/python3/dist-packages/oslo_config/cfg.py:2609
2025-05-05 00:40:32.035 168932 DEBUG oslo_service.service [req-d921a3c2-abac-425c-abe4-ca98c1ede0be - - - - -] api.use_neutron_default_nets = False log_opt_values /usr/lib/python3/dist-packages/oslo_config/cfg.py:2609
2025-05-05 00:40:32.035 169240 DEBUG oslo_messaging._drivers.amqpdriver [-] Listener is running poll /usr/lib/python3/dist-packages/oslo_messaging/_drivers/amqpdriver.py:343
2025-05-05 00:40:32.035 168932 DEBUG oslo_service.service [req-d921a3c2-abac-425c-abe4-ca98c1ede0be - - - - -] api.vendordata_dynamic_connect_timeout = 5 log_opt_values /usr/lib/python3/dist-packages/oslo_config/cfg.py:2609
2025-05-05 00:40:32.035 169240 DEBUG oslo_messaging._drivers.amqpdriver [-] AMQPListener connection consume poll /usr/lib/python3/dist-packages/oslo_messaging/_drivers/amqpdriver.py:357
2025-05-05 00:40:32.035 168932 DEBUG oslo_service.service [req-d921a3c2-abac-425c-abe4-ca98c1ede0be - - - - -] api.vendordata_dynamic_failure_fatal = False log_opt_values /usr/lib/python3/dist-packages/oslo_config/cfg.py:2609
2025-05-05 00:40:32.035 169241 DEBUG nova.service [req-fcecbfc2-28f7-496a-9d47-845f525b4b4e - - - - -] Join ServiceGroup membership for this service conductor start /usr/lib/python3/dist-packages/nova/service.py:199
2025-05-05 00:40:32.036 168932 DEBUG oslo_service.service [req-d921a3c2-abac-425c-abe4-ca98c1ede0be - - - - -] api.vendordata_dynamic_read_timeout = 5 log_opt_values /usr/lib/python3/dist-packages/oslo_config/cfg.py:2609
2025-05-05 00:40:32.036 169241 DEBUG nova.servicegroup.drivers.db [req-fcecbfc2-28f7-496a-9d47-845f525b4b4e - - - - -] DB_Driver: join new ServiceGroup member juju-fe8807-0-lxd-7 to the conductor group, service = join /usr/lib/python3/dist-packages/nova/servicegroup/drivers/db.py:44
2025-05-05 00:40:32.036 168932 DEBUG oslo_service.service [req-d921a3c2-abac-425c-abe4-ca98c1ede0be - - - - -] api.vendordata_dynamic_ssl_certfile = log_opt_values /usr/lib/python3/dist-packages/oslo_config/cfg.py:2609
2025-05-05 00:40:32.036 168932 DEBUG oslo_service.service [req-d921a3c2-abac-425c-abe4-ca98c1ede0be - - - - -] api.vendordata_dynamic_targets = [] log_opt_values /usr/lib/python3/dist-packages/oslo_config/cfg.py:2609
2025-05-05 00:40:32.036 168932 DEBUG oslo_service.service [req-d921a3c2-abac-425c-abe4-ca98c1ede0be - - - - -] api.vendordata_jsonfile_path = None log_opt_values /usr/lib/python3/dist-packages/oslo_config/cfg.py:2609
2025-05-05 00:40:32.037 168932 DEBUG oslo_service.service [req-d921a3c2-abac-425c-abe4-ca98c1ede0be - - - - -] api.vendordata_providers = ['StaticJSON'] log_opt_values /usr/lib/python3/dist-packages/oslo_config/cfg.py:2609
2025-05-05 00:40:32.037 168932 DEBUG oslo_service.service [req-d921a3c2-abac-425c-abe4-ca98c1ede0be - - - - -] cache.backend = dogpile.cache.null log_opt_values /usr/lib/python3/dist-packages/oslo_config/cfg.py:2609
2025-05-05 00:40:32.037 168932 DEBUG oslo_service.service [req-d921a3c2-abac-425c-abe4-ca98c1ede0be - - - - -] cache.backend_argument = **** log_opt_values /usr/lib/python3/dist-packages/oslo_config/cfg.py:2609
2025-05-05 00:40:32.037 168932 DEBUG oslo_service.service [req-d921a3c2-abac-425c-abe4-ca98c1ede0be - - - - -] cache.config_prefix = cache.oslo log_opt_values /usr/lib/python3/dist-packages/oslo_config/cfg.py:2609
2025-05-05 00:40:32.037 168932 DEBUG oslo_service.service [req-d921a3c2-abac-425c-abe4-ca98c1ede0be - - - - -] cache.debug_cache_backend = False log_opt_values /usr/lib/python3/dist-packages/oslo_config/cfg.py:2609
2025-05-05 00:40:32.038 168932 DEBUG oslo_service.service [req-d921a3c2-abac-425c-abe4-ca98c1ede0be - - - - -] cache.enabled = False log_opt_values /usr/lib/python3/dist-packages/oslo_config/cfg.py:2609
2025-05-05 00:40:32.038 168932 DEBUG oslo_service.service [req-d921a3c2-abac-425c-abe4-ca98c1ede0be - - - - -] cache.expiration_time = 600 log_opt_values /usr/lib/python3/dist-packages/oslo_config/cfg.py:2609
2025-05-05 00:40:32.038 169241 DEBUG oslo_messaging._drivers.amqpdriver [-] AMQPListener connection timeout poll /usr/lib/python3/dist-packages/oslo_messaging/_drivers/amqpdriver.py:360
2025-05-05 00:40:32.038 168932 DEBUG oslo_service.service [req-d921a3c2-abac-425c-abe4-ca98c1ede0be - - - - -] cache.memcache_dead_retry = 300 log_opt_values /usr/lib/python3/dist-packages/oslo_config/cfg.py:2609
2025-05-05 00:40:32.038 168932 DEBUG oslo_service.service [req-d921a3c2-abac-425c-abe4-ca98c1ede0be - - - - -] cache.memcache_pool_connection_get_timeout = 10 log_opt_values /usr/lib/python3/dist-packages/oslo_config/cfg.py:2609
2025-05-05 00:40:32.038 169241 DEBUG oslo_messaging._drivers.amqpdriver [-] Listener is running poll /usr/lib/python3/dist-packages/oslo_messaging/_drivers/amqpdriver.py:343
2025-05-05 00:40:32.038 168932 DEBUG oslo_service.service [req-d921a3c2-abac-425c-abe4-ca98c1ede0be - - - - -] cache.memcache_pool_flush_on_reconnect = False log_opt_values /usr/lib/python3/dist-packages/oslo_config/cfg.py:2609
2025-05-05 00:40:32.039 168932 DEBUG oslo_service.service [req-d921a3c2-abac-425c-abe4-ca98c1ede0be - - - - -] cache.memcache_pool_maxsize = 10 log_opt_values /usr/lib/python3/dist-packages/oslo_config/cfg.py:2609
2025-05-05 00:40:32.038 169241 DEBUG oslo_messaging._drivers.amqpdriver [-] AMQPListener connection consume poll /usr/lib/python3/dist-packages/oslo_messaging/_drivers/amqpdriver.py:357
2025-05-05 00:40:32.039 168932 DEBUG oslo_service.service [req-d921a3c2-abac-425c-abe4-ca98c1ede0be - - - - -] cache.memcache_pool_unused_timeout = 60 log_opt_values /usr/lib/python3/dist-packages/oslo_config/cfg.py:2609
2025-05-05 00:40:32.039 168932 DEBUG oslo_service.service [req-d921a3c2-abac-425c-abe4-ca98c1ede0be - - - - -] cache.memcache_servers = ['localhost:11211'] log_opt_values /usr/lib/python3/dist-packages/oslo_config/cfg.py:2609
2025-05-05 00:40:32.039 168932 DEBUG oslo_service.service [req-d921a3c2-abac-425c-abe4-ca98c1ede0be - - - - -] cache.memcache_socket_timeout = 1.0 log_opt_values /usr/lib/python3/dist-packages/oslo_config/cfg.py:2609
2025-05-05 00:40:32.039 168932 DEBUG oslo_service.service [req-d921a3c2-abac-425c-abe4-ca98c1ede0be - - - - -] cache.proxies = [] log_opt_values /usr/lib/python3/dist-packages/oslo_config/cfg.py:2609
2025-05-05 00:40:32.039 168932 DEBUG oslo_service.service [req-d921a3c2-abac-425c-abe4-ca98c1ede0be - - - - -] cache.tls_allowed_ciphers = None log_opt_values /usr/lib/python3/dist-packages/oslo_config/cfg.py:2609
2025-05-05 00:40:32.040 168932 DEBUG oslo_service.service [req-d921a3c2-abac-425c-abe4-ca98c1ede0be - - - - -] cache.tls_cafile = None log_opt_values /usr/lib/python3/dist-packages/oslo_config/cfg.py:2609
2025-05-05 00:40:32.040 168932 DEBUG oslo_service.service [req-d921a3c2-abac-425c-abe4-ca98c1ede0be - - - - -] cache.tls_certfile = None log_opt_values /usr/lib/python3/dist-packages/oslo_config/cfg.py:2609
2025-05-05 00:40:32.040 168932 DEBUG oslo_service.service [req-d921a3c2-abac-425c-abe4-ca98c1ede0be - - - - -] cache.tls_enabled = False log_opt_values /usr/lib/python3/dist-packages/oslo_config/cfg.py:2609
2025-05-05 00:40:32.040 168932 DEBUG oslo_service.service [req-d921a3c2-abac-425c-abe4-ca98c1ede0be - - - - -] cache.tls_keyfile = None log_opt_values /usr/lib/python3/dist-packages/oslo_config/cfg.py:2609
2025-05-05 00:40:32.040 168932 DEBUG oslo_service.service [req-d921a3c2-abac-425c-abe4-ca98c1ede0be - - - - -] cinder.auth_section = None log_opt_values /usr/lib/python3/dist-packages/oslo_config/cfg.py:2609
2025-05-05 00:40:32.041 168932 DEBUG oslo_service.service [req-d921a3c2-abac-425c-abe4-ca98c1ede0be - - - - -] cinder.auth_type = None log_opt_values /usr/lib/python3/dist-packages/oslo_config/cfg.py:2609
2025-05-05 00:40:32.041 168932 DEBUG oslo_service.service [req-d921a3c2-abac-425c-abe4-ca98c1ede0be - - - - -] cinder.cafile = None log_opt_values /usr/lib/python3/dist-packages/oslo_config/cfg.py:2609
2025-05-05 00:40:32.041 168932 DEBUG oslo_service.service [req-d921a3c2-abac-425c-abe4-ca98c1ede0be - - - - -] cinder.catalog_info = volumev3::publicURL log_opt_values /usr/lib/python3/dist-packages/oslo_config/cfg.py:2609
2025-05-05 00:40:32.041 168932 DEBUG oslo_service.service [req-d921a3c2-abac-425c-abe4-ca98c1ede0be - - - - -] cinder.certfile = None log_opt_values /usr/lib/python3/dist-packages/oslo_config/cfg.py:2609
2025-05-05 00:40:32.042 168932 DEBUG oslo_service.service [req-d921a3c2-abac-425c-abe4-ca98c1ede0be - - - - -] cinder.collect_timing = False log_opt_values /usr/lib/python3/dist-packages/oslo_config/cfg.py:2609
2025-05-05 00:40:32.042 168932 DEBUG oslo_service.service [req-d921a3c2-abac-425c-abe4-ca98c1ede0be - - - - -] cinder.cross_az_attach = True log_opt_values /usr/lib/python3/dist-packages/oslo_config/cfg.py:2609
2025-05-05 00:40:32.042 168932 DEBUG oslo_service.service [req-d921a3c2-abac-425c-abe4-ca98c1ede0be - - - - -] cinder.debug = False log_opt_values /usr/lib/python3/dist-packages/oslo_config/cfg.py:2609
2025-05-05 00:40:32.042 168932 DEBUG oslo_service.service [req-d921a3c2-abac-425c-abe4-ca98c1ede0be - - - - -] cinder.endpoint_template = None log_opt_values /usr/lib/python3/dist-packages/oslo_config/cfg.py:2609
2025-05-05 00:40:32.042 168932 DEBUG oslo_service.service [req-d921a3c2-abac-425c-abe4-ca98c1ede0be - - - - -] cinder.http_retries = 3 log_opt_values /usr/lib/python3/dist-packages/oslo_config/cfg.py:2609
2025-05-05 00:40:32.043 168932 DEBUG oslo_service.service [req-d921a3c2-abac-425c-abe4-ca98c1ede0be - - - - -] cinder.insecure = False log_opt_values /usr/lib/python3/dist-packages/oslo_config/cfg.py:2609
2025-05-05 00:40:32.043 168932 DEBUG oslo_service.service [req-d921a3c2-abac-425c-abe4-ca98c1ede0be - - - - -] cinder.keyfile = None log_opt_values /usr/lib/python3/dist-packages/oslo_config/cfg.py:2609
2025-05-05 00:40:32.043 168932 DEBUG oslo_service.service [req-d921a3c2-abac-425c-abe4-ca98c1ede0be - - - - -] cinder.os_region_name = None log_opt_values /usr/lib/python3/dist-packages/oslo_config/cfg.py:2609
2025-05-05 00:40:32.043 168932 DEBUG oslo_service.service [req-d921a3c2-abac-425c-abe4-ca98c1ede0be - - - - -] cinder.split_loggers = False log_opt_values /usr/lib/python3/dist-packages/oslo_config/cfg.py:2609
2025-05-05 00:40:32.044 168932 DEBUG oslo_service.service [req-d921a3c2-abac-425c-abe4-ca98c1ede0be - - - - -] cinder.timeout = None log_opt_values /usr/lib/python3/dist-packages/oslo_config/cfg.py:2609
2025-05-05 00:40:32.044 168932 DEBUG oslo_service.service [req-d921a3c2-abac-425c-abe4-ca98c1ede0be - - - - -] compute.consecutive_build_service_disable_threshold = 10 log_opt_values /usr/lib/python3/dist-packages/oslo_config/cfg.py:2609
2025-05-05 00:40:32.044 169242 DEBUG oslo_messaging._drivers.amqpdriver [-] Listener is running poll /usr/lib/python3/dist-packages/oslo_messaging/_drivers/amqpdriver.py:343
2025-05-05 00:40:32.044 168932 DEBUG oslo_service.service [req-d921a3c2-abac-425c-abe4-ca98c1ede0be - - - - -] compute.cpu_dedicated_set = None log_opt_values /usr/lib/python3/dist-packages/oslo_config/cfg.py:2609
2025-05-05 00:40:32.044 169242 DEBUG oslo_messaging._drivers.amqpdriver [-] AMQPListener connection consume poll /usr/lib/python3/dist-packages/oslo_messaging/_drivers/amqpdriver.py:357
2025-05-05 00:40:32.045 168932 DEBUG oslo_service.service [req-d921a3c2-abac-425c-abe4-ca98c1ede0be - - - - -] compute.cpu_shared_set = None log_opt_values /usr/lib/python3/dist-packages/oslo_config/cfg.py:2609
2025-05-05 00:40:32.045 169242 DEBUG nova.service [req-31a9c7d0-a4e4-4c45-a067-aa685ac70bbb - - - - -] Join ServiceGroup membership for this service conductor start /usr/lib/python3/dist-packages/nova/service.py:199
2025-05-05 00:40:32.045 168932 DEBUG oslo_service.service [req-d921a3c2-abac-425c-abe4-ca98c1ede0be - - - - -] compute.image_type_exclude_list = [] log_opt_values /usr/lib/python3/dist-packages/oslo_config/cfg.py:2609
2025-05-05 00:40:32.045 169242 DEBUG nova.servicegroup.drivers.db [req-31a9c7d0-a4e4-4c45-a067-aa685ac70bbb - - - - -] DB_Driver: join new ServiceGroup member juju-fe8807-0-lxd-7 to the conductor group, service = join /usr/lib/python3/dist-packages/nova/servicegroup/drivers/db.py:44
2025-05-05 00:40:32.046 168932 DEBUG oslo_service.service [req-d921a3c2-abac-425c-abe4-ca98c1ede0be - - - - -] compute.live_migration_wait_for_vif_plug = True log_opt_values /usr/lib/python3/dist-packages/oslo_config/cfg.py:2609
2025-05-05 00:40:32.046 168932 DEBUG oslo_service.service [req-d921a3c2-abac-425c-abe4-ca98c1ede0be - - - - -] compute.max_concurrent_disk_ops = 0 log_opt_values /usr/lib/python3/dist-packages/oslo_config/cfg.py:2609
2025-05-05 00:40:32.046 168932 DEBUG oslo_service.service [req-d921a3c2-abac-425c-abe4-ca98c1ede0be - - - - -] compute.max_disk_devices_to_attach = -1 log_opt_values /usr/lib/python3/dist-packages/oslo_config/cfg.py:2609
2025-05-05 00:40:32.046 168932 DEBUG oslo_service.service [req-d921a3c2-abac-425c-abe4-ca98c1ede0be - - - - -] compute.packing_host_numa_cells_allocation_strategy = True log_opt_values /usr/lib/python3/dist-packages/oslo_config/cfg.py:2609
2025-05-05 00:40:32.046 168932 DEBUG oslo_service.service [req-d921a3c2-abac-425c-abe4-ca98c1ede0be - - - - -] compute.provider_config_location = /etc/nova/provider_config/ log_opt_values /usr/lib/python3/dist-packages/oslo_config/cfg.py:2609
2025-05-05 00:40:32.047 168932 DEBUG oslo_service.service [req-d921a3c2-abac-425c-abe4-ca98c1ede0be - - - - -] compute.resource_provider_association_refresh = 300 log_opt_values /usr/lib/python3/dist-packages/oslo_config/cfg.py:2609
2025-05-05 00:40:32.047 168932 DEBUG oslo_service.service [req-d921a3c2-abac-425c-abe4-ca98c1ede0be - - - - -] compute.shutdown_retry_interval = 10 log_opt_values /usr/lib/python3/dist-packages/oslo_config/cfg.py:2609
2025-05-05 00:40:32.047 168932 DEBUG oslo_service.service [req-d921a3c2-abac-425c-abe4-ca98c1ede0be - - - - -] compute.vmdk_allowed_types = ['streamOptimized', 'monolithicSparse'] log_opt_values /usr/lib/python3/dist-packages/oslo_config/cfg.py:2609
2025-05-05 00:40:32.047 168932 DEBUG oslo_service.service [req-d921a3c2-abac-425c-abe4-ca98c1ede0be - - - - -] conductor.workers = 4 log_opt_values /usr/lib/python3/dist-packages/oslo_config/cfg.py:2609
2025-05-05 00:40:32.047 168932 DEBUG oslo_service.service [req-d921a3c2-abac-425c-abe4-ca98c1ede0be - - - - -] console.allowed_origins = [] log_opt_values /usr/lib/python3/dist-packages/oslo_config/cfg.py:2609
2025-05-05 00:40:32.048 168932 DEBUG oslo_service.service [req-d921a3c2-abac-425c-abe4-ca98c1ede0be - - - - -] console.ssl_ciphers = None log_opt_values /usr/lib/python3/dist-packages/oslo_config/cfg.py:2609
2025-05-05 00:40:32.048 169242 DEBUG oslo_messaging._drivers.amqpdriver [-] AMQPListener connection timeout poll /usr/lib/python3/dist-packages/oslo_messaging/_drivers/amqpdriver.py:360
2025-05-05 00:40:32.048 169242 DEBUG oslo_messaging._drivers.amqpdriver [-] Listener is running poll /usr/lib/python3/dist-packages/oslo_messaging/_drivers/amqpdriver.py:343
2025-05-05 00:40:32.048 168932 DEBUG oslo_service.service [req-d921a3c2-abac-425c-abe4-ca98c1ede0be - - - - -] console.ssl_minimum_version = default log_opt_values /usr/lib/python3/dist-packages/oslo_config/cfg.py:2609
2025-05-05 00:40:32.048 169242 DEBUG oslo_messaging._drivers.amqpdriver [-] AMQPListener connection consume poll /usr/lib/python3/dist-packages/oslo_messaging/_drivers/amqpdriver.py:357
2025-05-05 00:40:32.048 169240 DEBUG oslo_messaging._drivers.amqpdriver [req-0cc831fb-2db9-400a-8cc3-b0644150f9d9 - - - - -] sending reply msg_id: 45d00fc30c5d477385f72d3742404155 reply queue: reply_cc598d5ca4f24495a69c428e571dcd79 time elapsed: 0.016080927000075462s _send_reply /usr/lib/python3/dist-packages/oslo_messaging/_drivers/amqpdriver.py:118
2025-05-05 00:40:32.048 168932 DEBUG oslo_service.service [req-d921a3c2-abac-425c-abe4-ca98c1ede0be - - - - -] consoleauth.token_ttl = 600 log_opt_values /usr/lib/python3/dist-packages/oslo_config/cfg.py:2609
2025-05-05 00:40:32.048 168932 DEBUG oslo_service.service [req-d921a3c2-abac-425c-abe4-ca98c1ede0be - - - - -] cyborg.cafile = None log_opt_values /usr/lib/python3/dist-packages/oslo_config/cfg.py:2609
2025-05-05 00:40:32.048 168932 DEBUG oslo_service.service [req-d921a3c2-abac-425c-abe4-ca98c1ede0be - - - - -] cyborg.certfile = None log_opt_values /usr/lib/python3/dist-packages/oslo_config/cfg.py:2609
2025-05-05 00:40:32.048 168932 DEBUG oslo_service.service [req-d921a3c2-abac-425c-abe4-ca98c1ede0be - - - - -] cyborg.collect_timing = False log_opt_values /usr/lib/python3/dist-packages/oslo_config/cfg.py:2609
2025-05-05 00:40:32.049 168932 DEBUG oslo_service.service [req-d921a3c2-abac-425c-abe4-ca98c1ede0be - - - - -] cyborg.connect_retries = None log_opt_values /usr/lib/python3/dist-packages/oslo_config/cfg.py:2609
2025-05-05 00:40:32.049 168932 DEBUG oslo_service.service [req-d921a3c2-abac-425c-abe4-ca98c1ede0be - - - - -] cyborg.connect_retry_delay = None log_opt_values /usr/lib/python3/dist-packages/oslo_config/cfg.py:2609
2025-05-05 00:40:32.049 168932 DEBUG oslo_service.service [req-d921a3c2-abac-425c-abe4-ca98c1ede0be - - - - -] cyborg.endpoint_override = None log_opt_values /usr/lib/python3/dist-packages/oslo_config/cfg.py:2609
2025-05-05 00:40:32.049 168932 DEBUG oslo_service.service [req-d921a3c2-abac-425c-abe4-ca98c1ede0be - - - - -] cyborg.insecure = False log_opt_values /usr/lib/python3/dist-packages/oslo_config/cfg.py:2609
2025-05-05 00:40:32.049 168932 DEBUG oslo_service.service [req-d921a3c2-abac-425c-abe4-ca98c1ede0be - - - - -] cyborg.keyfile = None log_opt_values /usr/lib/python3/dist-packages/oslo_config/cfg.py:2609
2025-05-05 00:40:32.050 168932 DEBUG oslo_service.service [req-d921a3c2-abac-425c-abe4-ca98c1ede0be - - - - -] cyborg.max_version = None log_opt_values /usr/lib/python3/dist-packages/oslo_config/cfg.py:2609
2025-05-05 00:40:32.050 168932 DEBUG oslo_service.service [req-d921a3c2-abac-425c-abe4-ca98c1ede0be - - - - -] cyborg.min_version = None log_opt_values /usr/lib/python3/dist-packages/oslo_config/cfg.py:2609
2025-05-05 00:40:32.050 168932 DEBUG oslo_service.service [req-d921a3c2-abac-425c-abe4-ca98c1ede0be - - - - -] cyborg.region_name = None log_opt_values /usr/lib/python3/dist-packages/oslo_config/cfg.py:2609
2025-05-05 00:40:32.051 168932 DEBUG oslo_service.service [req-d921a3c2-abac-425c-abe4-ca98c1ede0be - - - - -] cyborg.service_name = None log_opt_values /usr/lib/python3/dist-packages/oslo_config/cfg.py:2609
2025-05-05 00:40:32.051 168932 DEBUG oslo_service.service [req-d921a3c2-abac-425c-abe4-ca98c1ede0be - - - - -] cyborg.service_type = accelerator log_opt_values /usr/lib/python3/dist-packages/oslo_config/cfg.py:2609
2025-05-05 00:40:32.051 168932 DEBUG oslo_service.service [req-d921a3c2-abac-425c-abe4-ca98c1ede0be - - - - -] cyborg.split_loggers = False log_opt_values /usr/lib/python3/dist-packages/oslo_config/cfg.py:2609
2025-05-05 00:40:32.051 168932 DEBUG oslo_service.service [req-d921a3c2-abac-425c-abe4-ca98c1ede0be - - - - -] cyborg.status_code_retries = None log_opt_values /usr/lib/python3/dist-packages/oslo_config/cfg.py:2609
2025-05-05 00:40:32.052 168932 DEBUG oslo_service.service [req-d921a3c2-abac-425c-abe4-ca98c1ede0be - - - - -] cyborg.status_code_retry_delay = None log_opt_values /usr/lib/python3/dist-packages/oslo_config/cfg.py:2609
2025-05-05 00:40:32.052 168932 DEBUG oslo_service.service [req-d921a3c2-abac-425c-abe4-ca98c1ede0be - - - - -] cyborg.timeout = None log_opt_values /usr/lib/python3/dist-packages/oslo_config/cfg.py:2609
2025-05-05 00:40:32.052 168932 DEBUG oslo_service.service [req-d921a3c2-abac-425c-abe4-ca98c1ede0be - - - - -] cyborg.valid_interfaces = ['internal', 'public'] log_opt_values /usr/lib/python3/dist-packages/oslo_config/cfg.py:2609
2025-05-05 00:40:32.052 168932 DEBUG oslo_service.service [req-d921a3c2-abac-425c-abe4-ca98c1ede0be - - - - -] cyborg.version = None log_opt_values /usr/lib/python3/dist-packages/oslo_config/cfg.py:2609
2025-05-05 00:40:32.052 168932 DEBUG oslo_service.service [req-d921a3c2-abac-425c-abe4-ca98c1ede0be - - - - -] database.backend = sqlalchemy log_opt_values /usr/lib/python3/dist-packages/oslo_config/cfg.py:2609
2025-05-05 00:40:32.053 168932 DEBUG oslo_service.service [req-d921a3c2-abac-425c-abe4-ca98c1ede0be - - - - -] database.connection = **** log_opt_values /usr/lib/python3/dist-packages/oslo_config/cfg.py:2609
2025-05-05 00:40:32.053 168932 DEBUG oslo_service.service [req-d921a3c2-abac-425c-abe4-ca98c1ede0be - - - - -] database.connection_debug = 0 log_opt_values /usr/lib/python3/dist-packages/oslo_config/cfg.py:2609
2025-05-05 00:40:32.053 168932 DEBUG oslo_service.service [req-d921a3c2-abac-425c-abe4-ca98c1ede0be - - - - -] database.connection_parameters = log_opt_values /usr/lib/python3/dist-packages/oslo_config/cfg.py:2609
2025-05-05 00:40:32.053 168932 DEBUG oslo_service.service [req-d921a3c2-abac-425c-abe4-ca98c1ede0be - - - - -] database.connection_recycle_time = 3600 log_opt_values /usr/lib/python3/dist-packages/oslo_config/cfg.py:2609
2025-05-05 00:40:32.053 168932 DEBUG oslo_service.service [req-d921a3c2-abac-425c-abe4-ca98c1ede0be - - - - -] database.connection_trace = False log_opt_values /usr/lib/python3/dist-packages/oslo_config/cfg.py:2609
2025-05-05 00:40:32.054 168932 DEBUG oslo_service.service [req-d921a3c2-abac-425c-abe4-ca98c1ede0be - - - - -] database.db_inc_retry_interval = True log_opt_values /usr/lib/python3/dist-packages/oslo_config/cfg.py:2609
2025-05-05 00:40:32.054 168932 DEBUG oslo_service.service [req-d921a3c2-abac-425c-abe4-ca98c1ede0be - - - - -] database.db_max_retries = 20 log_opt_values /usr/lib/python3/dist-packages/oslo_config/cfg.py:2609
2025-05-05 00:40:32.054 168932 DEBUG oslo_service.service [req-d921a3c2-abac-425c-abe4-ca98c1ede0be - - - - -] database.db_max_retry_interval = 10 log_opt_values /usr/lib/python3/dist-packages/oslo_config/cfg.py:2609
2025-05-05 00:40:32.054 168932 DEBUG oslo_service.service [req-d921a3c2-abac-425c-abe4-ca98c1ede0be - - - - -] database.db_retry_interval = 1 log_opt_values /usr/lib/python3/dist-packages/oslo_config/cfg.py:2609
2025-05-05 00:40:32.054 168932 DEBUG oslo_service.service [req-d921a3c2-abac-425c-abe4-ca98c1ede0be - - - - -] database.max_overflow = 50 log_opt_values /usr/lib/python3/dist-packages/oslo_config/cfg.py:2609
2025-05-05 00:40:32.055 168932 DEBUG oslo_service.service [req-d921a3c2-abac-425c-abe4-ca98c1ede0be - - - - -] database.max_pool_size = 4 log_opt_values /usr/lib/python3/dist-packages/oslo_config/cfg.py:2609
2025-05-05 00:40:32.055 168932 DEBUG oslo_service.service [req-d921a3c2-abac-425c-abe4-ca98c1ede0be - - - - -] database.max_retries = 10 log_opt_values /usr/lib/python3/dist-packages/oslo_config/cfg.py:2609
2025-05-05 00:40:32.055 168932 DEBUG oslo_service.service [req-d921a3c2-abac-425c-abe4-ca98c1ede0be - - - - -] database.mysql_enable_ndb = False log_opt_values /usr/lib/python3/dist-packages/oslo_config/cfg.py:2609
2025-05-05 00:40:32.055 168932 DEBUG oslo_service.service [req-d921a3c2-abac-425c-abe4-ca98c1ede0be - - - - -] database.mysql_sql_mode = TRADITIONAL log_opt_values /usr/lib/python3/dist-packages/oslo_config/cfg.py:2609
2025-05-05 00:40:32.055 168932 DEBUG oslo_service.service [req-d921a3c2-abac-425c-abe4-ca98c1ede0be - - - - -] database.pool_timeout = None log_opt_values /usr/lib/python3/dist-packages/oslo_config/cfg.py:2609
2025-05-05 00:40:32.056 168932 DEBUG oslo_service.service [req-d921a3c2-abac-425c-abe4-ca98c1ede0be - - - - -] database.retry_interval = 10 log_opt_values /usr/lib/python3/dist-packages/oslo_config/cfg.py:2609
2025-05-05 00:40:32.056 168932 DEBUG oslo_service.service [req-d921a3c2-abac-425c-abe4-ca98c1ede0be - - - - -] database.slave_connection = **** log_opt_values /usr/lib/python3/dist-packages/oslo_config/cfg.py:2609
2025-05-05 00:40:32.056 168932 DEBUG oslo_service.service [req-d921a3c2-abac-425c-abe4-ca98c1ede0be - - - - -] database.sqlite_synchronous = True log_opt_values /usr/lib/python3/dist-packages/oslo_config/cfg.py:2609
2025-05-05 00:40:32.056 168932 DEBUG oslo_service.service [req-d921a3c2-abac-425c-abe4-ca98c1ede0be - - - - -] database.use_db_reconnect = False log_opt_values /usr/lib/python3/dist-packages/oslo_config/cfg.py:2609
2025-05-05 00:40:32.056 168932 DEBUG oslo_service.service [req-d921a3c2-abac-425c-abe4-ca98c1ede0be - - - - -] api_database.backend = sqlalchemy log_opt_values /usr/lib/python3/dist-packages/oslo_config/cfg.py:2609
2025-05-05 00:40:32.056 168932 DEBUG oslo_service.service [req-d921a3c2-abac-425c-abe4-ca98c1ede0be - - - - -] api_database.connection = **** log_opt_values /usr/lib/python3/dist-packages/oslo_config/cfg.py:2609
2025-05-05 00:40:32.057 168932 DEBUG oslo_service.service [req-d921a3c2-abac-425c-abe4-ca98c1ede0be - - - - -] api_database.connection_debug = 0 log_opt_values /usr/lib/python3/dist-packages/oslo_config/cfg.py:2609
2025-05-05 00:40:32.057 168932 DEBUG oslo_service.service [req-d921a3c2-abac-425c-abe4-ca98c1ede0be - - - - -] api_database.connection_parameters = log_opt_values /usr/lib/python3/dist-packages/oslo_config/cfg.py:2609
2025-05-05 00:40:32.057 168932 DEBUG oslo_service.service [req-d921a3c2-abac-425c-abe4-ca98c1ede0be - - - - -] api_database.connection_recycle_time = 3600 log_opt_values /usr/lib/python3/dist-packages/oslo_config/cfg.py:2609
2025-05-05 00:40:32.058 168932 DEBUG oslo_service.service [req-d921a3c2-abac-425c-abe4-ca98c1ede0be - - - - -] api_database.connection_trace = False log_opt_values /usr/lib/python3/dist-packages/oslo_config/cfg.py:2609
2025-05-05 00:40:32.058 168932 DEBUG oslo_service.service [req-d921a3c2-abac-425c-abe4-ca98c1ede0be - - - - -] api_database.db_inc_retry_interval = True log_opt_values /usr/lib/python3/dist-packages/oslo_config/cfg.py:2609
2025-05-05 00:40:32.059 168932 DEBUG oslo_service.service [req-d921a3c2-abac-425c-abe4-ca98c1ede0be - - - - -] api_database.db_max_retries = 20 log_opt_values /usr/lib/python3/dist-packages/oslo_config/cfg.py:2609
2025-05-05 00:40:32.059 168932 DEBUG oslo_service.service [req-d921a3c2-abac-425c-abe4-ca98c1ede0be - - - - -] api_database.db_max_retry_interval = 10 log_opt_values /usr/lib/python3/dist-packages/oslo_config/cfg.py:2609
2025-05-05 00:40:32.059 168932 DEBUG oslo_service.service [req-d921a3c2-abac-425c-abe4-ca98c1ede0be - - - - -] api_database.db_retry_interval = 1 log_opt_values /usr/lib/python3/dist-packages/oslo_config/cfg.py:2609
2025-05-05 00:40:32.059 168932 DEBUG oslo_service.service [req-d921a3c2-abac-425c-abe4-ca98c1ede0be - - - - -] api_database.max_overflow = 50 log_opt_values /usr/lib/python3/dist-packages/oslo_config/cfg.py:2609
2025-05-05 00:40:32.059 168932 DEBUG oslo_service.service [req-d921a3c2-abac-425c-abe4-ca98c1ede0be - - - - -] api_database.max_pool_size = 4 log_opt_values /usr/lib/python3/dist-packages/oslo_config/cfg.py:2609
2025-05-05 00:40:32.060 168932 DEBUG oslo_service.service [req-d921a3c2-abac-425c-abe4-ca98c1ede0be - - - - -] api_database.max_retries = 10 log_opt_values /usr/lib/python3/dist-packages/oslo_config/cfg.py:2609
2025-05-05 00:40:32.060 168932 DEBUG oslo_service.service [req-d921a3c2-abac-425c-abe4-ca98c1ede0be - - - - -] api_database.mysql_enable_ndb = False log_opt_values /usr/lib/python3/dist-packages/oslo_config/cfg.py:2609
2025-05-05 00:40:32.060 168932 DEBUG oslo_service.service [req-d921a3c2-abac-425c-abe4-ca98c1ede0be - - - - -] api_database.mysql_sql_mode = TRADITIONAL log_opt_values /usr/lib/python3/dist-packages/oslo_config/cfg.py:2609
2025-05-05 00:40:32.060 169243 DEBUG oslo_messaging._drivers.amqpdriver [-] Listener is running poll /usr/lib/python3/dist-packages/oslo_messaging/_drivers/amqpdriver.py:343
2025-05-05 00:40:32.060 168932 DEBUG oslo_service.service [req-d921a3c2-abac-425c-abe4-ca98c1ede0be - - - - -] api_database.pool_timeout = None log_opt_values /usr/lib/python3/dist-packages/oslo_config/cfg.py:2609
2025-05-05 00:40:32.060 169243 DEBUG oslo_messaging._drivers.amqpdriver [-] AMQPListener connection consume poll /usr/lib/python3/dist-packages/oslo_messaging/_drivers/amqpdriver.py:357
2025-05-05 00:40:32.060 168932 DEBUG oslo_service.service [req-d921a3c2-abac-425c-abe4-ca98c1ede0be - - - - -] api_database.retry_interval = 10 log_opt_values /usr/lib/python3/dist-packages/oslo_config/cfg.py:2609
2025-05-05 00:40:32.060 168932 DEBUG oslo_service.service [req-d921a3c2-abac-425c-abe4-ca98c1ede0be - - - - -] api_database.slave_connection = **** log_opt_values /usr/lib/python3/dist-packages/oslo_config/cfg.py:2609
2025-05-05 00:40:32.061 168932 DEBUG oslo_service.service [req-d921a3c2-abac-425c-abe4-ca98c1ede0be - - - - -] api_database.sqlite_synchronous = True log_opt_values /usr/lib/python3/dist-packages/oslo_config/cfg.py:2609
2025-05-05 00:40:32.061 169243 DEBUG nova.service [req-8686688c-eac8-41dc-bd85-6123841efe50 - - - - -] Join ServiceGroup membership for this service conductor start /usr/lib/python3/dist-packages/nova/service.py:199
2025-05-05 00:40:32.061 168932 DEBUG oslo_service.service [req-d921a3c2-abac-425c-abe4-ca98c1ede0be - - - - -] devices.enabled_mdev_types = [] log_opt_values /usr/lib/python3/dist-packages/oslo_config/cfg.py:2609
2025-05-05 00:40:32.061 169243 DEBUG nova.servicegroup.drivers.db [req-8686688c-eac8-41dc-bd85-6123841efe50 - - - - -] DB_Driver: join new ServiceGroup member juju-fe8807-0-lxd-7 to the conductor group, service = join /usr/lib/python3/dist-packages/nova/servicegroup/drivers/db.py:44
2025-05-05 00:40:32.061 168932 DEBUG oslo_service.service [req-d921a3c2-abac-425c-abe4-ca98c1ede0be - - - - -] ephemeral_storage_encryption.cipher = aes-xts-plain64 log_opt_values /usr/lib/python3/dist-packages/oslo_config/cfg.py:2609
2025-05-05 00:40:32.061 168932 DEBUG oslo_service.service [req-d921a3c2-abac-425c-abe4-ca98c1ede0be - - - - -] ephemeral_storage_encryption.enabled = False log_opt_values /usr/lib/python3/dist-packages/oslo_config/cfg.py:2609
2025-05-05 00:40:32.062 168932 DEBUG oslo_service.service [req-d921a3c2-abac-425c-abe4-ca98c1ede0be - - - - -] ephemeral_storage_encryption.key_size = 512 log_opt_values /usr/lib/python3/dist-packages/oslo_config/cfg.py:2609
2025-05-05 00:40:32.062 168932 WARNING oslo_config.cfg [req-d921a3c2-abac-425c-abe4-ca98c1ede0be - - - - -] Deprecated: Option "api_servers" from group "glance" is deprecated for removal ( Support for image service configuration via standard keystoneauth1 Adapter options was added in the 17.0.0 Queens release. The api_servers option was retained temporarily to allow consumers time to cut over to a real load balancing solution. ). Its value may be silently ignored in the future.
2025-05-05 00:40:32.062 168932 DEBUG oslo_service.service [req-d921a3c2-abac-425c-abe4-ca98c1ede0be - - - - -] glance.api_servers = ['http://252.129.245.29:9292'] log_opt_values /usr/lib/python3/dist-packages/oslo_config/cfg.py:2609
2025-05-05 00:40:32.062 168932 DEBUG oslo_service.service [req-d921a3c2-abac-425c-abe4-ca98c1ede0be - - - - -] glance.cafile = None log_opt_values /usr/lib/python3/dist-packages/oslo_config/cfg.py:2609
2025-05-05 00:40:32.063 168932 DEBUG oslo_service.service [req-d921a3c2-abac-425c-abe4-ca98c1ede0be - - - - -] glance.certfile = None log_opt_values /usr/lib/python3/dist-packages/oslo_config/cfg.py:2609
2025-05-05 00:40:32.063 168932 DEBUG oslo_service.service [req-d921a3c2-abac-425c-abe4-ca98c1ede0be - - - - -] glance.collect_timing = False log_opt_values /usr/lib/python3/dist-packages/oslo_config/cfg.py:2609
2025-05-05 00:40:32.063 168932 DEBUG oslo_service.service [req-d921a3c2-abac-425c-abe4-ca98c1ede0be - - - - -] glance.connect_retries = None log_opt_values /usr/lib/python3/dist-packages/oslo_config/cfg.py:2609
2025-05-05 00:40:32.063 168932 DEBUG oslo_service.service [req-d921a3c2-abac-425c-abe4-ca98c1ede0be - - - - -] glance.connect_retry_delay = None log_opt_values /usr/lib/python3/dist-packages/oslo_config/cfg.py:2609
2025-05-05 00:40:32.063 169243 DEBUG oslo_messaging._drivers.amqpdriver [-] AMQPListener connection timeout poll /usr/lib/python3/dist-packages/oslo_messaging/_drivers/amqpdriver.py:360
2025-05-05 00:40:32.063 168932 DEBUG oslo_service.service [req-d921a3c2-abac-425c-abe4-ca98c1ede0be - - - - -] glance.debug = False log_opt_values /usr/lib/python3/dist-packages/oslo_config/cfg.py:2609
2025-05-05 00:40:32.064 169243 DEBUG oslo_messaging._drivers.amqpdriver [-] Listener is running poll /usr/lib/python3/dist-packages/oslo_messaging/_drivers/amqpdriver.py:343
2025-05-05 00:40:32.064 169243 DEBUG oslo_messaging._drivers.amqpdriver [-] AMQPListener connection consume poll /usr/lib/python3/dist-packages/oslo_messaging/_drivers/amqpdriver.py:357
2025-05-05 00:40:32.064 168932 DEBUG oslo_service.service [req-d921a3c2-abac-425c-abe4-ca98c1ede0be - - - - -] glance.default_trusted_certificate_ids = [] log_opt_values /usr/lib/python3/dist-packages/oslo_config/cfg.py:2609
2025-05-05 00:40:32.064 168932 DEBUG oslo_service.service [req-d921a3c2-abac-425c-abe4-ca98c1ede0be - - - - -] glance.enable_certificate_validation = False log_opt_values /usr/lib/python3/dist-packages/oslo_config/cfg.py:2609
2025-05-05 00:40:32.064 168932 DEBUG oslo_service.service [req-d921a3c2-abac-425c-abe4-ca98c1ede0be - - - - -] glance.enable_rbd_download = False log_opt_values /usr/lib/python3/dist-packages/oslo_config/cfg.py:2609
2025-05-05 00:40:32.064 168932 DEBUG oslo_service.service [req-d921a3c2-abac-425c-abe4-ca98c1ede0be - - - - -] glance.endpoint_override = None log_opt_values /usr/lib/python3/dist-packages/oslo_config/cfg.py:2609
2025-05-05 00:40:32.064 168932 DEBUG oslo_service.service [req-d921a3c2-abac-425c-abe4-ca98c1ede0be - - - - -] glance.insecure = False log_opt_values /usr/lib/python3/dist-packages/oslo_config/cfg.py:2609
2025-05-05 00:40:32.065 168932 DEBUG oslo_service.service [req-d921a3c2-abac-425c-abe4-ca98c1ede0be - - - - -] glance.keyfile = None log_opt_values /usr/lib/python3/dist-packages/oslo_config/cfg.py:2609
2025-05-05 00:40:32.065 168932 DEBUG oslo_service.service [req-d921a3c2-abac-425c-abe4-ca98c1ede0be - - - - -] glance.max_version = None log_opt_values /usr/lib/python3/dist-packages/oslo_config/cfg.py:2609
2025-05-05 00:40:32.065 168932 DEBUG oslo_service.service [req-d921a3c2-abac-425c-abe4-ca98c1ede0be - - - - -] glance.min_version = None log_opt_values /usr/lib/python3/dist-packages/oslo_config/cfg.py:2609
2025-05-05 00:40:32.065 168932 DEBUG oslo_service.service [req-d921a3c2-abac-425c-abe4-ca98c1ede0be - - - - -] glance.num_retries = 3 log_opt_values /usr/lib/python3/dist-packages/oslo_config/cfg.py:2609
2025-05-05 00:40:32.065 168932 DEBUG oslo_service.service [req-d921a3c2-abac-425c-abe4-ca98c1ede0be - - - - -] glance.rbd_ceph_conf = log_opt_values /usr/lib/python3/dist-packages/oslo_config/cfg.py:2609
2025-05-05 00:40:32.065 168932 DEBUG oslo_service.service [req-d921a3c2-abac-425c-abe4-ca98c1ede0be - - - - -] glance.rbd_connect_timeout = 5 log_opt_values /usr/lib/python3/dist-packages/oslo_config/cfg.py:2609
2025-05-05 00:40:32.066 168932 DEBUG oslo_service.service [req-d921a3c2-abac-425c-abe4-ca98c1ede0be - - - - -] glance.rbd_pool = log_opt_values /usr/lib/python3/dist-packages/oslo_config/cfg.py:2609
2025-05-05 00:40:32.066 168932 DEBUG oslo_service.service [req-d921a3c2-abac-425c-abe4-ca98c1ede0be - - - - -] glance.rbd_user = log_opt_values /usr/lib/python3/dist-packages/oslo_config/cfg.py:2609
2025-05-05 00:40:32.066 168932 DEBUG oslo_service.service [req-d921a3c2-abac-425c-abe4-ca98c1ede0be - - - - -] glance.region_name = None log_opt_values /usr/lib/python3/dist-packages/oslo_config/cfg.py:2609
2025-05-05 00:40:32.066 168932 DEBUG oslo_service.service [req-d921a3c2-abac-425c-abe4-ca98c1ede0be - - - - -] glance.service_name = None log_opt_values /usr/lib/python3/dist-packages/oslo_config/cfg.py:2609
2025-05-05 00:40:32.066 168932 DEBUG oslo_service.service [req-d921a3c2-abac-425c-abe4-ca98c1ede0be - - - - -] glance.service_type = image log_opt_values /usr/lib/python3/dist-packages/oslo_config/cfg.py:2609
2025-05-05 00:40:32.067 168932 DEBUG oslo_service.service [req-d921a3c2-abac-425c-abe4-ca98c1ede0be - - - - -] glance.split_loggers = False log_opt_values /usr/lib/python3/dist-packages/oslo_config/cfg.py:2609
2025-05-05 00:40:32.067 168932 DEBUG oslo_service.service [req-d921a3c2-abac-425c-abe4-ca98c1ede0be - - - - -] glance.status_code_retries = None log_opt_values /usr/lib/python3/dist-packages/oslo_config/cfg.py:2609
2025-05-05 00:40:32.067 168932 DEBUG oslo_service.service [req-d921a3c2-abac-425c-abe4-ca98c1ede0be - - - - -] glance.status_code_retry_delay = None log_opt_values /usr/lib/python3/dist-packages/oslo_config/cfg.py:2609
2025-05-05 00:40:32.067 168932 DEBUG oslo_service.service [req-d921a3c2-abac-425c-abe4-ca98c1ede0be - - - - -] glance.timeout = None log_opt_values /usr/lib/python3/dist-packages/oslo_config/cfg.py:2609
2025-05-05 00:40:32.067 168932 DEBUG oslo_service.service [req-d921a3c2-abac-425c-abe4-ca98c1ede0be - - - - -] glance.valid_interfaces = ['internal', 'public'] log_opt_values /usr/lib/python3/dist-packages/oslo_config/cfg.py:2609
2025-05-05 00:40:32.068 168932 DEBUG oslo_service.service [req-d921a3c2-abac-425c-abe4-ca98c1ede0be - - - - -] glance.verify_glance_signatures = False log_opt_values /usr/lib/python3/dist-packages/oslo_config/cfg.py:2609
2025-05-05 00:40:32.068 168932 DEBUG oslo_service.service [req-d921a3c2-abac-425c-abe4-ca98c1ede0be - - - - -] glance.version = None log_opt_values /usr/lib/python3/dist-packages/oslo_config/cfg.py:2609
2025-05-05 00:40:32.068 168932 DEBUG oslo_service.service [req-d921a3c2-abac-425c-abe4-ca98c1ede0be - - - - -] guestfs.debug = False log_opt_values /usr/lib/python3/dist-packages/oslo_config/cfg.py:2609
2025-05-05 00:40:32.068 168932 DEBUG oslo_service.service [req-d921a3c2-abac-425c-abe4-ca98c1ede0be - - - - -] hyperv.config_drive_cdrom = False log_opt_values /usr/lib/python3/dist-packages/oslo_config/cfg.py:2609
2025-05-05 00:40:32.068 168932 DEBUG oslo_service.service [req-d921a3c2-abac-425c-abe4-ca98c1ede0be - - - - -] hyperv.config_drive_inject_password = False log_opt_values /usr/lib/python3/dist-packages/oslo_config/cfg.py:2609
2025-05-05 00:40:32.068 168932 DEBUG oslo_service.service [req-d921a3c2-abac-425c-abe4-ca98c1ede0be - - - - -] hyperv.dynamic_memory_ratio = 1.0 log_opt_values /usr/lib/python3/dist-packages/oslo_config/cfg.py:2609
2025-05-05 00:40:32.069 168932 DEBUG oslo_service.service [req-d921a3c2-abac-425c-abe4-ca98c1ede0be - - - - -] hyperv.enable_instance_metrics_collection = False log_opt_values /usr/lib/python3/dist-packages/oslo_config/cfg.py:2609
2025-05-05 00:40:32.069 168932 DEBUG oslo_service.service [req-d921a3c2-abac-425c-abe4-ca98c1ede0be - - - - -] hyperv.enable_remotefx = False log_opt_values /usr/lib/python3/dist-packages/oslo_config/cfg.py:2609
2025-05-05 00:40:32.069 168932 DEBUG oslo_service.service [req-d921a3c2-abac-425c-abe4-ca98c1ede0be - - - - -] hyperv.instances_path_share = log_opt_values /usr/lib/python3/dist-packages/oslo_config/cfg.py:2609
2025-05-05 00:40:32.069 168932 DEBUG oslo_service.service [req-d921a3c2-abac-425c-abe4-ca98c1ede0be - - - - -] hyperv.iscsi_initiator_list = [] log_opt_values /usr/lib/python3/dist-packages/oslo_config/cfg.py:2609
2025-05-05 00:40:32.069 168932 DEBUG oslo_service.service [req-d921a3c2-abac-425c-abe4-ca98c1ede0be - - - - -] hyperv.limit_cpu_features = False log_opt_values /usr/lib/python3/dist-packages/oslo_config/cfg.py:2609
2025-05-05 00:40:32.070 168932 DEBUG oslo_service.service [req-d921a3c2-abac-425c-abe4-ca98c1ede0be - - - - -] hyperv.mounted_disk_query_retry_count = 10 log_opt_values /usr/lib/python3/dist-packages/oslo_config/cfg.py:2609
2025-05-05 00:40:32.070 168932 DEBUG oslo_service.service [req-d921a3c2-abac-425c-abe4-ca98c1ede0be - - - - -] hyperv.mounted_disk_query_retry_interval = 5 log_opt_values /usr/lib/python3/dist-packages/oslo_config/cfg.py:2609
2025-05-05 00:40:32.070 168932 DEBUG oslo_service.service [req-d921a3c2-abac-425c-abe4-ca98c1ede0be - - - - -] hyperv.power_state_check_timeframe = 60 log_opt_values /usr/lib/python3/dist-packages/oslo_config/cfg.py:2609
2025-05-05 00:40:32.070 168932 DEBUG oslo_service.service [req-d921a3c2-abac-425c-abe4-ca98c1ede0be - - - - -] hyperv.power_state_event_polling_interval = 2 log_opt_values /usr/lib/python3/dist-packages/oslo_config/cfg.py:2609
2025-05-05 00:40:32.070 168932 DEBUG oslo_service.service [req-d921a3c2-abac-425c-abe4-ca98c1ede0be - - - - -] hyperv.qemu_img_cmd = qemu-img.exe log_opt_values /usr/lib/python3/dist-packages/oslo_config/cfg.py:2609
2025-05-05 00:40:32.071 168932 DEBUG oslo_service.service [req-d921a3c2-abac-425c-abe4-ca98c1ede0be - - - - -] hyperv.use_multipath_io = False log_opt_values /usr/lib/python3/dist-packages/oslo_config/cfg.py:2609
2025-05-05 00:40:32.071 168932 DEBUG oslo_service.service [req-d921a3c2-abac-425c-abe4-ca98c1ede0be - - - - -] hyperv.volume_attach_retry_count = 10 log_opt_values /usr/lib/python3/dist-packages/oslo_config/cfg.py:2609
2025-05-05 00:40:32.071 168932 DEBUG oslo_service.service [req-d921a3c2-abac-425c-abe4-ca98c1ede0be - - - - -] hyperv.volume_attach_retry_interval = 5 log_opt_values /usr/lib/python3/dist-packages/oslo_config/cfg.py:2609
2025-05-05 00:40:32.071 168932 DEBUG oslo_service.service [req-d921a3c2-abac-425c-abe4-ca98c1ede0be - - - - -] hyperv.vswitch_name = None log_opt_values /usr/lib/python3/dist-packages/oslo_config/cfg.py:2609
2025-05-05 00:40:32.071 168932 DEBUG oslo_service.service [req-d921a3c2-abac-425c-abe4-ca98c1ede0be - - - - -] hyperv.wait_soft_reboot_seconds = 60 log_opt_values /usr/lib/python3/dist-packages/oslo_config/cfg.py:2609
2025-05-05 00:40:32.071 168932 DEBUG oslo_service.service [req-d921a3c2-abac-425c-abe4-ca98c1ede0be - - - - -] mks.enabled = False log_opt_values /usr/lib/python3/dist-packages/oslo_config/cfg.py:2609
2025-05-05 00:40:32.072 168932 DEBUG oslo_service.service [req-d921a3c2-abac-425c-abe4-ca98c1ede0be - - - - -] mks.mksproxy_base_url = http://127.0.0.1:6090/ log_opt_values /usr/lib/python3/dist-packages/oslo_config/cfg.py:2609
