2025-05-05 00:40:04.718 159286 DEBUG oslo_service.service [req-e1f93395-fa85-48f0-9dfa-8ce75c06b232 - - - - -] database.connection = **** log_opt_values /usr/lib/python3/dist-packages/oslo_config/cfg.py:2609
2025-05-05 00:40:04.719 159286 DEBUG oslo_service.service [req-e1f93395-fa85-48f0-9dfa-8ce75c06b232 - - - - -] database.connection_debug = 0 log_opt_values /usr/lib/python3/dist-packages/oslo_config/cfg.py:2609
2025-05-05 00:40:04.719 159286 DEBUG oslo_service.service [req-e1f93395-fa85-48f0-9dfa-8ce75c06b232 - - - - -] database.connection_parameters = log_opt_values /usr/lib/python3/dist-packages/oslo_config/cfg.py:2609
2025-05-05 00:40:04.720 159286 DEBUG oslo_service.service [req-e1f93395-fa85-48f0-9dfa-8ce75c06b232 - - - - -] database.connection_recycle_time = 3600 log_opt_values /usr/lib/python3/dist-packages/oslo_config/cfg.py:2609
2025-05-05 00:40:04.720 159286 DEBUG oslo_service.service [req-e1f93395-fa85-48f0-9dfa-8ce75c06b232 - - - - -] database.connection_trace = False log_opt_values /usr/lib/python3/dist-packages/oslo_config/cfg.py:2609
2025-05-05 00:40:04.720 159286 DEBUG oslo_service.service [req-e1f93395-fa85-48f0-9dfa-8ce75c06b232 - - - - -] database.db_inc_retry_interval = True log_opt_values /usr/lib/python3/dist-packages/oslo_config/cfg.py:2609
2025-05-05 00:40:04.720 159679 DEBUG oslo_messaging._drivers.amqpdriver [-] AMQPListener connection timeout poll /usr/lib/python3/dist-packages/oslo_messaging/_drivers/amqpdriver.py:360
2025-05-05 00:40:04.720 159286 DEBUG oslo_service.service [req-e1f93395-fa85-48f0-9dfa-8ce75c06b232 - - - - -] database.db_max_retries = 20 log_opt_values /usr/lib/python3/dist-packages/oslo_config/cfg.py:2609
2025-05-05 00:40:04.721 159286 DEBUG oslo_service.service [req-e1f93395-fa85-48f0-9dfa-8ce75c06b232 - - - - -] database.db_max_retry_interval = 10 log_opt_values /usr/lib/python3/dist-packages/oslo_config/cfg.py:2609
2025-05-05 00:40:04.721 159679 DEBUG oslo_messaging._drivers.amqpdriver [-] Listener is running poll /usr/lib/python3/dist-packages/oslo_messaging/_drivers/amqpdriver.py:343
2025-05-05 00:40:04.721 159286 DEBUG oslo_service.service [req-e1f93395-fa85-48f0-9dfa-8ce75c06b232 - - - - -] database.db_retry_interval = 1 log_opt_values /usr/lib/python3/dist-packages/oslo_config/cfg.py:2609
2025-05-05 00:40:04.722 159286 DEBUG oslo_service.service [req-e1f93395-fa85-48f0-9dfa-8ce75c06b232 - - - - -] database.max_overflow = 50 log_opt_values /usr/lib/python3/dist-packages/oslo_config/cfg.py:2609
2025-05-05 00:40:04.721 159679 DEBUG oslo_messaging._drivers.amqpdriver [-] Poll the incoming message with unique_id: b290829288af407e8e3233ac12c64316 poll /usr/lib/python3/dist-packages/oslo_messaging/_drivers/amqpdriver.py:346
2025-05-05 00:40:04.722 159286 DEBUG oslo_service.service [req-e1f93395-fa85-48f0-9dfa-8ce75c06b232 - - - - -] database.max_pool_size = 4 log_opt_values /usr/lib/python3/dist-packages/oslo_config/cfg.py:2609
2025-05-05 00:40:04.724 159286 DEBUG oslo_service.service [req-e1f93395-fa85-48f0-9dfa-8ce75c06b232 - - - - -] database.max_retries = 10 log_opt_values /usr/lib/python3/dist-packages/oslo_config/cfg.py:2609
2025-05-05 00:40:04.725 159679 DEBUG oslo_messaging._drivers.amqpdriver [-] Listener is running poll /usr/lib/python3/dist-packages/oslo_messaging/_drivers/amqpdriver.py:343
2025-05-05 00:40:04.726 159679 DEBUG oslo_messaging._drivers.amqpdriver [-] AMQPListener connection consume poll /usr/lib/python3/dist-packages/oslo_messaging/_drivers/amqpdriver.py:357
2025-05-05 00:40:04.725 159286 DEBUG oslo_service.service [req-e1f93395-fa85-48f0-9dfa-8ce75c06b232 - - - - -] database.mysql_enable_ndb = False log_opt_values /usr/lib/python3/dist-packages/oslo_config/cfg.py:2609
2025-05-05 00:40:04.726 159286 DEBUG oslo_service.service [req-e1f93395-fa85-48f0-9dfa-8ce75c06b232 - - - - -] database.mysql_sql_mode = TRADITIONAL log_opt_values /usr/lib/python3/dist-packages/oslo_config/cfg.py:2609
2025-05-05 00:40:04.727 159286 DEBUG oslo_service.service [req-e1f93395-fa85-48f0-9dfa-8ce75c06b232 - - - - -] database.pool_timeout = None log_opt_values /usr/lib/python3/dist-packages/oslo_config/cfg.py:2609
2025-05-05 00:40:04.727 159286 DEBUG oslo_service.service [req-e1f93395-fa85-48f0-9dfa-8ce75c06b232 - - - - -] database.retry_interval = 10 log_opt_values /usr/lib/python3/dist-packages/oslo_config/cfg.py:2609
2025-05-05 00:40:04.727 159286 DEBUG oslo_service.service [req-e1f93395-fa85-48f0-9dfa-8ce75c06b232 - - - - -] database.slave_connection = **** log_opt_values /usr/lib/python3/dist-packages/oslo_config/cfg.py:2609
2025-05-05 00:40:04.727 159678 DEBUG oslo_messaging._drivers.amqpdriver [-] Listener is running poll /usr/lib/python3/dist-packages/oslo_messaging/_drivers/amqpdriver.py:343
2025-05-05 00:40:04.727 159286 DEBUG oslo_service.service [req-e1f93395-fa85-48f0-9dfa-8ce75c06b232 - - - - -] database.sqlite_synchronous = True log_opt_values /usr/lib/python3/dist-packages/oslo_config/cfg.py:2609
2025-05-05 00:40:04.727 159286 DEBUG oslo_service.service [req-e1f93395-fa85-48f0-9dfa-8ce75c06b232 - - - - -] database.use_db_reconnect = False log_opt_values /usr/lib/python3/dist-packages/oslo_config/cfg.py:2609
2025-05-05 00:40:04.727 159678 DEBUG oslo_messaging._drivers.amqpdriver [-] AMQPListener connection consume poll /usr/lib/python3/dist-packages/oslo_messaging/_drivers/amqpdriver.py:357
2025-05-05 00:40:04.728 159286 DEBUG oslo_service.service [req-e1f93395-fa85-48f0-9dfa-8ce75c06b232 - - - - -] api_database.backend = sqlalchemy log_opt_values /usr/lib/python3/dist-packages/oslo_config/cfg.py:2609
2025-05-05 00:40:04.728 159286 DEBUG oslo_service.service [req-e1f93395-fa85-48f0-9dfa-8ce75c06b232 - - - - -] api_database.connection = **** log_opt_values /usr/lib/python3/dist-packages/oslo_config/cfg.py:2609
2025-05-05 00:40:04.728 159286 DEBUG oslo_service.service [req-e1f93395-fa85-48f0-9dfa-8ce75c06b232 - - - - -] api_database.connection_debug = 0 log_opt_values /usr/lib/python3/dist-packages/oslo_config/cfg.py:2609
2025-05-05 00:40:04.728 159286 DEBUG oslo_service.service [req-e1f93395-fa85-48f0-9dfa-8ce75c06b232 - - - - -] api_database.connection_parameters = log_opt_values /usr/lib/python3/dist-packages/oslo_config/cfg.py:2609
2025-05-05 00:40:04.728 159678 DEBUG nova.service [req-a15456b8-9209-4822-8438-76f027eed3da - - - - -] Join ServiceGroup membership for this service conductor start /usr/lib/python3/dist-packages/nova/service.py:199
2025-05-05 00:40:04.728 159286 DEBUG oslo_service.service [req-e1f93395-fa85-48f0-9dfa-8ce75c06b232 - - - - -] api_database.connection_recycle_time = 3600 log_opt_values /usr/lib/python3/dist-packages/oslo_config/cfg.py:2609
2025-05-05 00:40:04.729 159286 DEBUG oslo_service.service [req-e1f93395-fa85-48f0-9dfa-8ce75c06b232 - - - - -] api_database.connection_trace = False log_opt_values /usr/lib/python3/dist-packages/oslo_config/cfg.py:2609
2025-05-05 00:40:04.729 159678 DEBUG nova.servicegroup.drivers.db [req-a15456b8-9209-4822-8438-76f027eed3da - - - - -] DB_Driver: join new ServiceGroup member juju-fe8807-0-lxd-7 to the conductor group, service = join /usr/lib/python3/dist-packages/nova/servicegroup/drivers/db.py:44
2025-05-05 00:40:04.729 159286 DEBUG oslo_service.service [req-e1f93395-fa85-48f0-9dfa-8ce75c06b232 - - - - -] api_database.db_inc_retry_interval = True log_opt_values /usr/lib/python3/dist-packages/oslo_config/cfg.py:2609
2025-05-05 00:40:04.729 159286 DEBUG oslo_service.service [req-e1f93395-fa85-48f0-9dfa-8ce75c06b232 - - - - -] api_database.db_max_retries = 20 log_opt_values /usr/lib/python3/dist-packages/oslo_config/cfg.py:2609
2025-05-05 00:40:04.729 159286 DEBUG oslo_service.service [req-e1f93395-fa85-48f0-9dfa-8ce75c06b232 - - - - -] api_database.db_max_retry_interval = 10 log_opt_values /usr/lib/python3/dist-packages/oslo_config/cfg.py:2609
2025-05-05 00:40:04.730 159286 DEBUG oslo_service.service [req-e1f93395-fa85-48f0-9dfa-8ce75c06b232 - - - - -] api_database.db_retry_interval = 1 log_opt_values /usr/lib/python3/dist-packages/oslo_config/cfg.py:2609
2025-05-05 00:40:04.730 159286 DEBUG oslo_service.service [req-e1f93395-fa85-48f0-9dfa-8ce75c06b232 - - - - -] api_database.max_overflow = 50 log_opt_values /usr/lib/python3/dist-packages/oslo_config/cfg.py:2609
2025-05-05 00:40:04.730 159286 DEBUG oslo_service.service [req-e1f93395-fa85-48f0-9dfa-8ce75c06b232 - - - - -] api_database.max_pool_size = 4 log_opt_values /usr/lib/python3/dist-packages/oslo_config/cfg.py:2609
2025-05-05 00:40:04.731 159286 DEBUG oslo_service.service [req-e1f93395-fa85-48f0-9dfa-8ce75c06b232 - - - - -] api_database.max_retries = 10 log_opt_values /usr/lib/python3/dist-packages/oslo_config/cfg.py:2609
2025-05-05 00:40:04.731 159286 DEBUG oslo_service.service [req-e1f93395-fa85-48f0-9dfa-8ce75c06b232 - - - - -] api_database.mysql_enable_ndb = False log_opt_values /usr/lib/python3/dist-packages/oslo_config/cfg.py:2609
2025-05-05 00:40:04.731 159286 DEBUG oslo_service.service [req-e1f93395-fa85-48f0-9dfa-8ce75c06b232 - - - - -] api_database.mysql_sql_mode = TRADITIONAL log_opt_values /usr/lib/python3/dist-packages/oslo_config/cfg.py:2609
2025-05-05 00:40:04.731 159286 DEBUG oslo_service.service [req-e1f93395-fa85-48f0-9dfa-8ce75c06b232 - - - - -] api_database.pool_timeout = None log_opt_values /usr/lib/python3/dist-packages/oslo_config/cfg.py:2609
2025-05-05 00:40:04.731 159286 DEBUG oslo_service.service [req-e1f93395-fa85-48f0-9dfa-8ce75c06b232 - - - - -] api_database.retry_interval = 10 log_opt_values /usr/lib/python3/dist-packages/oslo_config/cfg.py:2609
2025-05-05 00:40:04.732 159286 DEBUG oslo_service.service [req-e1f93395-fa85-48f0-9dfa-8ce75c06b232 - - - - -] api_database.slave_connection = **** log_opt_values /usr/lib/python3/dist-packages/oslo_config/cfg.py:2609
2025-05-05 00:40:04.732 159286 DEBUG oslo_service.service [req-e1f93395-fa85-48f0-9dfa-8ce75c06b232 - - - - -] api_database.sqlite_synchronous = True log_opt_values /usr/lib/python3/dist-packages/oslo_config/cfg.py:2609
2025-05-05 00:40:04.732 159286 DEBUG oslo_service.service [req-e1f93395-fa85-48f0-9dfa-8ce75c06b232 - - - - -] devices.enabled_mdev_types = [] log_opt_values /usr/lib/python3/dist-packages/oslo_config/cfg.py:2609
2025-05-05 00:40:04.732 159678 DEBUG oslo_messaging._drivers.amqpdriver [-] AMQPListener connection timeout poll /usr/lib/python3/dist-packages/oslo_messaging/_drivers/amqpdriver.py:360
2025-05-05 00:40:04.733 159678 DEBUG oslo_messaging._drivers.amqpdriver [-] Listener is running poll /usr/lib/python3/dist-packages/oslo_messaging/_drivers/amqpdriver.py:343
2025-05-05 00:40:04.733 159678 DEBUG oslo_messaging._drivers.amqpdriver [-] AMQPListener connection consume poll /usr/lib/python3/dist-packages/oslo_messaging/_drivers/amqpdriver.py:357
2025-05-05 00:40:04.732 159286 DEBUG oslo_service.service [req-e1f93395-fa85-48f0-9dfa-8ce75c06b232 - - - - -] ephemeral_storage_encryption.cipher = aes-xts-plain64 log_opt_values /usr/lib/python3/dist-packages/oslo_config/cfg.py:2609
2025-05-05 00:40:04.733 159286 DEBUG oslo_service.service [req-e1f93395-fa85-48f0-9dfa-8ce75c06b232 - - - - -] ephemeral_storage_encryption.enabled = False log_opt_values /usr/lib/python3/dist-packages/oslo_config/cfg.py:2609
2025-05-05 00:40:04.734 159286 DEBUG oslo_service.service [req-e1f93395-fa85-48f0-9dfa-8ce75c06b232 - - - - -] ephemeral_storage_encryption.key_size = 512 log_opt_values /usr/lib/python3/dist-packages/oslo_config/cfg.py:2609
2025-05-05 00:40:04.734 159286 WARNING oslo_config.cfg [req-e1f93395-fa85-48f0-9dfa-8ce75c06b232 - - - - -] Deprecated: Option "api_servers" from group "glance" is deprecated for removal ( Support for image service configuration via standard keystoneauth1 Adapter options was added in the 17.0.0 Queens release. The api_servers option was retained temporarily to allow consumers time to cut over to a real load balancing solution. ). Its value may be silently ignored in the future.
2025-05-05 00:40:04.734 159286 DEBUG oslo_service.service [req-e1f93395-fa85-48f0-9dfa-8ce75c06b232 - - - - -] glance.api_servers = ['http://252.129.245.29:9292'] log_opt_values /usr/lib/python3/dist-packages/oslo_config/cfg.py:2609
2025-05-05 00:40:04.735 159286 DEBUG oslo_service.service [req-e1f93395-fa85-48f0-9dfa-8ce75c06b232 - - - - -] glance.cafile = None log_opt_values /usr/lib/python3/dist-packages/oslo_config/cfg.py:2609
2025-05-05 00:40:04.735 159286 DEBUG oslo_service.service [req-e1f93395-fa85-48f0-9dfa-8ce75c06b232 - - - - -] glance.certfile = None log_opt_values /usr/lib/python3/dist-packages/oslo_config/cfg.py:2609
2025-05-05 00:40:04.736 159286 DEBUG oslo_service.service [req-e1f93395-fa85-48f0-9dfa-8ce75c06b232 - - - - -] glance.collect_timing = False log_opt_values /usr/lib/python3/dist-packages/oslo_config/cfg.py:2609
2025-05-05 00:40:04.736 159286 DEBUG oslo_service.service [req-e1f93395-fa85-48f0-9dfa-8ce75c06b232 - - - - -] glance.connect_retries = None log_opt_values /usr/lib/python3/dist-packages/oslo_config/cfg.py:2609
2025-05-05 00:40:04.736 159286 DEBUG oslo_service.service [req-e1f93395-fa85-48f0-9dfa-8ce75c06b232 - - - - -] glance.connect_retry_delay = None log_opt_values /usr/lib/python3/dist-packages/oslo_config/cfg.py:2609
2025-05-05 00:40:04.736 159286 DEBUG oslo_service.service [req-e1f93395-fa85-48f0-9dfa-8ce75c06b232 - - - - -] glance.debug = False log_opt_values /usr/lib/python3/dist-packages/oslo_config/cfg.py:2609
2025-05-05 00:40:04.736 159286 DEBUG oslo_service.service [req-e1f93395-fa85-48f0-9dfa-8ce75c06b232 - - - - -] glance.default_trusted_certificate_ids = [] log_opt_values /usr/lib/python3/dist-packages/oslo_config/cfg.py:2609
2025-05-05 00:40:04.737 159286 DEBUG oslo_service.service [req-e1f93395-fa85-48f0-9dfa-8ce75c06b232 - - - - -] glance.enable_certificate_validation = False log_opt_values /usr/lib/python3/dist-packages/oslo_config/cfg.py:2609
2025-05-05 00:40:04.737 159286 DEBUG oslo_service.service [req-e1f93395-fa85-48f0-9dfa-8ce75c06b232 - - - - -] glance.enable_rbd_download = False log_opt_values /usr/lib/python3/dist-packages/oslo_config/cfg.py:2609
2025-05-05 00:40:04.737 159286 DEBUG oslo_service.service [req-e1f93395-fa85-48f0-9dfa-8ce75c06b232 - - - - -] glance.endpoint_override = None log_opt_values /usr/lib/python3/dist-packages/oslo_config/cfg.py:2609
2025-05-05 00:40:04.737 159286 DEBUG oslo_service.service [req-e1f93395-fa85-48f0-9dfa-8ce75c06b232 - - - - -] glance.insecure = False log_opt_values /usr/lib/python3/dist-packages/oslo_config/cfg.py:2609
2025-05-05 00:40:04.738 159286 DEBUG oslo_service.service [req-e1f93395-fa85-48f0-9dfa-8ce75c06b232 - - - - -] glance.keyfile = None log_opt_values /usr/lib/python3/dist-packages/oslo_config/cfg.py:2609
2025-05-05 00:40:04.738 159286 DEBUG oslo_service.service [req-e1f93395-fa85-48f0-9dfa-8ce75c06b232 - - - - -] glance.max_version = None log_opt_values /usr/lib/python3/dist-packages/oslo_config/cfg.py:2609
2025-05-05 00:40:04.738 159286 DEBUG oslo_service.service [req-e1f93395-fa85-48f0-9dfa-8ce75c06b232 - - - - -] glance.min_version = None log_opt_values /usr/lib/python3/dist-packages/oslo_config/cfg.py:2609
2025-05-05 00:40:04.738 159286 DEBUG oslo_service.service [req-e1f93395-fa85-48f0-9dfa-8ce75c06b232 - - - - -] glance.num_retries = 3 log_opt_values /usr/lib/python3/dist-packages/oslo_config/cfg.py:2609
2025-05-05 00:40:04.738 159286 DEBUG oslo_service.service [req-e1f93395-fa85-48f0-9dfa-8ce75c06b232 - - - - -] glance.rbd_ceph_conf = log_opt_values /usr/lib/python3/dist-packages/oslo_config/cfg.py:2609
2025-05-05 00:40:04.739 159286 DEBUG oslo_service.service [req-e1f93395-fa85-48f0-9dfa-8ce75c06b232 - - - - -] glance.rbd_connect_timeout = 5 log_opt_values /usr/lib/python3/dist-packages/oslo_config/cfg.py:2609
2025-05-05 00:40:04.739 159286 DEBUG oslo_service.service [req-e1f93395-fa85-48f0-9dfa-8ce75c06b232 - - - - -] glance.rbd_pool = log_opt_values /usr/lib/python3/dist-packages/oslo_config/cfg.py:2609
2025-05-05 00:40:04.739 159286 DEBUG oslo_service.service [req-e1f93395-fa85-48f0-9dfa-8ce75c06b232 - - - - -] glance.rbd_user = log_opt_values /usr/lib/python3/dist-packages/oslo_config/cfg.py:2609
2025-05-05 00:40:04.740 159286 DEBUG oslo_service.service [req-e1f93395-fa85-48f0-9dfa-8ce75c06b232 - - - - -] glance.region_name = None log_opt_values /usr/lib/python3/dist-packages/oslo_config/cfg.py:2609
2025-05-05 00:40:04.741 159286 DEBUG oslo_service.service [req-e1f93395-fa85-48f0-9dfa-8ce75c06b232 - - - - -] glance.service_name = None log_opt_values /usr/lib/python3/dist-packages/oslo_config/cfg.py:2609
2025-05-05 00:40:04.741 159286 DEBUG oslo_service.service [req-e1f93395-fa85-48f0-9dfa-8ce75c06b232 - - - - -] glance.service_type = image log_opt_values /usr/lib/python3/dist-packages/oslo_config/cfg.py:2609
2025-05-05 00:40:04.741 159286 DEBUG oslo_service.service [req-e1f93395-fa85-48f0-9dfa-8ce75c06b232 - - - - -] glance.split_loggers = False log_opt_values /usr/lib/python3/dist-packages/oslo_config/cfg.py:2609
2025-05-05 00:40:04.741 159286 DEBUG oslo_service.service [req-e1f93395-fa85-48f0-9dfa-8ce75c06b232 - - - - -] glance.status_code_retries = None log_opt_values /usr/lib/python3/dist-packages/oslo_config/cfg.py:2609
2025-05-05 00:40:04.742 159286 DEBUG oslo_service.service [req-e1f93395-fa85-48f0-9dfa-8ce75c06b232 - - - - -] glance.status_code_retry_delay = None log_opt_values /usr/lib/python3/dist-packages/oslo_config/cfg.py:2609
2025-05-05 00:40:04.742 159286 DEBUG oslo_service.service [req-e1f93395-fa85-48f0-9dfa-8ce75c06b232 - - - - -] glance.timeout = None log_opt_values /usr/lib/python3/dist-packages/oslo_config/cfg.py:2609
2025-05-05 00:40:04.742 159286 DEBUG oslo_service.service [req-e1f93395-fa85-48f0-9dfa-8ce75c06b232 - - - - -] glance.valid_interfaces = ['internal', 'public'] log_opt_values /usr/lib/python3/dist-packages/oslo_config/cfg.py:2609
2025-05-05 00:40:04.742 159286 DEBUG oslo_service.service [req-e1f93395-fa85-48f0-9dfa-8ce75c06b232 - - - - -] glance.verify_glance_signatures = False log_opt_values /usr/lib/python3/dist-packages/oslo_config/cfg.py:2609
2025-05-05 00:40:04.743 159286 DEBUG oslo_service.service [req-e1f93395-fa85-48f0-9dfa-8ce75c06b232 - - - - -] glance.version = None log_opt_values /usr/lib/python3/dist-packages/oslo_config/cfg.py:2609
2025-05-05 00:40:04.743 159286 DEBUG oslo_service.service [req-e1f93395-fa85-48f0-9dfa-8ce75c06b232 - - - - -] guestfs.debug = False log_opt_values /usr/lib/python3/dist-packages/oslo_config/cfg.py:2609
2025-05-05 00:40:04.743 159286 DEBUG oslo_service.service [req-e1f93395-fa85-48f0-9dfa-8ce75c06b232 - - - - -] hyperv.config_drive_cdrom = False log_opt_values /usr/lib/python3/dist-packages/oslo_config/cfg.py:2609
2025-05-05 00:40:04.743 159286 DEBUG oslo_service.service [req-e1f93395-fa85-48f0-9dfa-8ce75c06b232 - - - - -] hyperv.config_drive_inject_password = False log_opt_values /usr/lib/python3/dist-packages/oslo_config/cfg.py:2609
2025-05-05 00:40:04.744 159286 DEBUG oslo_service.service [req-e1f93395-fa85-48f0-9dfa-8ce75c06b232 - - - - -] hyperv.dynamic_memory_ratio = 1.0 log_opt_values /usr/lib/python3/dist-packages/oslo_config/cfg.py:2609
2025-05-05 00:40:04.744 159286 DEBUG oslo_service.service [req-e1f93395-fa85-48f0-9dfa-8ce75c06b232 - - - - -] hyperv.enable_instance_metrics_collection = False log_opt_values /usr/lib/python3/dist-packages/oslo_config/cfg.py:2609
2025-05-05 00:40:04.744 159286 DEBUG oslo_service.service [req-e1f93395-fa85-48f0-9dfa-8ce75c06b232 - - - - -] hyperv.enable_remotefx = False log_opt_values /usr/lib/python3/dist-packages/oslo_config/cfg.py:2609
2025-05-05 00:40:04.744 159286 DEBUG oslo_service.service [req-e1f93395-fa85-48f0-9dfa-8ce75c06b232 - - - - -] hyperv.instances_path_share = log_opt_values /usr/lib/python3/dist-packages/oslo_config/cfg.py:2609
2025-05-05 00:40:04.745 159286 DEBUG oslo_service.service [req-e1f93395-fa85-48f0-9dfa-8ce75c06b232 - - - - -] hyperv.iscsi_initiator_list = [] log_opt_values /usr/lib/python3/dist-packages/oslo_config/cfg.py:2609
2025-05-05 00:40:04.746 159286 DEBUG oslo_service.service [req-e1f93395-fa85-48f0-9dfa-8ce75c06b232 - - - - -] hyperv.limit_cpu_features = False log_opt_values /usr/lib/python3/dist-packages/oslo_config/cfg.py:2609
2025-05-05 00:40:04.748 159677 DEBUG oslo_messaging._drivers.amqpdriver [-] Listener is running poll /usr/lib/python3/dist-packages/oslo_messaging/_drivers/amqpdriver.py:343
2025-05-05 00:40:04.748 159677 DEBUG oslo_messaging._drivers.amqpdriver [-] AMQPListener connection consume poll /usr/lib/python3/dist-packages/oslo_messaging/_drivers/amqpdriver.py:357
2025-05-05 00:40:04.749 159677 DEBUG nova.service [req-a0c62059-5e80-4836-9ad4-8a1cf296b853 - - - - -] Join ServiceGroup membership for this service conductor start /usr/lib/python3/dist-packages/nova/service.py:199
2025-05-05 00:40:04.749 159677 DEBUG nova.servicegroup.drivers.db [req-a0c62059-5e80-4836-9ad4-8a1cf296b853 - - - - -] DB_Driver: join new ServiceGroup member juju-fe8807-0-lxd-7 to the conductor group, service = join /usr/lib/python3/dist-packages/nova/servicegroup/drivers/db.py:44
2025-05-05 00:40:04.748 159286 DEBUG oslo_service.service [req-e1f93395-fa85-48f0-9dfa-8ce75c06b232 - - - - -] hyperv.mounted_disk_query_retry_count = 10 log_opt_values /usr/lib/python3/dist-packages/oslo_config/cfg.py:2609
2025-05-05 00:40:04.752 159677 DEBUG oslo_messaging._drivers.amqpdriver [-] AMQPListener connection timeout poll /usr/lib/python3/dist-packages/oslo_messaging/_drivers/amqpdriver.py:360
2025-05-05 00:40:04.752 159677 DEBUG oslo_messaging._drivers.amqpdriver [-] Listener is running poll /usr/lib/python3/dist-packages/oslo_messaging/_drivers/amqpdriver.py:343
2025-05-05 00:40:04.753 159677 DEBUG oslo_messaging._drivers.amqpdriver [-] AMQPListener connection consume poll /usr/lib/python3/dist-packages/oslo_messaging/_drivers/amqpdriver.py:357
2025-05-05 00:40:04.750 159286 DEBUG oslo_service.service [req-e1f93395-fa85-48f0-9dfa-8ce75c06b232 - - - - -] hyperv.mounted_disk_query_retry_interval = 5 log_opt_values /usr/lib/python3/dist-packages/oslo_config/cfg.py:2609
2025-05-05 00:40:04.753 159679 DEBUG oslo_messaging._drivers.amqpdriver [req-3e81f7f1-57d6-4b05-a0de-cd658878f1a4 - - - - -] sending reply msg_id: 52b38023ecf44383a097dca03904aa7f reply queue: reply_75a1250e55ad4cdda600fd502c2721e1 time elapsed: 0.03482797300011953s _send_reply /usr/lib/python3/dist-packages/oslo_messaging/_drivers/amqpdriver.py:118
2025-05-05 00:40:04.753 159286 DEBUG oslo_service.service [req-e1f93395-fa85-48f0-9dfa-8ce75c06b232 - - - - -] hyperv.power_state_check_timeframe = 60 log_opt_values /usr/lib/python3/dist-packages/oslo_config/cfg.py:2609
2025-05-05 00:40:04.754 159286 DEBUG oslo_service.service [req-e1f93395-fa85-48f0-9dfa-8ce75c06b232 - - - - -] hyperv.power_state_event_polling_interval = 2 log_opt_values /usr/lib/python3/dist-packages/oslo_config/cfg.py:2609
2025-05-05 00:40:04.754 159286 DEBUG oslo_service.service [req-e1f93395-fa85-48f0-9dfa-8ce75c06b232 - - - - -] hyperv.qemu_img_cmd = qemu-img.exe log_opt_values /usr/lib/python3/dist-packages/oslo_config/cfg.py:2609
2025-05-05 00:40:04.753 159676 DEBUG oslo_messaging._drivers.amqpdriver [-] Listener is running poll /usr/lib/python3/dist-packages/oslo_messaging/_drivers/amqpdriver.py:343
2025-05-05 00:40:04.755 159676 DEBUG oslo_messaging._drivers.amqpdriver [-] AMQPListener connection consume poll /usr/lib/python3/dist-packages/oslo_messaging/_drivers/amqpdriver.py:357
2025-05-05 00:40:04.754 159286 DEBUG oslo_service.service [req-e1f93395-fa85-48f0-9dfa-8ce75c06b232 - - - - -] hyperv.use_multipath_io = False log_opt_values /usr/lib/python3/dist-packages/oslo_config/cfg.py:2609
2025-05-05 00:40:04.756 159286 DEBUG oslo_service.service [req-e1f93395-fa85-48f0-9dfa-8ce75c06b232 - - - - -] hyperv.volume_attach_retry_count = 10 log_opt_values /usr/lib/python3/dist-packages/oslo_config/cfg.py:2609
2025-05-05 00:40:04.758 159286 DEBUG oslo_service.service [req-e1f93395-fa85-48f0-9dfa-8ce75c06b232 - - - - -] hyperv.volume_attach_retry_interval = 5 log_opt_values /usr/lib/python3/dist-packages/oslo_config/cfg.py:2609
2025-05-05 00:40:04.759 159286 DEBUG oslo_service.service [req-e1f93395-fa85-48f0-9dfa-8ce75c06b232 - - - - -] hyperv.vswitch_name = None log_opt_values /usr/lib/python3/dist-packages/oslo_config/cfg.py:2609
2025-05-05 00:40:04.760 159286 DEBUG oslo_service.service [req-e1f93395-fa85-48f0-9dfa-8ce75c06b232 - - - - -] hyperv.wait_soft_reboot_seconds = 60 log_opt_values /usr/lib/python3/dist-packages/oslo_config/cfg.py:2609
2025-05-05 00:40:04.759 159676 DEBUG nova.service [req-6960e73f-0f41-43b9-9535-80462bdb1ca7 - - - - -] Join ServiceGroup membership for this service conductor start /usr/lib/python3/dist-packages/nova/service.py:199
2025-05-05 00:40:04.760 159286 DEBUG oslo_service.service [req-e1f93395-fa85-48f0-9dfa-8ce75c06b232 - - - - -] mks.enabled = False log_opt_values /usr/lib/python3/dist-packages/oslo_config/cfg.py:2609
2025-05-05 00:40:04.761 159676 DEBUG nova.servicegroup.drivers.db [req-6960e73f-0f41-43b9-9535-80462bdb1ca7 - - - - -] DB_Driver: join new ServiceGroup member juju-fe8807-0-lxd-7 to the conductor group, service = join /usr/lib/python3/dist-packages/nova/servicegroup/drivers/db.py:44
2025-05-05 00:40:04.762 159286 DEBUG oslo_service.service [req-e1f93395-fa85-48f0-9dfa-8ce75c06b232 - - - - -] mks.mksproxy_base_url = http://127.0.0.1:6090/ log_opt_values /usr/lib/python3/dist-packages/oslo_config/cfg.py:2609
2025-05-05 00:40:04.763 159286 DEBUG oslo_service.service [req-e1f93395-fa85-48f0-9dfa-8ce75c06b232 - - - - -] image_cache.manager_interval = 2400 log_opt_values /usr/lib/python3/dist-packages/oslo_config/cfg.py:2609
2025-05-05 00:40:04.763 159286 DEBUG oslo_service.service [req-e1f93395-fa85-48f0-9dfa-8ce75c06b232 - - - - -] image_cache.precache_concurrency = 1 log_opt_values /usr/lib/python3/dist-packages/oslo_config/cfg.py:2609
2025-05-05 00:40:04.764 159676 DEBUG oslo_messaging._drivers.amqpdriver [-] AMQPListener connection timeout poll /usr/lib/python3/dist-packages/oslo_messaging/_drivers/amqpdriver.py:360
2025-05-05 00:40:04.764 159676 DEBUG oslo_messaging._drivers.amqpdriver [-] Listener is running poll /usr/lib/python3/dist-packages/oslo_messaging/_drivers/amqpdriver.py:343
2025-05-05 00:40:04.764 159676 DEBUG oslo_messaging._drivers.amqpdriver [-] AMQPListener connection consume poll /usr/lib/python3/dist-packages/oslo_messaging/_drivers/amqpdriver.py:357
2025-05-05 00:40:04.764 159679 DEBUG oslo_messaging._drivers.amqpdriver [-] received message msg_id: e18983346a1442878e7d153cb619d52b reply to reply_75a1250e55ad4cdda600fd502c2721e1 __call__ /usr/lib/python3/dist-packages/oslo_messaging/_drivers/amqpdriver.py:320
2025-05-05 00:40:04.764 159286 DEBUG oslo_service.service [req-e1f93395-fa85-48f0-9dfa-8ce75c06b232 - - - - -] image_cache.remove_unused_base_images = True log_opt_values /usr/lib/python3/dist-packages/oslo_config/cfg.py:2609
2025-05-05 00:40:04.765 159679 DEBUG oslo_messaging._drivers.amqpdriver [-] Listener is running poll /usr/lib/python3/dist-packages/oslo_messaging/_drivers/amqpdriver.py:343
2025-05-05 00:40:04.765 159286 DEBUG oslo_service.service [req-e1f93395-fa85-48f0-9dfa-8ce75c06b232 - - - - -] image_cache.remove_unused_original_minimum_age_seconds = 86400 log_opt_values /usr/lib/python3/dist-packages/oslo_config/cfg.py:2609
2025-05-05 00:40:04.765 159679 DEBUG oslo_messaging._drivers.amqpdriver [-] Poll the incoming message with unique_id: ae76508a412f4fbd9bf548a4f3b30444 poll /usr/lib/python3/dist-packages/oslo_messaging/_drivers/amqpdriver.py:346
2025-05-05 00:40:04.765 159286 DEBUG oslo_service.service [req-e1f93395-fa85-48f0-9dfa-8ce75c06b232 - - - - -] image_cache.remove_unused_resized_minimum_age_seconds = 3600 log_opt_values /usr/lib/python3/dist-packages/oslo_config/cfg.py:2609
2025-05-05 00:40:04.765 159679 DEBUG oslo_messaging._drivers.amqpdriver [-] Listener is running poll /usr/lib/python3/dist-packages/oslo_messaging/_drivers/amqpdriver.py:343
2025-05-05 00:40:04.765 159286 DEBUG oslo_service.service [req-e1f93395-fa85-48f0-9dfa-8ce75c06b232 - - - - -] image_cache.subdirectory_name = _base log_opt_values /usr/lib/python3/dist-packages/oslo_config/cfg.py:2609
2025-05-05 00:40:04.765 159679 DEBUG oslo_messaging._drivers.amqpdriver [-] AMQPListener connection consume poll /usr/lib/python3/dist-packages/oslo_messaging/_drivers/amqpdriver.py:357
2025-05-05 00:40:04.765 159286 DEBUG oslo_service.service [req-e1f93395-fa85-48f0-9dfa-8ce75c06b232 - - - - -] ironic.api_max_retries = 60 log_opt_values /usr/lib/python3/dist-packages/oslo_config/cfg.py:2609
2025-05-05 00:40:04.766 159286 DEBUG oslo_service.service [req-e1f93395-fa85-48f0-9dfa-8ce75c06b232 - - - - -] ironic.api_retry_interval = 2 log_opt_values /usr/lib/python3/dist-packages/oslo_config/cfg.py:2609
2025-05-05 00:40:04.766 159286 DEBUG oslo_service.service [req-e1f93395-fa85-48f0-9dfa-8ce75c06b232 - - - - -] ironic.auth_section = None log_opt_values /usr/lib/python3/dist-packages/oslo_config/cfg.py:2609
2025-05-05 00:40:04.766 159286 DEBUG oslo_service.service [req-e1f93395-fa85-48f0-9dfa-8ce75c06b232 - - - - -] ironic.auth_type = None log_opt_values /usr/lib/python3/dist-packages/oslo_config/cfg.py:2609
2025-05-05 00:40:04.766 159286 DEBUG oslo_service.service [req-e1f93395-fa85-48f0-9dfa-8ce75c06b232 - - - - -] ironic.cafile = None log_opt_values /usr/lib/python3/dist-packages/oslo_config/cfg.py:2609
2025-05-05 00:40:04.766 159286 DEBUG oslo_service.service [req-e1f93395-fa85-48f0-9dfa-8ce75c06b232 - - - - -] ironic.certfile = None log_opt_values /usr/lib/python3/dist-packages/oslo_config/cfg.py:2609
2025-05-05 00:40:04.767 159286 DEBUG oslo_service.service [req-e1f93395-fa85-48f0-9dfa-8ce75c06b232 - - - - -] ironic.collect_timing = False log_opt_values /usr/lib/python3/dist-packages/oslo_config/cfg.py:2609
2025-05-05 00:40:04.767 159286 DEBUG oslo_service.service [req-e1f93395-fa85-48f0-9dfa-8ce75c06b232 - - - - -] ironic.connect_retries = None log_opt_values /usr/lib/python3/dist-packages/oslo_config/cfg.py:2609
2025-05-05 00:40:04.767 159286 DEBUG oslo_service.service [req-e1f93395-fa85-48f0-9dfa-8ce75c06b232 - - - - -] ironic.connect_retry_delay = None log_opt_values /usr/lib/python3/dist-packages/oslo_config/cfg.py:2609
2025-05-05 00:40:04.767 159286 DEBUG oslo_service.service [req-e1f93395-fa85-48f0-9dfa-8ce75c06b232 - - - - -] ironic.endpoint_override = None log_opt_values /usr/lib/python3/dist-packages/oslo_config/cfg.py:2609
2025-05-05 00:40:04.767 159286 DEBUG oslo_service.service [req-e1f93395-fa85-48f0-9dfa-8ce75c06b232 - - - - -] ironic.insecure = False log_opt_values /usr/lib/python3/dist-packages/oslo_config/cfg.py:2609
2025-05-05 00:40:04.767 159679 DEBUG oslo_messaging._drivers.amqpdriver [-] AMQPListener connection timeout poll /usr/lib/python3/dist-packages/oslo_messaging/_drivers/amqpdriver.py:360
2025-05-05 00:40:04.767 159679 DEBUG oslo_messaging._drivers.amqpdriver [-] Listener is running poll /usr/lib/python3/dist-packages/oslo_messaging/_drivers/amqpdriver.py:343
2025-05-05 00:40:04.767 159286 DEBUG oslo_service.service [req-e1f93395-fa85-48f0-9dfa-8ce75c06b232 - - - - -] ironic.keyfile = None log_opt_values /usr/lib/python3/dist-packages/oslo_config/cfg.py:2609
2025-05-05 00:40:04.768 159679 DEBUG oslo_messaging._drivers.amqpdriver [-] AMQPListener connection consume poll /usr/lib/python3/dist-packages/oslo_messaging/_drivers/amqpdriver.py:357
2025-05-05 00:40:04.768 159286 DEBUG oslo_service.service [req-e1f93395-fa85-48f0-9dfa-8ce75c06b232 - - - - -] ironic.max_version = None log_opt_values /usr/lib/python3/dist-packages/oslo_config/cfg.py:2609
2025-05-05 00:40:04.768 159286 DEBUG oslo_service.service [req-e1f93395-fa85-48f0-9dfa-8ce75c06b232 - - - - -] ironic.min_version = None log_opt_values /usr/lib/python3/dist-packages/oslo_config/cfg.py:2609
2025-05-05 00:40:04.768 159286 DEBUG oslo_service.service [req-e1f93395-fa85-48f0-9dfa-8ce75c06b232 - - - - -] ironic.partition_key = None log_opt_values /usr/lib/python3/dist-packages/oslo_config/cfg.py:2609
2025-05-05 00:40:04.768 159286 DEBUG oslo_service.service [req-e1f93395-fa85-48f0-9dfa-8ce75c06b232 - - - - -] ironic.peer_list = [] log_opt_values /usr/lib/python3/dist-packages/oslo_config/cfg.py:2609
2025-05-05 00:40:04.768 159286 DEBUG oslo_service.service [req-e1f93395-fa85-48f0-9dfa-8ce75c06b232 - - - - -] ironic.region_name = None log_opt_values /usr/lib/python3/dist-packages/oslo_config/cfg.py:2609
2025-05-05 00:40:04.769 159286 DEBUG oslo_service.service [req-e1f93395-fa85-48f0-9dfa-8ce75c06b232 - - - - -] ironic.serial_console_state_timeout = 10 log_opt_values /usr/lib/python3/dist-packages/oslo_config/cfg.py:2609
2025-05-05 00:40:04.769 159286 DEBUG oslo_service.service [req-e1f93395-fa85-48f0-9dfa-8ce75c06b232 - - - - -] ironic.service_name = None log_opt_values /usr/lib/python3/dist-packages/oslo_config/cfg.py:2609
2025-05-05 00:40:04.769 159286 DEBUG oslo_service.service [req-e1f93395-fa85-48f0-9dfa-8ce75c06b232 - - - - -] ironic.service_type = baremetal log_opt_values /usr/lib/python3/dist-packages/oslo_config/cfg.py:2609
2025-05-05 00:40:04.769 159286 DEBUG oslo_service.service [req-e1f93395-fa85-48f0-9dfa-8ce75c06b232 - - - - -] ironic.split_loggers = False log_opt_values /usr/lib/python3/dist-packages/oslo_config/cfg.py:2609
2025-05-05 00:40:04.769 159286 DEBUG oslo_service.service [req-e1f93395-fa85-48f0-9dfa-8ce75c06b232 - - - - -] ironic.status_code_retries = None log_opt_values /usr/lib/python3/dist-packages/oslo_config/cfg.py:2609
2025-05-05 00:40:04.770 159286 DEBUG oslo_service.service [req-e1f93395-fa85-48f0-9dfa-8ce75c06b232 - - - - -] ironic.status_code_retry_delay = None log_opt_values /usr/lib/python3/dist-packages/oslo_config/cfg.py:2609
2025-05-05 00:40:04.770 159286 DEBUG oslo_service.service [req-e1f93395-fa85-48f0-9dfa-8ce75c06b232 - - - - -] ironic.timeout = None log_opt_values /usr/lib/python3/dist-packages/oslo_config/cfg.py:2609
2025-05-05 00:40:04.770 159286 DEBUG oslo_service.service [req-e1f93395-fa85-48f0-9dfa-8ce75c06b232 - - - - -] ironic.valid_interfaces = ['internal', 'public'] log_opt_values /usr/lib/python3/dist-packages/oslo_config/cfg.py:2609
2025-05-05 00:40:04.770 159286 DEBUG oslo_service.service [req-e1f93395-fa85-48f0-9dfa-8ce75c06b232 - - - - -] ironic.version = None log_opt_values /usr/lib/python3/dist-packages/oslo_config/cfg.py:2609
2025-05-05 00:40:04.771 159286 DEBUG oslo_service.service [req-e1f93395-fa85-48f0-9dfa-8ce75c06b232 - - - - -] key_manager.backend = barbican log_opt_values /usr/lib/python3/dist-packages/oslo_config/cfg.py:2609
2025-05-05 00:40:04.771 159286 DEBUG oslo_service.service [req-e1f93395-fa85-48f0-9dfa-8ce75c06b232 - - - - -] key_manager.fixed_key = **** log_opt_values /usr/lib/python3/dist-packages/oslo_config/cfg.py:2609
2025-05-05 00:40:04.771 159286 DEBUG oslo_service.service [req-e1f93395-fa85-48f0-9dfa-8ce75c06b232 - - - - -] barbican.auth_endpoint = http://localhost/identity/v3 log_opt_values /usr/lib/python3/dist-packages/oslo_config/cfg.py:2609
2025-05-05 00:40:04.771 159286 DEBUG oslo_service.service [req-e1f93395-fa85-48f0-9dfa-8ce75c06b232 - - - - -] barbican.barbican_api_version = None log_opt_values /usr/lib/python3/dist-packages/oslo_config/cfg.py:2609
2025-05-05 00:40:04.771 159286 DEBUG oslo_service.service [req-e1f93395-fa85-48f0-9dfa-8ce75c06b232 - - - - -] barbican.barbican_endpoint = None log_opt_values /usr/lib/python3/dist-packages/oslo_config/cfg.py:2609
2025-05-05 00:40:04.772 159286 DEBUG oslo_service.service [req-e1f93395-fa85-48f0-9dfa-8ce75c06b232 - - - - -] barbican.barbican_endpoint_type = public log_opt_values /usr/lib/python3/dist-packages/oslo_config/cfg.py:2609
2025-05-05 00:40:04.772 159286 DEBUG oslo_service.service [req-e1f93395-fa85-48f0-9dfa-8ce75c06b232 - - - - -] barbican.barbican_region_name = None log_opt_values /usr/lib/python3/dist-packages/oslo_config/cfg.py:2609
2025-05-05 00:40:04.772 159679 DEBUG oslo_messaging._drivers.amqpdriver [req-3e81f7f1-57d6-4b05-a0de-cd658878f1a4 - - - - -] sending reply msg_id: e18983346a1442878e7d153cb619d52b reply queue: reply_75a1250e55ad4cdda600fd502c2721e1 time elapsed: 0.007803742999840324s _send_reply /usr/lib/python3/dist-packages/oslo_messaging/_drivers/amqpdriver.py:118
2025-05-05 00:40:04.772 159286 DEBUG oslo_service.service [req-e1f93395-fa85-48f0-9dfa-8ce75c06b232 - - - - -] barbican.cafile = None log_opt_values /usr/lib/python3/dist-packages/oslo_config/cfg.py:2609
2025-05-05 00:40:04.773 159286 DEBUG oslo_service.service [req-e1f93395-fa85-48f0-9dfa-8ce75c06b232 - - - - -] barbican.certfile = None log_opt_values /usr/lib/python3/dist-packages/oslo_config/cfg.py:2609
2025-05-05 00:40:04.773 159286 DEBUG oslo_service.service [req-e1f93395-fa85-48f0-9dfa-8ce75c06b232 - - - - -] barbican.collect_timing = False log_opt_values /usr/lib/python3/dist-packages/oslo_config/cfg.py:2609
2025-05-05 00:40:04.774 159286 DEBUG oslo_service.service [req-e1f93395-fa85-48f0-9dfa-8ce75c06b232 - - - - -] barbican.insecure = False log_opt_values /usr/lib/python3/dist-packages/oslo_config/cfg.py:2609
2025-05-05 00:40:04.774 159286 DEBUG oslo_service.service [req-e1f93395-fa85-48f0-9dfa-8ce75c06b232 - - - - -] barbican.keyfile = None log_opt_values /usr/lib/python3/dist-packages/oslo_config/cfg.py:2609
2025-05-05 00:40:04.774 159286 DEBUG oslo_service.service [req-e1f93395-fa85-48f0-9dfa-8ce75c06b232 - - - - -] barbican.number_of_retries = 60 log_opt_values /usr/lib/python3/dist-packages/oslo_config/cfg.py:2609
2025-05-05 00:40:04.774 159286 DEBUG oslo_service.service [req-e1f93395-fa85-48f0-9dfa-8ce75c06b232 - - - - -] barbican.retry_delay = 1 log_opt_values /usr/lib/python3/dist-packages/oslo_config/cfg.py:2609
2025-05-05 00:40:04.774 159286 DEBUG oslo_service.service [req-e1f93395-fa85-48f0-9dfa-8ce75c06b232 - - - - -] barbican.send_service_user_token = False log_opt_values /usr/lib/python3/dist-packages/oslo_config/cfg.py:2609
2025-05-05 00:40:04.775 159286 DEBUG oslo_service.service [req-e1f93395-fa85-48f0-9dfa-8ce75c06b232 - - - - -] barbican.split_loggers = False log_opt_values /usr/lib/python3/dist-packages/oslo_config/cfg.py:2609
2025-05-05 00:40:04.775 159286 DEBUG oslo_service.service [req-e1f93395-fa85-48f0-9dfa-8ce75c06b232 - - - - -] barbican.timeout = None log_opt_values /usr/lib/python3/dist-packages/oslo_config/cfg.py:2609
2025-05-05 00:40:04.775 159286 DEBUG oslo_service.service [req-e1f93395-fa85-48f0-9dfa-8ce75c06b232 - - - - -] barbican.verify_ssl = True log_opt_values /usr/lib/python3/dist-packages/oslo_config/cfg.py:2609
2025-05-05 00:40:04.775 159286 DEBUG oslo_service.service [req-e1f93395-fa85-48f0-9dfa-8ce75c06b232 - - - - -] barbican.verify_ssl_path = None log_opt_values /usr/lib/python3/dist-packages/oslo_config/cfg.py:2609
2025-05-05 00:40:04.775 159286 DEBUG oslo_service.service [req-e1f93395-fa85-48f0-9dfa-8ce75c06b232 - - - - -] barbican_service_user.auth_section = None log_opt_values /usr/lib/python3/dist-packages/oslo_config/cfg.py:2609
2025-05-05 00:40:04.776 159286 DEBUG oslo_service.service [req-e1f93395-fa85-48f0-9dfa-8ce75c06b232 - - - - -] barbican_service_user.auth_type = None log_opt_values /usr/lib/python3/dist-packages/oslo_config/cfg.py:2609
2025-05-05 00:40:04.776 159286 DEBUG oslo_service.service [req-e1f93395-fa85-48f0-9dfa-8ce75c06b232 - - - - -] barbican_service_user.cafile = None log_opt_values /usr/lib/python3/dist-packages/oslo_config/cfg.py:2609
2025-05-05 00:40:04.776 159286 DEBUG oslo_service.service [req-e1f93395-fa85-48f0-9dfa-8ce75c06b232 - - - - -] barbican_service_user.certfile = None log_opt_values /usr/lib/python3/dist-packages/oslo_config/cfg.py:2609
2025-05-05 00:40:04.776 159286 DEBUG oslo_service.service [req-e1f93395-fa85-48f0-9dfa-8ce75c06b232 - - - - -] barbican_service_user.collect_timing = False log_opt_values /usr/lib/python3/dist-packages/oslo_config/cfg.py:2609
2025-05-05 00:40:04.777 159286 DEBUG oslo_service.service [req-e1f93395-fa85-48f0-9dfa-8ce75c06b232 - - - - -] barbican_service_user.insecure = False log_opt_values /usr/lib/python3/dist-packages/oslo_config/cfg.py:2609
2025-05-05 00:40:04.777 159286 DEBUG oslo_service.service [req-e1f93395-fa85-48f0-9dfa-8ce75c06b232 - - - - -] barbican_service_user.keyfile = None log_opt_values /usr/lib/python3/dist-packages/oslo_config/cfg.py:2609
2025-05-05 00:40:04.777 159286 DEBUG oslo_service.service [req-e1f93395-fa85-48f0-9dfa-8ce75c06b232 - - - - -] barbican_service_user.split_loggers = False log_opt_values /usr/lib/python3/dist-packages/oslo_config/cfg.py:2609
2025-05-05 00:40:04.777 159286 DEBUG oslo_service.service [req-e1f93395-fa85-48f0-9dfa-8ce75c06b232 - - - - -] barbican_service_user.timeout = None log_opt_values /usr/lib/python3/dist-packages/oslo_config/cfg.py:2609
2025-05-05 00:40:04.777 159286 DEBUG oslo_service.service [req-e1f93395-fa85-48f0-9dfa-8ce75c06b232 - - - - -] vault.approle_role_id = None log_opt_values /usr/lib/python3/dist-packages/oslo_config/cfg.py:2609
2025-05-05 00:40:04.778 159286 DEBUG oslo_service.service [req-e1f93395-fa85-48f0-9dfa-8ce75c06b232 - - - - -] vault.approle_secret_id = None log_opt_values /usr/lib/python3/dist-packages/oslo_config/cfg.py:2609
2025-05-05 00:40:04.778 159286 DEBUG oslo_service.service [req-e1f93395-fa85-48f0-9dfa-8ce75c06b232 - - - - -] vault.cafile = None log_opt_values /usr/lib/python3/dist-packages/oslo_config/cfg.py:2609
2025-05-05 00:40:04.778 159286 DEBUG oslo_service.service [req-e1f93395-fa85-48f0-9dfa-8ce75c06b232 - - - - -] vault.certfile = None log_opt_values /usr/lib/python3/dist-packages/oslo_config/cfg.py:2609
2025-05-05 00:40:04.778 159286 DEBUG oslo_service.service [req-e1f93395-fa85-48f0-9dfa-8ce75c06b232 - - - - -] vault.collect_timing = False log_opt_values /usr/lib/python3/dist-packages/oslo_config/cfg.py:2609
2025-05-05 00:40:04.778 159286 DEBUG oslo_service.service [req-e1f93395-fa85-48f0-9dfa-8ce75c06b232 - - - - -] vault.insecure = False log_opt_values /usr/lib/python3/dist-packages/oslo_config/cfg.py:2609
2025-05-05 00:40:04.779 159286 DEBUG oslo_service.service [req-e1f93395-fa85-48f0-9dfa-8ce75c06b232 - - - - -] vault.keyfile = None log_opt_values /usr/lib/python3/dist-packages/oslo_config/cfg.py:2609
2025-05-05 00:40:04.779 159286 DEBUG oslo_service.service [req-e1f93395-fa85-48f0-9dfa-8ce75c06b232 - - - - -] vault.kv_mountpoint = secret log_opt_values /usr/lib/python3/dist-packages/oslo_config/cfg.py:2609
2025-05-05 00:40:04.779 159286 DEBUG oslo_service.service [req-e1f93395-fa85-48f0-9dfa-8ce75c06b232 - - - - -] vault.kv_version = 2 log_opt_values /usr/lib/python3/dist-packages/oslo_config/cfg.py:2609
2025-05-05 00:40:04.779 159286 DEBUG oslo_service.service [req-e1f93395-fa85-48f0-9dfa-8ce75c06b232 - - - - -] vault.namespace = None log_opt_values /usr/lib/python3/dist-packages/oslo_config/cfg.py:2609
2025-05-05 00:40:04.779 159286 DEBUG oslo_service.service [req-e1f93395-fa85-48f0-9dfa-8ce75c06b232 - - - - -] vault.root_token_id = None log_opt_values /usr/lib/python3/dist-packages/oslo_config/cfg.py:2609
2025-05-05 00:40:04.780 159286 DEBUG oslo_service.service [req-e1f93395-fa85-48f0-9dfa-8ce75c06b232 - - - - -] vault.split_loggers = False log_opt_values /usr/lib/python3/dist-packages/oslo_config/cfg.py:2609
2025-05-05 00:40:04.780 159286 DEBUG oslo_service.service [req-e1f93395-fa85-48f0-9dfa-8ce75c06b232 - - - - -] vault.ssl_ca_crt_file = None log_opt_values /usr/lib/python3/dist-packages/oslo_config/cfg.py:2609
2025-05-05 00:40:04.780 159286 DEBUG oslo_service.service [req-e1f93395-fa85-48f0-9dfa-8ce75c06b232 - - - - -] vault.timeout = None log_opt_values /usr/lib/python3/dist-packages/oslo_config/cfg.py:2609
2025-05-05 00:40:04.780 159678 DEBUG oslo_messaging._drivers.amqpdriver [-] received message msg_id: b4c187cfccec40dabee46c2cd043fe97 reply to reply_75a1250e55ad4cdda600fd502c2721e1 __call__ /usr/lib/python3/dist-packages/oslo_messaging/_drivers/amqpdriver.py:320
2025-05-05 00:40:04.780 159286 DEBUG oslo_service.service [req-e1f93395-fa85-48f0-9dfa-8ce75c06b232 - - - - -] vault.use_ssl = False log_opt_values /usr/lib/python3/dist-packages/oslo_config/cfg.py:2609
2025-05-05 00:40:04.780 159286 DEBUG oslo_service.service [req-e1f93395-fa85-48f0-9dfa-8ce75c06b232 - - - - -] vault.vault_url = http://127.0.0.1:8200 log_opt_values /usr/lib/python3/dist-packages/oslo_config/cfg.py:2609
2025-05-05 00:40:04.781 159678 DEBUG oslo_messaging._drivers.amqpdriver [-] Listener is running poll /usr/lib/python3/dist-packages/oslo_messaging/_drivers/amqpdriver.py:343
2025-05-05 00:40:04.781 159678 DEBUG oslo_messaging._drivers.amqpdriver [-] Poll the incoming message with unique_id: 8531aa37ab734c49b2c8bdd60230fb09 poll /usr/lib/python3/dist-packages/oslo_messaging/_drivers/amqpdriver.py:346
2025-05-05 00:40:04.781 159286 DEBUG oslo_service.service [req-e1f93395-fa85-48f0-9dfa-8ce75c06b232 - - - - -] keystone.cafile = None log_opt_values /usr/lib/python3/dist-packages/oslo_config/cfg.py:2609
2025-05-05 00:40:04.781 159678 DEBUG oslo_messaging._drivers.amqpdriver [-] Listener is running poll /usr/lib/python3/dist-packages/oslo_messaging/_drivers/amqpdriver.py:343
2025-05-05 00:40:04.781 159286 DEBUG oslo_service.service [req-e1f93395-fa85-48f0-9dfa-8ce75c06b232 - - - - -] keystone.certfile = None log_opt_values /usr/lib/python3/dist-packages/oslo_config/cfg.py:2609
2025-05-05 00:40:04.781 159678 DEBUG oslo_messaging._drivers.amqpdriver [-] AMQPListener connection consume poll /usr/lib/python3/dist-packages/oslo_messaging/_drivers/amqpdriver.py:357
2025-05-05 00:40:04.781 159286 DEBUG oslo_service.service [req-e1f93395-fa85-48f0-9dfa-8ce75c06b232 - - - - -] keystone.collect_timing = False log_opt_values /usr/lib/python3/dist-packages/oslo_config/cfg.py:2609
2025-05-05 00:40:04.781 159286 DEBUG oslo_service.service [req-e1f93395-fa85-48f0-9dfa-8ce75c06b232 - - - - -] keystone.connect_retries = None log_opt_values /usr/lib/python3/dist-packages/oslo_config/cfg.py:2609
2025-05-05 00:40:04.782 159286 DEBUG oslo_service.service [req-e1f93395-fa85-48f0-9dfa-8ce75c06b232 - - - - -] keystone.connect_retry_delay = None log_opt_values /usr/lib/python3/dist-packages/oslo_config/cfg.py:2609
2025-05-05 00:40:04.782 159286 DEBUG oslo_service.service [req-e1f93395-fa85-48f0-9dfa-8ce75c06b232 - - - - -] keystone.endpoint_override = None log_opt_values /usr/lib/python3/dist-packages/oslo_config/cfg.py:2609
2025-05-05 00:40:04.782 159286 DEBUG oslo_service.service [req-e1f93395-fa85-48f0-9dfa-8ce75c06b232 - - - - -] keystone.insecure = False log_opt_values /usr/lib/python3/dist-packages/oslo_config/cfg.py:2609
2025-05-05 00:40:04.782 159286 DEBUG oslo_service.service [req-e1f93395-fa85-48f0-9dfa-8ce75c06b232 - - - - -] keystone.keyfile = None log_opt_values /usr/lib/python3/dist-packages/oslo_config/cfg.py:2609
2025-05-05 00:40:04.782 159286 DEBUG oslo_service.service [req-e1f93395-fa85-48f0-9dfa-8ce75c06b232 - - - - -] keystone.max_version = None log_opt_values /usr/lib/python3/dist-packages/oslo_config/cfg.py:2609
2025-05-05 00:40:04.783 159286 DEBUG oslo_service.service [req-e1f93395-fa85-48f0-9dfa-8ce75c06b232 - - - - -] keystone.min_version = None log_opt_values /usr/lib/python3/dist-packages/oslo_config/cfg.py:2609
2025-05-05 00:40:04.783 159286 DEBUG oslo_service.service [req-e1f93395-fa85-48f0-9dfa-8ce75c06b232 - - - - -] keystone.region_name = None log_opt_values /usr/lib/python3/dist-packages/oslo_config/cfg.py:2609
2025-05-05 00:40:04.783 159286 DEBUG oslo_service.service [req-e1f93395-fa85-48f0-9dfa-8ce75c06b232 - - - - -] keystone.service_name = None log_opt_values /usr/lib/python3/dist-packages/oslo_config/cfg.py:2609
2025-05-05 00:40:04.783 159286 DEBUG oslo_service.service [req-e1f93395-fa85-48f0-9dfa-8ce75c06b232 - - - - -] keystone.service_type = identity log_opt_values /usr/lib/python3/dist-packages/oslo_config/cfg.py:2609
2025-05-05 00:40:04.783 159286 DEBUG oslo_service.service [req-e1f93395-fa85-48f0-9dfa-8ce75c06b232 - - - - -] keystone.split_loggers = False log_opt_values /usr/lib/python3/dist-packages/oslo_config/cfg.py:2609
2025-05-05 00:40:04.784 159286 DEBUG oslo_service.service [req-e1f93395-fa85-48f0-9dfa-8ce75c06b232 - - - - -] keystone.status_code_retries = None log_opt_values /usr/lib/python3/dist-packages/oslo_config/cfg.py:2609
2025-05-05 00:40:04.784 159286 DEBUG oslo_service.service [req-e1f93395-fa85-48f0-9dfa-8ce75c06b232 - - - - -] keystone.status_code_retry_delay = None log_opt_values /usr/lib/python3/dist-packages/oslo_config/cfg.py:2609
2025-05-05 00:40:04.784 159286 DEBUG oslo_service.service [req-e1f93395-fa85-48f0-9dfa-8ce75c06b232 - - - - -] keystone.timeout = None log_opt_values /usr/lib/python3/dist-packages/oslo_config/cfg.py:2609
2025-05-05 00:40:04.784 159286 DEBUG oslo_service.service [req-e1f93395-fa85-48f0-9dfa-8ce75c06b232 - - - - -] keystone.valid_interfaces = ['internal', 'public'] log_opt_values /usr/lib/python3/dist-packages/oslo_config/cfg.py:2609
2025-05-05 00:40:04.785 159286 DEBUG oslo_service.service [req-e1f93395-fa85-48f0-9dfa-8ce75c06b232 - - - - -] keystone.version = None log_opt_values /usr/lib/python3/dist-packages/oslo_config/cfg.py:2609
2025-05-05 00:40:04.785 159286 DEBUG oslo_service.service [req-e1f93395-fa85-48f0-9dfa-8ce75c06b232 - - - - -] libvirt.connection_uri = log_opt_values /usr/lib/python3/dist-packages/oslo_config/cfg.py:2609
2025-05-05 00:40:04.785 159678 DEBUG oslo_messaging._drivers.amqpdriver [-] AMQPListener connection timeout poll /usr/lib/python3/dist-packages/oslo_messaging/_drivers/amqpdriver.py:360
2025-05-05 00:40:04.785 159678 DEBUG oslo_messaging._drivers.amqpdriver [-] Listener is running poll /usr/lib/python3/dist-packages/oslo_messaging/_drivers/amqpdriver.py:343
2025-05-05 00:40:04.785 159286 DEBUG oslo_service.service [req-e1f93395-fa85-48f0-9dfa-8ce75c06b232 - - - - -] libvirt.cpu_mode = None log_opt_values /usr/lib/python3/dist-packages/oslo_config/cfg.py:2609
