2025-05-05 01:42:35.353 65566 DEBUG oslo_service.service [-] database.max_retries = 10 log_opt_values /usr/lib/python3/dist-packages/oslo_config/cfg.py:2609
2025-05-05 01:42:35.353 65566 DEBUG oslo_service.service [-] database.mysql_enable_ndb = False log_opt_values /usr/lib/python3/dist-packages/oslo_config/cfg.py:2609
2025-05-05 01:42:35.353 65566 DEBUG oslo_service.service [-] database.mysql_sql_mode = TRADITIONAL log_opt_values /usr/lib/python3/dist-packages/oslo_config/cfg.py:2609
2025-05-05 01:42:35.353 65566 DEBUG oslo_service.service [-] database.pool_timeout = None log_opt_values /usr/lib/python3/dist-packages/oslo_config/cfg.py:2609
2025-05-05 01:42:35.353 65566 DEBUG oslo_service.service [-] database.retry_interval = 10 log_opt_values /usr/lib/python3/dist-packages/oslo_config/cfg.py:2609
2025-05-05 01:42:35.353 65566 DEBUG oslo_service.service [-] database.slave_connection = **** log_opt_values /usr/lib/python3/dist-packages/oslo_config/cfg.py:2609
2025-05-05 01:42:35.354 65566 DEBUG oslo_service.service [-] database.sqlite_synchronous = True log_opt_values /usr/lib/python3/dist-packages/oslo_config/cfg.py:2609
2025-05-05 01:42:35.354 65566 DEBUG oslo_service.service [-] database.use_db_reconnect = False log_opt_values /usr/lib/python3/dist-packages/oslo_config/cfg.py:2609
2025-05-05 01:42:35.354 65566 DEBUG oslo_service.service [-] oslo_messaging_metrics.metrics_buffer_size = 1000 log_opt_values /usr/lib/python3/dist-packages/oslo_config/cfg.py:2609
2025-05-05 01:42:35.354 65566 DEBUG oslo_service.service [-] oslo_messaging_metrics.metrics_enabled = False log_opt_values /usr/lib/python3/dist-packages/oslo_config/cfg.py:2609
2025-05-05 01:42:35.354 65566 DEBUG oslo_service.service [-] oslo_messaging_metrics.metrics_process_name = log_opt_values /usr/lib/python3/dist-packages/oslo_config/cfg.py:2609
2025-05-05 01:42:35.354 65566 DEBUG oslo_service.service [-] oslo_messaging_metrics.metrics_socket_file = /var/tmp/metrics_collector.sock log_opt_values /usr/lib/python3/dist-packages/oslo_config/cfg.py:2609
2025-05-05 01:42:35.354 65566 DEBUG oslo_service.service [-] oslo_messaging_metrics.metrics_thread_stop_timeout = 10 log_opt_values /usr/lib/python3/dist-packages/oslo_config/cfg.py:2609
2025-05-05 01:42:35.354 65566 DEBUG oslo_service.service [-] oslo_policy.enforce_new_defaults = False log_opt_values /usr/lib/python3/dist-packages/oslo_config/cfg.py:2609
2025-05-05 01:42:35.355 65566 DEBUG oslo_service.service [-] oslo_policy.enforce_scope = False log_opt_values /usr/lib/python3/dist-packages/oslo_config/cfg.py:2609
2025-05-05 01:42:35.355 65566 DEBUG oslo_service.service [-] oslo_policy.policy_default_rule = default log_opt_values /usr/lib/python3/dist-packages/oslo_config/cfg.py:2609
2025-05-05 01:42:35.355 65566 DEBUG oslo_service.service [-] oslo_policy.policy_dirs = ['policy.d'] log_opt_values /usr/lib/python3/dist-packages/oslo_config/cfg.py:2609
2025-05-05 01:42:35.355 65566 DEBUG oslo_service.service [-] oslo_policy.policy_file = policy.yaml log_opt_values /usr/lib/python3/dist-packages/oslo_config/cfg.py:2609
2025-05-05 01:42:35.355 65566 DEBUG oslo_service.service [-] oslo_policy.remote_content_type = application/x-www-form-urlencoded log_opt_values /usr/lib/python3/dist-packages/oslo_config/cfg.py:2609
2025-05-05 01:42:35.355 65566 DEBUG oslo_service.service [-] oslo_policy.remote_ssl_ca_crt_file = None log_opt_values /usr/lib/python3/dist-packages/oslo_config/cfg.py:2609
2025-05-05 01:42:35.355 65566 DEBUG oslo_service.service [-] oslo_policy.remote_ssl_client_crt_file = None log_opt_values /usr/lib/python3/dist-packages/oslo_config/cfg.py:2609
2025-05-05 01:42:35.356 65566 DEBUG oslo_service.service [-] oslo_policy.remote_ssl_client_key_file = None log_opt_values /usr/lib/python3/dist-packages/oslo_config/cfg.py:2609
2025-05-05 01:42:35.356 65566 DEBUG oslo_service.service [-] oslo_policy.remote_ssl_verify_server_crt = False log_opt_values /usr/lib/python3/dist-packages/oslo_config/cfg.py:2609
2025-05-05 01:42:35.356 65566 DEBUG oslo_service.service [-] trustee.auth_section = None log_opt_values /usr/lib/python3/dist-packages/oslo_config/cfg.py:2609
2025-05-05 01:42:35.356 65566 WARNING oslo_config.cfg [-] Deprecated: Option "auth_plugin" from group "trustee" is deprecated. Use option "auth_type" from group "trustee".
2025-05-05 01:42:35.356 65566 DEBUG oslo_service.service [-] trustee.auth_type = password log_opt_values /usr/lib/python3/dist-packages/oslo_config/cfg.py:2609
2025-05-05 01:42:35.357 65566 DEBUG oslo_service.service [-] oslo_versionedobjects.fatal_exception_format_errors = False log_opt_values /usr/lib/python3/dist-packages/oslo_config/cfg.py:2609
2025-05-05 01:42:35.357 65566 DEBUG oslo_service.service [-] oslo_messaging_rabbit.amqp_auto_delete = False log_opt_values /usr/lib/python3/dist-packages/oslo_config/cfg.py:2609
2025-05-05 01:42:35.358 65566 DEBUG oslo_service.service [-] oslo_messaging_rabbit.amqp_durable_queues = False log_opt_values /usr/lib/python3/dist-packages/oslo_config/cfg.py:2609
2025-05-05 01:42:35.357 65797 INFO heat.engine.worker [-] Starting engine_worker (1.4) in engine fc5b2338-3b2b-40c6-ac02-110a12f4171c.
2025-05-05 01:42:35.358 65566 DEBUG oslo_service.service [-] oslo_messaging_rabbit.conn_pool_min_size = 2 log_opt_values /usr/lib/python3/dist-packages/oslo_config/cfg.py:2609
2025-05-05 01:42:35.358 65566 DEBUG oslo_service.service [-] oslo_messaging_rabbit.conn_pool_ttl = 1200 log_opt_values /usr/lib/python3/dist-packages/oslo_config/cfg.py:2609
2025-05-05 01:42:35.358 65566 DEBUG oslo_service.service [-] oslo_messaging_rabbit.direct_mandatory_flag = True log_opt_values /usr/lib/python3/dist-packages/oslo_config/cfg.py:2609
2025-05-05 01:42:35.358 65566 DEBUG oslo_service.service [-] oslo_messaging_rabbit.enable_cancel_on_failover = False log_opt_values /usr/lib/python3/dist-packages/oslo_config/cfg.py:2609
2025-05-05 01:42:35.358 65566 DEBUG oslo_service.service [-] oslo_messaging_rabbit.heartbeat_in_pthread = False log_opt_values /usr/lib/python3/dist-packages/oslo_config/cfg.py:2609
2025-05-05 01:42:35.358 65566 DEBUG oslo_service.service [-] oslo_messaging_rabbit.heartbeat_rate = 2 log_opt_values /usr/lib/python3/dist-packages/oslo_config/cfg.py:2609
2025-05-05 01:42:35.358 65566 DEBUG oslo_service.service [-] oslo_messaging_rabbit.heartbeat_timeout_threshold = 60 log_opt_values /usr/lib/python3/dist-packages/oslo_config/cfg.py:2609
2025-05-05 01:42:35.359 65566 DEBUG oslo_service.service [-] oslo_messaging_rabbit.kombu_compression = None log_opt_values /usr/lib/python3/dist-packages/oslo_config/cfg.py:2609
2025-05-05 01:42:35.359 65566 DEBUG oslo_service.service [-] oslo_messaging_rabbit.kombu_failover_strategy = round-robin log_opt_values /usr/lib/python3/dist-packages/oslo_config/cfg.py:2609
2025-05-05 01:42:35.359 65566 DEBUG oslo_service.service [-] oslo_messaging_rabbit.kombu_missing_consumer_retry_timeout = 60 log_opt_values /usr/lib/python3/dist-packages/oslo_config/cfg.py:2609
2025-05-05 01:42:35.359 65566 DEBUG oslo_service.service [-] oslo_messaging_rabbit.kombu_reconnect_delay = 1.0 log_opt_values /usr/lib/python3/dist-packages/oslo_config/cfg.py:2609
2025-05-05 01:42:35.359 65566 DEBUG oslo_service.service [-] oslo_messaging_rabbit.rabbit_ha_queues = False log_opt_values /usr/lib/python3/dist-packages/oslo_config/cfg.py:2609
2025-05-05 01:42:35.359 65566 DEBUG oslo_service.service [-] oslo_messaging_rabbit.rabbit_interval_max = 30 log_opt_values /usr/lib/python3/dist-packages/oslo_config/cfg.py:2609
2025-05-05 01:42:35.360 65566 DEBUG oslo_service.service [-] oslo_messaging_rabbit.rabbit_login_method = AMQPLAIN log_opt_values /usr/lib/python3/dist-packages/oslo_config/cfg.py:2609
2025-05-05 01:42:35.360 65566 DEBUG oslo_service.service [-] oslo_messaging_rabbit.rabbit_qos_prefetch_count = 0 log_opt_values /usr/lib/python3/dist-packages/oslo_config/cfg.py:2609
2025-05-05 01:42:35.360 65566 DEBUG oslo_service.service [-] oslo_messaging_rabbit.rabbit_quorum_queue = False log_opt_values /usr/lib/python3/dist-packages/oslo_config/cfg.py:2609
2025-05-05 01:42:35.360 65566 DEBUG oslo_service.service [-] oslo_messaging_rabbit.rabbit_retry_backoff = 2 log_opt_values /usr/lib/python3/dist-packages/oslo_config/cfg.py:2609
2025-05-05 01:42:35.360 65566 DEBUG oslo_service.service [-] oslo_messaging_rabbit.rabbit_retry_interval = 1 log_opt_values /usr/lib/python3/dist-packages/oslo_config/cfg.py:2609
2025-05-05 01:42:35.360 65566 DEBUG oslo_service.service [-] oslo_messaging_rabbit.rabbit_transient_queues_ttl = 1800 log_opt_values /usr/lib/python3/dist-packages/oslo_config/cfg.py:2609
2025-05-05 01:42:35.360 65566 DEBUG oslo_service.service [-] oslo_messaging_rabbit.rpc_conn_pool_size = 30 log_opt_values /usr/lib/python3/dist-packages/oslo_config/cfg.py:2609
2025-05-05 01:42:35.361 65566 DEBUG oslo_service.service [-] oslo_messaging_rabbit.ssl = False log_opt_values /usr/lib/python3/dist-packages/oslo_config/cfg.py:2609
2025-05-05 01:42:35.361 65566 DEBUG oslo_service.service [-] oslo_messaging_rabbit.ssl_ca_file = log_opt_values /usr/lib/python3/dist-packages/oslo_config/cfg.py:2609
2025-05-05 01:42:35.361 65566 DEBUG oslo_service.service [-] oslo_messaging_rabbit.ssl_cert_file = log_opt_values /usr/lib/python3/dist-packages/oslo_config/cfg.py:2609
2025-05-05 01:42:35.361 65566 DEBUG oslo_service.service [-] oslo_messaging_rabbit.ssl_key_file = log_opt_values /usr/lib/python3/dist-packages/oslo_config/cfg.py:2609
2025-05-05 01:42:35.361 65566 DEBUG oslo_service.service [-] oslo_messaging_rabbit.ssl_version = log_opt_values /usr/lib/python3/dist-packages/oslo_config/cfg.py:2609
2025-05-05 01:42:35.361 65566 DEBUG oslo_service.service [-] oslo_messaging_notifications.driver = [] log_opt_values /usr/lib/python3/dist-packages/oslo_config/cfg.py:2609
2025-05-05 01:42:35.362 65566 DEBUG oslo_service.service [-] oslo_messaging_notifications.retry = -1 log_opt_values /usr/lib/python3/dist-packages/oslo_config/cfg.py:2609
2025-05-05 01:42:35.362 65566 DEBUG oslo_service.service [-] oslo_messaging_notifications.topics = ['notifications'] log_opt_values /usr/lib/python3/dist-packages/oslo_config/cfg.py:2609
2025-05-05 01:42:35.362 65566 DEBUG oslo_service.service [-] oslo_messaging_notifications.transport_url = **** log_opt_values /usr/lib/python3/dist-packages/oslo_config/cfg.py:2609
2025-05-05 01:42:35.362 65566 DEBUG oslo_service.service [-] cache.backend = dogpile.cache.null log_opt_values /usr/lib/python3/dist-packages/oslo_config/cfg.py:2609
2025-05-05 01:42:35.362 65566 DEBUG oslo_service.service [-] cache.backend_argument = **** log_opt_values /usr/lib/python3/dist-packages/oslo_config/cfg.py:2609
2025-05-05 01:42:35.362 65566 DEBUG oslo_service.service [-] cache.config_prefix = cache.oslo log_opt_values /usr/lib/python3/dist-packages/oslo_config/cfg.py:2609
2025-05-05 01:42:35.363 65566 DEBUG oslo_service.service [-] cache.debug_cache_backend = False log_opt_values /usr/lib/python3/dist-packages/oslo_config/cfg.py:2609
2025-05-05 01:42:35.363 65566 DEBUG oslo_service.service [-] cache.enabled = False log_opt_values /usr/lib/python3/dist-packages/oslo_config/cfg.py:2609
2025-05-05 01:42:35.363 65566 DEBUG oslo_service.service [-] cache.expiration_time = 600 log_opt_values /usr/lib/python3/dist-packages/oslo_config/cfg.py:2609
2025-05-05 01:42:35.363 65566 DEBUG oslo_service.service [-] cache.memcache_dead_retry = 300 log_opt_values /usr/lib/python3/dist-packages/oslo_config/cfg.py:2609
2025-05-05 01:42:35.363 65566 DEBUG oslo_service.service [-] cache.memcache_pool_connection_get_timeout = 10 log_opt_values /usr/lib/python3/dist-packages/oslo_config/cfg.py:2609
2025-05-05 01:42:35.363 65566 DEBUG oslo_service.service [-] cache.memcache_pool_flush_on_reconnect = False log_opt_values /usr/lib/python3/dist-packages/oslo_config/cfg.py:2609
2025-05-05 01:42:35.363 65566 DEBUG oslo_service.service [-] cache.memcache_pool_maxsize = 10 log_opt_values /usr/lib/python3/dist-packages/oslo_config/cfg.py:2609
2025-05-05 01:42:35.363 65566 DEBUG oslo_service.service [-] cache.memcache_pool_unused_timeout = 60 log_opt_values /usr/lib/python3/dist-packages/oslo_config/cfg.py:2609
2025-05-05 01:42:35.364 65566 DEBUG oslo_service.service [-] cache.memcache_servers = ['localhost:11211'] log_opt_values /usr/lib/python3/dist-packages/oslo_config/cfg.py:2609
2025-05-05 01:42:35.364 65566 DEBUG oslo_service.service [-] cache.memcache_socket_timeout = 1.0 log_opt_values /usr/lib/python3/dist-packages/oslo_config/cfg.py:2609
2025-05-05 01:42:35.364 65566 DEBUG oslo_service.service [-] cache.proxies = [] log_opt_values /usr/lib/python3/dist-packages/oslo_config/cfg.py:2609
2025-05-05 01:42:35.364 65566 DEBUG oslo_service.service [-] cache.tls_allowed_ciphers = None log_opt_values /usr/lib/python3/dist-packages/oslo_config/cfg.py:2609
2025-05-05 01:42:35.364 65566 DEBUG oslo_service.service [-] cache.tls_cafile = None log_opt_values /usr/lib/python3/dist-packages/oslo_config/cfg.py:2609
2025-05-05 01:42:35.364 65566 DEBUG oslo_service.service [-] cache.tls_certfile = None log_opt_values /usr/lib/python3/dist-packages/oslo_config/cfg.py:2609
2025-05-05 01:42:35.364 65566 DEBUG oslo_service.service [-] cache.tls_enabled = False log_opt_values /usr/lib/python3/dist-packages/oslo_config/cfg.py:2609
2025-05-05 01:42:35.365 65566 DEBUG oslo_service.service [-] cache.tls_keyfile = None log_opt_values /usr/lib/python3/dist-packages/oslo_config/cfg.py:2609
2025-05-05 01:42:35.365 65566 DEBUG oslo_service.service [-] constraint_validation_cache.caching = True log_opt_values /usr/lib/python3/dist-packages/oslo_config/cfg.py:2609
2025-05-05 01:42:35.365 65566 DEBUG oslo_service.service [-] constraint_validation_cache.expiration_time = 60 log_opt_values /usr/lib/python3/dist-packages/oslo_config/cfg.py:2609
2025-05-05 01:42:35.366 65566 DEBUG oslo_service.service [-] service_extension_cache.caching = True log_opt_values /usr/lib/python3/dist-packages/oslo_config/cfg.py:2609
2025-05-05 01:42:35.366 65566 DEBUG oslo_service.service [-] service_extension_cache.expiration_time = 3600 log_opt_values /usr/lib/python3/dist-packages/oslo_config/cfg.py:2609
2025-05-05 01:42:35.366 65566 DEBUG oslo_service.service [-] resource_finder_cache.caching = True log_opt_values /usr/lib/python3/dist-packages/oslo_config/cfg.py:2609
2025-05-05 01:42:35.366 65566 DEBUG oslo_service.service [-] resource_finder_cache.expiration_time = 3600 log_opt_values /usr/lib/python3/dist-packages/oslo_config/cfg.py:2609
2025-05-05 01:42:35.366 65566 DEBUG oslo_service.service [-] yaql.limit_iterators = 200 log_opt_values /usr/lib/python3/dist-packages/oslo_config/cfg.py:2609
2025-05-05 01:42:35.366 65566 DEBUG oslo_service.service [-] yaql.memory_quota = 10000 log_opt_values /usr/lib/python3/dist-packages/oslo_config/cfg.py:2609
2025-05-05 01:42:35.366 65566 DEBUG oslo_service.service [-] ******************************************************************************** log_opt_values /usr/lib/python3/dist-packages/oslo_config/cfg.py:2613
2025-05-05 01:42:35.367 65796 INFO heat.engine.worker [-] Starting engine_worker (1.4) in engine 75451cc0-b12c-45ef-95fa-6185ddcd5cea.
2025-05-05 01:42:35.405 65794 DEBUG oslo_db.sqlalchemy.engines [req-b1453705-9d3f-4c03-a90e-262d22f17597 - - - - -] MySQL server mode set to STRICT_TRANS_TABLES,STRICT_ALL_TABLES,NO_ZERO_IN_DATE,NO_ZERO_DATE,ERROR_FOR_DIVISION_BY_ZERO,TRADITIONAL,NO_ENGINE_SUBSTITUTION _check_effective_sql_mode /usr/lib/python3/dist-packages/oslo_db/sqlalchemy/engines.py:314
2025-05-05 01:42:35.418 65795 DEBUG oslo_db.sqlalchemy.engines [req-0a8a6b72-89e1-4407-bef4-e00701275b3c - - - - -] MySQL server mode set to STRICT_TRANS_TABLES,STRICT_ALL_TABLES,NO_ZERO_IN_DATE,NO_ZERO_DATE,ERROR_FOR_DIVISION_BY_ZERO,TRADITIONAL,NO_ENGINE_SUBSTITUTION _check_effective_sql_mode /usr/lib/python3/dist-packages/oslo_db/sqlalchemy/engines.py:314
2025-05-05 01:42:35.444 65797 DEBUG oslo_db.sqlalchemy.engines [req-c457a7e5-afac-46d2-837a-3bdbe0e27b10 - - - - -] MySQL server mode set to STRICT_TRANS_TABLES,STRICT_ALL_TABLES,NO_ZERO_IN_DATE,NO_ZERO_DATE,ERROR_FOR_DIVISION_BY_ZERO,TRADITIONAL,NO_ENGINE_SUBSTITUTION _check_effective_sql_mode /usr/lib/python3/dist-packages/oslo_db/sqlalchemy/engines.py:314
2025-05-05 01:42:35.444 65796 DEBUG oslo_db.sqlalchemy.engines [req-c54f8f7a-c112-426a-8972-720c52cbc4d1 - - - - -] MySQL server mode set to STRICT_TRANS_TABLES,STRICT_ALL_TABLES,NO_ZERO_IN_DATE,NO_ZERO_DATE,ERROR_FOR_DIVISION_BY_ZERO,TRADITIONAL,NO_ENGINE_SUBSTITUTION _check_effective_sql_mode /usr/lib/python3/dist-packages/oslo_db/sqlalchemy/engines.py:314
2025-05-05 01:42:35.503 65794 DEBUG heat.engine.service [req-46f45ca2-187c-47c3-8672-ea0cae4f7ceb - - - - -] Service 35094505-42f4-421d-9aad-3235aa143a33 is started service_manage_report /usr/lib/python3/dist-packages/heat/engine/service.py:2363
2025-05-05 01:42:35.508 65795 DEBUG heat.engine.service [req-59dc11be-7e9c-4982-a1d2-9012cb380a57 - - - - -] Service b85ea97d-a384-465a-b1e9-c93ec4b1e491 is started service_manage_report /usr/lib/python3/dist-packages/heat/engine/service.py:2363
2025-05-05 01:42:35.519 65797 DEBUG heat.engine.service [req-4bbb5504-5ef7-49ce-a8db-8149b61b1e62 - - - - -] Service f4e18afc-89ae-4b9c-9808-56e63c40e35e is started service_manage_report /usr/lib/python3/dist-packages/heat/engine/service.py:2363
2025-05-05 01:42:35.523 65796 DEBUG heat.engine.service [req-7b004a3f-9b4f-451e-8529-c973c6531815 - - - - -] Service 7b4302dd-d40c-4def-975a-d4d8c74402f2 is started service_manage_report /usr/lib/python3/dist-packages/heat/engine/service.py:2363
2025-05-05 01:42:35.526 65794 DEBUG heat.engine.service [req-46f45ca2-187c-47c3-8672-ea0cae4f7ceb - - - - -] Service 35094505-42f4-421d-9aad-3235aa143a33 is updated service_manage_report /usr/lib/python3/dist-packages/heat/engine/service.py:2370
2025-05-05 01:42:35.533 65795 DEBUG heat.engine.service [req-59dc11be-7e9c-4982-a1d2-9012cb380a57 - - - - -] Service b85ea97d-a384-465a-b1e9-c93ec4b1e491 is updated service_manage_report /usr/lib/python3/dist-packages/heat/engine/service.py:2370
2025-05-05 01:42:35.537 65797 DEBUG heat.engine.service [req-4bbb5504-5ef7-49ce-a8db-8149b61b1e62 - - - - -] Service f4e18afc-89ae-4b9c-9808-56e63c40e35e is updated service_manage_report /usr/lib/python3/dist-packages/heat/engine/service.py:2370
2025-05-05 01:42:35.546 65796 DEBUG heat.engine.service [req-7b004a3f-9b4f-451e-8529-c973c6531815 - - - - -] Service 7b4302dd-d40c-4def-975a-d4d8c74402f2 is updated service_manage_report /usr/lib/python3/dist-packages/heat/engine/service.py:2370
2025-05-05 01:43:35.490 65794 DEBUG heat.engine.service [req-0ed7434c-3453-4e71-a404-bf4bee1472fb - - - - -] Service 35094505-42f4-421d-9aad-3235aa143a33 is updated service_manage_report /usr/lib/python3/dist-packages/heat/engine/service.py:2370
2025-05-05 01:43:35.496 65795 DEBUG heat.engine.service [req-d8f211a2-eb76-4078-af62-f0a245d4705e - - - - -] Service b85ea97d-a384-465a-b1e9-c93ec4b1e491 is updated service_manage_report /usr/lib/python3/dist-packages/heat/engine/service.py:2370
2025-05-05 01:43:35.512 65797 DEBUG heat.engine.service [req-fde70ef7-b2d1-4219-9ef9-fb1a09ba50b2 - - - - -] Service f4e18afc-89ae-4b9c-9808-56e63c40e35e is updated service_manage_report /usr/lib/python3/dist-packages/heat/engine/service.py:2370
2025-05-05 01:43:35.519 65796 DEBUG heat.engine.service [req-4cc7ebe7-6b1c-4811-ba11-c7cd9b17489a - - - - -] Service 7b4302dd-d40c-4def-975a-d4d8c74402f2 is updated service_manage_report /usr/lib/python3/dist-packages/heat/engine/service.py:2370
2025-05-05 01:44:35.495 65794 DEBUG heat.engine.service [req-cb26b431-62fe-4148-896f-26c64880804f - - - - -] Service 35094505-42f4-421d-9aad-3235aa143a33 is updated service_manage_report /usr/lib/python3/dist-packages/heat/engine/service.py:2370
2025-05-05 01:44:35.501 65795 DEBUG heat.engine.service [req-cb79390d-ff2e-480f-aa64-ad48dd62dd2c - - - - -] Service b85ea97d-a384-465a-b1e9-c93ec4b1e491 is updated service_manage_report /usr/lib/python3/dist-packages/heat/engine/service.py:2370
2025-05-05 01:44:35.514 65797 DEBUG heat.engine.service [req-ae2e6e9f-a35e-471b-9cf1-36f7c3e9c8a1 - - - - -] Service f4e18afc-89ae-4b9c-9808-56e63c40e35e is updated service_manage_report /usr/lib/python3/dist-packages/heat/engine/service.py:2370
2025-05-05 01:44:35.520 65796 DEBUG heat.engine.service [req-fac670af-effc-477b-ac9f-01392015d350 - - - - -] Service 7b4302dd-d40c-4def-975a-d4d8c74402f2 is updated service_manage_report /usr/lib/python3/dist-packages/heat/engine/service.py:2370
2025-05-05 01:45:35.499 65794 DEBUG heat.engine.service [req-a431edba-48a4-4ad8-98b4-aafa8a417163 - - - - -] Service 35094505-42f4-421d-9aad-3235aa143a33 is updated service_manage_report /usr/lib/python3/dist-packages/heat/engine/service.py:2370
2025-05-05 01:45:35.504 65795 DEBUG heat.engine.service [req-46815f79-048a-44b7-bc0f-3db59053eaf9 - - - - -] Service b85ea97d-a384-465a-b1e9-c93ec4b1e491 is updated service_manage_report /usr/lib/python3/dist-packages/heat/engine/service.py:2370
2025-05-05 01:45:35.519 65797 DEBUG heat.engine.service [req-70b0d285-56ee-4f7a-876c-48ddd59e72fd - - - - -] Service f4e18afc-89ae-4b9c-9808-56e63c40e35e is updated service_manage_report /usr/lib/python3/dist-packages/heat/engine/service.py:2370
2025-05-05 01:45:35.523 65796 DEBUG heat.engine.service [req-a3cb9039-2c12-46a9-be1b-4357fded57df - - - - -] Service 7b4302dd-d40c-4def-975a-d4d8c74402f2 is updated service_manage_report /usr/lib/python3/dist-packages/heat/engine/service.py:2370
2025-05-05 01:46:35.507 65794 DEBUG heat.engine.service [req-22cb2bdf-5603-4782-9a76-fd9d1c5befd1 - - - - -] Service 35094505-42f4-421d-9aad-3235aa143a33 is updated service_manage_report /usr/lib/python3/dist-packages/heat/engine/service.py:2370
2025-05-05 01:46:35.509 65795 DEBUG heat.engine.service [req-863fae9b-4f33-4256-b5c5-52fe9c63a821 - - - - -] Service b85ea97d-a384-465a-b1e9-c93ec4b1e491 is updated service_manage_report /usr/lib/python3/dist-packages/heat/engine/service.py:2370
2025-05-05 01:46:35.523 65797 DEBUG heat.engine.service [req-75e15871-dc84-4305-be8a-a94d154cff98 - - - - -] Service f4e18afc-89ae-4b9c-9808-56e63c40e35e is updated service_manage_report /usr/lib/python3/dist-packages/heat/engine/service.py:2370
2025-05-05 01:46:35.527 65796 DEBUG heat.engine.service [req-230c4a8c-fa58-47cf-a808-155c974a913c - - - - -] Service 7b4302dd-d40c-4def-975a-d4d8c74402f2 is updated service_manage_report /usr/lib/python3/dist-packages/heat/engine/service.py:2370
2025-05-05 01:47:35.501 65794 DEBUG heat.engine.service [req-7bf8ac24-c2e5-48ed-9811-27e4fa61eacb - - - - -] Service 35094505-42f4-421d-9aad-3235aa143a33 is updated service_manage_report /usr/lib/python3/dist-packages/heat/engine/service.py:2370
2025-05-05 01:47:35.511 65795 DEBUG heat.engine.service [req-13238639-92cb-4435-8972-f796f92a6913 - - - - -] Service b85ea97d-a384-465a-b1e9-c93ec4b1e491 is updated service_manage_report /usr/lib/python3/dist-packages/heat/engine/service.py:2370
2025-05-05 01:47:35.524 65797 DEBUG heat.engine.service [req-ad21917b-da86-4c09-b348-49021e9c4e68 - - - - -] Service f4e18afc-89ae-4b9c-9808-56e63c40e35e is updated service_manage_report /usr/lib/python3/dist-packages/heat/engine/service.py:2370
2025-05-05 01:47:35.529 65796 DEBUG heat.engine.service [req-863e5dcb-1a64-40c3-8135-ad48ec0f3529 - - - - -] Service 7b4302dd-d40c-4def-975a-d4d8c74402f2 is updated service_manage_report /usr/lib/python3/dist-packages/heat/engine/service.py:2370
2025-05-05 01:48:35.504 65794 DEBUG heat.engine.service [req-5ea498ff-a756-48b1-85f6-26b6c9568818 - - - - -] Service 35094505-42f4-421d-9aad-3235aa143a33 is updated service_manage_report /usr/lib/python3/dist-packages/heat/engine/service.py:2370
2025-05-05 01:48:35.517 65795 DEBUG heat.engine.service [req-b8e234e2-2fab-47ee-89d4-f78472a31636 - - - - -] Service b85ea97d-a384-465a-b1e9-c93ec4b1e491 is updated service_manage_report /usr/lib/python3/dist-packages/heat/engine/service.py:2370
2025-05-05 01:48:35.525 65797 DEBUG heat.engine.service [req-c392b3c4-414f-449e-894b-42679ea2e186 - - - - -] Service f4e18afc-89ae-4b9c-9808-56e63c40e35e is updated service_manage_report /usr/lib/python3/dist-packages/heat/engine/service.py:2370
2025-05-05 01:48:35.532 65796 DEBUG heat.engine.service [req-e8ccde93-7b25-4122-be3b-98bf2dd4cb53 - - - - -] Service 7b4302dd-d40c-4def-975a-d4d8c74402f2 is updated service_manage_report /usr/lib/python3/dist-packages/heat/engine/service.py:2370
2025-05-05 01:49:35.510 65794 DEBUG heat.engine.service [req-c8cd5b87-7aa8-4331-ab71-adebc50fe0f7 - - - - -] Service 35094505-42f4-421d-9aad-3235aa143a33 is updated service_manage_report /usr/lib/python3/dist-packages/heat/engine/service.py:2370
2025-05-05 01:49:35.512 65795 DEBUG heat.engine.service [req-3d01bca6-6cb2-4fa8-a813-587b51ad59e8 - - - - -] Service b85ea97d-a384-465a-b1e9-c93ec4b1e491 is updated service_manage_report /usr/lib/python3/dist-packages/heat/engine/service.py:2370
2025-05-05 01:49:35.527 65797 DEBUG heat.engine.service [req-1ea8bd78-d166-4e15-9f3f-fb7707e849e9 - - - - -] Service f4e18afc-89ae-4b9c-9808-56e63c40e35e is updated service_manage_report /usr/lib/python3/dist-packages/heat/engine/service.py:2370
2025-05-05 01:49:35.534 65796 DEBUG heat.engine.service [req-95f49c82-0800-47a3-8e53-6b38ddc57be5 - - - - -] Service 7b4302dd-d40c-4def-975a-d4d8c74402f2 is updated service_manage_report /usr/lib/python3/dist-packages/heat/engine/service.py:2370
2025-05-05 01:50:35.505 65794 DEBUG heat.engine.service [req-810dc194-e626-4ab3-8df7-960d20f87a72 - - - - -] Service 35094505-42f4-421d-9aad-3235aa143a33 is updated service_manage_report /usr/lib/python3/dist-packages/heat/engine/service.py:2370
2025-05-05 01:50:35.515 65795 DEBUG heat.engine.service [req-23d71e2d-e4b9-4647-8b26-4cea28c5b17e - - - - -] Service b85ea97d-a384-465a-b1e9-c93ec4b1e491 is updated service_manage_report /usr/lib/python3/dist-packages/heat/engine/service.py:2370
2025-05-05 01:50:35.529 65797 DEBUG heat.engine.service [req-5998183f-0b5e-47be-b013-f9684a37da64 - - - - -] Service f4e18afc-89ae-4b9c-9808-56e63c40e35e is updated service_manage_report /usr/lib/python3/dist-packages/heat/engine/service.py:2370
2025-05-05 01:50:35.537 65796 DEBUG heat.engine.service [req-24419802-4b3a-402f-9e77-a5c5b5f1d5ae - - - - -] Service 7b4302dd-d40c-4def-975a-d4d8c74402f2 is updated service_manage_report /usr/lib/python3/dist-packages/heat/engine/service.py:2370
2025-05-05 01:51:35.509 65794 DEBUG heat.engine.service [req-39e502d0-35cb-488d-aba8-ab85c2eb0c2c - - - - -] Service 35094505-42f4-421d-9aad-3235aa143a33 is updated service_manage_report /usr/lib/python3/dist-packages/heat/engine/service.py:2370
2025-05-05 01:51:35.516 65795 DEBUG heat.engine.service [req-cf0d3d1a-7855-48d2-8c2e-fd32dc3fc97a - - - - -] Service b85ea97d-a384-465a-b1e9-c93ec4b1e491 is updated service_manage_report /usr/lib/python3/dist-packages/heat/engine/service.py:2370
2025-05-05 01:51:35.532 65797 DEBUG heat.engine.service [req-f273c103-ab81-4cca-85c1-1e3a996e0d69 - - - - -] Service f4e18afc-89ae-4b9c-9808-56e63c40e35e is updated service_manage_report /usr/lib/python3/dist-packages/heat/engine/service.py:2370
2025-05-05 01:51:35.542 65796 DEBUG heat.engine.service [req-0e4914ca-ba3b-4af1-93c7-13dd28cdd8aa - - - - -] Service 7b4302dd-d40c-4def-975a-d4d8c74402f2 is updated service_manage_report /usr/lib/python3/dist-packages/heat/engine/service.py:2370
2025-05-05 01:52:35.526 65795 DEBUG heat.engine.service [req-d5ed9fd4-eb6f-4e54-a207-6e1469d3bfe8 - - - - -] Service b85ea97d-a384-465a-b1e9-c93ec4b1e491 is updated service_manage_report /usr/lib/python3/dist-packages/heat/engine/service.py:2370
2025-05-05 01:52:35.530 65794 DEBUG heat.engine.service [req-a371f01b-2ec0-47c3-b57e-53a198f1cc87 - - - - -] Service 35094505-42f4-421d-9aad-3235aa143a33 is updated service_manage_report /usr/lib/python3/dist-packages/heat/engine/service.py:2370
2025-05-05 01:52:35.537 65797 DEBUG heat.engine.service [req-57008931-5466-40b2-9278-c29bdf20a83e - - - - -] Service f4e18afc-89ae-4b9c-9808-56e63c40e35e is updated service_manage_report /usr/lib/python3/dist-packages/heat/engine/service.py:2370
2025-05-05 01:52:35.551 65796 DEBUG heat.engine.service [req-c3640215-13a4-4701-af8f-46fe7ff46ef4 - - - - -] Service 7b4302dd-d40c-4def-975a-d4d8c74402f2 is updated service_manage_report /usr/lib/python3/dist-packages/heat/engine/service.py:2370
2025-05-05 01:53:35.513 65794 DEBUG heat.engine.service [req-99cf88c9-4eb4-4614-9316-69dd654bb0f6 - - - - -] Service 35094505-42f4-421d-9aad-3235aa143a33 is updated service_manage_report /usr/lib/python3/dist-packages/heat/engine/service.py:2370
2025-05-05 01:53:35.521 65795 DEBUG heat.engine.service [req-9fafac8a-81a7-4289-be12-3065e1e84725 - - - - -] Service b85ea97d-a384-465a-b1e9-c93ec4b1e491 is updated service_manage_report /usr/lib/python3/dist-packages/heat/engine/service.py:2370
2025-05-05 01:53:35.541 65797 DEBUG heat.engine.service [req-4a9cb5aa-b8a4-4d1c-9418-621b89f09e92 - - - - -] Service f4e18afc-89ae-4b9c-9808-56e63c40e35e is updated service_manage_report /usr/lib/python3/dist-packages/heat/engine/service.py:2370
2025-05-05 01:53:35.548 65796 DEBUG heat.engine.service [req-ddde9250-e31d-4fa4-b733-766559f3be0c - - - - -] Service 7b4302dd-d40c-4def-975a-d4d8c74402f2 is updated service_manage_report /usr/lib/python3/dist-packages/heat/engine/service.py:2370
2025-05-05 01:54:35.516 65794 DEBUG heat.engine.service [req-af0c6edd-699e-424d-a232-4d7899a8ab63 - - - - -] Service 35094505-42f4-421d-9aad-3235aa143a33 is updated service_manage_report /usr/lib/python3/dist-packages/heat/engine/service.py:2370
2025-05-05 01:54:35.524 65795 DEBUG heat.engine.service [req-abd0878f-9663-4910-8756-7b1d350fa091 - - - - -] Service b85ea97d-a384-465a-b1e9-c93ec4b1e491 is updated service_manage_report /usr/lib/python3/dist-packages/heat/engine/service.py:2370
2025-05-05 01:54:35.541 65796 DEBUG heat.engine.service [req-e6d9cf65-b3a6-4204-8456-710a4118341e - - - - -] Service 7b4302dd-d40c-4def-975a-d4d8c74402f2 is updated service_manage_report /usr/lib/python3/dist-packages/heat/engine/service.py:2370
2025-05-05 01:54:35.548 65797 DEBUG heat.engine.service [req-596e135f-109b-415b-94b8-fee40ec6adab - - - - -] Service f4e18afc-89ae-4b9c-9808-56e63c40e35e is updated service_manage_report /usr/lib/python3/dist-packages/heat/engine/service.py:2370
2025-05-05 01:55:35.521 65794 DEBUG heat.engine.service [req-c4867f3c-b724-47ed-8a58-54d09bc65369 - - - - -] Service 35094505-42f4-421d-9aad-3235aa143a33 is updated service_manage_report /usr/lib/python3/dist-packages/heat/engine/service.py:2370
2025-05-05 01:55:35.527 65795 DEBUG heat.engine.service [req-b2cbac29-9373-4680-8814-d9818eee6449 - - - - -] Service b85ea97d-a384-465a-b1e9-c93ec4b1e491 is updated service_manage_report /usr/lib/python3/dist-packages/heat/engine/service.py:2370
2025-05-05 01:55:35.540 65797 DEBUG heat.engine.service [req-88a0fc29-260a-4a45-9a74-c5349c8167bf - - - - -] Service f4e18afc-89ae-4b9c-9808-56e63c40e35e is updated service_manage_report /usr/lib/python3/dist-packages/heat/engine/service.py:2370
2025-05-05 01:55:35.543 65796 DEBUG heat.engine.service [req-5a6c3aaa-b339-42b4-ab7e-abef98822afb - - - - -] Service 7b4302dd-d40c-4def-975a-d4d8c74402f2 is updated service_manage_report /usr/lib/python3/dist-packages/heat/engine/service.py:2370
2025-05-05 01:56:35.523 65794 DEBUG heat.engine.service [req-a0bc367f-8c2a-4df9-8844-0979be0fa1cd - - - - -] Service 35094505-42f4-421d-9aad-3235aa143a33 is updated service_manage_report /usr/lib/python3/dist-packages/heat/engine/service.py:2370
2025-05-05 01:56:35.534 65795 DEBUG heat.engine.service [req-caffb722-5d1d-4fbb-8ef3-2d94edbd09cd - - - - -] Service b85ea97d-a384-465a-b1e9-c93ec4b1e491 is updated service_manage_report /usr/lib/python3/dist-packages/heat/engine/service.py:2370
2025-05-05 01:56:35.543 65797 DEBUG heat.engine.service [req-770a2765-8510-4bc5-8b72-6a9b204d56a0 - - - - -] Service f4e18afc-89ae-4b9c-9808-56e63c40e35e is updated service_manage_report /usr/lib/python3/dist-packages/heat/engine/service.py:2370
2025-05-05 01:56:35.547 65796 DEBUG heat.engine.service [req-928b23ce-43fd-4a54-a693-a7e93bb7b204 - - - - -] Service 7b4302dd-d40c-4def-975a-d4d8c74402f2 is updated service_manage_report /usr/lib/python3/dist-packages/heat/engine/service.py:2370
2025-05-05 01:57:35.526 65795 DEBUG heat.engine.service [req-8fc80b04-7c8b-4363-9169-f06ef55281d1 - - - - -] Service b85ea97d-a384-465a-b1e9-c93ec4b1e491 is updated service_manage_report /usr/lib/python3/dist-packages/heat/engine/service.py:2370
2025-05-05 01:57:35.528 65794 DEBUG heat.engine.service [req-d2e7a58a-8f1d-413c-92cf-ebc1a2c077bf - - - - -] Service 35094505-42f4-421d-9aad-3235aa143a33 is updated service_manage_report /usr/lib/python3/dist-packages/heat/engine/service.py:2370
2025-05-05 01:57:35.548 65797 DEBUG heat.engine.service [req-fcce463f-6620-4737-aaa1-dd1f893b6400 - - - - -] Service f4e18afc-89ae-4b9c-9808-56e63c40e35e is updated service_manage_report /usr/lib/python3/dist-packages/heat/engine/service.py:2370
2025-05-05 01:57:35.550 65796 DEBUG heat.engine.service [req-e0e0d685-59e3-45ea-ada8-9776d47032cc - - - - -] Service 7b4302dd-d40c-4def-975a-d4d8c74402f2 is updated service_manage_report /usr/lib/python3/dist-packages/heat/engine/service.py:2370
2025-05-05 01:58:35.533 65795 DEBUG heat.engine.service [req-8578cbee-4633-49c4-91a7-8359e4bdc75d - - - - -] Service b85ea97d-a384-465a-b1e9-c93ec4b1e491 is updated service_manage_report /usr/lib/python3/dist-packages/heat/engine/service.py:2370
2025-05-05 01:58:35.535 65794 DEBUG heat.engine.service [req-c5211d3f-9f60-4568-b9da-37a2348591e3 - - - - -] Service 35094505-42f4-421d-9aad-3235aa143a33 is updated service_manage_report /usr/lib/python3/dist-packages/heat/engine/service.py:2370
2025-05-05 01:58:35.551 65797 DEBUG heat.engine.service [req-bf27c1a7-e1e3-49df-b540-12f31057490f - - - - -] Service f4e18afc-89ae-4b9c-9808-56e63c40e35e is updated service_manage_report /usr/lib/python3/dist-packages/heat/engine/service.py:2370
2025-05-05 01:58:35.553 65796 DEBUG heat.engine.service [req-5a04e120-0946-43e6-8669-4c144d4c8dd5 - - - - -] Service 7b4302dd-d40c-4def-975a-d4d8c74402f2 is updated service_manage_report /usr/lib/python3/dist-packages/heat/engine/service.py:2370
2025-05-05 01:59:35.528 65795 DEBUG heat.engine.service [req-309aa0f7-753f-4e4e-a0c5-78ef1619d46d - - - - -] Service b85ea97d-a384-465a-b1e9-c93ec4b1e491 is updated service_manage_report /usr/lib/python3/dist-packages/heat/engine/service.py:2370
2025-05-05 01:59:35.530 65794 DEBUG heat.engine.service [req-78ee4be2-012d-4c7e-adbc-023e2312d3ea - - - - -] Service 35094505-42f4-421d-9aad-3235aa143a33 is updated service_manage_report /usr/lib/python3/dist-packages/heat/engine/service.py:2370
2025-05-05 01:59:35.554 65797 DEBUG heat.engine.service [req-4902a59a-eb09-4e73-b2e1-45794a3cad23 - - - - -] Service f4e18afc-89ae-4b9c-9808-56e63c40e35e is updated service_manage_report /usr/lib/python3/dist-packages/heat/engine/service.py:2370
2025-05-05 01:59:35.556 65796 DEBUG heat.engine.service [req-62e48d99-7bfe-4478-b231-de556dccd4b6 - - - - -] Service 7b4302dd-d40c-4def-975a-d4d8c74402f2 is updated service_manage_report /usr/lib/python3/dist-packages/heat/engine/service.py:2370
2025-05-05 02:00:35.532 65795 DEBUG heat.engine.service [req-446c24cc-7a76-43f8-bf22-f6e2df172738 - - - - -] Service b85ea97d-a384-465a-b1e9-c93ec4b1e491 is updated service_manage_report /usr/lib/python3/dist-packages/heat/engine/service.py:2370
2025-05-05 02:00:35.535 65794 DEBUG heat.engine.service [req-5b95bfe1-74ca-4d25-9018-1e0deec3189b - - - - -] Service 35094505-42f4-421d-9aad-3235aa143a33 is updated service_manage_report /usr/lib/python3/dist-packages/heat/engine/service.py:2370
2025-05-05 02:00:35.560 65796 DEBUG heat.engine.service [req-caed77d3-f8e6-433f-9517-e1a3f377b659 - - - - -] Service 7b4302dd-d40c-4def-975a-d4d8c74402f2 is updated service_manage_report /usr/lib/python3/dist-packages/heat/engine/service.py:2370
2025-05-05 02:00:35.562 65797 DEBUG heat.engine.service [req-48609b15-5ea5-4049-999b-2b8c463ae994 - - - - -] Service f4e18afc-89ae-4b9c-9808-56e63c40e35e is updated service_manage_report /usr/lib/python3/dist-packages/heat/engine/service.py:2370
2025-05-05 02:01:35.536 65795 DEBUG heat.engine.service [req-7a68e81f-20e9-4b2d-aede-f15c934cc499 - - - - -] Service b85ea97d-a384-465a-b1e9-c93ec4b1e491 is updated service_manage_report /usr/lib/python3/dist-packages/heat/engine/service.py:2370
2025-05-05 02:01:35.539 65794 DEBUG heat.engine.service [req-f20b7dc0-c5a6-473d-a629-80208e428638 - - - - -] Service 35094505-42f4-421d-9aad-3235aa143a33 is updated service_manage_report /usr/lib/python3/dist-packages/heat/engine/service.py:2370
2025-05-05 02:01:35.554 65797 DEBUG heat.engine.service [req-fd1b5fa5-6d14-4ea1-9fc5-a85209daa81a - - - - -] Service f4e18afc-89ae-4b9c-9808-56e63c40e35e is updated service_manage_report /usr/lib/python3/dist-packages/heat/engine/service.py:2370
2025-05-05 02:01:35.565 65796 DEBUG heat.engine.service [req-a985bb33-2092-4616-9206-5c138ee2d90a - - - - -] Service 7b4302dd-d40c-4def-975a-d4d8c74402f2 is updated service_manage_report /usr/lib/python3/dist-packages/heat/engine/service.py:2370
2025-05-05 02:02:35.629 65794 DEBUG heat.engine.service [req-7e06f398-71c3-4a28-85af-b3b459228335 - - - - -] Service 35094505-42f4-421d-9aad-3235aa143a33 is updated service_manage_report /usr/lib/python3/dist-packages/heat/engine/service.py:2370
2025-05-05 02:02:35.629 65796 DEBUG heat.engine.service [req-eced71c7-b93b-4f04-9e2e-985473e731ad - - - - -] Service 7b4302dd-d40c-4def-975a-d4d8c74402f2 is updated service_manage_report /usr/lib/python3/dist-packages/heat/engine/service.py:2370
2025-05-05 02:02:35.629 65797 DEBUG heat.engine.service [req-b7d0007f-a7c8-4b01-aa3b-37f8cca0cd81 - - - - -] Service f4e18afc-89ae-4b9c-9808-56e63c40e35e is updated service_manage_report /usr/lib/python3/dist-packages/heat/engine/service.py:2370
2025-05-05 02:02:35.629 65795 DEBUG heat.engine.service [req-11314bab-44eb-4ef1-aa9b-f68391cc17e9 - - - - -] Service b85ea97d-a384-465a-b1e9-c93ec4b1e491 is updated service_manage_report /usr/lib/python3/dist-packages/heat/engine/service.py:2370
2025-05-05 02:03:35.575 65794 DEBUG heat.engine.service [req-97f88482-e5d9-4f01-8768-3ee48934fabb - - - - -] Service 35094505-42f4-421d-9aad-3235aa143a33 is updated service_manage_report /usr/lib/python3/dist-packages/heat/engine/service.py:2370
2025-05-05 02:03:35.579 65797 DEBUG heat.engine.service [req-6f641b73-10b9-4571-84fa-84c55d4c172d - - - - -] Service f4e18afc-89ae-4b9c-9808-56e63c40e35e is updated service_manage_report /usr/lib/python3/dist-packages/heat/engine/service.py:2370
2025-05-05 02:03:35.579 65795 DEBUG heat.engine.service [req-64a46334-5356-46a7-816b-3f0729b5246e - - - - -] Service b85ea97d-a384-465a-b1e9-c93ec4b1e491 is updated service_manage_report /usr/lib/python3/dist-packages/heat/engine/service.py:2370
2025-05-05 02:03:35.598 65796 DEBUG heat.engine.service [req-a98fa426-1886-44d2-8906-8a1d8bae6203 - - - - -] Service 7b4302dd-d40c-4def-975a-d4d8c74402f2 is updated service_manage_report /usr/lib/python3/dist-packages/heat/engine/service.py:2370
2025-05-05 02:04:36.184 65796 DEBUG heat.engine.service [req-810f2633-2998-4544-92fb-709e7ae02aaa - - - - -] Service 7b4302dd-d40c-4def-975a-d4d8c74402f2 is updated service_manage_report /usr/lib/python3/dist-packages/heat/engine/service.py:2370
2025-05-05 02:04:36.184 65795 DEBUG heat.engine.service [req-279349d9-819c-46df-9fce-65bfb65b335c - - - - -] Service b85ea97d-a384-465a-b1e9-c93ec4b1e491 is updated service_manage_report /usr/lib/python3/dist-packages/heat/engine/service.py:2370
2025-05-05 02:04:36.184 65794 DEBUG heat.engine.service [req-1d336e29-a8a0-421c-9515-7e75204d6c63 - - - - -] Service 35094505-42f4-421d-9aad-3235aa143a33 is updated service_manage_report /usr/lib/python3/dist-packages/heat/engine/service.py:2370
2025-05-05 02:04:36.185 65797 DEBUG heat.engine.service [req-4ff31b3f-d3d8-40e5-bba8-673d0bcafb35 - - - - -] Service f4e18afc-89ae-4b9c-9808-56e63c40e35e is updated service_manage_report /usr/lib/python3/dist-packages/heat/engine/service.py:2370