2025-05-05 00:59:56.993 37703 DEBUG heat.engine.service [req-5f291e5e-074f-4bad-bdce-d54733c819b3 - - - - -] Service 4471562c-f637-46f3-9f7c-5edcdacf57ee is updated service_manage_report /usr/lib/python3/dist-packages/heat/engine/service.py:2370
2025-05-05 01:00:56.961 37705 DEBUG heat.engine.service [req-5a2ecbe8-d736-40c9-ba5a-db612ffbe17d - - - - -] Service 4164d07f-3a76-49ef-8078-2703097280b9 is updated service_manage_report /usr/lib/python3/dist-packages/heat/engine/service.py:2370
2025-05-05 01:00:56.963 37704 DEBUG heat.engine.service [req-249da3b0-3f75-4769-ba16-e8e7de00eb24 - - - - -] Service b56be5c5-0193-417c-9367-a571606c54be is updated service_manage_report /usr/lib/python3/dist-packages/heat/engine/service.py:2370
2025-05-05 01:00:56.983 37702 DEBUG heat.engine.service [req-15222ebc-2d16-4d85-8443-c070512f8e1d - - - - -] Service ee3f8561-ba06-41cd-a371-b715f461d067 is updated service_manage_report /usr/lib/python3/dist-packages/heat/engine/service.py:2370
2025-05-05 01:00:56.994 37703 DEBUG heat.engine.service [req-937d94a6-f541-4e30-b25d-c6fd277e5b9c - - - - -] Service 4471562c-f637-46f3-9f7c-5edcdacf57ee is updated service_manage_report /usr/lib/python3/dist-packages/heat/engine/service.py:2370
2025-05-05 01:01:56.953 37705 DEBUG heat.engine.service [req-ca8cb89c-a905-406d-a533-976c6e9b2f7a - - - - -] Service 4164d07f-3a76-49ef-8078-2703097280b9 is updated service_manage_report /usr/lib/python3/dist-packages/heat/engine/service.py:2370
2025-05-05 01:01:56.957 37704 DEBUG heat.engine.service [req-59b48153-3eb7-40d9-b25e-20d648bdb202 - - - - -] Service b56be5c5-0193-417c-9367-a571606c54be is updated service_manage_report /usr/lib/python3/dist-packages/heat/engine/service.py:2370
2025-05-05 01:01:56.986 37702 DEBUG heat.engine.service [req-c4e1c608-24e9-477f-92dd-382b519b8d08 - - - - -] Service ee3f8561-ba06-41cd-a371-b715f461d067 is updated service_manage_report /usr/lib/python3/dist-packages/heat/engine/service.py:2370
2025-05-05 01:01:56.996 37703 DEBUG heat.engine.service [req-6373f45e-0744-47ac-9ade-98ea6d347c67 - - - - -] Service 4471562c-f637-46f3-9f7c-5edcdacf57ee is updated service_manage_report /usr/lib/python3/dist-packages/heat/engine/service.py:2370
2025-05-05 01:02:56.962 37705 DEBUG heat.engine.service [req-59721852-70d3-40ce-9652-6c553cd7e3eb - - - - -] Service 4164d07f-3a76-49ef-8078-2703097280b9 is updated service_manage_report /usr/lib/python3/dist-packages/heat/engine/service.py:2370
2025-05-05 01:02:56.963 37704 DEBUG heat.engine.service [req-9622d5d8-0efd-4920-b900-773f2fdfcf29 - - - - -] Service b56be5c5-0193-417c-9367-a571606c54be is updated service_manage_report /usr/lib/python3/dist-packages/heat/engine/service.py:2370
2025-05-05 01:02:56.990 37702 DEBUG heat.engine.service [req-07dbcaf0-db50-4461-a954-8660972dd9d4 - - - - -] Service ee3f8561-ba06-41cd-a371-b715f461d067 is updated service_manage_report /usr/lib/python3/dist-packages/heat/engine/service.py:2370
2025-05-05 01:02:56.999 37703 DEBUG heat.engine.service [req-1a9f758c-c9ab-48ce-b018-38067a4ccf5a - - - - -] Service 4471562c-f637-46f3-9f7c-5edcdacf57ee is updated service_manage_report /usr/lib/python3/dist-packages/heat/engine/service.py:2370
2025-05-05 01:03:56.956 37705 DEBUG heat.engine.service [req-a9cedb22-1048-41b7-be14-e2078554db1f - - - - -] Service 4164d07f-3a76-49ef-8078-2703097280b9 is updated service_manage_report /usr/lib/python3/dist-packages/heat/engine/service.py:2370
2025-05-05 01:03:56.963 37704 DEBUG heat.engine.service [req-4763c97e-d055-47e2-84f3-310380ffea0e - - - - -] Service b56be5c5-0193-417c-9367-a571606c54be is updated service_manage_report /usr/lib/python3/dist-packages/heat/engine/service.py:2370
2025-05-05 01:03:56.993 37702 DEBUG heat.engine.service [req-39aba27f-609b-4e82-8651-f3ce92e8a0dd - - - - -] Service ee3f8561-ba06-41cd-a371-b715f461d067 is updated service_manage_report /usr/lib/python3/dist-packages/heat/engine/service.py:2370
2025-05-05 01:03:57.004 37703 DEBUG heat.engine.service [req-f82c7f0b-4b97-440c-a4f5-75fc94c9abf9 - - - - -] Service 4471562c-f637-46f3-9f7c-5edcdacf57ee is updated service_manage_report /usr/lib/python3/dist-packages/heat/engine/service.py:2370
2025-05-05 01:04:56.961 37705 DEBUG heat.engine.service [req-dce93a5a-2ef6-4950-b8ef-becf23051d97 - - - - -] Service 4164d07f-3a76-49ef-8078-2703097280b9 is updated service_manage_report /usr/lib/python3/dist-packages/heat/engine/service.py:2370
2025-05-05 01:04:56.966 37704 DEBUG heat.engine.service [req-dec5612c-bd45-4b07-985d-e913283e6483 - - - - -] Service b56be5c5-0193-417c-9367-a571606c54be is updated service_manage_report /usr/lib/python3/dist-packages/heat/engine/service.py:2370
2025-05-05 01:04:56.996 37702 DEBUG heat.engine.service [req-cc6c798c-afd2-4c38-9008-1ba094a73638 - - - - -] Service ee3f8561-ba06-41cd-a371-b715f461d067 is updated service_manage_report /usr/lib/python3/dist-packages/heat/engine/service.py:2370
2025-05-05 01:04:56.999 37703 DEBUG heat.engine.service [req-d74dc257-e3bd-4d80-99ec-9102973fbdec - - - - -] Service 4471562c-f637-46f3-9f7c-5edcdacf57ee is updated service_manage_report /usr/lib/python3/dist-packages/heat/engine/service.py:2370
2025-05-05 01:05:56.963 37705 DEBUG heat.engine.service [req-0dd7be14-db82-4267-888a-282ce1309900 - - - - -] Service 4164d07f-3a76-49ef-8078-2703097280b9 is updated service_manage_report /usr/lib/python3/dist-packages/heat/engine/service.py:2370
2025-05-05 01:05:56.968 37704 DEBUG heat.engine.service [req-9d7acdb2-960a-4f77-a96d-834b2c786252 - - - - -] Service b56be5c5-0193-417c-9367-a571606c54be is updated service_manage_report /usr/lib/python3/dist-packages/heat/engine/service.py:2370
2025-05-05 01:05:57.002 37702 DEBUG heat.engine.service [req-32a93a67-7e1d-406c-9430-f8cd2dd323b2 - - - - -] Service ee3f8561-ba06-41cd-a371-b715f461d067 is updated service_manage_report /usr/lib/python3/dist-packages/heat/engine/service.py:2370
2025-05-05 01:05:57.004 37703 DEBUG heat.engine.service [req-22061aae-0fdc-4a09-9872-f6211aeae0c7 - - - - -] Service 4471562c-f637-46f3-9f7c-5edcdacf57ee is updated service_manage_report /usr/lib/python3/dist-packages/heat/engine/service.py:2370
2025-05-05 01:06:56.966 37705 DEBUG heat.engine.service [req-db06dc4f-1e93-43c1-8d9d-6918edc3c2c8 - - - - -] Service 4164d07f-3a76-49ef-8078-2703097280b9 is updated service_manage_report /usr/lib/python3/dist-packages/heat/engine/service.py:2370
2025-05-05 01:06:56.971 37704 DEBUG heat.engine.service [req-aafb6f24-c6ca-499d-bba6-1a0bd7eace53 - - - - -] Service b56be5c5-0193-417c-9367-a571606c54be is updated service_manage_report /usr/lib/python3/dist-packages/heat/engine/service.py:2370
2025-05-05 01:06:56.995 37702 DEBUG heat.engine.service [req-84b7aa25-196c-4c29-a32d-681c20f42538 - - - - -] Service ee3f8561-ba06-41cd-a371-b715f461d067 is updated service_manage_report /usr/lib/python3/dist-packages/heat/engine/service.py:2370
2025-05-05 01:06:57.012 37703 DEBUG heat.engine.service [req-ec5c76df-a78b-4147-a6c7-ecaf7e04d04d - - - - -] Service 4471562c-f637-46f3-9f7c-5edcdacf57ee is updated service_manage_report /usr/lib/python3/dist-packages/heat/engine/service.py:2370
2025-05-05 01:07:56.970 37705 DEBUG heat.engine.service [req-8dffdca8-4d3a-4460-8c76-956da3ec4c56 - - - - -] Service 4164d07f-3a76-49ef-8078-2703097280b9 is updated service_manage_report /usr/lib/python3/dist-packages/heat/engine/service.py:2370
2025-05-05 01:07:56.974 37704 DEBUG heat.engine.service [req-e995e1c1-a353-48cc-8c2f-ad2fdf442771 - - - - -] Service b56be5c5-0193-417c-9367-a571606c54be is updated service_manage_report /usr/lib/python3/dist-packages/heat/engine/service.py:2370
2025-05-05 01:07:57.000 37702 DEBUG heat.engine.service [req-c371d9bf-3a88-4bbb-adba-dd5404257723 - - - - -] Service ee3f8561-ba06-41cd-a371-b715f461d067 is updated service_manage_report /usr/lib/python3/dist-packages/heat/engine/service.py:2370
2025-05-05 01:07:57.006 37703 DEBUG heat.engine.service [req-4d539182-1590-4e57-ba31-e442de7e1757 - - - - -] Service 4471562c-f637-46f3-9f7c-5edcdacf57ee is updated service_manage_report /usr/lib/python3/dist-packages/heat/engine/service.py:2370
2025-05-05 01:08:56.974 37705 DEBUG heat.engine.service [req-6bc1cc79-e19c-4f84-b134-5f86c9417e03 - - - - -] Service 4164d07f-3a76-49ef-8078-2703097280b9 is updated service_manage_report /usr/lib/python3/dist-packages/heat/engine/service.py:2370
2025-05-05 01:08:56.979 37704 DEBUG heat.engine.service [req-c00a2e7a-04c1-41ff-b6c9-a236d76758f0 - - - - -] Service b56be5c5-0193-417c-9367-a571606c54be is updated service_manage_report /usr/lib/python3/dist-packages/heat/engine/service.py:2370
2025-05-05 01:08:57.005 37702 DEBUG heat.engine.service [req-661742c2-84dd-4990-9d76-3a94652cc282 - - - - -] Service ee3f8561-ba06-41cd-a371-b715f461d067 is updated service_manage_report /usr/lib/python3/dist-packages/heat/engine/service.py:2370
2025-05-05 01:08:57.020 37703 DEBUG heat.engine.service [req-27d8f3ba-cefc-4802-83d3-47e2d92a9adc - - - - -] Service 4471562c-f637-46f3-9f7c-5edcdacf57ee is updated service_manage_report /usr/lib/python3/dist-packages/heat/engine/service.py:2370
2025-05-05 01:09:56.981 37705 DEBUG heat.engine.service [req-fdcca1a9-50c9-4519-8968-32429922552a - - - - -] Service 4164d07f-3a76-49ef-8078-2703097280b9 is updated service_manage_report /usr/lib/python3/dist-packages/heat/engine/service.py:2370
2025-05-05 01:09:56.983 37704 DEBUG heat.engine.service [req-754e7adf-ce91-4fd5-92cb-539c91642ba2 - - - - -] Service b56be5c5-0193-417c-9367-a571606c54be is updated service_manage_report /usr/lib/python3/dist-packages/heat/engine/service.py:2370
2025-05-05 01:09:57.009 37702 DEBUG heat.engine.service [req-433f9216-d685-4061-98d1-7aa179450170 - - - - -] Service ee3f8561-ba06-41cd-a371-b715f461d067 is updated service_manage_report /usr/lib/python3/dist-packages/heat/engine/service.py:2370
2025-05-05 01:09:57.016 37703 DEBUG heat.engine.service [req-01afb228-48b9-44e5-9c41-dc367b26c024 - - - - -] Service 4471562c-f637-46f3-9f7c-5edcdacf57ee is updated service_manage_report /usr/lib/python3/dist-packages/heat/engine/service.py:2370
2025-05-05 01:10:56.974 37705 DEBUG heat.engine.service [req-d66fbae7-c28c-47dd-8d03-da6fe41865a4 - - - - -] Service 4164d07f-3a76-49ef-8078-2703097280b9 is updated service_manage_report /usr/lib/python3/dist-packages/heat/engine/service.py:2370
2025-05-05 01:10:56.988 37704 DEBUG heat.engine.service [req-e1804c1b-00b1-48de-ab06-a0031f0466cb - - - - -] Service b56be5c5-0193-417c-9367-a571606c54be is updated service_manage_report /usr/lib/python3/dist-packages/heat/engine/service.py:2370
2025-05-05 01:10:57.009 37703 DEBUG heat.engine.service [req-43cc1beb-70b9-4d05-a013-2b4f8507f2ff - - - - -] Service 4471562c-f637-46f3-9f7c-5edcdacf57ee is updated service_manage_report /usr/lib/python3/dist-packages/heat/engine/service.py:2370
2025-05-05 01:10:57.013 37702 DEBUG heat.engine.service [req-b2917aa4-c84c-4d5c-bfe0-b91bdcce0450 - - - - -] Service ee3f8561-ba06-41cd-a371-b715f461d067 is updated service_manage_report /usr/lib/python3/dist-packages/heat/engine/service.py:2370
2025-05-05 01:11:56.977 37705 DEBUG heat.engine.service [req-be0efac1-16c3-40e7-994a-9f1f59b7a17d - - - - -] Service 4164d07f-3a76-49ef-8078-2703097280b9 is updated service_manage_report /usr/lib/python3/dist-packages/heat/engine/service.py:2370
2025-05-05 01:11:56.990 37704 DEBUG heat.engine.service [req-f52c8bab-f72c-48b9-a5e8-91c046f38030 - - - - -] Service b56be5c5-0193-417c-9367-a571606c54be is updated service_manage_report /usr/lib/python3/dist-packages/heat/engine/service.py:2370
2025-05-05 01:11:57.014 37703 DEBUG heat.engine.service [req-8a1eea32-e16a-47f4-b1c2-31ca88fdefcc - - - - -] Service 4471562c-f637-46f3-9f7c-5edcdacf57ee is updated service_manage_report /usr/lib/python3/dist-packages/heat/engine/service.py:2370
2025-05-05 01:11:57.017 37702 DEBUG heat.engine.service [req-f8004f1c-cec2-422c-97ee-d2229eca8448 - - - - -] Service ee3f8561-ba06-41cd-a371-b715f461d067 is updated service_manage_report /usr/lib/python3/dist-packages/heat/engine/service.py:2370
2025-05-05 01:12:56.979 37705 DEBUG heat.engine.service [req-6859f055-2587-4ae6-8680-9854d9d2da17 - - - - -] Service 4164d07f-3a76-49ef-8078-2703097280b9 is updated service_manage_report /usr/lib/python3/dist-packages/heat/engine/service.py:2370
2025-05-05 01:12:56.992 37704 DEBUG heat.engine.service [req-8c87644c-5b14-4c8a-bdf3-8e6c401f55bc - - - - -] Service b56be5c5-0193-417c-9367-a571606c54be is updated service_manage_report /usr/lib/python3/dist-packages/heat/engine/service.py:2370
2025-05-05 01:12:57.007 37703 DEBUG heat.engine.service [req-e4f0bc0e-222c-4e0b-8efd-48b69af0e87b - - - - -] Service 4471562c-f637-46f3-9f7c-5edcdacf57ee is updated service_manage_report /usr/lib/python3/dist-packages/heat/engine/service.py:2370
2025-05-05 01:12:57.019 37702 DEBUG heat.engine.service [req-809805da-b8b6-40cd-8444-3102db6ecbb6 - - - - -] Service ee3f8561-ba06-41cd-a371-b715f461d067 is updated service_manage_report /usr/lib/python3/dist-packages/heat/engine/service.py:2370
2025-05-05 01:13:56.982 37705 DEBUG heat.engine.service [req-ed9cce57-2c5e-4db8-8301-efaac4aa6708 - - - - -] Service 4164d07f-3a76-49ef-8078-2703097280b9 is updated service_manage_report /usr/lib/python3/dist-packages/heat/engine/service.py:2370
2025-05-05 01:13:56.995 37704 DEBUG heat.engine.service [req-f6d46d06-5d66-49b3-9cce-4488e1f73078 - - - - -] Service b56be5c5-0193-417c-9367-a571606c54be is updated service_manage_report /usr/lib/python3/dist-packages/heat/engine/service.py:2370
2025-05-05 01:13:57.011 37703 DEBUG heat.engine.service [req-6a11724a-5fe7-4775-a964-64c22d3ce7ac - - - - -] Service 4471562c-f637-46f3-9f7c-5edcdacf57ee is updated service_manage_report /usr/lib/python3/dist-packages/heat/engine/service.py:2370
2025-05-05 01:13:57.021 37702 DEBUG heat.engine.service [req-303684b9-0bf5-4c7d-85f8-7269574d246c - - - - -] Service ee3f8561-ba06-41cd-a371-b715f461d067 is updated service_manage_report /usr/lib/python3/dist-packages/heat/engine/service.py:2370
2025-05-05 01:14:56.986 37705 DEBUG heat.engine.service [req-92cb5046-24ee-495e-87f8-f23f63fefc6b - - - - -] Service 4164d07f-3a76-49ef-8078-2703097280b9 is updated service_manage_report /usr/lib/python3/dist-packages/heat/engine/service.py:2370
2025-05-05 01:14:56.997 37704 DEBUG heat.engine.service [req-da10d939-dad9-4f0e-8f9e-58da22d007f7 - - - - -] Service b56be5c5-0193-417c-9367-a571606c54be is updated service_manage_report /usr/lib/python3/dist-packages/heat/engine/service.py:2370
2025-05-05 01:14:57.014 37703 DEBUG heat.engine.service [req-1b13c9ac-10e7-4466-91cb-964e3c2d3798 - - - - -] Service 4471562c-f637-46f3-9f7c-5edcdacf57ee is updated service_manage_report /usr/lib/python3/dist-packages/heat/engine/service.py:2370
2025-05-05 01:14:57.023 37702 DEBUG heat.engine.service [req-b41344bf-811e-43b0-a4ff-2340e076d958 - - - - -] Service ee3f8561-ba06-41cd-a371-b715f461d067 is updated service_manage_report /usr/lib/python3/dist-packages/heat/engine/service.py:2370
2025-05-05 01:15:56.989 37705 DEBUG heat.engine.service [req-500623a9-34e6-45b8-bb45-9054d8d7beab - - - - -] Service 4164d07f-3a76-49ef-8078-2703097280b9 is updated service_manage_report /usr/lib/python3/dist-packages/heat/engine/service.py:2370
2025-05-05 01:15:57.001 37704 DEBUG heat.engine.service [req-c0d3e2ea-04c5-4c4b-aebd-3f94559584dd - - - - -] Service b56be5c5-0193-417c-9367-a571606c54be is updated service_manage_report /usr/lib/python3/dist-packages/heat/engine/service.py:2370
2025-05-05 01:15:57.017 37703 DEBUG heat.engine.service [req-90986bee-a88d-44fb-bdca-d39fa190df68 - - - - -] Service 4471562c-f637-46f3-9f7c-5edcdacf57ee is updated service_manage_report /usr/lib/python3/dist-packages/heat/engine/service.py:2370
2025-05-05 01:15:57.027 37702 DEBUG heat.engine.service [req-75a7773a-00d7-4e35-aee7-531aa6d08fb6 - - - - -] Service ee3f8561-ba06-41cd-a371-b715f461d067 is updated service_manage_report /usr/lib/python3/dist-packages/heat/engine/service.py:2370
2025-05-05 01:16:56.993 37705 DEBUG heat.engine.service [req-86d0cb9a-af8a-46f8-a9c8-809a27657531 - - - - -] Service 4164d07f-3a76-49ef-8078-2703097280b9 is updated service_manage_report /usr/lib/python3/dist-packages/heat/engine/service.py:2370
2025-05-05 01:16:57.002 37704 DEBUG heat.engine.service [req-d9862ce2-7074-4d0c-bc11-aa9d47fc3450 - - - - -] Service b56be5c5-0193-417c-9367-a571606c54be is updated service_manage_report /usr/lib/python3/dist-packages/heat/engine/service.py:2370
2025-05-05 01:16:57.020 37703 DEBUG heat.engine.service [req-868a953f-e01f-4dec-8a5a-4f124cce3f4b - - - - -] Service 4471562c-f637-46f3-9f7c-5edcdacf57ee is updated service_manage_report /usr/lib/python3/dist-packages/heat/engine/service.py:2370
2025-05-05 01:16:57.028 37702 DEBUG heat.engine.service [req-4807dc1c-48d2-4e36-9112-8195afb548b5 - - - - -] Service ee3f8561-ba06-41cd-a371-b715f461d067 is updated service_manage_report /usr/lib/python3/dist-packages/heat/engine/service.py:2370
2025-05-05 01:17:56.995 37705 DEBUG heat.engine.service [req-f072a608-b434-4081-af0c-6b991c3ee88a - - - - -] Service 4164d07f-3a76-49ef-8078-2703097280b9 is updated service_manage_report /usr/lib/python3/dist-packages/heat/engine/service.py:2370
2025-05-05 01:17:57.006 37704 DEBUG heat.engine.service [req-5f1a0f83-b92a-4adf-b26d-06d3f4dac275 - - - - -] Service b56be5c5-0193-417c-9367-a571606c54be is updated service_manage_report /usr/lib/python3/dist-packages/heat/engine/service.py:2370
2025-05-05 01:17:57.024 37703 DEBUG heat.engine.service [req-2fa46753-8af0-449c-b7ba-cfb0a24b594b - - - - -] Service 4471562c-f637-46f3-9f7c-5edcdacf57ee is updated service_manage_report /usr/lib/python3/dist-packages/heat/engine/service.py:2370
2025-05-05 01:17:57.031 37702 DEBUG heat.engine.service [req-3812b7a6-f2ed-48ca-9ef1-0dd6536c9bc5 - - - - -] Service ee3f8561-ba06-41cd-a371-b715f461d067 is updated service_manage_report /usr/lib/python3/dist-packages/heat/engine/service.py:2370
2025-05-05 01:18:56.999 37705 DEBUG heat.engine.service [req-85ca343b-a18b-4756-91d6-ed7eb851e461 - - - - -] Service 4164d07f-3a76-49ef-8078-2703097280b9 is updated service_manage_report /usr/lib/python3/dist-packages/heat/engine/service.py:2370
2025-05-05 01:18:57.008 37704 DEBUG heat.engine.service [req-d72b6270-a820-424e-bb15-e357aa1fc285 - - - - -] Service b56be5c5-0193-417c-9367-a571606c54be is updated service_manage_report /usr/lib/python3/dist-packages/heat/engine/service.py:2370
2025-05-05 01:18:57.031 37703 DEBUG heat.engine.service [req-c41351d5-aaa0-4b9b-a24c-5521142aa8af - - - - -] Service 4471562c-f637-46f3-9f7c-5edcdacf57ee is updated service_manage_report /usr/lib/python3/dist-packages/heat/engine/service.py:2370
2025-05-05 01:18:57.034 37702 DEBUG heat.engine.service [req-fe0a9198-f97c-469b-bc88-b63e55c339b7 - - - - -] Service ee3f8561-ba06-41cd-a371-b715f461d067 is updated service_manage_report /usr/lib/python3/dist-packages/heat/engine/service.py:2370
2025-05-05 01:19:57.004 37705 DEBUG heat.engine.service [req-d873c062-00d9-4f86-851e-4fa6f6029de2 - - - - -] Service 4164d07f-3a76-49ef-8078-2703097280b9 is updated service_manage_report /usr/lib/python3/dist-packages/heat/engine/service.py:2370
2025-05-05 01:19:57.010 37704 DEBUG heat.engine.service [req-1730c7eb-979b-451a-a96b-25ecdfd0ebc8 - - - - -] Service b56be5c5-0193-417c-9367-a571606c54be is updated service_manage_report /usr/lib/python3/dist-packages/heat/engine/service.py:2370
2025-05-05 01:19:57.023 37703 DEBUG heat.engine.service [req-dbcd37db-b177-4cbc-b349-2f693ee7eaca - - - - -] Service 4471562c-f637-46f3-9f7c-5edcdacf57ee is updated service_manage_report /usr/lib/python3/dist-packages/heat/engine/service.py:2370
2025-05-05 01:19:57.035 37702 DEBUG heat.engine.service [req-c5e95e3a-f1e4-4e13-bd46-3148c6def6ad - - - - -] Service ee3f8561-ba06-41cd-a371-b715f461d067 is updated service_manage_report /usr/lib/python3/dist-packages/heat/engine/service.py:2370
2025-05-05 01:20:57.011 37705 DEBUG heat.engine.service [req-6374a7ff-7396-4cf8-ad8b-3c72527efb2b - - - - -] Service 4164d07f-3a76-49ef-8078-2703097280b9 is updated service_manage_report /usr/lib/python3/dist-packages/heat/engine/service.py:2370
2025-05-05 01:20:57.013 37704 DEBUG heat.engine.service [req-69f40605-343b-4e24-9bae-ecd3bc9c68fc - - - - -] Service b56be5c5-0193-417c-9367-a571606c54be is updated service_manage_report /usr/lib/python3/dist-packages/heat/engine/service.py:2370
2025-05-05 01:20:57.026 37703 DEBUG heat.engine.service [req-a77ddb96-29fd-439b-899c-17fd4d747c61 - - - - -] Service 4471562c-f637-46f3-9f7c-5edcdacf57ee is updated service_manage_report /usr/lib/python3/dist-packages/heat/engine/service.py:2370
2025-05-05 01:20:57.037 37702 DEBUG heat.engine.service [req-ef930647-e070-4aa1-91f5-9e00f7fc7993 - - - - -] Service ee3f8561-ba06-41cd-a371-b715f461d067 is updated service_manage_report /usr/lib/python3/dist-packages/heat/engine/service.py:2370
2025-05-05 01:21:57.005 37705 DEBUG heat.engine.service [req-ca3c0a8e-391f-4f08-a111-088c04aec8ba - - - - -] Service 4164d07f-3a76-49ef-8078-2703097280b9 is updated service_manage_report /usr/lib/python3/dist-packages/heat/engine/service.py:2370
2025-05-05 01:21:57.017 37704 DEBUG heat.engine.service [req-3d588afe-1ee6-4d9c-a6cb-dcc1907b863d - - - - -] Service b56be5c5-0193-417c-9367-a571606c54be is updated service_manage_report /usr/lib/python3/dist-packages/heat/engine/service.py:2370
2025-05-05 01:21:57.029 37703 DEBUG heat.engine.service [req-9ecfd640-e0a8-40ba-8a2b-639da9160a82 - - - - -] Service 4471562c-f637-46f3-9f7c-5edcdacf57ee is updated service_manage_report /usr/lib/python3/dist-packages/heat/engine/service.py:2370
2025-05-05 01:21:57.042 37702 DEBUG heat.engine.service [req-c035f54e-3c61-4a00-ba17-613eab010461 - - - - -] Service ee3f8561-ba06-41cd-a371-b715f461d067 is updated service_manage_report /usr/lib/python3/dist-packages/heat/engine/service.py:2370
2025-05-05 01:22:57.011 37705 DEBUG heat.engine.service [req-f41fbe20-49fd-4254-bae0-0e515f6b382e - - - - -] Service 4164d07f-3a76-49ef-8078-2703097280b9 is updated service_manage_report /usr/lib/python3/dist-packages/heat/engine/service.py:2370
2025-05-05 01:22:57.022 37704 DEBUG heat.engine.service [req-b92ddc2b-c0d9-4474-91d3-12d18dd1c124 - - - - -] Service b56be5c5-0193-417c-9367-a571606c54be is updated service_manage_report /usr/lib/python3/dist-packages/heat/engine/service.py:2370
2025-05-05 01:22:57.031 37703 DEBUG heat.engine.service [req-bfacaa56-2838-4f71-92bf-ad040e9dd9bf - - - - -] Service 4471562c-f637-46f3-9f7c-5edcdacf57ee is updated service_manage_report /usr/lib/python3/dist-packages/heat/engine/service.py:2370
2025-05-05 01:22:57.045 37702 DEBUG heat.engine.service [req-d13d81c8-4652-4550-b089-5207f109462f - - - - -] Service ee3f8561-ba06-41cd-a371-b715f461d067 is updated service_manage_report /usr/lib/python3/dist-packages/heat/engine/service.py:2370
2025-05-05 01:23:57.013 37705 DEBUG heat.engine.service [req-2c312a03-d3c2-4343-be62-69defccadf03 - - - - -] Service 4164d07f-3a76-49ef-8078-2703097280b9 is updated service_manage_report /usr/lib/python3/dist-packages/heat/engine/service.py:2370
2025-05-05 01:23:57.025 37704 DEBUG heat.engine.service [req-f05f9997-6fc9-4c5f-a343-004e726dc1dd - - - - -] Service b56be5c5-0193-417c-9367-a571606c54be is updated service_manage_report /usr/lib/python3/dist-packages/heat/engine/service.py:2370
2025-05-05 01:23:57.032 37703 DEBUG heat.engine.service [req-e5fcbaa2-3fd8-402a-8262-b2523736a8d0 - - - - -] Service 4471562c-f637-46f3-9f7c-5edcdacf57ee is updated service_manage_report /usr/lib/python3/dist-packages/heat/engine/service.py:2370
2025-05-05 01:23:57.046 37702 DEBUG heat.engine.service [req-f31240c0-4181-49e7-ad05-59f02658ab5a - - - - -] Service ee3f8561-ba06-41cd-a371-b715f461d067 is updated service_manage_report /usr/lib/python3/dist-packages/heat/engine/service.py:2370
2025-05-05 01:24:57.018 37705 DEBUG heat.engine.service [req-78aeaa0a-7bf3-4e37-b57e-cc04d05c2df0 - - - - -] Service 4164d07f-3a76-49ef-8078-2703097280b9 is updated service_manage_report /usr/lib/python3/dist-packages/heat/engine/service.py:2370
2025-05-05 01:24:57.028 37704 DEBUG heat.engine.service [req-6f09654f-8f16-458f-b3fc-6f538080445c - - - - -] Service b56be5c5-0193-417c-9367-a571606c54be is updated service_manage_report /usr/lib/python3/dist-packages/heat/engine/service.py:2370
2025-05-05 01:24:57.035 37703 DEBUG heat.engine.service [req-eaf6aeab-db17-4a0f-ab1f-961809e52eab - - - - -] Service 4471562c-f637-46f3-9f7c-5edcdacf57ee is updated service_manage_report /usr/lib/python3/dist-packages/heat/engine/service.py:2370
2025-05-05 01:24:57.049 37702 DEBUG heat.engine.service [req-288adfce-9b9c-441a-b2c3-9eaeb24943e5 - - - - -] Service ee3f8561-ba06-41cd-a371-b715f461d067 is updated service_manage_report /usr/lib/python3/dist-packages/heat/engine/service.py:2370
2025-05-05 01:25:57.022 37705 DEBUG heat.engine.service [req-957f8e9f-b822-4fd7-a807-07c2b46edd96 - - - - -] Service 4164d07f-3a76-49ef-8078-2703097280b9 is updated service_manage_report /usr/lib/python3/dist-packages/heat/engine/service.py:2370
2025-05-05 01:25:57.030 37704 DEBUG heat.engine.service [req-b5518803-6468-4d6e-a1e8-6c72fddda2c0 - - - - -] Service b56be5c5-0193-417c-9367-a571606c54be is updated service_manage_report /usr/lib/python3/dist-packages/heat/engine/service.py:2370
2025-05-05 01:25:57.037 37703 DEBUG heat.engine.service [req-2f34cae4-3021-4061-b852-344b8a100e18 - - - - -] Service 4471562c-f637-46f3-9f7c-5edcdacf57ee is updated service_manage_report /usr/lib/python3/dist-packages/heat/engine/service.py:2370
2025-05-05 01:25:57.054 37702 DEBUG heat.engine.service [req-8728c55d-19ad-4b9c-98c8-97f992036e5b - - - - -] Service ee3f8561-ba06-41cd-a371-b715f461d067 is updated service_manage_report /usr/lib/python3/dist-packages/heat/engine/service.py:2370
2025-05-05 01:26:57.025 37705 DEBUG heat.engine.service [req-0bf025df-10d3-4813-9238-1161a99af6fb - - - - -] Service 4164d07f-3a76-49ef-8078-2703097280b9 is updated service_manage_report /usr/lib/python3/dist-packages/heat/engine/service.py:2370
2025-05-05 01:26:57.032 37704 DEBUG heat.engine.service [req-0a40bf56-c166-4712-b3d3-3284aa1e350d - - - - -] Service b56be5c5-0193-417c-9367-a571606c54be is updated service_manage_report /usr/lib/python3/dist-packages/heat/engine/service.py:2370
2025-05-05 01:26:57.040 37703 DEBUG heat.engine.service [req-32a79a09-5e5a-43c8-9ece-24965b842e00 - - - - -] Service 4471562c-f637-46f3-9f7c-5edcdacf57ee is updated service_manage_report /usr/lib/python3/dist-packages/heat/engine/service.py:2370
2025-05-05 01:26:57.057 37702 DEBUG heat.engine.service [req-dc1cf6a0-4c6e-48ed-802e-3711515edd05 - - - - -] Service ee3f8561-ba06-41cd-a371-b715f461d067 is updated service_manage_report /usr/lib/python3/dist-packages/heat/engine/service.py:2370
2025-05-05 01:27:57.029 37705 DEBUG heat.engine.service [req-59e07664-2865-4518-88f0-a16502988ac0 - - - - -] Service 4164d07f-3a76-49ef-8078-2703097280b9 is updated service_manage_report /usr/lib/python3/dist-packages/heat/engine/service.py:2370
2025-05-05 01:27:57.035 37704 DEBUG heat.engine.service [req-a21a75e2-db99-4397-8be4-22287300d604 - - - - -] Service b56be5c5-0193-417c-9367-a571606c54be is updated service_manage_report /usr/lib/python3/dist-packages/heat/engine/service.py:2370
2025-05-05 01:27:57.042 37703 DEBUG heat.engine.service [req-3626b1ef-49e0-4327-b635-0a0d528aa8f7 - - - - -] Service 4471562c-f637-46f3-9f7c-5edcdacf57ee is updated service_manage_report /usr/lib/python3/dist-packages/heat/engine/service.py:2370
2025-05-05 01:27:57.060 37702 DEBUG heat.engine.service [req-215be8df-76a9-47ec-84e6-af325202e547 - - - - -] Service ee3f8561-ba06-41cd-a371-b715f461d067 is updated service_manage_report /usr/lib/python3/dist-packages/heat/engine/service.py:2370
2025-05-05 01:28:57.031 37705 DEBUG heat.engine.service [req-aaa56512-578f-41e7-840e-fac1e03ca55a - - - - -] Service 4164d07f-3a76-49ef-8078-2703097280b9 is updated service_manage_report /usr/lib/python3/dist-packages/heat/engine/service.py:2370
2025-05-05 01:28:57.037 37704 DEBUG heat.engine.service [req-0aa5b027-bfa7-4267-b6b7-db03ea5d76eb - - - - -] Service b56be5c5-0193-417c-9367-a571606c54be is updated service_manage_report /usr/lib/python3/dist-packages/heat/engine/service.py:2370
2025-05-05 01:28:57.046 37703 DEBUG heat.engine.service [req-04be471b-75d8-4516-b3b9-6c3f7a8560cb - - - - -] Service 4471562c-f637-46f3-9f7c-5edcdacf57ee is updated service_manage_report /usr/lib/python3/dist-packages/heat/engine/service.py:2370
2025-05-05 01:28:57.063 37702 DEBUG heat.engine.service [req-8afa2a07-91f8-4869-9d31-2644d984501d - - - - -] Service ee3f8561-ba06-41cd-a371-b715f461d067 is updated service_manage_report /usr/lib/python3/dist-packages/heat/engine/service.py:2370
2025-05-05 01:29:57.037 37705 DEBUG heat.engine.service [req-1071b620-ab1a-450d-b5ac-d1f8a7c89aee - - - - -] Service 4164d07f-3a76-49ef-8078-2703097280b9 is updated service_manage_report /usr/lib/python3/dist-packages/heat/engine/service.py:2370
2025-05-05 01:29:57.040 37704 DEBUG heat.engine.service [req-6c5a667b-5cc9-4c5d-9110-867156c23c80 - - - - -] Service b56be5c5-0193-417c-9367-a571606c54be is updated service_manage_report /usr/lib/python3/dist-packages/heat/engine/service.py:2370
2025-05-05 01:29:57.048 37703 DEBUG heat.engine.service [req-85af61bf-1174-4a79-932d-28737bcd891e - - - - -] Service 4471562c-f637-46f3-9f7c-5edcdacf57ee is updated service_manage_report /usr/lib/python3/dist-packages/heat/engine/service.py:2370
2025-05-05 01:29:57.066 37702 DEBUG heat.engine.service [req-774bd2dd-df33-4268-97ff-ff5177cf5ece - - - - -] Service ee3f8561-ba06-41cd-a371-b715f461d067 is updated service_manage_report /usr/lib/python3/dist-packages/heat/engine/service.py:2370
2025-05-05 01:30:57.040 37705 DEBUG heat.engine.service [req-10dabf82-1416-4721-af19-3fc4e8203d6a - - - - -] Service 4164d07f-3a76-49ef-8078-2703097280b9 is updated service_manage_report /usr/lib/python3/dist-packages/heat/engine/service.py:2370
2025-05-05 01:30:57.042 37704 DEBUG heat.engine.service [req-3b8ce641-3c7a-4757-af4f-d98adea9af99 - - - - -] Service b56be5c5-0193-417c-9367-a571606c54be is updated service_manage_report /usr/lib/python3/dist-packages/heat/engine/service.py:2370
2025-05-05 01:30:57.049 37703 DEBUG heat.engine.service [req-7dc5b427-dde5-482b-9c0a-6fad9b273e77 - - - - -] Service 4471562c-f637-46f3-9f7c-5edcdacf57ee is updated service_manage_report /usr/lib/python3/dist-packages/heat/engine/service.py:2370
2025-05-05 01:30:57.069 37702 DEBUG heat.engine.service [req-60798c3c-fdc5-42b6-9719-8efc7660fdf1 - - - - -] Service ee3f8561-ba06-41cd-a371-b715f461d067 is updated service_manage_report /usr/lib/python3/dist-packages/heat/engine/service.py:2370
2025-05-05 01:31:57.044 37705 DEBUG heat.engine.service [req-8f2cb29b-d618-4318-9536-c8b6db179fd5 - - - - -] Service 4164d07f-3a76-49ef-8078-2703097280b9 is updated service_manage_report /usr/lib/python3/dist-packages/heat/engine/service.py:2370
2025-05-05 01:31:57.045 37704 DEBUG heat.engine.service [req-9796ed2a-82ce-478a-8852-5c802cb8ff61 - - - - -] Service b56be5c5-0193-417c-9367-a571606c54be is updated service_manage_report /usr/lib/python3/dist-packages/heat/engine/service.py:2370
2025-05-05 01:31:57.053 37703 DEBUG heat.engine.service [req-b42ff119-fb7c-4ba1-82de-5024328d0ba9 - - - - -] Service 4471562c-f637-46f3-9f7c-5edcdacf57ee is updated service_manage_report /usr/lib/python3/dist-packages/heat/engine/service.py:2370
2025-05-05 01:31:57.071 37702 DEBUG heat.engine.service [req-245a10c6-6005-422e-9dca-df8a3d25e4b5 - - - - -] Service ee3f8561-ba06-41cd-a371-b715f461d067 is updated service_manage_report /usr/lib/python3/dist-packages/heat/engine/service.py:2370
2025-05-05 01:32:57.049 37705 DEBUG heat.engine.service [req-4fd48ec2-12d5-41b6-855b-e9dde9ee25fb - - - - -] Service 4164d07f-3a76-49ef-8078-2703097280b9 is updated service_manage_report /usr/lib/python3/dist-packages/heat/engine/service.py:2370
2025-05-05 01:32:57.051 37704 DEBUG heat.engine.service [req-c549e655-ffe5-4687-981b-dd7797bc9cbe - - - - -] Service b56be5c5-0193-417c-9367-a571606c54be is updated service_manage_report /usr/lib/python3/dist-packages/heat/engine/service.py:2370
2025-05-05 01:32:57.056 37703 DEBUG heat.engine.service [req-b7574ad2-3c14-4b2a-aadd-69f17e263502 - - - - -] Service 4471562c-f637-46f3-9f7c-5edcdacf57ee is updated service_manage_report /usr/lib/python3/dist-packages/heat/engine/service.py:2370
2025-05-05 01:32:57.074 37702 DEBUG heat.engine.service [req-ce19e6e4-2aa7-4105-bd52-da32af55fabb - - - - -] Service ee3f8561-ba06-41cd-a371-b715f461d067 is updated service_manage_report /usr/lib/python3/dist-packages/heat/engine/service.py:2370
2025-05-05 01:33:57.175 37705 DEBUG heat.engine.service [req-ff5c0479-57d1-4125-b412-220db0d3234d - - - - -] Service 4164d07f-3a76-49ef-8078-2703097280b9 is updated service_manage_report /usr/lib/python3/dist-packages/heat/engine/service.py:2370
2025-05-05 01:33:57.401 37702 DEBUG heat.engine.service [req-3e29a654-7fef-4151-8616-b2093e7326b8 - - - - -] Service ee3f8561-ba06-41cd-a371-b715f461d067 is updated service_manage_report /usr/lib/python3/dist-packages/heat/engine/service.py:2370
2025-05-05 01:33:57.402 37704 DEBUG heat.engine.service [req-1f51460b-65db-49ea-82ac-2739314858b2 - - - - -] Service b56be5c5-0193-417c-9367-a571606c54be is updated service_manage_report /usr/lib/python3/dist-packages/heat/engine/service.py:2370
2025-05-05 01:33:57.402 37703 DEBUG heat.engine.service [req-1a9505ee-a700-4bfc-a313-9f181b04da48 - - - - -] Service 4471562c-f637-46f3-9f7c-5edcdacf57ee is updated service_manage_report /usr/lib/python3/dist-packages/heat/engine/service.py:2370
2025-05-05 01:33:59.291 37704 DEBUG heat.engine.service [-] Attempting to stop engine service... _stop_rpc_server /usr/lib/python3/dist-packages/heat/engine/service.py:437
2025-05-05 01:33:59.291 37703 DEBUG heat.engine.service [-] Attempting to stop engine service... _stop_rpc_server /usr/lib/python3/dist-packages/heat/engine/service.py:437
2025-05-05 01:33:59.291 37702 DEBUG heat.engine.service [-] Attempting to stop engine service... _stop_rpc_server /usr/lib/python3/dist-packages/heat/engine/service.py:437
2025-05-05 01:33:59.291 37705 DEBUG heat.engine.service [-] Attempting to stop engine service... _stop_rpc_server /usr/lib/python3/dist-packages/heat/engine/service.py:437
2025-05-05 01:33:59.298 37484 INFO oslo_service.service [-] Caught SIGTERM, stopping children
2025-05-05 01:33:59.324 37484 DEBUG oslo_concurrency.lockutils [-] Acquired lock "singleton_lock" lock /usr/lib/python3/dist-packages/oslo_concurrency/lockutils.py:294
2025-05-05 01:33:59.324 37484 DEBUG oslo_concurrency.lockutils [-] Releasing lock "singleton_lock" lock /usr/lib/python3/dist-packages/oslo_concurrency/lockutils.py:312
2025-05-05 01:33:59.324 37484 DEBUG oslo_service.service [-] Stop services. stop /usr/lib/python3/dist-packages/oslo_service/service.py:695
2025-05-05 01:33:59.325 37484 INFO heat.engine.service [-] All threads were gone, terminating engine
2025-05-05 01:33:59.325 37484 DEBUG oslo_service.service [-] Killing children. stop /usr/lib/python3/dist-packages/oslo_service/service.py:700
2025-05-05 01:33:59.325 37484 INFO oslo_service.service [-] Waiting on 4 children to exit
2025-05-05 01:33:59.333 37484 INFO oslo_service.service [-] Child 37704 killed by signal 15
2025-05-05 01:33:59.333 37484 INFO oslo_service.service [-] Child 37702 killed by signal 15
2025-05-05 01:33:59.337 37484 INFO oslo_service.service [-] Child 37703 killed by signal 15
2025-05-05 01:33:59.340 37484 INFO oslo_service.service [-] Child 37705 killed by signal 15
2025-05-05 01:34:02.108 56775 DEBUG oslo_concurrency.lockutils [-] Lock "context-manager" acquired by "neutron_lib.db.api._create_context_manager" :: waited 0.000s inner /usr/lib/python3/dist-packages/oslo_concurrency/lockutils.py:386
2025-05-05 01:34:02.109 56775 DEBUG oslo_concurrency.lockutils [-] Lock "context-manager" "released" by "neutron_lib.db.api._create_context_manager" :: held 0.001s inner /usr/lib/python3/dist-packages/oslo_concurrency/lockutils.py:400
2025-05-05 01:34:02.359 56775 WARNING heat.engine.environment [-] OS::Aodh::Alarm is DEPRECATED. Theshold alarm relies on ceilometer-api and has been deprecated in aodh since Ocata. Use OS::Aodh::GnocchiAggregationByResourcesAlarm instead.
2025-05-05 01:34:02.360 56775 WARNING heat.engine.environment [-] OS::Aodh::CombinationAlarm is HIDDEN. OS::Aodh::CombinationAlarm is deprecated and has been removed from Aodh, use OS::Aodh::CompositeAlarm instead.
2025-05-05 01:34:02.360 56775 WARNING heat.engine.environment [-] OS::Designate::Domain is HIDDEN. This resource has been removed, use OS::Designate::Zone instead.
2025-05-05 01:34:02.360 56775 WARNING heat.engine.environment [-] OS::Designate::Record is HIDDEN. This resource has been removed, use OS::Designate::RecordSet instead.
2025-05-05 01:34:02.360 56775 WARNING heat.engine.environment [-] OS::Glance::Image is DEPRECATED. Creating a Glance Image based on an existing URL location requires the Glance v1 API, which is deprecated.
2025-05-05 01:34:02.360 56775 WARNING heat.engine.environment [-] OS::Heat::HARestarter is HIDDEN. The HARestarter resource type has been removed. Existing stacks containing HARestarter resources can still be used, but the HARestarter resource will be a placeholder that does nothing.
2025-05-05 01:34:02.361 56775 WARNING heat.engine.environment [-] OS::Heat::SoftwareDeployments is HIDDEN. Please use OS::Heat::SoftwareDeploymentGroup instead.
2025-05-05 01:34:02.361 56775 WARNING heat.engine.environment [-] OS::Heat::StructuredDeployments is HIDDEN. Please use OS::Heat::StructuredDeploymentGroup instead.
2025-05-05 01:34:02.361 56775 WARNING heat.engine.environment [-] OS::Magnum::Bay is HIDDEN. Please use OS::Magnum::Cluster instead.
2025-05-05 01:34:02.361 56775 WARNING heat.engine.environment [-] OS::Magnum::BayModel is HIDDEN. Please use OS::Magnum::ClusterTemplate instead.
2025-05-05 01:34:02.361 56775 WARNING heat.engine.environment [-] OS::Neutron::ExtraRoute is UNSUPPORTED. Use this resource at your own risk.
2025-05-05 01:34:02.362 56775 WARNING heat.engine.environment [-] OS::Neutron::HealthMonitor is HIDDEN. Use LBaaS V2 instead.
2025-05-05 01:34:02.362 56775 WARNING heat.engine.environment [-] OS::Neutron::Pool is HIDDEN. Use LBaaS V2 instead.
2025-05-05 01:34:02.362 56775 WARNING heat.engine.environment [-] OS::Neutron::PoolMember is HIDDEN. Use LBaaS V2 instead.
2025-05-05 01:34:02.362 56775 WARNING heat.engine.environment [-] OS::Neutron::LoadBalancer is HIDDEN. Use LBaaS V2 instead.
2025-05-05 01:34:02.362 56775 WARNING heat.engine.environment [-] OS::Neutron::RouterGateway is HIDDEN. Use the `external_gateway_info` property in the router resource to set up the gateway.
2025-05-05 01:34:02.363 56775 WARNING heat.engine.environment [-] OS::Nova::FloatingIP is HIDDEN. Please use OS::Neutron::FloatingIP instead.
2025-05-05 01:34:02.363 56775 WARNING heat.engine.environment [-] OS::Nova::FloatingIPAssociation is HIDDEN. Please use OS::Neutron::FloatingIPAssociation instead.
2025-05-05 01:34:02.364 56775 INFO heat.engine.environment [-] Loading /etc/heat/environment.d/default.yaml
2025-05-05 01:34:02.366 56775 INFO heat.engine.environment [-] Registered: [Plugin](User:False) AWS::AutoScaling::AutoScalingGroup ->
2025-05-05 01:34:02.366 56775 INFO heat.engine.environment [-] Registered: [Plugin](User:False) AWS::AutoScaling::LaunchConfiguration ->
2025-05-05 01:34:02.367 56775 INFO heat.engine.environment [-] Registered: [Plugin](User:False) AWS::AutoScaling::ScalingPolicy ->
2025-05-05 01:34:02.367 56775 INFO heat.engine.environment [-] Registered: [Plugin](User:False) AWS::CloudFormation::Stack ->
2025-05-05 01:34:02.367 56775 INFO heat.engine.environment [-] Registered: [Plugin](User:False) AWS::CloudFormation::WaitCondition ->
2025-05-05 01:34:02.367 56775 INFO heat.engine.environment [-] Registered: [Plugin](User:False) AWS::CloudFormation::WaitConditionHandle ->
2025-05-05 01:34:02.367 56775 INFO heat.engine.environment [-] Registered: [Plugin](User:False) AWS::EC2::EIP ->
2025-05-05 01:34:02.367 56775 INFO heat.engine.environment [-] Registered: [Plugin](User:False) AWS::EC2::EIPAssociation ->
2025-05-05 01:34:02.367 56775 INFO heat.engine.environment [-] Registered: [Plugin](User:False) AWS::EC2::Instance ->
2025-05-05 01:34:02.367 56775 INFO heat.engine.environment [-] Registered: [Plugin](User:False) AWS::EC2::InternetGateway ->
2025-05-05 01:34:02.367 56775 INFO heat.engine.environment [-] Registered: [Plugin](User:False) AWS::EC2::VPCGatewayAttachment ->
2025-05-05 01:34:02.367 56775 INFO heat.engine.environment [-] Registered: [Plugin](User:False) AWS::EC2::NetworkInterface ->
2025-05-05 01:34:02.368 56775 INFO heat.engine.environment [-] Registered: [Plugin](User:False) AWS::EC2::RouteTable ->
2025-05-05 01:34:02.368 56775 INFO heat.engine.environment [-] Registered: [Plugin](User:False) AWS::EC2::SubnetRouteTableAssociation ->
2025-05-05 01:34:02.368 56775 INFO heat.engine.environment [-] Registered: [Plugin](User:False) AWS::EC2::SecurityGroup ->
2025-05-05 01:34:02.368 56775 INFO heat.engine.environment [-] Registered: [Plugin](User:False) AWS::EC2::Subnet ->
2025-05-05 01:34:02.368 56775 INFO heat.engine.environment [-] Registered: [Plugin](User:False) AWS::EC2::Volume ->
2025-05-05 01:34:02.368 56775 INFO heat.engine.environment [-] Registered: [Plugin](User:False) AWS::EC2::VolumeAttachment ->
2025-05-05 01:34:02.368 56775 INFO heat.engine.environment [-] Registered: [Plugin](User:False) AWS::EC2::VPC ->
2025-05-05 01:34:02.368 56775 INFO heat.engine.environment [-] Registered: [Plugin](User:False) AWS::IAM::User ->
2025-05-05 01:34:02.368 56775 INFO heat.engine.environment [-] Registered: [Plugin](User:False) AWS::IAM::AccessKey ->
2025-05-05 01:34:02.368 56775 INFO heat.engine.environment [-] Registered: [Plugin](User:False) AWS::ElasticLoadBalancing::LoadBalancer ->
2025-05-05 01:34:02.369 56775 INFO heat.engine.environment [-] Registered: [Plugin](User:False) AWS::S3::Bucket ->
2025-05-05 01:34:02.369 56775 INFO heat.engine.environment [-] Registered: [Plugin](User:False) OS::Aodh::Alarm ->
2025-05-05 01:34:02.369 56775 INFO heat.engine.environment [-] Registered: [Plugin](User:False) OS::Aodh::CombinationAlarm ->
2025-05-05 01:34:02.369 56775 INFO heat.engine.environment [-] Registered: [Plugin](User:False) OS::Aodh::EventAlarm ->
2025-05-05 01:34:02.369 56775 INFO heat.engine.environment [-] Registered: [Plugin](User:False) OS::Aodh::LBMemberHealthAlarm ->
2025-05-05 01:34:02.369 56775 INFO heat.engine.environment [-] Registered: [Plugin](User:False) OS::Aodh::CompositeAlarm ->
2025-05-05 01:34:02.369 56775 INFO heat.engine.environment [-] Registered: [Plugin](User:False) OS::Aodh::GnocchiResourcesAlarm ->
2025-05-05 01:34:02.369 56775 INFO heat.engine.environment [-] Registered: [Plugin](User:False) OS::Aodh::GnocchiAggregationByMetricsAlarm ->
2025-05-05 01:34:02.369 56775 INFO heat.engine.environment [-] Registered: [Plugin](User:False) OS::Aodh::GnocchiAggregationByResourcesAlarm ->
2025-05-05 01:34:02.369 56775 INFO heat.engine.environment [-] Registered: [Plugin](User:False) OS::Barbican::GenericContainer ->
2025-05-05 01:34:02.370 56775 INFO heat.engine.environment [-] Registered: [Plugin](User:False) OS::Barbican::CertificateContainer ->
2025-05-05 01:34:02.370 56775 INFO heat.engine.environment [-] Registered: [Plugin](User:False) OS::Barbican::RSAContainer ->
2025-05-05 01:34:02.370 56775 INFO heat.engine.environment [-] Registered: [Plugin](User:False) OS::Barbican::Order ->
2025-05-05 01:34:02.370 56775 INFO heat.engine.environment [-] Registered: [Plugin](User:False) OS::Barbican::Secret ->
2025-05-05 01:34:02.370 56775 INFO heat.engine.environment [-] Registered: [Plugin](User:False) OS::Blazar::Host ->
2025-05-05 01:34:02.370 56775 INFO heat.engine.environment [-] Registered: [Plugin](User:False) OS::Blazar::Lease ->
2025-05-05 01:34:02.370 56775 INFO heat.engine.environment [-] Registered: [Plugin](User:False) OS::Cinder::EncryptedVolumeType ->
2025-05-05 01:34:02.370 56775 INFO heat.engine.environment [-] Registered: [Plugin](User:False) OS::Cinder::QoSSpecs ->
2025-05-05 01:34:02.370 56775 INFO heat.engine.environment [-] Registered: [Plugin](User:False) OS::Cinder::QoSAssociation ->
2025-05-05 01:34:02.370 56775 INFO heat.engine.environment [-] Registered: [Plugin](User:False) OS::Cinder::Quota ->
2025-05-05 01:34:02.371 56775 INFO heat.engine.environment [-] Registered: [Plugin](User:False) OS::Cinder::Volume ->
2025-05-05 01:34:02.371 56775 INFO heat.engine.environment [-] Registered: [Plugin](User:False) OS::Cinder::VolumeAttachment ->
2025-05-05 01:34:02.371 56775 INFO heat.engine.environment [-] Registered: [Plugin](User:False) OS::Cinder::VolumeType ->
2025-05-05 01:34:02.371 56775 INFO heat.engine.environment [-] Registered: [Plugin](User:False) OS::Designate::Domain ->
2025-05-05 01:34:02.371 56775 INFO heat.engine.environment [-] Registered: [Plugin](User:False) OS::Designate::Record ->
2025-05-05 01:34:02.371 56775 INFO heat.engine.environment [-] Registered: [Plugin](User:False) OS::Designate::RecordSet ->
2025-05-05 01:34:02.371 56775 INFO heat.engine.environment [-] Registered: [Plugin](User:False) OS::Designate::Zone ->
2025-05-05 01:34:02.371 56775 INFO heat.engine.environment [-] Registered: [Plugin](User:False) OS::Glance::Image ->
2025-05-05 01:34:02.371 56775 INFO heat.engine.environment [-] Registered: [Plugin](User:False) OS::Glance::WebImage ->
2025-05-05 01:34:02.371 56775 INFO heat.engine.environment [-] Registered: [Plugin](User:False) OS::Heat::AccessPolicy ->
2025-05-05 01:34:02.372 56775 INFO heat.engine.environment [-] Registered: [Plugin](User:False) OS::Heat::AutoScalingGroup ->
2025-05-05 01:34:02.372 56775 INFO heat.engine.environment [-] Registered: [Plugin](User:False) OS::Heat::CloudConfig ->
2025-05-05 01:34:02.372 56775 INFO heat.engine.environment [-] Registered: [Plugin](User:False) OS::Heat::Delay ->
2025-05-05 01:34:02.372 56775 INFO heat.engine.environment [-] Registered: [Plugin](User:False) OS::Heat::DeployedServer ->
2025-05-05 01:34:02.372 56775 INFO heat.engine.environment [-] Registered: [Plugin](User:False) OS::Heat::HARestarter ->
2025-05-05 01:34:02.372 56775 INFO heat.engine.environment [-] Registered: [Plugin](User:False) OS::Heat::InstanceGroup ->
2025-05-05 01:34:02.372 56775 INFO heat.engine.environment [-] Registered: [Plugin](User:False) OS::Heat::MultipartMime ->
2025-05-05 01:34:02.372 56775 INFO heat.engine.environment [-] Registered: [Plugin](User:False) OS::Heat::None ->
2025-05-05 01:34:02.372 56775 INFO heat.engine.environment [-] Registered: [Plugin](User:False) OS::Heat::RandomString ->
2025-05-05 01:34:02.372 56775 INFO heat.engine.environment [-] Registered: [Plugin](User:False) OS::Heat::Stack ->
2025-05-05 01:34:02.373 56775 INFO heat.engine.environment [-] Registered: [Plugin](User:False) OS::Heat::ResourceChain ->
2025-05-05 01:34:02.373 56775 INFO heat.engine.environment [-] Registered: [Plugin](User:False) OS::Heat::ResourceGroup ->
2025-05-05 01:34:02.373 56775 INFO heat.engine.environment [-] Registered: [Plugin](User:False) OS::Heat::ScalingPolicy ->
2025-05-05 01:34:02.373 56775 INFO heat.engine.environment [-] Registered: [Plugin](User:False) OS::Heat::SoftwareComponent ->
2025-05-05 01:34:02.373 56775 INFO heat.engine.environment [-] Registered: [Plugin](User:False) OS::Heat::SoftwareConfig ->
2025-05-05 01:34:02.373 56775 INFO heat.engine.environment [-] Registered: [Plugin](User:False) OS::Heat::SoftwareDeployment ->
2025-05-05 01:34:02.373 56775 INFO heat.engine.environment [-] Registered: [Plugin](User:False) OS::Heat::SoftwareDeploymentGroup ->
2025-05-05 01:34:02.373 56775 INFO heat.engine.environment [-] Registered: [Plugin](User:False) OS::Heat::SoftwareDeployments ->
2025-05-05 01:34:02.373 56775 INFO heat.engine.environment [-] Registered: [Plugin](User:False) OS::Heat::StructuredConfig ->
2025-05-05 01:34:02.373 56775 INFO heat.engine.environment [-] Registered: [Plugin](User:False) OS::Heat::StructuredDeployment ->
2025-05-05 01:34:02.374 56775 INFO heat.engine.environment [-] Registered: [Plugin](User:False) OS::Heat::StructuredDeploymentGroup ->
2025-05-05 01:34:02.374 56775 INFO heat.engine.environment [-] Registered: [Plugin](User:False) OS::Heat::StructuredDeployments ->
2025-05-05 01:34:02.374 56775 INFO heat.engine.environment [-] Registered: [Plugin](User:False) OS::Heat::SwiftSignal ->
2025-05-05 01:34:02.374 56775 INFO heat.engine.environment [-] Registered: [Plugin](User:False) OS::Heat::SwiftSignalHandle ->
2025-05-05 01:34:02.374 56775 INFO heat.engine.environment [-] Registered: [Plugin](User:False) OS::Heat::TestResource ->
2025-05-05 01:34:02.374 56775 INFO heat.engine.environment [-] Registered: [Plugin](User:False) OS::Heat::Value ->
2025-05-05 01:34:02.374 56775 INFO heat.engine.environment [-] Registered: [Plugin](User:False) OS::Heat::WaitCondition ->
2025-05-05 01:34:02.374 56775 INFO heat.engine.environment [-] Registered: [Plugin](User:False) OS::Heat::WaitConditionHandle ->
2025-05-05 01:34:02.374 56775 INFO heat.engine.environment [-] Registered: [Plugin](User:False) OS::Heat::UpdateWaitConditionHandle ->
2025-05-05 01:34:02.374 56775 INFO heat.engine.environment [-] Registered: [Plugin](User:False) OS::Ironic::Port ->
2025-05-05 01:34:02.375 56775 INFO heat.engine.environment [-] Registered: [Plugin](User:False) OS::Keystone::Domain ->
2025-05-05 01:34:02.375 56775 INFO heat.engine.environment [-] Registered: [Plugin](User:False) OS::Keystone::Endpoint ->
2025-05-05 01:34:02.375 56775 INFO heat.engine.environment [-] Registered: [Plugin](User:False) OS::Keystone::Group ->
2025-05-05 01:34:02.375 56775 INFO heat.engine.environment [-] Registered: [Plugin](User:False) OS::Keystone::Project ->
