2025-05-05 01:41:05.853 62602 DEBUG oslo_service.service [-] clients_mistral.insecure = None log_opt_values /usr/lib/python3/dist-packages/oslo_config/cfg.py:2609
2025-05-05 01:41:05.853 62602 DEBUG oslo_service.service [-] clients_mistral.key_file = None log_opt_values /usr/lib/python3/dist-packages/oslo_config/cfg.py:2609
2025-05-05 01:41:05.853 62602 DEBUG oslo_service.service [-] clients_monasca.ca_file = None log_opt_values /usr/lib/python3/dist-packages/oslo_config/cfg.py:2609
2025-05-05 01:41:05.853 62602 DEBUG oslo_service.service [-] clients_monasca.cert_file = None log_opt_values /usr/lib/python3/dist-packages/oslo_config/cfg.py:2609
2025-05-05 01:41:05.853 62602 DEBUG oslo_service.service [-] clients_monasca.endpoint_type = None log_opt_values /usr/lib/python3/dist-packages/oslo_config/cfg.py:2609
2025-05-05 01:41:05.853 62602 DEBUG oslo_service.service [-] clients_monasca.insecure = None log_opt_values /usr/lib/python3/dist-packages/oslo_config/cfg.py:2609
2025-05-05 01:41:05.854 62602 DEBUG oslo_service.service [-] clients_monasca.key_file = None log_opt_values /usr/lib/python3/dist-packages/oslo_config/cfg.py:2609
2025-05-05 01:41:05.854 62602 DEBUG oslo_service.service [-] clients_neutron.ca_file = None log_opt_values /usr/lib/python3/dist-packages/oslo_config/cfg.py:2609
2025-05-05 01:41:05.854 62602 DEBUG oslo_service.service [-] clients_neutron.cert_file = None log_opt_values /usr/lib/python3/dist-packages/oslo_config/cfg.py:2609
2025-05-05 01:41:05.854 62602 DEBUG oslo_service.service [-] clients_neutron.endpoint_type = None log_opt_values /usr/lib/python3/dist-packages/oslo_config/cfg.py:2609
2025-05-05 01:41:05.854 62602 DEBUG oslo_service.service [-] clients_neutron.insecure = None log_opt_values /usr/lib/python3/dist-packages/oslo_config/cfg.py:2609
2025-05-05 01:41:05.854 62602 DEBUG oslo_service.service [-] clients_neutron.key_file = None log_opt_values /usr/lib/python3/dist-packages/oslo_config/cfg.py:2609
2025-05-05 01:41:05.854 62602 DEBUG oslo_service.service [-] clients_nova.ca_file = None log_opt_values /usr/lib/python3/dist-packages/oslo_config/cfg.py:2609
2025-05-05 01:41:05.854 62602 DEBUG oslo_service.service [-] clients_nova.cert_file = None log_opt_values /usr/lib/python3/dist-packages/oslo_config/cfg.py:2609
2025-05-05 01:41:05.854 62602 DEBUG oslo_service.service [-] clients_nova.endpoint_type = None log_opt_values /usr/lib/python3/dist-packages/oslo_config/cfg.py:2609
2025-05-05 01:41:05.855 62602 DEBUG oslo_service.service [-] clients_nova.http_log_debug = False log_opt_values /usr/lib/python3/dist-packages/oslo_config/cfg.py:2609
2025-05-05 01:41:05.855 62602 DEBUG oslo_service.service [-] clients_nova.insecure = None log_opt_values /usr/lib/python3/dist-packages/oslo_config/cfg.py:2609
2025-05-05 01:41:05.855 62602 DEBUG oslo_service.service [-] clients_nova.key_file = None log_opt_values /usr/lib/python3/dist-packages/oslo_config/cfg.py:2609
2025-05-05 01:41:05.855 62602 DEBUG oslo_service.service [-] clients_octavia.ca_file = None log_opt_values /usr/lib/python3/dist-packages/oslo_config/cfg.py:2609
2025-05-05 01:41:05.855 62602 DEBUG oslo_service.service [-] clients_octavia.cert_file = None log_opt_values /usr/lib/python3/dist-packages/oslo_config/cfg.py:2609
2025-05-05 01:41:05.855 62602 DEBUG oslo_service.service [-] clients_octavia.endpoint_type = None log_opt_values /usr/lib/python3/dist-packages/oslo_config/cfg.py:2609
2025-05-05 01:41:05.855 62602 DEBUG oslo_service.service [-] clients_octavia.insecure = None log_opt_values /usr/lib/python3/dist-packages/oslo_config/cfg.py:2609
2025-05-05 01:41:05.855 62602 DEBUG oslo_service.service [-] clients_octavia.key_file = None log_opt_values /usr/lib/python3/dist-packages/oslo_config/cfg.py:2609
2025-05-05 01:41:05.856 62602 DEBUG oslo_service.service [-] clients_sahara.ca_file = None log_opt_values /usr/lib/python3/dist-packages/oslo_config/cfg.py:2609
2025-05-05 01:41:05.856 62602 DEBUG oslo_service.service [-] clients_sahara.cert_file = None log_opt_values /usr/lib/python3/dist-packages/oslo_config/cfg.py:2609
2025-05-05 01:41:05.856 62602 DEBUG oslo_service.service [-] clients_sahara.endpoint_type = None log_opt_values /usr/lib/python3/dist-packages/oslo_config/cfg.py:2609
2025-05-05 01:41:05.856 62602 DEBUG oslo_service.service [-] clients_sahara.insecure = None log_opt_values /usr/lib/python3/dist-packages/oslo_config/cfg.py:2609
2025-05-05 01:41:05.856 62602 DEBUG oslo_service.service [-] clients_sahara.key_file = None log_opt_values /usr/lib/python3/dist-packages/oslo_config/cfg.py:2609
2025-05-05 01:41:05.856 62602 DEBUG oslo_service.service [-] clients_senlin.ca_file = None log_opt_values /usr/lib/python3/dist-packages/oslo_config/cfg.py:2609
2025-05-05 01:41:05.856 62602 DEBUG oslo_service.service [-] clients_senlin.cert_file = None log_opt_values /usr/lib/python3/dist-packages/oslo_config/cfg.py:2609
2025-05-05 01:41:05.856 62602 DEBUG oslo_service.service [-] clients_senlin.endpoint_type = None log_opt_values /usr/lib/python3/dist-packages/oslo_config/cfg.py:2609
2025-05-05 01:41:05.856 62602 DEBUG oslo_service.service [-] clients_senlin.insecure = None log_opt_values /usr/lib/python3/dist-packages/oslo_config/cfg.py:2609
2025-05-05 01:41:05.857 62602 DEBUG oslo_service.service [-] clients_senlin.key_file = None log_opt_values /usr/lib/python3/dist-packages/oslo_config/cfg.py:2609
2025-05-05 01:41:05.857 62602 DEBUG oslo_service.service [-] clients_swift.ca_file = None log_opt_values /usr/lib/python3/dist-packages/oslo_config/cfg.py:2609
2025-05-05 01:41:05.857 62602 DEBUG oslo_service.service [-] clients_swift.cert_file = None log_opt_values /usr/lib/python3/dist-packages/oslo_config/cfg.py:2609
2025-05-05 01:41:05.857 62602 DEBUG oslo_service.service [-] clients_swift.endpoint_type = None log_opt_values /usr/lib/python3/dist-packages/oslo_config/cfg.py:2609
2025-05-05 01:41:05.857 62602 DEBUG oslo_service.service [-] clients_swift.insecure = None log_opt_values /usr/lib/python3/dist-packages/oslo_config/cfg.py:2609
2025-05-05 01:41:05.857 62832 INFO heat.engine.worker [-] Starting engine_worker (1.4) in engine 2b2b0e9a-6e24-4395-9da0-2c5080ea330f.
2025-05-05 01:41:05.857 62602 DEBUG oslo_service.service [-] clients_swift.key_file = None log_opt_values /usr/lib/python3/dist-packages/oslo_config/cfg.py:2609
2025-05-05 01:41:05.857 62602 DEBUG oslo_service.service [-] clients_trove.ca_file = None log_opt_values /usr/lib/python3/dist-packages/oslo_config/cfg.py:2609
2025-05-05 01:41:05.857 62602 DEBUG oslo_service.service [-] clients_trove.cert_file = None log_opt_values /usr/lib/python3/dist-packages/oslo_config/cfg.py:2609
2025-05-05 01:41:05.858 62602 DEBUG oslo_service.service [-] clients_trove.endpoint_type = None log_opt_values /usr/lib/python3/dist-packages/oslo_config/cfg.py:2609
2025-05-05 01:41:05.858 62602 DEBUG oslo_service.service [-] clients_trove.insecure = None log_opt_values /usr/lib/python3/dist-packages/oslo_config/cfg.py:2609
2025-05-05 01:41:05.858 62602 DEBUG oslo_service.service [-] clients_trove.key_file = None log_opt_values /usr/lib/python3/dist-packages/oslo_config/cfg.py:2609
2025-05-05 01:41:05.858 62602 DEBUG oslo_service.service [-] clients_vitrage.ca_file = None log_opt_values /usr/lib/python3/dist-packages/oslo_config/cfg.py:2609
2025-05-05 01:41:05.858 62602 DEBUG oslo_service.service [-] clients_vitrage.cert_file = None log_opt_values /usr/lib/python3/dist-packages/oslo_config/cfg.py:2609
2025-05-05 01:41:05.858 62602 DEBUG oslo_service.service [-] clients_vitrage.endpoint_type = None log_opt_values /usr/lib/python3/dist-packages/oslo_config/cfg.py:2609
2025-05-05 01:41:05.858 62602 DEBUG oslo_service.service [-] clients_vitrage.insecure = None log_opt_values /usr/lib/python3/dist-packages/oslo_config/cfg.py:2609
2025-05-05 01:41:05.858 62602 DEBUG oslo_service.service [-] clients_vitrage.key_file = None log_opt_values /usr/lib/python3/dist-packages/oslo_config/cfg.py:2609
2025-05-05 01:41:05.858 62602 DEBUG oslo_service.service [-] clients_zaqar.ca_file = None log_opt_values /usr/lib/python3/dist-packages/oslo_config/cfg.py:2609
2025-05-05 01:41:05.859 62602 DEBUG oslo_service.service [-] clients_zaqar.cert_file = None log_opt_values /usr/lib/python3/dist-packages/oslo_config/cfg.py:2609
2025-05-05 01:41:05.859 62602 DEBUG oslo_service.service [-] clients_zaqar.endpoint_type = None log_opt_values /usr/lib/python3/dist-packages/oslo_config/cfg.py:2609
2025-05-05 01:41:05.859 62602 DEBUG oslo_service.service [-] clients_zaqar.insecure = None log_opt_values /usr/lib/python3/dist-packages/oslo_config/cfg.py:2609
2025-05-05 01:41:05.859 62602 DEBUG oslo_service.service [-] clients_zaqar.key_file = None log_opt_values /usr/lib/python3/dist-packages/oslo_config/cfg.py:2609
2025-05-05 01:41:05.859 62602 DEBUG oslo_service.service [-] database.backend = sqlalchemy log_opt_values /usr/lib/python3/dist-packages/oslo_config/cfg.py:2609
2025-05-05 01:41:05.859 62602 DEBUG oslo_service.service [-] database.connection = **** log_opt_values /usr/lib/python3/dist-packages/oslo_config/cfg.py:2609
2025-05-05 01:41:05.860 62602 DEBUG oslo_service.service [-] database.connection_debug = 0 log_opt_values /usr/lib/python3/dist-packages/oslo_config/cfg.py:2609
2025-05-05 01:41:05.860 62602 DEBUG oslo_service.service [-] database.connection_parameters = log_opt_values /usr/lib/python3/dist-packages/oslo_config/cfg.py:2609
2025-05-05 01:41:05.860 62602 DEBUG oslo_service.service [-] database.connection_recycle_time = 3600 log_opt_values /usr/lib/python3/dist-packages/oslo_config/cfg.py:2609
2025-05-05 01:41:05.860 62602 DEBUG oslo_service.service [-] database.connection_trace = False log_opt_values /usr/lib/python3/dist-packages/oslo_config/cfg.py:2609
2025-05-05 01:41:05.860 62602 DEBUG oslo_service.service [-] database.db_inc_retry_interval = True log_opt_values /usr/lib/python3/dist-packages/oslo_config/cfg.py:2609
2025-05-05 01:41:05.860 62602 DEBUG oslo_service.service [-] database.db_max_retries = 20 log_opt_values /usr/lib/python3/dist-packages/oslo_config/cfg.py:2609
2025-05-05 01:41:05.860 62602 DEBUG oslo_service.service [-] database.db_max_retry_interval = 10 log_opt_values /usr/lib/python3/dist-packages/oslo_config/cfg.py:2609
2025-05-05 01:41:05.860 62602 DEBUG oslo_service.service [-] database.db_retry_interval = 1 log_opt_values /usr/lib/python3/dist-packages/oslo_config/cfg.py:2609
2025-05-05 01:41:05.861 62602 DEBUG oslo_service.service [-] database.max_overflow = 50 log_opt_values /usr/lib/python3/dist-packages/oslo_config/cfg.py:2609
2025-05-05 01:41:05.861 62602 DEBUG oslo_service.service [-] database.max_pool_size = 5 log_opt_values /usr/lib/python3/dist-packages/oslo_config/cfg.py:2609
2025-05-05 01:41:05.861 62602 DEBUG oslo_service.service [-] database.max_retries = 10 log_opt_values /usr/lib/python3/dist-packages/oslo_config/cfg.py:2609
2025-05-05 01:41:05.861 62602 DEBUG oslo_service.service [-] database.mysql_enable_ndb = False log_opt_values /usr/lib/python3/dist-packages/oslo_config/cfg.py:2609
2025-05-05 01:41:05.861 62602 DEBUG oslo_service.service [-] database.mysql_sql_mode = TRADITIONAL log_opt_values /usr/lib/python3/dist-packages/oslo_config/cfg.py:2609
2025-05-05 01:41:05.861 62602 DEBUG oslo_service.service [-] database.pool_timeout = None log_opt_values /usr/lib/python3/dist-packages/oslo_config/cfg.py:2609
2025-05-05 01:41:05.861 62602 DEBUG oslo_service.service [-] database.retry_interval = 10 log_opt_values /usr/lib/python3/dist-packages/oslo_config/cfg.py:2609
2025-05-05 01:41:05.862 62602 DEBUG oslo_service.service [-] database.slave_connection = **** log_opt_values /usr/lib/python3/dist-packages/oslo_config/cfg.py:2609
2025-05-05 01:41:05.862 62602 DEBUG oslo_service.service [-] database.sqlite_synchronous = True log_opt_values /usr/lib/python3/dist-packages/oslo_config/cfg.py:2609
2025-05-05 01:41:05.862 62602 DEBUG oslo_service.service [-] database.use_db_reconnect = False log_opt_values /usr/lib/python3/dist-packages/oslo_config/cfg.py:2609
2025-05-05 01:41:05.862 62602 DEBUG oslo_service.service [-] oslo_messaging_metrics.metrics_buffer_size = 1000 log_opt_values /usr/lib/python3/dist-packages/oslo_config/cfg.py:2609
2025-05-05 01:41:05.862 62602 DEBUG oslo_service.service [-] oslo_messaging_metrics.metrics_enabled = False log_opt_values /usr/lib/python3/dist-packages/oslo_config/cfg.py:2609
2025-05-05 01:41:05.862 62602 DEBUG oslo_service.service [-] oslo_messaging_metrics.metrics_process_name = log_opt_values /usr/lib/python3/dist-packages/oslo_config/cfg.py:2609
2025-05-05 01:41:05.862 62602 DEBUG oslo_service.service [-] oslo_messaging_metrics.metrics_socket_file = /var/tmp/metrics_collector.sock log_opt_values /usr/lib/python3/dist-packages/oslo_config/cfg.py:2609
2025-05-05 01:41:05.862 62602 DEBUG oslo_service.service [-] oslo_messaging_metrics.metrics_thread_stop_timeout = 10 log_opt_values /usr/lib/python3/dist-packages/oslo_config/cfg.py:2609
2025-05-05 01:41:05.863 62602 DEBUG oslo_service.service [-] oslo_policy.enforce_new_defaults = False log_opt_values /usr/lib/python3/dist-packages/oslo_config/cfg.py:2609
2025-05-05 01:41:05.863 62602 DEBUG oslo_service.service [-] oslo_policy.enforce_scope = False log_opt_values /usr/lib/python3/dist-packages/oslo_config/cfg.py:2609
2025-05-05 01:41:05.863 62602 DEBUG oslo_service.service [-] oslo_policy.policy_default_rule = default log_opt_values /usr/lib/python3/dist-packages/oslo_config/cfg.py:2609
2025-05-05 01:41:05.863 62602 DEBUG oslo_service.service [-] oslo_policy.policy_dirs = ['policy.d'] log_opt_values /usr/lib/python3/dist-packages/oslo_config/cfg.py:2609
2025-05-05 01:41:05.863 62602 DEBUG oslo_service.service [-] oslo_policy.policy_file = policy.yaml log_opt_values /usr/lib/python3/dist-packages/oslo_config/cfg.py:2609
2025-05-05 01:41:05.863 62602 DEBUG oslo_service.service [-] oslo_policy.remote_content_type = application/x-www-form-urlencoded log_opt_values /usr/lib/python3/dist-packages/oslo_config/cfg.py:2609
2025-05-05 01:41:05.863 62602 DEBUG oslo_service.service [-] oslo_policy.remote_ssl_ca_crt_file = None log_opt_values /usr/lib/python3/dist-packages/oslo_config/cfg.py:2609
2025-05-05 01:41:05.864 62602 DEBUG oslo_service.service [-] oslo_policy.remote_ssl_client_crt_file = None log_opt_values /usr/lib/python3/dist-packages/oslo_config/cfg.py:2609
2025-05-05 01:41:05.864 62602 DEBUG oslo_service.service [-] oslo_policy.remote_ssl_client_key_file = None log_opt_values /usr/lib/python3/dist-packages/oslo_config/cfg.py:2609
2025-05-05 01:41:05.864 62602 DEBUG oslo_service.service [-] oslo_policy.remote_ssl_verify_server_crt = False log_opt_values /usr/lib/python3/dist-packages/oslo_config/cfg.py:2609
2025-05-05 01:41:05.864 62602 DEBUG oslo_service.service [-] trustee.auth_section = None log_opt_values /usr/lib/python3/dist-packages/oslo_config/cfg.py:2609
2025-05-05 01:41:05.864 62602 WARNING oslo_config.cfg [-] Deprecated: Option "auth_plugin" from group "trustee" is deprecated. Use option "auth_type" from group "trustee".
2025-05-05 01:41:05.864 62602 DEBUG oslo_service.service [-] trustee.auth_type = password log_opt_values /usr/lib/python3/dist-packages/oslo_config/cfg.py:2609
2025-05-05 01:41:05.865 62602 DEBUG oslo_service.service [-] oslo_versionedobjects.fatal_exception_format_errors = False log_opt_values /usr/lib/python3/dist-packages/oslo_config/cfg.py:2609
2025-05-05 01:41:05.865 62602 DEBUG oslo_service.service [-] oslo_messaging_rabbit.amqp_auto_delete = False log_opt_values /usr/lib/python3/dist-packages/oslo_config/cfg.py:2609
2025-05-05 01:41:05.865 62602 DEBUG oslo_service.service [-] oslo_messaging_rabbit.amqp_durable_queues = False log_opt_values /usr/lib/python3/dist-packages/oslo_config/cfg.py:2609
2025-05-05 01:41:05.865 62602 DEBUG oslo_service.service [-] oslo_messaging_rabbit.conn_pool_min_size = 2 log_opt_values /usr/lib/python3/dist-packages/oslo_config/cfg.py:2609
2025-05-05 01:41:05.865 62602 DEBUG oslo_service.service [-] oslo_messaging_rabbit.conn_pool_ttl = 1200 log_opt_values /usr/lib/python3/dist-packages/oslo_config/cfg.py:2609
2025-05-05 01:41:05.865 62602 DEBUG oslo_service.service [-] oslo_messaging_rabbit.direct_mandatory_flag = True log_opt_values /usr/lib/python3/dist-packages/oslo_config/cfg.py:2609
2025-05-05 01:41:05.865 62602 DEBUG oslo_service.service [-] oslo_messaging_rabbit.enable_cancel_on_failover = False log_opt_values /usr/lib/python3/dist-packages/oslo_config/cfg.py:2609
2025-05-05 01:41:05.866 62602 DEBUG oslo_service.service [-] oslo_messaging_rabbit.heartbeat_in_pthread = False log_opt_values /usr/lib/python3/dist-packages/oslo_config/cfg.py:2609
2025-05-05 01:41:05.866 62602 DEBUG oslo_service.service [-] oslo_messaging_rabbit.heartbeat_rate = 2 log_opt_values /usr/lib/python3/dist-packages/oslo_config/cfg.py:2609
2025-05-05 01:41:05.866 62602 DEBUG oslo_service.service [-] oslo_messaging_rabbit.heartbeat_timeout_threshold = 60 log_opt_values /usr/lib/python3/dist-packages/oslo_config/cfg.py:2609
2025-05-05 01:41:05.866 62602 DEBUG oslo_service.service [-] oslo_messaging_rabbit.kombu_compression = None log_opt_values /usr/lib/python3/dist-packages/oslo_config/cfg.py:2609
2025-05-05 01:41:05.866 62602 DEBUG oslo_service.service [-] oslo_messaging_rabbit.kombu_failover_strategy = round-robin log_opt_values /usr/lib/python3/dist-packages/oslo_config/cfg.py:2609
2025-05-05 01:41:05.866 62602 DEBUG oslo_service.service [-] oslo_messaging_rabbit.kombu_missing_consumer_retry_timeout = 60 log_opt_values /usr/lib/python3/dist-packages/oslo_config/cfg.py:2609
2025-05-05 01:41:05.866 62602 DEBUG oslo_service.service [-] oslo_messaging_rabbit.kombu_reconnect_delay = 1.0 log_opt_values /usr/lib/python3/dist-packages/oslo_config/cfg.py:2609
2025-05-05 01:41:05.866 62602 DEBUG oslo_service.service [-] oslo_messaging_rabbit.rabbit_ha_queues = False log_opt_values /usr/lib/python3/dist-packages/oslo_config/cfg.py:2609
2025-05-05 01:41:05.867 62602 DEBUG oslo_service.service [-] oslo_messaging_rabbit.rabbit_interval_max = 30 log_opt_values /usr/lib/python3/dist-packages/oslo_config/cfg.py:2609
2025-05-05 01:41:05.867 62602 DEBUG oslo_service.service [-] oslo_messaging_rabbit.rabbit_login_method = AMQPLAIN log_opt_values /usr/lib/python3/dist-packages/oslo_config/cfg.py:2609
2025-05-05 01:41:05.867 62602 DEBUG oslo_service.service [-] oslo_messaging_rabbit.rabbit_qos_prefetch_count = 0 log_opt_values /usr/lib/python3/dist-packages/oslo_config/cfg.py:2609
2025-05-05 01:41:05.867 62602 DEBUG oslo_service.service [-] oslo_messaging_rabbit.rabbit_quorum_queue = False log_opt_values /usr/lib/python3/dist-packages/oslo_config/cfg.py:2609
2025-05-05 01:41:05.868 62602 DEBUG oslo_service.service [-] oslo_messaging_rabbit.rabbit_retry_backoff = 2 log_opt_values /usr/lib/python3/dist-packages/oslo_config/cfg.py:2609
2025-05-05 01:41:05.868 62602 DEBUG oslo_service.service [-] oslo_messaging_rabbit.rabbit_retry_interval = 1 log_opt_values /usr/lib/python3/dist-packages/oslo_config/cfg.py:2609
2025-05-05 01:41:05.868 62602 DEBUG oslo_service.service [-] oslo_messaging_rabbit.rabbit_transient_queues_ttl = 1800 log_opt_values /usr/lib/python3/dist-packages/oslo_config/cfg.py:2609
2025-05-05 01:41:05.868 62602 DEBUG oslo_service.service [-] oslo_messaging_rabbit.rpc_conn_pool_size = 30 log_opt_values /usr/lib/python3/dist-packages/oslo_config/cfg.py:2609
2025-05-05 01:41:05.868 62602 DEBUG oslo_service.service [-] oslo_messaging_rabbit.ssl = False log_opt_values /usr/lib/python3/dist-packages/oslo_config/cfg.py:2609
2025-05-05 01:41:05.868 62602 DEBUG oslo_service.service [-] oslo_messaging_rabbit.ssl_ca_file = log_opt_values /usr/lib/python3/dist-packages/oslo_config/cfg.py:2609
2025-05-05 01:41:05.868 62602 DEBUG oslo_service.service [-] oslo_messaging_rabbit.ssl_cert_file = log_opt_values /usr/lib/python3/dist-packages/oslo_config/cfg.py:2609
2025-05-05 01:41:05.868 62602 DEBUG oslo_service.service [-] oslo_messaging_rabbit.ssl_key_file = log_opt_values /usr/lib/python3/dist-packages/oslo_config/cfg.py:2609
2025-05-05 01:41:05.869 62602 DEBUG oslo_service.service [-] oslo_messaging_rabbit.ssl_version = log_opt_values /usr/lib/python3/dist-packages/oslo_config/cfg.py:2609
2025-05-05 01:41:05.869 62602 DEBUG oslo_service.service [-] oslo_messaging_notifications.driver = [] log_opt_values /usr/lib/python3/dist-packages/oslo_config/cfg.py:2609
2025-05-05 01:41:05.869 62602 DEBUG oslo_service.service [-] oslo_messaging_notifications.retry = -1 log_opt_values /usr/lib/python3/dist-packages/oslo_config/cfg.py:2609
2025-05-05 01:41:05.869 62602 DEBUG oslo_service.service [-] oslo_messaging_notifications.topics = ['notifications'] log_opt_values /usr/lib/python3/dist-packages/oslo_config/cfg.py:2609
2025-05-05 01:41:05.869 62602 DEBUG oslo_service.service [-] oslo_messaging_notifications.transport_url = **** log_opt_values /usr/lib/python3/dist-packages/oslo_config/cfg.py:2609
2025-05-05 01:41:05.869 62602 DEBUG oslo_service.service [-] cache.backend = dogpile.cache.null log_opt_values /usr/lib/python3/dist-packages/oslo_config/cfg.py:2609
2025-05-05 01:41:05.870 62602 DEBUG oslo_service.service [-] cache.backend_argument = **** log_opt_values /usr/lib/python3/dist-packages/oslo_config/cfg.py:2609
2025-05-05 01:41:05.870 62602 DEBUG oslo_service.service [-] cache.config_prefix = cache.oslo log_opt_values /usr/lib/python3/dist-packages/oslo_config/cfg.py:2609
2025-05-05 01:41:05.870 62602 DEBUG oslo_service.service [-] cache.debug_cache_backend = False log_opt_values /usr/lib/python3/dist-packages/oslo_config/cfg.py:2609
2025-05-05 01:41:05.870 62602 DEBUG oslo_service.service [-] cache.enabled = False log_opt_values /usr/lib/python3/dist-packages/oslo_config/cfg.py:2609
2025-05-05 01:41:05.870 62602 DEBUG oslo_service.service [-] cache.expiration_time = 600 log_opt_values /usr/lib/python3/dist-packages/oslo_config/cfg.py:2609
2025-05-05 01:41:05.870 62602 DEBUG oslo_service.service [-] cache.memcache_dead_retry = 300 log_opt_values /usr/lib/python3/dist-packages/oslo_config/cfg.py:2609
2025-05-05 01:41:05.870 62602 DEBUG oslo_service.service [-] cache.memcache_pool_connection_get_timeout = 10 log_opt_values /usr/lib/python3/dist-packages/oslo_config/cfg.py:2609
2025-05-05 01:41:05.870 62602 DEBUG oslo_service.service [-] cache.memcache_pool_flush_on_reconnect = False log_opt_values /usr/lib/python3/dist-packages/oslo_config/cfg.py:2609
2025-05-05 01:41:05.871 62602 DEBUG oslo_service.service [-] cache.memcache_pool_maxsize = 10 log_opt_values /usr/lib/python3/dist-packages/oslo_config/cfg.py:2609
2025-05-05 01:41:05.871 62602 DEBUG oslo_service.service [-] cache.memcache_pool_unused_timeout = 60 log_opt_values /usr/lib/python3/dist-packages/oslo_config/cfg.py:2609
2025-05-05 01:41:05.871 62602 DEBUG oslo_service.service [-] cache.memcache_servers = ['localhost:11211'] log_opt_values /usr/lib/python3/dist-packages/oslo_config/cfg.py:2609
2025-05-05 01:41:05.871 62602 DEBUG oslo_service.service [-] cache.memcache_socket_timeout = 1.0 log_opt_values /usr/lib/python3/dist-packages/oslo_config/cfg.py:2609
2025-05-05 01:41:05.871 62602 DEBUG oslo_service.service [-] cache.proxies = [] log_opt_values /usr/lib/python3/dist-packages/oslo_config/cfg.py:2609
2025-05-05 01:41:05.871 62602 DEBUG oslo_service.service [-] cache.tls_allowed_ciphers = None log_opt_values /usr/lib/python3/dist-packages/oslo_config/cfg.py:2609
2025-05-05 01:41:05.871 62602 DEBUG oslo_service.service [-] cache.tls_cafile = None log_opt_values /usr/lib/python3/dist-packages/oslo_config/cfg.py:2609
2025-05-05 01:41:05.872 62602 DEBUG oslo_service.service [-] cache.tls_certfile = None log_opt_values /usr/lib/python3/dist-packages/oslo_config/cfg.py:2609
2025-05-05 01:41:05.872 62602 DEBUG oslo_service.service [-] cache.tls_enabled = False log_opt_values /usr/lib/python3/dist-packages/oslo_config/cfg.py:2609
2025-05-05 01:41:05.872 62602 DEBUG oslo_service.service [-] cache.tls_keyfile = None log_opt_values /usr/lib/python3/dist-packages/oslo_config/cfg.py:2609
2025-05-05 01:41:05.872 62602 DEBUG oslo_service.service [-] constraint_validation_cache.caching = True log_opt_values /usr/lib/python3/dist-packages/oslo_config/cfg.py:2609
2025-05-05 01:41:05.872 62602 DEBUG oslo_service.service [-] constraint_validation_cache.expiration_time = 60 log_opt_values /usr/lib/python3/dist-packages/oslo_config/cfg.py:2609
2025-05-05 01:41:05.872 62602 DEBUG oslo_service.service [-] service_extension_cache.caching = True log_opt_values /usr/lib/python3/dist-packages/oslo_config/cfg.py:2609
2025-05-05 01:41:05.872 62602 DEBUG oslo_service.service [-] service_extension_cache.expiration_time = 3600 log_opt_values /usr/lib/python3/dist-packages/oslo_config/cfg.py:2609
2025-05-05 01:41:05.872 62602 DEBUG oslo_service.service [-] resource_finder_cache.caching = True log_opt_values /usr/lib/python3/dist-packages/oslo_config/cfg.py:2609
2025-05-05 01:41:05.873 62602 DEBUG oslo_service.service [-] resource_finder_cache.expiration_time = 3600 log_opt_values /usr/lib/python3/dist-packages/oslo_config/cfg.py:2609
2025-05-05 01:41:05.873 62602 DEBUG oslo_service.service [-] yaql.limit_iterators = 200 log_opt_values /usr/lib/python3/dist-packages/oslo_config/cfg.py:2609
2025-05-05 01:41:05.873 62602 DEBUG oslo_service.service [-] yaql.memory_quota = 10000 log_opt_values /usr/lib/python3/dist-packages/oslo_config/cfg.py:2609
2025-05-05 01:41:05.873 62602 DEBUG oslo_service.service [-] ******************************************************************************** log_opt_values /usr/lib/python3/dist-packages/oslo_config/cfg.py:2613
2025-05-05 01:41:05.896 62831 INFO heat.engine.worker [-] Starting engine_worker (1.4) in engine bc507838-45d5-41d4-9c86-ac1ab33c7a51.
2025-05-05 01:41:05.923 62830 DEBUG oslo_db.sqlalchemy.engines [req-e739a80a-9258-4ad7-976b-80ce599b5930 - - - - -] MySQL server mode set to STRICT_TRANS_TABLES,STRICT_ALL_TABLES,NO_ZERO_IN_DATE,NO_ZERO_DATE,ERROR_FOR_DIVISION_BY_ZERO,TRADITIONAL,NO_ENGINE_SUBSTITUTION _check_effective_sql_mode /usr/lib/python3/dist-packages/oslo_db/sqlalchemy/engines.py:314
2025-05-05 01:41:05.935 62829 DEBUG oslo_db.sqlalchemy.engines [req-b26a67c7-0610-449a-a596-8484c67a281e - - - - -] MySQL server mode set to STRICT_TRANS_TABLES,STRICT_ALL_TABLES,NO_ZERO_IN_DATE,NO_ZERO_DATE,ERROR_FOR_DIVISION_BY_ZERO,TRADITIONAL,NO_ENGINE_SUBSTITUTION _check_effective_sql_mode /usr/lib/python3/dist-packages/oslo_db/sqlalchemy/engines.py:314
2025-05-05 01:41:05.960 62832 DEBUG oslo_db.sqlalchemy.engines [req-4f4a5246-61db-4c5d-9899-8b8d518b13e1 - - - - -] MySQL server mode set to STRICT_TRANS_TABLES,STRICT_ALL_TABLES,NO_ZERO_IN_DATE,NO_ZERO_DATE,ERROR_FOR_DIVISION_BY_ZERO,TRADITIONAL,NO_ENGINE_SUBSTITUTION _check_effective_sql_mode /usr/lib/python3/dist-packages/oslo_db/sqlalchemy/engines.py:314
2025-05-05 01:41:05.977 62831 DEBUG oslo_db.sqlalchemy.engines [req-82e7e29d-9eed-4860-b6af-44d694fb9c68 - - - - -] MySQL server mode set to STRICT_TRANS_TABLES,STRICT_ALL_TABLES,NO_ZERO_IN_DATE,NO_ZERO_DATE,ERROR_FOR_DIVISION_BY_ZERO,TRADITIONAL,NO_ENGINE_SUBSTITUTION _check_effective_sql_mode /usr/lib/python3/dist-packages/oslo_db/sqlalchemy/engines.py:314
2025-05-05 01:41:05.992 62830 DEBUG heat.engine.service [req-e739a80a-9258-4ad7-976b-80ce599b5930 - - - - -] Service 164deee4-d397-497f-bf18-de117456315d was aborted service_manage_cleanup /usr/lib/python3/dist-packages/heat/engine/service.py:2391
2025-05-05 01:41:06.024 62829 DEBUG heat.engine.service [req-b26a67c7-0610-449a-a596-8484c67a281e - - - - -] Service 164deee4-d397-497f-bf18-de117456315d was aborted service_manage_cleanup /usr/lib/python3/dist-packages/heat/engine/service.py:2391
2025-05-05 01:41:06.027 62832 DEBUG heat.engine.service [req-4f4a5246-61db-4c5d-9899-8b8d518b13e1 - - - - -] Service 164deee4-d397-497f-bf18-de117456315d was aborted service_manage_cleanup /usr/lib/python3/dist-packages/heat/engine/service.py:2391
2025-05-05 01:41:06.036 62831 DEBUG heat.engine.service [req-82e7e29d-9eed-4860-b6af-44d694fb9c68 - - - - -] Service 164deee4-d397-497f-bf18-de117456315d was aborted service_manage_cleanup /usr/lib/python3/dist-packages/heat/engine/service.py:2391
2025-05-05 01:41:06.096 62830 DEBUG heat.engine.service [req-e739a80a-9258-4ad7-976b-80ce599b5930 - - - - -] Service 1976629e-bd8a-48fc-ba5b-424e950ea6b1 was aborted service_manage_cleanup /usr/lib/python3/dist-packages/heat/engine/service.py:2391
2025-05-05 01:41:06.097 62829 DEBUG heat.engine.service [req-b26a67c7-0610-449a-a596-8484c67a281e - - - - -] Service 1976629e-bd8a-48fc-ba5b-424e950ea6b1 was aborted service_manage_cleanup /usr/lib/python3/dist-packages/heat/engine/service.py:2391
2025-05-05 01:41:06.098 62832 DEBUG heat.engine.service [req-4f4a5246-61db-4c5d-9899-8b8d518b13e1 - - - - -] Service 1976629e-bd8a-48fc-ba5b-424e950ea6b1 was aborted service_manage_cleanup /usr/lib/python3/dist-packages/heat/engine/service.py:2391
2025-05-05 01:41:06.099 62831 DEBUG heat.engine.service [req-82e7e29d-9eed-4860-b6af-44d694fb9c68 - - - - -] Service 1976629e-bd8a-48fc-ba5b-424e950ea6b1 was aborted service_manage_cleanup /usr/lib/python3/dist-packages/heat/engine/service.py:2391
2025-05-05 01:41:06.181 62830 DEBUG heat.engine.service [req-e739a80a-9258-4ad7-976b-80ce599b5930 - - - - -] Service 1ac7c478-c684-40a7-8b44-33f1f9af60a3 was aborted service_manage_cleanup /usr/lib/python3/dist-packages/heat/engine/service.py:2391
2025-05-05 01:41:06.182 62829 DEBUG heat.engine.service [req-b26a67c7-0610-449a-a596-8484c67a281e - - - - -] Service 1ac7c478-c684-40a7-8b44-33f1f9af60a3 was aborted service_manage_cleanup /usr/lib/python3/dist-packages/heat/engine/service.py:2391
2025-05-05 01:41:06.183 62831 DEBUG heat.engine.service [req-82e7e29d-9eed-4860-b6af-44d694fb9c68 - - - - -] Service 1ac7c478-c684-40a7-8b44-33f1f9af60a3 was aborted service_manage_cleanup /usr/lib/python3/dist-packages/heat/engine/service.py:2391
2025-05-05 01:41:06.185 62832 DEBUG heat.engine.service [req-4f4a5246-61db-4c5d-9899-8b8d518b13e1 - - - - -] Service 1ac7c478-c684-40a7-8b44-33f1f9af60a3 was aborted service_manage_cleanup /usr/lib/python3/dist-packages/heat/engine/service.py:2391
2025-05-05 01:41:06.364 62830 DEBUG heat.engine.service [req-e739a80a-9258-4ad7-976b-80ce599b5930 - - - - -] Service 2e83e8df-44c0-4b34-b118-0b2a1341d6fa was aborted service_manage_cleanup /usr/lib/python3/dist-packages/heat/engine/service.py:2391
2025-05-05 01:41:06.365 62829 DEBUG heat.engine.service [req-b26a67c7-0610-449a-a596-8484c67a281e - - - - -] Service 2e83e8df-44c0-4b34-b118-0b2a1341d6fa was aborted service_manage_cleanup /usr/lib/python3/dist-packages/heat/engine/service.py:2391
2025-05-05 01:41:06.366 62831 DEBUG heat.engine.service [req-82e7e29d-9eed-4860-b6af-44d694fb9c68 - - - - -] Service 2e83e8df-44c0-4b34-b118-0b2a1341d6fa was aborted service_manage_cleanup /usr/lib/python3/dist-packages/heat/engine/service.py:2391
2025-05-05 01:41:06.368 62832 DEBUG heat.engine.service [req-4f4a5246-61db-4c5d-9899-8b8d518b13e1 - - - - -] Service 2e83e8df-44c0-4b34-b118-0b2a1341d6fa was aborted service_manage_cleanup /usr/lib/python3/dist-packages/heat/engine/service.py:2391
2025-05-05 01:41:06.446 62830 DEBUG heat.engine.service [req-e739a80a-9258-4ad7-976b-80ce599b5930 - - - - -] Service 4164d07f-3a76-49ef-8078-2703097280b9 was aborted service_manage_cleanup /usr/lib/python3/dist-packages/heat/engine/service.py:2391
2025-05-05 01:41:06.446 62831 DEBUG heat.engine.service [req-82e7e29d-9eed-4860-b6af-44d694fb9c68 - - - - -] Service 4164d07f-3a76-49ef-8078-2703097280b9 was aborted service_manage_cleanup /usr/lib/python3/dist-packages/heat/engine/service.py:2391
2025-05-05 01:41:06.447 62832 DEBUG heat.engine.service [req-4f4a5246-61db-4c5d-9899-8b8d518b13e1 - - - - -] Service 4164d07f-3a76-49ef-8078-2703097280b9 was aborted service_manage_cleanup /usr/lib/python3/dist-packages/heat/engine/service.py:2391
2025-05-05 01:41:06.449 62829 DEBUG heat.engine.service [req-b26a67c7-0610-449a-a596-8484c67a281e - - - - -] Service 4164d07f-3a76-49ef-8078-2703097280b9 was aborted service_manage_cleanup /usr/lib/python3/dist-packages/heat/engine/service.py:2391
2025-05-05 01:41:06.583 62831 DEBUG heat.engine.service [req-82e7e29d-9eed-4860-b6af-44d694fb9c68 - - - - -] Service 4471562c-f637-46f3-9f7c-5edcdacf57ee was aborted service_manage_cleanup /usr/lib/python3/dist-packages/heat/engine/service.py:2391
2025-05-05 01:41:06.585 62830 DEBUG heat.engine.service [req-e739a80a-9258-4ad7-976b-80ce599b5930 - - - - -] Service 4471562c-f637-46f3-9f7c-5edcdacf57ee was aborted service_manage_cleanup /usr/lib/python3/dist-packages/heat/engine/service.py:2391
2025-05-05 01:41:06.585 62832 DEBUG heat.engine.service [req-4f4a5246-61db-4c5d-9899-8b8d518b13e1 - - - - -] Service 4471562c-f637-46f3-9f7c-5edcdacf57ee was aborted service_manage_cleanup /usr/lib/python3/dist-packages/heat/engine/service.py:2391
2025-05-05 01:41:06.586 62829 DEBUG heat.engine.service [req-b26a67c7-0610-449a-a596-8484c67a281e - - - - -] Service 4471562c-f637-46f3-9f7c-5edcdacf57ee was aborted service_manage_cleanup /usr/lib/python3/dist-packages/heat/engine/service.py:2391
2025-05-05 01:41:06.620 62831 DEBUG heat.engine.service [req-82e7e29d-9eed-4860-b6af-44d694fb9c68 - - - - -] Service 46de9e59-a58e-4566-b7f0-59f2e4a7d447 was aborted service_manage_cleanup /usr/lib/python3/dist-packages/heat/engine/service.py:2391
2025-05-05 01:41:06.623 62829 DEBUG heat.engine.service [req-b26a67c7-0610-449a-a596-8484c67a281e - - - - -] Service 46de9e59-a58e-4566-b7f0-59f2e4a7d447 was aborted service_manage_cleanup /usr/lib/python3/dist-packages/heat/engine/service.py:2391
2025-05-05 01:41:06.621 62830 DEBUG heat.engine.service [req-e739a80a-9258-4ad7-976b-80ce599b5930 - - - - -] Service 46de9e59-a58e-4566-b7f0-59f2e4a7d447 was aborted service_manage_cleanup /usr/lib/python3/dist-packages/heat/engine/service.py:2391
2025-05-05 01:41:06.626 62832 DEBUG heat.engine.service [req-4f4a5246-61db-4c5d-9899-8b8d518b13e1 - - - - -] Service 46de9e59-a58e-4566-b7f0-59f2e4a7d447 was aborted service_manage_cleanup /usr/lib/python3/dist-packages/heat/engine/service.py:2391
2025-05-05 01:41:06.746 62829 DEBUG heat.engine.service [req-b26a67c7-0610-449a-a596-8484c67a281e - - - - -] Service 78b558d0-cc2d-4677-8bbc-14eafe9a96b6 was aborted service_manage_cleanup /usr/lib/python3/dist-packages/heat/engine/service.py:2391
2025-05-05 01:41:06.746 62831 DEBUG heat.engine.service [req-82e7e29d-9eed-4860-b6af-44d694fb9c68 - - - - -] Service 78b558d0-cc2d-4677-8bbc-14eafe9a96b6 was aborted service_manage_cleanup /usr/lib/python3/dist-packages/heat/engine/service.py:2391
2025-05-05 01:41:06.747 62830 DEBUG heat.engine.service [req-e739a80a-9258-4ad7-976b-80ce599b5930 - - - - -] Service 78b558d0-cc2d-4677-8bbc-14eafe9a96b6 was aborted service_manage_cleanup /usr/lib/python3/dist-packages/heat/engine/service.py:2391
2025-05-05 01:41:06.747 62832 DEBUG heat.engine.service [req-4f4a5246-61db-4c5d-9899-8b8d518b13e1 - - - - -] Service 78b558d0-cc2d-4677-8bbc-14eafe9a96b6 was aborted service_manage_cleanup /usr/lib/python3/dist-packages/heat/engine/service.py:2391
2025-05-05 01:41:06.835 62829 DEBUG heat.engine.service [req-b26a67c7-0610-449a-a596-8484c67a281e - - - - -] Service ac217b41-65d1-416a-a0f2-05c5792b5438 was aborted service_manage_cleanup /usr/lib/python3/dist-packages/heat/engine/service.py:2391
2025-05-05 01:41:06.836 62830 DEBUG heat.engine.service [req-e739a80a-9258-4ad7-976b-80ce599b5930 - - - - -] Service ac217b41-65d1-416a-a0f2-05c5792b5438 was aborted service_manage_cleanup /usr/lib/python3/dist-packages/heat/engine/service.py:2391
2025-05-05 01:41:06.837 62831 DEBUG heat.engine.service [req-82e7e29d-9eed-4860-b6af-44d694fb9c68 - - - - -] Service ac217b41-65d1-416a-a0f2-05c5792b5438 was aborted service_manage_cleanup /usr/lib/python3/dist-packages/heat/engine/service.py:2391
2025-05-05 01:41:06.838 62832 DEBUG heat.engine.service [req-4f4a5246-61db-4c5d-9899-8b8d518b13e1 - - - - -] Service ac217b41-65d1-416a-a0f2-05c5792b5438 was aborted service_manage_cleanup /usr/lib/python3/dist-packages/heat/engine/service.py:2391
2025-05-05 01:41:06.861 62830 DEBUG heat.engine.service [req-e739a80a-9258-4ad7-976b-80ce599b5930 - - - - -] Service b56be5c5-0193-417c-9367-a571606c54be was aborted service_manage_cleanup /usr/lib/python3/dist-packages/heat/engine/service.py:2391
2025-05-05 01:41:06.862 62829 DEBUG heat.engine.service [req-b26a67c7-0610-449a-a596-8484c67a281e - - - - -] Service b56be5c5-0193-417c-9367-a571606c54be was aborted service_manage_cleanup /usr/lib/python3/dist-packages/heat/engine/service.py:2391
2025-05-05 01:41:06.865 62832 DEBUG heat.engine.service [req-4f4a5246-61db-4c5d-9899-8b8d518b13e1 - - - - -] Service b56be5c5-0193-417c-9367-a571606c54be was aborted service_manage_cleanup /usr/lib/python3/dist-packages/heat/engine/service.py:2391
2025-05-05 01:41:06.865 62831 DEBUG heat.engine.service [req-82e7e29d-9eed-4860-b6af-44d694fb9c68 - - - - -] Service b56be5c5-0193-417c-9367-a571606c54be was aborted service_manage_cleanup /usr/lib/python3/dist-packages/heat/engine/service.py:2391
2025-05-05 01:41:06.922 62830 DEBUG heat.engine.service [req-e739a80a-9258-4ad7-976b-80ce599b5930 - - - - -] Service e4c43860-5c48-416c-b050-b0eb64c94d9f was aborted service_manage_cleanup /usr/lib/python3/dist-packages/heat/engine/service.py:2391
2025-05-05 01:41:06.923 62829 DEBUG heat.engine.service [req-b26a67c7-0610-449a-a596-8484c67a281e - - - - -] Service e4c43860-5c48-416c-b050-b0eb64c94d9f was aborted service_manage_cleanup /usr/lib/python3/dist-packages/heat/engine/service.py:2391
2025-05-05 01:41:06.924 62832 DEBUG heat.engine.service [req-4f4a5246-61db-4c5d-9899-8b8d518b13e1 - - - - -] Service e4c43860-5c48-416c-b050-b0eb64c94d9f was aborted service_manage_cleanup /usr/lib/python3/dist-packages/heat/engine/service.py:2391
2025-05-05 01:41:06.925 62831 DEBUG heat.engine.service [req-82e7e29d-9eed-4860-b6af-44d694fb9c68 - - - - -] Service e4c43860-5c48-416c-b050-b0eb64c94d9f was aborted service_manage_cleanup /usr/lib/python3/dist-packages/heat/engine/service.py:2391
2025-05-05 01:41:06.948 62830 DEBUG heat.engine.service [req-e739a80a-9258-4ad7-976b-80ce599b5930 - - - - -] Service ee3f8561-ba06-41cd-a371-b715f461d067 was aborted service_manage_cleanup /usr/lib/python3/dist-packages/heat/engine/service.py:2391
2025-05-05 01:41:06.949 62829 DEBUG heat.engine.service [req-b26a67c7-0610-449a-a596-8484c67a281e - - - - -] Service ee3f8561-ba06-41cd-a371-b715f461d067 was aborted service_manage_cleanup /usr/lib/python3/dist-packages/heat/engine/service.py:2391
2025-05-05 01:41:06.949 62832 DEBUG heat.engine.service [req-4f4a5246-61db-4c5d-9899-8b8d518b13e1 - - - - -] Service ee3f8561-ba06-41cd-a371-b715f461d067 was aborted service_manage_cleanup /usr/lib/python3/dist-packages/heat/engine/service.py:2391
2025-05-05 01:41:06.950 62831 DEBUG heat.engine.service [req-82e7e29d-9eed-4860-b6af-44d694fb9c68 - - - - -] Service ee3f8561-ba06-41cd-a371-b715f461d067 was aborted service_manage_cleanup /usr/lib/python3/dist-packages/heat/engine/service.py:2391
2025-05-05 01:41:06.985 62830 DEBUG heat.engine.service [req-27b42a85-053c-4aa5-924f-020164c904a1 - - - - -] Service da9c912a-991e-4a9d-a8c0-0d5ee0d9b04e is started service_manage_report /usr/lib/python3/dist-packages/heat/engine/service.py:2363
2025-05-05 01:41:06.990 62829 DEBUG heat.engine.service [req-8390f985-ba9a-43f1-91f0-5a516ea85ab9 - - - - -] Service 48e90d58-7cff-48bd-aca6-5f766596d7a2 is started service_manage_report /usr/lib/python3/dist-packages/heat/engine/service.py:2363
2025-05-05 01:41:07.000 62832 DEBUG heat.engine.service [req-089e08dc-6a26-4465-93e2-655368347596 - - - - -] Service 7d013d2c-1426-4272-b993-c072604b2abe is started service_manage_report /usr/lib/python3/dist-packages/heat/engine/service.py:2363
2025-05-05 01:41:07.010 62831 DEBUG heat.engine.service [req-304f8838-4378-415e-ac87-f44b3470dcf4 - - - - -] Service 7e1005be-b4b5-4a77-8e8f-2a9a718850f2 is started service_manage_report /usr/lib/python3/dist-packages/heat/engine/service.py:2363
2025-05-05 01:41:07.021 62830 DEBUG heat.engine.service [req-27b42a85-053c-4aa5-924f-020164c904a1 - - - - -] Service da9c912a-991e-4a9d-a8c0-0d5ee0d9b04e is updated service_manage_report /usr/lib/python3/dist-packages/heat/engine/service.py:2370
2025-05-05 01:41:07.022 62829 DEBUG heat.engine.service [req-8390f985-ba9a-43f1-91f0-5a516ea85ab9 - - - - -] Service 48e90d58-7cff-48bd-aca6-5f766596d7a2 is updated service_manage_report /usr/lib/python3/dist-packages/heat/engine/service.py:2370
2025-05-05 01:41:07.022 62832 DEBUG heat.engine.service [req-089e08dc-6a26-4465-93e2-655368347596 - - - - -] Service 7d013d2c-1426-4272-b993-c072604b2abe is updated service_manage_report /usr/lib/python3/dist-packages/heat/engine/service.py:2370
2025-05-05 01:41:07.038 62831 DEBUG heat.engine.service [req-304f8838-4378-415e-ac87-f44b3470dcf4 - - - - -] Service 7e1005be-b4b5-4a77-8e8f-2a9a718850f2 is updated service_manage_report /usr/lib/python3/dist-packages/heat/engine/service.py:2370
2025-05-05 01:42:06.975 62831 DEBUG heat.engine.service [req-12230d3a-65e0-48a4-8365-079e0265a3cd - - - - -] Service 7e1005be-b4b5-4a77-8e8f-2a9a718850f2 is updated service_manage_report /usr/lib/python3/dist-packages/heat/engine/service.py:2370
2025-05-05 01:42:06.979 62829 DEBUG heat.engine.service [req-80c801d6-a399-48b7-9257-92b020b9fa2b - - - - -] Service 48e90d58-7cff-48bd-aca6-5f766596d7a2 is updated service_manage_report /usr/lib/python3/dist-packages/heat/engine/service.py:2370
2025-05-05 01:42:06.979 62830 DEBUG heat.engine.service [req-b2f717ab-c44a-46a2-9ea5-cf68e0af3bd6 - - - - -] Service da9c912a-991e-4a9d-a8c0-0d5ee0d9b04e is updated service_manage_report /usr/lib/python3/dist-packages/heat/engine/service.py:2370
2025-05-05 01:42:06.984 62832 DEBUG heat.engine.service [req-8413233e-8986-40d7-a3ac-bc6737665f67 - - - - -] Service 7d013d2c-1426-4272-b993-c072604b2abe is updated service_manage_report /usr/lib/python3/dist-packages/heat/engine/service.py:2370
2025-05-05 01:42:19.718 62831 DEBUG heat.engine.service [-] Attempting to stop engine service... _stop_rpc_server /usr/lib/python3/dist-packages/heat/engine/service.py:437
2025-05-05 01:42:19.719 62829 DEBUG heat.engine.service [-] Attempting to stop engine service... _stop_rpc_server /usr/lib/python3/dist-packages/heat/engine/service.py:437
2025-05-05 01:42:19.719 62832 DEBUG heat.engine.service [-] Attempting to stop engine service... _stop_rpc_server /usr/lib/python3/dist-packages/heat/engine/service.py:437
2025-05-05 01:42:19.719 62830 DEBUG heat.engine.service [-] Attempting to stop engine service... _stop_rpc_server /usr/lib/python3/dist-packages/heat/engine/service.py:437
2025-05-05 01:42:19.726 62602 INFO oslo_service.service [-] Caught SIGTERM, stopping children
2025-05-05 01:42:19.727 62602 DEBUG oslo_concurrency.lockutils [-] Acquired lock "singleton_lock" lock /usr/lib/python3/dist-packages/oslo_concurrency/lockutils.py:294
2025-05-05 01:42:19.727 62602 DEBUG oslo_concurrency.lockutils [-] Releasing lock "singleton_lock" lock /usr/lib/python3/dist-packages/oslo_concurrency/lockutils.py:312
2025-05-05 01:42:19.727 62602 DEBUG oslo_service.service [-] Stop services. stop /usr/lib/python3/dist-packages/oslo_service/service.py:695
2025-05-05 01:42:19.727 62602 INFO heat.engine.service [-] All threads were gone, terminating engine
2025-05-05 01:42:19.728 62602 DEBUG oslo_service.service [-] Killing children. stop /usr/lib/python3/dist-packages/oslo_service/service.py:700
2025-05-05 01:42:19.752 62602 INFO oslo_service.service [-] Waiting on 4 children to exit
2025-05-05 01:42:19.754 62602 INFO oslo_service.service [-] Child 62829 killed by signal 15
2025-05-05 01:42:19.754 62602 INFO oslo_service.service [-] Child 62830 killed by signal 15
2025-05-05 01:42:19.754 62602 INFO oslo_service.service [-] Child 62831 killed by signal 15
2025-05-05 01:42:19.754 62602 INFO oslo_service.service [-] Child 62832 killed by signal 15
2025-05-05 01:42:21.645 64091 DEBUG oslo_concurrency.lockutils [-] Lock "context-manager" acquired by "neutron_lib.db.api._create_context_manager" :: waited 0.000s inner /usr/lib/python3/dist-packages/oslo_concurrency/lockutils.py:386
2025-05-05 01:42:21.645 64091 DEBUG oslo_concurrency.lockutils [-] Lock "context-manager" "released" by "neutron_lib.db.api._create_context_manager" :: held 0.001s inner /usr/lib/python3/dist-packages/oslo_concurrency/lockutils.py:400
2025-05-05 01:42:24.225 64091 WARNING heat.engine.environment [-] OS::Aodh::Alarm is DEPRECATED. Theshold alarm relies on ceilometer-api and has been deprecated in aodh since Ocata. Use OS::Aodh::GnocchiAggregationByResourcesAlarm instead.
2025-05-05 01:42:24.226 64091 WARNING heat.engine.environment [-] OS::Aodh::CombinationAlarm is HIDDEN. OS::Aodh::CombinationAlarm is deprecated and has been removed from Aodh, use OS::Aodh::CompositeAlarm instead.
2025-05-05 01:42:24.226 64091 WARNING heat.engine.environment [-] OS::Designate::Domain is HIDDEN. This resource has been removed, use OS::Designate::Zone instead.
2025-05-05 01:42:24.226 64091 WARNING heat.engine.environment [-] OS::Designate::Record is HIDDEN. This resource has been removed, use OS::Designate::RecordSet instead.
2025-05-05 01:42:24.227 64091 WARNING heat.engine.environment [-] OS::Glance::Image is DEPRECATED. Creating a Glance Image based on an existing URL location requires the Glance v1 API, which is deprecated.
2025-05-05 01:42:24.227 64091 WARNING heat.engine.environment [-] OS::Heat::HARestarter is HIDDEN. The HARestarter resource type has been removed. Existing stacks containing HARestarter resources can still be used, but the HARestarter resource will be a placeholder that does nothing.
2025-05-05 01:42:24.227 64091 WARNING heat.engine.environment [-] OS::Heat::SoftwareDeployments is HIDDEN. Please use OS::Heat::SoftwareDeploymentGroup instead.
2025-05-05 01:42:24.227 64091 WARNING heat.engine.environment [-] OS::Heat::StructuredDeployments is HIDDEN. Please use OS::Heat::StructuredDeploymentGroup instead.
2025-05-05 01:42:24.228 64091 WARNING heat.engine.environment [-] OS::Magnum::Bay is HIDDEN. Please use OS::Magnum::Cluster instead.
2025-05-05 01:42:24.228 64091 WARNING heat.engine.environment [-] OS::Magnum::BayModel is HIDDEN. Please use OS::Magnum::ClusterTemplate instead.
2025-05-05 01:42:24.228 64091 WARNING heat.engine.environment [-] OS::Neutron::ExtraRoute is UNSUPPORTED. Use this resource at your own risk.
2025-05-05 01:42:24.228 64091 WARNING heat.engine.environment [-] OS::Neutron::HealthMonitor is HIDDEN. Use LBaaS V2 instead.
2025-05-05 01:42:24.228 64091 WARNING heat.engine.environment [-] OS::Neutron::Pool is HIDDEN. Use LBaaS V2 instead.
2025-05-05 01:42:24.229 64091 WARNING heat.engine.environment [-] OS::Neutron::PoolMember is HIDDEN. Use LBaaS V2 instead.
2025-05-05 01:42:24.229 64091 WARNING heat.engine.environment [-] OS::Neutron::LoadBalancer is HIDDEN. Use LBaaS V2 instead.
2025-05-05 01:42:24.229 64091 WARNING heat.engine.environment [-] OS::Neutron::RouterGateway is HIDDEN. Use the `external_gateway_info` property in the router resource to set up the gateway.
2025-05-05 01:42:24.229 64091 WARNING heat.engine.environment [-] OS::Nova::FloatingIP is HIDDEN. Please use OS::Neutron::FloatingIP instead.
2025-05-05 01:42:24.229 64091 WARNING heat.engine.environment [-] OS::Nova::FloatingIPAssociation is HIDDEN. Please use OS::Neutron::FloatingIPAssociation instead.
2025-05-05 01:42:24.232 64091 INFO heat.engine.environment [-] Loading /etc/heat/environment.d/default.yaml
2025-05-05 01:42:24.233 64091 INFO heat.engine.environment [-] Registered: [Plugin](User:False) AWS::AutoScaling::AutoScalingGroup ->
2025-05-05 01:42:24.234 64091 INFO heat.engine.environment [-] Registered: [Plugin](User:False) AWS::AutoScaling::LaunchConfiguration ->
2025-05-05 01:42:24.234 64091 INFO heat.engine.environment [-] Registered: [Plugin](User:False) AWS::AutoScaling::ScalingPolicy ->
2025-05-05 01:42:24.234 64091 INFO heat.engine.environment [-] Registered: [Plugin](User:False) AWS::CloudFormation::Stack ->
2025-05-05 01:42:24.234 64091 INFO heat.engine.environment [-] Registered: [Plugin](User:False) AWS::CloudFormation::WaitCondition ->
2025-05-05 01:42:24.234 64091 INFO heat.engine.environment [-] Registered: [Plugin](User:False) AWS::CloudFormation::WaitConditionHandle ->
2025-05-05 01:42:24.234 64091 INFO heat.engine.environment [-] Registered: [Plugin](User:False) AWS::EC2::EIP ->
2025-05-05 01:42:24.234 64091 INFO heat.engine.environment [-] Registered: [Plugin](User:False) AWS::EC2::EIPAssociation ->
2025-05-05 01:42:24.234 64091 INFO heat.engine.environment [-] Registered: [Plugin](User:False) AWS::EC2::Instance ->
2025-05-05 01:42:24.235 64091 INFO heat.engine.environment [-] Registered: [Plugin](User:False) AWS::EC2::InternetGateway ->
2025-05-05 01:42:24.235 64091 INFO heat.engine.environment [-] Registered: [Plugin](User:False) AWS::EC2::VPCGatewayAttachment ->
2025-05-05 01:42:24.235 64091 INFO heat.engine.environment [-] Registered: [Plugin](User:False) AWS::EC2::NetworkInterface ->
2025-05-05 01:42:24.235 64091 INFO heat.engine.environment [-] Registered: [Plugin](User:False) AWS::EC2::RouteTable ->
2025-05-05 01:42:24.235 64091 INFO heat.engine.environment [-] Registered: [Plugin](User:False) AWS::EC2::SubnetRouteTableAssociation ->
2025-05-05 01:42:24.235 64091 INFO heat.engine.environment [-] Registered: [Plugin](User:False) AWS::EC2::SecurityGroup ->
2025-05-05 01:42:24.235 64091 INFO heat.engine.environment [-] Registered: [Plugin](User:False) AWS::EC2::Subnet ->
2025-05-05 01:42:24.235 64091 INFO heat.engine.environment [-] Registered: [Plugin](User:False) AWS::EC2::Volume ->
2025-05-05 01:42:24.235 64091 INFO heat.engine.environment [-] Registered: [Plugin](User:False) AWS::EC2::VolumeAttachment ->
2025-05-05 01:42:24.236 64091 INFO heat.engine.environment [-] Registered: [Plugin](User:False) AWS::EC2::VPC ->
