2025-05-05 00:33:56.723 37484 DEBUG oslo_service.service [-] clients_sahara.insecure = None log_opt_values /usr/lib/python3/dist-packages/oslo_config/cfg.py:2609
2025-05-05 00:33:56.723 37484 DEBUG oslo_service.service [-] clients_sahara.key_file = None log_opt_values /usr/lib/python3/dist-packages/oslo_config/cfg.py:2609
2025-05-05 00:33:56.723 37484 DEBUG oslo_service.service [-] clients_senlin.ca_file = None log_opt_values /usr/lib/python3/dist-packages/oslo_config/cfg.py:2609
2025-05-05 00:33:56.729 37484 DEBUG oslo_service.service [-] clients_senlin.cert_file = None log_opt_values /usr/lib/python3/dist-packages/oslo_config/cfg.py:2609
2025-05-05 00:33:56.729 37484 DEBUG oslo_service.service [-] clients_senlin.endpoint_type = None log_opt_values /usr/lib/python3/dist-packages/oslo_config/cfg.py:2609
2025-05-05 00:33:56.729 37484 DEBUG oslo_service.service [-] clients_senlin.insecure = None log_opt_values /usr/lib/python3/dist-packages/oslo_config/cfg.py:2609
2025-05-05 00:33:56.730 37484 DEBUG oslo_service.service [-] clients_senlin.key_file = None log_opt_values /usr/lib/python3/dist-packages/oslo_config/cfg.py:2609
2025-05-05 00:33:56.731 37484 DEBUG oslo_service.service [-] clients_swift.ca_file = None log_opt_values /usr/lib/python3/dist-packages/oslo_config/cfg.py:2609
2025-05-05 00:33:56.731 37484 DEBUG oslo_service.service [-] clients_swift.cert_file = None log_opt_values /usr/lib/python3/dist-packages/oslo_config/cfg.py:2609
2025-05-05 00:33:56.731 37484 DEBUG oslo_service.service [-] clients_swift.endpoint_type = None log_opt_values /usr/lib/python3/dist-packages/oslo_config/cfg.py:2609
2025-05-05 00:33:56.731 37484 DEBUG oslo_service.service [-] clients_swift.insecure = None log_opt_values /usr/lib/python3/dist-packages/oslo_config/cfg.py:2609
2025-05-05 00:33:56.731 37484 DEBUG oslo_service.service [-] clients_swift.key_file = None log_opt_values /usr/lib/python3/dist-packages/oslo_config/cfg.py:2609
2025-05-05 00:33:56.732 37484 DEBUG oslo_service.service [-] clients_trove.ca_file = None log_opt_values /usr/lib/python3/dist-packages/oslo_config/cfg.py:2609
2025-05-05 00:33:56.732 37484 DEBUG oslo_service.service [-] clients_trove.cert_file = None log_opt_values /usr/lib/python3/dist-packages/oslo_config/cfg.py:2609
2025-05-05 00:33:56.732 37484 DEBUG oslo_service.service [-] clients_trove.endpoint_type = None log_opt_values /usr/lib/python3/dist-packages/oslo_config/cfg.py:2609
2025-05-05 00:33:56.732 37484 DEBUG oslo_service.service [-] clients_trove.insecure = None log_opt_values /usr/lib/python3/dist-packages/oslo_config/cfg.py:2609
2025-05-05 00:33:56.732 37484 DEBUG oslo_service.service [-] clients_trove.key_file = None log_opt_values /usr/lib/python3/dist-packages/oslo_config/cfg.py:2609
2025-05-05 00:33:56.732 37484 DEBUG oslo_service.service [-] clients_vitrage.ca_file = None log_opt_values /usr/lib/python3/dist-packages/oslo_config/cfg.py:2609
2025-05-05 00:33:56.732 37484 DEBUG oslo_service.service [-] clients_vitrage.cert_file = None log_opt_values /usr/lib/python3/dist-packages/oslo_config/cfg.py:2609
2025-05-05 00:33:56.733 37484 DEBUG oslo_service.service [-] clients_vitrage.endpoint_type = None log_opt_values /usr/lib/python3/dist-packages/oslo_config/cfg.py:2609
2025-05-05 00:33:56.733 37484 DEBUG oslo_service.service [-] clients_vitrage.insecure = None log_opt_values /usr/lib/python3/dist-packages/oslo_config/cfg.py:2609
2025-05-05 00:33:56.733 37484 DEBUG oslo_service.service [-] clients_vitrage.key_file = None log_opt_values /usr/lib/python3/dist-packages/oslo_config/cfg.py:2609
2025-05-05 00:33:56.733 37484 DEBUG oslo_service.service [-] clients_zaqar.ca_file = None log_opt_values /usr/lib/python3/dist-packages/oslo_config/cfg.py:2609
2025-05-05 00:33:56.733 37484 DEBUG oslo_service.service [-] clients_zaqar.cert_file = None log_opt_values /usr/lib/python3/dist-packages/oslo_config/cfg.py:2609
2025-05-05 00:33:56.734 37484 DEBUG oslo_service.service [-] clients_zaqar.endpoint_type = None log_opt_values /usr/lib/python3/dist-packages/oslo_config/cfg.py:2609
2025-05-05 00:33:56.734 37484 DEBUG oslo_service.service [-] clients_zaqar.insecure = None log_opt_values /usr/lib/python3/dist-packages/oslo_config/cfg.py:2609
2025-05-05 00:33:56.734 37484 DEBUG oslo_service.service [-] clients_zaqar.key_file = None log_opt_values /usr/lib/python3/dist-packages/oslo_config/cfg.py:2609
2025-05-05 00:33:56.734 37484 DEBUG oslo_service.service [-] database.backend = sqlalchemy log_opt_values /usr/lib/python3/dist-packages/oslo_config/cfg.py:2609
2025-05-05 00:33:56.734 37484 DEBUG oslo_service.service [-] database.connection = **** log_opt_values /usr/lib/python3/dist-packages/oslo_config/cfg.py:2609
2025-05-05 00:33:56.734 37484 DEBUG oslo_service.service [-] database.connection_debug = 0 log_opt_values /usr/lib/python3/dist-packages/oslo_config/cfg.py:2609
2025-05-05 00:33:56.735 37484 DEBUG oslo_service.service [-] database.connection_parameters = log_opt_values /usr/lib/python3/dist-packages/oslo_config/cfg.py:2609
2025-05-05 00:33:56.735 37484 DEBUG oslo_service.service [-] database.connection_recycle_time = 3600 log_opt_values /usr/lib/python3/dist-packages/oslo_config/cfg.py:2609
2025-05-05 00:33:56.735 37484 DEBUG oslo_service.service [-] database.connection_trace = False log_opt_values /usr/lib/python3/dist-packages/oslo_config/cfg.py:2609
2025-05-05 00:33:56.735 37484 DEBUG oslo_service.service [-] database.db_inc_retry_interval = True log_opt_values /usr/lib/python3/dist-packages/oslo_config/cfg.py:2609
2025-05-05 00:33:56.735 37484 DEBUG oslo_service.service [-] database.db_max_retries = 20 log_opt_values /usr/lib/python3/dist-packages/oslo_config/cfg.py:2609
2025-05-05 00:33:56.736 37484 DEBUG oslo_service.service [-] database.db_max_retry_interval = 10 log_opt_values /usr/lib/python3/dist-packages/oslo_config/cfg.py:2609
2025-05-05 00:33:56.736 37484 DEBUG oslo_service.service [-] database.db_retry_interval = 1 log_opt_values /usr/lib/python3/dist-packages/oslo_config/cfg.py:2609
2025-05-05 00:33:56.736 37484 DEBUG oslo_service.service [-] database.max_overflow = 50 log_opt_values /usr/lib/python3/dist-packages/oslo_config/cfg.py:2609
2025-05-05 00:33:56.736 37484 DEBUG oslo_service.service [-] database.max_pool_size = 5 log_opt_values /usr/lib/python3/dist-packages/oslo_config/cfg.py:2609
2025-05-05 00:33:56.736 37484 DEBUG oslo_service.service [-] database.max_retries = 10 log_opt_values /usr/lib/python3/dist-packages/oslo_config/cfg.py:2609
2025-05-05 00:33:56.736 37484 DEBUG oslo_service.service [-] database.mysql_enable_ndb = False log_opt_values /usr/lib/python3/dist-packages/oslo_config/cfg.py:2609
2025-05-05 00:33:56.737 37484 DEBUG oslo_service.service [-] database.mysql_sql_mode = TRADITIONAL log_opt_values /usr/lib/python3/dist-packages/oslo_config/cfg.py:2609
2025-05-05 00:33:56.737 37484 DEBUG oslo_service.service [-] database.pool_timeout = None log_opt_values /usr/lib/python3/dist-packages/oslo_config/cfg.py:2609
2025-05-05 00:33:56.737 37484 DEBUG oslo_service.service [-] database.retry_interval = 10 log_opt_values /usr/lib/python3/dist-packages/oslo_config/cfg.py:2609
2025-05-05 00:33:56.737 37484 DEBUG oslo_service.service [-] database.slave_connection = **** log_opt_values /usr/lib/python3/dist-packages/oslo_config/cfg.py:2609
2025-05-05 00:33:56.737 37484 DEBUG oslo_service.service [-] database.sqlite_synchronous = True log_opt_values /usr/lib/python3/dist-packages/oslo_config/cfg.py:2609
2025-05-05 00:33:56.737 37484 DEBUG oslo_service.service [-] database.use_db_reconnect = False log_opt_values /usr/lib/python3/dist-packages/oslo_config/cfg.py:2609
2025-05-05 00:33:56.738 37484 DEBUG oslo_service.service [-] oslo_messaging_metrics.metrics_buffer_size = 1000 log_opt_values /usr/lib/python3/dist-packages/oslo_config/cfg.py:2609
2025-05-05 00:33:56.738 37484 DEBUG oslo_service.service [-] oslo_messaging_metrics.metrics_enabled = False log_opt_values /usr/lib/python3/dist-packages/oslo_config/cfg.py:2609
2025-05-05 00:33:56.738 37484 DEBUG oslo_service.service [-] oslo_messaging_metrics.metrics_process_name = log_opt_values /usr/lib/python3/dist-packages/oslo_config/cfg.py:2609
2025-05-05 00:33:56.738 37484 DEBUG oslo_service.service [-] oslo_messaging_metrics.metrics_socket_file = /var/tmp/metrics_collector.sock log_opt_values /usr/lib/python3/dist-packages/oslo_config/cfg.py:2609
2025-05-05 00:33:56.738 37484 DEBUG oslo_service.service [-] oslo_messaging_metrics.metrics_thread_stop_timeout = 10 log_opt_values /usr/lib/python3/dist-packages/oslo_config/cfg.py:2609
2025-05-05 00:33:56.739 37484 DEBUG oslo_service.service [-] oslo_policy.enforce_new_defaults = False log_opt_values /usr/lib/python3/dist-packages/oslo_config/cfg.py:2609
2025-05-05 00:33:56.739 37484 DEBUG oslo_service.service [-] oslo_policy.enforce_scope = False log_opt_values /usr/lib/python3/dist-packages/oslo_config/cfg.py:2609
2025-05-05 00:33:56.740 37484 DEBUG oslo_service.service [-] oslo_policy.policy_default_rule = default log_opt_values /usr/lib/python3/dist-packages/oslo_config/cfg.py:2609
2025-05-05 00:33:56.740 37484 DEBUG oslo_service.service [-] oslo_policy.policy_dirs = ['policy.d'] log_opt_values /usr/lib/python3/dist-packages/oslo_config/cfg.py:2609
2025-05-05 00:33:56.740 37484 DEBUG oslo_service.service [-] oslo_policy.policy_file = policy.yaml log_opt_values /usr/lib/python3/dist-packages/oslo_config/cfg.py:2609
2025-05-05 00:33:56.740 37484 DEBUG oslo_service.service [-] oslo_policy.remote_content_type = application/x-www-form-urlencoded log_opt_values /usr/lib/python3/dist-packages/oslo_config/cfg.py:2609
2025-05-05 00:33:56.740 37484 DEBUG oslo_service.service [-] oslo_policy.remote_ssl_ca_crt_file = None log_opt_values /usr/lib/python3/dist-packages/oslo_config/cfg.py:2609
2025-05-05 00:33:56.741 37484 DEBUG oslo_service.service [-] oslo_policy.remote_ssl_client_crt_file = None log_opt_values /usr/lib/python3/dist-packages/oslo_config/cfg.py:2609
2025-05-05 00:33:56.741 37484 DEBUG oslo_service.service [-] oslo_policy.remote_ssl_client_key_file = None log_opt_values /usr/lib/python3/dist-packages/oslo_config/cfg.py:2609
2025-05-05 00:33:56.741 37484 DEBUG oslo_service.service [-] oslo_policy.remote_ssl_verify_server_crt = False log_opt_values /usr/lib/python3/dist-packages/oslo_config/cfg.py:2609
2025-05-05 00:33:56.741 37484 DEBUG oslo_service.service [-] trustee.auth_section = None log_opt_values /usr/lib/python3/dist-packages/oslo_config/cfg.py:2609
2025-05-05 00:33:56.742 37484 WARNING oslo_config.cfg [-] Deprecated: Option "auth_plugin" from group "trustee" is deprecated. Use option "auth_type" from group "trustee".
2025-05-05 00:33:56.742 37484 DEBUG oslo_service.service [-] trustee.auth_type = password log_opt_values /usr/lib/python3/dist-packages/oslo_config/cfg.py:2609
2025-05-05 00:33:56.742 37484 DEBUG oslo_service.service [-] oslo_versionedobjects.fatal_exception_format_errors = False log_opt_values /usr/lib/python3/dist-packages/oslo_config/cfg.py:2609
2025-05-05 00:33:56.743 37484 DEBUG oslo_service.service [-] oslo_messaging_rabbit.amqp_auto_delete = False log_opt_values /usr/lib/python3/dist-packages/oslo_config/cfg.py:2609
2025-05-05 00:33:56.743 37484 DEBUG oslo_service.service [-] oslo_messaging_rabbit.amqp_durable_queues = False log_opt_values /usr/lib/python3/dist-packages/oslo_config/cfg.py:2609
2025-05-05 00:33:56.743 37484 DEBUG oslo_service.service [-] oslo_messaging_rabbit.conn_pool_min_size = 2 log_opt_values /usr/lib/python3/dist-packages/oslo_config/cfg.py:2609
2025-05-05 00:33:56.746 37484 DEBUG oslo_service.service [-] oslo_messaging_rabbit.conn_pool_ttl = 1200 log_opt_values /usr/lib/python3/dist-packages/oslo_config/cfg.py:2609
2025-05-05 00:33:56.746 37484 DEBUG oslo_service.service [-] oslo_messaging_rabbit.direct_mandatory_flag = True log_opt_values /usr/lib/python3/dist-packages/oslo_config/cfg.py:2609
2025-05-05 00:33:56.746 37484 DEBUG oslo_service.service [-] oslo_messaging_rabbit.enable_cancel_on_failover = False log_opt_values /usr/lib/python3/dist-packages/oslo_config/cfg.py:2609
2025-05-05 00:33:56.747 37484 DEBUG oslo_service.service [-] oslo_messaging_rabbit.heartbeat_in_pthread = False log_opt_values /usr/lib/python3/dist-packages/oslo_config/cfg.py:2609
2025-05-05 00:33:56.747 37484 DEBUG oslo_service.service [-] oslo_messaging_rabbit.heartbeat_rate = 2 log_opt_values /usr/lib/python3/dist-packages/oslo_config/cfg.py:2609
2025-05-05 00:33:56.747 37484 DEBUG oslo_service.service [-] oslo_messaging_rabbit.heartbeat_timeout_threshold = 60 log_opt_values /usr/lib/python3/dist-packages/oslo_config/cfg.py:2609
2025-05-05 00:33:56.747 37484 DEBUG oslo_service.service [-] oslo_messaging_rabbit.kombu_compression = None log_opt_values /usr/lib/python3/dist-packages/oslo_config/cfg.py:2609
2025-05-05 00:33:56.747 37484 DEBUG oslo_service.service [-] oslo_messaging_rabbit.kombu_failover_strategy = round-robin log_opt_values /usr/lib/python3/dist-packages/oslo_config/cfg.py:2609
2025-05-05 00:33:56.747 37484 DEBUG oslo_service.service [-] oslo_messaging_rabbit.kombu_missing_consumer_retry_timeout = 60 log_opt_values /usr/lib/python3/dist-packages/oslo_config/cfg.py:2609
2025-05-05 00:33:56.747 37484 DEBUG oslo_service.service [-] oslo_messaging_rabbit.kombu_reconnect_delay = 1.0 log_opt_values /usr/lib/python3/dist-packages/oslo_config/cfg.py:2609
2025-05-05 00:33:56.747 37484 DEBUG oslo_service.service [-] oslo_messaging_rabbit.rabbit_ha_queues = False log_opt_values /usr/lib/python3/dist-packages/oslo_config/cfg.py:2609
2025-05-05 00:33:56.748 37484 DEBUG oslo_service.service [-] oslo_messaging_rabbit.rabbit_interval_max = 30 log_opt_values /usr/lib/python3/dist-packages/oslo_config/cfg.py:2609
2025-05-05 00:33:56.748 37484 DEBUG oslo_service.service [-] oslo_messaging_rabbit.rabbit_login_method = AMQPLAIN log_opt_values /usr/lib/python3/dist-packages/oslo_config/cfg.py:2609
2025-05-05 00:33:56.749 37484 DEBUG oslo_service.service [-] oslo_messaging_rabbit.rabbit_qos_prefetch_count = 0 log_opt_values /usr/lib/python3/dist-packages/oslo_config/cfg.py:2609
2025-05-05 00:33:56.750 37484 DEBUG oslo_service.service [-] oslo_messaging_rabbit.rabbit_quorum_queue = False log_opt_values /usr/lib/python3/dist-packages/oslo_config/cfg.py:2609
2025-05-05 00:33:56.750 37484 DEBUG oslo_service.service [-] oslo_messaging_rabbit.rabbit_retry_backoff = 2 log_opt_values /usr/lib/python3/dist-packages/oslo_config/cfg.py:2609
2025-05-05 00:33:56.750 37484 DEBUG oslo_service.service [-] oslo_messaging_rabbit.rabbit_retry_interval = 1 log_opt_values /usr/lib/python3/dist-packages/oslo_config/cfg.py:2609
2025-05-05 00:33:56.750 37484 DEBUG oslo_service.service [-] oslo_messaging_rabbit.rabbit_transient_queues_ttl = 1800 log_opt_values /usr/lib/python3/dist-packages/oslo_config/cfg.py:2609
2025-05-05 00:33:56.750 37484 DEBUG oslo_service.service [-] oslo_messaging_rabbit.rpc_conn_pool_size = 30 log_opt_values /usr/lib/python3/dist-packages/oslo_config/cfg.py:2609
2025-05-05 00:33:56.750 37484 DEBUG oslo_service.service [-] oslo_messaging_rabbit.ssl = False log_opt_values /usr/lib/python3/dist-packages/oslo_config/cfg.py:2609
2025-05-05 00:33:56.751 37484 DEBUG oslo_service.service [-] oslo_messaging_rabbit.ssl_ca_file = log_opt_values /usr/lib/python3/dist-packages/oslo_config/cfg.py:2609
2025-05-05 00:33:56.751 37484 DEBUG oslo_service.service [-] oslo_messaging_rabbit.ssl_cert_file = log_opt_values /usr/lib/python3/dist-packages/oslo_config/cfg.py:2609
2025-05-05 00:33:56.751 37484 DEBUG oslo_service.service [-] oslo_messaging_rabbit.ssl_key_file = log_opt_values /usr/lib/python3/dist-packages/oslo_config/cfg.py:2609
2025-05-05 00:33:56.752 37484 DEBUG oslo_service.service [-] oslo_messaging_rabbit.ssl_version = log_opt_values /usr/lib/python3/dist-packages/oslo_config/cfg.py:2609
2025-05-05 00:33:56.752 37484 DEBUG oslo_service.service [-] oslo_messaging_notifications.driver = [] log_opt_values /usr/lib/python3/dist-packages/oslo_config/cfg.py:2609
2025-05-05 00:33:56.752 37484 DEBUG oslo_service.service [-] oslo_messaging_notifications.retry = -1 log_opt_values /usr/lib/python3/dist-packages/oslo_config/cfg.py:2609
2025-05-05 00:33:56.752 37484 DEBUG oslo_service.service [-] oslo_messaging_notifications.topics = ['notifications'] log_opt_values /usr/lib/python3/dist-packages/oslo_config/cfg.py:2609
2025-05-05 00:33:56.753 37484 DEBUG oslo_service.service [-] oslo_messaging_notifications.transport_url = **** log_opt_values /usr/lib/python3/dist-packages/oslo_config/cfg.py:2609
2025-05-05 00:33:56.755 37484 DEBUG oslo_service.service [-] cache.backend = dogpile.cache.null log_opt_values /usr/lib/python3/dist-packages/oslo_config/cfg.py:2609
2025-05-05 00:33:56.755 37484 DEBUG oslo_service.service [-] cache.backend_argument = **** log_opt_values /usr/lib/python3/dist-packages/oslo_config/cfg.py:2609
2025-05-05 00:33:56.756 37484 DEBUG oslo_service.service [-] cache.config_prefix = cache.oslo log_opt_values /usr/lib/python3/dist-packages/oslo_config/cfg.py:2609
2025-05-05 00:33:56.757 37484 DEBUG oslo_service.service [-] cache.debug_cache_backend = False log_opt_values /usr/lib/python3/dist-packages/oslo_config/cfg.py:2609
2025-05-05 00:33:56.758 37484 DEBUG oslo_service.service [-] cache.enabled = False log_opt_values /usr/lib/python3/dist-packages/oslo_config/cfg.py:2609
2025-05-05 00:33:56.758 37484 DEBUG oslo_service.service [-] cache.expiration_time = 600 log_opt_values /usr/lib/python3/dist-packages/oslo_config/cfg.py:2609
2025-05-05 00:33:56.758 37484 DEBUG oslo_service.service [-] cache.memcache_dead_retry = 300 log_opt_values /usr/lib/python3/dist-packages/oslo_config/cfg.py:2609
2025-05-05 00:33:56.758 37484 DEBUG oslo_service.service [-] cache.memcache_pool_connection_get_timeout = 10 log_opt_values /usr/lib/python3/dist-packages/oslo_config/cfg.py:2609
2025-05-05 00:33:56.758 37484 DEBUG oslo_service.service [-] cache.memcache_pool_flush_on_reconnect = False log_opt_values /usr/lib/python3/dist-packages/oslo_config/cfg.py:2609
2025-05-05 00:33:56.758 37484 DEBUG oslo_service.service [-] cache.memcache_pool_maxsize = 10 log_opt_values /usr/lib/python3/dist-packages/oslo_config/cfg.py:2609
2025-05-05 00:33:56.759 37484 DEBUG oslo_service.service [-] cache.memcache_pool_unused_timeout = 60 log_opt_values /usr/lib/python3/dist-packages/oslo_config/cfg.py:2609
2025-05-05 00:33:56.759 37484 DEBUG oslo_service.service [-] cache.memcache_servers = ['localhost:11211'] log_opt_values /usr/lib/python3/dist-packages/oslo_config/cfg.py:2609
2025-05-05 00:33:56.760 37484 DEBUG oslo_service.service [-] cache.memcache_socket_timeout = 1.0 log_opt_values /usr/lib/python3/dist-packages/oslo_config/cfg.py:2609
2025-05-05 00:33:56.760 37484 DEBUG oslo_service.service [-] cache.proxies = [] log_opt_values /usr/lib/python3/dist-packages/oslo_config/cfg.py:2609
2025-05-05 00:33:56.760 37484 DEBUG oslo_service.service [-] cache.tls_allowed_ciphers = None log_opt_values /usr/lib/python3/dist-packages/oslo_config/cfg.py:2609
2025-05-05 00:33:56.760 37484 DEBUG oslo_service.service [-] cache.tls_cafile = None log_opt_values /usr/lib/python3/dist-packages/oslo_config/cfg.py:2609
2025-05-05 00:33:56.760 37484 DEBUG oslo_service.service [-] cache.tls_certfile = None log_opt_values /usr/lib/python3/dist-packages/oslo_config/cfg.py:2609
2025-05-05 00:33:56.760 37484 DEBUG oslo_service.service [-] cache.tls_enabled = False log_opt_values /usr/lib/python3/dist-packages/oslo_config/cfg.py:2609
2025-05-05 00:33:56.761 37484 DEBUG oslo_service.service [-] cache.tls_keyfile = None log_opt_values /usr/lib/python3/dist-packages/oslo_config/cfg.py:2609
2025-05-05 00:33:56.762 37484 DEBUG oslo_service.service [-] constraint_validation_cache.caching = True log_opt_values /usr/lib/python3/dist-packages/oslo_config/cfg.py:2609
2025-05-05 00:33:56.762 37484 DEBUG oslo_service.service [-] constraint_validation_cache.expiration_time = 60 log_opt_values /usr/lib/python3/dist-packages/oslo_config/cfg.py:2609
2025-05-05 00:33:56.762 37484 DEBUG oslo_service.service [-] service_extension_cache.caching = True log_opt_values /usr/lib/python3/dist-packages/oslo_config/cfg.py:2609
2025-05-05 00:33:56.762 37484 DEBUG oslo_service.service [-] service_extension_cache.expiration_time = 3600 log_opt_values /usr/lib/python3/dist-packages/oslo_config/cfg.py:2609
2025-05-05 00:33:56.763 37484 DEBUG oslo_service.service [-] resource_finder_cache.caching = True log_opt_values /usr/lib/python3/dist-packages/oslo_config/cfg.py:2609
2025-05-05 00:33:56.764 37484 DEBUG oslo_service.service [-] resource_finder_cache.expiration_time = 3600 log_opt_values /usr/lib/python3/dist-packages/oslo_config/cfg.py:2609
2025-05-05 00:33:56.764 37484 DEBUG oslo_service.service [-] yaql.limit_iterators = 200 log_opt_values /usr/lib/python3/dist-packages/oslo_config/cfg.py:2609
2025-05-05 00:33:56.764 37484 DEBUG oslo_service.service [-] yaql.memory_quota = 10000 log_opt_values /usr/lib/python3/dist-packages/oslo_config/cfg.py:2609
2025-05-05 00:33:56.764 37484 DEBUG oslo_service.service [-] ******************************************************************************** log_opt_values /usr/lib/python3/dist-packages/oslo_config/cfg.py:2613
2025-05-05 00:33:56.808 37705 DEBUG oslo_db.sqlalchemy.engines [req-3b3b470a-e830-4771-90a3-c749aac12dc6 - - - - -] MySQL server mode set to STRICT_TRANS_TABLES,STRICT_ALL_TABLES,NO_ZERO_IN_DATE,NO_ZERO_DATE,ERROR_FOR_DIVISION_BY_ZERO,TRADITIONAL,NO_ENGINE_SUBSTITUTION _check_effective_sql_mode /usr/lib/python3/dist-packages/oslo_db/sqlalchemy/engines.py:314
2025-05-05 00:33:56.808 37704 DEBUG oslo_db.sqlalchemy.engines [req-d3729cd4-0133-4ef8-9b07-2dc3ef646a48 - - - - -] MySQL server mode set to STRICT_TRANS_TABLES,STRICT_ALL_TABLES,NO_ZERO_IN_DATE,NO_ZERO_DATE,ERROR_FOR_DIVISION_BY_ZERO,TRADITIONAL,NO_ENGINE_SUBSTITUTION _check_effective_sql_mode /usr/lib/python3/dist-packages/oslo_db/sqlalchemy/engines.py:314
2025-05-05 00:33:56.810 37703 DEBUG oslo_db.sqlalchemy.engines [req-4c088a2d-3cc9-4827-a094-d144b47c80a4 - - - - -] MySQL server mode set to STRICT_TRANS_TABLES,STRICT_ALL_TABLES,NO_ZERO_IN_DATE,NO_ZERO_DATE,ERROR_FOR_DIVISION_BY_ZERO,TRADITIONAL,NO_ENGINE_SUBSTITUTION _check_effective_sql_mode /usr/lib/python3/dist-packages/oslo_db/sqlalchemy/engines.py:314
2025-05-05 00:33:56.822 37702 DEBUG oslo_db.sqlalchemy.engines [req-b1f99f09-d178-4189-bdec-20a43e6b9335 - - - - -] MySQL server mode set to STRICT_TRANS_TABLES,STRICT_ALL_TABLES,NO_ZERO_IN_DATE,NO_ZERO_DATE,ERROR_FOR_DIVISION_BY_ZERO,TRADITIONAL,NO_ENGINE_SUBSTITUTION _check_effective_sql_mode /usr/lib/python3/dist-packages/oslo_db/sqlalchemy/engines.py:314
2025-05-05 00:33:56.897 37704 DEBUG heat.engine.service [req-46beda00-74ca-4f68-86bd-305fcfd89465 - - - - -] Service b56be5c5-0193-417c-9367-a571606c54be is started service_manage_report /usr/lib/python3/dist-packages/heat/engine/service.py:2363
2025-05-05 00:33:56.908 37705 DEBUG heat.engine.service [req-fe68d6ba-a673-4353-8e3a-c7ccc8992c2b - - - - -] Service 4164d07f-3a76-49ef-8078-2703097280b9 is started service_manage_report /usr/lib/python3/dist-packages/heat/engine/service.py:2363
2025-05-05 00:33:56.919 37704 DEBUG heat.engine.service [req-46beda00-74ca-4f68-86bd-305fcfd89465 - - - - -] Service b56be5c5-0193-417c-9367-a571606c54be is updated service_manage_report /usr/lib/python3/dist-packages/heat/engine/service.py:2370
2025-05-05 00:33:56.932 37702 DEBUG heat.engine.service [req-32c853e8-58ba-4c40-835d-1e795b263756 - - - - -] Service ee3f8561-ba06-41cd-a371-b715f461d067 is started service_manage_report /usr/lib/python3/dist-packages/heat/engine/service.py:2363
2025-05-05 00:33:56.943 37705 DEBUG heat.engine.service [req-fe68d6ba-a673-4353-8e3a-c7ccc8992c2b - - - - -] Service 4164d07f-3a76-49ef-8078-2703097280b9 is updated service_manage_report /usr/lib/python3/dist-packages/heat/engine/service.py:2370
2025-05-05 00:33:56.951 37703 DEBUG heat.engine.service [req-3057ad09-cd03-45ac-a4a1-ebffd2bc3411 - - - - -] Service 4471562c-f637-46f3-9f7c-5edcdacf57ee is started service_manage_report /usr/lib/python3/dist-packages/heat/engine/service.py:2363
2025-05-05 00:33:56.960 37702 DEBUG heat.engine.service [req-32c853e8-58ba-4c40-835d-1e795b263756 - - - - -] Service ee3f8561-ba06-41cd-a371-b715f461d067 is updated service_manage_report /usr/lib/python3/dist-packages/heat/engine/service.py:2370
2025-05-05 00:33:56.979 37703 DEBUG heat.engine.service [req-3057ad09-cd03-45ac-a4a1-ebffd2bc3411 - - - - -] Service 4471562c-f637-46f3-9f7c-5edcdacf57ee is updated service_manage_report /usr/lib/python3/dist-packages/heat/engine/service.py:2370
2025-05-05 00:34:56.893 37704 DEBUG heat.engine.service [req-63dbb9a3-a4f5-4524-bce4-c0765d18aec0 - - - - -] Service b56be5c5-0193-417c-9367-a571606c54be is updated service_manage_report /usr/lib/python3/dist-packages/heat/engine/service.py:2370
2025-05-05 00:34:56.899 37705 DEBUG heat.engine.service [req-8fe0c648-1910-4ef9-bb05-4b5a6f1b9795 - - - - -] Service 4164d07f-3a76-49ef-8078-2703097280b9 is updated service_manage_report /usr/lib/python3/dist-packages/heat/engine/service.py:2370
2025-05-05 00:34:56.914 37702 DEBUG heat.engine.service [req-36851a56-4e6e-4d23-a43e-cea3f9ce3586 - - - - -] Service ee3f8561-ba06-41cd-a371-b715f461d067 is updated service_manage_report /usr/lib/python3/dist-packages/heat/engine/service.py:2370
2025-05-05 00:34:56.932 37703 DEBUG heat.engine.service [req-5459ec4d-919c-4c60-9a68-7cc12cc8d2cf - - - - -] Service 4471562c-f637-46f3-9f7c-5edcdacf57ee is updated service_manage_report /usr/lib/python3/dist-packages/heat/engine/service.py:2370
2025-05-05 00:35:56.894 37705 DEBUG heat.engine.service [req-6694b1d7-02ee-450d-ba6e-892aa2676c48 - - - - -] Service 4164d07f-3a76-49ef-8078-2703097280b9 is updated service_manage_report /usr/lib/python3/dist-packages/heat/engine/service.py:2370
2025-05-05 00:35:56.900 37704 DEBUG heat.engine.service [req-ad611790-0a0b-4e92-95da-1221b269228a - - - - -] Service b56be5c5-0193-417c-9367-a571606c54be is updated service_manage_report /usr/lib/python3/dist-packages/heat/engine/service.py:2370
2025-05-05 00:35:56.918 37702 DEBUG heat.engine.service [req-d804124e-be84-42eb-bec9-b71dabd8530e - - - - -] Service ee3f8561-ba06-41cd-a371-b715f461d067 is updated service_manage_report /usr/lib/python3/dist-packages/heat/engine/service.py:2370
2025-05-05 00:35:56.937 37703 DEBUG heat.engine.service [req-2b55c3b5-c734-45df-a604-e1eb649f8806 - - - - -] Service 4471562c-f637-46f3-9f7c-5edcdacf57ee is updated service_manage_report /usr/lib/python3/dist-packages/heat/engine/service.py:2370
2025-05-05 00:36:56.906 37704 DEBUG heat.engine.service [req-1078466b-84f2-4113-8134-bfa721e6f0a8 - - - - -] Service b56be5c5-0193-417c-9367-a571606c54be is updated service_manage_report /usr/lib/python3/dist-packages/heat/engine/service.py:2370
2025-05-05 00:36:56.912 37705 DEBUG heat.engine.service [req-5fb91665-bfd1-4e83-90dc-1a455459c3c9 - - - - -] Service 4164d07f-3a76-49ef-8078-2703097280b9 is updated service_manage_report /usr/lib/python3/dist-packages/heat/engine/service.py:2370
2025-05-05 00:36:56.933 37702 DEBUG heat.engine.service [req-f1b9b4f3-ecb3-4f5c-ae09-b0956284338b - - - - -] Service ee3f8561-ba06-41cd-a371-b715f461d067 is updated service_manage_report /usr/lib/python3/dist-packages/heat/engine/service.py:2370
2025-05-05 00:36:56.950 37703 DEBUG heat.engine.service [req-9f3abb61-2234-4e2b-85f5-d4bcbbc8b60b - - - - -] Service 4471562c-f637-46f3-9f7c-5edcdacf57ee is updated service_manage_report /usr/lib/python3/dist-packages/heat/engine/service.py:2370
2025-05-05 00:37:56.891 37704 DEBUG heat.engine.service [req-afeb1f05-3e81-40d8-845b-fae10e1adb53 - - - - -] Service b56be5c5-0193-417c-9367-a571606c54be is updated service_manage_report /usr/lib/python3/dist-packages/heat/engine/service.py:2370
2025-05-05 00:37:56.896 37705 DEBUG heat.engine.service [req-9dd4e432-a29c-44ab-b34e-f7dc7575d1c4 - - - - -] Service 4164d07f-3a76-49ef-8078-2703097280b9 is updated service_manage_report /usr/lib/python3/dist-packages/heat/engine/service.py:2370
2025-05-05 00:37:56.927 37702 DEBUG heat.engine.service [req-886cdc32-a0d4-47f8-8291-391ff26ce1e4 - - - - -] Service ee3f8561-ba06-41cd-a371-b715f461d067 is updated service_manage_report /usr/lib/python3/dist-packages/heat/engine/service.py:2370
2025-05-05 00:37:56.945 37703 DEBUG heat.engine.service [req-d5181eb9-7268-429e-93fd-84394c267b87 - - - - -] Service 4471562c-f637-46f3-9f7c-5edcdacf57ee is updated service_manage_report /usr/lib/python3/dist-packages/heat/engine/service.py:2370
2025-05-05 00:38:56.894 37704 DEBUG heat.engine.service [req-f43bb01e-5a56-460d-b600-d0584401ba08 - - - - -] Service b56be5c5-0193-417c-9367-a571606c54be is updated service_manage_report /usr/lib/python3/dist-packages/heat/engine/service.py:2370
2025-05-05 00:38:56.900 37705 DEBUG heat.engine.service [req-f8396fe0-5226-4fc5-8282-a7a890cbabd8 - - - - -] Service 4164d07f-3a76-49ef-8078-2703097280b9 is updated service_manage_report /usr/lib/python3/dist-packages/heat/engine/service.py:2370
2025-05-05 00:38:56.935 37702 DEBUG heat.engine.service [req-64f037d4-e8b9-43ba-8726-e6aa2e06d4a8 - - - - -] Service ee3f8561-ba06-41cd-a371-b715f461d067 is updated service_manage_report /usr/lib/python3/dist-packages/heat/engine/service.py:2370
2025-05-05 00:38:56.948 37703 DEBUG heat.engine.service [req-e7e4e1b7-49a1-490a-98c9-f91641675359 - - - - -] Service 4471562c-f637-46f3-9f7c-5edcdacf57ee is updated service_manage_report /usr/lib/python3/dist-packages/heat/engine/service.py:2370
2025-05-05 00:39:56.902 37704 DEBUG heat.engine.service [req-a0084300-3ede-425f-bca8-65975524a8fc - - - - -] Service b56be5c5-0193-417c-9367-a571606c54be is updated service_manage_report /usr/lib/python3/dist-packages/heat/engine/service.py:2370
2025-05-05 00:39:56.904 37705 DEBUG heat.engine.service [req-4b05e294-11ff-4caf-93b7-8ba69b461cc2 - - - - -] Service 4164d07f-3a76-49ef-8078-2703097280b9 is updated service_manage_report /usr/lib/python3/dist-packages/heat/engine/service.py:2370
2025-05-05 00:39:56.931 37702 DEBUG heat.engine.service [req-50c55867-00b2-4dd2-ba7a-c536f4fe3402 - - - - -] Service ee3f8561-ba06-41cd-a371-b715f461d067 is updated service_manage_report /usr/lib/python3/dist-packages/heat/engine/service.py:2370
2025-05-05 00:39:56.950 37703 DEBUG heat.engine.service [req-86775344-ab48-42a1-85e0-5568fed33abb - - - - -] Service 4471562c-f637-46f3-9f7c-5edcdacf57ee is updated service_manage_report /usr/lib/python3/dist-packages/heat/engine/service.py:2370
2025-05-05 00:40:56.894 37704 DEBUG heat.engine.service [req-b28831d8-45ba-4491-8e16-a5fc741e435c - - - - -] Service b56be5c5-0193-417c-9367-a571606c54be is updated service_manage_report /usr/lib/python3/dist-packages/heat/engine/service.py:2370
2025-05-05 00:40:56.908 37705 DEBUG heat.engine.service [req-9c3fb446-15f4-49f0-8ad0-c8062048c97b - - - - -] Service 4164d07f-3a76-49ef-8078-2703097280b9 is updated service_manage_report /usr/lib/python3/dist-packages/heat/engine/service.py:2370
2025-05-05 00:40:56.933 37702 DEBUG heat.engine.service [req-d76d28cb-3ee5-4cb4-bcba-7d522e9decf1 - - - - -] Service ee3f8561-ba06-41cd-a371-b715f461d067 is updated service_manage_report /usr/lib/python3/dist-packages/heat/engine/service.py:2370
2025-05-05 00:40:56.953 37703 DEBUG heat.engine.service [req-4902a65e-9187-4c25-9e8f-e512a3bdf140 - - - - -] Service 4471562c-f637-46f3-9f7c-5edcdacf57ee is updated service_manage_report /usr/lib/python3/dist-packages/heat/engine/service.py:2370
2025-05-05 00:41:56.897 37704 DEBUG heat.engine.service [req-0cb326a4-1617-4a3d-9251-4be1eefe4803 - - - - -] Service b56be5c5-0193-417c-9367-a571606c54be is updated service_manage_report /usr/lib/python3/dist-packages/heat/engine/service.py:2370
2025-05-05 00:41:56.910 37705 DEBUG heat.engine.service [req-99b336b4-eed8-4628-9357-9e1706ad5ae6 - - - - -] Service 4164d07f-3a76-49ef-8078-2703097280b9 is updated service_manage_report /usr/lib/python3/dist-packages/heat/engine/service.py:2370
2025-05-05 00:41:56.937 37702 DEBUG heat.engine.service [req-37ade3f4-aba7-4eb9-8839-378d13a32a43 - - - - -] Service ee3f8561-ba06-41cd-a371-b715f461d067 is updated service_manage_report /usr/lib/python3/dist-packages/heat/engine/service.py:2370
2025-05-05 00:41:56.956 37703 DEBUG heat.engine.service [req-c05ecd94-9ec3-4af8-8286-efec3bc5a0fb - - - - -] Service 4471562c-f637-46f3-9f7c-5edcdacf57ee is updated service_manage_report /usr/lib/python3/dist-packages/heat/engine/service.py:2370
2025-05-05 00:42:56.900 37704 DEBUG heat.engine.service [req-8d75b786-7a58-4f44-bf32-e2acd90d6101 - - - - -] Service b56be5c5-0193-417c-9367-a571606c54be is updated service_manage_report /usr/lib/python3/dist-packages/heat/engine/service.py:2370
2025-05-05 00:42:56.912 37705 DEBUG heat.engine.service [req-666b42e5-a1ee-4925-828e-abee454b2aaf - - - - -] Service 4164d07f-3a76-49ef-8078-2703097280b9 is updated service_manage_report /usr/lib/python3/dist-packages/heat/engine/service.py:2370
2025-05-05 00:42:56.939 37702 DEBUG heat.engine.service [req-2ed1af6d-d3b3-4ab8-923f-0cdecdc79f91 - - - - -] Service ee3f8561-ba06-41cd-a371-b715f461d067 is updated service_manage_report /usr/lib/python3/dist-packages/heat/engine/service.py:2370
2025-05-05 00:42:56.960 37703 DEBUG heat.engine.service [req-7a140f3a-e1c1-4c1c-83b9-f062f5aa9724 - - - - -] Service 4471562c-f637-46f3-9f7c-5edcdacf57ee is updated service_manage_report /usr/lib/python3/dist-packages/heat/engine/service.py:2370
2025-05-05 00:43:56.904 37704 DEBUG heat.engine.service [req-197cbb44-98b3-404e-8d02-c0000c4852c5 - - - - -] Service b56be5c5-0193-417c-9367-a571606c54be is updated service_manage_report /usr/lib/python3/dist-packages/heat/engine/service.py:2370
2025-05-05 00:43:56.916 37705 DEBUG heat.engine.service [req-8ea15837-bbcc-493d-94ad-f749d17d23eb - - - - -] Service 4164d07f-3a76-49ef-8078-2703097280b9 is updated service_manage_report /usr/lib/python3/dist-packages/heat/engine/service.py:2370
2025-05-05 00:43:56.942 37702 DEBUG heat.engine.service [req-5e79246e-9dc6-4bf1-91a5-77400557bd65 - - - - -] Service ee3f8561-ba06-41cd-a371-b715f461d067 is updated service_manage_report /usr/lib/python3/dist-packages/heat/engine/service.py:2370
2025-05-05 00:43:56.962 37703 DEBUG heat.engine.service [req-f81001a6-f3c9-4c97-851c-a37539bacdba - - - - -] Service 4471562c-f637-46f3-9f7c-5edcdacf57ee is updated service_manage_report /usr/lib/python3/dist-packages/heat/engine/service.py:2370
2025-05-05 00:44:56.907 37704 DEBUG heat.engine.service [req-be9ec3d1-ea23-4f62-932e-93f44604ed41 - - - - -] Service b56be5c5-0193-417c-9367-a571606c54be is updated service_manage_report /usr/lib/python3/dist-packages/heat/engine/service.py:2370
2025-05-05 00:44:56.920 37705 DEBUG heat.engine.service [req-5b6a1c3d-38eb-419a-8eb8-c601132918b3 - - - - -] Service 4164d07f-3a76-49ef-8078-2703097280b9 is updated service_manage_report /usr/lib/python3/dist-packages/heat/engine/service.py:2370
2025-05-05 00:44:56.946 37702 DEBUG heat.engine.service [req-788a69fa-0922-42fc-839a-3d0b289dd17d - - - - -] Service ee3f8561-ba06-41cd-a371-b715f461d067 is updated service_manage_report /usr/lib/python3/dist-packages/heat/engine/service.py:2370
2025-05-05 00:44:56.969 37703 DEBUG heat.engine.service [req-d3d9d9e1-2d19-46de-a19a-9d12db506405 - - - - -] Service 4471562c-f637-46f3-9f7c-5edcdacf57ee is updated service_manage_report /usr/lib/python3/dist-packages/heat/engine/service.py:2370
2025-05-05 00:45:56.910 37704 DEBUG heat.engine.service [req-3f2aaf81-f6c2-45d5-9a57-be7301b603e9 - - - - -] Service b56be5c5-0193-417c-9367-a571606c54be is updated service_manage_report /usr/lib/python3/dist-packages/heat/engine/service.py:2370
2025-05-05 00:45:56.922 37705 DEBUG heat.engine.service [req-aa5bf2e5-bfdd-4b98-af01-fb66b215a068 - - - - -] Service 4164d07f-3a76-49ef-8078-2703097280b9 is updated service_manage_report /usr/lib/python3/dist-packages/heat/engine/service.py:2370
2025-05-05 00:45:56.951 37702 DEBUG heat.engine.service [req-5dcb816c-4e8a-48ad-bc2c-63d77b92daae - - - - -] Service ee3f8561-ba06-41cd-a371-b715f461d067 is updated service_manage_report /usr/lib/python3/dist-packages/heat/engine/service.py:2370
2025-05-05 00:45:56.963 37703 DEBUG heat.engine.service [req-490573ec-e6b4-4eb3-bfdb-9e2b9f1e75b5 - - - - -] Service 4471562c-f637-46f3-9f7c-5edcdacf57ee is updated service_manage_report /usr/lib/python3/dist-packages/heat/engine/service.py:2370
2025-05-05 00:46:56.913 37704 DEBUG heat.engine.service [req-f08aea5a-9f2d-4276-8461-1e5529bcdc02 - - - - -] Service b56be5c5-0193-417c-9367-a571606c54be is updated service_manage_report /usr/lib/python3/dist-packages/heat/engine/service.py:2370
2025-05-05 00:46:56.926 37705 DEBUG heat.engine.service [req-35f4d917-d202-40d8-ae37-678e1adde9cc - - - - -] Service 4164d07f-3a76-49ef-8078-2703097280b9 is updated service_manage_report /usr/lib/python3/dist-packages/heat/engine/service.py:2370
2025-05-05 00:46:56.953 37702 DEBUG heat.engine.service [req-c111727f-fa96-4742-9bfd-8547503bf89d - - - - -] Service ee3f8561-ba06-41cd-a371-b715f461d067 is updated service_manage_report /usr/lib/python3/dist-packages/heat/engine/service.py:2370
2025-05-05 00:46:56.966 37703 DEBUG heat.engine.service [req-a0c2e38d-0071-46f3-bbb8-04853b2f0d8c - - - - -] Service 4471562c-f637-46f3-9f7c-5edcdacf57ee is updated service_manage_report /usr/lib/python3/dist-packages/heat/engine/service.py:2370
2025-05-05 00:47:56.917 37704 DEBUG heat.engine.service [req-278e74ad-f390-40cc-8b0a-f9970a1ea4c8 - - - - -] Service b56be5c5-0193-417c-9367-a571606c54be is updated service_manage_report /usr/lib/python3/dist-packages/heat/engine/service.py:2370
2025-05-05 00:47:56.928 37705 DEBUG heat.engine.service [req-a60b97fb-2e6c-4fd4-acb4-0ac72c3da792 - - - - -] Service 4164d07f-3a76-49ef-8078-2703097280b9 is updated service_manage_report /usr/lib/python3/dist-packages/heat/engine/service.py:2370
2025-05-05 00:47:56.956 37702 DEBUG heat.engine.service [req-f4382b6c-4993-4814-9ed3-eef28b75e264 - - - - -] Service ee3f8561-ba06-41cd-a371-b715f461d067 is updated service_manage_report /usr/lib/python3/dist-packages/heat/engine/service.py:2370
2025-05-05 00:47:56.968 37703 DEBUG heat.engine.service [req-e16845bd-f039-4b02-b803-05233f78e899 - - - - -] Service 4471562c-f637-46f3-9f7c-5edcdacf57ee is updated service_manage_report /usr/lib/python3/dist-packages/heat/engine/service.py:2370
2025-05-05 00:48:56.919 37704 DEBUG heat.engine.service [req-5760b1d1-83c3-4194-b998-8dcd0d95b9ca - - - - -] Service b56be5c5-0193-417c-9367-a571606c54be is updated service_manage_report /usr/lib/python3/dist-packages/heat/engine/service.py:2370
2025-05-05 00:48:56.935 37705 DEBUG heat.engine.service [req-aee73e0a-6518-4b95-b5b7-64c196c04d58 - - - - -] Service 4164d07f-3a76-49ef-8078-2703097280b9 is updated service_manage_report /usr/lib/python3/dist-packages/heat/engine/service.py:2370
2025-05-05 00:48:56.955 37702 DEBUG heat.engine.service [req-57bfc180-55f6-4375-a970-20e4168b0153 - - - - -] Service ee3f8561-ba06-41cd-a371-b715f461d067 is updated service_manage_report /usr/lib/python3/dist-packages/heat/engine/service.py:2370
2025-05-05 00:48:56.970 37703 DEBUG heat.engine.service [req-5c2f52f2-be31-4110-a5da-32ac977989b2 - - - - -] Service 4471562c-f637-46f3-9f7c-5edcdacf57ee is updated service_manage_report /usr/lib/python3/dist-packages/heat/engine/service.py:2370
2025-05-05 00:49:56.923 37704 DEBUG heat.engine.service [req-607b6d08-a8e3-4fcf-abf3-1bc8417e5597 - - - - -] Service b56be5c5-0193-417c-9367-a571606c54be is updated service_manage_report /usr/lib/python3/dist-packages/heat/engine/service.py:2370
2025-05-05 00:49:56.930 37705 DEBUG heat.engine.service [req-b8f200d9-f465-4236-9fa9-b31dc947848f - - - - -] Service 4164d07f-3a76-49ef-8078-2703097280b9 is updated service_manage_report /usr/lib/python3/dist-packages/heat/engine/service.py:2370
2025-05-05 00:49:56.958 37702 DEBUG heat.engine.service [req-11710456-64fc-479b-ac37-67ec9c9c150d - - - - -] Service ee3f8561-ba06-41cd-a371-b715f461d067 is updated service_manage_report /usr/lib/python3/dist-packages/heat/engine/service.py:2370
2025-05-05 00:49:56.971 37703 DEBUG heat.engine.service [req-acf23292-3f3e-4ac8-a7cd-be3fbc46d7bb - - - - -] Service 4471562c-f637-46f3-9f7c-5edcdacf57ee is updated service_manage_report /usr/lib/python3/dist-packages/heat/engine/service.py:2370
2025-05-05 00:50:56.926 37704 DEBUG heat.engine.service [req-93d32aad-05df-4023-ac7b-528e3ae069bb - - - - -] Service b56be5c5-0193-417c-9367-a571606c54be is updated service_manage_report /usr/lib/python3/dist-packages/heat/engine/service.py:2370
2025-05-05 00:50:56.935 37705 DEBUG heat.engine.service [req-5a7c762f-684e-48dd-bfb3-103d6990480c - - - - -] Service 4164d07f-3a76-49ef-8078-2703097280b9 is updated service_manage_report /usr/lib/python3/dist-packages/heat/engine/service.py:2370
2025-05-05 00:50:56.961 37702 DEBUG heat.engine.service [req-cd392742-dff5-435c-8686-97a7c7e068b2 - - - - -] Service ee3f8561-ba06-41cd-a371-b715f461d067 is updated service_manage_report /usr/lib/python3/dist-packages/heat/engine/service.py:2370
2025-05-05 00:50:56.974 37703 DEBUG heat.engine.service [req-8713abdb-ef71-490d-a99c-ae256c6a2dfb - - - - -] Service 4471562c-f637-46f3-9f7c-5edcdacf57ee is updated service_manage_report /usr/lib/python3/dist-packages/heat/engine/service.py:2370
2025-05-05 00:51:56.929 37704 DEBUG heat.engine.service [req-51ce478e-53b1-42e3-8fa6-f68b119661f2 - - - - -] Service b56be5c5-0193-417c-9367-a571606c54be is updated service_manage_report /usr/lib/python3/dist-packages/heat/engine/service.py:2370
2025-05-05 00:51:56.936 37705 DEBUG heat.engine.service [req-da04216a-bb73-4622-a031-c1ad5ccca34c - - - - -] Service 4164d07f-3a76-49ef-8078-2703097280b9 is updated service_manage_report /usr/lib/python3/dist-packages/heat/engine/service.py:2370
2025-05-05 00:51:56.964 37702 DEBUG heat.engine.service [req-07bebed8-3c89-4c68-9495-421726526939 - - - - -] Service ee3f8561-ba06-41cd-a371-b715f461d067 is updated service_manage_report /usr/lib/python3/dist-packages/heat/engine/service.py:2370
2025-05-05 00:51:56.976 37703 DEBUG heat.engine.service [req-1b7db13a-2c1d-4547-980e-be69d6a04560 - - - - -] Service 4471562c-f637-46f3-9f7c-5edcdacf57ee is updated service_manage_report /usr/lib/python3/dist-packages/heat/engine/service.py:2370
2025-05-05 00:52:56.931 37704 DEBUG heat.engine.service [req-cfe715c9-6223-417f-8f6c-521ac5f990eb - - - - -] Service b56be5c5-0193-417c-9367-a571606c54be is updated service_manage_report /usr/lib/python3/dist-packages/heat/engine/service.py:2370
2025-05-05 00:52:56.938 37705 DEBUG heat.engine.service [req-7bcdc6e4-0cdf-43aa-a54e-573139cd0879 - - - - -] Service 4164d07f-3a76-49ef-8078-2703097280b9 is updated service_manage_report /usr/lib/python3/dist-packages/heat/engine/service.py:2370
2025-05-05 00:52:56.967 37702 DEBUG heat.engine.service [req-78d166c7-2628-4b7b-baeb-3afdb0076a35 - - - - -] Service ee3f8561-ba06-41cd-a371-b715f461d067 is updated service_manage_report /usr/lib/python3/dist-packages/heat/engine/service.py:2370
2025-05-05 00:52:56.980 37703 DEBUG heat.engine.service [req-9fe77c7a-b676-46d2-a9b7-76d704cd3578 - - - - -] Service 4471562c-f637-46f3-9f7c-5edcdacf57ee is updated service_manage_report /usr/lib/python3/dist-packages/heat/engine/service.py:2370
2025-05-05 00:53:56.936 37704 DEBUG heat.engine.service [req-56981cf5-dc92-4e0c-9935-12495b46607a - - - - -] Service b56be5c5-0193-417c-9367-a571606c54be is updated service_manage_report /usr/lib/python3/dist-packages/heat/engine/service.py:2370
2025-05-05 00:53:56.941 37705 DEBUG heat.engine.service [req-d0e307e7-636f-4e6c-b5c9-3bb96dfd8892 - - - - -] Service 4164d07f-3a76-49ef-8078-2703097280b9 is updated service_manage_report /usr/lib/python3/dist-packages/heat/engine/service.py:2370
2025-05-05 00:53:56.969 37702 DEBUG heat.engine.service [req-2b30e47a-5491-46de-90be-edac69e36f30 - - - - -] Service ee3f8561-ba06-41cd-a371-b715f461d067 is updated service_manage_report /usr/lib/python3/dist-packages/heat/engine/service.py:2370
2025-05-05 00:53:56.981 37703 DEBUG heat.engine.service [req-93e849ec-8c04-46fa-a371-e02e643fb6f4 - - - - -] Service 4471562c-f637-46f3-9f7c-5edcdacf57ee is updated service_manage_report /usr/lib/python3/dist-packages/heat/engine/service.py:2370
2025-05-05 00:54:56.940 37704 DEBUG heat.engine.service [req-2ee21202-79b4-4e11-a34b-840afa8f926c - - - - -] Service b56be5c5-0193-417c-9367-a571606c54be is updated service_manage_report /usr/lib/python3/dist-packages/heat/engine/service.py:2370
2025-05-05 00:54:56.945 37705 DEBUG heat.engine.service [req-07c28383-d803-48e9-bf19-28094b9fe864 - - - - -] Service 4164d07f-3a76-49ef-8078-2703097280b9 is updated service_manage_report /usr/lib/python3/dist-packages/heat/engine/service.py:2370
2025-05-05 00:54:56.971 37702 DEBUG heat.engine.service [req-7da878b8-333c-41ba-967b-eede7140226b - - - - -] Service ee3f8561-ba06-41cd-a371-b715f461d067 is updated service_manage_report /usr/lib/python3/dist-packages/heat/engine/service.py:2370
2025-05-05 00:54:56.983 37703 DEBUG heat.engine.service [req-0412df71-b438-4423-819b-9989f846cafc - - - - -] Service 4471562c-f637-46f3-9f7c-5edcdacf57ee is updated service_manage_report /usr/lib/python3/dist-packages/heat/engine/service.py:2370
2025-05-05 00:55:56.945 37704 DEBUG heat.engine.service [req-fadbad01-c271-4788-82de-68c90324ebbd - - - - -] Service b56be5c5-0193-417c-9367-a571606c54be is updated service_manage_report /usr/lib/python3/dist-packages/heat/engine/service.py:2370
2025-05-05 00:55:56.947 37705 DEBUG heat.engine.service [req-83c2d62f-5404-4083-a429-2c0dfff1844b - - - - -] Service 4164d07f-3a76-49ef-8078-2703097280b9 is updated service_manage_report /usr/lib/python3/dist-packages/heat/engine/service.py:2370
2025-05-05 00:55:56.973 37702 DEBUG heat.engine.service [req-f7e613b7-4cd4-4e8b-a654-acdb85b9cc47 - - - - -] Service ee3f8561-ba06-41cd-a371-b715f461d067 is updated service_manage_report /usr/lib/python3/dist-packages/heat/engine/service.py:2370
2025-05-05 00:55:56.987 37703 DEBUG heat.engine.service [req-1a71194a-8aa9-41c5-8bdd-f2e5befaffe2 - - - - -] Service 4471562c-f637-46f3-9f7c-5edcdacf57ee is updated service_manage_report /usr/lib/python3/dist-packages/heat/engine/service.py:2370
2025-05-05 00:56:56.949 37704 DEBUG heat.engine.service [req-2309b3ea-313d-419c-baf2-a4f40e20a36b - - - - -] Service b56be5c5-0193-417c-9367-a571606c54be is updated service_manage_report /usr/lib/python3/dist-packages/heat/engine/service.py:2370
2025-05-05 00:56:56.951 37705 DEBUG heat.engine.service [req-9f74bda9-da1a-4cb9-869a-d846704167c4 - - - - -] Service 4164d07f-3a76-49ef-8078-2703097280b9 is updated service_manage_report /usr/lib/python3/dist-packages/heat/engine/service.py:2370
2025-05-05 00:56:56.977 37702 DEBUG heat.engine.service [req-1b9efb29-8b78-436e-aa53-b8b78b46f8fb - - - - -] Service ee3f8561-ba06-41cd-a371-b715f461d067 is updated service_manage_report /usr/lib/python3/dist-packages/heat/engine/service.py:2370
2025-05-05 00:56:56.990 37703 DEBUG heat.engine.service [req-559df585-6958-4136-b959-823db2453811 - - - - -] Service 4471562c-f637-46f3-9f7c-5edcdacf57ee is updated service_manage_report /usr/lib/python3/dist-packages/heat/engine/service.py:2370
2025-05-05 00:57:56.952 37704 DEBUG heat.engine.service [req-d474ca99-bb59-454d-b6ba-bc3d0de69495 - - - - -] Service b56be5c5-0193-417c-9367-a571606c54be is updated service_manage_report /usr/lib/python3/dist-packages/heat/engine/service.py:2370
2025-05-05 00:57:56.954 37705 DEBUG heat.engine.service [req-f4fc034d-dc43-4927-87ef-456fba0e222b - - - - -] Service 4164d07f-3a76-49ef-8078-2703097280b9 is updated service_manage_report /usr/lib/python3/dist-packages/heat/engine/service.py:2370
2025-05-05 00:57:56.979 37702 DEBUG heat.engine.service [req-76b2a1b6-ee2f-4aac-b70e-767b3820831c - - - - -] Service ee3f8561-ba06-41cd-a371-b715f461d067 is updated service_manage_report /usr/lib/python3/dist-packages/heat/engine/service.py:2370
2025-05-05 00:57:56.990 37703 DEBUG heat.engine.service [req-11a35f95-9c40-4427-9010-e4c91ba8b597 - - - - -] Service 4471562c-f637-46f3-9f7c-5edcdacf57ee is updated service_manage_report /usr/lib/python3/dist-packages/heat/engine/service.py:2370
2025-05-05 00:58:56.979 37704 DEBUG heat.engine.service [req-de1f5dfd-d821-45a7-903e-b6118657884e - - - - -] Service b56be5c5-0193-417c-9367-a571606c54be is updated service_manage_report /usr/lib/python3/dist-packages/heat/engine/service.py:2370
2025-05-05 00:58:56.980 37705 DEBUG heat.engine.service [req-760b4f88-475a-41fa-8a8e-4628e6e2128c - - - - -] Service 4164d07f-3a76-49ef-8078-2703097280b9 is updated service_manage_report /usr/lib/python3/dist-packages/heat/engine/service.py:2370
2025-05-05 00:58:56.988 37702 DEBUG heat.engine.service [req-c19cdd3b-e2f6-4948-beeb-4fd59ea88a2a - - - - -] Service ee3f8561-ba06-41cd-a371-b715f461d067 is updated service_manage_report /usr/lib/python3/dist-packages/heat/engine/service.py:2370
2025-05-05 00:58:56.992 37703 DEBUG heat.engine.service [req-3f01dc34-3007-4cc1-ae05-4e5162c06b69 - - - - -] Service 4471562c-f637-46f3-9f7c-5edcdacf57ee is updated service_manage_report /usr/lib/python3/dist-packages/heat/engine/service.py:2370
2025-05-05 00:59:56.953 37705 DEBUG heat.engine.service [req-937782fc-d4c4-4061-9827-0658def0854c - - - - -] Service 4164d07f-3a76-49ef-8078-2703097280b9 is updated service_manage_report /usr/lib/python3/dist-packages/heat/engine/service.py:2370
2025-05-05 00:59:56.954 37704 DEBUG heat.engine.service [req-688b5028-8bb5-451e-9ef8-e9a9d84c57e0 - - - - -] Service b56be5c5-0193-417c-9367-a571606c54be is updated service_manage_report /usr/lib/python3/dist-packages/heat/engine/service.py:2370
2025-05-05 00:59:56.981 37702 DEBUG heat.engine.service [req-1780e891-6843-4d52-b2fe-a0c2e21cf45f - - - - -] Service ee3f8561-ba06-41cd-a371-b715f461d067 is updated service_manage_report /usr/lib/python3/dist-packages/heat/engine/service.py:2370
