2025-05-05 01:55:07.221 7 DEBUG oslo_service.service [-] ml2_type_gre.tunnel_id_ranges = [] log_opt_values /var/lib/kolla/venv/lib/python3.6/site-packages/oslo_config/cfg.py:2611
2025-05-05 01:55:07.221 7 DEBUG oslo_service.service [-] ml2_type_vlan.network_vlan_ranges = [] log_opt_values /var/lib/kolla/venv/lib/python3.6/site-packages/oslo_config/cfg.py:2611
2025-05-05 01:55:07.221 7 DEBUG oslo_service.service [-] ml2_type_vxlan.vni_ranges = [] log_opt_values /var/lib/kolla/venv/lib/python3.6/site-packages/oslo_config/cfg.py:2611
2025-05-05 01:55:07.221 7 DEBUG oslo_service.service [-] ml2_type_vxlan.vxlan_group = None log_opt_values /var/lib/kolla/venv/lib/python3.6/site-packages/oslo_config/cfg.py:2611
2025-05-05 01:55:07.221 7 DEBUG oslo_service.service [-] database.backend = sqlalchemy log_opt_values /var/lib/kolla/venv/lib/python3.6/site-packages/oslo_config/cfg.py:2611
2025-05-05 01:55:07.221 7 DEBUG oslo_service.service [-] database.connection = **** log_opt_values /var/lib/kolla/venv/lib/python3.6/site-packages/oslo_config/cfg.py:2611
2025-05-05 01:55:07.221 7 DEBUG oslo_service.service [-] database.connection_debug = 0 log_opt_values /var/lib/kolla/venv/lib/python3.6/site-packages/oslo_config/cfg.py:2611
2025-05-05 01:55:07.221 7 DEBUG oslo_service.service [-] database.connection_parameters = log_opt_values /var/lib/kolla/venv/lib/python3.6/site-packages/oslo_config/cfg.py:2611
2025-05-05 01:55:07.222 7 DEBUG oslo_service.service [-] database.connection_recycle_time = 10 log_opt_values /var/lib/kolla/venv/lib/python3.6/site-packages/oslo_config/cfg.py:2611
2025-05-05 01:55:07.222 7 DEBUG oslo_service.service [-] database.connection_trace = False log_opt_values /var/lib/kolla/venv/lib/python3.6/site-packages/oslo_config/cfg.py:2611
2025-05-05 01:55:07.222 7 DEBUG oslo_service.service [-] database.db_inc_retry_interval = True log_opt_values /var/lib/kolla/venv/lib/python3.6/site-packages/oslo_config/cfg.py:2611
2025-05-05 01:55:07.222 7 DEBUG oslo_service.service [-] database.db_max_retries = 20 log_opt_values /var/lib/kolla/venv/lib/python3.6/site-packages/oslo_config/cfg.py:2611
2025-05-05 01:55:07.222 7 DEBUG oslo_service.service [-] database.db_max_retry_interval = 10 log_opt_values /var/lib/kolla/venv/lib/python3.6/site-packages/oslo_config/cfg.py:2611
2025-05-05 01:55:07.222 7 DEBUG oslo_service.service [-] database.db_retry_interval = 1 log_opt_values /var/lib/kolla/venv/lib/python3.6/site-packages/oslo_config/cfg.py:2611
2025-05-05 01:55:07.222 7 DEBUG oslo_service.service [-] database.max_overflow = 50 log_opt_values /var/lib/kolla/venv/lib/python3.6/site-packages/oslo_config/cfg.py:2611
2025-05-05 01:55:07.222 7 DEBUG oslo_service.service [-] database.max_pool_size = 1 log_opt_values /var/lib/kolla/venv/lib/python3.6/site-packages/oslo_config/cfg.py:2611
2025-05-05 01:55:07.222 7 DEBUG oslo_service.service [-] database.max_retries = -1 log_opt_values /var/lib/kolla/venv/lib/python3.6/site-packages/oslo_config/cfg.py:2611
2025-05-05 01:55:07.222 7 DEBUG oslo_service.service [-] database.mysql_enable_ndb = False log_opt_values /var/lib/kolla/venv/lib/python3.6/site-packages/oslo_config/cfg.py:2611
2025-05-05 01:55:07.222 7 DEBUG oslo_service.service [-] database.mysql_sql_mode = TRADITIONAL log_opt_values /var/lib/kolla/venv/lib/python3.6/site-packages/oslo_config/cfg.py:2611
2025-05-05 01:55:07.222 7 DEBUG oslo_service.service [-] database.pool_timeout = None log_opt_values /var/lib/kolla/venv/lib/python3.6/site-packages/oslo_config/cfg.py:2611
2025-05-05 01:55:07.222 7 DEBUG oslo_service.service [-] database.retry_interval = 10 log_opt_values /var/lib/kolla/venv/lib/python3.6/site-packages/oslo_config/cfg.py:2611
2025-05-05 01:55:07.222 7 DEBUG oslo_service.service [-] database.slave_connection = **** log_opt_values /var/lib/kolla/venv/lib/python3.6/site-packages/oslo_config/cfg.py:2611
2025-05-05 01:55:07.222 7 DEBUG oslo_service.service [-] database.sqlite_synchronous = True log_opt_values /var/lib/kolla/venv/lib/python3.6/site-packages/oslo_config/cfg.py:2611
2025-05-05 01:55:07.222 7 DEBUG oslo_service.service [-] database.use_db_reconnect = False log_opt_values /var/lib/kolla/venv/lib/python3.6/site-packages/oslo_config/cfg.py:2611
2025-05-05 01:55:07.223 7 DEBUG oslo_service.service [-] ******************************************************************************** log_opt_values /var/lib/kolla/venv/lib/python3.6/site-packages/oslo_config/cfg.py:2613
2025-05-05 01:55:08.802 22 DEBUG neutron.wsgi [-] (22) accepted ('10.0.0.56', 42160) server /var/lib/kolla/venv/lib/python3.6/site-packages/eventlet/wsgi.py:1004
2025-05-05 01:55:08.809 22 INFO neutron.wsgi [-] 10.0.0.56 "GET / HTTP/1.1" status: 200 len: 227 time: 0.0055258
2025-05-05 01:55:11.583 24 DEBUG neutron.api.rpc.handlers.dhcp_rpc [req-f9ce1b1a-96e2-42bb-856e-2569784585b8 - - - - -] get_active_networks_info from cn-jenkins-deploy-platform-ansible-os-3265-1 get_active_networks_info /var/lib/kolla/venv/lib/python3.6/site-packages/neutron/api/rpc/handlers/dhcp_rpc.py:159
2025-05-05 01:55:11.612 28 DEBUG neutron_lib.callbacks.manager [req-ca212cf9-5eaa-4190-9694-5eadd0af2ab5 - - - - -] Publish callbacks ['neutron.services.segments.db._update_segment_host_mapping_for_agent-8782683420019', 'neutron.services.l3_router.l3_router_plugin.DVRResourceOperationHandler.create_fip_agent_gw_ports-743427'] for agent (e9a79702-89b2-434a-947f-1d8467dc3cb7), after_create _notify_loop /var/lib/kolla/venv/lib/python3.6/site-packages/neutron_lib/callbacks/manager.py:177
2025-05-05 01:55:11.623 24 DEBUG neutron.scheduler.dhcp_agent_scheduler [req-f9ce1b1a-96e2-42bb-856e-2569784585b8 - - - - -] No non-hosted networks auto_schedule_networks /var/lib/kolla/venv/lib/python3.6/site-packages/neutron/scheduler/dhcp_agent_scheduler.py:60
2025-05-05 01:55:31.486 24 DEBUG neutron_lib.callbacks.manager [req-4c9d8263-26c8-4852-93c1-e14221037530 - - - - -] Publish callbacks ['neutron.services.segments.db._update_segment_host_mapping_for_agent-8782683420019', 'neutron.services.l3_router.l3_router_plugin.DVRResourceOperationHandler.create_fip_agent_gw_ports-743427'] for agent (e8ac76bd-45b1-406e-8344-0de6e01cdbd8), after_create _notify_loop /var/lib/kolla/venv/lib/python3.6/site-packages/neutron_lib/callbacks/manager.py:177
2025-05-05 01:55:38.856 22 DEBUG neutron.wsgi [-] (22) accepted ('10.0.0.56', 52872) server /var/lib/kolla/venv/lib/python3.6/site-packages/eventlet/wsgi.py:1004
2025-05-05 01:55:38.859 22 INFO neutron.wsgi [-] 10.0.0.56 "GET / HTTP/1.1" status: 200 len: 227 time: 0.0031140
2025-05-05 01:55:41.604 26 DEBUG neutron_lib.callbacks.manager [req-cfb26ffa-57d4-4633-a538-7fb218283ce8 - - - - -] Publish callbacks ['neutron.services.segments.db._update_segment_host_mapping_for_agent-8782683420019', 'neutron.plugins.ml2.plugin.Ml2Plugin._retry_binding_revived_agents-8135381'] for agent (e9a79702-89b2-434a-947f-1d8467dc3cb7), after_update _notify_loop /var/lib/kolla/venv/lib/python3.6/site-packages/neutron_lib/callbacks/manager.py:177
2025-05-05 01:55:46.182 29 DEBUG neutron.db.agents_db [req-1f20c3b5-45a2-450a-8caa-f6c47d2a6f58 - - - - -] Agent healthcheck: found 2 active agents agent_health_check /var/lib/kolla/venv/lib/python3.6/site-packages/neutron/db/agents_db.py:318
2025-05-05 01:56:01.476 27 DEBUG neutron_lib.callbacks.manager [req-4c9d8263-26c8-4852-93c1-e14221037530 - - - - -] Publish callbacks ['neutron.services.segments.db._update_segment_host_mapping_for_agent-8782683420019', 'neutron.plugins.ml2.plugin.Ml2Plugin._retry_binding_revived_agents-8135381'] for agent (e8ac76bd-45b1-406e-8344-0de6e01cdbd8), after_update _notify_loop /var/lib/kolla/venv/lib/python3.6/site-packages/neutron_lib/callbacks/manager.py:177
2025-05-05 01:56:08.906 22 DEBUG neutron.wsgi [-] (22) accepted ('10.0.0.56', 40776) server /var/lib/kolla/venv/lib/python3.6/site-packages/eventlet/wsgi.py:1004
2025-05-05 01:56:08.910 22 INFO neutron.wsgi [-] 10.0.0.56 "GET / HTTP/1.1" status: 200 len: 227 time: 0.0035520
2025-05-05 01:56:11.603 23 DEBUG neutron_lib.callbacks.manager [req-bf87def6-9d4c-43cc-80e2-8d683a928584 - - - - -] Publish callbacks ['neutron.services.segments.db._update_segment_host_mapping_for_agent-8782683420019', 'neutron.plugins.ml2.plugin.Ml2Plugin._retry_binding_revived_agents-8135381'] for agent (e9a79702-89b2-434a-947f-1d8467dc3cb7), after_update _notify_loop /var/lib/kolla/venv/lib/python3.6/site-packages/neutron_lib/callbacks/manager.py:177
2025-05-05 01:56:23.169 29 DEBUG neutron.db.agents_db [req-1f20c3b5-45a2-450a-8caa-f6c47d2a6f58 - - - - -] Agent healthcheck: found 2 active agents agent_health_check /var/lib/kolla/venv/lib/python3.6/site-packages/neutron/db/agents_db.py:318
2025-05-05 01:56:31.485 25 DEBUG neutron_lib.callbacks.manager [req-4c9d8263-26c8-4852-93c1-e14221037530 - - - - -] Publish callbacks ['neutron.services.segments.db._update_segment_host_mapping_for_agent-8782683420019', 'neutron.plugins.ml2.plugin.Ml2Plugin._retry_binding_revived_agents-8135381'] for agent (e8ac76bd-45b1-406e-8344-0de6e01cdbd8), after_update _notify_loop /var/lib/kolla/venv/lib/python3.6/site-packages/neutron_lib/callbacks/manager.py:177
2025-05-05 01:56:38.956 22 DEBUG neutron.wsgi [-] (22) accepted ('10.0.0.56', 40716) server /var/lib/kolla/venv/lib/python3.6/site-packages/eventlet/wsgi.py:1004
2025-05-05 01:56:38.960 22 INFO neutron.wsgi [-] 10.0.0.56 "GET / HTTP/1.1" status: 200 len: 227 time: 0.0030608
2025-05-05 01:56:41.591 28 DEBUG neutron_lib.callbacks.manager [req-33c55053-1390-410f-9a4d-f04b0d9930c8 - - - - -] Publish callbacks ['neutron.services.segments.db._update_segment_host_mapping_for_agent-8782683420019', 'neutron.plugins.ml2.plugin.Ml2Plugin._retry_binding_revived_agents-8135381'] for agent (e9a79702-89b2-434a-947f-1d8467dc3cb7), after_update _notify_loop /var/lib/kolla/venv/lib/python3.6/site-packages/neutron_lib/callbacks/manager.py:177
2025-05-05 01:57:00.177 29 DEBUG neutron.db.agents_db [req-1f20c3b5-45a2-450a-8caa-f6c47d2a6f58 - - - - -] Agent healthcheck: found 2 active agents agent_health_check /var/lib/kolla/venv/lib/python3.6/site-packages/neutron/db/agents_db.py:318
2025-05-05 01:57:01.473 24 DEBUG neutron_lib.callbacks.manager [req-4c9d8263-26c8-4852-93c1-e14221037530 - - - - -] Publish callbacks ['neutron.services.segments.db._update_segment_host_mapping_for_agent-8782683420019', 'neutron.plugins.ml2.plugin.Ml2Plugin._retry_binding_revived_agents-8135381'] for agent (e8ac76bd-45b1-406e-8344-0de6e01cdbd8), after_update _notify_loop /var/lib/kolla/venv/lib/python3.6/site-packages/neutron_lib/callbacks/manager.py:177
2025-05-05 01:57:09.004 22 DEBUG neutron.wsgi [-] (22) accepted ('10.0.0.56', 38124) server /var/lib/kolla/venv/lib/python3.6/site-packages/eventlet/wsgi.py:1004
2025-05-05 01:57:09.008 22 INFO neutron.wsgi [-] 10.0.0.56 "GET / HTTP/1.1" status: 200 len: 227 time: 0.0026958
2025-05-05 01:57:11.586 26 DEBUG neutron_lib.callbacks.manager [req-e26682be-0517-40eb-95f2-baaa006fc9bd - - - - -] Publish callbacks ['neutron.services.segments.db._update_segment_host_mapping_for_agent-8782683420019', 'neutron.plugins.ml2.plugin.Ml2Plugin._retry_binding_revived_agents-8135381'] for agent (e9a79702-89b2-434a-947f-1d8467dc3cb7), after_update _notify_loop /var/lib/kolla/venv/lib/python3.6/site-packages/neutron_lib/callbacks/manager.py:177
2025-05-05 01:57:31.472 27 DEBUG neutron_lib.callbacks.manager [req-4c9d8263-26c8-4852-93c1-e14221037530 - - - - -] Publish callbacks ['neutron.services.segments.db._update_segment_host_mapping_for_agent-8782683420019', 'neutron.plugins.ml2.plugin.Ml2Plugin._retry_binding_revived_agents-8135381'] for agent (e8ac76bd-45b1-406e-8344-0de6e01cdbd8), after_update _notify_loop /var/lib/kolla/venv/lib/python3.6/site-packages/neutron_lib/callbacks/manager.py:177
2025-05-05 01:57:37.173 29 DEBUG neutron.db.agents_db [req-1f20c3b5-45a2-450a-8caa-f6c47d2a6f58 - - - - -] Agent healthcheck: found 2 active agents agent_health_check /var/lib/kolla/venv/lib/python3.6/site-packages/neutron/db/agents_db.py:318
2025-05-05 01:57:39.053 22 DEBUG neutron.wsgi [-] (22) accepted ('10.0.0.56', 47382) server /var/lib/kolla/venv/lib/python3.6/site-packages/eventlet/wsgi.py:1004
2025-05-05 01:57:39.057 22 INFO neutron.wsgi [-] 10.0.0.56 "GET / HTTP/1.1" status: 200 len: 227 time: 0.0032554
2025-05-05 01:57:41.583 23 DEBUG neutron_lib.callbacks.manager [req-c0f83591-706a-4c41-8d5c-18e95ba6f688 - - - - -] Publish callbacks ['neutron.services.segments.db._update_segment_host_mapping_for_agent-8782683420019', 'neutron.plugins.ml2.plugin.Ml2Plugin._retry_binding_revived_agents-8135381'] for agent (e9a79702-89b2-434a-947f-1d8467dc3cb7), after_update _notify_loop /var/lib/kolla/venv/lib/python3.6/site-packages/neutron_lib/callbacks/manager.py:177
2025-05-05 01:58:01.473 25 DEBUG neutron_lib.callbacks.manager [req-4c9d8263-26c8-4852-93c1-e14221037530 - - - - -] Publish callbacks ['neutron.services.segments.db._update_segment_host_mapping_for_agent-8782683420019', 'neutron.plugins.ml2.plugin.Ml2Plugin._retry_binding_revived_agents-8135381'] for agent (e8ac76bd-45b1-406e-8344-0de6e01cdbd8), after_update _notify_loop /var/lib/kolla/venv/lib/python3.6/site-packages/neutron_lib/callbacks/manager.py:177
2025-05-05 01:58:09.103 22 DEBUG neutron.wsgi [-] (22) accepted ('10.0.0.56', 33444) server /var/lib/kolla/venv/lib/python3.6/site-packages/eventlet/wsgi.py:1004
2025-05-05 01:58:09.107 22 INFO neutron.wsgi [-] 10.0.0.56 "GET / HTTP/1.1" status: 200 len: 227 time: 0.0027173
2025-05-05 01:58:11.579 28 DEBUG neutron_lib.callbacks.manager [req-27c2061e-6be6-4a7e-870e-e60c94cd8dee - - - - -] Publish callbacks ['neutron.services.segments.db._update_segment_host_mapping_for_agent-8782683420019', 'neutron.plugins.ml2.plugin.Ml2Plugin._retry_binding_revived_agents-8135381'] for agent (e9a79702-89b2-434a-947f-1d8467dc3cb7), after_update _notify_loop /var/lib/kolla/venv/lib/python3.6/site-packages/neutron_lib/callbacks/manager.py:177
2025-05-05 01:58:14.171 29 DEBUG neutron.db.agents_db [req-1f20c3b5-45a2-450a-8caa-f6c47d2a6f58 - - - - -] Agent healthcheck: found 2 active agents agent_health_check /var/lib/kolla/venv/lib/python3.6/site-packages/neutron/db/agents_db.py:318
2025-05-05 01:58:31.474 24 DEBUG neutron_lib.callbacks.manager [req-4c9d8263-26c8-4852-93c1-e14221037530 - - - - -] Publish callbacks ['neutron.services.segments.db._update_segment_host_mapping_for_agent-8782683420019', 'neutron.plugins.ml2.plugin.Ml2Plugin._retry_binding_revived_agents-8135381'] for agent (e8ac76bd-45b1-406e-8344-0de6e01cdbd8), after_update _notify_loop /var/lib/kolla/venv/lib/python3.6/site-packages/neutron_lib/callbacks/manager.py:177
2025-05-05 01:58:39.156 22 DEBUG neutron.wsgi [-] (22) accepted ('10.0.0.56', 38036) server /var/lib/kolla/venv/lib/python3.6/site-packages/eventlet/wsgi.py:1004
2025-05-05 01:58:39.176 22 INFO neutron.wsgi [-] 10.0.0.56 "GET / HTTP/1.1" status: 200 len: 227 time: 0.0198143
2025-05-05 01:58:41.588 26 DEBUG neutron_lib.callbacks.manager [req-4a1fc544-8ead-4998-92e3-eee39fd154c3 - - - - -] Publish callbacks ['neutron.services.segments.db._update_segment_host_mapping_for_agent-8782683420019', 'neutron.plugins.ml2.plugin.Ml2Plugin._retry_binding_revived_agents-8135381'] for agent (e9a79702-89b2-434a-947f-1d8467dc3cb7), after_update _notify_loop /var/lib/kolla/venv/lib/python3.6/site-packages/neutron_lib/callbacks/manager.py:177
2025-05-05 01:58:51.180 29 DEBUG neutron.db.agents_db [req-1f20c3b5-45a2-450a-8caa-f6c47d2a6f58 - - - - -] Agent healthcheck: found 2 active agents agent_health_check /var/lib/kolla/venv/lib/python3.6/site-packages/neutron/db/agents_db.py:318
2025-05-05 01:59:01.476 27 DEBUG neutron_lib.callbacks.manager [req-4c9d8263-26c8-4852-93c1-e14221037530 - - - - -] Publish callbacks ['neutron.services.segments.db._update_segment_host_mapping_for_agent-8782683420019', 'neutron.plugins.ml2.plugin.Ml2Plugin._retry_binding_revived_agents-8135381'] for agent (e8ac76bd-45b1-406e-8344-0de6e01cdbd8), after_update _notify_loop /var/lib/kolla/venv/lib/python3.6/site-packages/neutron_lib/callbacks/manager.py:177
2025-05-05 01:59:09.221 22 DEBUG neutron.wsgi [-] (22) accepted ('10.0.0.56', 37076) server /var/lib/kolla/venv/lib/python3.6/site-packages/eventlet/wsgi.py:1004
2025-05-05 01:59:09.224 22 INFO neutron.wsgi [-] 10.0.0.56 "GET / HTTP/1.1" status: 200 len: 227 time: 0.0027010
2025-05-05 01:59:11.583 23 DEBUG neutron_lib.callbacks.manager [req-9324b2fd-51ed-4577-bdbe-de9e9f463b61 - - - - -] Publish callbacks ['neutron.services.segments.db._update_segment_host_mapping_for_agent-8782683420019', 'neutron.plugins.ml2.plugin.Ml2Plugin._retry_binding_revived_agents-8135381'] for agent (e9a79702-89b2-434a-947f-1d8467dc3cb7), after_update _notify_loop /var/lib/kolla/venv/lib/python3.6/site-packages/neutron_lib/callbacks/manager.py:177
2025-05-05 01:59:28.177 29 DEBUG neutron.db.agents_db [req-1f20c3b5-45a2-450a-8caa-f6c47d2a6f58 - - - - -] Agent healthcheck: found 2 active agents agent_health_check /var/lib/kolla/venv/lib/python3.6/site-packages/neutron/db/agents_db.py:318
2025-05-05 01:59:31.481 25 DEBUG neutron_lib.callbacks.manager [req-4c9d8263-26c8-4852-93c1-e14221037530 - - - - -] Publish callbacks ['neutron.services.segments.db._update_segment_host_mapping_for_agent-8782683420019', 'neutron.plugins.ml2.plugin.Ml2Plugin._retry_binding_revived_agents-8135381'] for agent (e8ac76bd-45b1-406e-8344-0de6e01cdbd8), after_update _notify_loop /var/lib/kolla/venv/lib/python3.6/site-packages/neutron_lib/callbacks/manager.py:177
2025-05-05 01:59:39.271 22 DEBUG neutron.wsgi [-] (22) accepted ('10.0.0.56', 42564) server /var/lib/kolla/venv/lib/python3.6/site-packages/eventlet/wsgi.py:1004
2025-05-05 01:59:39.276 22 INFO neutron.wsgi [-] 10.0.0.56 "GET / HTTP/1.1" status: 200 len: 227 time: 0.0044959
2025-05-05 01:59:41.588 28 DEBUG neutron_lib.callbacks.manager [req-1b97f0f0-d948-47b0-b83f-940d42db9c80 - - - - -] Publish callbacks ['neutron.services.segments.db._update_segment_host_mapping_for_agent-8782683420019', 'neutron.plugins.ml2.plugin.Ml2Plugin._retry_binding_revived_agents-8135381'] for agent (e9a79702-89b2-434a-947f-1d8467dc3cb7), after_update _notify_loop /var/lib/kolla/venv/lib/python3.6/site-packages/neutron_lib/callbacks/manager.py:177
2025-05-05 02:00:01.483 24 DEBUG neutron_lib.callbacks.manager [req-4c9d8263-26c8-4852-93c1-e14221037530 - - - - -] Publish callbacks ['neutron.services.segments.db._update_segment_host_mapping_for_agent-8782683420019', 'neutron.plugins.ml2.plugin.Ml2Plugin._retry_binding_revived_agents-8135381'] for agent (e8ac76bd-45b1-406e-8344-0de6e01cdbd8), after_update _notify_loop /var/lib/kolla/venv/lib/python3.6/site-packages/neutron_lib/callbacks/manager.py:177
2025-05-05 02:00:05.184 29 DEBUG neutron.db.agents_db [req-1f20c3b5-45a2-450a-8caa-f6c47d2a6f58 - - - - -] Agent healthcheck: found 2 active agents agent_health_check /var/lib/kolla/venv/lib/python3.6/site-packages/neutron/db/agents_db.py:318
2025-05-05 02:00:09.338 22 DEBUG neutron.wsgi [-] (22) accepted ('10.0.0.56', 34502) server /var/lib/kolla/venv/lib/python3.6/site-packages/eventlet/wsgi.py:1004
2025-05-05 02:00:09.342 22 INFO neutron.wsgi [-] 10.0.0.56 "GET / HTTP/1.1" status: 200 len: 227 time: 0.0036049
2025-05-05 02:00:11.596 26 DEBUG neutron_lib.callbacks.manager [req-b340fda7-0400-4d9c-80fe-922af5822998 - - - - -] Publish callbacks ['neutron.services.segments.db._update_segment_host_mapping_for_agent-8782683420019', 'neutron.plugins.ml2.plugin.Ml2Plugin._retry_binding_revived_agents-8135381'] for agent (e9a79702-89b2-434a-947f-1d8467dc3cb7), after_update _notify_loop /var/lib/kolla/venv/lib/python3.6/site-packages/neutron_lib/callbacks/manager.py:177
2025-05-05 02:00:31.484 27 DEBUG neutron_lib.callbacks.manager [req-4c9d8263-26c8-4852-93c1-e14221037530 - - - - -] Publish callbacks ['neutron.services.segments.db._update_segment_host_mapping_for_agent-8782683420019', 'neutron.plugins.ml2.plugin.Ml2Plugin._retry_binding_revived_agents-8135381'] for agent (e8ac76bd-45b1-406e-8344-0de6e01cdbd8), after_update _notify_loop /var/lib/kolla/venv/lib/python3.6/site-packages/neutron_lib/callbacks/manager.py:177
2025-05-05 02:00:39.389 22 DEBUG neutron.wsgi [-] (22) accepted ('10.0.0.56', 38712) server /var/lib/kolla/venv/lib/python3.6/site-packages/eventlet/wsgi.py:1004
2025-05-05 02:00:39.392 22 INFO neutron.wsgi [-] 10.0.0.56 "GET / HTTP/1.1" status: 200 len: 227 time: 0.0026402
2025-05-05 02:00:41.593 23 DEBUG neutron_lib.callbacks.manager [req-b984288c-9ebc-4a07-97de-f2fb976f0889 - - - - -] Publish callbacks ['neutron.services.segments.db._update_segment_host_mapping_for_agent-8782683420019', 'neutron.plugins.ml2.plugin.Ml2Plugin._retry_binding_revived_agents-8135381'] for agent (e9a79702-89b2-434a-947f-1d8467dc3cb7), after_update _notify_loop /var/lib/kolla/venv/lib/python3.6/site-packages/neutron_lib/callbacks/manager.py:177
2025-05-05 02:00:42.181 29 DEBUG neutron.db.agents_db [req-1f20c3b5-45a2-450a-8caa-f6c47d2a6f58 - - - - -] Agent healthcheck: found 2 active agents agent_health_check /var/lib/kolla/venv/lib/python3.6/site-packages/neutron/db/agents_db.py:318
2025-05-05 02:01:01.488 25 DEBUG neutron_lib.callbacks.manager [req-4c9d8263-26c8-4852-93c1-e14221037530 - - - - -] Publish callbacks ['neutron.services.segments.db._update_segment_host_mapping_for_agent-8782683420019', 'neutron.plugins.ml2.plugin.Ml2Plugin._retry_binding_revived_agents-8135381'] for agent (e8ac76bd-45b1-406e-8344-0de6e01cdbd8), after_update _notify_loop /var/lib/kolla/venv/lib/python3.6/site-packages/neutron_lib/callbacks/manager.py:177
2025-05-05 02:01:09.436 22 DEBUG neutron.wsgi [-] (22) accepted ('10.0.0.56', 44274) server /var/lib/kolla/venv/lib/python3.6/site-packages/eventlet/wsgi.py:1004
2025-05-05 02:01:09.440 22 INFO neutron.wsgi [-] 10.0.0.56 "GET / HTTP/1.1" status: 200 len: 227 time: 0.0027778
2025-05-05 02:01:11.596 28 DEBUG neutron_lib.callbacks.manager [req-bf112dd2-f4fe-4c2e-818f-4fcbcf3ec622 - - - - -] Publish callbacks ['neutron.services.segments.db._update_segment_host_mapping_for_agent-8782683420019', 'neutron.plugins.ml2.plugin.Ml2Plugin._retry_binding_revived_agents-8135381'] for agent (e9a79702-89b2-434a-947f-1d8467dc3cb7), after_update _notify_loop /var/lib/kolla/venv/lib/python3.6/site-packages/neutron_lib/callbacks/manager.py:177
2025-05-05 02:01:19.179 29 DEBUG neutron.db.agents_db [req-1f20c3b5-45a2-450a-8caa-f6c47d2a6f58 - - - - -] Agent healthcheck: found 2 active agents agent_health_check /var/lib/kolla/venv/lib/python3.6/site-packages/neutron/db/agents_db.py:318
2025-05-05 02:01:31.489 24 DEBUG neutron_lib.callbacks.manager [req-4c9d8263-26c8-4852-93c1-e14221037530 - - - - -] Publish callbacks ['neutron.services.segments.db._update_segment_host_mapping_for_agent-8782683420019', 'neutron.plugins.ml2.plugin.Ml2Plugin._retry_binding_revived_agents-8135381'] for agent (e8ac76bd-45b1-406e-8344-0de6e01cdbd8), after_update _notify_loop /var/lib/kolla/venv/lib/python3.6/site-packages/neutron_lib/callbacks/manager.py:177
2025-05-05 02:01:39.486 22 DEBUG neutron.wsgi [-] (22) accepted ('10.0.0.56', 57938) server /var/lib/kolla/venv/lib/python3.6/site-packages/eventlet/wsgi.py:1004
2025-05-05 02:01:39.491 22 INFO neutron.wsgi [-] 10.0.0.56 "GET / HTTP/1.1" status: 200 len: 227 time: 0.0039282
2025-05-05 02:01:41.592 26 DEBUG neutron_lib.callbacks.manager [req-2c9af5bb-221d-466b-ab77-60beb61b40f5 - - - - -] Publish callbacks ['neutron.services.segments.db._update_segment_host_mapping_for_agent-8782683420019', 'neutron.plugins.ml2.plugin.Ml2Plugin._retry_binding_revived_agents-8135381'] for agent (e9a79702-89b2-434a-947f-1d8467dc3cb7), after_update _notify_loop /var/lib/kolla/venv/lib/python3.6/site-packages/neutron_lib/callbacks/manager.py:177
2025-05-05 02:01:56.176 29 DEBUG neutron.db.agents_db [req-1f20c3b5-45a2-450a-8caa-f6c47d2a6f58 - - - - -] Agent healthcheck: found 2 active agents agent_health_check /var/lib/kolla/venv/lib/python3.6/site-packages/neutron/db/agents_db.py:318
2025-05-05 02:02:01.492 27 DEBUG neutron_lib.callbacks.manager [req-4c9d8263-26c8-4852-93c1-e14221037530 - - - - -] Publish callbacks ['neutron.services.segments.db._update_segment_host_mapping_for_agent-8782683420019', 'neutron.plugins.ml2.plugin.Ml2Plugin._retry_binding_revived_agents-8135381'] for agent (e8ac76bd-45b1-406e-8344-0de6e01cdbd8), after_update _notify_loop /var/lib/kolla/venv/lib/python3.6/site-packages/neutron_lib/callbacks/manager.py:177
2025-05-05 02:02:09.536 22 DEBUG neutron.wsgi [-] (22) accepted ('10.0.0.56', 41118) server /var/lib/kolla/venv/lib/python3.6/site-packages/eventlet/wsgi.py:1004
2025-05-05 02:02:09.540 22 INFO neutron.wsgi [-] 10.0.0.56 "GET / HTTP/1.1" status: 200 len: 227 time: 0.0030837
2025-05-05 02:02:11.587 23 DEBUG neutron_lib.callbacks.manager [req-595c4363-3764-4783-8772-c0ef20189cf2 - - - - -] Publish callbacks ['neutron.services.segments.db._update_segment_host_mapping_for_agent-8782683420019', 'neutron.plugins.ml2.plugin.Ml2Plugin._retry_binding_revived_agents-8135381'] for agent (e9a79702-89b2-434a-947f-1d8467dc3cb7), after_update _notify_loop /var/lib/kolla/venv/lib/python3.6/site-packages/neutron_lib/callbacks/manager.py:177
2025-05-05 02:02:31.493 25 DEBUG neutron_lib.callbacks.manager [req-4c9d8263-26c8-4852-93c1-e14221037530 - - - - -] Publish callbacks ['neutron.services.segments.db._update_segment_host_mapping_for_agent-8782683420019', 'neutron.plugins.ml2.plugin.Ml2Plugin._retry_binding_revived_agents-8135381'] for agent (e8ac76bd-45b1-406e-8344-0de6e01cdbd8), after_update _notify_loop /var/lib/kolla/venv/lib/python3.6/site-packages/neutron_lib/callbacks/manager.py:177
2025-05-05 02:02:33.172 29 DEBUG neutron.db.agents_db [req-1f20c3b5-45a2-450a-8caa-f6c47d2a6f58 - - - - -] Agent healthcheck: found 2 active agents agent_health_check /var/lib/kolla/venv/lib/python3.6/site-packages/neutron/db/agents_db.py:318
2025-05-05 02:02:39.589 22 DEBUG neutron.wsgi [-] (22) accepted ('10.0.0.56', 57234) server /var/lib/kolla/venv/lib/python3.6/site-packages/eventlet/wsgi.py:1004
2025-05-05 02:02:39.592 22 INFO neutron.wsgi [-] 10.0.0.56 "GET / HTTP/1.1" status: 200 len: 227 time: 0.0027726
2025-05-05 02:02:41.593 28 DEBUG neutron_lib.callbacks.manager [req-c4a9f972-70fd-4911-999d-89b7bf5e7861 - - - - -] Publish callbacks ['neutron.services.segments.db._update_segment_host_mapping_for_agent-8782683420019', 'neutron.plugins.ml2.plugin.Ml2Plugin._retry_binding_revived_agents-8135381'] for agent (e9a79702-89b2-434a-947f-1d8467dc3cb7), after_update _notify_loop /var/lib/kolla/venv/lib/python3.6/site-packages/neutron_lib/callbacks/manager.py:177
2025-05-05 02:03:01.496 24 DEBUG neutron_lib.callbacks.manager [req-4c9d8263-26c8-4852-93c1-e14221037530 - - - - -] Publish callbacks ['neutron.services.segments.db._update_segment_host_mapping_for_agent-8782683420019', 'neutron.plugins.ml2.plugin.Ml2Plugin._retry_binding_revived_agents-8135381'] for agent (e8ac76bd-45b1-406e-8344-0de6e01cdbd8), after_update _notify_loop /var/lib/kolla/venv/lib/python3.6/site-packages/neutron_lib/callbacks/manager.py:177
2025-05-05 02:03:09.640 22 DEBUG neutron.wsgi [-] (22) accepted ('10.0.0.56', 52290) server /var/lib/kolla/venv/lib/python3.6/site-packages/eventlet/wsgi.py:1004
2025-05-05 02:03:09.644 22 INFO neutron.wsgi [-] 10.0.0.56 "GET / HTTP/1.1" status: 200 len: 227 time: 0.0028079
2025-05-05 02:03:10.179 29 DEBUG neutron.db.agents_db [req-1f20c3b5-45a2-450a-8caa-f6c47d2a6f58 - - - - -] Agent healthcheck: found 2 active agents agent_health_check /var/lib/kolla/venv/lib/python3.6/site-packages/neutron/db/agents_db.py:318
2025-05-05 02:03:11.589 26 DEBUG neutron_lib.callbacks.manager [req-7e4d7fe6-66d0-42ec-99a2-36b6c53c30c8 - - - - -] Publish callbacks ['neutron.services.segments.db._update_segment_host_mapping_for_agent-8782683420019', 'neutron.plugins.ml2.plugin.Ml2Plugin._retry_binding_revived_agents-8135381'] for agent (e9a79702-89b2-434a-947f-1d8467dc3cb7), after_update _notify_loop /var/lib/kolla/venv/lib/python3.6/site-packages/neutron_lib/callbacks/manager.py:177
2025-05-05 02:03:31.503 27 DEBUG neutron_lib.callbacks.manager [req-4c9d8263-26c8-4852-93c1-e14221037530 - - - - -] Publish callbacks ['neutron.services.segments.db._update_segment_host_mapping_for_agent-8782683420019', 'neutron.plugins.ml2.plugin.Ml2Plugin._retry_binding_revived_agents-8135381'] for agent (e8ac76bd-45b1-406e-8344-0de6e01cdbd8), after_update _notify_loop /var/lib/kolla/venv/lib/python3.6/site-packages/neutron_lib/callbacks/manager.py:177
2025-05-05 02:03:39.699 22 DEBUG neutron.wsgi [-] (22) accepted ('10.0.0.56', 59306) server /var/lib/kolla/venv/lib/python3.6/site-packages/eventlet/wsgi.py:1004
2025-05-05 02:03:39.703 22 INFO neutron.wsgi [-] 10.0.0.56 "GET / HTTP/1.1" status: 200 len: 227 time: 0.0026314
2025-05-05 02:03:41.585 23 DEBUG neutron_lib.callbacks.manager [req-c1bee882-68b3-482f-884b-0523b3856f5b - - - - -] Publish callbacks ['neutron.services.segments.db._update_segment_host_mapping_for_agent-8782683420019', 'neutron.plugins.ml2.plugin.Ml2Plugin._retry_binding_revived_agents-8135381'] for agent (e9a79702-89b2-434a-947f-1d8467dc3cb7), after_update _notify_loop /var/lib/kolla/venv/lib/python3.6/site-packages/neutron_lib/callbacks/manager.py:177
2025-05-05 02:03:47.189 29 DEBUG neutron.db.agents_db [req-1f20c3b5-45a2-450a-8caa-f6c47d2a6f58 - - - - -] Agent healthcheck: found 2 active agents agent_health_check /var/lib/kolla/venv/lib/python3.6/site-packages/neutron/db/agents_db.py:318
2025-05-05 02:03:47.367 7 INFO oslo_service.service [-] Caught SIGTERM, stopping children
2025-05-05 02:03:47.368 7 DEBUG oslo_concurrency.lockutils [-] Acquired lock "singleton_lock" lock /var/lib/kolla/venv/lib/python3.6/site-packages/oslo_concurrency/lockutils.py:294
2025-05-05 02:03:47.368 7 DEBUG oslo_concurrency.lockutils [-] Releasing lock "singleton_lock" lock /var/lib/kolla/venv/lib/python3.6/site-packages/oslo_concurrency/lockutils.py:312
2025-05-05 02:03:47.368 7 DEBUG oslo_service.service [-] Stop services. stop /var/lib/kolla/venv/lib/python3.6/site-packages/oslo_service/service.py:695
2025-05-05 02:03:47.368 7 DEBUG neutron.service [-] calling RpcWorker stop() stop /var/lib/kolla/venv/lib/python3.6/site-packages/neutron/service.py:138
2025-05-05 02:03:47.368 7 DEBUG neutron.service [-] calling RpcWorker stop() stop /var/lib/kolla/venv/lib/python3.6/site-packages/neutron/service.py:138
2025-05-05 02:03:47.368 7 DEBUG oslo_service.service [-] Killing children. stop /var/lib/kolla/venv/lib/python3.6/site-packages/oslo_service/service.py:700
2025-05-05 02:03:47.369 7 INFO oslo_service.service [-] Waiting on 8 children to exit
2025-05-05 02:03:47.369 22 INFO neutron.wsgi [-] (22) wsgi exited, is_accepting=True
2025-05-05 02:03:47.369 25 DEBUG neutron.service [-] calling RpcWorker stop() stop /var/lib/kolla/venv/lib/python3.6/site-packages/neutron/service.py:138
2025-05-05 02:03:47.370 22 DEBUG oslo_concurrency.lockutils [req-6fe195ad-1bf2-4a6b-b8f2-895301c3a69a - - - - -] Acquired lock "singleton_lock" lock /var/lib/kolla/venv/lib/python3.6/site-packages/oslo_concurrency/lockutils.py:294
2025-05-05 02:03:47.370 26 DEBUG neutron.service [-] calling RpcWorker stop() stop /var/lib/kolla/venv/lib/python3.6/site-packages/neutron/service.py:138
2025-05-05 02:03:47.370 22 DEBUG oslo_concurrency.lockutils [req-6fe195ad-1bf2-4a6b-b8f2-895301c3a69a - - - - -] Releasing lock "singleton_lock" lock /var/lib/kolla/venv/lib/python3.6/site-packages/oslo_concurrency/lockutils.py:312
2025-05-05 02:03:47.370 26 DEBUG neutron.service [-] calling stop on stop /var/lib/kolla/venv/lib/python3.6/site-packages/neutron/service.py:141
2025-05-05 02:03:47.370 25 DEBUG neutron.service [-] calling stop on stop /var/lib/kolla/venv/lib/python3.6/site-packages/neutron/service.py:141
2025-05-05 02:03:47.373 29 DEBUG neutron.service [-] calling RpcWorker stop() stop /var/lib/kolla/venv/lib/python3.6/site-packages/neutron/service.py:138
2025-05-05 02:03:47.374 7 INFO oslo_service.service [-] Child 22 exited with status 0
2025-05-05 02:03:47.373 29 DEBUG neutron.service [-] calling stop on stop /var/lib/kolla/venv/lib/python3.6/site-packages/neutron/service.py:141
2025-05-05 02:03:47.374 23 DEBUG neutron.service [-] calling RpcWorker stop() stop /var/lib/kolla/venv/lib/python3.6/site-packages/neutron/service.py:138
2025-05-05 02:03:47.375 27 DEBUG neutron.service [-] calling RpcWorker stop() stop /var/lib/kolla/venv/lib/python3.6/site-packages/neutron/service.py:138
2025-05-05 02:03:47.375 23 DEBUG neutron.service [-] calling stop on stop /var/lib/kolla/venv/lib/python3.6/site-packages/neutron/service.py:141
2025-05-05 02:03:47.376 27 DEBUG neutron.service [-] calling stop on stop /var/lib/kolla/venv/lib/python3.6/site-packages/neutron/service.py:141
2025-05-05 02:03:47.387 24 DEBUG neutron.service [-] calling RpcWorker stop() stop /var/lib/kolla/venv/lib/python3.6/site-packages/neutron/service.py:138
2025-05-05 02:03:47.389 28 DEBUG neutron.service [-] calling RpcWorker stop() stop /var/lib/kolla/venv/lib/python3.6/site-packages/neutron/service.py:138
2025-05-05 02:03:47.388 24 DEBUG neutron.service [-] calling stop on stop /var/lib/kolla/venv/lib/python3.6/site-packages/neutron/service.py:141
2025-05-05 02:03:47.389 28 DEBUG neutron.service [-] calling stop on stop /var/lib/kolla/venv/lib/python3.6/site-packages/neutron/service.py:141
2025-05-05 02:03:49.707 27 DEBUG oslo_concurrency.lockutils [req-6fe195ad-1bf2-4a6b-b8f2-895301c3a69a - - - - -] Acquired lock "singleton_lock" lock /var/lib/kolla/venv/lib/python3.6/site-packages/oslo_concurrency/lockutils.py:294
2025-05-05 02:03:49.708 27 DEBUG oslo_concurrency.lockutils [req-6fe195ad-1bf2-4a6b-b8f2-895301c3a69a - - - - -] Releasing lock "singleton_lock" lock /var/lib/kolla/venv/lib/python3.6/site-packages/oslo_concurrency/lockutils.py:312
2025-05-05 02:03:49.708 27 DEBUG neutron.service [req-6fe195ad-1bf2-4a6b-b8f2-895301c3a69a - - - - -] calling RpcWorker wait() _wait /var/lib/kolla/venv/lib/python3.6/site-packages/neutron/service.py:128
2025-05-05 02:03:49.708 27 DEBUG neutron.service [req-6fe195ad-1bf2-4a6b-b8f2-895301c3a69a - - - - -] calling wait on _wait /var/lib/kolla/venv/lib/python3.6/site-packages/neutron/service.py:131
2025-05-05 02:03:49.715 27 WARNING amqp [req-6fe195ad-1bf2-4a6b-b8f2-895301c3a69a - - - - -] Received method (60, 30) during closing channel 1. This method will be ignored
2025-05-05 02:03:49.716 27 DEBUG neutron.service [req-6fe195ad-1bf2-4a6b-b8f2-895301c3a69a - - - - -] returning from RpcWorker wait() _wait /var/lib/kolla/venv/lib/python3.6/site-packages/neutron/service.py:135
2025-05-05 02:03:49.720 7 INFO oslo_service.service [-] Child 27 exited with status 0
2025-05-05 02:03:49.787 26 DEBUG oslo_concurrency.lockutils [req-6fe195ad-1bf2-4a6b-b8f2-895301c3a69a - - - - -] Acquired lock "singleton_lock" lock /var/lib/kolla/venv/lib/python3.6/site-packages/oslo_concurrency/lockutils.py:294
2025-05-05 02:03:49.787 26 DEBUG oslo_concurrency.lockutils [req-6fe195ad-1bf2-4a6b-b8f2-895301c3a69a - - - - -] Releasing lock "singleton_lock" lock /var/lib/kolla/venv/lib/python3.6/site-packages/oslo_concurrency/lockutils.py:312
2025-05-05 02:03:49.788 26 DEBUG neutron.service [req-6fe195ad-1bf2-4a6b-b8f2-895301c3a69a - - - - -] calling RpcWorker wait() _wait /var/lib/kolla/venv/lib/python3.6/site-packages/neutron/service.py:128
2025-05-05 02:03:49.788 26 DEBUG neutron.service [req-6fe195ad-1bf2-4a6b-b8f2-895301c3a69a - - - - -] calling wait on _wait /var/lib/kolla/venv/lib/python3.6/site-packages/neutron/service.py:131
2025-05-05 02:03:49.793 26 WARNING amqp [req-6fe195ad-1bf2-4a6b-b8f2-895301c3a69a - - - - -] Received method (60, 30) during closing channel 1. This method will be ignored
2025-05-05 02:03:49.794 26 DEBUG neutron.service [req-6fe195ad-1bf2-4a6b-b8f2-895301c3a69a - - - - -] returning from RpcWorker wait() _wait /var/lib/kolla/venv/lib/python3.6/site-packages/neutron/service.py:135
2025-05-05 02:03:49.799 7 INFO oslo_service.service [-] Child 26 exited with status 0
2025-05-05 02:03:52.163 24 DEBUG neutron.service [-] calling stop on stop /var/lib/kolla/venv/lib/python3.6/site-packages/neutron/service.py:141
2025-05-05 02:03:52.164 23 DEBUG neutron.service [-] calling stop on stop /var/lib/kolla/venv/lib/python3.6/site-packages/neutron/service.py:141
2025-05-05 02:03:52.173 24 DEBUG neutron.service [-] calling stop on stop /var/lib/kolla/venv/lib/python3.6/site-packages/neutron/service.py:141
2025-05-05 02:03:52.175 25 DEBUG neutron.service [-] calling stop on stop /var/lib/kolla/venv/lib/python3.6/site-packages/neutron/service.py:141
2025-05-05 02:03:52.177 23 DEBUG neutron.service [-] calling stop on stop /var/lib/kolla/venv/lib/python3.6/site-packages/neutron/service.py:141
2025-05-05 02:03:52.177 28 DEBUG oslo_concurrency.lockutils [req-6fe195ad-1bf2-4a6b-b8f2-895301c3a69a - - - - -] Acquired lock "singleton_lock" lock /var/lib/kolla/venv/lib/python3.6/site-packages/oslo_concurrency/lockutils.py:294
2025-05-05 02:03:52.177 28 DEBUG oslo_concurrency.lockutils [req-6fe195ad-1bf2-4a6b-b8f2-895301c3a69a - - - - -] Releasing lock "singleton_lock" lock /var/lib/kolla/venv/lib/python3.6/site-packages/oslo_concurrency/lockutils.py:312
2025-05-05 02:03:52.178 28 DEBUG neutron.service [req-6fe195ad-1bf2-4a6b-b8f2-895301c3a69a - - - - -] calling RpcWorker wait() _wait /var/lib/kolla/venv/lib/python3.6/site-packages/neutron/service.py:128
2025-05-05 02:03:52.178 28 DEBUG neutron.service [req-6fe195ad-1bf2-4a6b-b8f2-895301c3a69a - - - - -] calling wait on _wait /var/lib/kolla/venv/lib/python3.6/site-packages/neutron/service.py:131
2025-05-05 02:03:52.188 29 DEBUG oslo_concurrency.lockutils [req-6fe195ad-1bf2-4a6b-b8f2-895301c3a69a - - - - -] Acquired lock "singleton_lock" lock /var/lib/kolla/venv/lib/python3.6/site-packages/oslo_concurrency/lockutils.py:294
2025-05-05 02:03:52.188 29 DEBUG oslo_concurrency.lockutils [req-6fe195ad-1bf2-4a6b-b8f2-895301c3a69a - - - - -] Releasing lock "singleton_lock" lock /var/lib/kolla/venv/lib/python3.6/site-packages/oslo_concurrency/lockutils.py:312
2025-05-05 02:03:52.188 28 WARNING amqp [req-6fe195ad-1bf2-4a6b-b8f2-895301c3a69a - - - - -] Received method (60, 30) during closing channel 1. This method will be ignored
2025-05-05 02:03:52.189 29 DEBUG neutron.service [req-6fe195ad-1bf2-4a6b-b8f2-895301c3a69a - - - - -] calling RpcWorker wait() _wait /var/lib/kolla/venv/lib/python3.6/site-packages/neutron/service.py:128
2025-05-05 02:03:52.189 29 DEBUG neutron.service [req-6fe195ad-1bf2-4a6b-b8f2-895301c3a69a - - - - -] calling wait on _wait /var/lib/kolla/venv/lib/python3.6/site-packages/neutron/service.py:131
2025-05-05 02:03:52.189 28 DEBUG neutron.service [req-6fe195ad-1bf2-4a6b-b8f2-895301c3a69a - - - - -] returning from RpcWorker wait() _wait /var/lib/kolla/venv/lib/python3.6/site-packages/neutron/service.py:135
2025-05-05 02:03:52.192 25 DEBUG neutron.service [-] calling stop on stop /var/lib/kolla/venv/lib/python3.6/site-packages/neutron/service.py:141
2025-05-05 02:03:52.193 24 DEBUG neutron.service [-] calling stop on stop /var/lib/kolla/venv/lib/python3.6/site-packages/neutron/service.py:141
2025-05-05 02:03:52.193 29 WARNING amqp [req-6fe195ad-1bf2-4a6b-b8f2-895301c3a69a - - - - -] Received method (60, 30) during closing channel 1. This method will be ignored
2025-05-05 02:03:52.194 29 DEBUG neutron.service [req-6fe195ad-1bf2-4a6b-b8f2-895301c3a69a - - - - -] returning from RpcWorker wait() _wait /var/lib/kolla/venv/lib/python3.6/site-packages/neutron/service.py:135
2025-05-05 02:03:52.196 7 INFO oslo_service.service [-] Child 28 exited with status 0
2025-05-05 02:03:52.198 7 INFO oslo_service.service [-] Child 29 exited with status 0
2025-05-05 02:03:52.206 25 DEBUG neutron.service [-] calling stop on stop /var/lib/kolla/venv/lib/python3.6/site-packages/neutron/service.py:141
2025-05-05 02:03:52.210 24 DEBUG oslo_concurrency.lockutils [req-6fe195ad-1bf2-4a6b-b8f2-895301c3a69a - - - - -] Acquired lock "singleton_lock" lock /var/lib/kolla/venv/lib/python3.6/site-packages/oslo_concurrency/lockutils.py:294
2025-05-05 02:03:52.210 24 DEBUG oslo_concurrency.lockutils [req-6fe195ad-1bf2-4a6b-b8f2-895301c3a69a - - - - -] Releasing lock "singleton_lock" lock /var/lib/kolla/venv/lib/python3.6/site-packages/oslo_concurrency/lockutils.py:312
2025-05-05 02:03:52.211 24 DEBUG neutron.service [req-6fe195ad-1bf2-4a6b-b8f2-895301c3a69a - - - - -] calling RpcWorker wait() _wait /var/lib/kolla/venv/lib/python3.6/site-packages/neutron/service.py:128
2025-05-05 02:03:52.211 24 DEBUG neutron.service [req-6fe195ad-1bf2-4a6b-b8f2-895301c3a69a - - - - -] calling wait on _wait /var/lib/kolla/venv/lib/python3.6/site-packages/neutron/service.py:131
2025-05-05 02:03:52.216 24 WARNING amqp [req-6fe195ad-1bf2-4a6b-b8f2-895301c3a69a - - - - -] Received method (60, 30) during closing channel 1. This method will be ignored
2025-05-05 02:03:52.217 24 DEBUG neutron.service [req-6fe195ad-1bf2-4a6b-b8f2-895301c3a69a - - - - -] calling wait on _wait /var/lib/kolla/venv/lib/python3.6/site-packages/neutron/service.py:131
2025-05-05 02:03:52.220 25 DEBUG oslo_concurrency.lockutils [req-6fe195ad-1bf2-4a6b-b8f2-895301c3a69a - - - - -] Acquired lock "singleton_lock" lock /var/lib/kolla/venv/lib/python3.6/site-packages/oslo_concurrency/lockutils.py:294
2025-05-05 02:03:52.220 25 DEBUG oslo_concurrency.lockutils [req-6fe195ad-1bf2-4a6b-b8f2-895301c3a69a - - - - -] Releasing lock "singleton_lock" lock /var/lib/kolla/venv/lib/python3.6/site-packages/oslo_concurrency/lockutils.py:312
2025-05-05 02:03:52.221 24 WARNING amqp [req-6fe195ad-1bf2-4a6b-b8f2-895301c3a69a - - - - -] Received method (60, 30) during closing channel 1. This method will be ignored
2025-05-05 02:03:52.221 25 DEBUG neutron.service [req-6fe195ad-1bf2-4a6b-b8f2-895301c3a69a - - - - -] calling RpcWorker wait() _wait /var/lib/kolla/venv/lib/python3.6/site-packages/neutron/service.py:128
2025-05-05 02:03:52.221 25 DEBUG neutron.service [req-6fe195ad-1bf2-4a6b-b8f2-895301c3a69a - - - - -] calling wait on _wait /var/lib/kolla/venv/lib/python3.6/site-packages/neutron/service.py:131
2025-05-05 02:03:52.221 24 DEBUG neutron.service [req-6fe195ad-1bf2-4a6b-b8f2-895301c3a69a - - - - -] calling wait on _wait /var/lib/kolla/venv/lib/python3.6/site-packages/neutron/service.py:131
2025-05-05 02:03:52.225 25 WARNING amqp [req-6fe195ad-1bf2-4a6b-b8f2-895301c3a69a - - - - -] Received method (60, 30) during closing channel 1. This method will be ignored
2025-05-05 02:03:52.226 25 DEBUG neutron.service [req-6fe195ad-1bf2-4a6b-b8f2-895301c3a69a - - - - -] calling wait on _wait /var/lib/kolla/venv/lib/python3.6/site-packages/neutron/service.py:131
2025-05-05 02:03:52.230 25 WARNING amqp [req-6fe195ad-1bf2-4a6b-b8f2-895301c3a69a - - - - -] Received method (60, 30) during closing channel 1. This method will be ignored
2025-05-05 02:03:52.231 25 DEBUG neutron.service [req-6fe195ad-1bf2-4a6b-b8f2-895301c3a69a - - - - -] calling wait on _wait /var/lib/kolla/venv/lib/python3.6/site-packages/neutron/service.py:131
2025-05-05 02:03:52.235 25 WARNING amqp [req-6fe195ad-1bf2-4a6b-b8f2-895301c3a69a - - - - -] Received method (60, 30) during closing channel 1. This method will be ignored
2025-05-05 02:03:52.235 25 DEBUG neutron.service [req-6fe195ad-1bf2-4a6b-b8f2-895301c3a69a - - - - -] calling wait on _wait /var/lib/kolla/venv/lib/python3.6/site-packages/neutron/service.py:131
2025-05-05 02:03:52.239 24 WARNING amqp [req-6fe195ad-1bf2-4a6b-b8f2-895301c3a69a - - - - -] Received method (60, 30) during closing channel 1. This method will be ignored
2025-05-05 02:03:52.239 24 DEBUG neutron.service [req-6fe195ad-1bf2-4a6b-b8f2-895301c3a69a - - - - -] calling wait on _wait /var/lib/kolla/venv/lib/python3.6/site-packages/neutron/service.py:131
2025-05-05 02:03:52.241 25 WARNING amqp [req-6fe195ad-1bf2-4a6b-b8f2-895301c3a69a - - - - -] Received method (60, 30) during closing channel 1. This method will be ignored
2025-05-05 02:03:52.241 25 DEBUG neutron.service [req-6fe195ad-1bf2-4a6b-b8f2-895301c3a69a - - - - -] returning from RpcWorker wait() _wait /var/lib/kolla/venv/lib/python3.6/site-packages/neutron/service.py:135
2025-05-05 02:03:52.244 24 WARNING amqp [req-6fe195ad-1bf2-4a6b-b8f2-895301c3a69a - - - - -] Received method (60, 30) during closing channel 1. This method will be ignored
2025-05-05 02:03:52.244 24 DEBUG neutron.service [req-6fe195ad-1bf2-4a6b-b8f2-895301c3a69a - - - - -] returning from RpcWorker wait() _wait /var/lib/kolla/venv/lib/python3.6/site-packages/neutron/service.py:135
2025-05-05 02:03:52.246 7 INFO oslo_service.service [-] Child 25 exited with status 0
2025-05-05 02:03:52.249 7 INFO oslo_service.service [-] Child 24 exited with status 0
2025-05-05 02:03:54.776 23 DEBUG neutron.service [-] calling stop on stop /var/lib/kolla/venv/lib/python3.6/site-packages/neutron/service.py:141
2025-05-05 02:03:59.102 7 INFO neutron.common.config [-] Logging enabled!
2025-05-05 02:03:59.102 7 INFO neutron.common.config [-] /var/lib/kolla/venv/bin/neutron-server version 20.5.1.dev23
2025-05-05 02:03:59.102 7 DEBUG neutron.common.config [-] command line: /var/lib/kolla/venv/bin/neutron-server --config-file /etc/neutron/neutron.conf --config-file /etc/neutron/ContrailPlugin.ini --config-file /etc/neutron/api-paste.ini setup_logging /var/lib/kolla/venv/lib/python3.6/site-packages/neutron/common/config.py:115
2025-05-05 02:03:59.107 7 INFO neutron.common.config [-] Logging enabled!
2025-05-05 02:03:59.107 7 INFO neutron.common.config [-] /var/lib/kolla/venv/bin/neutron-server version 20.5.1.dev23
2025-05-05 02:03:59.107 7 DEBUG neutron.common.config [-] command line: /var/lib/kolla/venv/bin/neutron-server --config-file /etc/neutron/neutron.conf --config-file /etc/neutron/ContrailPlugin.ini --config-file /etc/neutron/api-paste.ini setup_logging /var/lib/kolla/venv/lib/python3.6/site-packages/neutron/common/config.py:115
2025-05-05 02:03:59.107 7 DEBUG neutron.common.config [-] ******************************************************************************** log_opt_values /var/lib/kolla/venv/lib/python3.6/site-packages/oslo_config/cfg.py:2589
2025-05-05 02:03:59.107 7 DEBUG neutron.common.config [-] Configuration options gathered from: log_opt_values /var/lib/kolla/venv/lib/python3.6/site-packages/oslo_config/cfg.py:2590
2025-05-05 02:03:59.108 7 DEBUG neutron.common.config [-] command line args: ['--config-file', '/etc/neutron/neutron.conf', '--config-file', '/etc/neutron/ContrailPlugin.ini', '--config-file', '/etc/neutron/api-paste.ini'] log_opt_values /var/lib/kolla/venv/lib/python3.6/site-packages/oslo_config/cfg.py:2591
2025-05-05 02:03:59.108 7 DEBUG neutron.common.config [-] config files: ['/etc/neutron/neutron.conf', '/etc/neutron/ContrailPlugin.ini', '/etc/neutron/api-paste.ini'] log_opt_values /var/lib/kolla/venv/lib/python3.6/site-packages/oslo_config/cfg.py:2593
2025-05-05 02:03:59.108 7 DEBUG neutron.common.config [-] ================================================================================ log_opt_values /var/lib/kolla/venv/lib/python3.6/site-packages/oslo_config/cfg.py:2594
2025-05-05 02:03:59.108 7 DEBUG neutron.common.config [-] allow_bulk = True log_opt_values /var/lib/kolla/venv/lib/python3.6/site-packages/oslo_config/cfg.py:2603
2025-05-05 02:03:59.109 7 WARNING oslo_config.cfg [-] Deprecated: Option "allow_overlapping_ips" from group "DEFAULT" is deprecated for removal. Its value may be silently ignored in the future.
2025-05-05 02:03:59.109 7 DEBUG neutron.common.config [-] allow_overlapping_ips = True log_opt_values /var/lib/kolla/venv/lib/python3.6/site-packages/oslo_config/cfg.py:2603
2025-05-05 02:03:59.109 7 DEBUG neutron.common.config [-] api_extensions_path = /opt/plugin/site-packages/neutron_plugin_contrail/extensions:/opt/plugin/site-packages/neutron_lbaas/extensions log_opt_values /var/lib/kolla/venv/lib/python3.6/site-packages/oslo_config/cfg.py:2603
2025-05-05 02:03:59.109 7 DEBUG neutron.common.config [-] api_paste_config = /etc/neutron/api-paste.ini log_opt_values /var/lib/kolla/venv/lib/python3.6/site-packages/oslo_config/cfg.py:2603
2025-05-05 02:03:59.109 7 DEBUG neutron.common.config [-] api_workers = 1 log_opt_values /var/lib/kolla/venv/lib/python3.6/site-packages/oslo_config/cfg.py:2603
2025-05-05 02:03:59.109 7 DEBUG neutron.common.config [-] auth_strategy = keystone log_opt_values /var/lib/kolla/venv/lib/python3.6/site-packages/oslo_config/cfg.py:2603
2025-05-05 02:03:59.109 7 DEBUG neutron.common.config [-] backlog = 4096 log_opt_values /var/lib/kolla/venv/lib/python3.6/site-packages/oslo_config/cfg.py:2603
2025-05-05 02:03:59.110 7 DEBUG neutron.common.config [-] base_mac = fa:16:3e:00:00:00 log_opt_values /var/lib/kolla/venv/lib/python3.6/site-packages/oslo_config/cfg.py:2603
2025-05-05 02:03:59.110 7 DEBUG neutron.common.config [-] bind_host = 10.0.0.56 log_opt_values /var/lib/kolla/venv/lib/python3.6/site-packages/oslo_config/cfg.py:2603
2025-05-05 02:03:59.110 7 DEBUG neutron.common.config [-] bind_port = 9696 log_opt_values /var/lib/kolla/venv/lib/python3.6/site-packages/oslo_config/cfg.py:2603
2025-05-05 02:03:59.110 7 DEBUG neutron.common.config [-] client_socket_timeout = 900 log_opt_values /var/lib/kolla/venv/lib/python3.6/site-packages/oslo_config/cfg.py:2603
2025-05-05 02:03:59.110 7 DEBUG neutron.common.config [-] config_dir = [] log_opt_values /var/lib/kolla/venv/lib/python3.6/site-packages/oslo_config/cfg.py:2603
2025-05-05 02:03:59.110 7 DEBUG neutron.common.config [-] config_file = ['/etc/neutron/neutron.conf', '/etc/neutron/ContrailPlugin.ini', '/etc/neutron/api-paste.ini'] log_opt_values /var/lib/kolla/venv/lib/python3.6/site-packages/oslo_config/cfg.py:2603
2025-05-05 02:03:59.110 7 DEBUG neutron.common.config [-] config_source = [] log_opt_values /var/lib/kolla/venv/lib/python3.6/site-packages/oslo_config/cfg.py:2603
