2025-05-01 00:32:38.967 35091 DEBUG oslo_service.service [-] clients_heat.key_file = None log_opt_values /usr/lib/python3/dist-packages/oslo_config/cfg.py:2609
2025-05-01 00:32:38.967 35091 DEBUG oslo_service.service [-] clients_heat.url = log_opt_values /usr/lib/python3/dist-packages/oslo_config/cfg.py:2609
2025-05-01 00:32:38.967 35091 DEBUG oslo_service.service [-] clients_keystone.auth_uri = http://252.242.240.208:5050 log_opt_values /usr/lib/python3/dist-packages/oslo_config/cfg.py:2609
2025-05-01 00:32:38.967 35091 DEBUG oslo_service.service [-] clients_keystone.ca_file = None log_opt_values /usr/lib/python3/dist-packages/oslo_config/cfg.py:2609
2025-05-01 00:32:38.967 35091 DEBUG oslo_service.service [-] clients_keystone.cert_file = None log_opt_values /usr/lib/python3/dist-packages/oslo_config/cfg.py:2609
2025-05-01 00:32:38.968 35091 DEBUG oslo_service.service [-] clients_keystone.endpoint_type = None log_opt_values /usr/lib/python3/dist-packages/oslo_config/cfg.py:2609
2025-05-01 00:32:38.968 35091 DEBUG oslo_service.service [-] clients_keystone.insecure = None log_opt_values /usr/lib/python3/dist-packages/oslo_config/cfg.py:2609
2025-05-01 00:32:38.968 35091 DEBUG oslo_service.service [-] clients_keystone.key_file = None log_opt_values /usr/lib/python3/dist-packages/oslo_config/cfg.py:2609
2025-05-01 00:32:38.968 35091 DEBUG oslo_service.service [-] clients_magnum.ca_file = None log_opt_values /usr/lib/python3/dist-packages/oslo_config/cfg.py:2609
2025-05-01 00:32:38.968 35091 DEBUG oslo_service.service [-] clients_magnum.cert_file = None log_opt_values /usr/lib/python3/dist-packages/oslo_config/cfg.py:2609
2025-05-01 00:32:38.968 35091 DEBUG oslo_service.service [-] clients_magnum.endpoint_type = None log_opt_values /usr/lib/python3/dist-packages/oslo_config/cfg.py:2609
2025-05-01 00:32:38.968 35091 DEBUG oslo_service.service [-] clients_magnum.insecure = None log_opt_values /usr/lib/python3/dist-packages/oslo_config/cfg.py:2609
2025-05-01 00:32:38.968 35091 DEBUG oslo_service.service [-] clients_magnum.key_file = None log_opt_values /usr/lib/python3/dist-packages/oslo_config/cfg.py:2609
2025-05-01 00:32:38.968 35091 DEBUG oslo_service.service [-] clients_manila.ca_file = None log_opt_values /usr/lib/python3/dist-packages/oslo_config/cfg.py:2609
2025-05-01 00:32:38.968 35091 DEBUG oslo_service.service [-] clients_manila.cert_file = None log_opt_values /usr/lib/python3/dist-packages/oslo_config/cfg.py:2609
2025-05-01 00:32:38.969 35091 DEBUG oslo_service.service [-] clients_manila.endpoint_type = None log_opt_values /usr/lib/python3/dist-packages/oslo_config/cfg.py:2609
2025-05-01 00:32:38.969 35091 DEBUG oslo_service.service [-] clients_manila.insecure = None log_opt_values /usr/lib/python3/dist-packages/oslo_config/cfg.py:2609
2025-05-01 00:32:38.969 35091 DEBUG oslo_service.service [-] clients_manila.key_file = None log_opt_values /usr/lib/python3/dist-packages/oslo_config/cfg.py:2609
2025-05-01 00:32:38.969 35091 DEBUG oslo_service.service [-] clients_mistral.ca_file = None log_opt_values /usr/lib/python3/dist-packages/oslo_config/cfg.py:2609
2025-05-01 00:32:38.969 35091 DEBUG oslo_service.service [-] clients_mistral.cert_file = None log_opt_values /usr/lib/python3/dist-packages/oslo_config/cfg.py:2609
2025-05-01 00:32:38.969 35091 DEBUG oslo_service.service [-] clients_mistral.endpoint_type = None log_opt_values /usr/lib/python3/dist-packages/oslo_config/cfg.py:2609
2025-05-01 00:32:38.969 35091 DEBUG oslo_service.service [-] clients_mistral.insecure = None log_opt_values /usr/lib/python3/dist-packages/oslo_config/cfg.py:2609
2025-05-01 00:32:38.969 35091 DEBUG oslo_service.service [-] clients_mistral.key_file = None log_opt_values /usr/lib/python3/dist-packages/oslo_config/cfg.py:2609
2025-05-01 00:32:38.969 35091 DEBUG oslo_service.service [-] clients_monasca.ca_file = None log_opt_values /usr/lib/python3/dist-packages/oslo_config/cfg.py:2609
2025-05-01 00:32:38.969 35091 DEBUG oslo_service.service [-] clients_monasca.cert_file = None log_opt_values /usr/lib/python3/dist-packages/oslo_config/cfg.py:2609
2025-05-01 00:32:38.970 35091 DEBUG oslo_service.service [-] clients_monasca.endpoint_type = None log_opt_values /usr/lib/python3/dist-packages/oslo_config/cfg.py:2609
2025-05-01 00:32:38.970 35091 DEBUG oslo_service.service [-] clients_monasca.insecure = None log_opt_values /usr/lib/python3/dist-packages/oslo_config/cfg.py:2609
2025-05-01 00:32:38.970 35091 DEBUG oslo_service.service [-] clients_monasca.key_file = None log_opt_values /usr/lib/python3/dist-packages/oslo_config/cfg.py:2609
2025-05-01 00:32:38.970 35091 DEBUG oslo_service.service [-] clients_neutron.ca_file = None log_opt_values /usr/lib/python3/dist-packages/oslo_config/cfg.py:2609
2025-05-01 00:32:38.970 35091 DEBUG oslo_service.service [-] clients_neutron.cert_file = None log_opt_values /usr/lib/python3/dist-packages/oslo_config/cfg.py:2609
2025-05-01 00:32:38.971 35091 DEBUG oslo_service.service [-] clients_neutron.endpoint_type = None log_opt_values /usr/lib/python3/dist-packages/oslo_config/cfg.py:2609
2025-05-01 00:32:38.971 35091 DEBUG oslo_service.service [-] clients_neutron.insecure = None log_opt_values /usr/lib/python3/dist-packages/oslo_config/cfg.py:2609
2025-05-01 00:32:38.971 35091 DEBUG oslo_service.service [-] clients_neutron.key_file = None log_opt_values /usr/lib/python3/dist-packages/oslo_config/cfg.py:2609
2025-05-01 00:32:38.971 35091 DEBUG oslo_service.service [-] clients_nova.ca_file = None log_opt_values /usr/lib/python3/dist-packages/oslo_config/cfg.py:2609
2025-05-01 00:32:38.971 35091 DEBUG oslo_service.service [-] clients_nova.cert_file = None log_opt_values /usr/lib/python3/dist-packages/oslo_config/cfg.py:2609
2025-05-01 00:32:38.971 35091 DEBUG oslo_service.service [-] clients_nova.endpoint_type = None log_opt_values /usr/lib/python3/dist-packages/oslo_config/cfg.py:2609
2025-05-01 00:32:38.971 35091 DEBUG oslo_service.service [-] clients_nova.http_log_debug = False log_opt_values /usr/lib/python3/dist-packages/oslo_config/cfg.py:2609
2025-05-01 00:32:38.971 35091 DEBUG oslo_service.service [-] clients_nova.insecure = None log_opt_values /usr/lib/python3/dist-packages/oslo_config/cfg.py:2609
2025-05-01 00:32:38.971 35091 DEBUG oslo_service.service [-] clients_nova.key_file = None log_opt_values /usr/lib/python3/dist-packages/oslo_config/cfg.py:2609
2025-05-01 00:32:38.971 35091 DEBUG oslo_service.service [-] clients_octavia.ca_file = None log_opt_values /usr/lib/python3/dist-packages/oslo_config/cfg.py:2609
2025-05-01 00:32:38.972 35091 DEBUG oslo_service.service [-] clients_octavia.cert_file = None log_opt_values /usr/lib/python3/dist-packages/oslo_config/cfg.py:2609
2025-05-01 00:32:38.972 35091 DEBUG oslo_service.service [-] clients_octavia.endpoint_type = None log_opt_values /usr/lib/python3/dist-packages/oslo_config/cfg.py:2609
2025-05-01 00:32:38.972 35091 DEBUG oslo_service.service [-] clients_octavia.insecure = None log_opt_values /usr/lib/python3/dist-packages/oslo_config/cfg.py:2609
2025-05-01 00:32:38.972 35091 DEBUG oslo_service.service [-] clients_octavia.key_file = None log_opt_values /usr/lib/python3/dist-packages/oslo_config/cfg.py:2609
2025-05-01 00:32:38.972 35091 DEBUG oslo_service.service [-] clients_sahara.ca_file = None log_opt_values /usr/lib/python3/dist-packages/oslo_config/cfg.py:2609
2025-05-01 00:32:38.972 35091 DEBUG oslo_service.service [-] clients_sahara.cert_file = None log_opt_values /usr/lib/python3/dist-packages/oslo_config/cfg.py:2609
2025-05-01 00:32:38.972 35310 INFO heat.engine.worker [-] Starting engine_worker (1.4) in engine f80319ad-b11e-4f56-b74c-f3d1893a7c1b.
2025-05-01 00:32:38.972 35091 DEBUG oslo_service.service [-] clients_sahara.endpoint_type = None log_opt_values /usr/lib/python3/dist-packages/oslo_config/cfg.py:2609
2025-05-01 00:32:38.972 35091 DEBUG oslo_service.service [-] clients_sahara.insecure = None log_opt_values /usr/lib/python3/dist-packages/oslo_config/cfg.py:2609
2025-05-01 00:32:38.972 35091 DEBUG oslo_service.service [-] clients_sahara.key_file = None log_opt_values /usr/lib/python3/dist-packages/oslo_config/cfg.py:2609
2025-05-01 00:32:38.972 35091 DEBUG oslo_service.service [-] clients_senlin.ca_file = None log_opt_values /usr/lib/python3/dist-packages/oslo_config/cfg.py:2609
2025-05-01 00:32:38.973 35091 DEBUG oslo_service.service [-] clients_senlin.cert_file = None log_opt_values /usr/lib/python3/dist-packages/oslo_config/cfg.py:2609
2025-05-01 00:32:38.973 35091 DEBUG oslo_service.service [-] clients_senlin.endpoint_type = None log_opt_values /usr/lib/python3/dist-packages/oslo_config/cfg.py:2609
2025-05-01 00:32:38.973 35091 DEBUG oslo_service.service [-] clients_senlin.insecure = None log_opt_values /usr/lib/python3/dist-packages/oslo_config/cfg.py:2609
2025-05-01 00:32:38.973 35091 DEBUG oslo_service.service [-] clients_senlin.key_file = None log_opt_values /usr/lib/python3/dist-packages/oslo_config/cfg.py:2609
2025-05-01 00:32:38.973 35091 DEBUG oslo_service.service [-] clients_swift.ca_file = None log_opt_values /usr/lib/python3/dist-packages/oslo_config/cfg.py:2609
2025-05-01 00:32:38.973 35091 DEBUG oslo_service.service [-] clients_swift.cert_file = None log_opt_values /usr/lib/python3/dist-packages/oslo_config/cfg.py:2609
2025-05-01 00:32:38.973 35091 DEBUG oslo_service.service [-] clients_swift.endpoint_type = None log_opt_values /usr/lib/python3/dist-packages/oslo_config/cfg.py:2609
2025-05-01 00:32:38.973 35091 DEBUG oslo_service.service [-] clients_swift.insecure = None log_opt_values /usr/lib/python3/dist-packages/oslo_config/cfg.py:2609
2025-05-01 00:32:38.973 35091 DEBUG oslo_service.service [-] clients_swift.key_file = None log_opt_values /usr/lib/python3/dist-packages/oslo_config/cfg.py:2609
2025-05-01 00:32:38.974 35091 DEBUG oslo_service.service [-] clients_trove.ca_file = None log_opt_values /usr/lib/python3/dist-packages/oslo_config/cfg.py:2609
2025-05-01 00:32:38.974 35091 DEBUG oslo_service.service [-] clients_trove.cert_file = None log_opt_values /usr/lib/python3/dist-packages/oslo_config/cfg.py:2609
2025-05-01 00:32:38.974 35091 DEBUG oslo_service.service [-] clients_trove.endpoint_type = None log_opt_values /usr/lib/python3/dist-packages/oslo_config/cfg.py:2609
2025-05-01 00:32:38.974 35091 DEBUG oslo_service.service [-] clients_trove.insecure = None log_opt_values /usr/lib/python3/dist-packages/oslo_config/cfg.py:2609
2025-05-01 00:32:38.974 35091 DEBUG oslo_service.service [-] clients_trove.key_file = None log_opt_values /usr/lib/python3/dist-packages/oslo_config/cfg.py:2609
2025-05-01 00:32:38.974 35091 DEBUG oslo_service.service [-] clients_vitrage.ca_file = None log_opt_values /usr/lib/python3/dist-packages/oslo_config/cfg.py:2609
2025-05-01 00:32:38.974 35091 DEBUG oslo_service.service [-] clients_vitrage.cert_file = None log_opt_values /usr/lib/python3/dist-packages/oslo_config/cfg.py:2609
2025-05-01 00:32:38.974 35091 DEBUG oslo_service.service [-] clients_vitrage.endpoint_type = None log_opt_values /usr/lib/python3/dist-packages/oslo_config/cfg.py:2609
2025-05-01 00:32:38.974 35091 DEBUG oslo_service.service [-] clients_vitrage.insecure = None log_opt_values /usr/lib/python3/dist-packages/oslo_config/cfg.py:2609
2025-05-01 00:32:38.975 35091 DEBUG oslo_service.service [-] clients_vitrage.key_file = None log_opt_values /usr/lib/python3/dist-packages/oslo_config/cfg.py:2609
2025-05-01 00:32:38.975 35091 DEBUG oslo_service.service [-] clients_zaqar.ca_file = None log_opt_values /usr/lib/python3/dist-packages/oslo_config/cfg.py:2609
2025-05-01 00:32:38.975 35091 DEBUG oslo_service.service [-] clients_zaqar.cert_file = None log_opt_values /usr/lib/python3/dist-packages/oslo_config/cfg.py:2609
2025-05-01 00:32:38.975 35091 DEBUG oslo_service.service [-] clients_zaqar.endpoint_type = None log_opt_values /usr/lib/python3/dist-packages/oslo_config/cfg.py:2609
2025-05-01 00:32:38.975 35091 DEBUG oslo_service.service [-] clients_zaqar.insecure = None log_opt_values /usr/lib/python3/dist-packages/oslo_config/cfg.py:2609
2025-05-01 00:32:38.975 35091 DEBUG oslo_service.service [-] clients_zaqar.key_file = None log_opt_values /usr/lib/python3/dist-packages/oslo_config/cfg.py:2609
2025-05-01 00:32:38.975 35091 DEBUG oslo_service.service [-] database.backend = sqlalchemy log_opt_values /usr/lib/python3/dist-packages/oslo_config/cfg.py:2609
2025-05-01 00:32:38.975 35091 DEBUG oslo_service.service [-] database.connection = **** log_opt_values /usr/lib/python3/dist-packages/oslo_config/cfg.py:2609
2025-05-01 00:32:38.976 35091 DEBUG oslo_service.service [-] database.connection_debug = 0 log_opt_values /usr/lib/python3/dist-packages/oslo_config/cfg.py:2609
2025-05-01 00:32:38.976 35091 DEBUG oslo_service.service [-] database.connection_parameters = log_opt_values /usr/lib/python3/dist-packages/oslo_config/cfg.py:2609
2025-05-01 00:32:38.976 35091 DEBUG oslo_service.service [-] database.connection_recycle_time = 3600 log_opt_values /usr/lib/python3/dist-packages/oslo_config/cfg.py:2609
2025-05-01 00:32:38.976 35091 DEBUG oslo_service.service [-] database.connection_trace = False log_opt_values /usr/lib/python3/dist-packages/oslo_config/cfg.py:2609
2025-05-01 00:32:38.976 35091 DEBUG oslo_service.service [-] database.db_inc_retry_interval = True log_opt_values /usr/lib/python3/dist-packages/oslo_config/cfg.py:2609
2025-05-01 00:32:38.976 35091 DEBUG oslo_service.service [-] database.db_max_retries = 20 log_opt_values /usr/lib/python3/dist-packages/oslo_config/cfg.py:2609
2025-05-01 00:32:38.976 35091 DEBUG oslo_service.service [-] database.db_max_retry_interval = 10 log_opt_values /usr/lib/python3/dist-packages/oslo_config/cfg.py:2609
2025-05-01 00:32:38.976 35091 DEBUG oslo_service.service [-] database.db_retry_interval = 1 log_opt_values /usr/lib/python3/dist-packages/oslo_config/cfg.py:2609
2025-05-01 00:32:38.977 35091 DEBUG oslo_service.service [-] database.max_overflow = 50 log_opt_values /usr/lib/python3/dist-packages/oslo_config/cfg.py:2609
2025-05-01 00:32:38.977 35091 DEBUG oslo_service.service [-] database.max_pool_size = 5 log_opt_values /usr/lib/python3/dist-packages/oslo_config/cfg.py:2609
2025-05-01 00:32:38.977 35091 DEBUG oslo_service.service [-] database.max_retries = 10 log_opt_values /usr/lib/python3/dist-packages/oslo_config/cfg.py:2609
2025-05-01 00:32:38.977 35091 DEBUG oslo_service.service [-] database.mysql_enable_ndb = False log_opt_values /usr/lib/python3/dist-packages/oslo_config/cfg.py:2609
2025-05-01 00:32:38.977 35091 DEBUG oslo_service.service [-] database.mysql_sql_mode = TRADITIONAL log_opt_values /usr/lib/python3/dist-packages/oslo_config/cfg.py:2609
2025-05-01 00:32:38.977 35091 DEBUG oslo_service.service [-] database.pool_timeout = None log_opt_values /usr/lib/python3/dist-packages/oslo_config/cfg.py:2609
2025-05-01 00:32:38.977 35091 DEBUG oslo_service.service [-] database.retry_interval = 10 log_opt_values /usr/lib/python3/dist-packages/oslo_config/cfg.py:2609
2025-05-01 00:32:38.977 35091 DEBUG oslo_service.service [-] database.slave_connection = **** log_opt_values /usr/lib/python3/dist-packages/oslo_config/cfg.py:2609
2025-05-01 00:32:38.978 35091 DEBUG oslo_service.service [-] database.sqlite_synchronous = True log_opt_values /usr/lib/python3/dist-packages/oslo_config/cfg.py:2609
2025-05-01 00:32:38.978 35091 DEBUG oslo_service.service [-] database.use_db_reconnect = False log_opt_values /usr/lib/python3/dist-packages/oslo_config/cfg.py:2609
2025-05-01 00:32:38.978 35091 DEBUG oslo_service.service [-] oslo_messaging_metrics.metrics_buffer_size = 1000 log_opt_values /usr/lib/python3/dist-packages/oslo_config/cfg.py:2609
2025-05-01 00:32:38.978 35091 DEBUG oslo_service.service [-] oslo_messaging_metrics.metrics_enabled = False log_opt_values /usr/lib/python3/dist-packages/oslo_config/cfg.py:2609
2025-05-01 00:32:38.978 35091 DEBUG oslo_service.service [-] oslo_messaging_metrics.metrics_process_name = log_opt_values /usr/lib/python3/dist-packages/oslo_config/cfg.py:2609
2025-05-01 00:32:38.979 35091 DEBUG oslo_service.service [-] oslo_messaging_metrics.metrics_socket_file = /var/tmp/metrics_collector.sock log_opt_values /usr/lib/python3/dist-packages/oslo_config/cfg.py:2609
2025-05-01 00:32:38.979 35091 DEBUG oslo_service.service [-] oslo_messaging_metrics.metrics_thread_stop_timeout = 10 log_opt_values /usr/lib/python3/dist-packages/oslo_config/cfg.py:2609
2025-05-01 00:32:38.979 35091 DEBUG oslo_service.service [-] oslo_policy.enforce_new_defaults = False log_opt_values /usr/lib/python3/dist-packages/oslo_config/cfg.py:2609
2025-05-01 00:32:38.979 35091 DEBUG oslo_service.service [-] oslo_policy.enforce_scope = False log_opt_values /usr/lib/python3/dist-packages/oslo_config/cfg.py:2609
2025-05-01 00:32:38.979 35091 DEBUG oslo_service.service [-] oslo_policy.policy_default_rule = default log_opt_values /usr/lib/python3/dist-packages/oslo_config/cfg.py:2609
2025-05-01 00:32:38.979 35091 DEBUG oslo_service.service [-] oslo_policy.policy_dirs = ['policy.d'] log_opt_values /usr/lib/python3/dist-packages/oslo_config/cfg.py:2609
2025-05-01 00:32:38.980 35091 DEBUG oslo_service.service [-] oslo_policy.policy_file = policy.yaml log_opt_values /usr/lib/python3/dist-packages/oslo_config/cfg.py:2609
2025-05-01 00:32:38.980 35091 DEBUG oslo_service.service [-] oslo_policy.remote_content_type = application/x-www-form-urlencoded log_opt_values /usr/lib/python3/dist-packages/oslo_config/cfg.py:2609
2025-05-01 00:32:38.980 35091 DEBUG oslo_service.service [-] oslo_policy.remote_ssl_ca_crt_file = None log_opt_values /usr/lib/python3/dist-packages/oslo_config/cfg.py:2609
2025-05-01 00:32:38.980 35091 DEBUG oslo_service.service [-] oslo_policy.remote_ssl_client_crt_file = None log_opt_values /usr/lib/python3/dist-packages/oslo_config/cfg.py:2609
2025-05-01 00:32:38.980 35091 DEBUG oslo_service.service [-] oslo_policy.remote_ssl_client_key_file = None log_opt_values /usr/lib/python3/dist-packages/oslo_config/cfg.py:2609
2025-05-01 00:32:38.980 35091 DEBUG oslo_service.service [-] oslo_policy.remote_ssl_verify_server_crt = False log_opt_values /usr/lib/python3/dist-packages/oslo_config/cfg.py:2609
2025-05-01 00:32:38.980 35091 DEBUG oslo_service.service [-] trustee.auth_section = None log_opt_values /usr/lib/python3/dist-packages/oslo_config/cfg.py:2609
2025-05-01 00:32:38.981 35091 WARNING oslo_config.cfg [-] Deprecated: Option "auth_plugin" from group "trustee" is deprecated. Use option "auth_type" from group "trustee".
2025-05-01 00:32:38.981 35091 DEBUG oslo_service.service [-] trustee.auth_type = password log_opt_values /usr/lib/python3/dist-packages/oslo_config/cfg.py:2609
2025-05-01 00:32:38.981 35091 DEBUG oslo_service.service [-] oslo_versionedobjects.fatal_exception_format_errors = False log_opt_values /usr/lib/python3/dist-packages/oslo_config/cfg.py:2609
2025-05-01 00:32:38.981 35091 DEBUG oslo_service.service [-] oslo_messaging_rabbit.amqp_auto_delete = False log_opt_values /usr/lib/python3/dist-packages/oslo_config/cfg.py:2609
2025-05-01 00:32:38.981 35091 DEBUG oslo_service.service [-] oslo_messaging_rabbit.amqp_durable_queues = False log_opt_values /usr/lib/python3/dist-packages/oslo_config/cfg.py:2609
2025-05-01 00:32:38.981 35091 DEBUG oslo_service.service [-] oslo_messaging_rabbit.conn_pool_min_size = 2 log_opt_values /usr/lib/python3/dist-packages/oslo_config/cfg.py:2609
2025-05-01 00:32:38.981 35091 DEBUG oslo_service.service [-] oslo_messaging_rabbit.conn_pool_ttl = 1200 log_opt_values /usr/lib/python3/dist-packages/oslo_config/cfg.py:2609
2025-05-01 00:32:38.981 35091 DEBUG oslo_service.service [-] oslo_messaging_rabbit.direct_mandatory_flag = True log_opt_values /usr/lib/python3/dist-packages/oslo_config/cfg.py:2609
2025-05-01 00:32:38.982 35091 DEBUG oslo_service.service [-] oslo_messaging_rabbit.enable_cancel_on_failover = False log_opt_values /usr/lib/python3/dist-packages/oslo_config/cfg.py:2609
2025-05-01 00:32:38.982 35091 DEBUG oslo_service.service [-] oslo_messaging_rabbit.heartbeat_in_pthread = False log_opt_values /usr/lib/python3/dist-packages/oslo_config/cfg.py:2609
2025-05-01 00:32:38.982 35091 DEBUG oslo_service.service [-] oslo_messaging_rabbit.heartbeat_rate = 2 log_opt_values /usr/lib/python3/dist-packages/oslo_config/cfg.py:2609
2025-05-01 00:32:38.982 35091 DEBUG oslo_service.service [-] oslo_messaging_rabbit.heartbeat_timeout_threshold = 60 log_opt_values /usr/lib/python3/dist-packages/oslo_config/cfg.py:2609
2025-05-01 00:32:38.982 35091 DEBUG oslo_service.service [-] oslo_messaging_rabbit.kombu_compression = None log_opt_values /usr/lib/python3/dist-packages/oslo_config/cfg.py:2609
2025-05-01 00:32:38.982 35091 DEBUG oslo_service.service [-] oslo_messaging_rabbit.kombu_failover_strategy = round-robin log_opt_values /usr/lib/python3/dist-packages/oslo_config/cfg.py:2609
2025-05-01 00:32:38.982 35091 DEBUG oslo_service.service [-] oslo_messaging_rabbit.kombu_missing_consumer_retry_timeout = 60 log_opt_values /usr/lib/python3/dist-packages/oslo_config/cfg.py:2609
2025-05-01 00:32:38.982 35091 DEBUG oslo_service.service [-] oslo_messaging_rabbit.kombu_reconnect_delay = 1.0 log_opt_values /usr/lib/python3/dist-packages/oslo_config/cfg.py:2609
2025-05-01 00:32:38.982 35091 DEBUG oslo_service.service [-] oslo_messaging_rabbit.rabbit_ha_queues = False log_opt_values /usr/lib/python3/dist-packages/oslo_config/cfg.py:2609
2025-05-01 00:32:38.982 35091 DEBUG oslo_service.service [-] oslo_messaging_rabbit.rabbit_interval_max = 30 log_opt_values /usr/lib/python3/dist-packages/oslo_config/cfg.py:2609
2025-05-01 00:32:38.983 35091 DEBUG oslo_service.service [-] oslo_messaging_rabbit.rabbit_login_method = AMQPLAIN log_opt_values /usr/lib/python3/dist-packages/oslo_config/cfg.py:2609
2025-05-01 00:32:38.983 35091 DEBUG oslo_service.service [-] oslo_messaging_rabbit.rabbit_qos_prefetch_count = 0 log_opt_values /usr/lib/python3/dist-packages/oslo_config/cfg.py:2609
2025-05-01 00:32:38.983 35091 DEBUG oslo_service.service [-] oslo_messaging_rabbit.rabbit_quorum_queue = False log_opt_values /usr/lib/python3/dist-packages/oslo_config/cfg.py:2609
2025-05-01 00:32:38.983 35091 DEBUG oslo_service.service [-] oslo_messaging_rabbit.rabbit_retry_backoff = 2 log_opt_values /usr/lib/python3/dist-packages/oslo_config/cfg.py:2609
2025-05-01 00:32:38.983 35091 DEBUG oslo_service.service [-] oslo_messaging_rabbit.rabbit_retry_interval = 1 log_opt_values /usr/lib/python3/dist-packages/oslo_config/cfg.py:2609
2025-05-01 00:32:38.983 35091 DEBUG oslo_service.service [-] oslo_messaging_rabbit.rabbit_transient_queues_ttl = 1800 log_opt_values /usr/lib/python3/dist-packages/oslo_config/cfg.py:2609
2025-05-01 00:32:38.983 35091 DEBUG oslo_service.service [-] oslo_messaging_rabbit.rpc_conn_pool_size = 30 log_opt_values /usr/lib/python3/dist-packages/oslo_config/cfg.py:2609
2025-05-01 00:32:38.983 35091 DEBUG oslo_service.service [-] oslo_messaging_rabbit.ssl = False log_opt_values /usr/lib/python3/dist-packages/oslo_config/cfg.py:2609
2025-05-01 00:32:38.983 35091 DEBUG oslo_service.service [-] oslo_messaging_rabbit.ssl_ca_file = log_opt_values /usr/lib/python3/dist-packages/oslo_config/cfg.py:2609
2025-05-01 00:32:38.984 35091 DEBUG oslo_service.service [-] oslo_messaging_rabbit.ssl_cert_file = log_opt_values /usr/lib/python3/dist-packages/oslo_config/cfg.py:2609
2025-05-01 00:32:38.984 35091 DEBUG oslo_service.service [-] oslo_messaging_rabbit.ssl_key_file = log_opt_values /usr/lib/python3/dist-packages/oslo_config/cfg.py:2609
2025-05-01 00:32:38.984 35091 DEBUG oslo_service.service [-] oslo_messaging_rabbit.ssl_version = log_opt_values /usr/lib/python3/dist-packages/oslo_config/cfg.py:2609
2025-05-01 00:32:38.984 35091 DEBUG oslo_service.service [-] oslo_messaging_notifications.driver = [] log_opt_values /usr/lib/python3/dist-packages/oslo_config/cfg.py:2609
2025-05-01 00:32:38.984 35091 DEBUG oslo_service.service [-] oslo_messaging_notifications.retry = -1 log_opt_values /usr/lib/python3/dist-packages/oslo_config/cfg.py:2609
2025-05-01 00:32:38.984 35091 DEBUG oslo_service.service [-] oslo_messaging_notifications.topics = ['notifications'] log_opt_values /usr/lib/python3/dist-packages/oslo_config/cfg.py:2609
2025-05-01 00:32:38.984 35091 DEBUG oslo_service.service [-] oslo_messaging_notifications.transport_url = **** log_opt_values /usr/lib/python3/dist-packages/oslo_config/cfg.py:2609
2025-05-01 00:32:38.984 35091 DEBUG oslo_service.service [-] cache.backend = dogpile.cache.null log_opt_values /usr/lib/python3/dist-packages/oslo_config/cfg.py:2609
2025-05-01 00:32:38.984 35091 DEBUG oslo_service.service [-] cache.backend_argument = **** log_opt_values /usr/lib/python3/dist-packages/oslo_config/cfg.py:2609
2025-05-01 00:32:38.985 35091 DEBUG oslo_service.service [-] cache.config_prefix = cache.oslo log_opt_values /usr/lib/python3/dist-packages/oslo_config/cfg.py:2609
2025-05-01 00:32:38.985 35091 DEBUG oslo_service.service [-] cache.debug_cache_backend = False log_opt_values /usr/lib/python3/dist-packages/oslo_config/cfg.py:2609
2025-05-01 00:32:38.985 35091 DEBUG oslo_service.service [-] cache.enabled = False log_opt_values /usr/lib/python3/dist-packages/oslo_config/cfg.py:2609
2025-05-01 00:32:38.985 35091 DEBUG oslo_service.service [-] cache.expiration_time = 600 log_opt_values /usr/lib/python3/dist-packages/oslo_config/cfg.py:2609
2025-05-01 00:32:38.985 35091 DEBUG oslo_service.service [-] cache.memcache_dead_retry = 300 log_opt_values /usr/lib/python3/dist-packages/oslo_config/cfg.py:2609
2025-05-01 00:32:38.985 35091 DEBUG oslo_service.service [-] cache.memcache_pool_connection_get_timeout = 10 log_opt_values /usr/lib/python3/dist-packages/oslo_config/cfg.py:2609
2025-05-01 00:32:38.985 35091 DEBUG oslo_service.service [-] cache.memcache_pool_flush_on_reconnect = False log_opt_values /usr/lib/python3/dist-packages/oslo_config/cfg.py:2609
2025-05-01 00:32:38.985 35091 DEBUG oslo_service.service [-] cache.memcache_pool_maxsize = 10 log_opt_values /usr/lib/python3/dist-packages/oslo_config/cfg.py:2609
2025-05-01 00:32:38.985 35091 DEBUG oslo_service.service [-] cache.memcache_pool_unused_timeout = 60 log_opt_values /usr/lib/python3/dist-packages/oslo_config/cfg.py:2609
2025-05-01 00:32:38.986 35091 DEBUG oslo_service.service [-] cache.memcache_servers = ['localhost:11211'] log_opt_values /usr/lib/python3/dist-packages/oslo_config/cfg.py:2609
2025-05-01 00:32:38.986 35091 DEBUG oslo_service.service [-] cache.memcache_socket_timeout = 1.0 log_opt_values /usr/lib/python3/dist-packages/oslo_config/cfg.py:2609
2025-05-01 00:32:38.986 35091 DEBUG oslo_service.service [-] cache.proxies = [] log_opt_values /usr/lib/python3/dist-packages/oslo_config/cfg.py:2609
2025-05-01 00:32:38.986 35091 DEBUG oslo_service.service [-] cache.tls_allowed_ciphers = None log_opt_values /usr/lib/python3/dist-packages/oslo_config/cfg.py:2609
2025-05-01 00:32:38.986 35091 DEBUG oslo_service.service [-] cache.tls_cafile = None log_opt_values /usr/lib/python3/dist-packages/oslo_config/cfg.py:2609
2025-05-01 00:32:38.986 35091 DEBUG oslo_service.service [-] cache.tls_certfile = None log_opt_values /usr/lib/python3/dist-packages/oslo_config/cfg.py:2609
2025-05-01 00:32:38.986 35091 DEBUG oslo_service.service [-] cache.tls_enabled = False log_opt_values /usr/lib/python3/dist-packages/oslo_config/cfg.py:2609
2025-05-01 00:32:38.986 35091 DEBUG oslo_service.service [-] cache.tls_keyfile = None log_opt_values /usr/lib/python3/dist-packages/oslo_config/cfg.py:2609
2025-05-01 00:32:38.986 35091 DEBUG oslo_service.service [-] constraint_validation_cache.caching = True log_opt_values /usr/lib/python3/dist-packages/oslo_config/cfg.py:2609
2025-05-01 00:32:38.986 35091 DEBUG oslo_service.service [-] constraint_validation_cache.expiration_time = 60 log_opt_values /usr/lib/python3/dist-packages/oslo_config/cfg.py:2609
2025-05-01 00:32:38.987 35091 DEBUG oslo_service.service [-] service_extension_cache.caching = True log_opt_values /usr/lib/python3/dist-packages/oslo_config/cfg.py:2609
2025-05-01 00:32:38.987 35091 DEBUG oslo_service.service [-] service_extension_cache.expiration_time = 3600 log_opt_values /usr/lib/python3/dist-packages/oslo_config/cfg.py:2609
2025-05-01 00:32:38.987 35091 DEBUG oslo_service.service [-] resource_finder_cache.caching = True log_opt_values /usr/lib/python3/dist-packages/oslo_config/cfg.py:2609
2025-05-01 00:32:38.987 35091 DEBUG oslo_service.service [-] resource_finder_cache.expiration_time = 3600 log_opt_values /usr/lib/python3/dist-packages/oslo_config/cfg.py:2609
2025-05-01 00:32:38.987 35091 DEBUG oslo_service.service [-] yaql.limit_iterators = 200 log_opt_values /usr/lib/python3/dist-packages/oslo_config/cfg.py:2609
2025-05-01 00:32:38.987 35091 DEBUG oslo_service.service [-] yaql.memory_quota = 10000 log_opt_values /usr/lib/python3/dist-packages/oslo_config/cfg.py:2609
2025-05-01 00:32:38.987 35091 DEBUG oslo_service.service [-] ******************************************************************************** log_opt_values /usr/lib/python3/dist-packages/oslo_config/cfg.py:2613
2025-05-01 00:32:39.010 35312 INFO heat.engine.worker [-] Starting engine_worker (1.4) in engine e4455c99-6a2a-48ac-9555-65c280b0f514.
2025-05-01 00:32:39.016 35311 INFO heat.engine.worker [-] Starting engine_worker (1.4) in engine a18f7a21-b341-4229-a187-2517eb48c2ea.
2025-05-01 00:32:39.094 35312 DEBUG oslo_db.sqlalchemy.engines [req-233a427f-9b9b-4d13-bb48-f59e4c44a23a - - - - -] MySQL server mode set to STRICT_TRANS_TABLES,STRICT_ALL_TABLES,NO_ZERO_IN_DATE,NO_ZERO_DATE,ERROR_FOR_DIVISION_BY_ZERO,TRADITIONAL,NO_ENGINE_SUBSTITUTION _check_effective_sql_mode /usr/lib/python3/dist-packages/oslo_db/sqlalchemy/engines.py:314
2025-05-01 00:32:39.097 35309 DEBUG oslo_db.sqlalchemy.engines [req-fa4b013e-b914-45fb-a77a-ffcf92859aef - - - - -] MySQL server mode set to STRICT_TRANS_TABLES,STRICT_ALL_TABLES,NO_ZERO_IN_DATE,NO_ZERO_DATE,ERROR_FOR_DIVISION_BY_ZERO,TRADITIONAL,NO_ENGINE_SUBSTITUTION _check_effective_sql_mode /usr/lib/python3/dist-packages/oslo_db/sqlalchemy/engines.py:314
2025-05-01 00:32:39.100 35310 DEBUG oslo_db.sqlalchemy.engines [req-62d77f42-570b-4535-95cc-ace9f4e506e4 - - - - -] MySQL server mode set to STRICT_TRANS_TABLES,STRICT_ALL_TABLES,NO_ZERO_IN_DATE,NO_ZERO_DATE,ERROR_FOR_DIVISION_BY_ZERO,TRADITIONAL,NO_ENGINE_SUBSTITUTION _check_effective_sql_mode /usr/lib/python3/dist-packages/oslo_db/sqlalchemy/engines.py:314
2025-05-01 00:32:39.133 35311 DEBUG oslo_db.sqlalchemy.engines [req-b9449c9f-f2d6-4729-9cf3-e63074fc49e5 - - - - -] MySQL server mode set to STRICT_TRANS_TABLES,STRICT_ALL_TABLES,NO_ZERO_IN_DATE,NO_ZERO_DATE,ERROR_FOR_DIVISION_BY_ZERO,TRADITIONAL,NO_ENGINE_SUBSTITUTION _check_effective_sql_mode /usr/lib/python3/dist-packages/oslo_db/sqlalchemy/engines.py:314
2025-05-01 00:32:39.185 35309 DEBUG heat.engine.service [req-e3496f39-dc1a-48b8-9c8e-210a5fb49b9a - - - - -] Service 741da629-9fb3-4f2d-972e-ef5adfa8dc69 is started service_manage_report /usr/lib/python3/dist-packages/heat/engine/service.py:2363
2025-05-01 00:32:39.188 35312 DEBUG heat.engine.service [req-62dc60f4-8937-46bf-9f85-930790e38a27 - - - - -] Service 223763f8-f4f9-4cb3-9522-95d5e188259f is started service_manage_report /usr/lib/python3/dist-packages/heat/engine/service.py:2363
2025-05-01 00:32:39.201 35310 DEBUG heat.engine.service [req-9ef0c34d-9809-425b-8cd5-c7c8dbd1fc7d - - - - -] Service 68e99fbd-dcc7-4dfa-b1d8-86cd34573fd6 is started service_manage_report /usr/lib/python3/dist-packages/heat/engine/service.py:2363
2025-05-01 00:32:39.209 35309 DEBUG heat.engine.service [req-e3496f39-dc1a-48b8-9c8e-210a5fb49b9a - - - - -] Service 741da629-9fb3-4f2d-972e-ef5adfa8dc69 is updated service_manage_report /usr/lib/python3/dist-packages/heat/engine/service.py:2370
2025-05-01 00:32:39.212 35312 DEBUG heat.engine.service [req-62dc60f4-8937-46bf-9f85-930790e38a27 - - - - -] Service 223763f8-f4f9-4cb3-9522-95d5e188259f is updated service_manage_report /usr/lib/python3/dist-packages/heat/engine/service.py:2370
2025-05-01 00:32:39.218 35311 DEBUG heat.engine.service [req-c69ceaaf-dd6c-4a7e-8fde-9d58b571b6a2 - - - - -] Service 49f35040-d1cf-4329-9076-5f6a2a106e4a is started service_manage_report /usr/lib/python3/dist-packages/heat/engine/service.py:2363
2025-05-01 00:32:39.224 35310 DEBUG heat.engine.service [req-9ef0c34d-9809-425b-8cd5-c7c8dbd1fc7d - - - - -] Service 68e99fbd-dcc7-4dfa-b1d8-86cd34573fd6 is updated service_manage_report /usr/lib/python3/dist-packages/heat/engine/service.py:2370
2025-05-01 00:32:39.235 35311 DEBUG heat.engine.service [req-c69ceaaf-dd6c-4a7e-8fde-9d58b571b6a2 - - - - -] Service 49f35040-d1cf-4329-9076-5f6a2a106e4a is updated service_manage_report /usr/lib/python3/dist-packages/heat/engine/service.py:2370
2025-05-01 00:33:39.176 35309 DEBUG heat.engine.service [req-df151b84-25b6-464c-9e65-45f46d18afdd - - - - -] Service 741da629-9fb3-4f2d-972e-ef5adfa8dc69 is updated service_manage_report /usr/lib/python3/dist-packages/heat/engine/service.py:2370
2025-05-01 00:33:39.182 35312 DEBUG heat.engine.service [req-1f0a6c30-4790-4b10-9cc6-2a03ecbccb45 - - - - -] Service 223763f8-f4f9-4cb3-9522-95d5e188259f is updated service_manage_report /usr/lib/python3/dist-packages/heat/engine/service.py:2370
2025-05-01 00:33:39.184 35310 DEBUG heat.engine.service [req-5664715f-7a6d-4b84-bfa7-d0a8a4fca856 - - - - -] Service 68e99fbd-dcc7-4dfa-b1d8-86cd34573fd6 is updated service_manage_report /usr/lib/python3/dist-packages/heat/engine/service.py:2370
2025-05-01 00:33:39.213 35311 DEBUG heat.engine.service [req-fa2c720e-e2c7-43bb-b0d2-5d4408a79da9 - - - - -] Service 49f35040-d1cf-4329-9076-5f6a2a106e4a is updated service_manage_report /usr/lib/python3/dist-packages/heat/engine/service.py:2370
2025-05-01 00:34:39.173 35309 DEBUG heat.engine.service [req-cd200f59-3f06-4ba3-b793-02134252782d - - - - -] Service 741da629-9fb3-4f2d-972e-ef5adfa8dc69 is updated service_manage_report /usr/lib/python3/dist-packages/heat/engine/service.py:2370
2025-05-01 00:34:39.186 35312 DEBUG heat.engine.service [req-2ed67c2c-ae61-4276-8936-3a79b5dc3ab3 - - - - -] Service 223763f8-f4f9-4cb3-9522-95d5e188259f is updated service_manage_report /usr/lib/python3/dist-packages/heat/engine/service.py:2370
2025-05-01 00:34:39.189 35310 DEBUG heat.engine.service [req-7163f4f2-736b-46ac-8e4e-691dd370f4be - - - - -] Service 68e99fbd-dcc7-4dfa-b1d8-86cd34573fd6 is updated service_manage_report /usr/lib/python3/dist-packages/heat/engine/service.py:2370
2025-05-01 00:34:39.211 35311 DEBUG heat.engine.service [req-786bd4bd-5a6d-4615-9d08-2f6684d819b0 - - - - -] Service 49f35040-d1cf-4329-9076-5f6a2a106e4a is updated service_manage_report /usr/lib/python3/dist-packages/heat/engine/service.py:2370
2025-05-01 00:35:39.184 35309 DEBUG heat.engine.service [req-58bbcebb-e084-45cc-89ad-3ada2ceb2e6d - - - - -] Service 741da629-9fb3-4f2d-972e-ef5adfa8dc69 is updated service_manage_report /usr/lib/python3/dist-packages/heat/engine/service.py:2370
2025-05-01 00:35:39.197 35312 DEBUG heat.engine.service [req-41ea777e-84d2-46fe-8ea9-5f1b8b7f7608 - - - - -] Service 223763f8-f4f9-4cb3-9522-95d5e188259f is updated service_manage_report /usr/lib/python3/dist-packages/heat/engine/service.py:2370
2025-05-01 00:35:39.206 35310 DEBUG heat.engine.service [req-54b6da09-f16c-409e-87c0-11f776056376 - - - - -] Service 68e99fbd-dcc7-4dfa-b1d8-86cd34573fd6 is updated service_manage_report /usr/lib/python3/dist-packages/heat/engine/service.py:2370
2025-05-01 00:35:39.230 35311 DEBUG heat.engine.service [req-78b841a5-7116-4531-a234-a6731d4fd2f3 - - - - -] Service 49f35040-d1cf-4329-9076-5f6a2a106e4a is updated service_manage_report /usr/lib/python3/dist-packages/heat/engine/service.py:2370
2025-05-01 00:36:39.183 35309 DEBUG heat.engine.service [req-d5f07c7d-8376-42f4-aae6-7254071ee9a5 - - - - -] Service 741da629-9fb3-4f2d-972e-ef5adfa8dc69 is updated service_manage_report /usr/lib/python3/dist-packages/heat/engine/service.py:2370
2025-05-01 00:36:39.208 35310 DEBUG heat.engine.service [req-01bcb7bc-0564-4077-bb22-83ace26bce82 - - - - -] Service 68e99fbd-dcc7-4dfa-b1d8-86cd34573fd6 is updated service_manage_report /usr/lib/python3/dist-packages/heat/engine/service.py:2370
2025-05-01 00:36:39.217 35312 DEBUG heat.engine.service [req-7e778247-f735-4f2c-bff6-c892179ae546 - - - - -] Service 223763f8-f4f9-4cb3-9522-95d5e188259f is updated service_manage_report /usr/lib/python3/dist-packages/heat/engine/service.py:2370
2025-05-01 00:36:39.221 35311 DEBUG heat.engine.service [req-c6f5b303-9ade-4396-a990-a24b2ecde713 - - - - -] Service 49f35040-d1cf-4329-9076-5f6a2a106e4a is updated service_manage_report /usr/lib/python3/dist-packages/heat/engine/service.py:2370
2025-05-01 00:37:39.169 35309 DEBUG heat.engine.service [req-8b06bc2f-5b0a-4ab6-a951-34a38083d403 - - - - -] Service 741da629-9fb3-4f2d-972e-ef5adfa8dc69 is updated service_manage_report /usr/lib/python3/dist-packages/heat/engine/service.py:2370
2025-05-01 00:37:39.182 35312 DEBUG heat.engine.service [req-7984c3ed-52d2-4a2d-bbdc-ad2a474cc151 - - - - -] Service 223763f8-f4f9-4cb3-9522-95d5e188259f is updated service_manage_report /usr/lib/python3/dist-packages/heat/engine/service.py:2370
2025-05-01 00:37:39.184 35310 DEBUG heat.engine.service [req-571c6a2c-02d4-4b8c-8ade-addd3e985b70 - - - - -] Service 68e99fbd-dcc7-4dfa-b1d8-86cd34573fd6 is updated service_manage_report /usr/lib/python3/dist-packages/heat/engine/service.py:2370
2025-05-01 00:37:39.213 35311 DEBUG heat.engine.service [req-50b2ce4d-d661-440a-88d5-ad83b6ca1a30 - - - - -] Service 49f35040-d1cf-4329-9076-5f6a2a106e4a is updated service_manage_report /usr/lib/python3/dist-packages/heat/engine/service.py:2370
2025-05-01 00:38:39.175 35309 DEBUG heat.engine.service [req-07fa7825-01d5-4669-bb19-9276c9a5119e - - - - -] Service 741da629-9fb3-4f2d-972e-ef5adfa8dc69 is updated service_manage_report /usr/lib/python3/dist-packages/heat/engine/service.py:2370
2025-05-01 00:38:39.178 35312 DEBUG heat.engine.service [req-26793c82-90f9-4e91-bac0-87c743bf6189 - - - - -] Service 223763f8-f4f9-4cb3-9522-95d5e188259f is updated service_manage_report /usr/lib/python3/dist-packages/heat/engine/service.py:2370
2025-05-01 00:38:39.188 35310 DEBUG heat.engine.service [req-bc25cbe6-a890-479d-9923-f4233a894f41 - - - - -] Service 68e99fbd-dcc7-4dfa-b1d8-86cd34573fd6 is updated service_manage_report /usr/lib/python3/dist-packages/heat/engine/service.py:2370
2025-05-01 00:38:39.207 35311 DEBUG heat.engine.service [req-66b87e20-a01e-42de-add2-360cf3dd1df5 - - - - -] Service 49f35040-d1cf-4329-9076-5f6a2a106e4a is updated service_manage_report /usr/lib/python3/dist-packages/heat/engine/service.py:2370
2025-05-01 00:39:39.172 35309 DEBUG heat.engine.service [req-e5c43749-e52b-4682-98fd-3ecd7946a472 - - - - -] Service 741da629-9fb3-4f2d-972e-ef5adfa8dc69 is updated service_manage_report /usr/lib/python3/dist-packages/heat/engine/service.py:2370
2025-05-01 00:39:39.188 35312 DEBUG heat.engine.service [req-910497fe-4572-40dc-9647-7d78d0f17795 - - - - -] Service 223763f8-f4f9-4cb3-9522-95d5e188259f is updated service_manage_report /usr/lib/python3/dist-packages/heat/engine/service.py:2370
2025-05-01 00:39:39.194 35310 DEBUG heat.engine.service [req-c62f7195-83bb-4ccc-bd07-b7527e2002c3 - - - - -] Service 68e99fbd-dcc7-4dfa-b1d8-86cd34573fd6 is updated service_manage_report /usr/lib/python3/dist-packages/heat/engine/service.py:2370
2025-05-01 00:39:39.212 35311 DEBUG heat.engine.service [req-c14465e8-c4b5-462e-886e-b163b6919ab9 - - - - -] Service 49f35040-d1cf-4329-9076-5f6a2a106e4a is updated service_manage_report /usr/lib/python3/dist-packages/heat/engine/service.py:2370