2025-04-28 00:39:29.079 146011 DEBUG oslo_service.service [req-6cfa6b77-2a8f-4075-8b90-db6ad60d045b - - - - -] api.vendordata_dynamic_read_timeout = 5 log_opt_values /usr/lib/python3/dist-packages/oslo_config/cfg.py:2609
2025-04-28 00:39:29.079 146011 DEBUG oslo_service.service [req-6cfa6b77-2a8f-4075-8b90-db6ad60d045b - - - - -] api.vendordata_dynamic_ssl_certfile = log_opt_values /usr/lib/python3/dist-packages/oslo_config/cfg.py:2609
2025-04-28 00:39:29.079 146011 DEBUG oslo_service.service [req-6cfa6b77-2a8f-4075-8b90-db6ad60d045b - - - - -] api.vendordata_dynamic_targets = [] log_opt_values /usr/lib/python3/dist-packages/oslo_config/cfg.py:2609
2025-04-28 00:39:29.079 146011 DEBUG oslo_service.service [req-6cfa6b77-2a8f-4075-8b90-db6ad60d045b - - - - -] api.vendordata_jsonfile_path = None log_opt_values /usr/lib/python3/dist-packages/oslo_config/cfg.py:2609
2025-04-28 00:39:29.080 146011 DEBUG oslo_service.service [req-6cfa6b77-2a8f-4075-8b90-db6ad60d045b - - - - -] api.vendordata_providers = ['StaticJSON'] log_opt_values /usr/lib/python3/dist-packages/oslo_config/cfg.py:2609
2025-04-28 00:39:29.079 146439 DEBUG oslo_db.sqlalchemy.engines [req-8143a597-3c07-4304-a6d3-680b2cc298cc - - - - -] MySQL server mode set to STRICT_TRANS_TABLES,STRICT_ALL_TABLES,NO_ZERO_IN_DATE,NO_ZERO_DATE,ERROR_FOR_DIVISION_BY_ZERO,TRADITIONAL,NO_ENGINE_SUBSTITUTION _check_effective_sql_mode /usr/lib/python3/dist-packages/oslo_db/sqlalchemy/engines.py:314
2025-04-28 00:39:29.080 146011 DEBUG oslo_service.service [req-6cfa6b77-2a8f-4075-8b90-db6ad60d045b - - - - -] cache.backend = dogpile.cache.null log_opt_values /usr/lib/python3/dist-packages/oslo_config/cfg.py:2609
2025-04-28 00:39:29.080 146011 DEBUG oslo_service.service [req-6cfa6b77-2a8f-4075-8b90-db6ad60d045b - - - - -] cache.backend_argument = **** log_opt_values /usr/lib/python3/dist-packages/oslo_config/cfg.py:2609
2025-04-28 00:39:29.080 146011 DEBUG oslo_service.service [req-6cfa6b77-2a8f-4075-8b90-db6ad60d045b - - - - -] cache.config_prefix = cache.oslo log_opt_values /usr/lib/python3/dist-packages/oslo_config/cfg.py:2609
2025-04-28 00:39:29.080 146011 DEBUG oslo_service.service [req-6cfa6b77-2a8f-4075-8b90-db6ad60d045b - - - - -] cache.debug_cache_backend = False log_opt_values /usr/lib/python3/dist-packages/oslo_config/cfg.py:2609
2025-04-28 00:39:29.081 146011 DEBUG oslo_service.service [req-6cfa6b77-2a8f-4075-8b90-db6ad60d045b - - - - -] cache.enabled = False log_opt_values /usr/lib/python3/dist-packages/oslo_config/cfg.py:2609
2025-04-28 00:39:29.081 146011 DEBUG oslo_service.service [req-6cfa6b77-2a8f-4075-8b90-db6ad60d045b - - - - -] cache.expiration_time = 600 log_opt_values /usr/lib/python3/dist-packages/oslo_config/cfg.py:2609
2025-04-28 00:39:29.081 146011 DEBUG oslo_service.service [req-6cfa6b77-2a8f-4075-8b90-db6ad60d045b - - - - -] cache.memcache_dead_retry = 300 log_opt_values /usr/lib/python3/dist-packages/oslo_config/cfg.py:2609
2025-04-28 00:39:29.081 146011 DEBUG oslo_service.service [req-6cfa6b77-2a8f-4075-8b90-db6ad60d045b - - - - -] cache.memcache_pool_connection_get_timeout = 10 log_opt_values /usr/lib/python3/dist-packages/oslo_config/cfg.py:2609
2025-04-28 00:39:29.081 146011 DEBUG oslo_service.service [req-6cfa6b77-2a8f-4075-8b90-db6ad60d045b - - - - -] cache.memcache_pool_flush_on_reconnect = False log_opt_values /usr/lib/python3/dist-packages/oslo_config/cfg.py:2609
2025-04-28 00:39:29.082 146011 DEBUG oslo_service.service [req-6cfa6b77-2a8f-4075-8b90-db6ad60d045b - - - - -] cache.memcache_pool_maxsize = 10 log_opt_values /usr/lib/python3/dist-packages/oslo_config/cfg.py:2609
2025-04-28 00:39:29.082 146011 DEBUG oslo_service.service [req-6cfa6b77-2a8f-4075-8b90-db6ad60d045b - - - - -] cache.memcache_pool_unused_timeout = 60 log_opt_values /usr/lib/python3/dist-packages/oslo_config/cfg.py:2609
2025-04-28 00:39:29.082 146011 DEBUG oslo_service.service [req-6cfa6b77-2a8f-4075-8b90-db6ad60d045b - - - - -] cache.memcache_servers = ['localhost:11211'] log_opt_values /usr/lib/python3/dist-packages/oslo_config/cfg.py:2609
2025-04-28 00:39:29.082 146011 DEBUG oslo_service.service [req-6cfa6b77-2a8f-4075-8b90-db6ad60d045b - - - - -] cache.memcache_socket_timeout = 1.0 log_opt_values /usr/lib/python3/dist-packages/oslo_config/cfg.py:2609
2025-04-28 00:39:29.082 146011 DEBUG oslo_service.service [req-6cfa6b77-2a8f-4075-8b90-db6ad60d045b - - - - -] cache.proxies = [] log_opt_values /usr/lib/python3/dist-packages/oslo_config/cfg.py:2609
2025-04-28 00:39:29.082 146011 DEBUG oslo_service.service [req-6cfa6b77-2a8f-4075-8b90-db6ad60d045b - - - - -] cache.tls_allowed_ciphers = None log_opt_values /usr/lib/python3/dist-packages/oslo_config/cfg.py:2609
2025-04-28 00:39:29.083 146011 DEBUG oslo_service.service [req-6cfa6b77-2a8f-4075-8b90-db6ad60d045b - - - - -] cache.tls_cafile = None log_opt_values /usr/lib/python3/dist-packages/oslo_config/cfg.py:2609
2025-04-28 00:39:29.083 146011 DEBUG oslo_service.service [req-6cfa6b77-2a8f-4075-8b90-db6ad60d045b - - - - -] cache.tls_certfile = None log_opt_values /usr/lib/python3/dist-packages/oslo_config/cfg.py:2609
2025-04-28 00:39:29.083 146011 DEBUG oslo_service.service [req-6cfa6b77-2a8f-4075-8b90-db6ad60d045b - - - - -] cache.tls_enabled = False log_opt_values /usr/lib/python3/dist-packages/oslo_config/cfg.py:2609
2025-04-28 00:39:29.083 146011 DEBUG oslo_service.service [req-6cfa6b77-2a8f-4075-8b90-db6ad60d045b - - - - -] cache.tls_keyfile = None log_opt_values /usr/lib/python3/dist-packages/oslo_config/cfg.py:2609
2025-04-28 00:39:29.083 146011 DEBUG oslo_service.service [req-6cfa6b77-2a8f-4075-8b90-db6ad60d045b - - - - -] cinder.auth_section = None log_opt_values /usr/lib/python3/dist-packages/oslo_config/cfg.py:2609
2025-04-28 00:39:29.084 146011 DEBUG oslo_service.service [req-6cfa6b77-2a8f-4075-8b90-db6ad60d045b - - - - -] cinder.auth_type = None log_opt_values /usr/lib/python3/dist-packages/oslo_config/cfg.py:2609
2025-04-28 00:39:29.084 146011 DEBUG oslo_service.service [req-6cfa6b77-2a8f-4075-8b90-db6ad60d045b - - - - -] cinder.cafile = None log_opt_values /usr/lib/python3/dist-packages/oslo_config/cfg.py:2609
2025-04-28 00:39:29.084 146011 DEBUG oslo_service.service [req-6cfa6b77-2a8f-4075-8b90-db6ad60d045b - - - - -] cinder.catalog_info = volumev3::publicURL log_opt_values /usr/lib/python3/dist-packages/oslo_config/cfg.py:2609
2025-04-28 00:39:29.084 146011 DEBUG oslo_service.service [req-6cfa6b77-2a8f-4075-8b90-db6ad60d045b - - - - -] cinder.certfile = None log_opt_values /usr/lib/python3/dist-packages/oslo_config/cfg.py:2609
2025-04-28 00:39:29.084 146011 DEBUG oslo_service.service [req-6cfa6b77-2a8f-4075-8b90-db6ad60d045b - - - - -] cinder.collect_timing = False log_opt_values /usr/lib/python3/dist-packages/oslo_config/cfg.py:2609
2025-04-28 00:39:29.084 146011 DEBUG oslo_service.service [req-6cfa6b77-2a8f-4075-8b90-db6ad60d045b - - - - -] cinder.cross_az_attach = True log_opt_values /usr/lib/python3/dist-packages/oslo_config/cfg.py:2609
2025-04-28 00:39:29.085 146011 DEBUG oslo_service.service [req-6cfa6b77-2a8f-4075-8b90-db6ad60d045b - - - - -] cinder.debug = False log_opt_values /usr/lib/python3/dist-packages/oslo_config/cfg.py:2609
2025-04-28 00:39:29.085 146011 DEBUG oslo_service.service [req-6cfa6b77-2a8f-4075-8b90-db6ad60d045b - - - - -] cinder.endpoint_template = None log_opt_values /usr/lib/python3/dist-packages/oslo_config/cfg.py:2609
2025-04-28 00:39:29.085 146011 DEBUG oslo_service.service [req-6cfa6b77-2a8f-4075-8b90-db6ad60d045b - - - - -] cinder.http_retries = 3 log_opt_values /usr/lib/python3/dist-packages/oslo_config/cfg.py:2609
2025-04-28 00:39:29.085 146011 DEBUG oslo_service.service [req-6cfa6b77-2a8f-4075-8b90-db6ad60d045b - - - - -] cinder.insecure = False log_opt_values /usr/lib/python3/dist-packages/oslo_config/cfg.py:2609
2025-04-28 00:39:29.085 146011 DEBUG oslo_service.service [req-6cfa6b77-2a8f-4075-8b90-db6ad60d045b - - - - -] cinder.keyfile = None log_opt_values /usr/lib/python3/dist-packages/oslo_config/cfg.py:2609
2025-04-28 00:39:29.086 146011 DEBUG oslo_service.service [req-6cfa6b77-2a8f-4075-8b90-db6ad60d045b - - - - -] cinder.os_region_name = None log_opt_values /usr/lib/python3/dist-packages/oslo_config/cfg.py:2609
2025-04-28 00:39:29.086 146011 DEBUG oslo_service.service [req-6cfa6b77-2a8f-4075-8b90-db6ad60d045b - - - - -] cinder.split_loggers = False log_opt_values /usr/lib/python3/dist-packages/oslo_config/cfg.py:2609
2025-04-28 00:39:29.086 146011 DEBUG oslo_service.service [req-6cfa6b77-2a8f-4075-8b90-db6ad60d045b - - - - -] cinder.timeout = None log_opt_values /usr/lib/python3/dist-packages/oslo_config/cfg.py:2609
2025-04-28 00:39:29.086 146011 DEBUG oslo_service.service [req-6cfa6b77-2a8f-4075-8b90-db6ad60d045b - - - - -] compute.consecutive_build_service_disable_threshold = 10 log_opt_values /usr/lib/python3/dist-packages/oslo_config/cfg.py:2609
2025-04-28 00:39:29.086 146011 DEBUG oslo_service.service [req-6cfa6b77-2a8f-4075-8b90-db6ad60d045b - - - - -] compute.cpu_dedicated_set = None log_opt_values /usr/lib/python3/dist-packages/oslo_config/cfg.py:2609
2025-04-28 00:39:29.086 146011 DEBUG oslo_service.service [req-6cfa6b77-2a8f-4075-8b90-db6ad60d045b - - - - -] compute.cpu_shared_set = None log_opt_values /usr/lib/python3/dist-packages/oslo_config/cfg.py:2609
2025-04-28 00:39:29.087 146011 DEBUG oslo_service.service [req-6cfa6b77-2a8f-4075-8b90-db6ad60d045b - - - - -] compute.image_type_exclude_list = [] log_opt_values /usr/lib/python3/dist-packages/oslo_config/cfg.py:2609
2025-04-28 00:39:29.087 146011 DEBUG oslo_service.service [req-6cfa6b77-2a8f-4075-8b90-db6ad60d045b - - - - -] compute.live_migration_wait_for_vif_plug = True log_opt_values /usr/lib/python3/dist-packages/oslo_config/cfg.py:2609
2025-04-28 00:39:29.087 146011 DEBUG oslo_service.service [req-6cfa6b77-2a8f-4075-8b90-db6ad60d045b - - - - -] compute.max_concurrent_disk_ops = 0 log_opt_values /usr/lib/python3/dist-packages/oslo_config/cfg.py:2609
2025-04-28 00:39:29.087 146011 DEBUG oslo_service.service [req-6cfa6b77-2a8f-4075-8b90-db6ad60d045b - - - - -] compute.max_disk_devices_to_attach = -1 log_opt_values /usr/lib/python3/dist-packages/oslo_config/cfg.py:2609
2025-04-28 00:39:29.087 146011 DEBUG oslo_service.service [req-6cfa6b77-2a8f-4075-8b90-db6ad60d045b - - - - -] compute.packing_host_numa_cells_allocation_strategy = True log_opt_values /usr/lib/python3/dist-packages/oslo_config/cfg.py:2609
2025-04-28 00:39:29.087 146011 DEBUG oslo_service.service [req-6cfa6b77-2a8f-4075-8b90-db6ad60d045b - - - - -] compute.provider_config_location = /etc/nova/provider_config/ log_opt_values /usr/lib/python3/dist-packages/oslo_config/cfg.py:2609
2025-04-28 00:39:29.088 146011 DEBUG oslo_service.service [req-6cfa6b77-2a8f-4075-8b90-db6ad60d045b - - - - -] compute.resource_provider_association_refresh = 300 log_opt_values /usr/lib/python3/dist-packages/oslo_config/cfg.py:2609
2025-04-28 00:39:29.088 146011 DEBUG oslo_service.service [req-6cfa6b77-2a8f-4075-8b90-db6ad60d045b - - - - -] compute.shutdown_retry_interval = 10 log_opt_values /usr/lib/python3/dist-packages/oslo_config/cfg.py:2609
2025-04-28 00:39:29.088 146011 DEBUG oslo_service.service [req-6cfa6b77-2a8f-4075-8b90-db6ad60d045b - - - - -] compute.vmdk_allowed_types = ['streamOptimized', 'monolithicSparse'] log_opt_values /usr/lib/python3/dist-packages/oslo_config/cfg.py:2609
2025-04-28 00:39:29.088 146011 DEBUG oslo_service.service [req-6cfa6b77-2a8f-4075-8b90-db6ad60d045b - - - - -] conductor.workers = 4 log_opt_values /usr/lib/python3/dist-packages/oslo_config/cfg.py:2609
2025-04-28 00:39:29.089 146011 DEBUG oslo_service.service [req-6cfa6b77-2a8f-4075-8b90-db6ad60d045b - - - - -] console.allowed_origins = [] log_opt_values /usr/lib/python3/dist-packages/oslo_config/cfg.py:2609
2025-04-28 00:39:29.089 146011 DEBUG oslo_service.service [req-6cfa6b77-2a8f-4075-8b90-db6ad60d045b - - - - -] console.ssl_ciphers = None log_opt_values /usr/lib/python3/dist-packages/oslo_config/cfg.py:2609
2025-04-28 00:39:29.089 146011 DEBUG oslo_service.service [req-6cfa6b77-2a8f-4075-8b90-db6ad60d045b - - - - -] console.ssl_minimum_version = default log_opt_values /usr/lib/python3/dist-packages/oslo_config/cfg.py:2609
2025-04-28 00:39:29.089 146011 DEBUG oslo_service.service [req-6cfa6b77-2a8f-4075-8b90-db6ad60d045b - - - - -] consoleauth.token_ttl = 600 log_opt_values /usr/lib/python3/dist-packages/oslo_config/cfg.py:2609
2025-04-28 00:39:29.089 146011 DEBUG oslo_service.service [req-6cfa6b77-2a8f-4075-8b90-db6ad60d045b - - - - -] cyborg.cafile = None log_opt_values /usr/lib/python3/dist-packages/oslo_config/cfg.py:2609
2025-04-28 00:39:29.089 146011 DEBUG oslo_service.service [req-6cfa6b77-2a8f-4075-8b90-db6ad60d045b - - - - -] cyborg.certfile = None log_opt_values /usr/lib/python3/dist-packages/oslo_config/cfg.py:2609
2025-04-28 00:39:29.090 146011 DEBUG oslo_service.service [req-6cfa6b77-2a8f-4075-8b90-db6ad60d045b - - - - -] cyborg.collect_timing = False log_opt_values /usr/lib/python3/dist-packages/oslo_config/cfg.py:2609
2025-04-28 00:39:29.090 146011 DEBUG oslo_service.service [req-6cfa6b77-2a8f-4075-8b90-db6ad60d045b - - - - -] cyborg.connect_retries = None log_opt_values /usr/lib/python3/dist-packages/oslo_config/cfg.py:2609
2025-04-28 00:39:29.090 146011 DEBUG oslo_service.service [req-6cfa6b77-2a8f-4075-8b90-db6ad60d045b - - - - -] cyborg.connect_retry_delay = None log_opt_values /usr/lib/python3/dist-packages/oslo_config/cfg.py:2609
2025-04-28 00:39:29.090 146011 DEBUG oslo_service.service [req-6cfa6b77-2a8f-4075-8b90-db6ad60d045b - - - - -] cyborg.endpoint_override = None log_opt_values /usr/lib/python3/dist-packages/oslo_config/cfg.py:2609
2025-04-28 00:39:29.090 146011 DEBUG oslo_service.service [req-6cfa6b77-2a8f-4075-8b90-db6ad60d045b - - - - -] cyborg.insecure = False log_opt_values /usr/lib/python3/dist-packages/oslo_config/cfg.py:2609
2025-04-28 00:39:29.091 146011 DEBUG oslo_service.service [req-6cfa6b77-2a8f-4075-8b90-db6ad60d045b - - - - -] cyborg.keyfile = None log_opt_values /usr/lib/python3/dist-packages/oslo_config/cfg.py:2609
2025-04-28 00:39:29.091 146011 DEBUG oslo_service.service [req-6cfa6b77-2a8f-4075-8b90-db6ad60d045b - - - - -] cyborg.max_version = None log_opt_values /usr/lib/python3/dist-packages/oslo_config/cfg.py:2609
2025-04-28 00:39:29.091 146011 DEBUG oslo_service.service [req-6cfa6b77-2a8f-4075-8b90-db6ad60d045b - - - - -] cyborg.min_version = None log_opt_values /usr/lib/python3/dist-packages/oslo_config/cfg.py:2609
2025-04-28 00:39:29.091 146011 DEBUG oslo_service.service [req-6cfa6b77-2a8f-4075-8b90-db6ad60d045b - - - - -] cyborg.region_name = None log_opt_values /usr/lib/python3/dist-packages/oslo_config/cfg.py:2609
2025-04-28 00:39:29.091 146437 DEBUG oslo_messaging._drivers.amqpdriver [-] Listener is running poll /usr/lib/python3/dist-packages/oslo_messaging/_drivers/amqpdriver.py:343
2025-04-28 00:39:29.091 146011 DEBUG oslo_service.service [req-6cfa6b77-2a8f-4075-8b90-db6ad60d045b - - - - -] cyborg.service_name = None log_opt_values /usr/lib/python3/dist-packages/oslo_config/cfg.py:2609
2025-04-28 00:39:29.091 146437 DEBUG oslo_messaging._drivers.amqpdriver [-] AMQPListener connection consume poll /usr/lib/python3/dist-packages/oslo_messaging/_drivers/amqpdriver.py:357
2025-04-28 00:39:29.092 146011 DEBUG oslo_service.service [req-6cfa6b77-2a8f-4075-8b90-db6ad60d045b - - - - -] cyborg.service_type = accelerator log_opt_values /usr/lib/python3/dist-packages/oslo_config/cfg.py:2609
2025-04-28 00:39:29.092 146011 DEBUG oslo_service.service [req-6cfa6b77-2a8f-4075-8b90-db6ad60d045b - - - - -] cyborg.split_loggers = False log_opt_values /usr/lib/python3/dist-packages/oslo_config/cfg.py:2609
2025-04-28 00:39:29.092 146011 DEBUG oslo_service.service [req-6cfa6b77-2a8f-4075-8b90-db6ad60d045b - - - - -] cyborg.status_code_retries = None log_opt_values /usr/lib/python3/dist-packages/oslo_config/cfg.py:2609
2025-04-28 00:39:29.092 146011 DEBUG oslo_service.service [req-6cfa6b77-2a8f-4075-8b90-db6ad60d045b - - - - -] cyborg.status_code_retry_delay = None log_opt_values /usr/lib/python3/dist-packages/oslo_config/cfg.py:2609
2025-04-28 00:39:29.092 146437 DEBUG nova.service [req-fc952adc-f7cb-47ea-8bf4-e20536ad6b95 - - - - -] Join ServiceGroup membership for this service conductor start /usr/lib/python3/dist-packages/nova/service.py:199
2025-04-28 00:39:29.092 146011 DEBUG oslo_service.service [req-6cfa6b77-2a8f-4075-8b90-db6ad60d045b - - - - -] cyborg.timeout = None log_opt_values /usr/lib/python3/dist-packages/oslo_config/cfg.py:2609
2025-04-28 00:39:29.092 146011 DEBUG oslo_service.service [req-6cfa6b77-2a8f-4075-8b90-db6ad60d045b - - - - -] cyborg.valid_interfaces = ['internal', 'public'] log_opt_values /usr/lib/python3/dist-packages/oslo_config/cfg.py:2609
2025-04-28 00:39:29.092 146437 DEBUG nova.servicegroup.drivers.db [req-fc952adc-f7cb-47ea-8bf4-e20536ad6b95 - - - - -] DB_Driver: join new ServiceGroup member juju-f12b36-0-lxd-7 to the conductor group, service = join /usr/lib/python3/dist-packages/nova/servicegroup/drivers/db.py:44
2025-04-28 00:39:29.093 146011 DEBUG oslo_service.service [req-6cfa6b77-2a8f-4075-8b90-db6ad60d045b - - - - -] cyborg.version = None log_opt_values /usr/lib/python3/dist-packages/oslo_config/cfg.py:2609
2025-04-28 00:39:29.093 146011 DEBUG oslo_service.service [req-6cfa6b77-2a8f-4075-8b90-db6ad60d045b - - - - -] database.backend = sqlalchemy log_opt_values /usr/lib/python3/dist-packages/oslo_config/cfg.py:2609
2025-04-28 00:39:29.093 146011 DEBUG oslo_service.service [req-6cfa6b77-2a8f-4075-8b90-db6ad60d045b - - - - -] database.connection = **** log_opt_values /usr/lib/python3/dist-packages/oslo_config/cfg.py:2609
2025-04-28 00:39:29.093 146011 DEBUG oslo_service.service [req-6cfa6b77-2a8f-4075-8b90-db6ad60d045b - - - - -] database.connection_debug = 0 log_opt_values /usr/lib/python3/dist-packages/oslo_config/cfg.py:2609
2025-04-28 00:39:29.093 146011 DEBUG oslo_service.service [req-6cfa6b77-2a8f-4075-8b90-db6ad60d045b - - - - -] database.connection_parameters = log_opt_values /usr/lib/python3/dist-packages/oslo_config/cfg.py:2609
2025-04-28 00:39:29.093 146436 DEBUG oslo_messaging._drivers.amqpdriver [-] Listener is running poll /usr/lib/python3/dist-packages/oslo_messaging/_drivers/amqpdriver.py:343
2025-04-28 00:39:29.094 146437 DEBUG oslo_messaging._drivers.amqpdriver [-] received message msg_id: 6bbe5f9610cf47fd87f011bc1644bbca reply to reply_97bbf606c67840e6806e8fac481d7b6b __call__ /usr/lib/python3/dist-packages/oslo_messaging/_drivers/amqpdriver.py:320
2025-04-28 00:39:29.094 146011 DEBUG oslo_service.service [req-6cfa6b77-2a8f-4075-8b90-db6ad60d045b - - - - -] database.connection_recycle_time = 3600 log_opt_values /usr/lib/python3/dist-packages/oslo_config/cfg.py:2609
2025-04-28 00:39:29.094 146436 DEBUG oslo_messaging._drivers.amqpdriver [-] AMQPListener connection consume poll /usr/lib/python3/dist-packages/oslo_messaging/_drivers/amqpdriver.py:357
2025-04-28 00:39:29.094 146011 DEBUG oslo_service.service [req-6cfa6b77-2a8f-4075-8b90-db6ad60d045b - - - - -] database.connection_trace = False log_opt_values /usr/lib/python3/dist-packages/oslo_config/cfg.py:2609
2025-04-28 00:39:29.094 146011 DEBUG oslo_service.service [req-6cfa6b77-2a8f-4075-8b90-db6ad60d045b - - - - -] database.db_inc_retry_interval = True log_opt_values /usr/lib/python3/dist-packages/oslo_config/cfg.py:2609
2025-04-28 00:39:29.094 146011 DEBUG oslo_service.service [req-6cfa6b77-2a8f-4075-8b90-db6ad60d045b - - - - -] database.db_max_retries = 20 log_opt_values /usr/lib/python3/dist-packages/oslo_config/cfg.py:2609
2025-04-28 00:39:29.094 146011 DEBUG oslo_service.service [req-6cfa6b77-2a8f-4075-8b90-db6ad60d045b - - - - -] database.db_max_retry_interval = 10 log_opt_values /usr/lib/python3/dist-packages/oslo_config/cfg.py:2609
2025-04-28 00:39:29.094 146011 DEBUG oslo_service.service [req-6cfa6b77-2a8f-4075-8b90-db6ad60d045b - - - - -] database.db_retry_interval = 1 log_opt_values /usr/lib/python3/dist-packages/oslo_config/cfg.py:2609
2025-04-28 00:39:29.095 146011 DEBUG oslo_service.service [req-6cfa6b77-2a8f-4075-8b90-db6ad60d045b - - - - -] database.max_overflow = 50 log_opt_values /usr/lib/python3/dist-packages/oslo_config/cfg.py:2609
2025-04-28 00:39:29.094 146436 DEBUG nova.service [req-0eca2538-c764-42ac-b4a4-07e007f1bf47 - - - - -] Join ServiceGroup membership for this service conductor start /usr/lib/python3/dist-packages/nova/service.py:199
2025-04-28 00:39:29.095 146011 DEBUG oslo_service.service [req-6cfa6b77-2a8f-4075-8b90-db6ad60d045b - - - - -] database.max_pool_size = 4 log_opt_values /usr/lib/python3/dist-packages/oslo_config/cfg.py:2609
2025-04-28 00:39:29.095 146011 DEBUG oslo_service.service [req-6cfa6b77-2a8f-4075-8b90-db6ad60d045b - - - - -] database.max_retries = 10 log_opt_values /usr/lib/python3/dist-packages/oslo_config/cfg.py:2609
2025-04-28 00:39:29.095 146011 DEBUG oslo_service.service [req-6cfa6b77-2a8f-4075-8b90-db6ad60d045b - - - - -] database.mysql_enable_ndb = False log_opt_values /usr/lib/python3/dist-packages/oslo_config/cfg.py:2609
2025-04-28 00:39:29.095 146436 DEBUG nova.servicegroup.drivers.db [req-0eca2538-c764-42ac-b4a4-07e007f1bf47 - - - - -] DB_Driver: join new ServiceGroup member juju-f12b36-0-lxd-7 to the conductor group, service = join /usr/lib/python3/dist-packages/nova/servicegroup/drivers/db.py:44
2025-04-28 00:39:29.095 146011 DEBUG oslo_service.service [req-6cfa6b77-2a8f-4075-8b90-db6ad60d045b - - - - -] database.mysql_sql_mode = TRADITIONAL log_opt_values /usr/lib/python3/dist-packages/oslo_config/cfg.py:2609
2025-04-28 00:39:29.096 146011 DEBUG oslo_service.service [req-6cfa6b77-2a8f-4075-8b90-db6ad60d045b - - - - -] database.pool_timeout = None log_opt_values /usr/lib/python3/dist-packages/oslo_config/cfg.py:2609
2025-04-28 00:39:29.096 146011 DEBUG oslo_service.service [req-6cfa6b77-2a8f-4075-8b90-db6ad60d045b - - - - -] database.retry_interval = 10 log_opt_values /usr/lib/python3/dist-packages/oslo_config/cfg.py:2609
2025-04-28 00:39:29.096 146011 DEBUG oslo_service.service [req-6cfa6b77-2a8f-4075-8b90-db6ad60d045b - - - - -] database.slave_connection = **** log_opt_values /usr/lib/python3/dist-packages/oslo_config/cfg.py:2609
2025-04-28 00:39:29.096 146011 DEBUG oslo_service.service [req-6cfa6b77-2a8f-4075-8b90-db6ad60d045b - - - - -] database.sqlite_synchronous = True log_opt_values /usr/lib/python3/dist-packages/oslo_config/cfg.py:2609
2025-04-28 00:39:29.096 146011 DEBUG oslo_service.service [req-6cfa6b77-2a8f-4075-8b90-db6ad60d045b - - - - -] database.use_db_reconnect = False log_opt_values /usr/lib/python3/dist-packages/oslo_config/cfg.py:2609
2025-04-28 00:39:29.096 146437 DEBUG oslo_messaging._drivers.amqpdriver [-] AMQPListener connection timeout poll /usr/lib/python3/dist-packages/oslo_messaging/_drivers/amqpdriver.py:360
2025-04-28 00:39:29.096 146011 DEBUG oslo_service.service [req-6cfa6b77-2a8f-4075-8b90-db6ad60d045b - - - - -] api_database.backend = sqlalchemy log_opt_values /usr/lib/python3/dist-packages/oslo_config/cfg.py:2609
2025-04-28 00:39:29.097 146437 DEBUG oslo_messaging._drivers.amqpdriver [-] Listener is running poll /usr/lib/python3/dist-packages/oslo_messaging/_drivers/amqpdriver.py:343
2025-04-28 00:39:29.097 146011 DEBUG oslo_service.service [req-6cfa6b77-2a8f-4075-8b90-db6ad60d045b - - - - -] api_database.connection = **** log_opt_values /usr/lib/python3/dist-packages/oslo_config/cfg.py:2609
2025-04-28 00:39:29.097 146437 DEBUG oslo_messaging._drivers.amqpdriver [-] Poll the incoming message with unique_id: 3f024eb1682344b9be82fee223cad53b poll /usr/lib/python3/dist-packages/oslo_messaging/_drivers/amqpdriver.py:346
2025-04-28 00:39:29.097 146011 DEBUG oslo_service.service [req-6cfa6b77-2a8f-4075-8b90-db6ad60d045b - - - - -] api_database.connection_debug = 0 log_opt_values /usr/lib/python3/dist-packages/oslo_config/cfg.py:2609
2025-04-28 00:39:29.097 146011 DEBUG oslo_service.service [req-6cfa6b77-2a8f-4075-8b90-db6ad60d045b - - - - -] api_database.connection_parameters = log_opt_values /usr/lib/python3/dist-packages/oslo_config/cfg.py:2609
2025-04-28 00:39:29.097 146011 DEBUG oslo_service.service [req-6cfa6b77-2a8f-4075-8b90-db6ad60d045b - - - - -] api_database.connection_recycle_time = 3600 log_opt_values /usr/lib/python3/dist-packages/oslo_config/cfg.py:2609
2025-04-28 00:39:29.097 146437 DEBUG oslo_messaging._drivers.amqpdriver [-] Listener is running poll /usr/lib/python3/dist-packages/oslo_messaging/_drivers/amqpdriver.py:343
2025-04-28 00:39:29.097 146011 DEBUG oslo_service.service [req-6cfa6b77-2a8f-4075-8b90-db6ad60d045b - - - - -] api_database.connection_trace = False log_opt_values /usr/lib/python3/dist-packages/oslo_config/cfg.py:2609
2025-04-28 00:39:29.097 146437 DEBUG oslo_messaging._drivers.amqpdriver [-] AMQPListener connection consume poll /usr/lib/python3/dist-packages/oslo_messaging/_drivers/amqpdriver.py:357
2025-04-28 00:39:29.098 146011 DEBUG oslo_service.service [req-6cfa6b77-2a8f-4075-8b90-db6ad60d045b - - - - -] api_database.db_inc_retry_interval = True log_opt_values /usr/lib/python3/dist-packages/oslo_config/cfg.py:2609
2025-04-28 00:39:29.098 146011 DEBUG oslo_service.service [req-6cfa6b77-2a8f-4075-8b90-db6ad60d045b - - - - -] api_database.db_max_retries = 20 log_opt_values /usr/lib/python3/dist-packages/oslo_config/cfg.py:2609
2025-04-28 00:39:29.098 146011 DEBUG oslo_service.service [req-6cfa6b77-2a8f-4075-8b90-db6ad60d045b - - - - -] api_database.db_max_retry_interval = 10 log_opt_values /usr/lib/python3/dist-packages/oslo_config/cfg.py:2609
2025-04-28 00:39:29.098 146438 DEBUG oslo_messaging._drivers.amqpdriver [-] Listener is running poll /usr/lib/python3/dist-packages/oslo_messaging/_drivers/amqpdriver.py:343
2025-04-28 00:39:29.098 146011 DEBUG oslo_service.service [req-6cfa6b77-2a8f-4075-8b90-db6ad60d045b - - - - -] api_database.db_retry_interval = 1 log_opt_values /usr/lib/python3/dist-packages/oslo_config/cfg.py:2609
2025-04-28 00:39:29.098 146438 DEBUG oslo_messaging._drivers.amqpdriver [-] AMQPListener connection consume poll /usr/lib/python3/dist-packages/oslo_messaging/_drivers/amqpdriver.py:357
2025-04-28 00:39:29.098 146436 DEBUG oslo_messaging._drivers.amqpdriver [-] AMQPListener connection timeout poll /usr/lib/python3/dist-packages/oslo_messaging/_drivers/amqpdriver.py:360
2025-04-28 00:39:29.098 146011 DEBUG oslo_service.service [req-6cfa6b77-2a8f-4075-8b90-db6ad60d045b - - - - -] api_database.max_overflow = 50 log_opt_values /usr/lib/python3/dist-packages/oslo_config/cfg.py:2609
2025-04-28 00:39:29.098 146436 DEBUG oslo_messaging._drivers.amqpdriver [-] Listener is running poll /usr/lib/python3/dist-packages/oslo_messaging/_drivers/amqpdriver.py:343
2025-04-28 00:39:29.098 146011 DEBUG oslo_service.service [req-6cfa6b77-2a8f-4075-8b90-db6ad60d045b - - - - -] api_database.max_pool_size = 4 log_opt_values /usr/lib/python3/dist-packages/oslo_config/cfg.py:2609
2025-04-28 00:39:29.099 146436 DEBUG oslo_messaging._drivers.amqpdriver [-] AMQPListener connection consume poll /usr/lib/python3/dist-packages/oslo_messaging/_drivers/amqpdriver.py:357
2025-04-28 00:39:29.099 146011 DEBUG oslo_service.service [req-6cfa6b77-2a8f-4075-8b90-db6ad60d045b - - - - -] api_database.max_retries = 10 log_opt_values /usr/lib/python3/dist-packages/oslo_config/cfg.py:2609
2025-04-28 00:39:29.099 146011 DEBUG oslo_service.service [req-6cfa6b77-2a8f-4075-8b90-db6ad60d045b - - - - -] api_database.mysql_enable_ndb = False log_opt_values /usr/lib/python3/dist-packages/oslo_config/cfg.py:2609
2025-04-28 00:39:29.099 146011 DEBUG oslo_service.service [req-6cfa6b77-2a8f-4075-8b90-db6ad60d045b - - - - -] api_database.mysql_sql_mode = TRADITIONAL log_opt_values /usr/lib/python3/dist-packages/oslo_config/cfg.py:2609
2025-04-28 00:39:29.099 146011 DEBUG oslo_service.service [req-6cfa6b77-2a8f-4075-8b90-db6ad60d045b - - - - -] api_database.pool_timeout = None log_opt_values /usr/lib/python3/dist-packages/oslo_config/cfg.py:2609
2025-04-28 00:39:29.099 146011 DEBUG oslo_service.service [req-6cfa6b77-2a8f-4075-8b90-db6ad60d045b - - - - -] api_database.retry_interval = 10 log_opt_values /usr/lib/python3/dist-packages/oslo_config/cfg.py:2609
2025-04-28 00:39:29.100 146011 DEBUG oslo_service.service [req-6cfa6b77-2a8f-4075-8b90-db6ad60d045b - - - - -] api_database.slave_connection = **** log_opt_values /usr/lib/python3/dist-packages/oslo_config/cfg.py:2609
2025-04-28 00:39:29.099 146438 DEBUG nova.service [req-c2362d67-2a92-4f1a-a6f4-5a503e4586e0 - - - - -] Join ServiceGroup membership for this service conductor start /usr/lib/python3/dist-packages/nova/service.py:199
2025-04-28 00:39:29.100 146011 DEBUG oslo_service.service [req-6cfa6b77-2a8f-4075-8b90-db6ad60d045b - - - - -] api_database.sqlite_synchronous = True log_opt_values /usr/lib/python3/dist-packages/oslo_config/cfg.py:2609
2025-04-28 00:39:29.100 146438 DEBUG nova.servicegroup.drivers.db [req-c2362d67-2a92-4f1a-a6f4-5a503e4586e0 - - - - -] DB_Driver: join new ServiceGroup member juju-f12b36-0-lxd-7 to the conductor group, service = join /usr/lib/python3/dist-packages/nova/servicegroup/drivers/db.py:44
2025-04-28 00:39:29.100 146011 DEBUG oslo_service.service [req-6cfa6b77-2a8f-4075-8b90-db6ad60d045b - - - - -] devices.enabled_mdev_types = [] log_opt_values /usr/lib/python3/dist-packages/oslo_config/cfg.py:2609
2025-04-28 00:39:29.100 146011 DEBUG oslo_service.service [req-6cfa6b77-2a8f-4075-8b90-db6ad60d045b - - - - -] ephemeral_storage_encryption.cipher = aes-xts-plain64 log_opt_values /usr/lib/python3/dist-packages/oslo_config/cfg.py:2609
2025-04-28 00:39:29.100 146011 DEBUG oslo_service.service [req-6cfa6b77-2a8f-4075-8b90-db6ad60d045b - - - - -] ephemeral_storage_encryption.enabled = False log_opt_values /usr/lib/python3/dist-packages/oslo_config/cfg.py:2609
2025-04-28 00:39:29.101 146011 DEBUG oslo_service.service [req-6cfa6b77-2a8f-4075-8b90-db6ad60d045b - - - - -] ephemeral_storage_encryption.key_size = 512 log_opt_values /usr/lib/python3/dist-packages/oslo_config/cfg.py:2609
2025-04-28 00:39:29.101 146011 WARNING oslo_config.cfg [req-6cfa6b77-2a8f-4075-8b90-db6ad60d045b - - - - -] Deprecated: Option "api_servers" from group "glance" is deprecated for removal ( Support for image service configuration via standard keystoneauth1 Adapter options was added in the 17.0.0 Queens release. The api_servers option was retained temporarily to allow consumers time to cut over to a real load balancing solution. ). Its value may be silently ignored in the future.
2025-04-28 00:39:29.101 146011 DEBUG oslo_service.service [req-6cfa6b77-2a8f-4075-8b90-db6ad60d045b - - - - -] glance.api_servers = ['http://252.241.176.151:9292'] log_opt_values /usr/lib/python3/dist-packages/oslo_config/cfg.py:2609
2025-04-28 00:39:29.101 146011 DEBUG oslo_service.service [req-6cfa6b77-2a8f-4075-8b90-db6ad60d045b - - - - -] glance.cafile = None log_opt_values /usr/lib/python3/dist-packages/oslo_config/cfg.py:2609
2025-04-28 00:39:29.101 146011 DEBUG oslo_service.service [req-6cfa6b77-2a8f-4075-8b90-db6ad60d045b - - - - -] glance.certfile = None log_opt_values /usr/lib/python3/dist-packages/oslo_config/cfg.py:2609
2025-04-28 00:39:29.102 146438 DEBUG oslo_messaging._drivers.amqpdriver [-] AMQPListener connection timeout poll /usr/lib/python3/dist-packages/oslo_messaging/_drivers/amqpdriver.py:360
2025-04-28 00:39:29.102 146011 DEBUG oslo_service.service [req-6cfa6b77-2a8f-4075-8b90-db6ad60d045b - - - - -] glance.collect_timing = False log_opt_values /usr/lib/python3/dist-packages/oslo_config/cfg.py:2609
2025-04-28 00:39:29.102 146438 DEBUG oslo_messaging._drivers.amqpdriver [-] Listener is running poll /usr/lib/python3/dist-packages/oslo_messaging/_drivers/amqpdriver.py:343
2025-04-28 00:39:29.102 146011 DEBUG oslo_service.service [req-6cfa6b77-2a8f-4075-8b90-db6ad60d045b - - - - -] glance.connect_retries = None log_opt_values /usr/lib/python3/dist-packages/oslo_config/cfg.py:2609
2025-04-28 00:39:29.102 146438 DEBUG oslo_messaging._drivers.amqpdriver [-] AMQPListener connection consume poll /usr/lib/python3/dist-packages/oslo_messaging/_drivers/amqpdriver.py:357
2025-04-28 00:39:29.102 146011 DEBUG oslo_service.service [req-6cfa6b77-2a8f-4075-8b90-db6ad60d045b - - - - -] glance.connect_retry_delay = None log_opt_values /usr/lib/python3/dist-packages/oslo_config/cfg.py:2609
2025-04-28 00:39:29.102 146011 DEBUG oslo_service.service [req-6cfa6b77-2a8f-4075-8b90-db6ad60d045b - - - - -] glance.debug = False log_opt_values /usr/lib/python3/dist-packages/oslo_config/cfg.py:2609
2025-04-28 00:39:29.102 146011 DEBUG oslo_service.service [req-6cfa6b77-2a8f-4075-8b90-db6ad60d045b - - - - -] glance.default_trusted_certificate_ids = [] log_opt_values /usr/lib/python3/dist-packages/oslo_config/cfg.py:2609
2025-04-28 00:39:29.103 146011 DEBUG oslo_service.service [req-6cfa6b77-2a8f-4075-8b90-db6ad60d045b - - - - -] glance.enable_certificate_validation = False log_opt_values /usr/lib/python3/dist-packages/oslo_config/cfg.py:2609
2025-04-28 00:39:29.103 146011 DEBUG oslo_service.service [req-6cfa6b77-2a8f-4075-8b90-db6ad60d045b - - - - -] glance.enable_rbd_download = False log_opt_values /usr/lib/python3/dist-packages/oslo_config/cfg.py:2609
2025-04-28 00:39:29.103 146011 DEBUG oslo_service.service [req-6cfa6b77-2a8f-4075-8b90-db6ad60d045b - - - - -] glance.endpoint_override = None log_opt_values /usr/lib/python3/dist-packages/oslo_config/cfg.py:2609
2025-04-28 00:39:29.103 146011 DEBUG oslo_service.service [req-6cfa6b77-2a8f-4075-8b90-db6ad60d045b - - - - -] glance.insecure = False log_opt_values /usr/lib/python3/dist-packages/oslo_config/cfg.py:2609
2025-04-28 00:39:29.103 146011 DEBUG oslo_service.service [req-6cfa6b77-2a8f-4075-8b90-db6ad60d045b - - - - -] glance.keyfile = None log_opt_values /usr/lib/python3/dist-packages/oslo_config/cfg.py:2609
2025-04-28 00:39:29.103 146011 DEBUG oslo_service.service [req-6cfa6b77-2a8f-4075-8b90-db6ad60d045b - - - - -] glance.max_version = None log_opt_values /usr/lib/python3/dist-packages/oslo_config/cfg.py:2609
2025-04-28 00:39:29.104 146011 DEBUG oslo_service.service [req-6cfa6b77-2a8f-4075-8b90-db6ad60d045b - - - - -] glance.min_version = None log_opt_values /usr/lib/python3/dist-packages/oslo_config/cfg.py:2609
2025-04-28 00:39:29.104 146011 DEBUG oslo_service.service [req-6cfa6b77-2a8f-4075-8b90-db6ad60d045b - - - - -] glance.num_retries = 3 log_opt_values /usr/lib/python3/dist-packages/oslo_config/cfg.py:2609
2025-04-28 00:39:29.104 146011 DEBUG oslo_service.service [req-6cfa6b77-2a8f-4075-8b90-db6ad60d045b - - - - -] glance.rbd_ceph_conf = log_opt_values /usr/lib/python3/dist-packages/oslo_config/cfg.py:2609
2025-04-28 00:39:29.104 146011 DEBUG oslo_service.service [req-6cfa6b77-2a8f-4075-8b90-db6ad60d045b - - - - -] glance.rbd_connect_timeout = 5 log_opt_values /usr/lib/python3/dist-packages/oslo_config/cfg.py:2609
2025-04-28 00:39:29.104 146011 DEBUG oslo_service.service [req-6cfa6b77-2a8f-4075-8b90-db6ad60d045b - - - - -] glance.rbd_pool = log_opt_values /usr/lib/python3/dist-packages/oslo_config/cfg.py:2609
2025-04-28 00:39:29.105 146011 DEBUG oslo_service.service [req-6cfa6b77-2a8f-4075-8b90-db6ad60d045b - - - - -] glance.rbd_user = log_opt_values /usr/lib/python3/dist-packages/oslo_config/cfg.py:2609
2025-04-28 00:39:29.105 146011 DEBUG oslo_service.service [req-6cfa6b77-2a8f-4075-8b90-db6ad60d045b - - - - -] glance.region_name = None log_opt_values /usr/lib/python3/dist-packages/oslo_config/cfg.py:2609
2025-04-28 00:39:29.105 146011 DEBUG oslo_service.service [req-6cfa6b77-2a8f-4075-8b90-db6ad60d045b - - - - -] glance.service_name = None log_opt_values /usr/lib/python3/dist-packages/oslo_config/cfg.py:2609
2025-04-28 00:39:29.105 146011 DEBUG oslo_service.service [req-6cfa6b77-2a8f-4075-8b90-db6ad60d045b - - - - -] glance.service_type = image log_opt_values /usr/lib/python3/dist-packages/oslo_config/cfg.py:2609
2025-04-28 00:39:29.105 146011 DEBUG oslo_service.service [req-6cfa6b77-2a8f-4075-8b90-db6ad60d045b - - - - -] glance.split_loggers = False log_opt_values /usr/lib/python3/dist-packages/oslo_config/cfg.py:2609
2025-04-28 00:39:29.105 146011 DEBUG oslo_service.service [req-6cfa6b77-2a8f-4075-8b90-db6ad60d045b - - - - -] glance.status_code_retries = None log_opt_values /usr/lib/python3/dist-packages/oslo_config/cfg.py:2609
2025-04-28 00:39:29.106 146011 DEBUG oslo_service.service [req-6cfa6b77-2a8f-4075-8b90-db6ad60d045b - - - - -] glance.status_code_retry_delay = None log_opt_values /usr/lib/python3/dist-packages/oslo_config/cfg.py:2609
2025-04-28 00:39:29.106 146011 DEBUG oslo_service.service [req-6cfa6b77-2a8f-4075-8b90-db6ad60d045b - - - - -] glance.timeout = None log_opt_values /usr/lib/python3/dist-packages/oslo_config/cfg.py:2609
2025-04-28 00:39:29.106 146011 DEBUG oslo_service.service [req-6cfa6b77-2a8f-4075-8b90-db6ad60d045b - - - - -] glance.valid_interfaces = ['internal', 'public'] log_opt_values /usr/lib/python3/dist-packages/oslo_config/cfg.py:2609
2025-04-28 00:39:29.106 146011 DEBUG oslo_service.service [req-6cfa6b77-2a8f-4075-8b90-db6ad60d045b - - - - -] glance.verify_glance_signatures = False log_opt_values /usr/lib/python3/dist-packages/oslo_config/cfg.py:2609
2025-04-28 00:39:29.106 146011 DEBUG oslo_service.service [req-6cfa6b77-2a8f-4075-8b90-db6ad60d045b - - - - -] glance.version = None log_opt_values /usr/lib/python3/dist-packages/oslo_config/cfg.py:2609
2025-04-28 00:39:29.106 146011 DEBUG oslo_service.service [req-6cfa6b77-2a8f-4075-8b90-db6ad60d045b - - - - -] guestfs.debug = False log_opt_values /usr/lib/python3/dist-packages/oslo_config/cfg.py:2609
2025-04-28 00:39:29.107 146011 DEBUG oslo_service.service [req-6cfa6b77-2a8f-4075-8b90-db6ad60d045b - - - - -] hyperv.config_drive_cdrom = False log_opt_values /usr/lib/python3/dist-packages/oslo_config/cfg.py:2609
2025-04-28 00:39:29.107 146011 DEBUG oslo_service.service [req-6cfa6b77-2a8f-4075-8b90-db6ad60d045b - - - - -] hyperv.config_drive_inject_password = False log_opt_values /usr/lib/python3/dist-packages/oslo_config/cfg.py:2609
2025-04-28 00:39:29.107 146011 DEBUG oslo_service.service [req-6cfa6b77-2a8f-4075-8b90-db6ad60d045b - - - - -] hyperv.dynamic_memory_ratio = 1.0 log_opt_values /usr/lib/python3/dist-packages/oslo_config/cfg.py:2609
2025-04-28 00:39:29.107 146011 DEBUG oslo_service.service [req-6cfa6b77-2a8f-4075-8b90-db6ad60d045b - - - - -] hyperv.enable_instance_metrics_collection = False log_opt_values /usr/lib/python3/dist-packages/oslo_config/cfg.py:2609
2025-04-28 00:39:29.107 146011 DEBUG oslo_service.service [req-6cfa6b77-2a8f-4075-8b90-db6ad60d045b - - - - -] hyperv.enable_remotefx = False log_opt_values /usr/lib/python3/dist-packages/oslo_config/cfg.py:2609
2025-04-28 00:39:29.108 146011 DEBUG oslo_service.service [req-6cfa6b77-2a8f-4075-8b90-db6ad60d045b - - - - -] hyperv.instances_path_share = log_opt_values /usr/lib/python3/dist-packages/oslo_config/cfg.py:2609
2025-04-28 00:39:29.108 146011 DEBUG oslo_service.service [req-6cfa6b77-2a8f-4075-8b90-db6ad60d045b - - - - -] hyperv.iscsi_initiator_list = [] log_opt_values /usr/lib/python3/dist-packages/oslo_config/cfg.py:2609
2025-04-28 00:39:29.108 146011 DEBUG oslo_service.service [req-6cfa6b77-2a8f-4075-8b90-db6ad60d045b - - - - -] hyperv.limit_cpu_features = False log_opt_values /usr/lib/python3/dist-packages/oslo_config/cfg.py:2609
2025-04-28 00:39:29.108 146011 DEBUG oslo_service.service [req-6cfa6b77-2a8f-4075-8b90-db6ad60d045b - - - - -] hyperv.mounted_disk_query_retry_count = 10 log_opt_values /usr/lib/python3/dist-packages/oslo_config/cfg.py:2609
2025-04-28 00:39:29.108 146011 DEBUG oslo_service.service [req-6cfa6b77-2a8f-4075-8b90-db6ad60d045b - - - - -] hyperv.mounted_disk_query_retry_interval = 5 log_opt_values /usr/lib/python3/dist-packages/oslo_config/cfg.py:2609
2025-04-28 00:39:29.109 146011 DEBUG oslo_service.service [req-6cfa6b77-2a8f-4075-8b90-db6ad60d045b - - - - -] hyperv.power_state_check_timeframe = 60 log_opt_values /usr/lib/python3/dist-packages/oslo_config/cfg.py:2609
2025-04-28 00:39:29.109 146011 DEBUG oslo_service.service [req-6cfa6b77-2a8f-4075-8b90-db6ad60d045b - - - - -] hyperv.power_state_event_polling_interval = 2 log_opt_values /usr/lib/python3/dist-packages/oslo_config/cfg.py:2609
2025-04-28 00:39:29.109 146011 DEBUG oslo_service.service [req-6cfa6b77-2a8f-4075-8b90-db6ad60d045b - - - - -] hyperv.qemu_img_cmd = qemu-img.exe log_opt_values /usr/lib/python3/dist-packages/oslo_config/cfg.py:2609
2025-04-28 00:39:29.109 146011 DEBUG oslo_service.service [req-6cfa6b77-2a8f-4075-8b90-db6ad60d045b - - - - -] hyperv.use_multipath_io = False log_opt_values /usr/lib/python3/dist-packages/oslo_config/cfg.py:2609
2025-04-28 00:39:29.109 146011 DEBUG oslo_service.service [req-6cfa6b77-2a8f-4075-8b90-db6ad60d045b - - - - -] hyperv.volume_attach_retry_count = 10 log_opt_values /usr/lib/python3/dist-packages/oslo_config/cfg.py:2609
2025-04-28 00:39:29.109 146011 DEBUG oslo_service.service [req-6cfa6b77-2a8f-4075-8b90-db6ad60d045b - - - - -] hyperv.volume_attach_retry_interval = 5 log_opt_values /usr/lib/python3/dist-packages/oslo_config/cfg.py:2609
2025-04-28 00:39:29.110 146011 DEBUG oslo_service.service [req-6cfa6b77-2a8f-4075-8b90-db6ad60d045b - - - - -] hyperv.vswitch_name = None log_opt_values /usr/lib/python3/dist-packages/oslo_config/cfg.py:2609
2025-04-28 00:39:29.110 146011 DEBUG oslo_service.service [req-6cfa6b77-2a8f-4075-8b90-db6ad60d045b - - - - -] hyperv.wait_soft_reboot_seconds = 60 log_opt_values /usr/lib/python3/dist-packages/oslo_config/cfg.py:2609
2025-04-28 00:39:29.110 146011 DEBUG oslo_service.service [req-6cfa6b77-2a8f-4075-8b90-db6ad60d045b - - - - -] mks.enabled = False log_opt_values /usr/lib/python3/dist-packages/oslo_config/cfg.py:2609
2025-04-28 00:39:29.110 146439 DEBUG nova.service [req-8143a597-3c07-4304-a6d3-680b2cc298cc - - - - -] Creating RPC server for service conductor start /usr/lib/python3/dist-packages/nova/service.py:182
2025-04-28 00:39:29.111 146011 DEBUG oslo_service.service [req-6cfa6b77-2a8f-4075-8b90-db6ad60d045b - - - - -] mks.mksproxy_base_url = http://127.0.0.1:6090/ log_opt_values /usr/lib/python3/dist-packages/oslo_config/cfg.py:2609
2025-04-28 00:39:29.111 146011 DEBUG oslo_service.service [req-6cfa6b77-2a8f-4075-8b90-db6ad60d045b - - - - -] image_cache.manager_interval = 2400 log_opt_values /usr/lib/python3/dist-packages/oslo_config/cfg.py:2609
2025-04-28 00:39:29.111 146011 DEBUG oslo_service.service [req-6cfa6b77-2a8f-4075-8b90-db6ad60d045b - - - - -] image_cache.precache_concurrency = 1 log_opt_values /usr/lib/python3/dist-packages/oslo_config/cfg.py:2609
2025-04-28 00:39:29.111 146011 DEBUG oslo_service.service [req-6cfa6b77-2a8f-4075-8b90-db6ad60d045b - - - - -] image_cache.remove_unused_base_images = True log_opt_values /usr/lib/python3/dist-packages/oslo_config/cfg.py:2609
2025-04-28 00:39:29.111 146011 DEBUG oslo_service.service [req-6cfa6b77-2a8f-4075-8b90-db6ad60d045b - - - - -] image_cache.remove_unused_original_minimum_age_seconds = 86400 log_opt_values /usr/lib/python3/dist-packages/oslo_config/cfg.py:2609
2025-04-28 00:39:29.112 146011 DEBUG oslo_service.service [req-6cfa6b77-2a8f-4075-8b90-db6ad60d045b - - - - -] image_cache.remove_unused_resized_minimum_age_seconds = 3600 log_opt_values /usr/lib/python3/dist-packages/oslo_config/cfg.py:2609
2025-04-28 00:39:29.112 146011 DEBUG oslo_service.service [req-6cfa6b77-2a8f-4075-8b90-db6ad60d045b - - - - -] image_cache.subdirectory_name = _base log_opt_values /usr/lib/python3/dist-packages/oslo_config/cfg.py:2609
2025-04-28 00:39:29.112 146011 DEBUG oslo_service.service [req-6cfa6b77-2a8f-4075-8b90-db6ad60d045b - - - - -] ironic.api_max_retries = 60 log_opt_values /usr/lib/python3/dist-packages/oslo_config/cfg.py:2609
2025-04-28 00:39:29.112 146011 DEBUG oslo_service.service [req-6cfa6b77-2a8f-4075-8b90-db6ad60d045b - - - - -] ironic.api_retry_interval = 2 log_opt_values /usr/lib/python3/dist-packages/oslo_config/cfg.py:2609
2025-04-28 00:39:29.112 146011 DEBUG oslo_service.service [req-6cfa6b77-2a8f-4075-8b90-db6ad60d045b - - - - -] ironic.auth_section = None log_opt_values /usr/lib/python3/dist-packages/oslo_config/cfg.py:2609
2025-04-28 00:39:29.113 146011 DEBUG oslo_service.service [req-6cfa6b77-2a8f-4075-8b90-db6ad60d045b - - - - -] ironic.auth_type = None log_opt_values /usr/lib/python3/dist-packages/oslo_config/cfg.py:2609
2025-04-28 00:39:29.113 146011 DEBUG oslo_service.service [req-6cfa6b77-2a8f-4075-8b90-db6ad60d045b - - - - -] ironic.cafile = None log_opt_values /usr/lib/python3/dist-packages/oslo_config/cfg.py:2609
2025-04-28 00:39:29.113 146011 DEBUG oslo_service.service [req-6cfa6b77-2a8f-4075-8b90-db6ad60d045b - - - - -] ironic.certfile = None log_opt_values /usr/lib/python3/dist-packages/oslo_config/cfg.py:2609
2025-04-28 00:39:29.113 146011 DEBUG oslo_service.service [req-6cfa6b77-2a8f-4075-8b90-db6ad60d045b - - - - -] ironic.collect_timing = False log_opt_values /usr/lib/python3/dist-packages/oslo_config/cfg.py:2609
2025-04-28 00:39:29.113 146011 DEBUG oslo_service.service [req-6cfa6b77-2a8f-4075-8b90-db6ad60d045b - - - - -] ironic.connect_retries = None log_opt_values /usr/lib/python3/dist-packages/oslo_config/cfg.py:2609
2025-04-28 00:39:29.114 146011 DEBUG oslo_service.service [req-6cfa6b77-2a8f-4075-8b90-db6ad60d045b - - - - -] ironic.connect_retry_delay = None log_opt_values /usr/lib/python3/dist-packages/oslo_config/cfg.py:2609
2025-04-28 00:39:29.114 146011 DEBUG oslo_service.service [req-6cfa6b77-2a8f-4075-8b90-db6ad60d045b - - - - -] ironic.endpoint_override = None log_opt_values /usr/lib/python3/dist-packages/oslo_config/cfg.py:2609
2025-04-28 00:39:29.114 146011 DEBUG oslo_service.service [req-6cfa6b77-2a8f-4075-8b90-db6ad60d045b - - - - -] ironic.insecure = False log_opt_values /usr/lib/python3/dist-packages/oslo_config/cfg.py:2609
2025-04-28 00:39:29.114 146011 DEBUG oslo_service.service [req-6cfa6b77-2a8f-4075-8b90-db6ad60d045b - - - - -] ironic.keyfile = None log_opt_values /usr/lib/python3/dist-packages/oslo_config/cfg.py:2609
2025-04-28 00:39:29.114 146011 DEBUG oslo_service.service [req-6cfa6b77-2a8f-4075-8b90-db6ad60d045b - - - - -] ironic.max_version = None log_opt_values /usr/lib/python3/dist-packages/oslo_config/cfg.py:2609
2025-04-28 00:39:29.115 146011 DEBUG oslo_service.service [req-6cfa6b77-2a8f-4075-8b90-db6ad60d045b - - - - -] ironic.min_version = None log_opt_values /usr/lib/python3/dist-packages/oslo_config/cfg.py:2609
2025-04-28 00:39:29.115 146011 DEBUG oslo_service.service [req-6cfa6b77-2a8f-4075-8b90-db6ad60d045b - - - - -] ironic.partition_key = None log_opt_values /usr/lib/python3/dist-packages/oslo_config/cfg.py:2609
2025-04-28 00:39:29.115 146011 DEBUG oslo_service.service [req-6cfa6b77-2a8f-4075-8b90-db6ad60d045b - - - - -] ironic.peer_list = [] log_opt_values /usr/lib/python3/dist-packages/oslo_config/cfg.py:2609
2025-04-28 00:39:29.115 146011 DEBUG oslo_service.service [req-6cfa6b77-2a8f-4075-8b90-db6ad60d045b - - - - -] ironic.region_name = None log_opt_values /usr/lib/python3/dist-packages/oslo_config/cfg.py:2609
2025-04-28 00:39:29.115 146011 DEBUG oslo_service.service [req-6cfa6b77-2a8f-4075-8b90-db6ad60d045b - - - - -] ironic.serial_console_state_timeout = 10 log_opt_values /usr/lib/python3/dist-packages/oslo_config/cfg.py:2609
2025-04-28 00:39:29.115 146011 DEBUG oslo_service.service [req-6cfa6b77-2a8f-4075-8b90-db6ad60d045b - - - - -] ironic.service_name = None log_opt_values /usr/lib/python3/dist-packages/oslo_config/cfg.py:2609
2025-04-28 00:39:29.116 146011 DEBUG oslo_service.service [req-6cfa6b77-2a8f-4075-8b90-db6ad60d045b - - - - -] ironic.service_type = baremetal log_opt_values /usr/lib/python3/dist-packages/oslo_config/cfg.py:2609
2025-04-28 00:39:29.116 146011 DEBUG oslo_service.service [req-6cfa6b77-2a8f-4075-8b90-db6ad60d045b - - - - -] ironic.split_loggers = False log_opt_values /usr/lib/python3/dist-packages/oslo_config/cfg.py:2609
2025-04-28 00:39:29.116 146011 DEBUG oslo_service.service [req-6cfa6b77-2a8f-4075-8b90-db6ad60d045b - - - - -] ironic.status_code_retries = None log_opt_values /usr/lib/python3/dist-packages/oslo_config/cfg.py:2609
2025-04-28 00:39:29.116 146011 DEBUG oslo_service.service [req-6cfa6b77-2a8f-4075-8b90-db6ad60d045b - - - - -] ironic.status_code_retry_delay = None log_opt_values /usr/lib/python3/dist-packages/oslo_config/cfg.py:2609
2025-04-28 00:39:29.116 146011 DEBUG oslo_service.service [req-6cfa6b77-2a8f-4075-8b90-db6ad60d045b - - - - -] ironic.timeout = None log_opt_values /usr/lib/python3/dist-packages/oslo_config/cfg.py:2609
2025-04-28 00:39:29.116 146011 DEBUG oslo_service.service [req-6cfa6b77-2a8f-4075-8b90-db6ad60d045b - - - - -] ironic.valid_interfaces = ['internal', 'public'] log_opt_values /usr/lib/python3/dist-packages/oslo_config/cfg.py:2609
2025-04-28 00:39:29.117 146011 DEBUG oslo_service.service [req-6cfa6b77-2a8f-4075-8b90-db6ad60d045b - - - - -] ironic.version = None log_opt_values /usr/lib/python3/dist-packages/oslo_config/cfg.py:2609
2025-04-28 00:39:29.117 146011 DEBUG oslo_service.service [req-6cfa6b77-2a8f-4075-8b90-db6ad60d045b - - - - -] key_manager.backend = barbican log_opt_values /usr/lib/python3/dist-packages/oslo_config/cfg.py:2609
2025-04-28 00:39:29.117 146011 DEBUG oslo_service.service [req-6cfa6b77-2a8f-4075-8b90-db6ad60d045b - - - - -] key_manager.fixed_key = **** log_opt_values /usr/lib/python3/dist-packages/oslo_config/cfg.py:2609
2025-04-28 00:39:29.117 146011 DEBUG oslo_service.service [req-6cfa6b77-2a8f-4075-8b90-db6ad60d045b - - - - -] barbican.auth_endpoint = http://localhost/identity/v3 log_opt_values /usr/lib/python3/dist-packages/oslo_config/cfg.py:2609
2025-04-28 00:39:29.117 146011 DEBUG oslo_service.service [req-6cfa6b77-2a8f-4075-8b90-db6ad60d045b - - - - -] barbican.barbican_api_version = None log_opt_values /usr/lib/python3/dist-packages/oslo_config/cfg.py:2609
