2025-04-28 00:39:00.097 134921 DEBUG oslo_service.service [req-438eebc7-6c0b-4930-b2a4-135867b4c12d - - - - -] cache.proxies = [] log_opt_values /usr/lib/python3/dist-packages/oslo_config/cfg.py:2609
2025-04-28 00:39:00.097 135652 DEBUG nova.servicegroup.drivers.db [req-8946d6ab-a66f-4d75-8fd7-e892b70f4666 - - - - -] DB_Driver: join new ServiceGroup member juju-f12b36-0-lxd-7 to the conductor group, service = join /usr/lib/python3/dist-packages/nova/servicegroup/drivers/db.py:44
2025-04-28 00:39:00.097 134921 DEBUG oslo_service.service [req-438eebc7-6c0b-4930-b2a4-135867b4c12d - - - - -] cache.tls_allowed_ciphers = None log_opt_values /usr/lib/python3/dist-packages/oslo_config/cfg.py:2609
2025-04-28 00:39:00.098 134921 DEBUG oslo_service.service [req-438eebc7-6c0b-4930-b2a4-135867b4c12d - - - - -] cache.tls_cafile = None log_opt_values /usr/lib/python3/dist-packages/oslo_config/cfg.py:2609
2025-04-28 00:39:00.098 134921 DEBUG oslo_service.service [req-438eebc7-6c0b-4930-b2a4-135867b4c12d - - - - -] cache.tls_certfile = None log_opt_values /usr/lib/python3/dist-packages/oslo_config/cfg.py:2609
2025-04-28 00:39:00.098 135655 DEBUG nova.service [req-3d38734c-6e54-4454-bd18-f3ece221cba4 - - - - -] Creating RPC server for service conductor start /usr/lib/python3/dist-packages/nova/service.py:182
2025-04-28 00:39:00.098 134921 DEBUG oslo_service.service [req-438eebc7-6c0b-4930-b2a4-135867b4c12d - - - - -] cache.tls_enabled = False log_opt_values /usr/lib/python3/dist-packages/oslo_config/cfg.py:2609
2025-04-28 00:39:00.098 134921 DEBUG oslo_service.service [req-438eebc7-6c0b-4930-b2a4-135867b4c12d - - - - -] cache.tls_keyfile = None log_opt_values /usr/lib/python3/dist-packages/oslo_config/cfg.py:2609
2025-04-28 00:39:00.098 135652 DEBUG oslo_messaging._drivers.amqpdriver [-] received message msg_id: 0a54391d98614d96a133785bec436664 reply to reply_f8fbac4d70ee43e9aa4f009a86593435 __call__ /usr/lib/python3/dist-packages/oslo_messaging/_drivers/amqpdriver.py:320
2025-04-28 00:39:00.098 134921 DEBUG oslo_service.service [req-438eebc7-6c0b-4930-b2a4-135867b4c12d - - - - -] cinder.auth_section = None log_opt_values /usr/lib/python3/dist-packages/oslo_config/cfg.py:2609
2025-04-28 00:39:00.099 134921 DEBUG oslo_service.service [req-438eebc7-6c0b-4930-b2a4-135867b4c12d - - - - -] cinder.auth_type = None log_opt_values /usr/lib/python3/dist-packages/oslo_config/cfg.py:2609
2025-04-28 00:39:00.099 134921 DEBUG oslo_service.service [req-438eebc7-6c0b-4930-b2a4-135867b4c12d - - - - -] cinder.cafile = None log_opt_values /usr/lib/python3/dist-packages/oslo_config/cfg.py:2609
2025-04-28 00:39:00.099 134921 DEBUG oslo_service.service [req-438eebc7-6c0b-4930-b2a4-135867b4c12d - - - - -] cinder.catalog_info = volumev3::publicURL log_opt_values /usr/lib/python3/dist-packages/oslo_config/cfg.py:2609
2025-04-28 00:39:00.099 134921 DEBUG oslo_service.service [req-438eebc7-6c0b-4930-b2a4-135867b4c12d - - - - -] cinder.certfile = None log_opt_values /usr/lib/python3/dist-packages/oslo_config/cfg.py:2609
2025-04-28 00:39:00.099 134921 DEBUG oslo_service.service [req-438eebc7-6c0b-4930-b2a4-135867b4c12d - - - - -] cinder.collect_timing = False log_opt_values /usr/lib/python3/dist-packages/oslo_config/cfg.py:2609
2025-04-28 00:39:00.100 134921 DEBUG oslo_service.service [req-438eebc7-6c0b-4930-b2a4-135867b4c12d - - - - -] cinder.cross_az_attach = True log_opt_values /usr/lib/python3/dist-packages/oslo_config/cfg.py:2609
2025-04-28 00:39:00.100 134921 DEBUG oslo_service.service [req-438eebc7-6c0b-4930-b2a4-135867b4c12d - - - - -] cinder.debug = False log_opt_values /usr/lib/python3/dist-packages/oslo_config/cfg.py:2609
2025-04-28 00:39:00.100 134921 DEBUG oslo_service.service [req-438eebc7-6c0b-4930-b2a4-135867b4c12d - - - - -] cinder.endpoint_template = None log_opt_values /usr/lib/python3/dist-packages/oslo_config/cfg.py:2609
2025-04-28 00:39:00.100 134921 DEBUG oslo_service.service [req-438eebc7-6c0b-4930-b2a4-135867b4c12d - - - - -] cinder.http_retries = 3 log_opt_values /usr/lib/python3/dist-packages/oslo_config/cfg.py:2609
2025-04-28 00:39:00.100 135652 DEBUG oslo_messaging._drivers.amqpdriver [-] AMQPListener connection timeout poll /usr/lib/python3/dist-packages/oslo_messaging/_drivers/amqpdriver.py:360
2025-04-28 00:39:00.100 135652 DEBUG oslo_messaging._drivers.amqpdriver [-] Listener is running poll /usr/lib/python3/dist-packages/oslo_messaging/_drivers/amqpdriver.py:343
2025-04-28 00:39:00.100 134921 DEBUG oslo_service.service [req-438eebc7-6c0b-4930-b2a4-135867b4c12d - - - - -] cinder.insecure = False log_opt_values /usr/lib/python3/dist-packages/oslo_config/cfg.py:2609
2025-04-28 00:39:00.100 135652 DEBUG oslo_messaging._drivers.amqpdriver [-] Poll the incoming message with unique_id: 431a40d91a664636a4de0a3c08d43a8e poll /usr/lib/python3/dist-packages/oslo_messaging/_drivers/amqpdriver.py:346
2025-04-28 00:39:00.101 134921 DEBUG oslo_service.service [req-438eebc7-6c0b-4930-b2a4-135867b4c12d - - - - -] cinder.keyfile = None log_opt_values /usr/lib/python3/dist-packages/oslo_config/cfg.py:2609
2025-04-28 00:39:00.101 134921 DEBUG oslo_service.service [req-438eebc7-6c0b-4930-b2a4-135867b4c12d - - - - -] cinder.os_region_name = None log_opt_values /usr/lib/python3/dist-packages/oslo_config/cfg.py:2609
2025-04-28 00:39:00.101 135652 DEBUG oslo_messaging._drivers.amqpdriver [-] Listener is running poll /usr/lib/python3/dist-packages/oslo_messaging/_drivers/amqpdriver.py:343
2025-04-28 00:39:00.101 134921 DEBUG oslo_service.service [req-438eebc7-6c0b-4930-b2a4-135867b4c12d - - - - -] cinder.split_loggers = False log_opt_values /usr/lib/python3/dist-packages/oslo_config/cfg.py:2609
2025-04-28 00:39:00.101 135652 DEBUG oslo_messaging._drivers.amqpdriver [-] AMQPListener connection consume poll /usr/lib/python3/dist-packages/oslo_messaging/_drivers/amqpdriver.py:357
2025-04-28 00:39:00.101 134921 DEBUG oslo_service.service [req-438eebc7-6c0b-4930-b2a4-135867b4c12d - - - - -] cinder.timeout = None log_opt_values /usr/lib/python3/dist-packages/oslo_config/cfg.py:2609
2025-04-28 00:39:00.101 134921 DEBUG oslo_service.service [req-438eebc7-6c0b-4930-b2a4-135867b4c12d - - - - -] compute.consecutive_build_service_disable_threshold = 10 log_opt_values /usr/lib/python3/dist-packages/oslo_config/cfg.py:2609
2025-04-28 00:39:00.101 134921 DEBUG oslo_service.service [req-438eebc7-6c0b-4930-b2a4-135867b4c12d - - - - -] compute.cpu_dedicated_set = None log_opt_values /usr/lib/python3/dist-packages/oslo_config/cfg.py:2609
2025-04-28 00:39:00.102 134921 DEBUG oslo_service.service [req-438eebc7-6c0b-4930-b2a4-135867b4c12d - - - - -] compute.cpu_shared_set = None log_opt_values /usr/lib/python3/dist-packages/oslo_config/cfg.py:2609
2025-04-28 00:39:00.102 134921 DEBUG oslo_service.service [req-438eebc7-6c0b-4930-b2a4-135867b4c12d - - - - -] compute.image_type_exclude_list = [] log_opt_values /usr/lib/python3/dist-packages/oslo_config/cfg.py:2609
2025-04-28 00:39:00.102 134921 DEBUG oslo_service.service [req-438eebc7-6c0b-4930-b2a4-135867b4c12d - - - - -] compute.live_migration_wait_for_vif_plug = True log_opt_values /usr/lib/python3/dist-packages/oslo_config/cfg.py:2609
2025-04-28 00:39:00.102 134921 DEBUG oslo_service.service [req-438eebc7-6c0b-4930-b2a4-135867b4c12d - - - - -] compute.max_concurrent_disk_ops = 0 log_opt_values /usr/lib/python3/dist-packages/oslo_config/cfg.py:2609
2025-04-28 00:39:00.102 134921 DEBUG oslo_service.service [req-438eebc7-6c0b-4930-b2a4-135867b4c12d - - - - -] compute.max_disk_devices_to_attach = -1 log_opt_values /usr/lib/python3/dist-packages/oslo_config/cfg.py:2609
2025-04-28 00:39:00.102 134921 DEBUG oslo_service.service [req-438eebc7-6c0b-4930-b2a4-135867b4c12d - - - - -] compute.packing_host_numa_cells_allocation_strategy = True log_opt_values /usr/lib/python3/dist-packages/oslo_config/cfg.py:2609
2025-04-28 00:39:00.103 134921 DEBUG oslo_service.service [req-438eebc7-6c0b-4930-b2a4-135867b4c12d - - - - -] compute.provider_config_location = /etc/nova/provider_config/ log_opt_values /usr/lib/python3/dist-packages/oslo_config/cfg.py:2609
2025-04-28 00:39:00.103 134921 DEBUG oslo_service.service [req-438eebc7-6c0b-4930-b2a4-135867b4c12d - - - - -] compute.resource_provider_association_refresh = 300 log_opt_values /usr/lib/python3/dist-packages/oslo_config/cfg.py:2609
2025-04-28 00:39:00.103 134921 DEBUG oslo_service.service [req-438eebc7-6c0b-4930-b2a4-135867b4c12d - - - - -] compute.shutdown_retry_interval = 10 log_opt_values /usr/lib/python3/dist-packages/oslo_config/cfg.py:2609
2025-04-28 00:39:00.103 134921 DEBUG oslo_service.service [req-438eebc7-6c0b-4930-b2a4-135867b4c12d - - - - -] compute.vmdk_allowed_types = ['streamOptimized', 'monolithicSparse'] log_opt_values /usr/lib/python3/dist-packages/oslo_config/cfg.py:2609
2025-04-28 00:39:00.103 134921 DEBUG oslo_service.service [req-438eebc7-6c0b-4930-b2a4-135867b4c12d - - - - -] conductor.workers = 4 log_opt_values /usr/lib/python3/dist-packages/oslo_config/cfg.py:2609
2025-04-28 00:39:00.103 134921 DEBUG oslo_service.service [req-438eebc7-6c0b-4930-b2a4-135867b4c12d - - - - -] console.allowed_origins = [] log_opt_values /usr/lib/python3/dist-packages/oslo_config/cfg.py:2609
2025-04-28 00:39:00.104 134921 DEBUG oslo_service.service [req-438eebc7-6c0b-4930-b2a4-135867b4c12d - - - - -] console.ssl_ciphers = None log_opt_values /usr/lib/python3/dist-packages/oslo_config/cfg.py:2609
2025-04-28 00:39:00.104 134921 DEBUG oslo_service.service [req-438eebc7-6c0b-4930-b2a4-135867b4c12d - - - - -] console.ssl_minimum_version = default log_opt_values /usr/lib/python3/dist-packages/oslo_config/cfg.py:2609
2025-04-28 00:39:00.104 134921 DEBUG oslo_service.service [req-438eebc7-6c0b-4930-b2a4-135867b4c12d - - - - -] consoleauth.token_ttl = 600 log_opt_values /usr/lib/python3/dist-packages/oslo_config/cfg.py:2609
2025-04-28 00:39:00.104 134921 DEBUG oslo_service.service [req-438eebc7-6c0b-4930-b2a4-135867b4c12d - - - - -] cyborg.cafile = None log_opt_values /usr/lib/python3/dist-packages/oslo_config/cfg.py:2609
2025-04-28 00:39:00.104 134921 DEBUG oslo_service.service [req-438eebc7-6c0b-4930-b2a4-135867b4c12d - - - - -] cyborg.certfile = None log_opt_values /usr/lib/python3/dist-packages/oslo_config/cfg.py:2609
2025-04-28 00:39:00.105 134921 DEBUG oslo_service.service [req-438eebc7-6c0b-4930-b2a4-135867b4c12d - - - - -] cyborg.collect_timing = False log_opt_values /usr/lib/python3/dist-packages/oslo_config/cfg.py:2609
2025-04-28 00:39:00.105 134921 DEBUG oslo_service.service [req-438eebc7-6c0b-4930-b2a4-135867b4c12d - - - - -] cyborg.connect_retries = None log_opt_values /usr/lib/python3/dist-packages/oslo_config/cfg.py:2609
2025-04-28 00:39:00.105 134921 DEBUG oslo_service.service [req-438eebc7-6c0b-4930-b2a4-135867b4c12d - - - - -] cyborg.connect_retry_delay = None log_opt_values /usr/lib/python3/dist-packages/oslo_config/cfg.py:2609
2025-04-28 00:39:00.105 134921 DEBUG oslo_service.service [req-438eebc7-6c0b-4930-b2a4-135867b4c12d - - - - -] cyborg.endpoint_override = None log_opt_values /usr/lib/python3/dist-packages/oslo_config/cfg.py:2609
2025-04-28 00:39:00.105 134921 DEBUG oslo_service.service [req-438eebc7-6c0b-4930-b2a4-135867b4c12d - - - - -] cyborg.insecure = False log_opt_values /usr/lib/python3/dist-packages/oslo_config/cfg.py:2609
2025-04-28 00:39:00.105 134921 DEBUG oslo_service.service [req-438eebc7-6c0b-4930-b2a4-135867b4c12d - - - - -] cyborg.keyfile = None log_opt_values /usr/lib/python3/dist-packages/oslo_config/cfg.py:2609
2025-04-28 00:39:00.106 134921 DEBUG oslo_service.service [req-438eebc7-6c0b-4930-b2a4-135867b4c12d - - - - -] cyborg.max_version = None log_opt_values /usr/lib/python3/dist-packages/oslo_config/cfg.py:2609
2025-04-28 00:39:00.106 134921 DEBUG oslo_service.service [req-438eebc7-6c0b-4930-b2a4-135867b4c12d - - - - -] cyborg.min_version = None log_opt_values /usr/lib/python3/dist-packages/oslo_config/cfg.py:2609
2025-04-28 00:39:00.106 134921 DEBUG oslo_service.service [req-438eebc7-6c0b-4930-b2a4-135867b4c12d - - - - -] cyborg.region_name = None log_opt_values /usr/lib/python3/dist-packages/oslo_config/cfg.py:2609
2025-04-28 00:39:00.106 134921 DEBUG oslo_service.service [req-438eebc7-6c0b-4930-b2a4-135867b4c12d - - - - -] cyborg.service_name = None log_opt_values /usr/lib/python3/dist-packages/oslo_config/cfg.py:2609
2025-04-28 00:39:00.106 134921 DEBUG oslo_service.service [req-438eebc7-6c0b-4930-b2a4-135867b4c12d - - - - -] cyborg.service_type = accelerator log_opt_values /usr/lib/python3/dist-packages/oslo_config/cfg.py:2609
2025-04-28 00:39:00.106 134921 DEBUG oslo_service.service [req-438eebc7-6c0b-4930-b2a4-135867b4c12d - - - - -] cyborg.split_loggers = False log_opt_values /usr/lib/python3/dist-packages/oslo_config/cfg.py:2609
2025-04-28 00:39:00.107 135652 DEBUG oslo_messaging._drivers.amqpdriver [req-fbbf3ba3-6a22-4061-bcb6-186daa2d769e - - - - -] sending reply msg_id: 0a54391d98614d96a133785bec436664 reply queue: reply_f8fbac4d70ee43e9aa4f009a86593435 time elapsed: 0.00793924200024776s _send_reply /usr/lib/python3/dist-packages/oslo_messaging/_drivers/amqpdriver.py:118
2025-04-28 00:39:00.107 134921 DEBUG oslo_service.service [req-438eebc7-6c0b-4930-b2a4-135867b4c12d - - - - -] cyborg.status_code_retries = None log_opt_values /usr/lib/python3/dist-packages/oslo_config/cfg.py:2609
2025-04-28 00:39:00.107 134921 DEBUG oslo_service.service [req-438eebc7-6c0b-4930-b2a4-135867b4c12d - - - - -] cyborg.status_code_retry_delay = None log_opt_values /usr/lib/python3/dist-packages/oslo_config/cfg.py:2609
2025-04-28 00:39:00.107 134921 DEBUG oslo_service.service [req-438eebc7-6c0b-4930-b2a4-135867b4c12d - - - - -] cyborg.timeout = None log_opt_values /usr/lib/python3/dist-packages/oslo_config/cfg.py:2609
2025-04-28 00:39:00.107 134921 DEBUG oslo_service.service [req-438eebc7-6c0b-4930-b2a4-135867b4c12d - - - - -] cyborg.valid_interfaces = ['internal', 'public'] log_opt_values /usr/lib/python3/dist-packages/oslo_config/cfg.py:2609
2025-04-28 00:39:00.107 134921 DEBUG oslo_service.service [req-438eebc7-6c0b-4930-b2a4-135867b4c12d - - - - -] cyborg.version = None log_opt_values /usr/lib/python3/dist-packages/oslo_config/cfg.py:2609
2025-04-28 00:39:00.108 134921 DEBUG oslo_service.service [req-438eebc7-6c0b-4930-b2a4-135867b4c12d - - - - -] database.backend = sqlalchemy log_opt_values /usr/lib/python3/dist-packages/oslo_config/cfg.py:2609
2025-04-28 00:39:00.108 134921 DEBUG oslo_service.service [req-438eebc7-6c0b-4930-b2a4-135867b4c12d - - - - -] database.connection = **** log_opt_values /usr/lib/python3/dist-packages/oslo_config/cfg.py:2609
2025-04-28 00:39:00.108 134921 DEBUG oslo_service.service [req-438eebc7-6c0b-4930-b2a4-135867b4c12d - - - - -] database.connection_debug = 0 log_opt_values /usr/lib/python3/dist-packages/oslo_config/cfg.py:2609
2025-04-28 00:39:00.108 134921 DEBUG oslo_service.service [req-438eebc7-6c0b-4930-b2a4-135867b4c12d - - - - -] database.connection_parameters = log_opt_values /usr/lib/python3/dist-packages/oslo_config/cfg.py:2609
2025-04-28 00:39:00.108 134921 DEBUG oslo_service.service [req-438eebc7-6c0b-4930-b2a4-135867b4c12d - - - - -] database.connection_recycle_time = 3600 log_opt_values /usr/lib/python3/dist-packages/oslo_config/cfg.py:2609
2025-04-28 00:39:00.109 134921 DEBUG oslo_service.service [req-438eebc7-6c0b-4930-b2a4-135867b4c12d - - - - -] database.connection_trace = False log_opt_values /usr/lib/python3/dist-packages/oslo_config/cfg.py:2609
2025-04-28 00:39:00.109 134921 DEBUG oslo_service.service [req-438eebc7-6c0b-4930-b2a4-135867b4c12d - - - - -] database.db_inc_retry_interval = True log_opt_values /usr/lib/python3/dist-packages/oslo_config/cfg.py:2609
2025-04-28 00:39:00.109 134921 DEBUG oslo_service.service [req-438eebc7-6c0b-4930-b2a4-135867b4c12d - - - - -] database.db_max_retries = 20 log_opt_values /usr/lib/python3/dist-packages/oslo_config/cfg.py:2609
2025-04-28 00:39:00.109 134921 DEBUG oslo_service.service [req-438eebc7-6c0b-4930-b2a4-135867b4c12d - - - - -] database.db_max_retry_interval = 10 log_opt_values /usr/lib/python3/dist-packages/oslo_config/cfg.py:2609
2025-04-28 00:39:00.110 134921 DEBUG oslo_service.service [req-438eebc7-6c0b-4930-b2a4-135867b4c12d - - - - -] database.db_retry_interval = 1 log_opt_values /usr/lib/python3/dist-packages/oslo_config/cfg.py:2609
2025-04-28 00:39:00.110 134921 DEBUG oslo_service.service [req-438eebc7-6c0b-4930-b2a4-135867b4c12d - - - - -] database.max_overflow = 50 log_opt_values /usr/lib/python3/dist-packages/oslo_config/cfg.py:2609
2025-04-28 00:39:00.110 134921 DEBUG oslo_service.service [req-438eebc7-6c0b-4930-b2a4-135867b4c12d - - - - -] database.max_pool_size = 4 log_opt_values /usr/lib/python3/dist-packages/oslo_config/cfg.py:2609
2025-04-28 00:39:00.110 134921 DEBUG oslo_service.service [req-438eebc7-6c0b-4930-b2a4-135867b4c12d - - - - -] database.max_retries = 10 log_opt_values /usr/lib/python3/dist-packages/oslo_config/cfg.py:2609
2025-04-28 00:39:00.110 134921 DEBUG oslo_service.service [req-438eebc7-6c0b-4930-b2a4-135867b4c12d - - - - -] database.mysql_enable_ndb = False log_opt_values /usr/lib/python3/dist-packages/oslo_config/cfg.py:2609
2025-04-28 00:39:00.111 134921 DEBUG oslo_service.service [req-438eebc7-6c0b-4930-b2a4-135867b4c12d - - - - -] database.mysql_sql_mode = TRADITIONAL log_opt_values /usr/lib/python3/dist-packages/oslo_config/cfg.py:2609
2025-04-28 00:39:00.111 134921 DEBUG oslo_service.service [req-438eebc7-6c0b-4930-b2a4-135867b4c12d - - - - -] database.pool_timeout = None log_opt_values /usr/lib/python3/dist-packages/oslo_config/cfg.py:2609
2025-04-28 00:39:00.111 134921 DEBUG oslo_service.service [req-438eebc7-6c0b-4930-b2a4-135867b4c12d - - - - -] database.retry_interval = 10 log_opt_values /usr/lib/python3/dist-packages/oslo_config/cfg.py:2609
2025-04-28 00:39:00.111 134921 DEBUG oslo_service.service [req-438eebc7-6c0b-4930-b2a4-135867b4c12d - - - - -] database.slave_connection = **** log_opt_values /usr/lib/python3/dist-packages/oslo_config/cfg.py:2609
2025-04-28 00:39:00.111 134921 DEBUG oslo_service.service [req-438eebc7-6c0b-4930-b2a4-135867b4c12d - - - - -] database.sqlite_synchronous = True log_opt_values /usr/lib/python3/dist-packages/oslo_config/cfg.py:2609
2025-04-28 00:39:00.111 134921 DEBUG oslo_service.service [req-438eebc7-6c0b-4930-b2a4-135867b4c12d - - - - -] database.use_db_reconnect = False log_opt_values /usr/lib/python3/dist-packages/oslo_config/cfg.py:2609
2025-04-28 00:39:00.112 134921 DEBUG oslo_service.service [req-438eebc7-6c0b-4930-b2a4-135867b4c12d - - - - -] api_database.backend = sqlalchemy log_opt_values /usr/lib/python3/dist-packages/oslo_config/cfg.py:2609
2025-04-28 00:39:00.112 134921 DEBUG oslo_service.service [req-438eebc7-6c0b-4930-b2a4-135867b4c12d - - - - -] api_database.connection = **** log_opt_values /usr/lib/python3/dist-packages/oslo_config/cfg.py:2609
2025-04-28 00:39:00.112 134921 DEBUG oslo_service.service [req-438eebc7-6c0b-4930-b2a4-135867b4c12d - - - - -] api_database.connection_debug = 0 log_opt_values /usr/lib/python3/dist-packages/oslo_config/cfg.py:2609
2025-04-28 00:39:00.112 134921 DEBUG oslo_service.service [req-438eebc7-6c0b-4930-b2a4-135867b4c12d - - - - -] api_database.connection_parameters = log_opt_values /usr/lib/python3/dist-packages/oslo_config/cfg.py:2609
2025-04-28 00:39:00.112 134921 DEBUG oslo_service.service [req-438eebc7-6c0b-4930-b2a4-135867b4c12d - - - - -] api_database.connection_recycle_time = 3600 log_opt_values /usr/lib/python3/dist-packages/oslo_config/cfg.py:2609
2025-04-28 00:39:00.113 134921 DEBUG oslo_service.service [req-438eebc7-6c0b-4930-b2a4-135867b4c12d - - - - -] api_database.connection_trace = False log_opt_values /usr/lib/python3/dist-packages/oslo_config/cfg.py:2609
2025-04-28 00:39:00.113 134921 DEBUG oslo_service.service [req-438eebc7-6c0b-4930-b2a4-135867b4c12d - - - - -] api_database.db_inc_retry_interval = True log_opt_values /usr/lib/python3/dist-packages/oslo_config/cfg.py:2609
2025-04-28 00:39:00.113 134921 DEBUG oslo_service.service [req-438eebc7-6c0b-4930-b2a4-135867b4c12d - - - - -] api_database.db_max_retries = 20 log_opt_values /usr/lib/python3/dist-packages/oslo_config/cfg.py:2609
2025-04-28 00:39:00.113 134921 DEBUG oslo_service.service [req-438eebc7-6c0b-4930-b2a4-135867b4c12d - - - - -] api_database.db_max_retry_interval = 10 log_opt_values /usr/lib/python3/dist-packages/oslo_config/cfg.py:2609
2025-04-28 00:39:00.113 134921 DEBUG oslo_service.service [req-438eebc7-6c0b-4930-b2a4-135867b4c12d - - - - -] api_database.db_retry_interval = 1 log_opt_values /usr/lib/python3/dist-packages/oslo_config/cfg.py:2609
2025-04-28 00:39:00.114 134921 DEBUG oslo_service.service [req-438eebc7-6c0b-4930-b2a4-135867b4c12d - - - - -] api_database.max_overflow = 50 log_opt_values /usr/lib/python3/dist-packages/oslo_config/cfg.py:2609
2025-04-28 00:39:00.114 134921 DEBUG oslo_service.service [req-438eebc7-6c0b-4930-b2a4-135867b4c12d - - - - -] api_database.max_pool_size = 4 log_opt_values /usr/lib/python3/dist-packages/oslo_config/cfg.py:2609
2025-04-28 00:39:00.114 134921 DEBUG oslo_service.service [req-438eebc7-6c0b-4930-b2a4-135867b4c12d - - - - -] api_database.max_retries = 10 log_opt_values /usr/lib/python3/dist-packages/oslo_config/cfg.py:2609
2025-04-28 00:39:00.114 134921 DEBUG oslo_service.service [req-438eebc7-6c0b-4930-b2a4-135867b4c12d - - - - -] api_database.mysql_enable_ndb = False log_opt_values /usr/lib/python3/dist-packages/oslo_config/cfg.py:2609
2025-04-28 00:39:00.114 134921 DEBUG oslo_service.service [req-438eebc7-6c0b-4930-b2a4-135867b4c12d - - - - -] api_database.mysql_sql_mode = TRADITIONAL log_opt_values /usr/lib/python3/dist-packages/oslo_config/cfg.py:2609
2025-04-28 00:39:00.114 134921 DEBUG oslo_service.service [req-438eebc7-6c0b-4930-b2a4-135867b4c12d - - - - -] api_database.pool_timeout = None log_opt_values /usr/lib/python3/dist-packages/oslo_config/cfg.py:2609
2025-04-28 00:39:00.115 134921 DEBUG oslo_service.service [req-438eebc7-6c0b-4930-b2a4-135867b4c12d - - - - -] api_database.retry_interval = 10 log_opt_values /usr/lib/python3/dist-packages/oslo_config/cfg.py:2609
2025-04-28 00:39:00.115 134921 DEBUG oslo_service.service [req-438eebc7-6c0b-4930-b2a4-135867b4c12d - - - - -] api_database.slave_connection = **** log_opt_values /usr/lib/python3/dist-packages/oslo_config/cfg.py:2609
2025-04-28 00:39:00.115 134921 DEBUG oslo_service.service [req-438eebc7-6c0b-4930-b2a4-135867b4c12d - - - - -] api_database.sqlite_synchronous = True log_opt_values /usr/lib/python3/dist-packages/oslo_config/cfg.py:2609
2025-04-28 00:39:00.115 134921 DEBUG oslo_service.service [req-438eebc7-6c0b-4930-b2a4-135867b4c12d - - - - -] devices.enabled_mdev_types = [] log_opt_values /usr/lib/python3/dist-packages/oslo_config/cfg.py:2609
2025-04-28 00:39:00.115 134921 DEBUG oslo_service.service [req-438eebc7-6c0b-4930-b2a4-135867b4c12d - - - - -] ephemeral_storage_encryption.cipher = aes-xts-plain64 log_opt_values /usr/lib/python3/dist-packages/oslo_config/cfg.py:2609
2025-04-28 00:39:00.115 134921 DEBUG oslo_service.service [req-438eebc7-6c0b-4930-b2a4-135867b4c12d - - - - -] ephemeral_storage_encryption.enabled = False log_opt_values /usr/lib/python3/dist-packages/oslo_config/cfg.py:2609
2025-04-28 00:39:00.116 134921 DEBUG oslo_service.service [req-438eebc7-6c0b-4930-b2a4-135867b4c12d - - - - -] ephemeral_storage_encryption.key_size = 512 log_opt_values /usr/lib/python3/dist-packages/oslo_config/cfg.py:2609
2025-04-28 00:39:00.116 134921 WARNING oslo_config.cfg [req-438eebc7-6c0b-4930-b2a4-135867b4c12d - - - - -] Deprecated: Option "api_servers" from group "glance" is deprecated for removal ( Support for image service configuration via standard keystoneauth1 Adapter options was added in the 17.0.0 Queens release. The api_servers option was retained temporarily to allow consumers time to cut over to a real load balancing solution. ). Its value may be silently ignored in the future.
2025-04-28 00:39:00.116 134921 DEBUG oslo_service.service [req-438eebc7-6c0b-4930-b2a4-135867b4c12d - - - - -] glance.api_servers = ['http://252.241.176.151:9292'] log_opt_values /usr/lib/python3/dist-packages/oslo_config/cfg.py:2609
2025-04-28 00:39:00.116 134921 DEBUG oslo_service.service [req-438eebc7-6c0b-4930-b2a4-135867b4c12d - - - - -] glance.cafile = None log_opt_values /usr/lib/python3/dist-packages/oslo_config/cfg.py:2609
2025-04-28 00:39:00.117 134921 DEBUG oslo_service.service [req-438eebc7-6c0b-4930-b2a4-135867b4c12d - - - - -] glance.certfile = None log_opt_values /usr/lib/python3/dist-packages/oslo_config/cfg.py:2609
2025-04-28 00:39:00.117 134921 DEBUG oslo_service.service [req-438eebc7-6c0b-4930-b2a4-135867b4c12d - - - - -] glance.collect_timing = False log_opt_values /usr/lib/python3/dist-packages/oslo_config/cfg.py:2609
2025-04-28 00:39:00.117 135654 DEBUG oslo_messaging._drivers.amqpdriver [-] Listener is running poll /usr/lib/python3/dist-packages/oslo_messaging/_drivers/amqpdriver.py:343
2025-04-28 00:39:00.117 134921 DEBUG oslo_service.service [req-438eebc7-6c0b-4930-b2a4-135867b4c12d - - - - -] glance.connect_retries = None log_opt_values /usr/lib/python3/dist-packages/oslo_config/cfg.py:2609
2025-04-28 00:39:00.117 135654 DEBUG oslo_messaging._drivers.amqpdriver [-] AMQPListener connection consume poll /usr/lib/python3/dist-packages/oslo_messaging/_drivers/amqpdriver.py:357
2025-04-28 00:39:00.117 134921 DEBUG oslo_service.service [req-438eebc7-6c0b-4930-b2a4-135867b4c12d - - - - -] glance.connect_retry_delay = None log_opt_values /usr/lib/python3/dist-packages/oslo_config/cfg.py:2609
2025-04-28 00:39:00.117 134921 DEBUG oslo_service.service [req-438eebc7-6c0b-4930-b2a4-135867b4c12d - - - - -] glance.debug = False log_opt_values /usr/lib/python3/dist-packages/oslo_config/cfg.py:2609
2025-04-28 00:39:00.117 134921 DEBUG oslo_service.service [req-438eebc7-6c0b-4930-b2a4-135867b4c12d - - - - -] glance.default_trusted_certificate_ids = [] log_opt_values /usr/lib/python3/dist-packages/oslo_config/cfg.py:2609
2025-04-28 00:39:00.118 134921 DEBUG oslo_service.service [req-438eebc7-6c0b-4930-b2a4-135867b4c12d - - - - -] glance.enable_certificate_validation = False log_opt_values /usr/lib/python3/dist-packages/oslo_config/cfg.py:2609
2025-04-28 00:39:00.117 135654 DEBUG nova.service [req-1e6b7aa8-3a37-49a7-bfbb-9b2c10c65ec2 - - - - -] Join ServiceGroup membership for this service conductor start /usr/lib/python3/dist-packages/nova/service.py:199
2025-04-28 00:39:00.118 134921 DEBUG oslo_service.service [req-438eebc7-6c0b-4930-b2a4-135867b4c12d - - - - -] glance.enable_rbd_download = False log_opt_values /usr/lib/python3/dist-packages/oslo_config/cfg.py:2609
2025-04-28 00:39:00.118 135654 DEBUG nova.servicegroup.drivers.db [req-1e6b7aa8-3a37-49a7-bfbb-9b2c10c65ec2 - - - - -] DB_Driver: join new ServiceGroup member juju-f12b36-0-lxd-7 to the conductor group, service = join /usr/lib/python3/dist-packages/nova/servicegroup/drivers/db.py:44
2025-04-28 00:39:00.118 134921 DEBUG oslo_service.service [req-438eebc7-6c0b-4930-b2a4-135867b4c12d - - - - -] glance.endpoint_override = None log_opt_values /usr/lib/python3/dist-packages/oslo_config/cfg.py:2609
2025-04-28 00:39:00.118 134921 DEBUG oslo_service.service [req-438eebc7-6c0b-4930-b2a4-135867b4c12d - - - - -] glance.insecure = False log_opt_values /usr/lib/python3/dist-packages/oslo_config/cfg.py:2609
2025-04-28 00:39:00.118 134921 DEBUG oslo_service.service [req-438eebc7-6c0b-4930-b2a4-135867b4c12d - - - - -] glance.keyfile = None log_opt_values /usr/lib/python3/dist-packages/oslo_config/cfg.py:2609
2025-04-28 00:39:00.118 134921 DEBUG oslo_service.service [req-438eebc7-6c0b-4930-b2a4-135867b4c12d - - - - -] glance.max_version = None log_opt_values /usr/lib/python3/dist-packages/oslo_config/cfg.py:2609
2025-04-28 00:39:00.119 134921 DEBUG oslo_service.service [req-438eebc7-6c0b-4930-b2a4-135867b4c12d - - - - -] glance.min_version = None log_opt_values /usr/lib/python3/dist-packages/oslo_config/cfg.py:2609
2025-04-28 00:39:00.119 134921 DEBUG oslo_service.service [req-438eebc7-6c0b-4930-b2a4-135867b4c12d - - - - -] glance.num_retries = 3 log_opt_values /usr/lib/python3/dist-packages/oslo_config/cfg.py:2609
2025-04-28 00:39:00.119 134921 DEBUG oslo_service.service [req-438eebc7-6c0b-4930-b2a4-135867b4c12d - - - - -] glance.rbd_ceph_conf = log_opt_values /usr/lib/python3/dist-packages/oslo_config/cfg.py:2609
2025-04-28 00:39:00.119 134921 DEBUG oslo_service.service [req-438eebc7-6c0b-4930-b2a4-135867b4c12d - - - - -] glance.rbd_connect_timeout = 5 log_opt_values /usr/lib/python3/dist-packages/oslo_config/cfg.py:2609
2025-04-28 00:39:00.119 134921 DEBUG oslo_service.service [req-438eebc7-6c0b-4930-b2a4-135867b4c12d - - - - -] glance.rbd_pool = log_opt_values /usr/lib/python3/dist-packages/oslo_config/cfg.py:2609
2025-04-28 00:39:00.120 134921 DEBUG oslo_service.service [req-438eebc7-6c0b-4930-b2a4-135867b4c12d - - - - -] glance.rbd_user = log_opt_values /usr/lib/python3/dist-packages/oslo_config/cfg.py:2609
2025-04-28 00:39:00.120 134921 DEBUG oslo_service.service [req-438eebc7-6c0b-4930-b2a4-135867b4c12d - - - - -] glance.region_name = None log_opt_values /usr/lib/python3/dist-packages/oslo_config/cfg.py:2609
2025-04-28 00:39:00.120 134921 DEBUG oslo_service.service [req-438eebc7-6c0b-4930-b2a4-135867b4c12d - - - - -] glance.service_name = None log_opt_values /usr/lib/python3/dist-packages/oslo_config/cfg.py:2609
2025-04-28 00:39:00.120 134921 DEBUG oslo_service.service [req-438eebc7-6c0b-4930-b2a4-135867b4c12d - - - - -] glance.service_type = image log_opt_values /usr/lib/python3/dist-packages/oslo_config/cfg.py:2609
2025-04-28 00:39:00.120 134921 DEBUG oslo_service.service [req-438eebc7-6c0b-4930-b2a4-135867b4c12d - - - - -] glance.split_loggers = False log_opt_values /usr/lib/python3/dist-packages/oslo_config/cfg.py:2609
2025-04-28 00:39:00.120 135654 DEBUG oslo_messaging._drivers.amqpdriver [-] AMQPListener connection timeout poll /usr/lib/python3/dist-packages/oslo_messaging/_drivers/amqpdriver.py:360
2025-04-28 00:39:00.120 135654 DEBUG oslo_messaging._drivers.amqpdriver [-] Listener is running poll /usr/lib/python3/dist-packages/oslo_messaging/_drivers/amqpdriver.py:343
2025-04-28 00:39:00.120 134921 DEBUG oslo_service.service [req-438eebc7-6c0b-4930-b2a4-135867b4c12d - - - - -] glance.status_code_retries = None log_opt_values /usr/lib/python3/dist-packages/oslo_config/cfg.py:2609
2025-04-28 00:39:00.121 135654 DEBUG oslo_messaging._drivers.amqpdriver [-] AMQPListener connection consume poll /usr/lib/python3/dist-packages/oslo_messaging/_drivers/amqpdriver.py:357
2025-04-28 00:39:00.121 134921 DEBUG oslo_service.service [req-438eebc7-6c0b-4930-b2a4-135867b4c12d - - - - -] glance.status_code_retry_delay = None log_opt_values /usr/lib/python3/dist-packages/oslo_config/cfg.py:2609
2025-04-28 00:39:00.121 134921 DEBUG oslo_service.service [req-438eebc7-6c0b-4930-b2a4-135867b4c12d - - - - -] glance.timeout = None log_opt_values /usr/lib/python3/dist-packages/oslo_config/cfg.py:2609
2025-04-28 00:39:00.121 134921 DEBUG oslo_service.service [req-438eebc7-6c0b-4930-b2a4-135867b4c12d - - - - -] glance.valid_interfaces = ['internal', 'public'] log_opt_values /usr/lib/python3/dist-packages/oslo_config/cfg.py:2609
2025-04-28 00:39:00.121 134921 DEBUG oslo_service.service [req-438eebc7-6c0b-4930-b2a4-135867b4c12d - - - - -] glance.verify_glance_signatures = False log_opt_values /usr/lib/python3/dist-packages/oslo_config/cfg.py:2609
2025-04-28 00:39:00.121 134921 DEBUG oslo_service.service [req-438eebc7-6c0b-4930-b2a4-135867b4c12d - - - - -] glance.version = None log_opt_values /usr/lib/python3/dist-packages/oslo_config/cfg.py:2609
2025-04-28 00:39:00.121 134921 DEBUG oslo_service.service [req-438eebc7-6c0b-4930-b2a4-135867b4c12d - - - - -] guestfs.debug = False log_opt_values /usr/lib/python3/dist-packages/oslo_config/cfg.py:2609
2025-04-28 00:39:00.122 134921 DEBUG oslo_service.service [req-438eebc7-6c0b-4930-b2a4-135867b4c12d - - - - -] hyperv.config_drive_cdrom = False log_opt_values /usr/lib/python3/dist-packages/oslo_config/cfg.py:2609
2025-04-28 00:39:00.122 134921 DEBUG oslo_service.service [req-438eebc7-6c0b-4930-b2a4-135867b4c12d - - - - -] hyperv.config_drive_inject_password = False log_opt_values /usr/lib/python3/dist-packages/oslo_config/cfg.py:2609
2025-04-28 00:39:00.122 134921 DEBUG oslo_service.service [req-438eebc7-6c0b-4930-b2a4-135867b4c12d - - - - -] hyperv.dynamic_memory_ratio = 1.0 log_opt_values /usr/lib/python3/dist-packages/oslo_config/cfg.py:2609
2025-04-28 00:39:00.122 134921 DEBUG oslo_service.service [req-438eebc7-6c0b-4930-b2a4-135867b4c12d - - - - -] hyperv.enable_instance_metrics_collection = False log_opt_values /usr/lib/python3/dist-packages/oslo_config/cfg.py:2609
2025-04-28 00:39:00.122 134921 DEBUG oslo_service.service [req-438eebc7-6c0b-4930-b2a4-135867b4c12d - - - - -] hyperv.enable_remotefx = False log_opt_values /usr/lib/python3/dist-packages/oslo_config/cfg.py:2609
2025-04-28 00:39:00.123 134921 DEBUG oslo_service.service [req-438eebc7-6c0b-4930-b2a4-135867b4c12d - - - - -] hyperv.instances_path_share = log_opt_values /usr/lib/python3/dist-packages/oslo_config/cfg.py:2609
2025-04-28 00:39:00.123 134921 DEBUG oslo_service.service [req-438eebc7-6c0b-4930-b2a4-135867b4c12d - - - - -] hyperv.iscsi_initiator_list = [] log_opt_values /usr/lib/python3/dist-packages/oslo_config/cfg.py:2609
2025-04-28 00:39:00.123 134921 DEBUG oslo_service.service [req-438eebc7-6c0b-4930-b2a4-135867b4c12d - - - - -] hyperv.limit_cpu_features = False log_opt_values /usr/lib/python3/dist-packages/oslo_config/cfg.py:2609
2025-04-28 00:39:00.123 134921 DEBUG oslo_service.service [req-438eebc7-6c0b-4930-b2a4-135867b4c12d - - - - -] hyperv.mounted_disk_query_retry_count = 10 log_opt_values /usr/lib/python3/dist-packages/oslo_config/cfg.py:2609
2025-04-28 00:39:00.123 134921 DEBUG oslo_service.service [req-438eebc7-6c0b-4930-b2a4-135867b4c12d - - - - -] hyperv.mounted_disk_query_retry_interval = 5 log_opt_values /usr/lib/python3/dist-packages/oslo_config/cfg.py:2609
2025-04-28 00:39:00.123 134921 DEBUG oslo_service.service [req-438eebc7-6c0b-4930-b2a4-135867b4c12d - - - - -] hyperv.power_state_check_timeframe = 60 log_opt_values /usr/lib/python3/dist-packages/oslo_config/cfg.py:2609
2025-04-28 00:39:00.124 134921 DEBUG oslo_service.service [req-438eebc7-6c0b-4930-b2a4-135867b4c12d - - - - -] hyperv.power_state_event_polling_interval = 2 log_opt_values /usr/lib/python3/dist-packages/oslo_config/cfg.py:2609
2025-04-28 00:39:00.124 134921 DEBUG oslo_service.service [req-438eebc7-6c0b-4930-b2a4-135867b4c12d - - - - -] hyperv.qemu_img_cmd = qemu-img.exe log_opt_values /usr/lib/python3/dist-packages/oslo_config/cfg.py:2609
2025-04-28 00:39:00.124 134921 DEBUG oslo_service.service [req-438eebc7-6c0b-4930-b2a4-135867b4c12d - - - - -] hyperv.use_multipath_io = False log_opt_values /usr/lib/python3/dist-packages/oslo_config/cfg.py:2609
2025-04-28 00:39:00.124 134921 DEBUG oslo_service.service [req-438eebc7-6c0b-4930-b2a4-135867b4c12d - - - - -] hyperv.volume_attach_retry_count = 10 log_opt_values /usr/lib/python3/dist-packages/oslo_config/cfg.py:2609
2025-04-28 00:39:00.124 134921 DEBUG oslo_service.service [req-438eebc7-6c0b-4930-b2a4-135867b4c12d - - - - -] hyperv.volume_attach_retry_interval = 5 log_opt_values /usr/lib/python3/dist-packages/oslo_config/cfg.py:2609
2025-04-28 00:39:00.125 134921 DEBUG oslo_service.service [req-438eebc7-6c0b-4930-b2a4-135867b4c12d - - - - -] hyperv.vswitch_name = None log_opt_values /usr/lib/python3/dist-packages/oslo_config/cfg.py:2609
2025-04-28 00:39:00.125 134921 DEBUG oslo_service.service [req-438eebc7-6c0b-4930-b2a4-135867b4c12d - - - - -] hyperv.wait_soft_reboot_seconds = 60 log_opt_values /usr/lib/python3/dist-packages/oslo_config/cfg.py:2609
2025-04-28 00:39:00.125 134921 DEBUG oslo_service.service [req-438eebc7-6c0b-4930-b2a4-135867b4c12d - - - - -] mks.enabled = False log_opt_values /usr/lib/python3/dist-packages/oslo_config/cfg.py:2609
2025-04-28 00:39:00.125 134921 DEBUG oslo_service.service [req-438eebc7-6c0b-4930-b2a4-135867b4c12d - - - - -] mks.mksproxy_base_url = http://127.0.0.1:6090/ log_opt_values /usr/lib/python3/dist-packages/oslo_config/cfg.py:2609
2025-04-28 00:39:00.126 134921 DEBUG oslo_service.service [req-438eebc7-6c0b-4930-b2a4-135867b4c12d - - - - -] image_cache.manager_interval = 2400 log_opt_values /usr/lib/python3/dist-packages/oslo_config/cfg.py:2609
2025-04-28 00:39:00.126 134921 DEBUG oslo_service.service [req-438eebc7-6c0b-4930-b2a4-135867b4c12d - - - - -] image_cache.precache_concurrency = 1 log_opt_values /usr/lib/python3/dist-packages/oslo_config/cfg.py:2609
2025-04-28 00:39:00.126 134921 DEBUG oslo_service.service [req-438eebc7-6c0b-4930-b2a4-135867b4c12d - - - - -] image_cache.remove_unused_base_images = True log_opt_values /usr/lib/python3/dist-packages/oslo_config/cfg.py:2609
2025-04-28 00:39:00.126 134921 DEBUG oslo_service.service [req-438eebc7-6c0b-4930-b2a4-135867b4c12d - - - - -] image_cache.remove_unused_original_minimum_age_seconds = 86400 log_opt_values /usr/lib/python3/dist-packages/oslo_config/cfg.py:2609
2025-04-28 00:39:00.126 134921 DEBUG oslo_service.service [req-438eebc7-6c0b-4930-b2a4-135867b4c12d - - - - -] image_cache.remove_unused_resized_minimum_age_seconds = 3600 log_opt_values /usr/lib/python3/dist-packages/oslo_config/cfg.py:2609
2025-04-28 00:39:00.127 134921 DEBUG oslo_service.service [req-438eebc7-6c0b-4930-b2a4-135867b4c12d - - - - -] image_cache.subdirectory_name = _base log_opt_values /usr/lib/python3/dist-packages/oslo_config/cfg.py:2609
2025-04-28 00:39:00.127 134921 DEBUG oslo_service.service [req-438eebc7-6c0b-4930-b2a4-135867b4c12d - - - - -] ironic.api_max_retries = 60 log_opt_values /usr/lib/python3/dist-packages/oslo_config/cfg.py:2609
2025-04-28 00:39:00.127 134921 DEBUG oslo_service.service [req-438eebc7-6c0b-4930-b2a4-135867b4c12d - - - - -] ironic.api_retry_interval = 2 log_opt_values /usr/lib/python3/dist-packages/oslo_config/cfg.py:2609
2025-04-28 00:39:00.127 134921 DEBUG oslo_service.service [req-438eebc7-6c0b-4930-b2a4-135867b4c12d - - - - -] ironic.auth_section = None log_opt_values /usr/lib/python3/dist-packages/oslo_config/cfg.py:2609
2025-04-28 00:39:00.127 134921 DEBUG oslo_service.service [req-438eebc7-6c0b-4930-b2a4-135867b4c12d - - - - -] ironic.auth_type = None log_opt_values /usr/lib/python3/dist-packages/oslo_config/cfg.py:2609
2025-04-28 00:39:00.128 134921 DEBUG oslo_service.service [req-438eebc7-6c0b-4930-b2a4-135867b4c12d - - - - -] ironic.cafile = None log_opt_values /usr/lib/python3/dist-packages/oslo_config/cfg.py:2609
2025-04-28 00:39:00.128 134921 DEBUG oslo_service.service [req-438eebc7-6c0b-4930-b2a4-135867b4c12d - - - - -] ironic.certfile = None log_opt_values /usr/lib/python3/dist-packages/oslo_config/cfg.py:2609
2025-04-28 00:39:00.128 134921 DEBUG oslo_service.service [req-438eebc7-6c0b-4930-b2a4-135867b4c12d - - - - -] ironic.collect_timing = False log_opt_values /usr/lib/python3/dist-packages/oslo_config/cfg.py:2609
2025-04-28 00:39:00.128 134921 DEBUG oslo_service.service [req-438eebc7-6c0b-4930-b2a4-135867b4c12d - - - - -] ironic.connect_retries = None log_opt_values /usr/lib/python3/dist-packages/oslo_config/cfg.py:2609
2025-04-28 00:39:00.128 134921 DEBUG oslo_service.service [req-438eebc7-6c0b-4930-b2a4-135867b4c12d - - - - -] ironic.connect_retry_delay = None log_opt_values /usr/lib/python3/dist-packages/oslo_config/cfg.py:2609
2025-04-28 00:39:00.128 134921 DEBUG oslo_service.service [req-438eebc7-6c0b-4930-b2a4-135867b4c12d - - - - -] ironic.endpoint_override = None log_opt_values /usr/lib/python3/dist-packages/oslo_config/cfg.py:2609
2025-04-28 00:39:00.129 134921 DEBUG oslo_service.service [req-438eebc7-6c0b-4930-b2a4-135867b4c12d - - - - -] ironic.insecure = False log_opt_values /usr/lib/python3/dist-packages/oslo_config/cfg.py:2609
2025-04-28 00:39:00.129 134921 DEBUG oslo_service.service [req-438eebc7-6c0b-4930-b2a4-135867b4c12d - - - - -] ironic.keyfile = None log_opt_values /usr/lib/python3/dist-packages/oslo_config/cfg.py:2609
2025-04-28 00:39:00.129 134921 DEBUG oslo_service.service [req-438eebc7-6c0b-4930-b2a4-135867b4c12d - - - - -] ironic.max_version = None log_opt_values /usr/lib/python3/dist-packages/oslo_config/cfg.py:2609
2025-04-28 00:39:00.129 134921 DEBUG oslo_service.service [req-438eebc7-6c0b-4930-b2a4-135867b4c12d - - - - -] ironic.min_version = None log_opt_values /usr/lib/python3/dist-packages/oslo_config/cfg.py:2609
2025-04-28 00:39:00.129 135653 DEBUG oslo_messaging._drivers.amqpdriver [-] Listener is running poll /usr/lib/python3/dist-packages/oslo_messaging/_drivers/amqpdriver.py:343
2025-04-28 00:39:00.129 134921 DEBUG oslo_service.service [req-438eebc7-6c0b-4930-b2a4-135867b4c12d - - - - -] ironic.partition_key = None log_opt_values /usr/lib/python3/dist-packages/oslo_config/cfg.py:2609
2025-04-28 00:39:00.130 134921 DEBUG oslo_service.service [req-438eebc7-6c0b-4930-b2a4-135867b4c12d - - - - -] ironic.peer_list = [] log_opt_values /usr/lib/python3/dist-packages/oslo_config/cfg.py:2609
2025-04-28 00:39:00.130 134921 DEBUG oslo_service.service [req-438eebc7-6c0b-4930-b2a4-135867b4c12d - - - - -] ironic.region_name = None log_opt_values /usr/lib/python3/dist-packages/oslo_config/cfg.py:2609
2025-04-28 00:39:00.130 134921 DEBUG oslo_service.service [req-438eebc7-6c0b-4930-b2a4-135867b4c12d - - - - -] ironic.serial_console_state_timeout = 10 log_opt_values /usr/lib/python3/dist-packages/oslo_config/cfg.py:2609
2025-04-28 00:39:00.129 135653 DEBUG oslo_messaging._drivers.amqpdriver [-] AMQPListener connection consume poll /usr/lib/python3/dist-packages/oslo_messaging/_drivers/amqpdriver.py:357
2025-04-28 00:39:00.130 134921 DEBUG oslo_service.service [req-438eebc7-6c0b-4930-b2a4-135867b4c12d - - - - -] ironic.service_name = None log_opt_values /usr/lib/python3/dist-packages/oslo_config/cfg.py:2609
2025-04-28 00:39:00.130 134921 DEBUG oslo_service.service [req-438eebc7-6c0b-4930-b2a4-135867b4c12d - - - - -] ironic.service_type = baremetal log_opt_values /usr/lib/python3/dist-packages/oslo_config/cfg.py:2609
2025-04-28 00:39:00.130 134921 DEBUG oslo_service.service [req-438eebc7-6c0b-4930-b2a4-135867b4c12d - - - - -] ironic.split_loggers = False log_opt_values /usr/lib/python3/dist-packages/oslo_config/cfg.py:2609
2025-04-28 00:39:00.131 134921 DEBUG oslo_service.service [req-438eebc7-6c0b-4930-b2a4-135867b4c12d - - - - -] ironic.status_code_retries = None log_opt_values /usr/lib/python3/dist-packages/oslo_config/cfg.py:2609
2025-04-28 00:39:00.131 134921 DEBUG oslo_service.service [req-438eebc7-6c0b-4930-b2a4-135867b4c12d - - - - -] ironic.status_code_retry_delay = None log_opt_values /usr/lib/python3/dist-packages/oslo_config/cfg.py:2609
2025-04-28 00:39:00.131 134921 DEBUG oslo_service.service [req-438eebc7-6c0b-4930-b2a4-135867b4c12d - - - - -] ironic.timeout = None log_opt_values /usr/lib/python3/dist-packages/oslo_config/cfg.py:2609
2025-04-28 00:39:00.131 134921 DEBUG oslo_service.service [req-438eebc7-6c0b-4930-b2a4-135867b4c12d - - - - -] ironic.valid_interfaces = ['internal', 'public'] log_opt_values /usr/lib/python3/dist-packages/oslo_config/cfg.py:2609
2025-04-28 00:39:00.131 134921 DEBUG oslo_service.service [req-438eebc7-6c0b-4930-b2a4-135867b4c12d - - - - -] ironic.version = None log_opt_values /usr/lib/python3/dist-packages/oslo_config/cfg.py:2609
2025-04-28 00:39:00.131 135653 DEBUG nova.service [req-43f14d4d-886e-464a-810a-fe87492ec630 - - - - -] Join ServiceGroup membership for this service conductor start /usr/lib/python3/dist-packages/nova/service.py:199
2025-04-28 00:39:00.132 134921 DEBUG oslo_service.service [req-438eebc7-6c0b-4930-b2a4-135867b4c12d - - - - -] key_manager.backend = barbican log_opt_values /usr/lib/python3/dist-packages/oslo_config/cfg.py:2609
2025-04-28 00:39:00.132 134921 DEBUG oslo_service.service [req-438eebc7-6c0b-4930-b2a4-135867b4c12d - - - - -] key_manager.fixed_key = **** log_opt_values /usr/lib/python3/dist-packages/oslo_config/cfg.py:2609
2025-04-28 00:39:00.132 135653 DEBUG nova.servicegroup.drivers.db [req-43f14d4d-886e-464a-810a-fe87492ec630 - - - - -] DB_Driver: join new ServiceGroup member juju-f12b36-0-lxd-7 to the conductor group, service = join /usr/lib/python3/dist-packages/nova/servicegroup/drivers/db.py:44
2025-04-28 00:39:00.132 134921 DEBUG oslo_service.service [req-438eebc7-6c0b-4930-b2a4-135867b4c12d - - - - -] barbican.auth_endpoint = http://localhost/identity/v3 log_opt_values /usr/lib/python3/dist-packages/oslo_config/cfg.py:2609
2025-04-28 00:39:00.132 135655 DEBUG oslo_messaging._drivers.amqpdriver [-] Listener is running poll /usr/lib/python3/dist-packages/oslo_messaging/_drivers/amqpdriver.py:343
2025-04-28 00:39:00.132 134921 DEBUG oslo_service.service [req-438eebc7-6c0b-4930-b2a4-135867b4c12d - - - - -] barbican.barbican_api_version = None log_opt_values /usr/lib/python3/dist-packages/oslo_config/cfg.py:2609
2025-04-28 00:39:00.133 135655 DEBUG oslo_messaging._drivers.amqpdriver [-] AMQPListener connection consume poll /usr/lib/python3/dist-packages/oslo_messaging/_drivers/amqpdriver.py:357
2025-04-28 00:39:00.133 134921 DEBUG oslo_service.service [req-438eebc7-6c0b-4930-b2a4-135867b4c12d - - - - -] barbican.barbican_endpoint = None log_opt_values /usr/lib/python3/dist-packages/oslo_config/cfg.py:2609
2025-04-28 00:39:00.133 134921 DEBUG oslo_service.service [req-438eebc7-6c0b-4930-b2a4-135867b4c12d - - - - -] barbican.barbican_endpoint_type = public log_opt_values /usr/lib/python3/dist-packages/oslo_config/cfg.py:2609
2025-04-28 00:39:00.133 134921 DEBUG oslo_service.service [req-438eebc7-6c0b-4930-b2a4-135867b4c12d - - - - -] barbican.barbican_region_name = None log_opt_values /usr/lib/python3/dist-packages/oslo_config/cfg.py:2609
2025-04-28 00:39:00.133 135655 DEBUG nova.service [req-3d38734c-6e54-4454-bd18-f3ece221cba4 - - - - -] Join ServiceGroup membership for this service conductor start /usr/lib/python3/dist-packages/nova/service.py:199
2025-04-28 00:39:00.133 135655 DEBUG nova.servicegroup.drivers.db [req-3d38734c-6e54-4454-bd18-f3ece221cba4 - - - - -] DB_Driver: join new ServiceGroup member juju-f12b36-0-lxd-7 to the conductor group, service = join /usr/lib/python3/dist-packages/nova/servicegroup/drivers/db.py:44
2025-04-28 00:39:00.133 134921 DEBUG oslo_service.service [req-438eebc7-6c0b-4930-b2a4-135867b4c12d - - - - -] barbican.cafile = None log_opt_values /usr/lib/python3/dist-packages/oslo_config/cfg.py:2609
2025-04-28 00:39:00.134 134921 DEBUG oslo_service.service [req-438eebc7-6c0b-4930-b2a4-135867b4c12d - - - - -] barbican.certfile = None log_opt_values /usr/lib/python3/dist-packages/oslo_config/cfg.py:2609
2025-04-28 00:39:00.134 134921 DEBUG oslo_service.service [req-438eebc7-6c0b-4930-b2a4-135867b4c12d - - - - -] barbican.collect_timing = False log_opt_values /usr/lib/python3/dist-packages/oslo_config/cfg.py:2609
2025-04-28 00:39:00.134 134921 DEBUG oslo_service.service [req-438eebc7-6c0b-4930-b2a4-135867b4c12d - - - - -] barbican.insecure = False log_opt_values /usr/lib/python3/dist-packages/oslo_config/cfg.py:2609
2025-04-28 00:39:00.134 134921 DEBUG oslo_service.service [req-438eebc7-6c0b-4930-b2a4-135867b4c12d - - - - -] barbican.keyfile = None log_opt_values /usr/lib/python3/dist-packages/oslo_config/cfg.py:2609
2025-04-28 00:39:00.134 134921 DEBUG oslo_service.service [req-438eebc7-6c0b-4930-b2a4-135867b4c12d - - - - -] barbican.number_of_retries = 60 log_opt_values /usr/lib/python3/dist-packages/oslo_config/cfg.py:2609
2025-04-28 00:39:00.134 134921 DEBUG oslo_service.service [req-438eebc7-6c0b-4930-b2a4-135867b4c12d - - - - -] barbican.retry_delay = 1 log_opt_values /usr/lib/python3/dist-packages/oslo_config/cfg.py:2609
2025-04-28 00:39:00.135 134921 DEBUG oslo_service.service [req-438eebc7-6c0b-4930-b2a4-135867b4c12d - - - - -] barbican.send_service_user_token = False log_opt_values /usr/lib/python3/dist-packages/oslo_config/cfg.py:2609
2025-04-28 00:39:00.135 134921 DEBUG oslo_service.service [req-438eebc7-6c0b-4930-b2a4-135867b4c12d - - - - -] barbican.split_loggers = False log_opt_values /usr/lib/python3/dist-packages/oslo_config/cfg.py:2609
2025-04-28 00:39:00.135 134921 DEBUG oslo_service.service [req-438eebc7-6c0b-4930-b2a4-135867b4c12d - - - - -] barbican.timeout = None log_opt_values /usr/lib/python3/dist-packages/oslo_config/cfg.py:2609
2025-04-28 00:39:00.135 135653 DEBUG oslo_messaging._drivers.amqpdriver [-] AMQPListener connection timeout poll /usr/lib/python3/dist-packages/oslo_messaging/_drivers/amqpdriver.py:360
2025-04-28 00:39:00.135 134921 DEBUG oslo_service.service [req-438eebc7-6c0b-4930-b2a4-135867b4c12d - - - - -] barbican.verify_ssl = True log_opt_values /usr/lib/python3/dist-packages/oslo_config/cfg.py:2609
2025-04-28 00:39:00.135 135653 DEBUG oslo_messaging._drivers.amqpdriver [-] Listener is running poll /usr/lib/python3/dist-packages/oslo_messaging/_drivers/amqpdriver.py:343
2025-04-28 00:39:00.135 135653 DEBUG oslo_messaging._drivers.amqpdriver [-] AMQPListener connection consume poll /usr/lib/python3/dist-packages/oslo_messaging/_drivers/amqpdriver.py:357
2025-04-28 00:39:00.135 134921 DEBUG oslo_service.service [req-438eebc7-6c0b-4930-b2a4-135867b4c12d - - - - -] barbican.verify_ssl_path = None log_opt_values /usr/lib/python3/dist-packages/oslo_config/cfg.py:2609
2025-04-28 00:39:00.136 134921 DEBUG oslo_service.service [req-438eebc7-6c0b-4930-b2a4-135867b4c12d - - - - -] barbican_service_user.auth_section = None log_opt_values /usr/lib/python3/dist-packages/oslo_config/cfg.py:2609
2025-04-28 00:39:00.136 135655 DEBUG oslo_messaging._drivers.amqpdriver [-] AMQPListener connection timeout poll /usr/lib/python3/dist-packages/oslo_messaging/_drivers/amqpdriver.py:360
2025-04-28 00:39:00.136 134921 DEBUG oslo_service.service [req-438eebc7-6c0b-4930-b2a4-135867b4c12d - - - - -] barbican_service_user.auth_type = None log_opt_values /usr/lib/python3/dist-packages/oslo_config/cfg.py:2609
