2025-04-28 00:37:46.966 129278 DEBUG oslo_service.service [req-33af2091-b3d7-4227-89d2-4bc9b02b03e6 - - - - -] api.vendordata_jsonfile_path = None log_opt_values /usr/lib/python3/dist-packages/oslo_config/cfg.py:2609
2025-04-28 00:37:46.966 129278 DEBUG oslo_service.service [req-33af2091-b3d7-4227-89d2-4bc9b02b03e6 - - - - -] api.vendordata_providers = ['StaticJSON'] log_opt_values /usr/lib/python3/dist-packages/oslo_config/cfg.py:2609
2025-04-28 00:37:46.967 129278 DEBUG oslo_service.service [req-33af2091-b3d7-4227-89d2-4bc9b02b03e6 - - - - -] cache.backend = dogpile.cache.null log_opt_values /usr/lib/python3/dist-packages/oslo_config/cfg.py:2609
2025-04-28 00:37:46.968 129278 DEBUG oslo_service.service [req-33af2091-b3d7-4227-89d2-4bc9b02b03e6 - - - - -] cache.backend_argument = **** log_opt_values /usr/lib/python3/dist-packages/oslo_config/cfg.py:2609
2025-04-28 00:37:46.968 129278 DEBUG oslo_service.service [req-33af2091-b3d7-4227-89d2-4bc9b02b03e6 - - - - -] cache.config_prefix = cache.oslo log_opt_values /usr/lib/python3/dist-packages/oslo_config/cfg.py:2609
2025-04-28 00:37:46.969 129278 DEBUG oslo_service.service [req-33af2091-b3d7-4227-89d2-4bc9b02b03e6 - - - - -] cache.debug_cache_backend = False log_opt_values /usr/lib/python3/dist-packages/oslo_config/cfg.py:2609
2025-04-28 00:37:46.969 129278 DEBUG oslo_service.service [req-33af2091-b3d7-4227-89d2-4bc9b02b03e6 - - - - -] cache.enabled = False log_opt_values /usr/lib/python3/dist-packages/oslo_config/cfg.py:2609
2025-04-28 00:37:46.970 129278 DEBUG oslo_service.service [req-33af2091-b3d7-4227-89d2-4bc9b02b03e6 - - - - -] cache.expiration_time = 600 log_opt_values /usr/lib/python3/dist-packages/oslo_config/cfg.py:2609
2025-04-28 00:37:46.970 129278 DEBUG oslo_service.service [req-33af2091-b3d7-4227-89d2-4bc9b02b03e6 - - - - -] cache.memcache_dead_retry = 300 log_opt_values /usr/lib/python3/dist-packages/oslo_config/cfg.py:2609
2025-04-28 00:37:46.970 130963 DEBUG nova.service [req-4f08f3f9-219b-4b68-b5c6-5e9f83510c2c - - - - -] Creating RPC server for service conductor start /usr/lib/python3/dist-packages/nova/service.py:182
2025-04-28 00:37:46.971 129278 DEBUG oslo_service.service [req-33af2091-b3d7-4227-89d2-4bc9b02b03e6 - - - - -] cache.memcache_pool_connection_get_timeout = 10 log_opt_values /usr/lib/python3/dist-packages/oslo_config/cfg.py:2609
2025-04-28 00:37:46.971 129278 DEBUG oslo_service.service [req-33af2091-b3d7-4227-89d2-4bc9b02b03e6 - - - - -] cache.memcache_pool_flush_on_reconnect = False log_opt_values /usr/lib/python3/dist-packages/oslo_config/cfg.py:2609
2025-04-28 00:37:46.971 129278 DEBUG oslo_service.service [req-33af2091-b3d7-4227-89d2-4bc9b02b03e6 - - - - -] cache.memcache_pool_maxsize = 10 log_opt_values /usr/lib/python3/dist-packages/oslo_config/cfg.py:2609
2025-04-28 00:37:46.971 129278 DEBUG oslo_service.service [req-33af2091-b3d7-4227-89d2-4bc9b02b03e6 - - - - -] cache.memcache_pool_unused_timeout = 60 log_opt_values /usr/lib/python3/dist-packages/oslo_config/cfg.py:2609
2025-04-28 00:37:46.971 129278 DEBUG oslo_service.service [req-33af2091-b3d7-4227-89d2-4bc9b02b03e6 - - - - -] cache.memcache_servers = ['localhost:11211'] log_opt_values /usr/lib/python3/dist-packages/oslo_config/cfg.py:2609
2025-04-28 00:37:46.972 129278 DEBUG oslo_service.service [req-33af2091-b3d7-4227-89d2-4bc9b02b03e6 - - - - -] cache.memcache_socket_timeout = 1.0 log_opt_values /usr/lib/python3/dist-packages/oslo_config/cfg.py:2609
2025-04-28 00:37:46.972 129278 DEBUG oslo_service.service [req-33af2091-b3d7-4227-89d2-4bc9b02b03e6 - - - - -] cache.proxies = [] log_opt_values /usr/lib/python3/dist-packages/oslo_config/cfg.py:2609
2025-04-28 00:37:46.972 129278 DEBUG oslo_service.service [req-33af2091-b3d7-4227-89d2-4bc9b02b03e6 - - - - -] cache.tls_allowed_ciphers = None log_opt_values /usr/lib/python3/dist-packages/oslo_config/cfg.py:2609
2025-04-28 00:37:46.972 129278 DEBUG oslo_service.service [req-33af2091-b3d7-4227-89d2-4bc9b02b03e6 - - - - -] cache.tls_cafile = None log_opt_values /usr/lib/python3/dist-packages/oslo_config/cfg.py:2609
2025-04-28 00:37:46.973 129278 DEBUG oslo_service.service [req-33af2091-b3d7-4227-89d2-4bc9b02b03e6 - - - - -] cache.tls_certfile = None log_opt_values /usr/lib/python3/dist-packages/oslo_config/cfg.py:2609
2025-04-28 00:37:46.973 129278 DEBUG oslo_service.service [req-33af2091-b3d7-4227-89d2-4bc9b02b03e6 - - - - -] cache.tls_enabled = False log_opt_values /usr/lib/python3/dist-packages/oslo_config/cfg.py:2609
2025-04-28 00:37:46.973 129278 DEBUG oslo_service.service [req-33af2091-b3d7-4227-89d2-4bc9b02b03e6 - - - - -] cache.tls_keyfile = None log_opt_values /usr/lib/python3/dist-packages/oslo_config/cfg.py:2609
2025-04-28 00:37:46.973 129278 DEBUG oslo_service.service [req-33af2091-b3d7-4227-89d2-4bc9b02b03e6 - - - - -] cinder.auth_section = None log_opt_values /usr/lib/python3/dist-packages/oslo_config/cfg.py:2609
2025-04-28 00:37:46.973 130964 DEBUG nova.service [req-7b259412-1863-45fe-a359-7262d9ff709a - - - - -] Creating RPC server for service conductor start /usr/lib/python3/dist-packages/nova/service.py:182
2025-04-28 00:37:46.973 129278 DEBUG oslo_service.service [req-33af2091-b3d7-4227-89d2-4bc9b02b03e6 - - - - -] cinder.auth_type = None log_opt_values /usr/lib/python3/dist-packages/oslo_config/cfg.py:2609
2025-04-28 00:37:46.973 129278 DEBUG oslo_service.service [req-33af2091-b3d7-4227-89d2-4bc9b02b03e6 - - - - -] cinder.cafile = None log_opt_values /usr/lib/python3/dist-packages/oslo_config/cfg.py:2609
2025-04-28 00:37:46.974 129278 DEBUG oslo_service.service [req-33af2091-b3d7-4227-89d2-4bc9b02b03e6 - - - - -] cinder.catalog_info = volumev3::publicURL log_opt_values /usr/lib/python3/dist-packages/oslo_config/cfg.py:2609
2025-04-28 00:37:46.974 130956 DEBUG nova.service [req-8ae8c6f8-7f91-4d69-b7cd-79f267ebf50b - - - - -] Creating RPC server for service conductor start /usr/lib/python3/dist-packages/nova/service.py:182
2025-04-28 00:37:46.974 129278 DEBUG oslo_service.service [req-33af2091-b3d7-4227-89d2-4bc9b02b03e6 - - - - -] cinder.certfile = None log_opt_values /usr/lib/python3/dist-packages/oslo_config/cfg.py:2609
2025-04-28 00:37:46.974 129278 DEBUG oslo_service.service [req-33af2091-b3d7-4227-89d2-4bc9b02b03e6 - - - - -] cinder.collect_timing = False log_opt_values /usr/lib/python3/dist-packages/oslo_config/cfg.py:2609
2025-04-28 00:37:46.974 129278 DEBUG oslo_service.service [req-33af2091-b3d7-4227-89d2-4bc9b02b03e6 - - - - -] cinder.cross_az_attach = True log_opt_values /usr/lib/python3/dist-packages/oslo_config/cfg.py:2609
2025-04-28 00:37:46.975 129278 DEBUG oslo_service.service [req-33af2091-b3d7-4227-89d2-4bc9b02b03e6 - - - - -] cinder.debug = False log_opt_values /usr/lib/python3/dist-packages/oslo_config/cfg.py:2609
2025-04-28 00:37:46.975 129278 DEBUG oslo_service.service [req-33af2091-b3d7-4227-89d2-4bc9b02b03e6 - - - - -] cinder.endpoint_template = None log_opt_values /usr/lib/python3/dist-packages/oslo_config/cfg.py:2609
2025-04-28 00:37:46.975 129278 DEBUG oslo_service.service [req-33af2091-b3d7-4227-89d2-4bc9b02b03e6 - - - - -] cinder.http_retries = 3 log_opt_values /usr/lib/python3/dist-packages/oslo_config/cfg.py:2609
2025-04-28 00:37:46.976 129278 DEBUG oslo_service.service [req-33af2091-b3d7-4227-89d2-4bc9b02b03e6 - - - - -] cinder.insecure = False log_opt_values /usr/lib/python3/dist-packages/oslo_config/cfg.py:2609
2025-04-28 00:37:46.976 129278 DEBUG oslo_service.service [req-33af2091-b3d7-4227-89d2-4bc9b02b03e6 - - - - -] cinder.keyfile = None log_opt_values /usr/lib/python3/dist-packages/oslo_config/cfg.py:2609
2025-04-28 00:37:46.976 129278 DEBUG oslo_service.service [req-33af2091-b3d7-4227-89d2-4bc9b02b03e6 - - - - -] cinder.os_region_name = None log_opt_values /usr/lib/python3/dist-packages/oslo_config/cfg.py:2609
2025-04-28 00:37:46.977 129278 DEBUG oslo_service.service [req-33af2091-b3d7-4227-89d2-4bc9b02b03e6 - - - - -] cinder.split_loggers = False log_opt_values /usr/lib/python3/dist-packages/oslo_config/cfg.py:2609
2025-04-28 00:37:46.977 129278 DEBUG oslo_service.service [req-33af2091-b3d7-4227-89d2-4bc9b02b03e6 - - - - -] cinder.timeout = None log_opt_values /usr/lib/python3/dist-packages/oslo_config/cfg.py:2609
2025-04-28 00:37:46.977 129278 DEBUG oslo_service.service [req-33af2091-b3d7-4227-89d2-4bc9b02b03e6 - - - - -] compute.consecutive_build_service_disable_threshold = 10 log_opt_values /usr/lib/python3/dist-packages/oslo_config/cfg.py:2609
2025-04-28 00:37:46.977 129278 DEBUG oslo_service.service [req-33af2091-b3d7-4227-89d2-4bc9b02b03e6 - - - - -] compute.cpu_dedicated_set = None log_opt_values /usr/lib/python3/dist-packages/oslo_config/cfg.py:2609
2025-04-28 00:37:46.977 129278 DEBUG oslo_service.service [req-33af2091-b3d7-4227-89d2-4bc9b02b03e6 - - - - -] compute.cpu_shared_set = None log_opt_values /usr/lib/python3/dist-packages/oslo_config/cfg.py:2609
2025-04-28 00:37:46.978 129278 DEBUG oslo_service.service [req-33af2091-b3d7-4227-89d2-4bc9b02b03e6 - - - - -] compute.image_type_exclude_list = [] log_opt_values /usr/lib/python3/dist-packages/oslo_config/cfg.py:2609
2025-04-28 00:37:46.978 129278 DEBUG oslo_service.service [req-33af2091-b3d7-4227-89d2-4bc9b02b03e6 - - - - -] compute.live_migration_wait_for_vif_plug = True log_opt_values /usr/lib/python3/dist-packages/oslo_config/cfg.py:2609
2025-04-28 00:37:46.978 129278 DEBUG oslo_service.service [req-33af2091-b3d7-4227-89d2-4bc9b02b03e6 - - - - -] compute.max_concurrent_disk_ops = 0 log_opt_values /usr/lib/python3/dist-packages/oslo_config/cfg.py:2609
2025-04-28 00:37:46.979 129278 DEBUG oslo_service.service [req-33af2091-b3d7-4227-89d2-4bc9b02b03e6 - - - - -] compute.max_disk_devices_to_attach = -1 log_opt_values /usr/lib/python3/dist-packages/oslo_config/cfg.py:2609
2025-04-28 00:37:46.979 129278 DEBUG oslo_service.service [req-33af2091-b3d7-4227-89d2-4bc9b02b03e6 - - - - -] compute.packing_host_numa_cells_allocation_strategy = True log_opt_values /usr/lib/python3/dist-packages/oslo_config/cfg.py:2609
2025-04-28 00:37:46.979 129278 DEBUG oslo_service.service [req-33af2091-b3d7-4227-89d2-4bc9b02b03e6 - - - - -] compute.provider_config_location = /etc/nova/provider_config/ log_opt_values /usr/lib/python3/dist-packages/oslo_config/cfg.py:2609
2025-04-28 00:37:46.979 129278 DEBUG oslo_service.service [req-33af2091-b3d7-4227-89d2-4bc9b02b03e6 - - - - -] compute.resource_provider_association_refresh = 300 log_opt_values /usr/lib/python3/dist-packages/oslo_config/cfg.py:2609
2025-04-28 00:37:46.980 129278 DEBUG oslo_service.service [req-33af2091-b3d7-4227-89d2-4bc9b02b03e6 - - - - -] compute.shutdown_retry_interval = 10 log_opt_values /usr/lib/python3/dist-packages/oslo_config/cfg.py:2609
2025-04-28 00:37:46.980 129278 DEBUG oslo_service.service [req-33af2091-b3d7-4227-89d2-4bc9b02b03e6 - - - - -] compute.vmdk_allowed_types = ['streamOptimized', 'monolithicSparse'] log_opt_values /usr/lib/python3/dist-packages/oslo_config/cfg.py:2609
2025-04-28 00:37:46.980 129278 DEBUG oslo_service.service [req-33af2091-b3d7-4227-89d2-4bc9b02b03e6 - - - - -] conductor.workers = 4 log_opt_values /usr/lib/python3/dist-packages/oslo_config/cfg.py:2609
2025-04-28 00:37:46.981 129278 DEBUG oslo_service.service [req-33af2091-b3d7-4227-89d2-4bc9b02b03e6 - - - - -] console.allowed_origins = [] log_opt_values /usr/lib/python3/dist-packages/oslo_config/cfg.py:2609
2025-04-28 00:37:46.981 129278 DEBUG oslo_service.service [req-33af2091-b3d7-4227-89d2-4bc9b02b03e6 - - - - -] console.ssl_ciphers = None log_opt_values /usr/lib/python3/dist-packages/oslo_config/cfg.py:2609
2025-04-28 00:37:46.981 129278 DEBUG oslo_service.service [req-33af2091-b3d7-4227-89d2-4bc9b02b03e6 - - - - -] console.ssl_minimum_version = default log_opt_values /usr/lib/python3/dist-packages/oslo_config/cfg.py:2609
2025-04-28 00:37:46.981 129278 DEBUG oslo_service.service [req-33af2091-b3d7-4227-89d2-4bc9b02b03e6 - - - - -] consoleauth.token_ttl = 600 log_opt_values /usr/lib/python3/dist-packages/oslo_config/cfg.py:2609
2025-04-28 00:37:46.982 129278 DEBUG oslo_service.service [req-33af2091-b3d7-4227-89d2-4bc9b02b03e6 - - - - -] cyborg.cafile = None log_opt_values /usr/lib/python3/dist-packages/oslo_config/cfg.py:2609
2025-04-28 00:37:46.982 129278 DEBUG oslo_service.service [req-33af2091-b3d7-4227-89d2-4bc9b02b03e6 - - - - -] cyborg.certfile = None log_opt_values /usr/lib/python3/dist-packages/oslo_config/cfg.py:2609
2025-04-28 00:37:46.982 129278 DEBUG oslo_service.service [req-33af2091-b3d7-4227-89d2-4bc9b02b03e6 - - - - -] cyborg.collect_timing = False log_opt_values /usr/lib/python3/dist-packages/oslo_config/cfg.py:2609
2025-04-28 00:37:46.983 129278 DEBUG oslo_service.service [req-33af2091-b3d7-4227-89d2-4bc9b02b03e6 - - - - -] cyborg.connect_retries = None log_opt_values /usr/lib/python3/dist-packages/oslo_config/cfg.py:2609
2025-04-28 00:37:46.983 129278 DEBUG oslo_service.service [req-33af2091-b3d7-4227-89d2-4bc9b02b03e6 - - - - -] cyborg.connect_retry_delay = None log_opt_values /usr/lib/python3/dist-packages/oslo_config/cfg.py:2609
2025-04-28 00:37:46.983 129278 DEBUG oslo_service.service [req-33af2091-b3d7-4227-89d2-4bc9b02b03e6 - - - - -] cyborg.endpoint_override = None log_opt_values /usr/lib/python3/dist-packages/oslo_config/cfg.py:2609
2025-04-28 00:37:46.983 129278 DEBUG oslo_service.service [req-33af2091-b3d7-4227-89d2-4bc9b02b03e6 - - - - -] cyborg.insecure = False log_opt_values /usr/lib/python3/dist-packages/oslo_config/cfg.py:2609
2025-04-28 00:37:46.983 129278 DEBUG oslo_service.service [req-33af2091-b3d7-4227-89d2-4bc9b02b03e6 - - - - -] cyborg.keyfile = None log_opt_values /usr/lib/python3/dist-packages/oslo_config/cfg.py:2609
2025-04-28 00:37:46.984 129278 DEBUG oslo_service.service [req-33af2091-b3d7-4227-89d2-4bc9b02b03e6 - - - - -] cyborg.max_version = None log_opt_values /usr/lib/python3/dist-packages/oslo_config/cfg.py:2609
2025-04-28 00:37:46.984 129278 DEBUG oslo_service.service [req-33af2091-b3d7-4227-89d2-4bc9b02b03e6 - - - - -] cyborg.min_version = None log_opt_values /usr/lib/python3/dist-packages/oslo_config/cfg.py:2609
2025-04-28 00:37:46.984 129278 DEBUG oslo_service.service [req-33af2091-b3d7-4227-89d2-4bc9b02b03e6 - - - - -] cyborg.region_name = None log_opt_values /usr/lib/python3/dist-packages/oslo_config/cfg.py:2609
2025-04-28 00:37:46.984 129278 DEBUG oslo_service.service [req-33af2091-b3d7-4227-89d2-4bc9b02b03e6 - - - - -] cyborg.service_name = None log_opt_values /usr/lib/python3/dist-packages/oslo_config/cfg.py:2609
2025-04-28 00:37:46.985 129278 DEBUG oslo_service.service [req-33af2091-b3d7-4227-89d2-4bc9b02b03e6 - - - - -] cyborg.service_type = accelerator log_opt_values /usr/lib/python3/dist-packages/oslo_config/cfg.py:2609
2025-04-28 00:37:46.985 129278 DEBUG oslo_service.service [req-33af2091-b3d7-4227-89d2-4bc9b02b03e6 - - - - -] cyborg.split_loggers = False log_opt_values /usr/lib/python3/dist-packages/oslo_config/cfg.py:2609
2025-04-28 00:37:46.985 129278 DEBUG oslo_service.service [req-33af2091-b3d7-4227-89d2-4bc9b02b03e6 - - - - -] cyborg.status_code_retries = None log_opt_values /usr/lib/python3/dist-packages/oslo_config/cfg.py:2609
2025-04-28 00:37:46.985 129278 DEBUG oslo_service.service [req-33af2091-b3d7-4227-89d2-4bc9b02b03e6 - - - - -] cyborg.status_code_retry_delay = None log_opt_values /usr/lib/python3/dist-packages/oslo_config/cfg.py:2609
2025-04-28 00:37:46.986 129278 DEBUG oslo_service.service [req-33af2091-b3d7-4227-89d2-4bc9b02b03e6 - - - - -] cyborg.timeout = None log_opt_values /usr/lib/python3/dist-packages/oslo_config/cfg.py:2609
2025-04-28 00:37:46.986 129278 DEBUG oslo_service.service [req-33af2091-b3d7-4227-89d2-4bc9b02b03e6 - - - - -] cyborg.valid_interfaces = ['internal', 'public'] log_opt_values /usr/lib/python3/dist-packages/oslo_config/cfg.py:2609
2025-04-28 00:37:46.986 129278 DEBUG oslo_service.service [req-33af2091-b3d7-4227-89d2-4bc9b02b03e6 - - - - -] cyborg.version = None log_opt_values /usr/lib/python3/dist-packages/oslo_config/cfg.py:2609
2025-04-28 00:37:46.986 129278 DEBUG oslo_service.service [req-33af2091-b3d7-4227-89d2-4bc9b02b03e6 - - - - -] database.backend = sqlalchemy log_opt_values /usr/lib/python3/dist-packages/oslo_config/cfg.py:2609
2025-04-28 00:37:46.986 129278 DEBUG oslo_service.service [req-33af2091-b3d7-4227-89d2-4bc9b02b03e6 - - - - -] database.connection = **** log_opt_values /usr/lib/python3/dist-packages/oslo_config/cfg.py:2609
2025-04-28 00:37:46.987 129278 DEBUG oslo_service.service [req-33af2091-b3d7-4227-89d2-4bc9b02b03e6 - - - - -] database.connection_debug = 0 log_opt_values /usr/lib/python3/dist-packages/oslo_config/cfg.py:2609
2025-04-28 00:37:46.987 129278 DEBUG oslo_service.service [req-33af2091-b3d7-4227-89d2-4bc9b02b03e6 - - - - -] database.connection_parameters = log_opt_values /usr/lib/python3/dist-packages/oslo_config/cfg.py:2609
2025-04-28 00:37:46.987 129278 DEBUG oslo_service.service [req-33af2091-b3d7-4227-89d2-4bc9b02b03e6 - - - - -] database.connection_recycle_time = 3600 log_opt_values /usr/lib/python3/dist-packages/oslo_config/cfg.py:2609
2025-04-28 00:37:46.987 129278 DEBUG oslo_service.service [req-33af2091-b3d7-4227-89d2-4bc9b02b03e6 - - - - -] database.connection_trace = False log_opt_values /usr/lib/python3/dist-packages/oslo_config/cfg.py:2609
2025-04-28 00:37:46.987 129278 DEBUG oslo_service.service [req-33af2091-b3d7-4227-89d2-4bc9b02b03e6 - - - - -] database.db_inc_retry_interval = True log_opt_values /usr/lib/python3/dist-packages/oslo_config/cfg.py:2609
2025-04-28 00:37:46.988 129278 DEBUG oslo_service.service [req-33af2091-b3d7-4227-89d2-4bc9b02b03e6 - - - - -] database.db_max_retries = 20 log_opt_values /usr/lib/python3/dist-packages/oslo_config/cfg.py:2609
2025-04-28 00:37:46.988 129278 DEBUG oslo_service.service [req-33af2091-b3d7-4227-89d2-4bc9b02b03e6 - - - - -] database.db_max_retry_interval = 10 log_opt_values /usr/lib/python3/dist-packages/oslo_config/cfg.py:2609
2025-04-28 00:37:46.988 129278 DEBUG oslo_service.service [req-33af2091-b3d7-4227-89d2-4bc9b02b03e6 - - - - -] database.db_retry_interval = 1 log_opt_values /usr/lib/python3/dist-packages/oslo_config/cfg.py:2609
2025-04-28 00:37:46.988 129278 DEBUG oslo_service.service [req-33af2091-b3d7-4227-89d2-4bc9b02b03e6 - - - - -] database.max_overflow = 50 log_opt_values /usr/lib/python3/dist-packages/oslo_config/cfg.py:2609
2025-04-28 00:37:46.988 129278 DEBUG oslo_service.service [req-33af2091-b3d7-4227-89d2-4bc9b02b03e6 - - - - -] database.max_pool_size = 4 log_opt_values /usr/lib/python3/dist-packages/oslo_config/cfg.py:2609
2025-04-28 00:37:46.989 129278 DEBUG oslo_service.service [req-33af2091-b3d7-4227-89d2-4bc9b02b03e6 - - - - -] database.max_retries = 10 log_opt_values /usr/lib/python3/dist-packages/oslo_config/cfg.py:2609
2025-04-28 00:37:46.989 129278 DEBUG oslo_service.service [req-33af2091-b3d7-4227-89d2-4bc9b02b03e6 - - - - -] database.mysql_enable_ndb = False log_opt_values /usr/lib/python3/dist-packages/oslo_config/cfg.py:2609
2025-04-28 00:37:46.989 129278 DEBUG oslo_service.service [req-33af2091-b3d7-4227-89d2-4bc9b02b03e6 - - - - -] database.mysql_sql_mode = TRADITIONAL log_opt_values /usr/lib/python3/dist-packages/oslo_config/cfg.py:2609
2025-04-28 00:37:46.989 129278 DEBUG oslo_service.service [req-33af2091-b3d7-4227-89d2-4bc9b02b03e6 - - - - -] database.pool_timeout = None log_opt_values /usr/lib/python3/dist-packages/oslo_config/cfg.py:2609
2025-04-28 00:37:46.989 129278 DEBUG oslo_service.service [req-33af2091-b3d7-4227-89d2-4bc9b02b03e6 - - - - -] database.retry_interval = 10 log_opt_values /usr/lib/python3/dist-packages/oslo_config/cfg.py:2609
2025-04-28 00:37:46.990 129278 DEBUG oslo_service.service [req-33af2091-b3d7-4227-89d2-4bc9b02b03e6 - - - - -] database.slave_connection = **** log_opt_values /usr/lib/python3/dist-packages/oslo_config/cfg.py:2609
2025-04-28 00:37:46.990 129278 DEBUG oslo_service.service [req-33af2091-b3d7-4227-89d2-4bc9b02b03e6 - - - - -] database.sqlite_synchronous = True log_opt_values /usr/lib/python3/dist-packages/oslo_config/cfg.py:2609
2025-04-28 00:37:46.990 129278 DEBUG oslo_service.service [req-33af2091-b3d7-4227-89d2-4bc9b02b03e6 - - - - -] database.use_db_reconnect = False log_opt_values /usr/lib/python3/dist-packages/oslo_config/cfg.py:2609
2025-04-28 00:37:46.991 129278 DEBUG oslo_service.service [req-33af2091-b3d7-4227-89d2-4bc9b02b03e6 - - - - -] api_database.backend = sqlalchemy log_opt_values /usr/lib/python3/dist-packages/oslo_config/cfg.py:2609
2025-04-28 00:37:46.992 129278 DEBUG oslo_service.service [req-33af2091-b3d7-4227-89d2-4bc9b02b03e6 - - - - -] api_database.connection = **** log_opt_values /usr/lib/python3/dist-packages/oslo_config/cfg.py:2609
2025-04-28 00:37:46.992 129278 DEBUG oslo_service.service [req-33af2091-b3d7-4227-89d2-4bc9b02b03e6 - - - - -] api_database.connection_debug = 0 log_opt_values /usr/lib/python3/dist-packages/oslo_config/cfg.py:2609
2025-04-28 00:37:46.992 129278 DEBUG oslo_service.service [req-33af2091-b3d7-4227-89d2-4bc9b02b03e6 - - - - -] api_database.connection_parameters = log_opt_values /usr/lib/python3/dist-packages/oslo_config/cfg.py:2609
2025-04-28 00:37:46.993 129278 DEBUG oslo_service.service [req-33af2091-b3d7-4227-89d2-4bc9b02b03e6 - - - - -] api_database.connection_recycle_time = 3600 log_opt_values /usr/lib/python3/dist-packages/oslo_config/cfg.py:2609
2025-04-28 00:37:46.994 129278 DEBUG oslo_service.service [req-33af2091-b3d7-4227-89d2-4bc9b02b03e6 - - - - -] api_database.connection_trace = False log_opt_values /usr/lib/python3/dist-packages/oslo_config/cfg.py:2609
2025-04-28 00:37:46.994 129278 DEBUG oslo_service.service [req-33af2091-b3d7-4227-89d2-4bc9b02b03e6 - - - - -] api_database.db_inc_retry_interval = True log_opt_values /usr/lib/python3/dist-packages/oslo_config/cfg.py:2609
2025-04-28 00:37:46.995 129278 DEBUG oslo_service.service [req-33af2091-b3d7-4227-89d2-4bc9b02b03e6 - - - - -] api_database.db_max_retries = 20 log_opt_values /usr/lib/python3/dist-packages/oslo_config/cfg.py:2609
2025-04-28 00:37:46.995 129278 DEBUG oslo_service.service [req-33af2091-b3d7-4227-89d2-4bc9b02b03e6 - - - - -] api_database.db_max_retry_interval = 10 log_opt_values /usr/lib/python3/dist-packages/oslo_config/cfg.py:2609
2025-04-28 00:37:46.995 129278 DEBUG oslo_service.service [req-33af2091-b3d7-4227-89d2-4bc9b02b03e6 - - - - -] api_database.db_retry_interval = 1 log_opt_values /usr/lib/python3/dist-packages/oslo_config/cfg.py:2609
2025-04-28 00:37:46.995 129278 DEBUG oslo_service.service [req-33af2091-b3d7-4227-89d2-4bc9b02b03e6 - - - - -] api_database.max_overflow = 50 log_opt_values /usr/lib/python3/dist-packages/oslo_config/cfg.py:2609
2025-04-28 00:37:46.996 129278 DEBUG oslo_service.service [req-33af2091-b3d7-4227-89d2-4bc9b02b03e6 - - - - -] api_database.max_pool_size = 4 log_opt_values /usr/lib/python3/dist-packages/oslo_config/cfg.py:2609
2025-04-28 00:37:46.996 129278 DEBUG oslo_service.service [req-33af2091-b3d7-4227-89d2-4bc9b02b03e6 - - - - -] api_database.max_retries = 10 log_opt_values /usr/lib/python3/dist-packages/oslo_config/cfg.py:2609
2025-04-28 00:37:46.996 129278 DEBUG oslo_service.service [req-33af2091-b3d7-4227-89d2-4bc9b02b03e6 - - - - -] api_database.mysql_enable_ndb = False log_opt_values /usr/lib/python3/dist-packages/oslo_config/cfg.py:2609
2025-04-28 00:37:46.996 129278 DEBUG oslo_service.service [req-33af2091-b3d7-4227-89d2-4bc9b02b03e6 - - - - -] api_database.mysql_sql_mode = TRADITIONAL log_opt_values /usr/lib/python3/dist-packages/oslo_config/cfg.py:2609
2025-04-28 00:37:46.997 129278 DEBUG oslo_service.service [req-33af2091-b3d7-4227-89d2-4bc9b02b03e6 - - - - -] api_database.pool_timeout = None log_opt_values /usr/lib/python3/dist-packages/oslo_config/cfg.py:2609
2025-04-28 00:37:46.997 129278 DEBUG oslo_service.service [req-33af2091-b3d7-4227-89d2-4bc9b02b03e6 - - - - -] api_database.retry_interval = 10 log_opt_values /usr/lib/python3/dist-packages/oslo_config/cfg.py:2609
2025-04-28 00:37:46.997 129278 DEBUG oslo_service.service [req-33af2091-b3d7-4227-89d2-4bc9b02b03e6 - - - - -] api_database.slave_connection = **** log_opt_values /usr/lib/python3/dist-packages/oslo_config/cfg.py:2609
2025-04-28 00:37:46.998 129278 DEBUG oslo_service.service [req-33af2091-b3d7-4227-89d2-4bc9b02b03e6 - - - - -] api_database.sqlite_synchronous = True log_opt_values /usr/lib/python3/dist-packages/oslo_config/cfg.py:2609
2025-04-28 00:37:46.998 129278 DEBUG oslo_service.service [req-33af2091-b3d7-4227-89d2-4bc9b02b03e6 - - - - -] devices.enabled_mdev_types = [] log_opt_values /usr/lib/python3/dist-packages/oslo_config/cfg.py:2609
2025-04-28 00:37:46.999 129278 DEBUG oslo_service.service [req-33af2091-b3d7-4227-89d2-4bc9b02b03e6 - - - - -] ephemeral_storage_encryption.cipher = aes-xts-plain64 log_opt_values /usr/lib/python3/dist-packages/oslo_config/cfg.py:2609
2025-04-28 00:37:46.999 129278 DEBUG oslo_service.service [req-33af2091-b3d7-4227-89d2-4bc9b02b03e6 - - - - -] ephemeral_storage_encryption.enabled = False log_opt_values /usr/lib/python3/dist-packages/oslo_config/cfg.py:2609
2025-04-28 00:37:46.999 129278 DEBUG oslo_service.service [req-33af2091-b3d7-4227-89d2-4bc9b02b03e6 - - - - -] ephemeral_storage_encryption.key_size = 512 log_opt_values /usr/lib/python3/dist-packages/oslo_config/cfg.py:2609
2025-04-28 00:37:47.000 129278 WARNING oslo_config.cfg [req-33af2091-b3d7-4227-89d2-4bc9b02b03e6 - - - - -] Deprecated: Option "api_servers" from group "glance" is deprecated for removal ( Support for image service configuration via standard keystoneauth1 Adapter options was added in the 17.0.0 Queens release. The api_servers option was retained temporarily to allow consumers time to cut over to a real load balancing solution. ). Its value may be silently ignored in the future.
2025-04-28 00:37:47.000 129278 DEBUG oslo_service.service [req-33af2091-b3d7-4227-89d2-4bc9b02b03e6 - - - - -] glance.api_servers = ['http://252.241.176.151:9292'] log_opt_values /usr/lib/python3/dist-packages/oslo_config/cfg.py:2609
2025-04-28 00:37:47.000 129278 DEBUG oslo_service.service [req-33af2091-b3d7-4227-89d2-4bc9b02b03e6 - - - - -] glance.cafile = None log_opt_values /usr/lib/python3/dist-packages/oslo_config/cfg.py:2609
2025-04-28 00:37:47.001 129278 DEBUG oslo_service.service [req-33af2091-b3d7-4227-89d2-4bc9b02b03e6 - - - - -] glance.certfile = None log_opt_values /usr/lib/python3/dist-packages/oslo_config/cfg.py:2609
2025-04-28 00:37:47.001 129278 DEBUG oslo_service.service [req-33af2091-b3d7-4227-89d2-4bc9b02b03e6 - - - - -] glance.collect_timing = False log_opt_values /usr/lib/python3/dist-packages/oslo_config/cfg.py:2609
2025-04-28 00:37:47.001 129278 DEBUG oslo_service.service [req-33af2091-b3d7-4227-89d2-4bc9b02b03e6 - - - - -] glance.connect_retries = None log_opt_values /usr/lib/python3/dist-packages/oslo_config/cfg.py:2609
2025-04-28 00:37:47.002 129278 DEBUG oslo_service.service [req-33af2091-b3d7-4227-89d2-4bc9b02b03e6 - - - - -] glance.connect_retry_delay = None log_opt_values /usr/lib/python3/dist-packages/oslo_config/cfg.py:2609
2025-04-28 00:37:47.002 129278 DEBUG oslo_service.service [req-33af2091-b3d7-4227-89d2-4bc9b02b03e6 - - - - -] glance.debug = False log_opt_values /usr/lib/python3/dist-packages/oslo_config/cfg.py:2609
2025-04-28 00:37:47.004 129278 DEBUG oslo_service.service [req-33af2091-b3d7-4227-89d2-4bc9b02b03e6 - - - - -] glance.default_trusted_certificate_ids = [] log_opt_values /usr/lib/python3/dist-packages/oslo_config/cfg.py:2609
2025-04-28 00:37:47.002 130957 DEBUG oslo_messaging._drivers.amqpdriver [-] Listener is running poll /usr/lib/python3/dist-packages/oslo_messaging/_drivers/amqpdriver.py:343
2025-04-28 00:37:47.004 129278 DEBUG oslo_service.service [req-33af2091-b3d7-4227-89d2-4bc9b02b03e6 - - - - -] glance.enable_certificate_validation = False log_opt_values /usr/lib/python3/dist-packages/oslo_config/cfg.py:2609
2025-04-28 00:37:47.004 130957 DEBUG oslo_messaging._drivers.amqpdriver [-] AMQPListener connection consume poll /usr/lib/python3/dist-packages/oslo_messaging/_drivers/amqpdriver.py:357
2025-04-28 00:37:47.004 129278 DEBUG oslo_service.service [req-33af2091-b3d7-4227-89d2-4bc9b02b03e6 - - - - -] glance.enable_rbd_download = False log_opt_values /usr/lib/python3/dist-packages/oslo_config/cfg.py:2609
2025-04-28 00:37:47.005 130956 DEBUG oslo_messaging._drivers.amqpdriver [-] Listener is running poll /usr/lib/python3/dist-packages/oslo_messaging/_drivers/amqpdriver.py:343
2025-04-28 00:37:47.005 129278 DEBUG oslo_service.service [req-33af2091-b3d7-4227-89d2-4bc9b02b03e6 - - - - -] glance.endpoint_override = None log_opt_values /usr/lib/python3/dist-packages/oslo_config/cfg.py:2609
2025-04-28 00:37:47.006 130956 DEBUG oslo_messaging._drivers.amqpdriver [-] AMQPListener connection consume poll /usr/lib/python3/dist-packages/oslo_messaging/_drivers/amqpdriver.py:357
2025-04-28 00:37:47.006 130957 DEBUG nova.service [req-cb78ebff-a8b8-4ef9-84e7-f63a3bbeab1a - - - - -] Join ServiceGroup membership for this service conductor start /usr/lib/python3/dist-packages/nova/service.py:199
2025-04-28 00:37:47.006 129278 DEBUG oslo_service.service [req-33af2091-b3d7-4227-89d2-4bc9b02b03e6 - - - - -] glance.insecure = False log_opt_values /usr/lib/python3/dist-packages/oslo_config/cfg.py:2609
2025-04-28 00:37:47.007 130957 DEBUG nova.servicegroup.drivers.db [req-cb78ebff-a8b8-4ef9-84e7-f63a3bbeab1a - - - - -] DB_Driver: join new ServiceGroup member juju-f12b36-0-lxd-7 to the conductor group, service = join /usr/lib/python3/dist-packages/nova/servicegroup/drivers/db.py:44
2025-04-28 00:37:47.007 129278 DEBUG oslo_service.service [req-33af2091-b3d7-4227-89d2-4bc9b02b03e6 - - - - -] glance.keyfile = None log_opt_values /usr/lib/python3/dist-packages/oslo_config/cfg.py:2609
2025-04-28 00:37:47.008 129278 DEBUG oslo_service.service [req-33af2091-b3d7-4227-89d2-4bc9b02b03e6 - - - - -] glance.max_version = None log_opt_values /usr/lib/python3/dist-packages/oslo_config/cfg.py:2609
2025-04-28 00:37:47.007 130956 DEBUG nova.service [req-8ae8c6f8-7f91-4d69-b7cd-79f267ebf50b - - - - -] Join ServiceGroup membership for this service conductor start /usr/lib/python3/dist-packages/nova/service.py:199
2025-04-28 00:37:47.008 130963 DEBUG oslo_messaging._drivers.amqpdriver [-] Listener is running poll /usr/lib/python3/dist-packages/oslo_messaging/_drivers/amqpdriver.py:343
2025-04-28 00:37:47.008 129278 DEBUG oslo_service.service [req-33af2091-b3d7-4227-89d2-4bc9b02b03e6 - - - - -] glance.min_version = None log_opt_values /usr/lib/python3/dist-packages/oslo_config/cfg.py:2609
2025-04-28 00:37:47.008 130956 DEBUG nova.servicegroup.drivers.db [req-8ae8c6f8-7f91-4d69-b7cd-79f267ebf50b - - - - -] DB_Driver: join new ServiceGroup member juju-f12b36-0-lxd-7 to the conductor group, service = join /usr/lib/python3/dist-packages/nova/servicegroup/drivers/db.py:44
2025-04-28 00:37:47.008 130963 DEBUG oslo_messaging._drivers.amqpdriver [-] AMQPListener connection consume poll /usr/lib/python3/dist-packages/oslo_messaging/_drivers/amqpdriver.py:357
2025-04-28 00:37:47.009 129278 DEBUG oslo_service.service [req-33af2091-b3d7-4227-89d2-4bc9b02b03e6 - - - - -] glance.num_retries = 3 log_opt_values /usr/lib/python3/dist-packages/oslo_config/cfg.py:2609
2025-04-28 00:37:47.009 130957 DEBUG oslo_messaging._drivers.amqpdriver [-] AMQPListener connection timeout poll /usr/lib/python3/dist-packages/oslo_messaging/_drivers/amqpdriver.py:360
2025-04-28 00:37:47.010 130957 DEBUG oslo_messaging._drivers.amqpdriver [-] Listener is running poll /usr/lib/python3/dist-packages/oslo_messaging/_drivers/amqpdriver.py:343
2025-04-28 00:37:47.010 130957 DEBUG oslo_messaging._drivers.amqpdriver [-] AMQPListener connection consume poll /usr/lib/python3/dist-packages/oslo_messaging/_drivers/amqpdriver.py:357
2025-04-28 00:37:47.010 129278 DEBUG oslo_service.service [req-33af2091-b3d7-4227-89d2-4bc9b02b03e6 - - - - -] glance.rbd_ceph_conf = log_opt_values /usr/lib/python3/dist-packages/oslo_config/cfg.py:2609
2025-04-28 00:37:47.011 130956 DEBUG oslo_messaging._drivers.amqpdriver [-] AMQPListener connection timeout poll /usr/lib/python3/dist-packages/oslo_messaging/_drivers/amqpdriver.py:360
2025-04-28 00:37:47.011 130956 DEBUG oslo_messaging._drivers.amqpdriver [-] Listener is running poll /usr/lib/python3/dist-packages/oslo_messaging/_drivers/amqpdriver.py:343
2025-04-28 00:37:47.011 130956 DEBUG oslo_messaging._drivers.amqpdriver [-] AMQPListener connection consume poll /usr/lib/python3/dist-packages/oslo_messaging/_drivers/amqpdriver.py:357
2025-04-28 00:37:47.011 129278 DEBUG oslo_service.service [req-33af2091-b3d7-4227-89d2-4bc9b02b03e6 - - - - -] glance.rbd_connect_timeout = 5 log_opt_values /usr/lib/python3/dist-packages/oslo_config/cfg.py:2609
2025-04-28 00:37:47.011 129278 DEBUG oslo_service.service [req-33af2091-b3d7-4227-89d2-4bc9b02b03e6 - - - - -] glance.rbd_pool = log_opt_values /usr/lib/python3/dist-packages/oslo_config/cfg.py:2609
2025-04-28 00:37:47.012 129278 DEBUG oslo_service.service [req-33af2091-b3d7-4227-89d2-4bc9b02b03e6 - - - - -] glance.rbd_user = log_opt_values /usr/lib/python3/dist-packages/oslo_config/cfg.py:2609
2025-04-28 00:37:47.012 129278 DEBUG oslo_service.service [req-33af2091-b3d7-4227-89d2-4bc9b02b03e6 - - - - -] glance.region_name = None log_opt_values /usr/lib/python3/dist-packages/oslo_config/cfg.py:2609
2025-04-28 00:37:47.013 130963 DEBUG nova.service [req-4f08f3f9-219b-4b68-b5c6-5e9f83510c2c - - - - -] Join ServiceGroup membership for this service conductor start /usr/lib/python3/dist-packages/nova/service.py:199
2025-04-28 00:37:47.013 129278 DEBUG oslo_service.service [req-33af2091-b3d7-4227-89d2-4bc9b02b03e6 - - - - -] glance.service_name = None log_opt_values /usr/lib/python3/dist-packages/oslo_config/cfg.py:2609
2025-04-28 00:37:47.013 130963 DEBUG nova.servicegroup.drivers.db [req-4f08f3f9-219b-4b68-b5c6-5e9f83510c2c - - - - -] DB_Driver: join new ServiceGroup member juju-f12b36-0-lxd-7 to the conductor group, service = join /usr/lib/python3/dist-packages/nova/servicegroup/drivers/db.py:44
2025-04-28 00:37:47.013 129278 DEBUG oslo_service.service [req-33af2091-b3d7-4227-89d2-4bc9b02b03e6 - - - - -] glance.service_type = image log_opt_values /usr/lib/python3/dist-packages/oslo_config/cfg.py:2609
2025-04-28 00:37:47.013 130964 DEBUG oslo_messaging._drivers.amqpdriver [-] Listener is running poll /usr/lib/python3/dist-packages/oslo_messaging/_drivers/amqpdriver.py:343
2025-04-28 00:37:47.013 130964 DEBUG oslo_messaging._drivers.amqpdriver [-] AMQPListener connection consume poll /usr/lib/python3/dist-packages/oslo_messaging/_drivers/amqpdriver.py:357
2025-04-28 00:37:47.013 129278 DEBUG oslo_service.service [req-33af2091-b3d7-4227-89d2-4bc9b02b03e6 - - - - -] glance.split_loggers = False log_opt_values /usr/lib/python3/dist-packages/oslo_config/cfg.py:2609
2025-04-28 00:37:47.013 130963 DEBUG oslo_messaging._drivers.amqpdriver [-] AMQPListener connection timeout poll /usr/lib/python3/dist-packages/oslo_messaging/_drivers/amqpdriver.py:360
2025-04-28 00:37:47.014 130963 DEBUG oslo_messaging._drivers.amqpdriver [-] Listener is running poll /usr/lib/python3/dist-packages/oslo_messaging/_drivers/amqpdriver.py:343
2025-04-28 00:37:47.014 130963 DEBUG oslo_messaging._drivers.amqpdriver [-] AMQPListener connection consume poll /usr/lib/python3/dist-packages/oslo_messaging/_drivers/amqpdriver.py:357
2025-04-28 00:37:47.014 129278 DEBUG oslo_service.service [req-33af2091-b3d7-4227-89d2-4bc9b02b03e6 - - - - -] glance.status_code_retries = None log_opt_values /usr/lib/python3/dist-packages/oslo_config/cfg.py:2609
2025-04-28 00:37:47.014 129278 DEBUG oslo_service.service [req-33af2091-b3d7-4227-89d2-4bc9b02b03e6 - - - - -] glance.status_code_retry_delay = None log_opt_values /usr/lib/python3/dist-packages/oslo_config/cfg.py:2609
2025-04-28 00:37:47.014 130964 DEBUG nova.service [req-7b259412-1863-45fe-a359-7262d9ff709a - - - - -] Join ServiceGroup membership for this service conductor start /usr/lib/python3/dist-packages/nova/service.py:199
2025-04-28 00:37:47.014 129278 DEBUG oslo_service.service [req-33af2091-b3d7-4227-89d2-4bc9b02b03e6 - - - - -] glance.timeout = None log_opt_values /usr/lib/python3/dist-packages/oslo_config/cfg.py:2609
2025-04-28 00:37:47.014 130964 DEBUG nova.servicegroup.drivers.db [req-7b259412-1863-45fe-a359-7262d9ff709a - - - - -] DB_Driver: join new ServiceGroup member juju-f12b36-0-lxd-7 to the conductor group, service = join /usr/lib/python3/dist-packages/nova/servicegroup/drivers/db.py:44
2025-04-28 00:37:47.014 129278 DEBUG oslo_service.service [req-33af2091-b3d7-4227-89d2-4bc9b02b03e6 - - - - -] glance.valid_interfaces = ['internal', 'public'] log_opt_values /usr/lib/python3/dist-packages/oslo_config/cfg.py:2609
2025-04-28 00:37:47.015 129278 DEBUG oslo_service.service [req-33af2091-b3d7-4227-89d2-4bc9b02b03e6 - - - - -] glance.verify_glance_signatures = False log_opt_values /usr/lib/python3/dist-packages/oslo_config/cfg.py:2609
2025-04-28 00:37:47.015 129278 DEBUG oslo_service.service [req-33af2091-b3d7-4227-89d2-4bc9b02b03e6 - - - - -] glance.version = None log_opt_values /usr/lib/python3/dist-packages/oslo_config/cfg.py:2609
2025-04-28 00:37:47.016 129278 DEBUG oslo_service.service [req-33af2091-b3d7-4227-89d2-4bc9b02b03e6 - - - - -] guestfs.debug = False log_opt_values /usr/lib/python3/dist-packages/oslo_config/cfg.py:2609
2025-04-28 00:37:47.016 129278 DEBUG oslo_service.service [req-33af2091-b3d7-4227-89d2-4bc9b02b03e6 - - - - -] hyperv.config_drive_cdrom = False log_opt_values /usr/lib/python3/dist-packages/oslo_config/cfg.py:2609
2025-04-28 00:37:47.016 129278 DEBUG oslo_service.service [req-33af2091-b3d7-4227-89d2-4bc9b02b03e6 - - - - -] hyperv.config_drive_inject_password = False log_opt_values /usr/lib/python3/dist-packages/oslo_config/cfg.py:2609
2025-04-28 00:37:47.017 130964 DEBUG oslo_messaging._drivers.amqpdriver [-] AMQPListener connection timeout poll /usr/lib/python3/dist-packages/oslo_messaging/_drivers/amqpdriver.py:360
2025-04-28 00:37:47.017 129278 DEBUG oslo_service.service [req-33af2091-b3d7-4227-89d2-4bc9b02b03e6 - - - - -] hyperv.dynamic_memory_ratio = 1.0 log_opt_values /usr/lib/python3/dist-packages/oslo_config/cfg.py:2609
2025-04-28 00:37:47.017 130964 DEBUG oslo_messaging._drivers.amqpdriver [-] Listener is running poll /usr/lib/python3/dist-packages/oslo_messaging/_drivers/amqpdriver.py:343
2025-04-28 00:37:47.017 129278 DEBUG oslo_service.service [req-33af2091-b3d7-4227-89d2-4bc9b02b03e6 - - - - -] hyperv.enable_instance_metrics_collection = False log_opt_values /usr/lib/python3/dist-packages/oslo_config/cfg.py:2609
2025-04-28 00:37:47.017 130964 DEBUG oslo_messaging._drivers.amqpdriver [-] AMQPListener connection consume poll /usr/lib/python3/dist-packages/oslo_messaging/_drivers/amqpdriver.py:357
2025-04-28 00:37:47.017 129278 DEBUG oslo_service.service [req-33af2091-b3d7-4227-89d2-4bc9b02b03e6 - - - - -] hyperv.enable_remotefx = False log_opt_values /usr/lib/python3/dist-packages/oslo_config/cfg.py:2609
2025-04-28 00:37:47.017 129278 DEBUG oslo_service.service [req-33af2091-b3d7-4227-89d2-4bc9b02b03e6 - - - - -] hyperv.instances_path_share = log_opt_values /usr/lib/python3/dist-packages/oslo_config/cfg.py:2609
2025-04-28 00:37:47.018 129278 DEBUG oslo_service.service [req-33af2091-b3d7-4227-89d2-4bc9b02b03e6 - - - - -] hyperv.iscsi_initiator_list = [] log_opt_values /usr/lib/python3/dist-packages/oslo_config/cfg.py:2609
2025-04-28 00:37:47.018 129278 DEBUG oslo_service.service [req-33af2091-b3d7-4227-89d2-4bc9b02b03e6 - - - - -] hyperv.limit_cpu_features = False log_opt_values /usr/lib/python3/dist-packages/oslo_config/cfg.py:2609
2025-04-28 00:37:47.018 129278 DEBUG oslo_service.service [req-33af2091-b3d7-4227-89d2-4bc9b02b03e6 - - - - -] hyperv.mounted_disk_query_retry_count = 10 log_opt_values /usr/lib/python3/dist-packages/oslo_config/cfg.py:2609
2025-04-28 00:37:47.018 129278 DEBUG oslo_service.service [req-33af2091-b3d7-4227-89d2-4bc9b02b03e6 - - - - -] hyperv.mounted_disk_query_retry_interval = 5 log_opt_values /usr/lib/python3/dist-packages/oslo_config/cfg.py:2609
2025-04-28 00:37:47.018 129278 DEBUG oslo_service.service [req-33af2091-b3d7-4227-89d2-4bc9b02b03e6 - - - - -] hyperv.power_state_check_timeframe = 60 log_opt_values /usr/lib/python3/dist-packages/oslo_config/cfg.py:2609
2025-04-28 00:37:47.018 129278 DEBUG oslo_service.service [req-33af2091-b3d7-4227-89d2-4bc9b02b03e6 - - - - -] hyperv.power_state_event_polling_interval = 2 log_opt_values /usr/lib/python3/dist-packages/oslo_config/cfg.py:2609
2025-04-28 00:37:47.019 129278 DEBUG oslo_service.service [req-33af2091-b3d7-4227-89d2-4bc9b02b03e6 - - - - -] hyperv.qemu_img_cmd = qemu-img.exe log_opt_values /usr/lib/python3/dist-packages/oslo_config/cfg.py:2609
2025-04-28 00:37:47.019 129278 DEBUG oslo_service.service [req-33af2091-b3d7-4227-89d2-4bc9b02b03e6 - - - - -] hyperv.use_multipath_io = False log_opt_values /usr/lib/python3/dist-packages/oslo_config/cfg.py:2609
2025-04-28 00:37:47.019 129278 DEBUG oslo_service.service [req-33af2091-b3d7-4227-89d2-4bc9b02b03e6 - - - - -] hyperv.volume_attach_retry_count = 10 log_opt_values /usr/lib/python3/dist-packages/oslo_config/cfg.py:2609
2025-04-28 00:37:47.019 129278 DEBUG oslo_service.service [req-33af2091-b3d7-4227-89d2-4bc9b02b03e6 - - - - -] hyperv.volume_attach_retry_interval = 5 log_opt_values /usr/lib/python3/dist-packages/oslo_config/cfg.py:2609
2025-04-28 00:37:47.019 129278 DEBUG oslo_service.service [req-33af2091-b3d7-4227-89d2-4bc9b02b03e6 - - - - -] hyperv.vswitch_name = None log_opt_values /usr/lib/python3/dist-packages/oslo_config/cfg.py:2609
2025-04-28 00:37:47.019 129278 DEBUG oslo_service.service [req-33af2091-b3d7-4227-89d2-4bc9b02b03e6 - - - - -] hyperv.wait_soft_reboot_seconds = 60 log_opt_values /usr/lib/python3/dist-packages/oslo_config/cfg.py:2609
2025-04-28 00:37:47.020 129278 DEBUG oslo_service.service [req-33af2091-b3d7-4227-89d2-4bc9b02b03e6 - - - - -] mks.enabled = False log_opt_values /usr/lib/python3/dist-packages/oslo_config/cfg.py:2609
2025-04-28 00:37:47.020 129278 DEBUG oslo_service.service [req-33af2091-b3d7-4227-89d2-4bc9b02b03e6 - - - - -] mks.mksproxy_base_url = http://127.0.0.1:6090/ log_opt_values /usr/lib/python3/dist-packages/oslo_config/cfg.py:2609
2025-04-28 00:37:47.021 129278 DEBUG oslo_service.service [req-33af2091-b3d7-4227-89d2-4bc9b02b03e6 - - - - -] image_cache.manager_interval = 2400 log_opt_values /usr/lib/python3/dist-packages/oslo_config/cfg.py:2609
2025-04-28 00:37:47.021 129278 DEBUG oslo_service.service [req-33af2091-b3d7-4227-89d2-4bc9b02b03e6 - - - - -] image_cache.precache_concurrency = 1 log_opt_values /usr/lib/python3/dist-packages/oslo_config/cfg.py:2609
2025-04-28 00:37:47.021 129278 DEBUG oslo_service.service [req-33af2091-b3d7-4227-89d2-4bc9b02b03e6 - - - - -] image_cache.remove_unused_base_images = True log_opt_values /usr/lib/python3/dist-packages/oslo_config/cfg.py:2609
2025-04-28 00:37:47.021 129278 DEBUG oslo_service.service [req-33af2091-b3d7-4227-89d2-4bc9b02b03e6 - - - - -] image_cache.remove_unused_original_minimum_age_seconds = 86400 log_opt_values /usr/lib/python3/dist-packages/oslo_config/cfg.py:2609
2025-04-28 00:37:47.021 129278 DEBUG oslo_service.service [req-33af2091-b3d7-4227-89d2-4bc9b02b03e6 - - - - -] image_cache.remove_unused_resized_minimum_age_seconds = 3600 log_opt_values /usr/lib/python3/dist-packages/oslo_config/cfg.py:2609
2025-04-28 00:37:47.022 129278 DEBUG oslo_service.service [req-33af2091-b3d7-4227-89d2-4bc9b02b03e6 - - - - -] image_cache.subdirectory_name = _base log_opt_values /usr/lib/python3/dist-packages/oslo_config/cfg.py:2609
2025-04-28 00:37:47.022 129278 DEBUG oslo_service.service [req-33af2091-b3d7-4227-89d2-4bc9b02b03e6 - - - - -] ironic.api_max_retries = 60 log_opt_values /usr/lib/python3/dist-packages/oslo_config/cfg.py:2609
2025-04-28 00:37:47.022 129278 DEBUG oslo_service.service [req-33af2091-b3d7-4227-89d2-4bc9b02b03e6 - - - - -] ironic.api_retry_interval = 2 log_opt_values /usr/lib/python3/dist-packages/oslo_config/cfg.py:2609
2025-04-28 00:37:47.022 129278 DEBUG oslo_service.service [req-33af2091-b3d7-4227-89d2-4bc9b02b03e6 - - - - -] ironic.auth_section = None log_opt_values /usr/lib/python3/dist-packages/oslo_config/cfg.py:2609
2025-04-28 00:37:47.022 129278 DEBUG oslo_service.service [req-33af2091-b3d7-4227-89d2-4bc9b02b03e6 - - - - -] ironic.auth_type = None log_opt_values /usr/lib/python3/dist-packages/oslo_config/cfg.py:2609
2025-04-28 00:37:47.023 129278 DEBUG oslo_service.service [req-33af2091-b3d7-4227-89d2-4bc9b02b03e6 - - - - -] ironic.cafile = None log_opt_values /usr/lib/python3/dist-packages/oslo_config/cfg.py:2609
2025-04-28 00:37:47.023 129278 DEBUG oslo_service.service [req-33af2091-b3d7-4227-89d2-4bc9b02b03e6 - - - - -] ironic.certfile = None log_opt_values /usr/lib/python3/dist-packages/oslo_config/cfg.py:2609
2025-04-28 00:37:47.023 129278 DEBUG oslo_service.service [req-33af2091-b3d7-4227-89d2-4bc9b02b03e6 - - - - -] ironic.collect_timing = False log_opt_values /usr/lib/python3/dist-packages/oslo_config/cfg.py:2609
2025-04-28 00:37:47.024 129278 DEBUG oslo_service.service [req-33af2091-b3d7-4227-89d2-4bc9b02b03e6 - - - - -] ironic.connect_retries = None log_opt_values /usr/lib/python3/dist-packages/oslo_config/cfg.py:2609
2025-04-28 00:37:47.024 129278 DEBUG oslo_service.service [req-33af2091-b3d7-4227-89d2-4bc9b02b03e6 - - - - -] ironic.connect_retry_delay = None log_opt_values /usr/lib/python3/dist-packages/oslo_config/cfg.py:2609
2025-04-28 00:37:47.024 129278 DEBUG oslo_service.service [req-33af2091-b3d7-4227-89d2-4bc9b02b03e6 - - - - -] ironic.endpoint_override = None log_opt_values /usr/lib/python3/dist-packages/oslo_config/cfg.py:2609
2025-04-28 00:37:47.024 129278 DEBUG oslo_service.service [req-33af2091-b3d7-4227-89d2-4bc9b02b03e6 - - - - -] ironic.insecure = False log_opt_values /usr/lib/python3/dist-packages/oslo_config/cfg.py:2609
2025-04-28 00:37:47.025 129278 DEBUG oslo_service.service [req-33af2091-b3d7-4227-89d2-4bc9b02b03e6 - - - - -] ironic.keyfile = None log_opt_values /usr/lib/python3/dist-packages/oslo_config/cfg.py:2609
2025-04-28 00:37:47.025 129278 DEBUG oslo_service.service [req-33af2091-b3d7-4227-89d2-4bc9b02b03e6 - - - - -] ironic.max_version = None log_opt_values /usr/lib/python3/dist-packages/oslo_config/cfg.py:2609
2025-04-28 00:37:47.025 129278 DEBUG oslo_service.service [req-33af2091-b3d7-4227-89d2-4bc9b02b03e6 - - - - -] ironic.min_version = None log_opt_values /usr/lib/python3/dist-packages/oslo_config/cfg.py:2609
2025-04-28 00:37:47.026 129278 DEBUG oslo_service.service [req-33af2091-b3d7-4227-89d2-4bc9b02b03e6 - - - - -] ironic.partition_key = None log_opt_values /usr/lib/python3/dist-packages/oslo_config/cfg.py:2609
2025-04-28 00:37:47.026 129278 DEBUG oslo_service.service [req-33af2091-b3d7-4227-89d2-4bc9b02b03e6 - - - - -] ironic.peer_list = [] log_opt_values /usr/lib/python3/dist-packages/oslo_config/cfg.py:2609
2025-04-28 00:37:47.026 129278 DEBUG oslo_service.service [req-33af2091-b3d7-4227-89d2-4bc9b02b03e6 - - - - -] ironic.region_name = None log_opt_values /usr/lib/python3/dist-packages/oslo_config/cfg.py:2609
2025-04-28 00:37:47.026 129278 DEBUG oslo_service.service [req-33af2091-b3d7-4227-89d2-4bc9b02b03e6 - - - - -] ironic.serial_console_state_timeout = 10 log_opt_values /usr/lib/python3/dist-packages/oslo_config/cfg.py:2609
2025-04-28 00:37:47.027 129278 DEBUG oslo_service.service [req-33af2091-b3d7-4227-89d2-4bc9b02b03e6 - - - - -] ironic.service_name = None log_opt_values /usr/lib/python3/dist-packages/oslo_config/cfg.py:2609
2025-04-28 00:37:47.027 129278 DEBUG oslo_service.service [req-33af2091-b3d7-4227-89d2-4bc9b02b03e6 - - - - -] ironic.service_type = baremetal log_opt_values /usr/lib/python3/dist-packages/oslo_config/cfg.py:2609
2025-04-28 00:37:47.027 129278 DEBUG oslo_service.service [req-33af2091-b3d7-4227-89d2-4bc9b02b03e6 - - - - -] ironic.split_loggers = False log_opt_values /usr/lib/python3/dist-packages/oslo_config/cfg.py:2609
2025-04-28 00:37:47.028 129278 DEBUG oslo_service.service [req-33af2091-b3d7-4227-89d2-4bc9b02b03e6 - - - - -] ironic.status_code_retries = None log_opt_values /usr/lib/python3/dist-packages/oslo_config/cfg.py:2609
2025-04-28 00:37:47.028 129278 DEBUG oslo_service.service [req-33af2091-b3d7-4227-89d2-4bc9b02b03e6 - - - - -] ironic.status_code_retry_delay = None log_opt_values /usr/lib/python3/dist-packages/oslo_config/cfg.py:2609
2025-04-28 00:37:47.028 129278 DEBUG oslo_service.service [req-33af2091-b3d7-4227-89d2-4bc9b02b03e6 - - - - -] ironic.timeout = None log_opt_values /usr/lib/python3/dist-packages/oslo_config/cfg.py:2609
2025-04-28 00:37:47.028 129278 DEBUG oslo_service.service [req-33af2091-b3d7-4227-89d2-4bc9b02b03e6 - - - - -] ironic.valid_interfaces = ['internal', 'public'] log_opt_values /usr/lib/python3/dist-packages/oslo_config/cfg.py:2609
2025-04-28 00:37:47.029 129278 DEBUG oslo_service.service [req-33af2091-b3d7-4227-89d2-4bc9b02b03e6 - - - - -] ironic.version = None log_opt_values /usr/lib/python3/dist-packages/oslo_config/cfg.py:2609
2025-04-28 00:37:47.029 129278 DEBUG oslo_service.service [req-33af2091-b3d7-4227-89d2-4bc9b02b03e6 - - - - -] key_manager.backend = barbican log_opt_values /usr/lib/python3/dist-packages/oslo_config/cfg.py:2609
2025-04-28 00:37:47.029 129278 DEBUG oslo_service.service [req-33af2091-b3d7-4227-89d2-4bc9b02b03e6 - - - - -] key_manager.fixed_key = **** log_opt_values /usr/lib/python3/dist-packages/oslo_config/cfg.py:2609
2025-04-28 00:37:47.029 129278 DEBUG oslo_service.service [req-33af2091-b3d7-4227-89d2-4bc9b02b03e6 - - - - -] barbican.auth_endpoint = http://localhost/identity/v3 log_opt_values /usr/lib/python3/dist-packages/oslo_config/cfg.py:2609
2025-04-28 00:37:47.030 129278 DEBUG oslo_service.service [req-33af2091-b3d7-4227-89d2-4bc9b02b03e6 - - - - -] barbican.barbican_api_version = None log_opt_values /usr/lib/python3/dist-packages/oslo_config/cfg.py:2609
