2025-04-28 01:55:41.457 7 DEBUG oslo_service.service [-] ml2_type_geneve.vni_ranges = [] log_opt_values /var/lib/kolla/venv/lib/python3.6/site-packages/oslo_config/cfg.py:2611
2025-04-28 01:55:41.457 7 DEBUG oslo_service.service [-] ml2_type_gre.tunnel_id_ranges = [] log_opt_values /var/lib/kolla/venv/lib/python3.6/site-packages/oslo_config/cfg.py:2611
2025-04-28 01:55:41.457 7 DEBUG oslo_service.service [-] ml2_type_vlan.network_vlan_ranges = [] log_opt_values /var/lib/kolla/venv/lib/python3.6/site-packages/oslo_config/cfg.py:2611
2025-04-28 01:55:41.457 7 DEBUG oslo_service.service [-] ml2_type_vxlan.vni_ranges = [] log_opt_values /var/lib/kolla/venv/lib/python3.6/site-packages/oslo_config/cfg.py:2611
2025-04-28 01:55:41.457 7 DEBUG oslo_service.service [-] ml2_type_vxlan.vxlan_group = None log_opt_values /var/lib/kolla/venv/lib/python3.6/site-packages/oslo_config/cfg.py:2611
2025-04-28 01:55:41.457 7 DEBUG oslo_service.service [-] database.backend = sqlalchemy log_opt_values /var/lib/kolla/venv/lib/python3.6/site-packages/oslo_config/cfg.py:2611
2025-04-28 01:55:41.457 7 DEBUG oslo_service.service [-] database.connection = **** log_opt_values /var/lib/kolla/venv/lib/python3.6/site-packages/oslo_config/cfg.py:2611
2025-04-28 01:55:41.457 7 DEBUG oslo_service.service [-] database.connection_debug = 0 log_opt_values /var/lib/kolla/venv/lib/python3.6/site-packages/oslo_config/cfg.py:2611
2025-04-28 01:55:41.457 7 DEBUG oslo_service.service [-] database.connection_parameters = log_opt_values /var/lib/kolla/venv/lib/python3.6/site-packages/oslo_config/cfg.py:2611
2025-04-28 01:55:41.457 7 DEBUG oslo_service.service [-] database.connection_recycle_time = 10 log_opt_values /var/lib/kolla/venv/lib/python3.6/site-packages/oslo_config/cfg.py:2611
2025-04-28 01:55:41.458 7 DEBUG oslo_service.service [-] database.connection_trace = False log_opt_values /var/lib/kolla/venv/lib/python3.6/site-packages/oslo_config/cfg.py:2611
2025-04-28 01:55:41.458 7 DEBUG oslo_service.service [-] database.db_inc_retry_interval = True log_opt_values /var/lib/kolla/venv/lib/python3.6/site-packages/oslo_config/cfg.py:2611
2025-04-28 01:55:41.458 7 DEBUG oslo_service.service [-] database.db_max_retries = 20 log_opt_values /var/lib/kolla/venv/lib/python3.6/site-packages/oslo_config/cfg.py:2611
2025-04-28 01:55:41.458 7 DEBUG oslo_service.service [-] database.db_max_retry_interval = 10 log_opt_values /var/lib/kolla/venv/lib/python3.6/site-packages/oslo_config/cfg.py:2611
2025-04-28 01:55:41.458 7 DEBUG oslo_service.service [-] database.db_retry_interval = 1 log_opt_values /var/lib/kolla/venv/lib/python3.6/site-packages/oslo_config/cfg.py:2611
2025-04-28 01:55:41.458 7 DEBUG oslo_service.service [-] database.max_overflow = 50 log_opt_values /var/lib/kolla/venv/lib/python3.6/site-packages/oslo_config/cfg.py:2611
2025-04-28 01:55:41.458 7 DEBUG oslo_service.service [-] database.max_pool_size = 1 log_opt_values /var/lib/kolla/venv/lib/python3.6/site-packages/oslo_config/cfg.py:2611
2025-04-28 01:55:41.458 7 DEBUG oslo_service.service [-] database.max_retries = -1 log_opt_values /var/lib/kolla/venv/lib/python3.6/site-packages/oslo_config/cfg.py:2611
2025-04-28 01:55:41.458 7 DEBUG oslo_service.service [-] database.mysql_enable_ndb = False log_opt_values /var/lib/kolla/venv/lib/python3.6/site-packages/oslo_config/cfg.py:2611
2025-04-28 01:55:41.458 7 DEBUG oslo_service.service [-] database.mysql_sql_mode = TRADITIONAL log_opt_values /var/lib/kolla/venv/lib/python3.6/site-packages/oslo_config/cfg.py:2611
2025-04-28 01:55:41.458 7 DEBUG oslo_service.service [-] database.pool_timeout = None log_opt_values /var/lib/kolla/venv/lib/python3.6/site-packages/oslo_config/cfg.py:2611
2025-04-28 01:55:41.458 7 DEBUG oslo_service.service [-] database.retry_interval = 10 log_opt_values /var/lib/kolla/venv/lib/python3.6/site-packages/oslo_config/cfg.py:2611
2025-04-28 01:55:41.458 7 DEBUG oslo_service.service [-] database.slave_connection = **** log_opt_values /var/lib/kolla/venv/lib/python3.6/site-packages/oslo_config/cfg.py:2611
2025-04-28 01:55:41.458 7 DEBUG oslo_service.service [-] database.sqlite_synchronous = True log_opt_values /var/lib/kolla/venv/lib/python3.6/site-packages/oslo_config/cfg.py:2611
2025-04-28 01:55:41.458 7 DEBUG oslo_service.service [-] database.use_db_reconnect = False log_opt_values /var/lib/kolla/venv/lib/python3.6/site-packages/oslo_config/cfg.py:2611
2025-04-28 01:55:41.458 7 DEBUG oslo_service.service [-] ******************************************************************************** log_opt_values /var/lib/kolla/venv/lib/python3.6/site-packages/oslo_config/cfg.py:2613
2025-04-28 01:55:43.433 22 DEBUG neutron.wsgi [-] (22) accepted ('10.0.0.50', 42578) server /var/lib/kolla/venv/lib/python3.6/site-packages/eventlet/wsgi.py:1004
2025-04-28 01:55:43.438 22 INFO neutron.wsgi [-] 10.0.0.50 "GET / HTTP/1.1" status: 200 len: 227 time: 0.0045452
2025-04-28 01:55:46.274 24 DEBUG neutron.api.rpc.handlers.dhcp_rpc [req-4cf9a8be-2f27-4406-9d60-cfccf0beef8e - - - - -] get_active_networks_info from cn-jenkins-deploy-platform-ansible-os-3232-1 get_active_networks_info /var/lib/kolla/venv/lib/python3.6/site-packages/neutron/api/rpc/handlers/dhcp_rpc.py:159
2025-04-28 01:55:46.300 26 DEBUG neutron_lib.callbacks.manager [req-0e43e3e4-d376-4823-bbe3-b43d0579b63f - - - - -] Publish callbacks ['neutron.services.segments.db._update_segment_host_mapping_for_agent-8759636565875', 'neutron.services.l3_router.l3_router_plugin.DVRResourceOperationHandler.create_fip_agent_gw_ports-33230648'] for agent (1a74d372-5275-4f47-8246-c7d0d4f83965), after_create _notify_loop /var/lib/kolla/venv/lib/python3.6/site-packages/neutron_lib/callbacks/manager.py:177
2025-04-28 01:55:46.311 24 DEBUG neutron.scheduler.dhcp_agent_scheduler [req-4cf9a8be-2f27-4406-9d60-cfccf0beef8e - - - - -] No non-hosted networks auto_schedule_networks /var/lib/kolla/venv/lib/python3.6/site-packages/neutron/scheduler/dhcp_agent_scheduler.py:60
2025-04-28 01:56:05.165 28 DEBUG neutron_lib.callbacks.manager [req-7c4c5463-4f91-44f1-9b3b-5c05939c8318 - - - - -] Publish callbacks ['neutron.services.segments.db._update_segment_host_mapping_for_agent-8759636565875', 'neutron.services.l3_router.l3_router_plugin.DVRResourceOperationHandler.create_fip_agent_gw_ports-33230648'] for agent (9b03a89d-51e4-4766-80ba-873863297457), after_create _notify_loop /var/lib/kolla/venv/lib/python3.6/site-packages/neutron_lib/callbacks/manager.py:177
2025-04-28 01:56:13.477 22 DEBUG neutron.wsgi [-] (22) accepted ('10.0.0.50', 34442) server /var/lib/kolla/venv/lib/python3.6/site-packages/eventlet/wsgi.py:1004
2025-04-28 01:56:13.481 22 INFO neutron.wsgi [-] 10.0.0.50 "GET / HTTP/1.1" status: 200 len: 227 time: 0.0027649
2025-04-28 01:56:16.275 27 DEBUG neutron_lib.callbacks.manager [req-89e32cd2-c153-46b7-add6-8462c03db811 - - - - -] Publish callbacks ['neutron.services.segments.db._update_segment_host_mapping_for_agent-8759636565875', 'neutron.plugins.ml2.plugin.Ml2Plugin._retry_binding_revived_agents--9223372036853340710'] for agent (1a74d372-5275-4f47-8246-c7d0d4f83965), after_update _notify_loop /var/lib/kolla/venv/lib/python3.6/site-packages/neutron_lib/callbacks/manager.py:177
2025-04-28 01:56:35.137 23 DEBUG neutron_lib.callbacks.manager [req-7c4c5463-4f91-44f1-9b3b-5c05939c8318 - - - - -] Publish callbacks ['neutron.services.segments.db._update_segment_host_mapping_for_agent-8759636565875', 'neutron.plugins.ml2.plugin.Ml2Plugin._retry_binding_revived_agents--9223372036853340710'] for agent (9b03a89d-51e4-4766-80ba-873863297457), after_update _notify_loop /var/lib/kolla/venv/lib/python3.6/site-packages/neutron_lib/callbacks/manager.py:177
2025-04-28 01:56:43.520 22 DEBUG neutron.wsgi [-] (22) accepted ('10.0.0.50', 58854) server /var/lib/kolla/venv/lib/python3.6/site-packages/eventlet/wsgi.py:1004
2025-04-28 01:56:43.523 22 INFO neutron.wsgi [-] 10.0.0.50 "GET / HTTP/1.1" status: 200 len: 227 time: 0.0025666
2025-04-28 01:56:46.269 24 DEBUG neutron_lib.callbacks.manager [req-18f3c280-214d-488c-b7ba-889da4e66f5c - - - - -] Publish callbacks ['neutron.services.segments.db._update_segment_host_mapping_for_agent-8759636565875', 'neutron.plugins.ml2.plugin.Ml2Plugin._retry_binding_revived_agents--9223372036853340710'] for agent (1a74d372-5275-4f47-8246-c7d0d4f83965), after_update _notify_loop /var/lib/kolla/venv/lib/python3.6/site-packages/neutron_lib/callbacks/manager.py:177
2025-04-28 01:56:51.418 29 DEBUG neutron.db.agents_db [req-3bdd939d-219a-4e69-b9c7-ca02ae35fa21 - - - - -] Agent healthcheck: found 2 active agents agent_health_check /var/lib/kolla/venv/lib/python3.6/site-packages/neutron/db/agents_db.py:318
2025-04-28 01:57:05.141 25 DEBUG neutron_lib.callbacks.manager [req-7c4c5463-4f91-44f1-9b3b-5c05939c8318 - - - - -] Publish callbacks ['neutron.services.segments.db._update_segment_host_mapping_for_agent-8759636565875', 'neutron.plugins.ml2.plugin.Ml2Plugin._retry_binding_revived_agents--9223372036853340710'] for agent (9b03a89d-51e4-4766-80ba-873863297457), after_update _notify_loop /var/lib/kolla/venv/lib/python3.6/site-packages/neutron_lib/callbacks/manager.py:177
2025-04-28 01:57:13.562 22 DEBUG neutron.wsgi [-] (22) accepted ('10.0.0.50', 54530) server /var/lib/kolla/venv/lib/python3.6/site-packages/eventlet/wsgi.py:1004
2025-04-28 01:57:13.565 22 INFO neutron.wsgi [-] 10.0.0.50 "GET / HTTP/1.1" status: 200 len: 227 time: 0.0024500
2025-04-28 01:57:16.265 26 DEBUG neutron_lib.callbacks.manager [req-7aa745de-1c9c-464f-9fe6-fb3ff7519794 - - - - -] Publish callbacks ['neutron.services.segments.db._update_segment_host_mapping_for_agent-8759636565875', 'neutron.plugins.ml2.plugin.Ml2Plugin._retry_binding_revived_agents--9223372036853340710'] for agent (1a74d372-5275-4f47-8246-c7d0d4f83965), after_update _notify_loop /var/lib/kolla/venv/lib/python3.6/site-packages/neutron_lib/callbacks/manager.py:177
2025-04-28 01:57:28.424 29 DEBUG neutron.db.agents_db [req-3bdd939d-219a-4e69-b9c7-ca02ae35fa21 - - - - -] Agent healthcheck: found 2 active agents agent_health_check /var/lib/kolla/venv/lib/python3.6/site-packages/neutron/db/agents_db.py:318
2025-04-28 01:57:35.128 28 DEBUG neutron_lib.callbacks.manager [req-7c4c5463-4f91-44f1-9b3b-5c05939c8318 - - - - -] Publish callbacks ['neutron.services.segments.db._update_segment_host_mapping_for_agent-8759636565875', 'neutron.plugins.ml2.plugin.Ml2Plugin._retry_binding_revived_agents--9223372036853340710'] for agent (9b03a89d-51e4-4766-80ba-873863297457), after_update _notify_loop /var/lib/kolla/venv/lib/python3.6/site-packages/neutron_lib/callbacks/manager.py:177
2025-04-28 01:57:43.604 22 DEBUG neutron.wsgi [-] (22) accepted ('10.0.0.50', 60560) server /var/lib/kolla/venv/lib/python3.6/site-packages/eventlet/wsgi.py:1004
2025-04-28 01:57:43.607 22 INFO neutron.wsgi [-] 10.0.0.50 "GET / HTTP/1.1" status: 200 len: 227 time: 0.0025907
2025-04-28 01:57:46.260 27 DEBUG neutron_lib.callbacks.manager [req-7bdc92e9-e1e5-4dd3-8ebd-18eea5ea0c48 - - - - -] Publish callbacks ['neutron.services.segments.db._update_segment_host_mapping_for_agent-8759636565875', 'neutron.plugins.ml2.plugin.Ml2Plugin._retry_binding_revived_agents--9223372036853340710'] for agent (1a74d372-5275-4f47-8246-c7d0d4f83965), after_update _notify_loop /var/lib/kolla/venv/lib/python3.6/site-packages/neutron_lib/callbacks/manager.py:177
2025-04-28 01:58:05.129 23 DEBUG neutron_lib.callbacks.manager [req-7c4c5463-4f91-44f1-9b3b-5c05939c8318 - - - - -] Publish callbacks ['neutron.services.segments.db._update_segment_host_mapping_for_agent-8759636565875', 'neutron.plugins.ml2.plugin.Ml2Plugin._retry_binding_revived_agents--9223372036853340710'] for agent (9b03a89d-51e4-4766-80ba-873863297457), after_update _notify_loop /var/lib/kolla/venv/lib/python3.6/site-packages/neutron_lib/callbacks/manager.py:177
2025-04-28 01:58:05.432 29 DEBUG neutron.db.agents_db [req-3bdd939d-219a-4e69-b9c7-ca02ae35fa21 - - - - -] Agent healthcheck: found 2 active agents agent_health_check /var/lib/kolla/venv/lib/python3.6/site-packages/neutron/db/agents_db.py:318
2025-04-28 01:58:13.645 22 DEBUG neutron.wsgi [-] (22) accepted ('10.0.0.50', 48546) server /var/lib/kolla/venv/lib/python3.6/site-packages/eventlet/wsgi.py:1004
2025-04-28 01:58:13.649 22 INFO neutron.wsgi [-] 10.0.0.50 "GET / HTTP/1.1" status: 200 len: 227 time: 0.0031521
2025-04-28 01:58:16.268 24 DEBUG neutron_lib.callbacks.manager [req-f2ea9bde-a656-4852-868b-342960031328 - - - - -] Publish callbacks ['neutron.services.segments.db._update_segment_host_mapping_for_agent-8759636565875', 'neutron.plugins.ml2.plugin.Ml2Plugin._retry_binding_revived_agents--9223372036853340710'] for agent (1a74d372-5275-4f47-8246-c7d0d4f83965), after_update _notify_loop /var/lib/kolla/venv/lib/python3.6/site-packages/neutron_lib/callbacks/manager.py:177
2025-04-28 01:58:35.131 25 DEBUG neutron_lib.callbacks.manager [req-7c4c5463-4f91-44f1-9b3b-5c05939c8318 - - - - -] Publish callbacks ['neutron.services.segments.db._update_segment_host_mapping_for_agent-8759636565875', 'neutron.plugins.ml2.plugin.Ml2Plugin._retry_binding_revived_agents--9223372036853340710'] for agent (9b03a89d-51e4-4766-80ba-873863297457), after_update _notify_loop /var/lib/kolla/venv/lib/python3.6/site-packages/neutron_lib/callbacks/manager.py:177
2025-04-28 01:58:42.438 29 DEBUG neutron.db.agents_db [req-3bdd939d-219a-4e69-b9c7-ca02ae35fa21 - - - - -] Agent healthcheck: found 2 active agents agent_health_check /var/lib/kolla/venv/lib/python3.6/site-packages/neutron/db/agents_db.py:318
2025-04-28 01:58:43.689 22 DEBUG neutron.wsgi [-] (22) accepted ('10.0.0.50', 46400) server /var/lib/kolla/venv/lib/python3.6/site-packages/eventlet/wsgi.py:1004
2025-04-28 01:58:43.692 22 INFO neutron.wsgi [-] 10.0.0.50 "GET / HTTP/1.1" status: 200 len: 227 time: 0.0023797
2025-04-28 01:58:46.261 26 DEBUG neutron_lib.callbacks.manager [req-9221fe29-7c2f-410e-b7de-5ab7acf8268f - - - - -] Publish callbacks ['neutron.services.segments.db._update_segment_host_mapping_for_agent-8759636565875', 'neutron.plugins.ml2.plugin.Ml2Plugin._retry_binding_revived_agents--9223372036853340710'] for agent (1a74d372-5275-4f47-8246-c7d0d4f83965), after_update _notify_loop /var/lib/kolla/venv/lib/python3.6/site-packages/neutron_lib/callbacks/manager.py:177
2025-04-28 01:59:05.133 28 DEBUG neutron_lib.callbacks.manager [req-7c4c5463-4f91-44f1-9b3b-5c05939c8318 - - - - -] Publish callbacks ['neutron.services.segments.db._update_segment_host_mapping_for_agent-8759636565875', 'neutron.plugins.ml2.plugin.Ml2Plugin._retry_binding_revived_agents--9223372036853340710'] for agent (9b03a89d-51e4-4766-80ba-873863297457), after_update _notify_loop /var/lib/kolla/venv/lib/python3.6/site-packages/neutron_lib/callbacks/manager.py:177
2025-04-28 01:59:13.735 22 DEBUG neutron.wsgi [-] (22) accepted ('10.0.0.50', 42978) server /var/lib/kolla/venv/lib/python3.6/site-packages/eventlet/wsgi.py:1004
2025-04-28 01:59:13.738 22 INFO neutron.wsgi [-] 10.0.0.50 "GET / HTTP/1.1" status: 200 len: 227 time: 0.0028858
2025-04-28 01:59:16.267 27 DEBUG neutron_lib.callbacks.manager [req-90bd8f7c-b895-4dba-8406-4391200d7b5f - - - - -] Publish callbacks ['neutron.services.segments.db._update_segment_host_mapping_for_agent-8759636565875', 'neutron.plugins.ml2.plugin.Ml2Plugin._retry_binding_revived_agents--9223372036853340710'] for agent (1a74d372-5275-4f47-8246-c7d0d4f83965), after_update _notify_loop /var/lib/kolla/venv/lib/python3.6/site-packages/neutron_lib/callbacks/manager.py:177
2025-04-28 01:59:19.444 29 DEBUG neutron.db.agents_db [req-3bdd939d-219a-4e69-b9c7-ca02ae35fa21 - - - - -] Agent healthcheck: found 2 active agents agent_health_check /var/lib/kolla/venv/lib/python3.6/site-packages/neutron/db/agents_db.py:318
2025-04-28 01:59:35.136 23 DEBUG neutron_lib.callbacks.manager [req-7c4c5463-4f91-44f1-9b3b-5c05939c8318 - - - - -] Publish callbacks ['neutron.services.segments.db._update_segment_host_mapping_for_agent-8759636565875', 'neutron.plugins.ml2.plugin.Ml2Plugin._retry_binding_revived_agents--9223372036853340710'] for agent (9b03a89d-51e4-4766-80ba-873863297457), after_update _notify_loop /var/lib/kolla/venv/lib/python3.6/site-packages/neutron_lib/callbacks/manager.py:177
2025-04-28 01:59:43.777 22 DEBUG neutron.wsgi [-] (22) accepted ('10.0.0.50', 54776) server /var/lib/kolla/venv/lib/python3.6/site-packages/eventlet/wsgi.py:1004
2025-04-28 01:59:43.780 22 INFO neutron.wsgi [-] 10.0.0.50 "GET / HTTP/1.1" status: 200 len: 227 time: 0.0024583
2025-04-28 01:59:46.262 24 DEBUG neutron_lib.callbacks.manager [req-ae553a93-5dd3-450c-afc0-275d45309c05 - - - - -] Publish callbacks ['neutron.services.segments.db._update_segment_host_mapping_for_agent-8759636565875', 'neutron.plugins.ml2.plugin.Ml2Plugin._retry_binding_revived_agents--9223372036853340710'] for agent (1a74d372-5275-4f47-8246-c7d0d4f83965), after_update _notify_loop /var/lib/kolla/venv/lib/python3.6/site-packages/neutron_lib/callbacks/manager.py:177
2025-04-28 01:59:56.449 29 DEBUG neutron.db.agents_db [req-3bdd939d-219a-4e69-b9c7-ca02ae35fa21 - - - - -] Agent healthcheck: found 2 active agents agent_health_check /var/lib/kolla/venv/lib/python3.6/site-packages/neutron/db/agents_db.py:318
2025-04-28 02:00:05.138 25 DEBUG neutron_lib.callbacks.manager [req-7c4c5463-4f91-44f1-9b3b-5c05939c8318 - - - - -] Publish callbacks ['neutron.services.segments.db._update_segment_host_mapping_for_agent-8759636565875', 'neutron.plugins.ml2.plugin.Ml2Plugin._retry_binding_revived_agents--9223372036853340710'] for agent (9b03a89d-51e4-4766-80ba-873863297457), after_update _notify_loop /var/lib/kolla/venv/lib/python3.6/site-packages/neutron_lib/callbacks/manager.py:177
2025-04-28 02:00:13.822 22 DEBUG neutron.wsgi [-] (22) accepted ('10.0.0.50', 37080) server /var/lib/kolla/venv/lib/python3.6/site-packages/eventlet/wsgi.py:1004
2025-04-28 02:00:13.827 22 INFO neutron.wsgi [-] 10.0.0.50 "GET / HTTP/1.1" status: 200 len: 227 time: 0.0039597
2025-04-28 02:00:16.266 26 DEBUG neutron_lib.callbacks.manager [req-f9c5652b-9b2e-4ee9-8b5f-d6dc1d282b25 - - - - -] Publish callbacks ['neutron.services.segments.db._update_segment_host_mapping_for_agent-8759636565875', 'neutron.plugins.ml2.plugin.Ml2Plugin._retry_binding_revived_agents--9223372036853340710'] for agent (1a74d372-5275-4f47-8246-c7d0d4f83965), after_update _notify_loop /var/lib/kolla/venv/lib/python3.6/site-packages/neutron_lib/callbacks/manager.py:177
2025-04-28 02:00:33.455 29 DEBUG neutron.db.agents_db [req-3bdd939d-219a-4e69-b9c7-ca02ae35fa21 - - - - -] Agent healthcheck: found 2 active agents agent_health_check /var/lib/kolla/venv/lib/python3.6/site-packages/neutron/db/agents_db.py:318
2025-04-28 02:00:35.141 28 DEBUG neutron_lib.callbacks.manager [req-7c4c5463-4f91-44f1-9b3b-5c05939c8318 - - - - -] Publish callbacks ['neutron.services.segments.db._update_segment_host_mapping_for_agent-8759636565875', 'neutron.plugins.ml2.plugin.Ml2Plugin._retry_binding_revived_agents--9223372036853340710'] for agent (9b03a89d-51e4-4766-80ba-873863297457), after_update _notify_loop /var/lib/kolla/venv/lib/python3.6/site-packages/neutron_lib/callbacks/manager.py:177
2025-04-28 02:00:43.875 22 DEBUG neutron.wsgi [-] (22) accepted ('10.0.0.50', 56970) server /var/lib/kolla/venv/lib/python3.6/site-packages/eventlet/wsgi.py:1004
2025-04-28 02:00:43.877 22 INFO neutron.wsgi [-] 10.0.0.50 "GET / HTTP/1.1" status: 200 len: 227 time: 0.0023475
2025-04-28 02:00:46.269 27 DEBUG neutron_lib.callbacks.manager [req-c07d9650-8013-4006-bb0a-51f6388bf7c0 - - - - -] Publish callbacks ['neutron.services.segments.db._update_segment_host_mapping_for_agent-8759636565875', 'neutron.plugins.ml2.plugin.Ml2Plugin._retry_binding_revived_agents--9223372036853340710'] for agent (1a74d372-5275-4f47-8246-c7d0d4f83965), after_update _notify_loop /var/lib/kolla/venv/lib/python3.6/site-packages/neutron_lib/callbacks/manager.py:177
2025-04-28 02:01:05.143 23 DEBUG neutron_lib.callbacks.manager [req-7c4c5463-4f91-44f1-9b3b-5c05939c8318 - - - - -] Publish callbacks ['neutron.services.segments.db._update_segment_host_mapping_for_agent-8759636565875', 'neutron.plugins.ml2.plugin.Ml2Plugin._retry_binding_revived_agents--9223372036853340710'] for agent (9b03a89d-51e4-4766-80ba-873863297457), after_update _notify_loop /var/lib/kolla/venv/lib/python3.6/site-packages/neutron_lib/callbacks/manager.py:177
2025-04-28 02:01:10.462 29 DEBUG neutron.db.agents_db [req-3bdd939d-219a-4e69-b9c7-ca02ae35fa21 - - - - -] Agent healthcheck: found 2 active agents agent_health_check /var/lib/kolla/venv/lib/python3.6/site-packages/neutron/db/agents_db.py:318
2025-04-28 02:01:13.946 22 DEBUG neutron.wsgi [-] (22) accepted ('10.0.0.50', 37380) server /var/lib/kolla/venv/lib/python3.6/site-packages/eventlet/wsgi.py:1004
2025-04-28 02:01:13.949 22 INFO neutron.wsgi [-] 10.0.0.50 "GET / HTTP/1.1" status: 200 len: 227 time: 0.0024507
2025-04-28 02:01:16.273 24 DEBUG neutron_lib.callbacks.manager [req-467ebc94-83df-478c-9bcc-bbf255abb9a4 - - - - -] Publish callbacks ['neutron.services.segments.db._update_segment_host_mapping_for_agent-8759636565875', 'neutron.plugins.ml2.plugin.Ml2Plugin._retry_binding_revived_agents--9223372036853340710'] for agent (1a74d372-5275-4f47-8246-c7d0d4f83965), after_update _notify_loop /var/lib/kolla/venv/lib/python3.6/site-packages/neutron_lib/callbacks/manager.py:177
2025-04-28 02:01:35.144 25 DEBUG neutron_lib.callbacks.manager [req-7c4c5463-4f91-44f1-9b3b-5c05939c8318 - - - - -] Publish callbacks ['neutron.services.segments.db._update_segment_host_mapping_for_agent-8759636565875', 'neutron.plugins.ml2.plugin.Ml2Plugin._retry_binding_revived_agents--9223372036853340710'] for agent (9b03a89d-51e4-4766-80ba-873863297457), after_update _notify_loop /var/lib/kolla/venv/lib/python3.6/site-packages/neutron_lib/callbacks/manager.py:177
2025-04-28 02:01:43.995 22 DEBUG neutron.wsgi [-] (22) accepted ('10.0.0.50', 56810) server /var/lib/kolla/venv/lib/python3.6/site-packages/eventlet/wsgi.py:1004
2025-04-28 02:01:43.998 22 INFO neutron.wsgi [-] 10.0.0.50 "GET / HTTP/1.1" status: 200 len: 227 time: 0.0023639
2025-04-28 02:01:46.280 26 DEBUG neutron_lib.callbacks.manager [req-668797e4-e2a4-4d61-99ee-455089e15e52 - - - - -] Publish callbacks ['neutron.services.segments.db._update_segment_host_mapping_for_agent-8759636565875', 'neutron.plugins.ml2.plugin.Ml2Plugin._retry_binding_revived_agents--9223372036853340710'] for agent (1a74d372-5275-4f47-8246-c7d0d4f83965), after_update _notify_loop /var/lib/kolla/venv/lib/python3.6/site-packages/neutron_lib/callbacks/manager.py:177
2025-04-28 02:01:47.467 29 DEBUG neutron.db.agents_db [req-3bdd939d-219a-4e69-b9c7-ca02ae35fa21 - - - - -] Agent healthcheck: found 2 active agents agent_health_check /var/lib/kolla/venv/lib/python3.6/site-packages/neutron/db/agents_db.py:318
2025-04-28 02:02:05.145 28 DEBUG neutron_lib.callbacks.manager [req-7c4c5463-4f91-44f1-9b3b-5c05939c8318 - - - - -] Publish callbacks ['neutron.services.segments.db._update_segment_host_mapping_for_agent-8759636565875', 'neutron.plugins.ml2.plugin.Ml2Plugin._retry_binding_revived_agents--9223372036853340710'] for agent (9b03a89d-51e4-4766-80ba-873863297457), after_update _notify_loop /var/lib/kolla/venv/lib/python3.6/site-packages/neutron_lib/callbacks/manager.py:177
2025-04-28 02:02:14.037 22 DEBUG neutron.wsgi [-] (22) accepted ('10.0.0.50', 43986) server /var/lib/kolla/venv/lib/python3.6/site-packages/eventlet/wsgi.py:1004
2025-04-28 02:02:14.040 22 INFO neutron.wsgi [-] 10.0.0.50 "GET / HTTP/1.1" status: 200 len: 227 time: 0.0025308
2025-04-28 02:02:16.279 27 DEBUG neutron_lib.callbacks.manager [req-72e22703-7c01-4340-b42a-8c6c8b1981b7 - - - - -] Publish callbacks ['neutron.services.segments.db._update_segment_host_mapping_for_agent-8759636565875', 'neutron.plugins.ml2.plugin.Ml2Plugin._retry_binding_revived_agents--9223372036853340710'] for agent (1a74d372-5275-4f47-8246-c7d0d4f83965), after_update _notify_loop /var/lib/kolla/venv/lib/python3.6/site-packages/neutron_lib/callbacks/manager.py:177
2025-04-28 02:02:24.474 29 DEBUG neutron.db.agents_db [req-3bdd939d-219a-4e69-b9c7-ca02ae35fa21 - - - - -] Agent healthcheck: found 2 active agents agent_health_check /var/lib/kolla/venv/lib/python3.6/site-packages/neutron/db/agents_db.py:318
2025-04-28 02:02:35.150 23 DEBUG neutron_lib.callbacks.manager [req-7c4c5463-4f91-44f1-9b3b-5c05939c8318 - - - - -] Publish callbacks ['neutron.services.segments.db._update_segment_host_mapping_for_agent-8759636565875', 'neutron.plugins.ml2.plugin.Ml2Plugin._retry_binding_revived_agents--9223372036853340710'] for agent (9b03a89d-51e4-4766-80ba-873863297457), after_update _notify_loop /var/lib/kolla/venv/lib/python3.6/site-packages/neutron_lib/callbacks/manager.py:177
2025-04-28 02:02:44.080 22 DEBUG neutron.wsgi [-] (22) accepted ('10.0.0.50', 53344) server /var/lib/kolla/venv/lib/python3.6/site-packages/eventlet/wsgi.py:1004
2025-04-28 02:02:44.084 22 INFO neutron.wsgi [-] 10.0.0.50 "GET / HTTP/1.1" status: 200 len: 227 time: 0.0028336
2025-04-28 02:02:46.282 24 DEBUG neutron_lib.callbacks.manager [req-ab170ead-132b-4696-8ac6-a88059394ae0 - - - - -] Publish callbacks ['neutron.services.segments.db._update_segment_host_mapping_for_agent-8759636565875', 'neutron.plugins.ml2.plugin.Ml2Plugin._retry_binding_revived_agents--9223372036853340710'] for agent (1a74d372-5275-4f47-8246-c7d0d4f83965), after_update _notify_loop /var/lib/kolla/venv/lib/python3.6/site-packages/neutron_lib/callbacks/manager.py:177
2025-04-28 02:03:01.478 29 DEBUG neutron.db.agents_db [req-3bdd939d-219a-4e69-b9c7-ca02ae35fa21 - - - - -] Agent healthcheck: found 2 active agents agent_health_check /var/lib/kolla/venv/lib/python3.6/site-packages/neutron/db/agents_db.py:318
2025-04-28 02:03:05.150 25 DEBUG neutron_lib.callbacks.manager [req-7c4c5463-4f91-44f1-9b3b-5c05939c8318 - - - - -] Publish callbacks ['neutron.services.segments.db._update_segment_host_mapping_for_agent-8759636565875', 'neutron.plugins.ml2.plugin.Ml2Plugin._retry_binding_revived_agents--9223372036853340710'] for agent (9b03a89d-51e4-4766-80ba-873863297457), after_update _notify_loop /var/lib/kolla/venv/lib/python3.6/site-packages/neutron_lib/callbacks/manager.py:177
2025-04-28 02:03:14.132 22 DEBUG neutron.wsgi [-] (22) accepted ('10.0.0.50', 55276) server /var/lib/kolla/venv/lib/python3.6/site-packages/eventlet/wsgi.py:1004
2025-04-28 02:03:14.135 22 INFO neutron.wsgi [-] 10.0.0.50 "GET / HTTP/1.1" status: 200 len: 227 time: 0.0023947
2025-04-28 02:03:16.287 26 DEBUG neutron_lib.callbacks.manager [req-b18a7129-7d8b-42ee-afa1-8a14b03eb207 - - - - -] Publish callbacks ['neutron.services.segments.db._update_segment_host_mapping_for_agent-8759636565875', 'neutron.plugins.ml2.plugin.Ml2Plugin._retry_binding_revived_agents--9223372036853340710'] for agent (1a74d372-5275-4f47-8246-c7d0d4f83965), after_update _notify_loop /var/lib/kolla/venv/lib/python3.6/site-packages/neutron_lib/callbacks/manager.py:177
2025-04-28 02:03:22.569 7 INFO oslo_service.service [-] Caught SIGTERM, stopping children
2025-04-28 02:03:22.569 7 DEBUG oslo_concurrency.lockutils [-] Acquired lock "singleton_lock" lock /var/lib/kolla/venv/lib/python3.6/site-packages/oslo_concurrency/lockutils.py:294
2025-04-28 02:03:22.569 7 DEBUG oslo_concurrency.lockutils [-] Releasing lock "singleton_lock" lock /var/lib/kolla/venv/lib/python3.6/site-packages/oslo_concurrency/lockutils.py:312
2025-04-28 02:03:22.569 7 DEBUG oslo_service.service [-] Stop services. stop /var/lib/kolla/venv/lib/python3.6/site-packages/oslo_service/service.py:695
2025-04-28 02:03:22.570 7 DEBUG neutron.service [-] calling RpcWorker stop() stop /var/lib/kolla/venv/lib/python3.6/site-packages/neutron/service.py:138
2025-04-28 02:03:22.570 7 DEBUG neutron.service [-] calling RpcWorker stop() stop /var/lib/kolla/venv/lib/python3.6/site-packages/neutron/service.py:138
2025-04-28 02:03:22.570 7 DEBUG oslo_service.service [-] Killing children. stop /var/lib/kolla/venv/lib/python3.6/site-packages/oslo_service/service.py:700
2025-04-28 02:03:22.570 7 INFO oslo_service.service [-] Waiting on 8 children to exit
2025-04-28 02:03:22.570 24 DEBUG neutron.service [-] calling RpcWorker stop() stop /var/lib/kolla/venv/lib/python3.6/site-packages/neutron/service.py:138
2025-04-28 02:03:22.570 22 INFO neutron.wsgi [-] (22) wsgi exited, is_accepting=True
2025-04-28 02:03:22.570 28 DEBUG neutron.service [-] calling RpcWorker stop() stop /var/lib/kolla/venv/lib/python3.6/site-packages/neutron/service.py:138
2025-04-28 02:03:22.570 23 DEBUG neutron.service [-] calling RpcWorker stop() stop /var/lib/kolla/venv/lib/python3.6/site-packages/neutron/service.py:138
2025-04-28 02:03:22.571 29 DEBUG neutron.service [-] calling RpcWorker stop() stop /var/lib/kolla/venv/lib/python3.6/site-packages/neutron/service.py:138
2025-04-28 02:03:22.571 24 DEBUG neutron.service [-] calling stop on stop /var/lib/kolla/venv/lib/python3.6/site-packages/neutron/service.py:141
2025-04-28 02:03:22.571 22 DEBUG oslo_concurrency.lockutils [req-f5464ba2-4256-4376-8953-33c05a81cbd2 - - - - -] Acquired lock "singleton_lock" lock /var/lib/kolla/venv/lib/python3.6/site-packages/oslo_concurrency/lockutils.py:294
2025-04-28 02:03:22.571 29 DEBUG neutron.service [-] calling stop on stop /var/lib/kolla/venv/lib/python3.6/site-packages/neutron/service.py:141
2025-04-28 02:03:22.572 22 DEBUG oslo_concurrency.lockutils [req-f5464ba2-4256-4376-8953-33c05a81cbd2 - - - - -] Releasing lock "singleton_lock" lock /var/lib/kolla/venv/lib/python3.6/site-packages/oslo_concurrency/lockutils.py:312
2025-04-28 02:03:22.572 27 DEBUG neutron.service [-] calling RpcWorker stop() stop /var/lib/kolla/venv/lib/python3.6/site-packages/neutron/service.py:138
2025-04-28 02:03:22.572 26 DEBUG neutron.service [-] calling RpcWorker stop() stop /var/lib/kolla/venv/lib/python3.6/site-packages/neutron/service.py:138
2025-04-28 02:03:22.571 28 DEBUG neutron.service [-] calling stop on stop /var/lib/kolla/venv/lib/python3.6/site-packages/neutron/service.py:141
2025-04-28 02:03:22.571 23 DEBUG neutron.service [-] calling stop on stop /var/lib/kolla/venv/lib/python3.6/site-packages/neutron/service.py:141
2025-04-28 02:03:22.574 25 DEBUG neutron.service [-] calling RpcWorker stop() stop /var/lib/kolla/venv/lib/python3.6/site-packages/neutron/service.py:138
2025-04-28 02:03:22.572 27 DEBUG neutron.service [-] calling stop on stop /var/lib/kolla/venv/lib/python3.6/site-packages/neutron/service.py:141
2025-04-28 02:03:22.572 26 DEBUG neutron.service [-] calling stop on stop /var/lib/kolla/venv/lib/python3.6/site-packages/neutron/service.py:141
2025-04-28 02:03:22.575 7 INFO oslo_service.service [-] Child 22 exited with status 0
2025-04-28 02:03:22.574 25 DEBUG neutron.service [-] calling stop on stop /var/lib/kolla/venv/lib/python3.6/site-packages/neutron/service.py:141
2025-04-28 02:03:24.480 26 DEBUG oslo_concurrency.lockutils [req-f5464ba2-4256-4376-8953-33c05a81cbd2 - - - - -] Acquired lock "singleton_lock" lock /var/lib/kolla/venv/lib/python3.6/site-packages/oslo_concurrency/lockutils.py:294
2025-04-28 02:03:24.480 26 DEBUG oslo_concurrency.lockutils [req-f5464ba2-4256-4376-8953-33c05a81cbd2 - - - - -] Releasing lock "singleton_lock" lock /var/lib/kolla/venv/lib/python3.6/site-packages/oslo_concurrency/lockutils.py:312
2025-04-28 02:03:24.480 26 DEBUG neutron.service [req-f5464ba2-4256-4376-8953-33c05a81cbd2 - - - - -] calling RpcWorker wait() _wait /var/lib/kolla/venv/lib/python3.6/site-packages/neutron/service.py:128
2025-04-28 02:03:24.480 26 DEBUG neutron.service [req-f5464ba2-4256-4376-8953-33c05a81cbd2 - - - - -] calling wait on _wait /var/lib/kolla/venv/lib/python3.6/site-packages/neutron/service.py:131
2025-04-28 02:03:24.486 26 WARNING amqp [req-f5464ba2-4256-4376-8953-33c05a81cbd2 - - - - -] Received method (60, 30) during closing channel 1. This method will be ignored
2025-04-28 02:03:24.487 26 DEBUG neutron.service [req-f5464ba2-4256-4376-8953-33c05a81cbd2 - - - - -] returning from RpcWorker wait() _wait /var/lib/kolla/venv/lib/python3.6/site-packages/neutron/service.py:135
2025-04-28 02:03:24.491 7 INFO oslo_service.service [-] Child 26 exited with status 0
2025-04-28 02:03:26.409 24 DEBUG neutron.service [-] calling stop on stop /var/lib/kolla/venv/lib/python3.6/site-packages/neutron/service.py:141
2025-04-28 02:03:26.417 23 DEBUG neutron.service [-] calling stop on stop /var/lib/kolla/venv/lib/python3.6/site-packages/neutron/service.py:141
2025-04-28 02:03:26.418 25 DEBUG neutron.service [-] calling stop on stop /var/lib/kolla/venv/lib/python3.6/site-packages/neutron/service.py:141
2025-04-28 02:03:26.428 24 DEBUG neutron.service [-] calling stop on stop /var/lib/kolla/venv/lib/python3.6/site-packages/neutron/service.py:141
2025-04-28 02:03:26.429 28 DEBUG oslo_concurrency.lockutils [req-f5464ba2-4256-4376-8953-33c05a81cbd2 - - - - -] Acquired lock "singleton_lock" lock /var/lib/kolla/venv/lib/python3.6/site-packages/oslo_concurrency/lockutils.py:294
2025-04-28 02:03:26.429 28 DEBUG oslo_concurrency.lockutils [req-f5464ba2-4256-4376-8953-33c05a81cbd2 - - - - -] Releasing lock "singleton_lock" lock /var/lib/kolla/venv/lib/python3.6/site-packages/oslo_concurrency/lockutils.py:312
2025-04-28 02:03:26.431 28 DEBUG neutron.service [req-f5464ba2-4256-4376-8953-33c05a81cbd2 - - - - -] calling RpcWorker wait() _wait /var/lib/kolla/venv/lib/python3.6/site-packages/neutron/service.py:128
2025-04-28 02:03:26.431 28 DEBUG neutron.service [req-f5464ba2-4256-4376-8953-33c05a81cbd2 - - - - -] calling wait on _wait /var/lib/kolla/venv/lib/python3.6/site-packages/neutron/service.py:131
2025-04-28 02:03:26.432 23 DEBUG neutron.service [-] calling stop on stop /var/lib/kolla/venv/lib/python3.6/site-packages/neutron/service.py:141
2025-04-28 02:03:26.433 25 DEBUG neutron.service [-] calling stop on stop /var/lib/kolla/venv/lib/python3.6/site-packages/neutron/service.py:141
2025-04-28 02:03:26.434 27 DEBUG oslo_concurrency.lockutils [req-f5464ba2-4256-4376-8953-33c05a81cbd2 - - - - -] Acquired lock "singleton_lock" lock /var/lib/kolla/venv/lib/python3.6/site-packages/oslo_concurrency/lockutils.py:294
2025-04-28 02:03:26.435 27 DEBUG oslo_concurrency.lockutils [req-f5464ba2-4256-4376-8953-33c05a81cbd2 - - - - -] Releasing lock "singleton_lock" lock /var/lib/kolla/venv/lib/python3.6/site-packages/oslo_concurrency/lockutils.py:312
2025-04-28 02:03:26.435 27 DEBUG neutron.service [req-f5464ba2-4256-4376-8953-33c05a81cbd2 - - - - -] calling RpcWorker wait() _wait /var/lib/kolla/venv/lib/python3.6/site-packages/neutron/service.py:128
2025-04-28 02:03:26.436 27 DEBUG neutron.service [req-f5464ba2-4256-4376-8953-33c05a81cbd2 - - - - -] calling wait on _wait /var/lib/kolla/venv/lib/python3.6/site-packages/neutron/service.py:131
2025-04-28 02:03:26.439 28 WARNING amqp [req-f5464ba2-4256-4376-8953-33c05a81cbd2 - - - - -] Received method (60, 30) during closing channel 1. This method will be ignored
2025-04-28 02:03:26.440 29 DEBUG oslo_concurrency.lockutils [req-f5464ba2-4256-4376-8953-33c05a81cbd2 - - - - -] Acquired lock "singleton_lock" lock /var/lib/kolla/venv/lib/python3.6/site-packages/oslo_concurrency/lockutils.py:294
2025-04-28 02:03:26.440 28 DEBUG neutron.service [req-f5464ba2-4256-4376-8953-33c05a81cbd2 - - - - -] returning from RpcWorker wait() _wait /var/lib/kolla/venv/lib/python3.6/site-packages/neutron/service.py:135
2025-04-28 02:03:26.441 29 DEBUG oslo_concurrency.lockutils [req-f5464ba2-4256-4376-8953-33c05a81cbd2 - - - - -] Releasing lock "singleton_lock" lock /var/lib/kolla/venv/lib/python3.6/site-packages/oslo_concurrency/lockutils.py:312
2025-04-28 02:03:26.441 29 DEBUG neutron.service [req-f5464ba2-4256-4376-8953-33c05a81cbd2 - - - - -] calling RpcWorker wait() _wait /var/lib/kolla/venv/lib/python3.6/site-packages/neutron/service.py:128
2025-04-28 02:03:26.441 29 DEBUG neutron.service [req-f5464ba2-4256-4376-8953-33c05a81cbd2 - - - - -] calling wait on _wait /var/lib/kolla/venv/lib/python3.6/site-packages/neutron/service.py:131
2025-04-28 02:03:26.443 27 WARNING amqp [req-f5464ba2-4256-4376-8953-33c05a81cbd2 - - - - -] Received method (60, 30) during closing channel 1. This method will be ignored
2025-04-28 02:03:26.444 27 DEBUG neutron.service [req-f5464ba2-4256-4376-8953-33c05a81cbd2 - - - - -] returning from RpcWorker wait() _wait /var/lib/kolla/venv/lib/python3.6/site-packages/neutron/service.py:135
2025-04-28 02:03:26.445 7 INFO oslo_service.service [-] Child 28 exited with status 0
2025-04-28 02:03:26.449 23 DEBUG neutron.service [-] calling stop on stop /var/lib/kolla/venv/lib/python3.6/site-packages/neutron/service.py:141
2025-04-28 02:03:26.449 7 INFO oslo_service.service [-] Child 27 exited with status 0
2025-04-28 02:03:26.450 29 WARNING amqp [req-f5464ba2-4256-4376-8953-33c05a81cbd2 - - - - -] Received method (60, 30) during closing channel 1. This method will be ignored
2025-04-28 02:03:26.451 29 DEBUG neutron.service [req-f5464ba2-4256-4376-8953-33c05a81cbd2 - - - - -] returning from RpcWorker wait() _wait /var/lib/kolla/venv/lib/python3.6/site-packages/neutron/service.py:135
2025-04-28 02:03:26.456 7 INFO oslo_service.service [-] Child 29 exited with status 0
2025-04-28 02:03:26.461 23 DEBUG oslo_concurrency.lockutils [req-f5464ba2-4256-4376-8953-33c05a81cbd2 - - - - -] Acquired lock "singleton_lock" lock /var/lib/kolla/venv/lib/python3.6/site-packages/oslo_concurrency/lockutils.py:294
2025-04-28 02:03:26.461 23 DEBUG oslo_concurrency.lockutils [req-f5464ba2-4256-4376-8953-33c05a81cbd2 - - - - -] Releasing lock "singleton_lock" lock /var/lib/kolla/venv/lib/python3.6/site-packages/oslo_concurrency/lockutils.py:312
2025-04-28 02:03:26.461 23 DEBUG neutron.service [req-f5464ba2-4256-4376-8953-33c05a81cbd2 - - - - -] calling RpcWorker wait() _wait /var/lib/kolla/venv/lib/python3.6/site-packages/neutron/service.py:128
2025-04-28 02:03:26.461 23 DEBUG neutron.service [req-f5464ba2-4256-4376-8953-33c05a81cbd2 - - - - -] calling wait on _wait /var/lib/kolla/venv/lib/python3.6/site-packages/neutron/service.py:131
2025-04-28 02:03:26.468 23 WARNING amqp [req-f5464ba2-4256-4376-8953-33c05a81cbd2 - - - - -] Received method (60, 30) during closing channel 1. This method will be ignored
2025-04-28 02:03:26.469 23 DEBUG neutron.service [req-f5464ba2-4256-4376-8953-33c05a81cbd2 - - - - -] calling wait on _wait /var/lib/kolla/venv/lib/python3.6/site-packages/neutron/service.py:131
2025-04-28 02:03:26.474 23 WARNING amqp [req-f5464ba2-4256-4376-8953-33c05a81cbd2 - - - - -] Received method (60, 30) during closing channel 1. This method will be ignored
2025-04-28 02:03:26.475 23 DEBUG neutron.service [req-f5464ba2-4256-4376-8953-33c05a81cbd2 - - - - -] calling wait on _wait /var/lib/kolla/venv/lib/python3.6/site-packages/neutron/service.py:131
2025-04-28 02:03:26.479 23 WARNING amqp [req-f5464ba2-4256-4376-8953-33c05a81cbd2 - - - - -] Received method (60, 30) during closing channel 1. This method will be ignored
2025-04-28 02:03:26.480 23 DEBUG neutron.service [req-f5464ba2-4256-4376-8953-33c05a81cbd2 - - - - -] calling wait on _wait /var/lib/kolla/venv/lib/python3.6/site-packages/neutron/service.py:131
2025-04-28 02:03:26.488 23 WARNING amqp [req-f5464ba2-4256-4376-8953-33c05a81cbd2 - - - - -] Received method (60, 30) during closing channel 1. This method will be ignored
2025-04-28 02:03:26.495 23 DEBUG neutron.service [req-f5464ba2-4256-4376-8953-33c05a81cbd2 - - - - -] returning from RpcWorker wait() _wait /var/lib/kolla/venv/lib/python3.6/site-packages/neutron/service.py:135
2025-04-28 02:03:26.501 7 INFO oslo_service.service [-] Child 23 exited with status 0
2025-04-28 02:03:28.350 25 DEBUG neutron.service [-] calling stop on stop /var/lib/kolla/venv/lib/python3.6/site-packages/neutron/service.py:141
2025-04-28 02:03:29.481 24 DEBUG neutron.service [-] calling stop on stop /var/lib/kolla/venv/lib/python3.6/site-packages/neutron/service.py:141
2025-04-28 02:03:31.466 24 DEBUG oslo_concurrency.lockutils [req-f5464ba2-4256-4376-8953-33c05a81cbd2 - - - - -] Acquired lock "singleton_lock" lock /var/lib/kolla/venv/lib/python3.6/site-packages/oslo_concurrency/lockutils.py:294
2025-04-28 02:03:31.466 24 DEBUG oslo_concurrency.lockutils [req-f5464ba2-4256-4376-8953-33c05a81cbd2 - - - - -] Releasing lock "singleton_lock" lock /var/lib/kolla/venv/lib/python3.6/site-packages/oslo_concurrency/lockutils.py:312
2025-04-28 02:03:31.467 24 DEBUG neutron.service [req-f5464ba2-4256-4376-8953-33c05a81cbd2 - - - - -] calling RpcWorker wait() _wait /var/lib/kolla/venv/lib/python3.6/site-packages/neutron/service.py:128
2025-04-28 02:03:31.467 24 DEBUG neutron.service [req-f5464ba2-4256-4376-8953-33c05a81cbd2 - - - - -] calling wait on _wait /var/lib/kolla/venv/lib/python3.6/site-packages/neutron/service.py:131
2025-04-28 02:03:31.472 24 WARNING amqp [req-f5464ba2-4256-4376-8953-33c05a81cbd2 - - - - -] Received method (60, 30) during closing channel 1. This method will be ignored
2025-04-28 02:03:31.472 24 DEBUG neutron.service [req-f5464ba2-4256-4376-8953-33c05a81cbd2 - - - - -] calling wait on _wait /var/lib/kolla/venv/lib/python3.6/site-packages/neutron/service.py:131
2025-04-28 02:03:31.472 25 DEBUG oslo_concurrency.lockutils [req-f5464ba2-4256-4376-8953-33c05a81cbd2 - - - - -] Acquired lock "singleton_lock" lock /var/lib/kolla/venv/lib/python3.6/site-packages/oslo_concurrency/lockutils.py:294
2025-04-28 02:03:31.473 25 DEBUG oslo_concurrency.lockutils [req-f5464ba2-4256-4376-8953-33c05a81cbd2 - - - - -] Releasing lock "singleton_lock" lock /var/lib/kolla/venv/lib/python3.6/site-packages/oslo_concurrency/lockutils.py:312
2025-04-28 02:03:31.473 25 DEBUG neutron.service [req-f5464ba2-4256-4376-8953-33c05a81cbd2 - - - - -] calling RpcWorker wait() _wait /var/lib/kolla/venv/lib/python3.6/site-packages/neutron/service.py:128
2025-04-28 02:03:31.473 25 DEBUG neutron.service [req-f5464ba2-4256-4376-8953-33c05a81cbd2 - - - - -] calling wait on _wait /var/lib/kolla/venv/lib/python3.6/site-packages/neutron/service.py:131
2025-04-28 02:03:31.478 25 WARNING amqp [req-f5464ba2-4256-4376-8953-33c05a81cbd2 - - - - -] Received method (60, 30) during closing channel 1. This method will be ignored
2025-04-28 02:03:31.479 25 DEBUG neutron.service [req-f5464ba2-4256-4376-8953-33c05a81cbd2 - - - - -] calling wait on _wait /var/lib/kolla/venv/lib/python3.6/site-packages/neutron/service.py:131
2025-04-28 02:03:31.481 24 WARNING amqp [req-f5464ba2-4256-4376-8953-33c05a81cbd2 - - - - -] Received method (60, 30) during closing channel 1. This method will be ignored
2025-04-28 02:03:31.481 24 DEBUG neutron.service [req-f5464ba2-4256-4376-8953-33c05a81cbd2 - - - - -] calling wait on _wait /var/lib/kolla/venv/lib/python3.6/site-packages/neutron/service.py:131
2025-04-28 02:03:31.484 25 WARNING amqp [req-f5464ba2-4256-4376-8953-33c05a81cbd2 - - - - -] Received method (60, 30) during closing channel 1. This method will be ignored
2025-04-28 02:03:31.484 25 DEBUG neutron.service [req-f5464ba2-4256-4376-8953-33c05a81cbd2 - - - - -] calling wait on _wait /var/lib/kolla/venv/lib/python3.6/site-packages/neutron/service.py:131
2025-04-28 02:03:31.486 24 WARNING amqp [req-f5464ba2-4256-4376-8953-33c05a81cbd2 - - - - -] Received method (60, 30) during closing channel 1. This method will be ignored
2025-04-28 02:03:31.487 24 DEBUG neutron.service [req-f5464ba2-4256-4376-8953-33c05a81cbd2 - - - - -] calling wait on _wait /var/lib/kolla/venv/lib/python3.6/site-packages/neutron/service.py:131
2025-04-28 02:03:31.489 25 WARNING amqp [req-f5464ba2-4256-4376-8953-33c05a81cbd2 - - - - -] Received method (60, 30) during closing channel 1. This method will be ignored
2025-04-28 02:03:31.490 25 DEBUG neutron.service [req-f5464ba2-4256-4376-8953-33c05a81cbd2 - - - - -] calling wait on _wait /var/lib/kolla/venv/lib/python3.6/site-packages/neutron/service.py:131
2025-04-28 02:03:31.491 24 WARNING amqp [req-f5464ba2-4256-4376-8953-33c05a81cbd2 - - - - -] Received method (60, 30) during closing channel 1. This method will be ignored
2025-04-28 02:03:31.492 24 DEBUG neutron.service [req-f5464ba2-4256-4376-8953-33c05a81cbd2 - - - - -] returning from RpcWorker wait() _wait /var/lib/kolla/venv/lib/python3.6/site-packages/neutron/service.py:135
2025-04-28 02:03:31.494 25 WARNING amqp [req-f5464ba2-4256-4376-8953-33c05a81cbd2 - - - - -] Received method (60, 30) during closing channel 1. This method will be ignored
2025-04-28 02:03:31.495 25 DEBUG neutron.service [req-f5464ba2-4256-4376-8953-33c05a81cbd2 - - - - -] returning from RpcWorker wait() _wait /var/lib/kolla/venv/lib/python3.6/site-packages/neutron/service.py:135
2025-04-28 02:03:31.498 7 INFO oslo_service.service [-] Child 24 exited with status 0
2025-04-28 02:03:31.499 7 INFO oslo_service.service [-] Child 25 exited with status 0
2025-04-28 02:03:31.499 7 INFO oslo_service.service [-] Wait called after thread killed. Cleaning up.
2025-04-28 02:03:31.499 7 DEBUG oslo_service.service [-] Stop services. stop /var/lib/kolla/venv/lib/python3.6/site-packages/oslo_service/service.py:695
2025-04-28 02:03:31.499 7 DEBUG oslo_service.service [-] Killing children. stop /var/lib/kolla/venv/lib/python3.6/site-packages/oslo_service/service.py:700
2025-04-28 02:03:34.882 7 INFO neutron.common.config [-] Logging enabled!
2025-04-28 02:03:34.883 7 INFO neutron.common.config [-] /var/lib/kolla/venv/bin/neutron-server version 20.5.1.dev23
2025-04-28 02:03:34.883 7 DEBUG neutron.common.config [-] command line: /var/lib/kolla/venv/bin/neutron-server --config-file /etc/neutron/neutron.conf --config-file /etc/neutron/ContrailPlugin.ini --config-file /etc/neutron/api-paste.ini setup_logging /var/lib/kolla/venv/lib/python3.6/site-packages/neutron/common/config.py:115
2025-04-28 02:03:34.887 7 INFO neutron.common.config [-] Logging enabled!
2025-04-28 02:03:34.887 7 INFO neutron.common.config [-] /var/lib/kolla/venv/bin/neutron-server version 20.5.1.dev23
2025-04-28 02:03:34.887 7 DEBUG neutron.common.config [-] command line: /var/lib/kolla/venv/bin/neutron-server --config-file /etc/neutron/neutron.conf --config-file /etc/neutron/ContrailPlugin.ini --config-file /etc/neutron/api-paste.ini setup_logging /var/lib/kolla/venv/lib/python3.6/site-packages/neutron/common/config.py:115
2025-04-28 02:03:34.888 7 DEBUG neutron.common.config [-] ******************************************************************************** log_opt_values /var/lib/kolla/venv/lib/python3.6/site-packages/oslo_config/cfg.py:2589
2025-04-28 02:03:34.890 7 DEBUG neutron.common.config [-] Configuration options gathered from: log_opt_values /var/lib/kolla/venv/lib/python3.6/site-packages/oslo_config/cfg.py:2590
2025-04-28 02:03:34.890 7 DEBUG neutron.common.config [-] command line args: ['--config-file', '/etc/neutron/neutron.conf', '--config-file', '/etc/neutron/ContrailPlugin.ini', '--config-file', '/etc/neutron/api-paste.ini'] log_opt_values /var/lib/kolla/venv/lib/python3.6/site-packages/oslo_config/cfg.py:2591
2025-04-28 02:03:34.891 7 DEBUG neutron.common.config [-] config files: ['/etc/neutron/neutron.conf', '/etc/neutron/ContrailPlugin.ini', '/etc/neutron/api-paste.ini'] log_opt_values /var/lib/kolla/venv/lib/python3.6/site-packages/oslo_config/cfg.py:2593
2025-04-28 02:03:34.891 7 DEBUG neutron.common.config [-] ================================================================================ log_opt_values /var/lib/kolla/venv/lib/python3.6/site-packages/oslo_config/cfg.py:2594
2025-04-28 02:03:34.891 7 DEBUG neutron.common.config [-] allow_bulk = True log_opt_values /var/lib/kolla/venv/lib/python3.6/site-packages/oslo_config/cfg.py:2603
2025-04-28 02:03:34.891 7 WARNING oslo_config.cfg [-] Deprecated: Option "allow_overlapping_ips" from group "DEFAULT" is deprecated for removal. Its value may be silently ignored in the future.
2025-04-28 02:03:34.891 7 DEBUG neutron.common.config [-] allow_overlapping_ips = True log_opt_values /var/lib/kolla/venv/lib/python3.6/site-packages/oslo_config/cfg.py:2603
2025-04-28 02:03:34.891 7 DEBUG neutron.common.config [-] api_extensions_path = /opt/plugin/site-packages/neutron_plugin_contrail/extensions:/opt/plugin/site-packages/neutron_lbaas/extensions log_opt_values /var/lib/kolla/venv/lib/python3.6/site-packages/oslo_config/cfg.py:2603
2025-04-28 02:03:34.891 7 DEBUG neutron.common.config [-] api_paste_config = /etc/neutron/api-paste.ini log_opt_values /var/lib/kolla/venv/lib/python3.6/site-packages/oslo_config/cfg.py:2603
2025-04-28 02:03:34.891 7 DEBUG neutron.common.config [-] api_workers = 1 log_opt_values /var/lib/kolla/venv/lib/python3.6/site-packages/oslo_config/cfg.py:2603
2025-04-28 02:03:34.892 7 DEBUG neutron.common.config [-] auth_strategy = keystone log_opt_values /var/lib/kolla/venv/lib/python3.6/site-packages/oslo_config/cfg.py:2603
2025-04-28 02:03:34.892 7 DEBUG neutron.common.config [-] backlog = 4096 log_opt_values /var/lib/kolla/venv/lib/python3.6/site-packages/oslo_config/cfg.py:2603
2025-04-28 02:03:34.892 7 DEBUG neutron.common.config [-] base_mac = fa:16:3e:00:00:00 log_opt_values /var/lib/kolla/venv/lib/python3.6/site-packages/oslo_config/cfg.py:2603
2025-04-28 02:03:34.892 7 DEBUG neutron.common.config [-] bind_host = 10.0.0.50 log_opt_values /var/lib/kolla/venv/lib/python3.6/site-packages/oslo_config/cfg.py:2603
2025-04-28 02:03:34.892 7 DEBUG neutron.common.config [-] bind_port = 9696 log_opt_values /var/lib/kolla/venv/lib/python3.6/site-packages/oslo_config/cfg.py:2603
2025-04-28 02:03:34.892 7 DEBUG neutron.common.config [-] client_socket_timeout = 900 log_opt_values /var/lib/kolla/venv/lib/python3.6/site-packages/oslo_config/cfg.py:2603
2025-04-28 02:03:34.892 7 DEBUG neutron.common.config [-] config_dir = [] log_opt_values /var/lib/kolla/venv/lib/python3.6/site-packages/oslo_config/cfg.py:2603
2025-04-28 02:03:34.892 7 DEBUG neutron.common.config [-] config_file = ['/etc/neutron/neutron.conf', '/etc/neutron/ContrailPlugin.ini', '/etc/neutron/api-paste.ini'] log_opt_values /var/lib/kolla/venv/lib/python3.6/site-packages/oslo_config/cfg.py:2603
