2025-04-24 00:40:04.944 162881 DEBUG oslo_service.service [req-2a7f56c4-f988-42c2-b7ac-c565ed609a67 - - - - -] use_cow_images                 = True log_opt_values /usr/lib/python3/dist-packages/oslo_config/cfg.py:2602
2025-04-24 00:40:04.944 162881 DEBUG oslo_service.service [req-2a7f56c4-f988-42c2-b7ac-c565ed609a67 - - - - -] use_eventlog                   = False log_opt_values /usr/lib/python3/dist-packages/oslo_config/cfg.py:2602
2025-04-24 00:40:04.944 162881 DEBUG oslo_service.service [req-2a7f56c4-f988-42c2-b7ac-c565ed609a67 - - - - -] use_journal                    = False log_opt_values /usr/lib/python3/dist-packages/oslo_config/cfg.py:2602
2025-04-24 00:40:04.945 162881 DEBUG oslo_service.service [req-2a7f56c4-f988-42c2-b7ac-c565ed609a67 - - - - -] use_json                       = False log_opt_values /usr/lib/python3/dist-packages/oslo_config/cfg.py:2602
2025-04-24 00:40:04.945 162881 DEBUG oslo_service.service [req-2a7f56c4-f988-42c2-b7ac-c565ed609a67 - - - - -] use_rootwrap_daemon            = False log_opt_values /usr/lib/python3/dist-packages/oslo_config/cfg.py:2602
2025-04-24 00:40:04.945 162881 DEBUG oslo_service.service [req-2a7f56c4-f988-42c2-b7ac-c565ed609a67 - - - - -] use_stderr                     = False log_opt_values /usr/lib/python3/dist-packages/oslo_config/cfg.py:2602
2025-04-24 00:40:04.945 162881 DEBUG oslo_service.service [req-2a7f56c4-f988-42c2-b7ac-c565ed609a67 - - - - -] use_syslog                     = False log_opt_values /usr/lib/python3/dist-packages/oslo_config/cfg.py:2602
2025-04-24 00:40:04.945 162881 DEBUG oslo_service.service [req-2a7f56c4-f988-42c2-b7ac-c565ed609a67 - - - - -] vcpu_pin_set                   = None log_opt_values /usr/lib/python3/dist-packages/oslo_config/cfg.py:2602
2025-04-24 00:40:04.945 162881 DEBUG oslo_service.service [req-2a7f56c4-f988-42c2-b7ac-c565ed609a67 - - - - -] vif_plugging_is_fatal          = True log_opt_values /usr/lib/python3/dist-packages/oslo_config/cfg.py:2602
2025-04-24 00:40:04.945 162881 DEBUG oslo_service.service [req-2a7f56c4-f988-42c2-b7ac-c565ed609a67 - - - - -] vif_plugging_timeout           = 300 log_opt_values /usr/lib/python3/dist-packages/oslo_config/cfg.py:2602
2025-04-24 00:40:04.946 162881 DEBUG oslo_service.service [req-2a7f56c4-f988-42c2-b7ac-c565ed609a67 - - - - -] virt_mkfs                      = [] log_opt_values /usr/lib/python3/dist-packages/oslo_config/cfg.py:2602
2025-04-24 00:40:04.946 162881 DEBUG oslo_service.service [req-2a7f56c4-f988-42c2-b7ac-c565ed609a67 - - - - -] volume_usage_poll_interval     = 0 log_opt_values /usr/lib/python3/dist-packages/oslo_config/cfg.py:2602
2025-04-24 00:40:04.946 162881 DEBUG oslo_service.service [req-2a7f56c4-f988-42c2-b7ac-c565ed609a67 - - - - -] watch_log_file                 = False log_opt_values /usr/lib/python3/dist-packages/oslo_config/cfg.py:2602
2025-04-24 00:40:04.946 162881 DEBUG oslo_service.service [req-2a7f56c4-f988-42c2-b7ac-c565ed609a67 - - - - -] web                            = /usr/share/spice-html5 log_opt_values /usr/lib/python3/dist-packages/oslo_config/cfg.py:2602
2025-04-24 00:40:04.946 162881 DEBUG oslo_service.service [req-2a7f56c4-f988-42c2-b7ac-c565ed609a67 - - - - -] oslo_concurrency.disable_process_locking = False log_opt_values /usr/lib/python3/dist-packages/oslo_config/cfg.py:2609
2025-04-24 00:40:04.947 162881 DEBUG oslo_service.service [req-2a7f56c4-f988-42c2-b7ac-c565ed609a67 - - - - -] oslo_concurrency.lock_path     = /var/lock/nova log_opt_values /usr/lib/python3/dist-packages/oslo_config/cfg.py:2609
2025-04-24 00:40:04.947 162881 DEBUG oslo_service.service [req-2a7f56c4-f988-42c2-b7ac-c565ed609a67 - - - - -] oslo_messaging_metrics.metrics_buffer_size = 1000 log_opt_values /usr/lib/python3/dist-packages/oslo_config/cfg.py:2609
2025-04-24 00:40:04.947 162881 DEBUG oslo_service.service [req-2a7f56c4-f988-42c2-b7ac-c565ed609a67 - - - - -] oslo_messaging_metrics.metrics_enabled = False log_opt_values /usr/lib/python3/dist-packages/oslo_config/cfg.py:2609
2025-04-24 00:40:04.947 162881 DEBUG oslo_service.service [req-2a7f56c4-f988-42c2-b7ac-c565ed609a67 - - - - -] oslo_messaging_metrics.metrics_process_name =  log_opt_values /usr/lib/python3/dist-packages/oslo_config/cfg.py:2609
2025-04-24 00:40:04.947 162881 DEBUG oslo_service.service [req-2a7f56c4-f988-42c2-b7ac-c565ed609a67 - - - - -] oslo_messaging_metrics.metrics_socket_file = /var/tmp/metrics_collector.sock log_opt_values /usr/lib/python3/dist-packages/oslo_config/cfg.py:2609
2025-04-24 00:40:04.947 162881 DEBUG oslo_service.service [req-2a7f56c4-f988-42c2-b7ac-c565ed609a67 - - - - -] oslo_messaging_metrics.metrics_thread_stop_timeout = 10 log_opt_values /usr/lib/python3/dist-packages/oslo_config/cfg.py:2609
2025-04-24 00:40:04.948 162881 WARNING oslo_config.cfg [req-2a7f56c4-f988-42c2-b7ac-c565ed609a67 - - - - -] Deprecated: Option "auth_strategy" from group "api" is deprecated for removal (
The only non-default choice, ``noauth2``, is for internal development and
testing purposes only and should not be used in deployments. This option and
its middleware, NoAuthMiddleware[V2_18], will be removed in a future release.
).  Its value may be silently ignored in the future.
2025-04-24 00:40:04.948 162881 DEBUG oslo_service.service [req-2a7f56c4-f988-42c2-b7ac-c565ed609a67 - - - - -] api.auth_strategy              = keystone log_opt_values /usr/lib/python3/dist-packages/oslo_config/cfg.py:2609
2025-04-24 00:40:04.948 162881 DEBUG oslo_service.service [req-2a7f56c4-f988-42c2-b7ac-c565ed609a67 - - - - -] api.compute_link_prefix        = None log_opt_values /usr/lib/python3/dist-packages/oslo_config/cfg.py:2609
2025-04-24 00:40:04.948 162881 DEBUG oslo_service.service [req-2a7f56c4-f988-42c2-b7ac-c565ed609a67 - - - - -] api.config_drive_skip_versions = 1.0 2007-01-19 2007-03-01 2007-08-29 2007-10-10 2007-12-15 2008-02-01 2008-09-01 log_opt_values /usr/lib/python3/dist-packages/oslo_config/cfg.py:2609
2025-04-24 00:40:04.949 162881 DEBUG oslo_service.service [req-2a7f56c4-f988-42c2-b7ac-c565ed609a67 - - - - -] api.dhcp_domain                = novalocal log_opt_values /usr/lib/python3/dist-packages/oslo_config/cfg.py:2609
2025-04-24 00:40:04.949 162881 DEBUG oslo_service.service [req-2a7f56c4-f988-42c2-b7ac-c565ed609a67 - - - - -] api.enable_instance_password   = True log_opt_values /usr/lib/python3/dist-packages/oslo_config/cfg.py:2609
2025-04-24 00:40:04.949 162881 DEBUG oslo_service.service [req-2a7f56c4-f988-42c2-b7ac-c565ed609a67 - - - - -] api.glance_link_prefix         = None log_opt_values /usr/lib/python3/dist-packages/oslo_config/cfg.py:2609
2025-04-24 00:40:04.949 162881 DEBUG oslo_service.service [req-2a7f56c4-f988-42c2-b7ac-c565ed609a67 - - - - -] api.instance_list_cells_batch_fixed_size = 100 log_opt_values /usr/lib/python3/dist-packages/oslo_config/cfg.py:2609
2025-04-24 00:40:04.949 162881 DEBUG oslo_service.service [req-2a7f56c4-f988-42c2-b7ac-c565ed609a67 - - - - -] api.instance_list_cells_batch_strategy = distributed log_opt_values /usr/lib/python3/dist-packages/oslo_config/cfg.py:2609
2025-04-24 00:40:04.949 162881 DEBUG oslo_service.service [req-2a7f56c4-f988-42c2-b7ac-c565ed609a67 - - - - -] api.instance_list_per_project_cells = False log_opt_values /usr/lib/python3/dist-packages/oslo_config/cfg.py:2609
2025-04-24 00:40:04.949 162881 DEBUG oslo_service.service [req-2a7f56c4-f988-42c2-b7ac-c565ed609a67 - - - - -] api.list_records_by_skipping_down_cells = True log_opt_values /usr/lib/python3/dist-packages/oslo_config/cfg.py:2609
2025-04-24 00:40:04.950 162881 DEBUG oslo_service.service [req-2a7f56c4-f988-42c2-b7ac-c565ed609a67 - - - - -] api.local_metadata_per_cell    = False log_opt_values /usr/lib/python3/dist-packages/oslo_config/cfg.py:2609
2025-04-24 00:40:04.950 162881 DEBUG oslo_service.service [req-2a7f56c4-f988-42c2-b7ac-c565ed609a67 - - - - -] api.max_limit                  = 1000 log_opt_values /usr/lib/python3/dist-packages/oslo_config/cfg.py:2609
2025-04-24 00:40:04.950 162881 DEBUG oslo_service.service [req-2a7f56c4-f988-42c2-b7ac-c565ed609a67 - - - - -] api.metadata_cache_expiration  = 15 log_opt_values /usr/lib/python3/dist-packages/oslo_config/cfg.py:2609
2025-04-24 00:40:04.950 162881 DEBUG oslo_service.service [req-2a7f56c4-f988-42c2-b7ac-c565ed609a67 - - - - -] api.neutron_default_tenant_id  = default log_opt_values /usr/lib/python3/dist-packages/oslo_config/cfg.py:2609
2025-04-24 00:40:04.950 162881 DEBUG oslo_service.service [req-2a7f56c4-f988-42c2-b7ac-c565ed609a67 - - - - -] api.use_forwarded_for          = False log_opt_values /usr/lib/python3/dist-packages/oslo_config/cfg.py:2609
2025-04-24 00:40:04.950 162881 DEBUG oslo_service.service [req-2a7f56c4-f988-42c2-b7ac-c565ed609a67 - - - - -] api.use_neutron_default_nets   = False log_opt_values /usr/lib/python3/dist-packages/oslo_config/cfg.py:2609
2025-04-24 00:40:04.951 162881 DEBUG oslo_service.service [req-2a7f56c4-f988-42c2-b7ac-c565ed609a67 - - - - -] api.vendordata_dynamic_connect_timeout = 5 log_opt_values /usr/lib/python3/dist-packages/oslo_config/cfg.py:2609
2025-04-24 00:40:04.951 162881 DEBUG oslo_service.service [req-2a7f56c4-f988-42c2-b7ac-c565ed609a67 - - - - -] api.vendordata_dynamic_failure_fatal = False log_opt_values /usr/lib/python3/dist-packages/oslo_config/cfg.py:2609
2025-04-24 00:40:04.951 162881 DEBUG oslo_service.service [req-2a7f56c4-f988-42c2-b7ac-c565ed609a67 - - - - -] api.vendordata_dynamic_read_timeout = 5 log_opt_values /usr/lib/python3/dist-packages/oslo_config/cfg.py:2609
2025-04-24 00:40:04.951 162881 DEBUG oslo_service.service [req-2a7f56c4-f988-42c2-b7ac-c565ed609a67 - - - - -] api.vendordata_dynamic_ssl_certfile =  log_opt_values /usr/lib/python3/dist-packages/oslo_config/cfg.py:2609
2025-04-24 00:40:04.951 162881 DEBUG oslo_service.service [req-2a7f56c4-f988-42c2-b7ac-c565ed609a67 - - - - -] api.vendordata_dynamic_targets = [] log_opt_values /usr/lib/python3/dist-packages/oslo_config/cfg.py:2609
2025-04-24 00:40:04.951 162881 DEBUG oslo_service.service [req-2a7f56c4-f988-42c2-b7ac-c565ed609a67 - - - - -] api.vendordata_jsonfile_path   = None log_opt_values /usr/lib/python3/dist-packages/oslo_config/cfg.py:2609
2025-04-24 00:40:04.951 162881 DEBUG oslo_service.service [req-2a7f56c4-f988-42c2-b7ac-c565ed609a67 - - - - -] api.vendordata_providers       = ['StaticJSON'] log_opt_values /usr/lib/python3/dist-packages/oslo_config/cfg.py:2609
2025-04-24 00:40:04.952 162881 DEBUG oslo_service.service [req-2a7f56c4-f988-42c2-b7ac-c565ed609a67 - - - - -] cache.backend                  = dogpile.cache.null log_opt_values /usr/lib/python3/dist-packages/oslo_config/cfg.py:2609
2025-04-24 00:40:04.952 162881 DEBUG oslo_service.service [req-2a7f56c4-f988-42c2-b7ac-c565ed609a67 - - - - -] cache.backend_argument         = **** log_opt_values /usr/lib/python3/dist-packages/oslo_config/cfg.py:2609
2025-04-24 00:40:04.952 162881 DEBUG oslo_service.service [req-2a7f56c4-f988-42c2-b7ac-c565ed609a67 - - - - -] cache.config_prefix            = cache.oslo log_opt_values /usr/lib/python3/dist-packages/oslo_config/cfg.py:2609
2025-04-24 00:40:04.952 162881 DEBUG oslo_service.service [req-2a7f56c4-f988-42c2-b7ac-c565ed609a67 - - - - -] cache.debug_cache_backend      = False log_opt_values /usr/lib/python3/dist-packages/oslo_config/cfg.py:2609
2025-04-24 00:40:04.952 162881 DEBUG oslo_service.service [req-2a7f56c4-f988-42c2-b7ac-c565ed609a67 - - - - -] cache.enabled                  = False log_opt_values /usr/lib/python3/dist-packages/oslo_config/cfg.py:2609
2025-04-24 00:40:04.953 162881 DEBUG oslo_service.service [req-2a7f56c4-f988-42c2-b7ac-c565ed609a67 - - - - -] cache.expiration_time          = 600 log_opt_values /usr/lib/python3/dist-packages/oslo_config/cfg.py:2609
2025-04-24 00:40:04.953 162881 DEBUG oslo_service.service [req-2a7f56c4-f988-42c2-b7ac-c565ed609a67 - - - - -] cache.memcache_dead_retry      = 300 log_opt_values /usr/lib/python3/dist-packages/oslo_config/cfg.py:2609
2025-04-24 00:40:04.953 162881 DEBUG oslo_service.service [req-2a7f56c4-f988-42c2-b7ac-c565ed609a67 - - - - -] cache.memcache_pool_connection_get_timeout = 10 log_opt_values /usr/lib/python3/dist-packages/oslo_config/cfg.py:2609
2025-04-24 00:40:04.953 162881 DEBUG oslo_service.service [req-2a7f56c4-f988-42c2-b7ac-c565ed609a67 - - - - -] cache.memcache_pool_flush_on_reconnect = False log_opt_values /usr/lib/python3/dist-packages/oslo_config/cfg.py:2609
2025-04-24 00:40:04.953 162881 DEBUG oslo_service.service [req-2a7f56c4-f988-42c2-b7ac-c565ed609a67 - - - - -] cache.memcache_pool_maxsize    = 10 log_opt_values /usr/lib/python3/dist-packages/oslo_config/cfg.py:2609
2025-04-24 00:40:04.953 162881 DEBUG oslo_service.service [req-2a7f56c4-f988-42c2-b7ac-c565ed609a67 - - - - -] cache.memcache_pool_unused_timeout = 60 log_opt_values /usr/lib/python3/dist-packages/oslo_config/cfg.py:2609
2025-04-24 00:40:04.953 162881 DEBUG oslo_service.service [req-2a7f56c4-f988-42c2-b7ac-c565ed609a67 - - - - -] cache.memcache_servers         = ['localhost:11211'] log_opt_values /usr/lib/python3/dist-packages/oslo_config/cfg.py:2609
2025-04-24 00:40:04.954 162881 DEBUG oslo_service.service [req-2a7f56c4-f988-42c2-b7ac-c565ed609a67 - - - - -] cache.memcache_socket_timeout  = 1.0 log_opt_values /usr/lib/python3/dist-packages/oslo_config/cfg.py:2609
2025-04-24 00:40:04.954 162881 DEBUG oslo_service.service [req-2a7f56c4-f988-42c2-b7ac-c565ed609a67 - - - - -] cache.proxies                  = [] log_opt_values /usr/lib/python3/dist-packages/oslo_config/cfg.py:2609
2025-04-24 00:40:04.954 162881 DEBUG oslo_service.service [req-2a7f56c4-f988-42c2-b7ac-c565ed609a67 - - - - -] cache.tls_allowed_ciphers      = None log_opt_values /usr/lib/python3/dist-packages/oslo_config/cfg.py:2609
2025-04-24 00:40:04.954 162881 DEBUG oslo_service.service [req-2a7f56c4-f988-42c2-b7ac-c565ed609a67 - - - - -] cache.tls_cafile               = None log_opt_values /usr/lib/python3/dist-packages/oslo_config/cfg.py:2609
2025-04-24 00:40:04.954 162881 DEBUG oslo_service.service [req-2a7f56c4-f988-42c2-b7ac-c565ed609a67 - - - - -] cache.tls_certfile             = None log_opt_values /usr/lib/python3/dist-packages/oslo_config/cfg.py:2609
2025-04-24 00:40:04.954 162881 DEBUG oslo_service.service [req-2a7f56c4-f988-42c2-b7ac-c565ed609a67 - - - - -] cache.tls_enabled              = False log_opt_values /usr/lib/python3/dist-packages/oslo_config/cfg.py:2609
2025-04-24 00:40:04.954 162881 DEBUG oslo_service.service [req-2a7f56c4-f988-42c2-b7ac-c565ed609a67 - - - - -] cache.tls_keyfile              = None log_opt_values /usr/lib/python3/dist-packages/oslo_config/cfg.py:2609
2025-04-24 00:40:04.955 162881 DEBUG oslo_service.service [req-2a7f56c4-f988-42c2-b7ac-c565ed609a67 - - - - -] cinder.auth_section            = None log_opt_values /usr/lib/python3/dist-packages/oslo_config/cfg.py:2609
2025-04-24 00:40:04.955 162881 DEBUG oslo_service.service [req-2a7f56c4-f988-42c2-b7ac-c565ed609a67 - - - - -] cinder.auth_type               = None log_opt_values /usr/lib/python3/dist-packages/oslo_config/cfg.py:2609
2025-04-24 00:40:04.955 162881 DEBUG oslo_service.service [req-2a7f56c4-f988-42c2-b7ac-c565ed609a67 - - - - -] cinder.cafile                  = None log_opt_values /usr/lib/python3/dist-packages/oslo_config/cfg.py:2609
2025-04-24 00:40:04.955 162881 DEBUG oslo_service.service [req-2a7f56c4-f988-42c2-b7ac-c565ed609a67 - - - - -] cinder.catalog_info            = volumev3::publicURL log_opt_values /usr/lib/python3/dist-packages/oslo_config/cfg.py:2609
2025-04-24 00:40:04.955 162881 DEBUG oslo_service.service [req-2a7f56c4-f988-42c2-b7ac-c565ed609a67 - - - - -] cinder.certfile                = None log_opt_values /usr/lib/python3/dist-packages/oslo_config/cfg.py:2609
2025-04-24 00:40:04.955 162881 DEBUG oslo_service.service [req-2a7f56c4-f988-42c2-b7ac-c565ed609a67 - - - - -] cinder.collect_timing          = False log_opt_values /usr/lib/python3/dist-packages/oslo_config/cfg.py:2609
2025-04-24 00:40:04.956 162881 DEBUG oslo_service.service [req-2a7f56c4-f988-42c2-b7ac-c565ed609a67 - - - - -] cinder.cross_az_attach         = True log_opt_values /usr/lib/python3/dist-packages/oslo_config/cfg.py:2609
2025-04-24 00:40:04.956 162881 DEBUG oslo_service.service [req-2a7f56c4-f988-42c2-b7ac-c565ed609a67 - - - - -] cinder.debug                   = False log_opt_values /usr/lib/python3/dist-packages/oslo_config/cfg.py:2609
2025-04-24 00:40:04.956 162881 DEBUG oslo_service.service [req-2a7f56c4-f988-42c2-b7ac-c565ed609a67 - - - - -] cinder.endpoint_template       = None log_opt_values /usr/lib/python3/dist-packages/oslo_config/cfg.py:2609
2025-04-24 00:40:04.956 162881 DEBUG oslo_service.service [req-2a7f56c4-f988-42c2-b7ac-c565ed609a67 - - - - -] cinder.http_retries            = 3 log_opt_values /usr/lib/python3/dist-packages/oslo_config/cfg.py:2609
2025-04-24 00:40:04.956 162881 DEBUG oslo_service.service [req-2a7f56c4-f988-42c2-b7ac-c565ed609a67 - - - - -] cinder.insecure                = False log_opt_values /usr/lib/python3/dist-packages/oslo_config/cfg.py:2609
2025-04-24 00:40:04.956 162881 DEBUG oslo_service.service [req-2a7f56c4-f988-42c2-b7ac-c565ed609a67 - - - - -] cinder.keyfile                 = None log_opt_values /usr/lib/python3/dist-packages/oslo_config/cfg.py:2609
2025-04-24 00:40:04.957 162881 DEBUG oslo_service.service [req-2a7f56c4-f988-42c2-b7ac-c565ed609a67 - - - - -] cinder.os_region_name          = None log_opt_values /usr/lib/python3/dist-packages/oslo_config/cfg.py:2609
2025-04-24 00:40:04.957 162881 DEBUG oslo_service.service [req-2a7f56c4-f988-42c2-b7ac-c565ed609a67 - - - - -] cinder.split_loggers           = False log_opt_values /usr/lib/python3/dist-packages/oslo_config/cfg.py:2609
2025-04-24 00:40:04.957 162881 DEBUG oslo_service.service [req-2a7f56c4-f988-42c2-b7ac-c565ed609a67 - - - - -] cinder.timeout                 = None log_opt_values /usr/lib/python3/dist-packages/oslo_config/cfg.py:2609
2025-04-24 00:40:04.957 162881 DEBUG oslo_service.service [req-2a7f56c4-f988-42c2-b7ac-c565ed609a67 - - - - -] compute.consecutive_build_service_disable_threshold = 10 log_opt_values /usr/lib/python3/dist-packages/oslo_config/cfg.py:2609
2025-04-24 00:40:04.957 162881 DEBUG oslo_service.service [req-2a7f56c4-f988-42c2-b7ac-c565ed609a67 - - - - -] compute.cpu_dedicated_set      = None log_opt_values /usr/lib/python3/dist-packages/oslo_config/cfg.py:2609
2025-04-24 00:40:04.957 162881 DEBUG oslo_service.service [req-2a7f56c4-f988-42c2-b7ac-c565ed609a67 - - - - -] compute.cpu_shared_set         = None log_opt_values /usr/lib/python3/dist-packages/oslo_config/cfg.py:2609
2025-04-24 00:40:04.958 162881 DEBUG oslo_service.service [req-2a7f56c4-f988-42c2-b7ac-c565ed609a67 - - - - -] compute.image_type_exclude_list = [] log_opt_values /usr/lib/python3/dist-packages/oslo_config/cfg.py:2609
2025-04-24 00:40:04.958 162881 DEBUG oslo_service.service [req-2a7f56c4-f988-42c2-b7ac-c565ed609a67 - - - - -] compute.live_migration_wait_for_vif_plug = True log_opt_values /usr/lib/python3/dist-packages/oslo_config/cfg.py:2609
2025-04-24 00:40:04.958 162881 DEBUG oslo_service.service [req-2a7f56c4-f988-42c2-b7ac-c565ed609a67 - - - - -] compute.max_concurrent_disk_ops = 0 log_opt_values /usr/lib/python3/dist-packages/oslo_config/cfg.py:2609
2025-04-24 00:40:04.958 162881 DEBUG oslo_service.service [req-2a7f56c4-f988-42c2-b7ac-c565ed609a67 - - - - -] compute.max_disk_devices_to_attach = -1 log_opt_values /usr/lib/python3/dist-packages/oslo_config/cfg.py:2609
2025-04-24 00:40:04.958 162881 DEBUG oslo_service.service [req-2a7f56c4-f988-42c2-b7ac-c565ed609a67 - - - - -] compute.packing_host_numa_cells_allocation_strategy = True log_opt_values /usr/lib/python3/dist-packages/oslo_config/cfg.py:2609
2025-04-24 00:40:04.958 162881 DEBUG oslo_service.service [req-2a7f56c4-f988-42c2-b7ac-c565ed609a67 - - - - -] compute.provider_config_location = /etc/nova/provider_config/ log_opt_values /usr/lib/python3/dist-packages/oslo_config/cfg.py:2609
2025-04-24 00:40:04.958 163265 DEBUG oslo_messaging._drivers.amqpdriver [-] Listener is running poll /usr/lib/python3/dist-packages/oslo_messaging/_drivers/amqpdriver.py:343
2025-04-24 00:40:04.958 162881 DEBUG oslo_service.service [req-2a7f56c4-f988-42c2-b7ac-c565ed609a67 - - - - -] compute.resource_provider_association_refresh = 300 log_opt_values /usr/lib/python3/dist-packages/oslo_config/cfg.py:2609
2025-04-24 00:40:04.958 163265 DEBUG oslo_messaging._drivers.amqpdriver [-] AMQPListener connection consume poll /usr/lib/python3/dist-packages/oslo_messaging/_drivers/amqpdriver.py:357
2025-04-24 00:40:04.959 162881 DEBUG oslo_service.service [req-2a7f56c4-f988-42c2-b7ac-c565ed609a67 - - - - -] compute.shutdown_retry_interval = 10 log_opt_values /usr/lib/python3/dist-packages/oslo_config/cfg.py:2609
2025-04-24 00:40:04.959 162881 DEBUG oslo_service.service [req-2a7f56c4-f988-42c2-b7ac-c565ed609a67 - - - - -] compute.vmdk_allowed_types     = ['streamOptimized', 'monolithicSparse'] log_opt_values /usr/lib/python3/dist-packages/oslo_config/cfg.py:2609
2025-04-24 00:40:04.959 162881 DEBUG oslo_service.service [req-2a7f56c4-f988-42c2-b7ac-c565ed609a67 - - - - -] conductor.workers              = 4 log_opt_values /usr/lib/python3/dist-packages/oslo_config/cfg.py:2609
2025-04-24 00:40:04.959 163265 DEBUG nova.service [req-a29fa2aa-c594-472d-844c-bf06ae65162e - - - - -] Join ServiceGroup membership for this service conductor start /usr/lib/python3/dist-packages/nova/service.py:199
2025-04-24 00:40:04.959 162881 DEBUG oslo_service.service [req-2a7f56c4-f988-42c2-b7ac-c565ed609a67 - - - - -] console.allowed_origins        = [] log_opt_values /usr/lib/python3/dist-packages/oslo_config/cfg.py:2609
2025-04-24 00:40:04.959 162881 DEBUG oslo_service.service [req-2a7f56c4-f988-42c2-b7ac-c565ed609a67 - - - - -] console.ssl_ciphers            = None log_opt_values /usr/lib/python3/dist-packages/oslo_config/cfg.py:2609
2025-04-24 00:40:04.959 163265 DEBUG nova.servicegroup.drivers.db [req-a29fa2aa-c594-472d-844c-bf06ae65162e - - - - -] DB_Driver: join new ServiceGroup member juju-f5c0ff-0-lxd-7 to the conductor group, service = <Service: host=juju-f5c0ff-0-lxd-7, binary=nova-conductor, manager_class_name=nova.conductor.manager.ConductorManager> join /usr/lib/python3/dist-packages/nova/servicegroup/drivers/db.py:44
2025-04-24 00:40:04.959 162881 DEBUG oslo_service.service [req-2a7f56c4-f988-42c2-b7ac-c565ed609a67 - - - - -] console.ssl_minimum_version    = default log_opt_values /usr/lib/python3/dist-packages/oslo_config/cfg.py:2609
2025-04-24 00:40:04.960 162881 DEBUG oslo_service.service [req-2a7f56c4-f988-42c2-b7ac-c565ed609a67 - - - - -] consoleauth.token_ttl          = 600 log_opt_values /usr/lib/python3/dist-packages/oslo_config/cfg.py:2609
2025-04-24 00:40:04.960 162881 DEBUG oslo_service.service [req-2a7f56c4-f988-42c2-b7ac-c565ed609a67 - - - - -] cyborg.cafile                  = None log_opt_values /usr/lib/python3/dist-packages/oslo_config/cfg.py:2609
2025-04-24 00:40:04.960 162881 DEBUG oslo_service.service [req-2a7f56c4-f988-42c2-b7ac-c565ed609a67 - - - - -] cyborg.certfile                = None log_opt_values /usr/lib/python3/dist-packages/oslo_config/cfg.py:2609
2025-04-24 00:40:04.960 162881 DEBUG oslo_service.service [req-2a7f56c4-f988-42c2-b7ac-c565ed609a67 - - - - -] cyborg.collect_timing          = False log_opt_values /usr/lib/python3/dist-packages/oslo_config/cfg.py:2609
2025-04-24 00:40:04.960 163265 DEBUG oslo_messaging._drivers.amqpdriver [-] received message msg_id: f5a71af7d9534320b0a6b600bfc11593 reply to reply_50a9783328d646958bbdf440e77b64e8 __call__ /usr/lib/python3/dist-packages/oslo_messaging/_drivers/amqpdriver.py:320
2025-04-24 00:40:04.960 162881 DEBUG oslo_service.service [req-2a7f56c4-f988-42c2-b7ac-c565ed609a67 - - - - -] cyborg.connect_retries         = None log_opt_values /usr/lib/python3/dist-packages/oslo_config/cfg.py:2609
2025-04-24 00:40:04.960 162881 DEBUG oslo_service.service [req-2a7f56c4-f988-42c2-b7ac-c565ed609a67 - - - - -] cyborg.connect_retry_delay     = None log_opt_values /usr/lib/python3/dist-packages/oslo_config/cfg.py:2609
2025-04-24 00:40:04.960 162881 DEBUG oslo_service.service [req-2a7f56c4-f988-42c2-b7ac-c565ed609a67 - - - - -] cyborg.endpoint_override       = None log_opt_values /usr/lib/python3/dist-packages/oslo_config/cfg.py:2609
2025-04-24 00:40:04.961 162881 DEBUG oslo_service.service [req-2a7f56c4-f988-42c2-b7ac-c565ed609a67 - - - - -] cyborg.insecure                = False log_opt_values /usr/lib/python3/dist-packages/oslo_config/cfg.py:2609
2025-04-24 00:40:04.961 163265 DEBUG oslo_messaging._drivers.amqpdriver [-] received message msg_id: 3f48386a620641408e58aede5df2948e reply to reply_50a9783328d646958bbdf440e77b64e8 __call__ /usr/lib/python3/dist-packages/oslo_messaging/_drivers/amqpdriver.py:320
2025-04-24 00:40:04.961 162881 DEBUG oslo_service.service [req-2a7f56c4-f988-42c2-b7ac-c565ed609a67 - - - - -] cyborg.keyfile                 = None log_opt_values /usr/lib/python3/dist-packages/oslo_config/cfg.py:2609
2025-04-24 00:40:04.961 162881 DEBUG oslo_service.service [req-2a7f56c4-f988-42c2-b7ac-c565ed609a67 - - - - -] cyborg.max_version             = None log_opt_values /usr/lib/python3/dist-packages/oslo_config/cfg.py:2609
2025-04-24 00:40:04.961 162881 DEBUG oslo_service.service [req-2a7f56c4-f988-42c2-b7ac-c565ed609a67 - - - - -] cyborg.min_version             = None log_opt_values /usr/lib/python3/dist-packages/oslo_config/cfg.py:2609
2025-04-24 00:40:04.961 162881 DEBUG oslo_service.service [req-2a7f56c4-f988-42c2-b7ac-c565ed609a67 - - - - -] cyborg.region_name             = None log_opt_values /usr/lib/python3/dist-packages/oslo_config/cfg.py:2609
2025-04-24 00:40:04.961 162881 DEBUG oslo_service.service [req-2a7f56c4-f988-42c2-b7ac-c565ed609a67 - - - - -] cyborg.service_name            = None log_opt_values /usr/lib/python3/dist-packages/oslo_config/cfg.py:2609
2025-04-24 00:40:04.962 162881 DEBUG oslo_service.service [req-2a7f56c4-f988-42c2-b7ac-c565ed609a67 - - - - -] cyborg.service_type            = accelerator log_opt_values /usr/lib/python3/dist-packages/oslo_config/cfg.py:2609
2025-04-24 00:40:04.962 162881 DEBUG oslo_service.service [req-2a7f56c4-f988-42c2-b7ac-c565ed609a67 - - - - -] cyborg.split_loggers           = False log_opt_values /usr/lib/python3/dist-packages/oslo_config/cfg.py:2609
2025-04-24 00:40:04.962 162881 DEBUG oslo_service.service [req-2a7f56c4-f988-42c2-b7ac-c565ed609a67 - - - - -] cyborg.status_code_retries     = None log_opt_values /usr/lib/python3/dist-packages/oslo_config/cfg.py:2609
2025-04-24 00:40:04.962 163267 DEBUG oslo_messaging._drivers.amqpdriver [-] Listener is running poll /usr/lib/python3/dist-packages/oslo_messaging/_drivers/amqpdriver.py:343
2025-04-24 00:40:04.962 162881 DEBUG oslo_service.service [req-2a7f56c4-f988-42c2-b7ac-c565ed609a67 - - - - -] cyborg.status_code_retry_delay = None log_opt_values /usr/lib/python3/dist-packages/oslo_config/cfg.py:2609
2025-04-24 00:40:04.962 163267 DEBUG oslo_messaging._drivers.amqpdriver [-] AMQPListener connection consume poll /usr/lib/python3/dist-packages/oslo_messaging/_drivers/amqpdriver.py:357
2025-04-24 00:40:04.962 162881 DEBUG oslo_service.service [req-2a7f56c4-f988-42c2-b7ac-c565ed609a67 - - - - -] cyborg.timeout                 = None log_opt_values /usr/lib/python3/dist-packages/oslo_config/cfg.py:2609
2025-04-24 00:40:04.962 162881 DEBUG oslo_service.service [req-2a7f56c4-f988-42c2-b7ac-c565ed609a67 - - - - -] cyborg.valid_interfaces        = ['internal', 'public'] log_opt_values /usr/lib/python3/dist-packages/oslo_config/cfg.py:2609
2025-04-24 00:40:04.962 162881 DEBUG oslo_service.service [req-2a7f56c4-f988-42c2-b7ac-c565ed609a67 - - - - -] cyborg.version                 = None log_opt_values /usr/lib/python3/dist-packages/oslo_config/cfg.py:2609
2025-04-24 00:40:04.962 163265 DEBUG oslo_messaging._drivers.amqpdriver [-] AMQPListener connection timeout poll /usr/lib/python3/dist-packages/oslo_messaging/_drivers/amqpdriver.py:360
2025-04-24 00:40:04.962 163267 DEBUG nova.service [req-591c1b1a-1e6c-40c6-af4c-5b9da0502892 - - - - -] Join ServiceGroup membership for this service conductor start /usr/lib/python3/dist-packages/nova/service.py:199
2025-04-24 00:40:04.963 163265 DEBUG oslo_messaging._drivers.amqpdriver [-] Listener is running poll /usr/lib/python3/dist-packages/oslo_messaging/_drivers/amqpdriver.py:343
2025-04-24 00:40:04.963 162881 DEBUG oslo_service.service [req-2a7f56c4-f988-42c2-b7ac-c565ed609a67 - - - - -] database.backend               = sqlalchemy log_opt_values /usr/lib/python3/dist-packages/oslo_config/cfg.py:2609
2025-04-24 00:40:04.963 163265 DEBUG oslo_messaging._drivers.amqpdriver [-] Poll the incoming message with unique_id: 6bd10a25b8964180b0c3e103a46ac231 poll /usr/lib/python3/dist-packages/oslo_messaging/_drivers/amqpdriver.py:346
2025-04-24 00:40:04.963 163267 DEBUG nova.servicegroup.drivers.db [req-591c1b1a-1e6c-40c6-af4c-5b9da0502892 - - - - -] DB_Driver: join new ServiceGroup member juju-f5c0ff-0-lxd-7 to the conductor group, service = <Service: host=juju-f5c0ff-0-lxd-7, binary=nova-conductor, manager_class_name=nova.conductor.manager.ConductorManager> join /usr/lib/python3/dist-packages/nova/servicegroup/drivers/db.py:44
2025-04-24 00:40:04.963 162881 DEBUG oslo_service.service [req-2a7f56c4-f988-42c2-b7ac-c565ed609a67 - - - - -] database.connection            = **** log_opt_values /usr/lib/python3/dist-packages/oslo_config/cfg.py:2609
2025-04-24 00:40:04.963 163265 DEBUG oslo_messaging._drivers.amqpdriver [-] Listener is running poll /usr/lib/python3/dist-packages/oslo_messaging/_drivers/amqpdriver.py:343
2025-04-24 00:40:04.963 162881 DEBUG oslo_service.service [req-2a7f56c4-f988-42c2-b7ac-c565ed609a67 - - - - -] database.connection_debug      = 0 log_opt_values /usr/lib/python3/dist-packages/oslo_config/cfg.py:2609
2025-04-24 00:40:04.963 163265 DEBUG oslo_messaging._drivers.amqpdriver [-] Poll the incoming message with unique_id: 888bfc25c61143d3ba16efe2e502db7b poll /usr/lib/python3/dist-packages/oslo_messaging/_drivers/amqpdriver.py:346
2025-04-24 00:40:04.963 162881 DEBUG oslo_service.service [req-2a7f56c4-f988-42c2-b7ac-c565ed609a67 - - - - -] database.connection_parameters =  log_opt_values /usr/lib/python3/dist-packages/oslo_config/cfg.py:2609
2025-04-24 00:40:04.963 163265 DEBUG oslo_messaging._drivers.amqpdriver [-] Listener is running poll /usr/lib/python3/dist-packages/oslo_messaging/_drivers/amqpdriver.py:343
2025-04-24 00:40:04.963 163265 DEBUG oslo_messaging._drivers.amqpdriver [-] AMQPListener connection consume poll /usr/lib/python3/dist-packages/oslo_messaging/_drivers/amqpdriver.py:357
2025-04-24 00:40:04.963 162881 DEBUG oslo_service.service [req-2a7f56c4-f988-42c2-b7ac-c565ed609a67 - - - - -] database.connection_recycle_time = 3600 log_opt_values /usr/lib/python3/dist-packages/oslo_config/cfg.py:2609
2025-04-24 00:40:04.963 162881 DEBUG oslo_service.service [req-2a7f56c4-f988-42c2-b7ac-c565ed609a67 - - - - -] database.connection_trace      = False log_opt_values /usr/lib/python3/dist-packages/oslo_config/cfg.py:2609
2025-04-24 00:40:04.964 162881 DEBUG oslo_service.service [req-2a7f56c4-f988-42c2-b7ac-c565ed609a67 - - - - -] database.db_inc_retry_interval = True log_opt_values /usr/lib/python3/dist-packages/oslo_config/cfg.py:2609
2025-04-24 00:40:04.964 162881 DEBUG oslo_service.service [req-2a7f56c4-f988-42c2-b7ac-c565ed609a67 - - - - -] database.db_max_retries        = 20 log_opt_values /usr/lib/python3/dist-packages/oslo_config/cfg.py:2609
2025-04-24 00:40:04.964 162881 DEBUG oslo_service.service [req-2a7f56c4-f988-42c2-b7ac-c565ed609a67 - - - - -] database.db_max_retry_interval = 10 log_opt_values /usr/lib/python3/dist-packages/oslo_config/cfg.py:2609
2025-04-24 00:40:04.964 162881 DEBUG oslo_service.service [req-2a7f56c4-f988-42c2-b7ac-c565ed609a67 - - - - -] database.db_retry_interval     = 1 log_opt_values /usr/lib/python3/dist-packages/oslo_config/cfg.py:2609
2025-04-24 00:40:04.964 162881 DEBUG oslo_service.service [req-2a7f56c4-f988-42c2-b7ac-c565ed609a67 - - - - -] database.max_overflow          = 50 log_opt_values /usr/lib/python3/dist-packages/oslo_config/cfg.py:2609
2025-04-24 00:40:04.964 162881 DEBUG oslo_service.service [req-2a7f56c4-f988-42c2-b7ac-c565ed609a67 - - - - -] database.max_pool_size         = 4 log_opt_values /usr/lib/python3/dist-packages/oslo_config/cfg.py:2609
2025-04-24 00:40:04.965 162881 DEBUG oslo_service.service [req-2a7f56c4-f988-42c2-b7ac-c565ed609a67 - - - - -] database.max_retries           = 10 log_opt_values /usr/lib/python3/dist-packages/oslo_config/cfg.py:2609
2025-04-24 00:40:04.965 162881 DEBUG oslo_service.service [req-2a7f56c4-f988-42c2-b7ac-c565ed609a67 - - - - -] database.mysql_enable_ndb      = False log_opt_values /usr/lib/python3/dist-packages/oslo_config/cfg.py:2609
2025-04-24 00:40:04.965 162881 DEBUG oslo_service.service [req-2a7f56c4-f988-42c2-b7ac-c565ed609a67 - - - - -] database.mysql_sql_mode        = TRADITIONAL log_opt_values /usr/lib/python3/dist-packages/oslo_config/cfg.py:2609
2025-04-24 00:40:04.965 162881 DEBUG oslo_service.service [req-2a7f56c4-f988-42c2-b7ac-c565ed609a67 - - - - -] database.pool_timeout          = None log_opt_values /usr/lib/python3/dist-packages/oslo_config/cfg.py:2609
2025-04-24 00:40:04.965 163267 DEBUG oslo_messaging._drivers.amqpdriver [-] AMQPListener connection timeout poll /usr/lib/python3/dist-packages/oslo_messaging/_drivers/amqpdriver.py:360
2025-04-24 00:40:04.965 162881 DEBUG oslo_service.service [req-2a7f56c4-f988-42c2-b7ac-c565ed609a67 - - - - -] database.retry_interval        = 10 log_opt_values /usr/lib/python3/dist-packages/oslo_config/cfg.py:2609
2025-04-24 00:40:04.965 163267 DEBUG oslo_messaging._drivers.amqpdriver [-] Listener is running poll /usr/lib/python3/dist-packages/oslo_messaging/_drivers/amqpdriver.py:343
2025-04-24 00:40:04.965 162881 DEBUG oslo_service.service [req-2a7f56c4-f988-42c2-b7ac-c565ed609a67 - - - - -] database.slave_connection      = **** log_opt_values /usr/lib/python3/dist-packages/oslo_config/cfg.py:2609
2025-04-24 00:40:04.965 163267 DEBUG oslo_messaging._drivers.amqpdriver [-] AMQPListener connection consume poll /usr/lib/python3/dist-packages/oslo_messaging/_drivers/amqpdriver.py:357
2025-04-24 00:40:04.965 162881 DEBUG oslo_service.service [req-2a7f56c4-f988-42c2-b7ac-c565ed609a67 - - - - -] database.sqlite_synchronous    = True log_opt_values /usr/lib/python3/dist-packages/oslo_config/cfg.py:2609
2025-04-24 00:40:04.966 162881 DEBUG oslo_service.service [req-2a7f56c4-f988-42c2-b7ac-c565ed609a67 - - - - -] database.use_db_reconnect      = False log_opt_values /usr/lib/python3/dist-packages/oslo_config/cfg.py:2609
2025-04-24 00:40:04.966 162881 DEBUG oslo_service.service [req-2a7f56c4-f988-42c2-b7ac-c565ed609a67 - - - - -] api_database.backend           = sqlalchemy log_opt_values /usr/lib/python3/dist-packages/oslo_config/cfg.py:2609
2025-04-24 00:40:04.966 162881 DEBUG oslo_service.service [req-2a7f56c4-f988-42c2-b7ac-c565ed609a67 - - - - -] api_database.connection        = **** log_opt_values /usr/lib/python3/dist-packages/oslo_config/cfg.py:2609
2025-04-24 00:40:04.966 162881 DEBUG oslo_service.service [req-2a7f56c4-f988-42c2-b7ac-c565ed609a67 - - - - -] api_database.connection_debug  = 0 log_opt_values /usr/lib/python3/dist-packages/oslo_config/cfg.py:2609
2025-04-24 00:40:04.967 162881 DEBUG oslo_service.service [req-2a7f56c4-f988-42c2-b7ac-c565ed609a67 - - - - -] api_database.connection_parameters =  log_opt_values /usr/lib/python3/dist-packages/oslo_config/cfg.py:2609
2025-04-24 00:40:04.967 162881 DEBUG oslo_service.service [req-2a7f56c4-f988-42c2-b7ac-c565ed609a67 - - - - -] api_database.connection_recycle_time = 3600 log_opt_values /usr/lib/python3/dist-packages/oslo_config/cfg.py:2609
2025-04-24 00:40:04.967 162881 DEBUG oslo_service.service [req-2a7f56c4-f988-42c2-b7ac-c565ed609a67 - - - - -] api_database.connection_trace  = False log_opt_values /usr/lib/python3/dist-packages/oslo_config/cfg.py:2609
2025-04-24 00:40:04.967 162881 DEBUG oslo_service.service [req-2a7f56c4-f988-42c2-b7ac-c565ed609a67 - - - - -] api_database.db_inc_retry_interval = True log_opt_values /usr/lib/python3/dist-packages/oslo_config/cfg.py:2609
2025-04-24 00:40:04.967 162881 DEBUG oslo_service.service [req-2a7f56c4-f988-42c2-b7ac-c565ed609a67 - - - - -] api_database.db_max_retries    = 20 log_opt_values /usr/lib/python3/dist-packages/oslo_config/cfg.py:2609
2025-04-24 00:40:04.967 162881 DEBUG oslo_service.service [req-2a7f56c4-f988-42c2-b7ac-c565ed609a67 - - - - -] api_database.db_max_retry_interval = 10 log_opt_values /usr/lib/python3/dist-packages/oslo_config/cfg.py:2609
2025-04-24 00:40:04.967 163266 DEBUG oslo_messaging._drivers.amqpdriver [-] Listener is running poll /usr/lib/python3/dist-packages/oslo_messaging/_drivers/amqpdriver.py:343
2025-04-24 00:40:04.968 162881 DEBUG oslo_service.service [req-2a7f56c4-f988-42c2-b7ac-c565ed609a67 - - - - -] api_database.db_retry_interval = 1 log_opt_values /usr/lib/python3/dist-packages/oslo_config/cfg.py:2609
2025-04-24 00:40:04.968 163266 DEBUG oslo_messaging._drivers.amqpdriver [-] AMQPListener connection consume poll /usr/lib/python3/dist-packages/oslo_messaging/_drivers/amqpdriver.py:357
2025-04-24 00:40:04.968 162881 DEBUG oslo_service.service [req-2a7f56c4-f988-42c2-b7ac-c565ed609a67 - - - - -] api_database.max_overflow      = 50 log_opt_values /usr/lib/python3/dist-packages/oslo_config/cfg.py:2609
2025-04-24 00:40:04.968 162881 DEBUG oslo_service.service [req-2a7f56c4-f988-42c2-b7ac-c565ed609a67 - - - - -] api_database.max_pool_size     = 4 log_opt_values /usr/lib/python3/dist-packages/oslo_config/cfg.py:2609
2025-04-24 00:40:04.968 163264 DEBUG oslo_messaging._drivers.amqpdriver [-] Listener is running poll /usr/lib/python3/dist-packages/oslo_messaging/_drivers/amqpdriver.py:343
2025-04-24 00:40:04.968 162881 DEBUG oslo_service.service [req-2a7f56c4-f988-42c2-b7ac-c565ed609a67 - - - - -] api_database.max_retries       = 10 log_opt_values /usr/lib/python3/dist-packages/oslo_config/cfg.py:2609
2025-04-24 00:40:04.968 163264 DEBUG oslo_messaging._drivers.amqpdriver [-] AMQPListener connection consume poll /usr/lib/python3/dist-packages/oslo_messaging/_drivers/amqpdriver.py:357
2025-04-24 00:40:04.968 162881 DEBUG oslo_service.service [req-2a7f56c4-f988-42c2-b7ac-c565ed609a67 - - - - -] api_database.mysql_enable_ndb  = False log_opt_values /usr/lib/python3/dist-packages/oslo_config/cfg.py:2609
2025-04-24 00:40:04.968 163266 DEBUG nova.service [req-54489d31-ec59-4fc9-81a3-10c7e80db1a6 - - - - -] Join ServiceGroup membership for this service conductor start /usr/lib/python3/dist-packages/nova/service.py:199
2025-04-24 00:40:04.968 162881 DEBUG oslo_service.service [req-2a7f56c4-f988-42c2-b7ac-c565ed609a67 - - - - -] api_database.mysql_sql_mode    = TRADITIONAL log_opt_values /usr/lib/python3/dist-packages/oslo_config/cfg.py:2609
2025-04-24 00:40:04.968 162881 DEBUG oslo_service.service [req-2a7f56c4-f988-42c2-b7ac-c565ed609a67 - - - - -] api_database.pool_timeout      = None log_opt_values /usr/lib/python3/dist-packages/oslo_config/cfg.py:2609
2025-04-24 00:40:04.968 163266 DEBUG nova.servicegroup.drivers.db [req-54489d31-ec59-4fc9-81a3-10c7e80db1a6 - - - - -] DB_Driver: join new ServiceGroup member juju-f5c0ff-0-lxd-7 to the conductor group, service = <Service: host=juju-f5c0ff-0-lxd-7, binary=nova-conductor, manager_class_name=nova.conductor.manager.ConductorManager> join /usr/lib/python3/dist-packages/nova/servicegroup/drivers/db.py:44
2025-04-24 00:40:04.969 162881 DEBUG oslo_service.service [req-2a7f56c4-f988-42c2-b7ac-c565ed609a67 - - - - -] api_database.retry_interval    = 10 log_opt_values /usr/lib/python3/dist-packages/oslo_config/cfg.py:2609
2025-04-24 00:40:04.969 163264 DEBUG nova.service [req-250897f5-04e3-4b36-b5d5-0562ad252983 - - - - -] Join ServiceGroup membership for this service conductor start /usr/lib/python3/dist-packages/nova/service.py:199
2025-04-24 00:40:04.969 162881 DEBUG oslo_service.service [req-2a7f56c4-f988-42c2-b7ac-c565ed609a67 - - - - -] api_database.slave_connection  = **** log_opt_values /usr/lib/python3/dist-packages/oslo_config/cfg.py:2609
2025-04-24 00:40:04.969 162881 DEBUG oslo_service.service [req-2a7f56c4-f988-42c2-b7ac-c565ed609a67 - - - - -] api_database.sqlite_synchronous = True log_opt_values /usr/lib/python3/dist-packages/oslo_config/cfg.py:2609
2025-04-24 00:40:04.969 163264 DEBUG nova.servicegroup.drivers.db [req-250897f5-04e3-4b36-b5d5-0562ad252983 - - - - -] DB_Driver: join new ServiceGroup member juju-f5c0ff-0-lxd-7 to the conductor group, service = <Service: host=juju-f5c0ff-0-lxd-7, binary=nova-conductor, manager_class_name=nova.conductor.manager.ConductorManager> join /usr/lib/python3/dist-packages/nova/servicegroup/drivers/db.py:44
2025-04-24 00:40:04.969 162881 DEBUG oslo_service.service [req-2a7f56c4-f988-42c2-b7ac-c565ed609a67 - - - - -] devices.enabled_mdev_types     = [] log_opt_values /usr/lib/python3/dist-packages/oslo_config/cfg.py:2609
2025-04-24 00:40:04.970 162881 DEBUG oslo_service.service [req-2a7f56c4-f988-42c2-b7ac-c565ed609a67 - - - - -] ephemeral_storage_encryption.cipher = aes-xts-plain64 log_opt_values /usr/lib/python3/dist-packages/oslo_config/cfg.py:2609
2025-04-24 00:40:04.970 162881 DEBUG oslo_service.service [req-2a7f56c4-f988-42c2-b7ac-c565ed609a67 - - - - -] ephemeral_storage_encryption.enabled = False log_opt_values /usr/lib/python3/dist-packages/oslo_config/cfg.py:2609
2025-04-24 00:40:04.970 162881 DEBUG oslo_service.service [req-2a7f56c4-f988-42c2-b7ac-c565ed609a67 - - - - -] ephemeral_storage_encryption.key_size = 512 log_opt_values /usr/lib/python3/dist-packages/oslo_config/cfg.py:2609
2025-04-24 00:40:04.970 162881 WARNING oslo_config.cfg [req-2a7f56c4-f988-42c2-b7ac-c565ed609a67 - - - - -] Deprecated: Option "api_servers" from group "glance" is deprecated for removal (
Support for image service configuration via standard keystoneauth1 Adapter
options was added in the 17.0.0 Queens release. The api_servers option was
retained temporarily to allow consumers time to cut over to a real load
balancing solution.
).  Its value may be silently ignored in the future.
2025-04-24 00:40:04.971 163266 DEBUG oslo_messaging._drivers.amqpdriver [-] AMQPListener connection timeout poll /usr/lib/python3/dist-packages/oslo_messaging/_drivers/amqpdriver.py:360
2025-04-24 00:40:04.971 163266 DEBUG oslo_messaging._drivers.amqpdriver [-] Listener is running poll /usr/lib/python3/dist-packages/oslo_messaging/_drivers/amqpdriver.py:343
2025-04-24 00:40:04.971 162881 DEBUG oslo_service.service [req-2a7f56c4-f988-42c2-b7ac-c565ed609a67 - - - - -] glance.api_servers             = ['http://252.241.7.8:9292'] log_opt_values /usr/lib/python3/dist-packages/oslo_config/cfg.py:2609
2025-04-24 00:40:04.971 163266 DEBUG oslo_messaging._drivers.amqpdriver [-] AMQPListener connection consume poll /usr/lib/python3/dist-packages/oslo_messaging/_drivers/amqpdriver.py:357
2025-04-24 00:40:04.971 162881 DEBUG oslo_service.service [req-2a7f56c4-f988-42c2-b7ac-c565ed609a67 - - - - -] glance.cafile                  = None log_opt_values /usr/lib/python3/dist-packages/oslo_config/cfg.py:2609
2025-04-24 00:40:04.971 162881 DEBUG oslo_service.service [req-2a7f56c4-f988-42c2-b7ac-c565ed609a67 - - - - -] glance.certfile                = None log_opt_values /usr/lib/python3/dist-packages/oslo_config/cfg.py:2609
2025-04-24 00:40:04.971 162881 DEBUG oslo_service.service [req-2a7f56c4-f988-42c2-b7ac-c565ed609a67 - - - - -] glance.collect_timing          = False log_opt_values /usr/lib/python3/dist-packages/oslo_config/cfg.py:2609
2025-04-24 00:40:04.972 162881 DEBUG oslo_service.service [req-2a7f56c4-f988-42c2-b7ac-c565ed609a67 - - - - -] glance.connect_retries         = None log_opt_values /usr/lib/python3/dist-packages/oslo_config/cfg.py:2609
2025-04-24 00:40:04.972 162881 DEBUG oslo_service.service [req-2a7f56c4-f988-42c2-b7ac-c565ed609a67 - - - - -] glance.connect_retry_delay     = None log_opt_values /usr/lib/python3/dist-packages/oslo_config/cfg.py:2609
2025-04-24 00:40:04.972 163264 DEBUG oslo_messaging._drivers.amqpdriver [-] AMQPListener connection timeout poll /usr/lib/python3/dist-packages/oslo_messaging/_drivers/amqpdriver.py:360
2025-04-24 00:40:04.972 163264 DEBUG oslo_messaging._drivers.amqpdriver [-] Listener is running poll /usr/lib/python3/dist-packages/oslo_messaging/_drivers/amqpdriver.py:343
2025-04-24 00:40:04.972 162881 DEBUG oslo_service.service [req-2a7f56c4-f988-42c2-b7ac-c565ed609a67 - - - - -] glance.debug                   = False log_opt_values /usr/lib/python3/dist-packages/oslo_config/cfg.py:2609
2025-04-24 00:40:04.972 163264 DEBUG oslo_messaging._drivers.amqpdriver [-] AMQPListener connection consume poll /usr/lib/python3/dist-packages/oslo_messaging/_drivers/amqpdriver.py:357
2025-04-24 00:40:04.972 162881 DEBUG oslo_service.service [req-2a7f56c4-f988-42c2-b7ac-c565ed609a67 - - - - -] glance.default_trusted_certificate_ids = [] log_opt_values /usr/lib/python3/dist-packages/oslo_config/cfg.py:2609
2025-04-24 00:40:04.972 162881 DEBUG oslo_service.service [req-2a7f56c4-f988-42c2-b7ac-c565ed609a67 - - - - -] glance.enable_certificate_validation = False log_opt_values /usr/lib/python3/dist-packages/oslo_config/cfg.py:2609
2025-04-24 00:40:04.973 162881 DEBUG oslo_service.service [req-2a7f56c4-f988-42c2-b7ac-c565ed609a67 - - - - -] glance.enable_rbd_download     = False log_opt_values /usr/lib/python3/dist-packages/oslo_config/cfg.py:2609
2025-04-24 00:40:04.973 162881 DEBUG oslo_service.service [req-2a7f56c4-f988-42c2-b7ac-c565ed609a67 - - - - -] glance.endpoint_override       = None log_opt_values /usr/lib/python3/dist-packages/oslo_config/cfg.py:2609
2025-04-24 00:40:04.973 162881 DEBUG oslo_service.service [req-2a7f56c4-f988-42c2-b7ac-c565ed609a67 - - - - -] glance.insecure                = False log_opt_values /usr/lib/python3/dist-packages/oslo_config/cfg.py:2609
2025-04-24 00:40:04.973 162881 DEBUG oslo_service.service [req-2a7f56c4-f988-42c2-b7ac-c565ed609a67 - - - - -] glance.keyfile                 = None log_opt_values /usr/lib/python3/dist-packages/oslo_config/cfg.py:2609
2025-04-24 00:40:04.973 162881 DEBUG oslo_service.service [req-2a7f56c4-f988-42c2-b7ac-c565ed609a67 - - - - -] glance.max_version             = None log_opt_values /usr/lib/python3/dist-packages/oslo_config/cfg.py:2609
2025-04-24 00:40:04.973 162881 DEBUG oslo_service.service [req-2a7f56c4-f988-42c2-b7ac-c565ed609a67 - - - - -] glance.min_version             = None log_opt_values /usr/lib/python3/dist-packages/oslo_config/cfg.py:2609
2025-04-24 00:40:04.973 162881 DEBUG oslo_service.service [req-2a7f56c4-f988-42c2-b7ac-c565ed609a67 - - - - -] glance.num_retries             = 3 log_opt_values /usr/lib/python3/dist-packages/oslo_config/cfg.py:2609
2025-04-24 00:40:04.974 162881 DEBUG oslo_service.service [req-2a7f56c4-f988-42c2-b7ac-c565ed609a67 - - - - -] glance.rbd_ceph_conf           =  log_opt_values /usr/lib/python3/dist-packages/oslo_config/cfg.py:2609
2025-04-24 00:40:04.974 162881 DEBUG oslo_service.service [req-2a7f56c4-f988-42c2-b7ac-c565ed609a67 - - - - -] glance.rbd_connect_timeout     = 5 log_opt_values /usr/lib/python3/dist-packages/oslo_config/cfg.py:2609
2025-04-24 00:40:04.974 162881 DEBUG oslo_service.service [req-2a7f56c4-f988-42c2-b7ac-c565ed609a67 - - - - -] glance.rbd_pool                =  log_opt_values /usr/lib/python3/dist-packages/oslo_config/cfg.py:2609
2025-04-24 00:40:04.974 162881 DEBUG oslo_service.service [req-2a7f56c4-f988-42c2-b7ac-c565ed609a67 - - - - -] glance.rbd_user                =  log_opt_values /usr/lib/python3/dist-packages/oslo_config/cfg.py:2609
2025-04-24 00:40:04.974 162881 DEBUG oslo_service.service [req-2a7f56c4-f988-42c2-b7ac-c565ed609a67 - - - - -] glance.region_name             = None log_opt_values /usr/lib/python3/dist-packages/oslo_config/cfg.py:2609
2025-04-24 00:40:04.974 162881 DEBUG oslo_service.service [req-2a7f56c4-f988-42c2-b7ac-c565ed609a67 - - - - -] glance.service_name            = None log_opt_values /usr/lib/python3/dist-packages/oslo_config/cfg.py:2609
2025-04-24 00:40:04.975 162881 DEBUG oslo_service.service [req-2a7f56c4-f988-42c2-b7ac-c565ed609a67 - - - - -] glance.service_type            = image log_opt_values /usr/lib/python3/dist-packages/oslo_config/cfg.py:2609
2025-04-24 00:40:04.975 162881 DEBUG oslo_service.service [req-2a7f56c4-f988-42c2-b7ac-c565ed609a67 - - - - -] glance.split_loggers           = False log_opt_values /usr/lib/python3/dist-packages/oslo_config/cfg.py:2609
2025-04-24 00:40:04.975 162881 DEBUG oslo_service.service [req-2a7f56c4-f988-42c2-b7ac-c565ed609a67 - - - - -] glance.status_code_retries     = None log_opt_values /usr/lib/python3/dist-packages/oslo_config/cfg.py:2609
2025-04-24 00:40:04.975 162881 DEBUG oslo_service.service [req-2a7f56c4-f988-42c2-b7ac-c565ed609a67 - - - - -] glance.status_code_retry_delay = None log_opt_values /usr/lib/python3/dist-packages/oslo_config/cfg.py:2609
2025-04-24 00:40:04.975 162881 DEBUG oslo_service.service [req-2a7f56c4-f988-42c2-b7ac-c565ed609a67 - - - - -] glance.timeout                 = None log_opt_values /usr/lib/python3/dist-packages/oslo_config/cfg.py:2609
2025-04-24 00:40:04.976 162881 DEBUG oslo_service.service [req-2a7f56c4-f988-42c2-b7ac-c565ed609a67 - - - - -] glance.valid_interfaces        = ['internal', 'public'] log_opt_values /usr/lib/python3/dist-packages/oslo_config/cfg.py:2609
2025-04-24 00:40:04.976 162881 DEBUG oslo_service.service [req-2a7f56c4-f988-42c2-b7ac-c565ed609a67 - - - - -] glance.verify_glance_signatures = False log_opt_values /usr/lib/python3/dist-packages/oslo_config/cfg.py:2609
2025-04-24 00:40:04.976 162881 DEBUG oslo_service.service [req-2a7f56c4-f988-42c2-b7ac-c565ed609a67 - - - - -] glance.version                 = None log_opt_values /usr/lib/python3/dist-packages/oslo_config/cfg.py:2609
