2025-04-24 01:39:50.395 62691 DEBUG oslo_service.service [-] paste_deploy.api_paste_config = /etc/heat/api-paste.ini log_opt_values /usr/lib/python3/dist-packages/oslo_config/cfg.py:2609
2025-04-24 01:39:50.395 62691 DEBUG oslo_service.service [-] paste_deploy.flavor = None log_opt_values /usr/lib/python3/dist-packages/oslo_config/cfg.py:2609
2025-04-24 01:39:50.395 62691 DEBUG oslo_service.service [-] auth_password.allowed_auth_uris = [] log_opt_values /usr/lib/python3/dist-packages/oslo_config/cfg.py:2609
2025-04-24 01:39:50.395 62691 DEBUG oslo_service.service [-] auth_password.multi_cloud = False log_opt_values /usr/lib/python3/dist-packages/oslo_config/cfg.py:2609
2025-04-24 01:39:50.395 62691 DEBUG oslo_service.service [-] revision.heat_revision = unknown log_opt_values /usr/lib/python3/dist-packages/oslo_config/cfg.py:2609
2025-04-24 01:39:50.395 62691 DEBUG oslo_service.service [-] volumes.backups_enabled = True log_opt_values /usr/lib/python3/dist-packages/oslo_config/cfg.py:2609
2025-04-24 01:39:50.396 62691 DEBUG oslo_service.service [-] noauth.token_response = log_opt_values /usr/lib/python3/dist-packages/oslo_config/cfg.py:2609
2025-04-24 01:39:50.396 62691 DEBUG oslo_service.service [-] clients.ca_file = None log_opt_values /usr/lib/python3/dist-packages/oslo_config/cfg.py:2609
2025-04-24 01:39:50.396 62691 DEBUG oslo_service.service [-] clients.cert_file = None log_opt_values /usr/lib/python3/dist-packages/oslo_config/cfg.py:2609
2025-04-24 01:39:50.396 62691 DEBUG oslo_service.service [-] clients.endpoint_type = publicURL log_opt_values /usr/lib/python3/dist-packages/oslo_config/cfg.py:2609
2025-04-24 01:39:50.396 62691 DEBUG oslo_service.service [-] clients.insecure = False log_opt_values /usr/lib/python3/dist-packages/oslo_config/cfg.py:2609
2025-04-24 01:39:50.396 62691 DEBUG oslo_service.service [-] clients.key_file = None log_opt_values /usr/lib/python3/dist-packages/oslo_config/cfg.py:2609
2025-04-24 01:39:50.396 62691 DEBUG oslo_service.service [-] clients_aodh.ca_file = None log_opt_values /usr/lib/python3/dist-packages/oslo_config/cfg.py:2609
2025-04-24 01:39:50.396 62691 DEBUG oslo_service.service [-] clients_aodh.cert_file = None log_opt_values /usr/lib/python3/dist-packages/oslo_config/cfg.py:2609
2025-04-24 01:39:50.396 62691 DEBUG oslo_service.service [-] clients_aodh.endpoint_type = None log_opt_values /usr/lib/python3/dist-packages/oslo_config/cfg.py:2609
2025-04-24 01:39:50.397 62691 DEBUG oslo_service.service [-] clients_aodh.insecure = None log_opt_values /usr/lib/python3/dist-packages/oslo_config/cfg.py:2609
2025-04-24 01:39:50.397 62691 DEBUG oslo_service.service [-] clients_aodh.key_file = None log_opt_values /usr/lib/python3/dist-packages/oslo_config/cfg.py:2609
2025-04-24 01:39:50.397 62691 DEBUG oslo_service.service [-] clients_barbican.ca_file = None log_opt_values /usr/lib/python3/dist-packages/oslo_config/cfg.py:2609
2025-04-24 01:39:50.397 62691 DEBUG oslo_service.service [-] clients_barbican.cert_file = None log_opt_values /usr/lib/python3/dist-packages/oslo_config/cfg.py:2609
2025-04-24 01:39:50.397 62691 DEBUG oslo_service.service [-] clients_barbican.endpoint_type = None log_opt_values /usr/lib/python3/dist-packages/oslo_config/cfg.py:2609
2025-04-24 01:39:50.397 62691 DEBUG oslo_service.service [-] clients_barbican.insecure = None log_opt_values /usr/lib/python3/dist-packages/oslo_config/cfg.py:2609
2025-04-24 01:39:50.397 62691 DEBUG oslo_service.service [-] clients_barbican.key_file = None log_opt_values /usr/lib/python3/dist-packages/oslo_config/cfg.py:2609
2025-04-24 01:39:50.397 62691 DEBUG oslo_service.service [-] clients_cinder.ca_file = None log_opt_values /usr/lib/python3/dist-packages/oslo_config/cfg.py:2609
2025-04-24 01:39:50.397 62691 DEBUG oslo_service.service [-] clients_cinder.cert_file = None log_opt_values /usr/lib/python3/dist-packages/oslo_config/cfg.py:2609
2025-04-24 01:39:50.398 62691 DEBUG oslo_service.service [-] clients_cinder.endpoint_type = None log_opt_values /usr/lib/python3/dist-packages/oslo_config/cfg.py:2609
2025-04-24 01:39:50.398 62691 DEBUG oslo_service.service [-] clients_cinder.http_log_debug = False log_opt_values /usr/lib/python3/dist-packages/oslo_config/cfg.py:2609
2025-04-24 01:39:50.398 62691 DEBUG oslo_service.service [-] clients_cinder.insecure = None log_opt_values /usr/lib/python3/dist-packages/oslo_config/cfg.py:2609
2025-04-24 01:39:50.398 62691 DEBUG oslo_service.service [-] clients_cinder.key_file = None log_opt_values /usr/lib/python3/dist-packages/oslo_config/cfg.py:2609
2025-04-24 01:39:50.398 62691 DEBUG oslo_service.service [-] clients_designate.ca_file = None log_opt_values /usr/lib/python3/dist-packages/oslo_config/cfg.py:2609
2025-04-24 01:39:50.398 62691 DEBUG oslo_service.service [-] clients_designate.cert_file = None log_opt_values /usr/lib/python3/dist-packages/oslo_config/cfg.py:2609
2025-04-24 01:39:50.398 62691 DEBUG oslo_service.service [-] clients_designate.endpoint_type = None log_opt_values /usr/lib/python3/dist-packages/oslo_config/cfg.py:2609
2025-04-24 01:39:50.398 62691 DEBUG oslo_service.service [-] clients_designate.insecure = None log_opt_values /usr/lib/python3/dist-packages/oslo_config/cfg.py:2609
2025-04-24 01:39:50.398 62691 DEBUG oslo_service.service [-] clients_designate.key_file = None log_opt_values /usr/lib/python3/dist-packages/oslo_config/cfg.py:2609
2025-04-24 01:39:50.398 62691 DEBUG oslo_service.service [-] clients_glance.ca_file = None log_opt_values /usr/lib/python3/dist-packages/oslo_config/cfg.py:2609
2025-04-24 01:39:50.399 62691 DEBUG oslo_service.service [-] clients_glance.cert_file = None log_opt_values /usr/lib/python3/dist-packages/oslo_config/cfg.py:2609
2025-04-24 01:39:50.399 62691 DEBUG oslo_service.service [-] clients_glance.endpoint_type = None log_opt_values /usr/lib/python3/dist-packages/oslo_config/cfg.py:2609
2025-04-24 01:39:50.399 62691 DEBUG oslo_service.service [-] clients_glance.insecure = None log_opt_values /usr/lib/python3/dist-packages/oslo_config/cfg.py:2609
2025-04-24 01:39:50.399 62691 DEBUG oslo_service.service [-] clients_glance.key_file = None log_opt_values /usr/lib/python3/dist-packages/oslo_config/cfg.py:2609
2025-04-24 01:39:50.399 62691 DEBUG oslo_service.service [-] clients_heat.ca_file = None log_opt_values /usr/lib/python3/dist-packages/oslo_config/cfg.py:2609
2025-04-24 01:39:50.399 62691 DEBUG oslo_service.service [-] clients_heat.cert_file = None log_opt_values /usr/lib/python3/dist-packages/oslo_config/cfg.py:2609
2025-04-24 01:39:50.399 62691 DEBUG oslo_service.service [-] clients_heat.endpoint_type = None log_opt_values /usr/lib/python3/dist-packages/oslo_config/cfg.py:2609
2025-04-24 01:39:50.399 62691 DEBUG oslo_service.service [-] clients_heat.insecure = None log_opt_values /usr/lib/python3/dist-packages/oslo_config/cfg.py:2609
2025-04-24 01:39:50.399 62691 DEBUG oslo_service.service [-] clients_heat.key_file = None log_opt_values /usr/lib/python3/dist-packages/oslo_config/cfg.py:2609
2025-04-24 01:39:50.399 62691 DEBUG oslo_service.service [-] clients_heat.url = log_opt_values /usr/lib/python3/dist-packages/oslo_config/cfg.py:2609
2025-04-24 01:39:50.400 62691 DEBUG oslo_service.service [-] clients_keystone.auth_uri = http://252.241.234.135:5050 log_opt_values /usr/lib/python3/dist-packages/oslo_config/cfg.py:2609
2025-04-24 01:39:50.400 62691 DEBUG oslo_service.service [-] clients_keystone.ca_file = None log_opt_values /usr/lib/python3/dist-packages/oslo_config/cfg.py:2609
2025-04-24 01:39:50.400 62691 DEBUG oslo_service.service [-] clients_keystone.cert_file = None log_opt_values /usr/lib/python3/dist-packages/oslo_config/cfg.py:2609
2025-04-24 01:39:50.400 62691 DEBUG oslo_service.service [-] clients_keystone.endpoint_type = None log_opt_values /usr/lib/python3/dist-packages/oslo_config/cfg.py:2609
2025-04-24 01:39:50.400 62691 DEBUG oslo_service.service [-] clients_keystone.insecure = None log_opt_values /usr/lib/python3/dist-packages/oslo_config/cfg.py:2609
2025-04-24 01:39:50.400 62691 DEBUG oslo_service.service [-] clients_keystone.key_file = None log_opt_values /usr/lib/python3/dist-packages/oslo_config/cfg.py:2609
2025-04-24 01:39:50.400 62691 DEBUG oslo_service.service [-] clients_magnum.ca_file = None log_opt_values /usr/lib/python3/dist-packages/oslo_config/cfg.py:2609
2025-04-24 01:39:50.400 62691 DEBUG oslo_service.service [-] clients_magnum.cert_file = None log_opt_values /usr/lib/python3/dist-packages/oslo_config/cfg.py:2609
2025-04-24 01:39:50.400 62691 DEBUG oslo_service.service [-] clients_magnum.endpoint_type = None log_opt_values /usr/lib/python3/dist-packages/oslo_config/cfg.py:2609
2025-04-24 01:39:50.401 62691 DEBUG oslo_service.service [-] clients_magnum.insecure = None log_opt_values /usr/lib/python3/dist-packages/oslo_config/cfg.py:2609
2025-04-24 01:39:50.401 62691 DEBUG oslo_service.service [-] clients_magnum.key_file = None log_opt_values /usr/lib/python3/dist-packages/oslo_config/cfg.py:2609
2025-04-24 01:39:50.401 62691 DEBUG oslo_service.service [-] clients_manila.ca_file = None log_opt_values /usr/lib/python3/dist-packages/oslo_config/cfg.py:2609
2025-04-24 01:39:50.401 62691 DEBUG oslo_service.service [-] clients_manila.cert_file = None log_opt_values /usr/lib/python3/dist-packages/oslo_config/cfg.py:2609
2025-04-24 01:39:50.401 62691 DEBUG oslo_service.service [-] clients_manila.endpoint_type = None log_opt_values /usr/lib/python3/dist-packages/oslo_config/cfg.py:2609
2025-04-24 01:39:50.401 62691 DEBUG oslo_service.service [-] clients_manila.insecure = None log_opt_values /usr/lib/python3/dist-packages/oslo_config/cfg.py:2609
2025-04-24 01:39:50.401 62691 DEBUG oslo_service.service [-] clients_manila.key_file = None log_opt_values /usr/lib/python3/dist-packages/oslo_config/cfg.py:2609
2025-04-24 01:39:50.401 62691 DEBUG oslo_service.service [-] clients_mistral.ca_file = None log_opt_values /usr/lib/python3/dist-packages/oslo_config/cfg.py:2609
2025-04-24 01:39:50.401 62691 DEBUG oslo_service.service [-] clients_mistral.cert_file = None log_opt_values /usr/lib/python3/dist-packages/oslo_config/cfg.py:2609
2025-04-24 01:39:50.401 62691 DEBUG oslo_service.service [-] clients_mistral.endpoint_type = None log_opt_values /usr/lib/python3/dist-packages/oslo_config/cfg.py:2609
2025-04-24 01:39:50.402 62691 DEBUG oslo_service.service [-] clients_mistral.insecure = None log_opt_values /usr/lib/python3/dist-packages/oslo_config/cfg.py:2609
2025-04-24 01:39:50.402 62691 DEBUG oslo_service.service [-] clients_mistral.key_file = None log_opt_values /usr/lib/python3/dist-packages/oslo_config/cfg.py:2609
2025-04-24 01:39:50.402 62691 DEBUG oslo_service.service [-] clients_monasca.ca_file = None log_opt_values /usr/lib/python3/dist-packages/oslo_config/cfg.py:2609
2025-04-24 01:39:50.402 62691 DEBUG oslo_service.service [-] clients_monasca.cert_file = None log_opt_values /usr/lib/python3/dist-packages/oslo_config/cfg.py:2609
2025-04-24 01:39:50.402 62691 DEBUG oslo_service.service [-] clients_monasca.endpoint_type = None log_opt_values /usr/lib/python3/dist-packages/oslo_config/cfg.py:2609
2025-04-24 01:39:50.402 62691 DEBUG oslo_service.service [-] clients_monasca.insecure = None log_opt_values /usr/lib/python3/dist-packages/oslo_config/cfg.py:2609
2025-04-24 01:39:50.402 62691 DEBUG oslo_service.service [-] clients_monasca.key_file = None log_opt_values /usr/lib/python3/dist-packages/oslo_config/cfg.py:2609
2025-04-24 01:39:50.402 62691 DEBUG oslo_service.service [-] clients_neutron.ca_file = None log_opt_values /usr/lib/python3/dist-packages/oslo_config/cfg.py:2609
2025-04-24 01:39:50.402 62691 DEBUG oslo_service.service [-] clients_neutron.cert_file = None log_opt_values /usr/lib/python3/dist-packages/oslo_config/cfg.py:2609
2025-04-24 01:39:50.403 62691 DEBUG oslo_service.service [-] clients_neutron.endpoint_type = None log_opt_values /usr/lib/python3/dist-packages/oslo_config/cfg.py:2609
2025-04-24 01:39:50.403 62691 DEBUG oslo_service.service [-] clients_neutron.insecure = None log_opt_values /usr/lib/python3/dist-packages/oslo_config/cfg.py:2609
2025-04-24 01:39:50.403 62691 DEBUG oslo_service.service [-] clients_neutron.key_file = None log_opt_values /usr/lib/python3/dist-packages/oslo_config/cfg.py:2609
2025-04-24 01:39:50.403 62691 DEBUG oslo_service.service [-] clients_nova.ca_file = None log_opt_values /usr/lib/python3/dist-packages/oslo_config/cfg.py:2609
2025-04-24 01:39:50.403 62691 DEBUG oslo_service.service [-] clients_nova.cert_file = None log_opt_values /usr/lib/python3/dist-packages/oslo_config/cfg.py:2609
2025-04-24 01:39:50.403 62691 DEBUG oslo_service.service [-] clients_nova.endpoint_type = None log_opt_values /usr/lib/python3/dist-packages/oslo_config/cfg.py:2609
2025-04-24 01:39:50.403 62691 DEBUG oslo_service.service [-] clients_nova.http_log_debug = False log_opt_values /usr/lib/python3/dist-packages/oslo_config/cfg.py:2609
2025-04-24 01:39:50.403 62691 DEBUG oslo_service.service [-] clients_nova.insecure = None log_opt_values /usr/lib/python3/dist-packages/oslo_config/cfg.py:2609
2025-04-24 01:39:50.403 62691 DEBUG oslo_service.service [-] clients_nova.key_file = None log_opt_values /usr/lib/python3/dist-packages/oslo_config/cfg.py:2609
2025-04-24 01:39:50.403 62691 DEBUG oslo_service.service [-] clients_octavia.ca_file = None log_opt_values /usr/lib/python3/dist-packages/oslo_config/cfg.py:2609
2025-04-24 01:39:50.404 62691 DEBUG oslo_service.service [-] clients_octavia.cert_file = None log_opt_values /usr/lib/python3/dist-packages/oslo_config/cfg.py:2609
2025-04-24 01:39:50.404 62691 DEBUG oslo_service.service [-] clients_octavia.endpoint_type = None log_opt_values /usr/lib/python3/dist-packages/oslo_config/cfg.py:2609
2025-04-24 01:39:50.404 62691 DEBUG oslo_service.service [-] clients_octavia.insecure = None log_opt_values /usr/lib/python3/dist-packages/oslo_config/cfg.py:2609
2025-04-24 01:39:50.404 62691 DEBUG oslo_service.service [-] clients_octavia.key_file = None log_opt_values /usr/lib/python3/dist-packages/oslo_config/cfg.py:2609
2025-04-24 01:39:50.404 62691 DEBUG oslo_service.service [-] clients_sahara.ca_file = None log_opt_values /usr/lib/python3/dist-packages/oslo_config/cfg.py:2609
2025-04-24 01:39:50.404 62691 DEBUG oslo_service.service [-] clients_sahara.cert_file = None log_opt_values /usr/lib/python3/dist-packages/oslo_config/cfg.py:2609
2025-04-24 01:39:50.404 62691 DEBUG oslo_service.service [-] clients_sahara.endpoint_type = None log_opt_values /usr/lib/python3/dist-packages/oslo_config/cfg.py:2609
2025-04-24 01:39:50.404 62691 DEBUG oslo_service.service [-] clients_sahara.insecure = None log_opt_values /usr/lib/python3/dist-packages/oslo_config/cfg.py:2609
2025-04-24 01:39:50.404 62691 DEBUG oslo_service.service [-] clients_sahara.key_file = None log_opt_values /usr/lib/python3/dist-packages/oslo_config/cfg.py:2609
2025-04-24 01:39:50.404 62691 DEBUG oslo_service.service [-] clients_senlin.ca_file = None log_opt_values /usr/lib/python3/dist-packages/oslo_config/cfg.py:2609
2025-04-24 01:39:50.405 62691 DEBUG oslo_service.service [-] clients_senlin.cert_file = None log_opt_values /usr/lib/python3/dist-packages/oslo_config/cfg.py:2609
2025-04-24 01:39:50.405 62691 DEBUG oslo_service.service [-] clients_senlin.endpoint_type = None log_opt_values /usr/lib/python3/dist-packages/oslo_config/cfg.py:2609
2025-04-24 01:39:50.405 62691 DEBUG oslo_service.service [-] clients_senlin.insecure = None log_opt_values /usr/lib/python3/dist-packages/oslo_config/cfg.py:2609
2025-04-24 01:39:50.405 62691 DEBUG oslo_service.service [-] clients_senlin.key_file = None log_opt_values /usr/lib/python3/dist-packages/oslo_config/cfg.py:2609
2025-04-24 01:39:50.405 62691 DEBUG oslo_service.service [-] clients_swift.ca_file = None log_opt_values /usr/lib/python3/dist-packages/oslo_config/cfg.py:2609
2025-04-24 01:39:50.405 62691 DEBUG oslo_service.service [-] clients_swift.cert_file = None log_opt_values /usr/lib/python3/dist-packages/oslo_config/cfg.py:2609
2025-04-24 01:39:50.405 62691 DEBUG oslo_service.service [-] clients_swift.endpoint_type = None log_opt_values /usr/lib/python3/dist-packages/oslo_config/cfg.py:2609
2025-04-24 01:39:50.405 62691 DEBUG oslo_service.service [-] clients_swift.insecure = None log_opt_values /usr/lib/python3/dist-packages/oslo_config/cfg.py:2609
2025-04-24 01:39:50.406 62691 DEBUG oslo_service.service [-] clients_swift.key_file = None log_opt_values /usr/lib/python3/dist-packages/oslo_config/cfg.py:2609
2025-04-24 01:39:50.406 62691 DEBUG oslo_service.service [-] clients_trove.ca_file = None log_opt_values /usr/lib/python3/dist-packages/oslo_config/cfg.py:2609
2025-04-24 01:39:50.406 62691 DEBUG oslo_service.service [-] clients_trove.cert_file = None log_opt_values /usr/lib/python3/dist-packages/oslo_config/cfg.py:2609
2025-04-24 01:39:50.407 62691 DEBUG oslo_service.service [-] clients_trove.endpoint_type = None log_opt_values /usr/lib/python3/dist-packages/oslo_config/cfg.py:2609
2025-04-24 01:39:50.407 62691 DEBUG oslo_service.service [-] clients_trove.insecure = None log_opt_values /usr/lib/python3/dist-packages/oslo_config/cfg.py:2609
2025-04-24 01:39:50.407 62691 DEBUG oslo_service.service [-] clients_trove.key_file = None log_opt_values /usr/lib/python3/dist-packages/oslo_config/cfg.py:2609
2025-04-24 01:39:50.407 62691 DEBUG oslo_service.service [-] clients_vitrage.ca_file = None log_opt_values /usr/lib/python3/dist-packages/oslo_config/cfg.py:2609
2025-04-24 01:39:50.407 62691 DEBUG oslo_service.service [-] clients_vitrage.cert_file = None log_opt_values /usr/lib/python3/dist-packages/oslo_config/cfg.py:2609
2025-04-24 01:39:50.408 62691 DEBUG oslo_service.service [-] clients_vitrage.endpoint_type = None log_opt_values /usr/lib/python3/dist-packages/oslo_config/cfg.py:2609
2025-04-24 01:39:50.408 62691 DEBUG oslo_service.service [-] clients_vitrage.insecure = None log_opt_values /usr/lib/python3/dist-packages/oslo_config/cfg.py:2609
2025-04-24 01:39:50.408 62691 DEBUG oslo_service.service [-] clients_vitrage.key_file = None log_opt_values /usr/lib/python3/dist-packages/oslo_config/cfg.py:2609
2025-04-24 01:39:50.408 62691 DEBUG oslo_service.service [-] clients_zaqar.ca_file = None log_opt_values /usr/lib/python3/dist-packages/oslo_config/cfg.py:2609
2025-04-24 01:39:50.408 62691 DEBUG oslo_service.service [-] clients_zaqar.cert_file = None log_opt_values /usr/lib/python3/dist-packages/oslo_config/cfg.py:2609
2025-04-24 01:39:50.408 62691 DEBUG oslo_service.service [-] clients_zaqar.endpoint_type = None log_opt_values /usr/lib/python3/dist-packages/oslo_config/cfg.py:2609
2025-04-24 01:39:50.409 62691 DEBUG oslo_service.service [-] clients_zaqar.insecure = None log_opt_values /usr/lib/python3/dist-packages/oslo_config/cfg.py:2609
2025-04-24 01:39:50.409 62691 DEBUG oslo_service.service [-] clients_zaqar.key_file = None log_opt_values /usr/lib/python3/dist-packages/oslo_config/cfg.py:2609
2025-04-24 01:39:50.409 62691 DEBUG oslo_service.service [-] database.backend = sqlalchemy log_opt_values /usr/lib/python3/dist-packages/oslo_config/cfg.py:2609
2025-04-24 01:39:50.409 62691 DEBUG oslo_service.service [-] database.connection = **** log_opt_values /usr/lib/python3/dist-packages/oslo_config/cfg.py:2609
2025-04-24 01:39:50.409 62691 DEBUG oslo_service.service [-] database.connection_debug = 0 log_opt_values /usr/lib/python3/dist-packages/oslo_config/cfg.py:2609
2025-04-24 01:39:50.409 62691 DEBUG oslo_service.service [-] database.connection_parameters = log_opt_values /usr/lib/python3/dist-packages/oslo_config/cfg.py:2609
2025-04-24 01:39:50.409 62691 DEBUG oslo_service.service [-] database.connection_recycle_time = 3600 log_opt_values /usr/lib/python3/dist-packages/oslo_config/cfg.py:2609
2025-04-24 01:39:50.409 62691 DEBUG oslo_service.service [-] database.connection_trace = False log_opt_values /usr/lib/python3/dist-packages/oslo_config/cfg.py:2609
2025-04-24 01:39:50.410 62691 DEBUG oslo_service.service [-] database.db_inc_retry_interval = True log_opt_values /usr/lib/python3/dist-packages/oslo_config/cfg.py:2609
2025-04-24 01:39:50.410 62691 DEBUG oslo_service.service [-] database.db_max_retries = 20 log_opt_values /usr/lib/python3/dist-packages/oslo_config/cfg.py:2609
2025-04-24 01:39:50.410 62691 DEBUG oslo_service.service [-] database.db_max_retry_interval = 10 log_opt_values /usr/lib/python3/dist-packages/oslo_config/cfg.py:2609
2025-04-24 01:39:50.410 62691 DEBUG oslo_service.service [-] database.db_retry_interval = 1 log_opt_values /usr/lib/python3/dist-packages/oslo_config/cfg.py:2609
2025-04-24 01:39:50.410 62691 DEBUG oslo_service.service [-] database.max_overflow = 50 log_opt_values /usr/lib/python3/dist-packages/oslo_config/cfg.py:2609
2025-04-24 01:39:50.411 62916 DEBUG oslo_db.sqlalchemy.engines [req-58844bb6-f25f-42f9-a31d-27fe5243f68a - - - - -] MySQL server mode set to STRICT_TRANS_TABLES,STRICT_ALL_TABLES,NO_ZERO_IN_DATE,NO_ZERO_DATE,ERROR_FOR_DIVISION_BY_ZERO,TRADITIONAL,NO_ENGINE_SUBSTITUTION _check_effective_sql_mode /usr/lib/python3/dist-packages/oslo_db/sqlalchemy/engines.py:314
2025-04-24 01:39:50.412 62691 DEBUG oslo_service.service [-] database.max_pool_size = 5 log_opt_values /usr/lib/python3/dist-packages/oslo_config/cfg.py:2609
2025-04-24 01:39:50.412 62691 DEBUG oslo_service.service [-] database.max_retries = 10 log_opt_values /usr/lib/python3/dist-packages/oslo_config/cfg.py:2609
2025-04-24 01:39:50.412 62691 DEBUG oslo_service.service [-] database.mysql_enable_ndb = False log_opt_values /usr/lib/python3/dist-packages/oslo_config/cfg.py:2609
2025-04-24 01:39:50.412 62691 DEBUG oslo_service.service [-] database.mysql_sql_mode = TRADITIONAL log_opt_values /usr/lib/python3/dist-packages/oslo_config/cfg.py:2609
2025-04-24 01:39:50.412 62691 DEBUG oslo_service.service [-] database.pool_timeout = None log_opt_values /usr/lib/python3/dist-packages/oslo_config/cfg.py:2609
2025-04-24 01:39:50.413 62691 DEBUG oslo_service.service [-] database.retry_interval = 10 log_opt_values /usr/lib/python3/dist-packages/oslo_config/cfg.py:2609
2025-04-24 01:39:50.413 62691 DEBUG oslo_service.service [-] database.slave_connection = **** log_opt_values /usr/lib/python3/dist-packages/oslo_config/cfg.py:2609
2025-04-24 01:39:50.413 62691 DEBUG oslo_service.service [-] database.sqlite_synchronous = True log_opt_values /usr/lib/python3/dist-packages/oslo_config/cfg.py:2609
2025-04-24 01:39:50.413 62691 DEBUG oslo_service.service [-] database.use_db_reconnect = False log_opt_values /usr/lib/python3/dist-packages/oslo_config/cfg.py:2609
2025-04-24 01:39:50.413 62691 DEBUG oslo_service.service [-] oslo_messaging_metrics.metrics_buffer_size = 1000 log_opt_values /usr/lib/python3/dist-packages/oslo_config/cfg.py:2609
2025-04-24 01:39:50.413 62691 DEBUG oslo_service.service [-] oslo_messaging_metrics.metrics_enabled = False log_opt_values /usr/lib/python3/dist-packages/oslo_config/cfg.py:2609
2025-04-24 01:39:50.414 62691 DEBUG oslo_service.service [-] oslo_messaging_metrics.metrics_process_name = log_opt_values /usr/lib/python3/dist-packages/oslo_config/cfg.py:2609
2025-04-24 01:39:50.414 62691 DEBUG oslo_service.service [-] oslo_messaging_metrics.metrics_socket_file = /var/tmp/metrics_collector.sock log_opt_values /usr/lib/python3/dist-packages/oslo_config/cfg.py:2609
2025-04-24 01:39:50.414 62691 DEBUG oslo_service.service [-] oslo_messaging_metrics.metrics_thread_stop_timeout = 10 log_opt_values /usr/lib/python3/dist-packages/oslo_config/cfg.py:2609
2025-04-24 01:39:50.414 62691 DEBUG oslo_service.service [-] oslo_policy.enforce_new_defaults = False log_opt_values /usr/lib/python3/dist-packages/oslo_config/cfg.py:2609
2025-04-24 01:39:50.414 62691 DEBUG oslo_service.service [-] oslo_policy.enforce_scope = False log_opt_values /usr/lib/python3/dist-packages/oslo_config/cfg.py:2609
2025-04-24 01:39:50.414 62691 DEBUG oslo_service.service [-] oslo_policy.policy_default_rule = default log_opt_values /usr/lib/python3/dist-packages/oslo_config/cfg.py:2609
2025-04-24 01:39:50.414 62691 DEBUG oslo_service.service [-] oslo_policy.policy_dirs = ['policy.d'] log_opt_values /usr/lib/python3/dist-packages/oslo_config/cfg.py:2609
2025-04-24 01:39:50.414 62691 DEBUG oslo_service.service [-] oslo_policy.policy_file = policy.yaml log_opt_values /usr/lib/python3/dist-packages/oslo_config/cfg.py:2609
2025-04-24 01:39:50.414 62691 DEBUG oslo_service.service [-] oslo_policy.remote_content_type = application/x-www-form-urlencoded log_opt_values /usr/lib/python3/dist-packages/oslo_config/cfg.py:2609
2025-04-24 01:39:50.415 62691 DEBUG oslo_service.service [-] oslo_policy.remote_ssl_ca_crt_file = None log_opt_values /usr/lib/python3/dist-packages/oslo_config/cfg.py:2609
2025-04-24 01:39:50.415 62691 DEBUG oslo_service.service [-] oslo_policy.remote_ssl_client_crt_file = None log_opt_values /usr/lib/python3/dist-packages/oslo_config/cfg.py:2609
2025-04-24 01:39:50.415 62691 DEBUG oslo_service.service [-] oslo_policy.remote_ssl_client_key_file = None log_opt_values /usr/lib/python3/dist-packages/oslo_config/cfg.py:2609
2025-04-24 01:39:50.415 62691 DEBUG oslo_service.service [-] oslo_policy.remote_ssl_verify_server_crt = False log_opt_values /usr/lib/python3/dist-packages/oslo_config/cfg.py:2609
2025-04-24 01:39:50.415 62691 DEBUG oslo_service.service [-] trustee.auth_section = None log_opt_values /usr/lib/python3/dist-packages/oslo_config/cfg.py:2609
2025-04-24 01:39:50.416 62691 WARNING oslo_config.cfg [-] Deprecated: Option "auth_plugin" from group "trustee" is deprecated. Use option "auth_type" from group "trustee".
2025-04-24 01:39:50.416 62691 DEBUG oslo_service.service [-] trustee.auth_type = password log_opt_values /usr/lib/python3/dist-packages/oslo_config/cfg.py:2609
2025-04-24 01:39:50.416 62691 DEBUG oslo_service.service [-] oslo_versionedobjects.fatal_exception_format_errors = False log_opt_values /usr/lib/python3/dist-packages/oslo_config/cfg.py:2609
2025-04-24 01:39:50.416 62691 DEBUG oslo_service.service [-] oslo_messaging_rabbit.amqp_auto_delete = False log_opt_values /usr/lib/python3/dist-packages/oslo_config/cfg.py:2609
2025-04-24 01:39:50.416 62691 DEBUG oslo_service.service [-] oslo_messaging_rabbit.amqp_durable_queues = False log_opt_values /usr/lib/python3/dist-packages/oslo_config/cfg.py:2609
2025-04-24 01:39:50.417 62691 DEBUG oslo_service.service [-] oslo_messaging_rabbit.conn_pool_min_size = 2 log_opt_values /usr/lib/python3/dist-packages/oslo_config/cfg.py:2609
2025-04-24 01:39:50.417 62691 DEBUG oslo_service.service [-] oslo_messaging_rabbit.conn_pool_ttl = 1200 log_opt_values /usr/lib/python3/dist-packages/oslo_config/cfg.py:2609
2025-04-24 01:39:50.417 62691 DEBUG oslo_service.service [-] oslo_messaging_rabbit.direct_mandatory_flag = True log_opt_values /usr/lib/python3/dist-packages/oslo_config/cfg.py:2609
2025-04-24 01:39:50.418 62691 DEBUG oslo_service.service [-] oslo_messaging_rabbit.enable_cancel_on_failover = False log_opt_values /usr/lib/python3/dist-packages/oslo_config/cfg.py:2609
2025-04-24 01:39:50.418 62691 DEBUG oslo_service.service [-] oslo_messaging_rabbit.heartbeat_in_pthread = False log_opt_values /usr/lib/python3/dist-packages/oslo_config/cfg.py:2609
2025-04-24 01:39:50.418 62691 DEBUG oslo_service.service [-] oslo_messaging_rabbit.heartbeat_rate = 2 log_opt_values /usr/lib/python3/dist-packages/oslo_config/cfg.py:2609
2025-04-24 01:39:50.418 62691 DEBUG oslo_service.service [-] oslo_messaging_rabbit.heartbeat_timeout_threshold = 60 log_opt_values /usr/lib/python3/dist-packages/oslo_config/cfg.py:2609
2025-04-24 01:39:50.418 62691 DEBUG oslo_service.service [-] oslo_messaging_rabbit.kombu_compression = None log_opt_values /usr/lib/python3/dist-packages/oslo_config/cfg.py:2609
2025-04-24 01:39:50.418 62691 DEBUG oslo_service.service [-] oslo_messaging_rabbit.kombu_failover_strategy = round-robin log_opt_values /usr/lib/python3/dist-packages/oslo_config/cfg.py:2609
2025-04-24 01:39:50.418 62691 DEBUG oslo_service.service [-] oslo_messaging_rabbit.kombu_missing_consumer_retry_timeout = 60 log_opt_values /usr/lib/python3/dist-packages/oslo_config/cfg.py:2609
2025-04-24 01:39:50.418 62691 DEBUG oslo_service.service [-] oslo_messaging_rabbit.kombu_reconnect_delay = 1.0 log_opt_values /usr/lib/python3/dist-packages/oslo_config/cfg.py:2609
2025-04-24 01:39:50.418 62691 DEBUG oslo_service.service [-] oslo_messaging_rabbit.rabbit_ha_queues = False log_opt_values /usr/lib/python3/dist-packages/oslo_config/cfg.py:2609
2025-04-24 01:39:50.419 62691 DEBUG oslo_service.service [-] oslo_messaging_rabbit.rabbit_interval_max = 30 log_opt_values /usr/lib/python3/dist-packages/oslo_config/cfg.py:2609
2025-04-24 01:39:50.419 62691 DEBUG oslo_service.service [-] oslo_messaging_rabbit.rabbit_login_method = AMQPLAIN log_opt_values /usr/lib/python3/dist-packages/oslo_config/cfg.py:2609
2025-04-24 01:39:50.419 62691 DEBUG oslo_service.service [-] oslo_messaging_rabbit.rabbit_qos_prefetch_count = 0 log_opt_values /usr/lib/python3/dist-packages/oslo_config/cfg.py:2609
2025-04-24 01:39:50.419 62691 DEBUG oslo_service.service [-] oslo_messaging_rabbit.rabbit_quorum_queue = False log_opt_values /usr/lib/python3/dist-packages/oslo_config/cfg.py:2609
2025-04-24 01:39:50.419 62691 DEBUG oslo_service.service [-] oslo_messaging_rabbit.rabbit_retry_backoff = 2 log_opt_values /usr/lib/python3/dist-packages/oslo_config/cfg.py:2609
2025-04-24 01:39:50.419 62691 DEBUG oslo_service.service [-] oslo_messaging_rabbit.rabbit_retry_interval = 1 log_opt_values /usr/lib/python3/dist-packages/oslo_config/cfg.py:2609
2025-04-24 01:39:50.419 62691 DEBUG oslo_service.service [-] oslo_messaging_rabbit.rabbit_transient_queues_ttl = 1800 log_opt_values /usr/lib/python3/dist-packages/oslo_config/cfg.py:2609
2025-04-24 01:39:50.422 62691 DEBUG oslo_service.service [-] oslo_messaging_rabbit.rpc_conn_pool_size = 30 log_opt_values /usr/lib/python3/dist-packages/oslo_config/cfg.py:2609
2025-04-24 01:39:50.422 62691 DEBUG oslo_service.service [-] oslo_messaging_rabbit.ssl = False log_opt_values /usr/lib/python3/dist-packages/oslo_config/cfg.py:2609
2025-04-24 01:39:50.422 62691 DEBUG oslo_service.service [-] oslo_messaging_rabbit.ssl_ca_file = log_opt_values /usr/lib/python3/dist-packages/oslo_config/cfg.py:2609
2025-04-24 01:39:50.423 62691 DEBUG oslo_service.service [-] oslo_messaging_rabbit.ssl_cert_file = log_opt_values /usr/lib/python3/dist-packages/oslo_config/cfg.py:2609
2025-04-24 01:39:50.423 62691 DEBUG oslo_service.service [-] oslo_messaging_rabbit.ssl_key_file = log_opt_values /usr/lib/python3/dist-packages/oslo_config/cfg.py:2609
2025-04-24 01:39:50.423 62691 DEBUG oslo_service.service [-] oslo_messaging_rabbit.ssl_version = log_opt_values /usr/lib/python3/dist-packages/oslo_config/cfg.py:2609
2025-04-24 01:39:50.423 62691 DEBUG oslo_service.service [-] oslo_messaging_notifications.driver = [] log_opt_values /usr/lib/python3/dist-packages/oslo_config/cfg.py:2609
2025-04-24 01:39:50.423 62691 DEBUG oslo_service.service [-] oslo_messaging_notifications.retry = -1 log_opt_values /usr/lib/python3/dist-packages/oslo_config/cfg.py:2609
2025-04-24 01:39:50.423 62691 DEBUG oslo_service.service [-] oslo_messaging_notifications.topics = ['notifications'] log_opt_values /usr/lib/python3/dist-packages/oslo_config/cfg.py:2609
2025-04-24 01:39:50.424 62691 DEBUG oslo_service.service [-] oslo_messaging_notifications.transport_url = **** log_opt_values /usr/lib/python3/dist-packages/oslo_config/cfg.py:2609
2025-04-24 01:39:50.424 62691 DEBUG oslo_service.service [-] cache.backend = dogpile.cache.null log_opt_values /usr/lib/python3/dist-packages/oslo_config/cfg.py:2609
2025-04-24 01:39:50.424 62691 DEBUG oslo_service.service [-] cache.backend_argument = **** log_opt_values /usr/lib/python3/dist-packages/oslo_config/cfg.py:2609
2025-04-24 01:39:50.424 62691 DEBUG oslo_service.service [-] cache.config_prefix = cache.oslo log_opt_values /usr/lib/python3/dist-packages/oslo_config/cfg.py:2609
2025-04-24 01:39:50.424 62691 DEBUG oslo_service.service [-] cache.debug_cache_backend = False log_opt_values /usr/lib/python3/dist-packages/oslo_config/cfg.py:2609
2025-04-24 01:39:50.424 62691 DEBUG oslo_service.service [-] cache.enabled = False log_opt_values /usr/lib/python3/dist-packages/oslo_config/cfg.py:2609
2025-04-24 01:39:50.424 62691 DEBUG oslo_service.service [-] cache.expiration_time = 600 log_opt_values /usr/lib/python3/dist-packages/oslo_config/cfg.py:2609
2025-04-24 01:39:50.425 62691 DEBUG oslo_service.service [-] cache.memcache_dead_retry = 300 log_opt_values /usr/lib/python3/dist-packages/oslo_config/cfg.py:2609
2025-04-24 01:39:50.425 62691 DEBUG oslo_service.service [-] cache.memcache_pool_connection_get_timeout = 10 log_opt_values /usr/lib/python3/dist-packages/oslo_config/cfg.py:2609
2025-04-24 01:39:50.425 62691 DEBUG oslo_service.service [-] cache.memcache_pool_flush_on_reconnect = False log_opt_values /usr/lib/python3/dist-packages/oslo_config/cfg.py:2609
2025-04-24 01:39:50.425 62691 DEBUG oslo_service.service [-] cache.memcache_pool_maxsize = 10 log_opt_values /usr/lib/python3/dist-packages/oslo_config/cfg.py:2609
2025-04-24 01:39:50.425 62691 DEBUG oslo_service.service [-] cache.memcache_pool_unused_timeout = 60 log_opt_values /usr/lib/python3/dist-packages/oslo_config/cfg.py:2609
2025-04-24 01:39:50.425 62691 DEBUG oslo_service.service [-] cache.memcache_servers = ['localhost:11211'] log_opt_values /usr/lib/python3/dist-packages/oslo_config/cfg.py:2609
2025-04-24 01:39:50.425 62691 DEBUG oslo_service.service [-] cache.memcache_socket_timeout = 1.0 log_opt_values /usr/lib/python3/dist-packages/oslo_config/cfg.py:2609
2025-04-24 01:39:50.426 62691 DEBUG oslo_service.service [-] cache.proxies = [] log_opt_values /usr/lib/python3/dist-packages/oslo_config/cfg.py:2609
2025-04-24 01:39:50.426 62691 DEBUG oslo_service.service [-] cache.tls_allowed_ciphers = None log_opt_values /usr/lib/python3/dist-packages/oslo_config/cfg.py:2609
2025-04-24 01:39:50.426 62691 DEBUG oslo_service.service [-] cache.tls_cafile = None log_opt_values /usr/lib/python3/dist-packages/oslo_config/cfg.py:2609
2025-04-24 01:39:50.426 62691 DEBUG oslo_service.service [-] cache.tls_certfile = None log_opt_values /usr/lib/python3/dist-packages/oslo_config/cfg.py:2609
2025-04-24 01:39:50.426 62691 DEBUG oslo_service.service [-] cache.tls_enabled = False log_opt_values /usr/lib/python3/dist-packages/oslo_config/cfg.py:2609
2025-04-24 01:39:50.426 62691 DEBUG oslo_service.service [-] cache.tls_keyfile = None log_opt_values /usr/lib/python3/dist-packages/oslo_config/cfg.py:2609
2025-04-24 01:39:50.426 62917 DEBUG oslo_db.sqlalchemy.engines [req-4da59aeb-75d4-4c00-a2dc-6638264b52f5 - - - - -] MySQL server mode set to STRICT_TRANS_TABLES,STRICT_ALL_TABLES,NO_ZERO_IN_DATE,NO_ZERO_DATE,ERROR_FOR_DIVISION_BY_ZERO,TRADITIONAL,NO_ENGINE_SUBSTITUTION _check_effective_sql_mode /usr/lib/python3/dist-packages/oslo_db/sqlalchemy/engines.py:314
2025-04-24 01:39:50.426 62691 DEBUG oslo_service.service [-] constraint_validation_cache.caching = True log_opt_values /usr/lib/python3/dist-packages/oslo_config/cfg.py:2609
2025-04-24 01:39:50.427 62691 DEBUG oslo_service.service [-] constraint_validation_cache.expiration_time = 60 log_opt_values /usr/lib/python3/dist-packages/oslo_config/cfg.py:2609
2025-04-24 01:39:50.427 62691 DEBUG oslo_service.service [-] service_extension_cache.caching = True log_opt_values /usr/lib/python3/dist-packages/oslo_config/cfg.py:2609
2025-04-24 01:39:50.427 62691 DEBUG oslo_service.service [-] service_extension_cache.expiration_time = 3600 log_opt_values /usr/lib/python3/dist-packages/oslo_config/cfg.py:2609
2025-04-24 01:39:50.427 62691 DEBUG oslo_service.service [-] resource_finder_cache.caching = True log_opt_values /usr/lib/python3/dist-packages/oslo_config/cfg.py:2609
2025-04-24 01:39:50.427 62691 DEBUG oslo_service.service [-] resource_finder_cache.expiration_time = 3600 log_opt_values /usr/lib/python3/dist-packages/oslo_config/cfg.py:2609
2025-04-24 01:39:50.427 62691 DEBUG oslo_service.service [-] yaql.limit_iterators = 200 log_opt_values /usr/lib/python3/dist-packages/oslo_config/cfg.py:2609
2025-04-24 01:39:50.427 62691 DEBUG oslo_service.service [-] yaql.memory_quota = 10000 log_opt_values /usr/lib/python3/dist-packages/oslo_config/cfg.py:2609
2025-04-24 01:39:50.428 62691 DEBUG oslo_service.service [-] ******************************************************************************** log_opt_values /usr/lib/python3/dist-packages/oslo_config/cfg.py:2613
2025-04-24 01:39:50.428 62918 DEBUG oslo_db.sqlalchemy.engines [req-0754bfbc-c1a9-41cd-879c-89c15f931b74 - - - - -] MySQL server mode set to STRICT_TRANS_TABLES,STRICT_ALL_TABLES,NO_ZERO_IN_DATE,NO_ZERO_DATE,ERROR_FOR_DIVISION_BY_ZERO,TRADITIONAL,NO_ENGINE_SUBSTITUTION _check_effective_sql_mode /usr/lib/python3/dist-packages/oslo_db/sqlalchemy/engines.py:314
2025-04-24 01:39:50.438 62915 DEBUG oslo_db.sqlalchemy.engines [req-4bd3e377-7092-48b6-aa3a-044f0e0e3fc6 - - - - -] MySQL server mode set to STRICT_TRANS_TABLES,STRICT_ALL_TABLES,NO_ZERO_IN_DATE,NO_ZERO_DATE,ERROR_FOR_DIVISION_BY_ZERO,TRADITIONAL,NO_ENGINE_SUBSTITUTION _check_effective_sql_mode /usr/lib/python3/dist-packages/oslo_db/sqlalchemy/engines.py:314
2025-04-24 01:39:50.468 62916 DEBUG heat.engine.service [req-58844bb6-f25f-42f9-a31d-27fe5243f68a - - - - -] Service 2340b80e-e12d-48fd-8657-d15631fd1a6a was aborted service_manage_cleanup /usr/lib/python3/dist-packages/heat/engine/service.py:2391
2025-04-24 01:39:50.484 62916 DEBUG heat.engine.service [req-58844bb6-f25f-42f9-a31d-27fe5243f68a - - - - -] Service 2d57bb90-5754-4191-9cbd-45de2fd07ef4 was aborted service_manage_cleanup /usr/lib/python3/dist-packages/heat/engine/service.py:2391
2025-04-24 01:39:50.492 62918 DEBUG heat.engine.service [req-0754bfbc-c1a9-41cd-879c-89c15f931b74 - - - - -] Service 2d57bb90-5754-4191-9cbd-45de2fd07ef4 was aborted service_manage_cleanup /usr/lib/python3/dist-packages/heat/engine/service.py:2391
2025-04-24 01:39:50.494 62916 DEBUG heat.engine.service [req-58844bb6-f25f-42f9-a31d-27fe5243f68a - - - - -] Service 42d66da9-c83e-4630-970b-c74a801f1675 was aborted service_manage_cleanup /usr/lib/python3/dist-packages/heat/engine/service.py:2391
2025-04-24 01:39:50.500 62915 DEBUG heat.engine.service [req-4bd3e377-7092-48b6-aa3a-044f0e0e3fc6 - - - - -] Service 42d66da9-c83e-4630-970b-c74a801f1675 was aborted service_manage_cleanup /usr/lib/python3/dist-packages/heat/engine/service.py:2391
2025-04-24 01:39:50.502 62917 DEBUG heat.engine.service [req-4da59aeb-75d4-4c00-a2dc-6638264b52f5 - - - - -] Service 42d66da9-c83e-4630-970b-c74a801f1675 was aborted service_manage_cleanup /usr/lib/python3/dist-packages/heat/engine/service.py:2391
2025-04-24 01:39:50.510 62916 DEBUG heat.engine.service [req-58844bb6-f25f-42f9-a31d-27fe5243f68a - - - - -] Service 4f741ea1-2db2-49c5-bc07-c929ed67b63e was aborted service_manage_cleanup /usr/lib/python3/dist-packages/heat/engine/service.py:2391
2025-04-24 01:39:50.512 62918 DEBUG heat.engine.service [req-0754bfbc-c1a9-41cd-879c-89c15f931b74 - - - - -] Service 42d66da9-c83e-4630-970b-c74a801f1675 was aborted service_manage_cleanup /usr/lib/python3/dist-packages/heat/engine/service.py:2391
2025-04-24 01:39:50.517 62917 DEBUG heat.engine.service [req-4da59aeb-75d4-4c00-a2dc-6638264b52f5 - - - - -] Service 4f741ea1-2db2-49c5-bc07-c929ed67b63e was aborted service_manage_cleanup /usr/lib/python3/dist-packages/heat/engine/service.py:2391
2025-04-24 01:39:50.519 62915 DEBUG heat.engine.service [req-4bd3e377-7092-48b6-aa3a-044f0e0e3fc6 - - - - -] Service 4f741ea1-2db2-49c5-bc07-c929ed67b63e was aborted service_manage_cleanup /usr/lib/python3/dist-packages/heat/engine/service.py:2391
2025-04-24 01:39:50.520 62916 DEBUG heat.engine.service [req-58844bb6-f25f-42f9-a31d-27fe5243f68a - - - - -] Service 8f063a62-5877-479a-861e-8deeed5ba30a was aborted service_manage_cleanup /usr/lib/python3/dist-packages/heat/engine/service.py:2391
2025-04-24 01:39:50.523 62917 DEBUG heat.engine.service [req-4da59aeb-75d4-4c00-a2dc-6638264b52f5 - - - - -] Service 8f063a62-5877-479a-861e-8deeed5ba30a was aborted service_manage_cleanup /usr/lib/python3/dist-packages/heat/engine/service.py:2391
2025-04-24 01:39:50.523 62915 DEBUG heat.engine.service [req-4bd3e377-7092-48b6-aa3a-044f0e0e3fc6 - - - - -] Service 8f063a62-5877-479a-861e-8deeed5ba30a was aborted service_manage_cleanup /usr/lib/python3/dist-packages/heat/engine/service.py:2391
2025-04-24 01:39:50.528 62918 DEBUG heat.engine.service [req-0754bfbc-c1a9-41cd-879c-89c15f931b74 - - - - -] Service 4f741ea1-2db2-49c5-bc07-c929ed67b63e was aborted service_manage_cleanup /usr/lib/python3/dist-packages/heat/engine/service.py:2391
2025-04-24 01:39:50.532 62916 DEBUG heat.engine.service [req-58844bb6-f25f-42f9-a31d-27fe5243f68a - - - - -] Service 92521509-b413-4185-9eb8-3fc0cf1710b2 was aborted service_manage_cleanup /usr/lib/python3/dist-packages/heat/engine/service.py:2391
2025-04-24 01:39:50.533 62917 DEBUG heat.engine.service [req-4da59aeb-75d4-4c00-a2dc-6638264b52f5 - - - - -] Service 92521509-b413-4185-9eb8-3fc0cf1710b2 was aborted service_manage_cleanup /usr/lib/python3/dist-packages/heat/engine/service.py:2391
2025-04-24 01:39:50.533 62915 DEBUG heat.engine.service [req-4bd3e377-7092-48b6-aa3a-044f0e0e3fc6 - - - - -] Service 92521509-b413-4185-9eb8-3fc0cf1710b2 was aborted service_manage_cleanup /usr/lib/python3/dist-packages/heat/engine/service.py:2391
2025-04-24 01:39:50.538 62918 DEBUG heat.engine.service [req-0754bfbc-c1a9-41cd-879c-89c15f931b74 - - - - -] Service 8f063a62-5877-479a-861e-8deeed5ba30a was aborted service_manage_cleanup /usr/lib/python3/dist-packages/heat/engine/service.py:2391
2025-04-24 01:39:50.542 62918 DEBUG heat.engine.service [req-0754bfbc-c1a9-41cd-879c-89c15f931b74 - - - - -] Service 92521509-b413-4185-9eb8-3fc0cf1710b2 was aborted service_manage_cleanup /usr/lib/python3/dist-packages/heat/engine/service.py:2391
2025-04-24 01:39:50.544 62916 DEBUG heat.engine.service [req-58844bb6-f25f-42f9-a31d-27fe5243f68a - - - - -] Service 97ed4132-c942-4263-a597-92ba1b22b94d was aborted service_manage_cleanup /usr/lib/python3/dist-packages/heat/engine/service.py:2391
2025-04-24 01:39:50.544 62917 DEBUG heat.engine.service [req-4da59aeb-75d4-4c00-a2dc-6638264b52f5 - - - - -] Service 97ed4132-c942-4263-a597-92ba1b22b94d was aborted service_manage_cleanup /usr/lib/python3/dist-packages/heat/engine/service.py:2391
2025-04-24 01:39:50.545 62915 DEBUG heat.engine.service [req-4bd3e377-7092-48b6-aa3a-044f0e0e3fc6 - - - - -] Service 97ed4132-c942-4263-a597-92ba1b22b94d was aborted service_manage_cleanup /usr/lib/python3/dist-packages/heat/engine/service.py:2391
2025-04-24 01:39:50.548 62918 DEBUG heat.engine.service [req-0754bfbc-c1a9-41cd-879c-89c15f931b74 - - - - -] Service 97ed4132-c942-4263-a597-92ba1b22b94d was aborted service_manage_cleanup /usr/lib/python3/dist-packages/heat/engine/service.py:2391
2025-04-24 01:39:50.553 62916 DEBUG heat.engine.service [req-58844bb6-f25f-42f9-a31d-27fe5243f68a - - - - -] Service 9a562598-e5b4-4680-b896-76f0f11cb369 was aborted service_manage_cleanup /usr/lib/python3/dist-packages/heat/engine/service.py:2391
2025-04-24 01:39:50.554 62915 DEBUG heat.engine.service [req-4bd3e377-7092-48b6-aa3a-044f0e0e3fc6 - - - - -] Service 9a562598-e5b4-4680-b896-76f0f11cb369 was aborted service_manage_cleanup /usr/lib/python3/dist-packages/heat/engine/service.py:2391
2025-04-24 01:39:50.555 62917 DEBUG heat.engine.service [req-4da59aeb-75d4-4c00-a2dc-6638264b52f5 - - - - -] Service 9a562598-e5b4-4680-b896-76f0f11cb369 was aborted service_manage_cleanup /usr/lib/python3/dist-packages/heat/engine/service.py:2391
2025-04-24 01:39:50.557 62918 DEBUG heat.engine.service [req-0754bfbc-c1a9-41cd-879c-89c15f931b74 - - - - -] Service 9a562598-e5b4-4680-b896-76f0f11cb369 was aborted service_manage_cleanup /usr/lib/python3/dist-packages/heat/engine/service.py:2391
2025-04-24 01:39:50.567 62916 DEBUG heat.engine.service [req-58844bb6-f25f-42f9-a31d-27fe5243f68a - - - - -] Service a7a9fd64-2c9c-42ff-8732-43a2706af6c2 was aborted service_manage_cleanup /usr/lib/python3/dist-packages/heat/engine/service.py:2391
2025-04-24 01:39:50.568 62917 DEBUG heat.engine.service [req-4da59aeb-75d4-4c00-a2dc-6638264b52f5 - - - - -] Service a7a9fd64-2c9c-42ff-8732-43a2706af6c2 was aborted service_manage_cleanup /usr/lib/python3/dist-packages/heat/engine/service.py:2391
2025-04-24 01:39:50.570 62918 DEBUG heat.engine.service [req-0754bfbc-c1a9-41cd-879c-89c15f931b74 - - - - -] Service a7a9fd64-2c9c-42ff-8732-43a2706af6c2 was aborted service_manage_cleanup /usr/lib/python3/dist-packages/heat/engine/service.py:2391
2025-04-24 01:39:50.576 62915 DEBUG heat.engine.service [req-4bd3e377-7092-48b6-aa3a-044f0e0e3fc6 - - - - -] Service a7a9fd64-2c9c-42ff-8732-43a2706af6c2 was aborted service_manage_cleanup /usr/lib/python3/dist-packages/heat/engine/service.py:2391
2025-04-24 01:39:50.577 62916 DEBUG heat.engine.service [req-58844bb6-f25f-42f9-a31d-27fe5243f68a - - - - -] Service b3583a08-6fed-4610-82a7-b76ed9d1f8fe was aborted service_manage_cleanup /usr/lib/python3/dist-packages/heat/engine/service.py:2391
2025-04-24 01:39:50.578 62917 DEBUG heat.engine.service [req-4da59aeb-75d4-4c00-a2dc-6638264b52f5 - - - - -] Service b3583a08-6fed-4610-82a7-b76ed9d1f8fe was aborted service_manage_cleanup /usr/lib/python3/dist-packages/heat/engine/service.py:2391
2025-04-24 01:39:50.582 62915 DEBUG heat.engine.service [req-4bd3e377-7092-48b6-aa3a-044f0e0e3fc6 - - - - -] Service b3583a08-6fed-4610-82a7-b76ed9d1f8fe was aborted service_manage_cleanup /usr/lib/python3/dist-packages/heat/engine/service.py:2391
2025-04-24 01:39:50.590 62918 DEBUG heat.engine.service [req-0754bfbc-c1a9-41cd-879c-89c15f931b74 - - - - -] Service b3583a08-6fed-4610-82a7-b76ed9d1f8fe was aborted service_manage_cleanup /usr/lib/python3/dist-packages/heat/engine/service.py:2391
2025-04-24 01:39:50.592 62916 DEBUG heat.engine.service [req-58844bb6-f25f-42f9-a31d-27fe5243f68a - - - - -] Service b56e3aa0-b4a2-476d-bda9-da62eae4fb39 was aborted service_manage_cleanup /usr/lib/python3/dist-packages/heat/engine/service.py:2391
2025-04-24 01:39:50.592 62917 DEBUG heat.engine.service [req-4da59aeb-75d4-4c00-a2dc-6638264b52f5 - - - - -] Service b56e3aa0-b4a2-476d-bda9-da62eae4fb39 was aborted service_manage_cleanup /usr/lib/python3/dist-packages/heat/engine/service.py:2391
2025-04-24 01:39:50.593 62915 DEBUG heat.engine.service [req-4bd3e377-7092-48b6-aa3a-044f0e0e3fc6 - - - - -] Service b56e3aa0-b4a2-476d-bda9-da62eae4fb39 was aborted service_manage_cleanup /usr/lib/python3/dist-packages/heat/engine/service.py:2391
2025-04-24 01:39:50.597 62918 DEBUG heat.engine.service [req-0754bfbc-c1a9-41cd-879c-89c15f931b74 - - - - -] Service b56e3aa0-b4a2-476d-bda9-da62eae4fb39 was aborted service_manage_cleanup /usr/lib/python3/dist-packages/heat/engine/service.py:2391
2025-04-24 01:39:50.605 62915 DEBUG heat.engine.service [req-4bd3e377-7092-48b6-aa3a-044f0e0e3fc6 - - - - -] Service f5c2cd87-cd5a-44af-83e1-9cd24efa3fcd was aborted service_manage_cleanup /usr/lib/python3/dist-packages/heat/engine/service.py:2391
2025-04-24 01:39:50.605 62917 DEBUG heat.engine.service [req-4da59aeb-75d4-4c00-a2dc-6638264b52f5 - - - - -] Service f5c2cd87-cd5a-44af-83e1-9cd24efa3fcd was aborted service_manage_cleanup /usr/lib/python3/dist-packages/heat/engine/service.py:2391
2025-04-24 01:39:50.606 62918 DEBUG heat.engine.service [req-0754bfbc-c1a9-41cd-879c-89c15f931b74 - - - - -] Service f5c2cd87-cd5a-44af-83e1-9cd24efa3fcd was aborted service_manage_cleanup /usr/lib/python3/dist-packages/heat/engine/service.py:2391
2025-04-24 01:39:50.612 62916 DEBUG heat.engine.service [req-58844bb6-f25f-42f9-a31d-27fe5243f68a - - - - -] Service f5c2cd87-cd5a-44af-83e1-9cd24efa3fcd was aborted service_manage_cleanup /usr/lib/python3/dist-packages/heat/engine/service.py:2391
2025-04-24 01:39:50.626 62917 DEBUG heat.engine.service [req-5bb16d08-500d-4a10-8497-5fc68ed827d6 - - - - -] Service c3d9ef11-31bd-43e3-a1f4-16cd1ee114f0 is started service_manage_report /usr/lib/python3/dist-packages/heat/engine/service.py:2363
2025-04-24 01:39:50.637 62917 DEBUG heat.engine.service [req-5bb16d08-500d-4a10-8497-5fc68ed827d6 - - - - -] Service c3d9ef11-31bd-43e3-a1f4-16cd1ee114f0 is updated service_manage_report /usr/lib/python3/dist-packages/heat/engine/service.py:2370
2025-04-24 01:39:50.657 62918 DEBUG heat.engine.service [req-d3cca5e2-4254-4596-9ae3-9df57b6782cc - - - - -] Service d7028e36-a984-4f6a-9d0b-5c21a59b369e is started service_manage_report /usr/lib/python3/dist-packages/heat/engine/service.py:2363
2025-04-24 01:39:50.662 62915 DEBUG heat.engine.service [req-4905fbc7-e76e-49b1-93ed-9edaeb1e61d6 - - - - -] Service 845d3ec5-b251-4837-bef6-266fa272eb6a is started service_manage_report /usr/lib/python3/dist-packages/heat/engine/service.py:2363
2025-04-24 01:39:50.677 62916 DEBUG heat.engine.service [req-57caf40a-2d27-4f77-81f5-0ca62ce4936c - - - - -] Service 27461cd3-5cb8-4d4d-86bc-3b3004c434a2 is started service_manage_report /usr/lib/python3/dist-packages/heat/engine/service.py:2363
2025-04-24 01:39:50.681 62918 DEBUG heat.engine.service [req-d3cca5e2-4254-4596-9ae3-9df57b6782cc - - - - -] Service d7028e36-a984-4f6a-9d0b-5c21a59b369e is updated service_manage_report /usr/lib/python3/dist-packages/heat/engine/service.py:2370
2025-04-24 01:39:50.692 62915 DEBUG heat.engine.service [req-4905fbc7-e76e-49b1-93ed-9edaeb1e61d6 - - - - -] Service 845d3ec5-b251-4837-bef6-266fa272eb6a is updated service_manage_report /usr/lib/python3/dist-packages/heat/engine/service.py:2370
2025-04-24 01:39:50.696 62916 DEBUG heat.engine.service [req-57caf40a-2d27-4f77-81f5-0ca62ce4936c - - - - -] Service 27461cd3-5cb8-4d4d-86bc-3b3004c434a2 is updated service_manage_report /usr/lib/python3/dist-packages/heat/engine/service.py:2370
