2025-04-24 00:32:47.163 35580 DEBUG oslo_service.service [-] clients_designate.cert_file = None log_opt_values /usr/lib/python3/dist-packages/oslo_config/cfg.py:2609
2025-04-24 00:32:47.163 35580 DEBUG oslo_service.service [-] clients_designate.endpoint_type = None log_opt_values /usr/lib/python3/dist-packages/oslo_config/cfg.py:2609
2025-04-24 00:32:47.164 35580 DEBUG oslo_service.service [-] clients_designate.insecure = None log_opt_values /usr/lib/python3/dist-packages/oslo_config/cfg.py:2609
2025-04-24 00:32:47.164 35580 DEBUG oslo_service.service [-] clients_designate.key_file = None log_opt_values /usr/lib/python3/dist-packages/oslo_config/cfg.py:2609
2025-04-24 00:32:47.164 35580 DEBUG oslo_service.service [-] clients_glance.ca_file = None log_opt_values /usr/lib/python3/dist-packages/oslo_config/cfg.py:2609
2025-04-24 00:32:47.164 35580 DEBUG oslo_service.service [-] clients_glance.cert_file = None log_opt_values /usr/lib/python3/dist-packages/oslo_config/cfg.py:2609
2025-04-24 00:32:47.164 35580 DEBUG oslo_service.service [-] clients_glance.endpoint_type = None log_opt_values /usr/lib/python3/dist-packages/oslo_config/cfg.py:2609
2025-04-24 00:32:47.164 35580 DEBUG oslo_service.service [-] clients_glance.insecure = None log_opt_values /usr/lib/python3/dist-packages/oslo_config/cfg.py:2609
2025-04-24 00:32:47.164 35580 DEBUG oslo_service.service [-] clients_glance.key_file = None log_opt_values /usr/lib/python3/dist-packages/oslo_config/cfg.py:2609
2025-04-24 00:32:47.165 35580 DEBUG oslo_service.service [-] clients_heat.ca_file = None log_opt_values /usr/lib/python3/dist-packages/oslo_config/cfg.py:2609
2025-04-24 00:32:47.165 35580 DEBUG oslo_service.service [-] clients_heat.cert_file = None log_opt_values /usr/lib/python3/dist-packages/oslo_config/cfg.py:2609
2025-04-24 00:32:47.165 35580 DEBUG oslo_service.service [-] clients_heat.endpoint_type = None log_opt_values /usr/lib/python3/dist-packages/oslo_config/cfg.py:2609
2025-04-24 00:32:47.165 35580 DEBUG oslo_service.service [-] clients_heat.insecure = None log_opt_values /usr/lib/python3/dist-packages/oslo_config/cfg.py:2609
2025-04-24 00:32:47.165 35580 DEBUG oslo_service.service [-] clients_heat.key_file = None log_opt_values /usr/lib/python3/dist-packages/oslo_config/cfg.py:2609
2025-04-24 00:32:47.165 35580 DEBUG oslo_service.service [-] clients_heat.url = log_opt_values /usr/lib/python3/dist-packages/oslo_config/cfg.py:2609
2025-04-24 00:32:47.165 35580 DEBUG oslo_service.service [-] clients_keystone.auth_uri = http://252.241.234.135:5050 log_opt_values /usr/lib/python3/dist-packages/oslo_config/cfg.py:2609
2025-04-24 00:32:47.165 35580 DEBUG oslo_service.service [-] clients_keystone.ca_file = None log_opt_values /usr/lib/python3/dist-packages/oslo_config/cfg.py:2609
2025-04-24 00:32:47.166 35580 DEBUG oslo_service.service [-] clients_keystone.cert_file = None log_opt_values /usr/lib/python3/dist-packages/oslo_config/cfg.py:2609
2025-04-24 00:32:47.166 35580 DEBUG oslo_service.service [-] clients_keystone.endpoint_type = None log_opt_values /usr/lib/python3/dist-packages/oslo_config/cfg.py:2609
2025-04-24 00:32:47.167 35580 DEBUG oslo_service.service [-] clients_keystone.insecure = None log_opt_values /usr/lib/python3/dist-packages/oslo_config/cfg.py:2609
2025-04-24 00:32:47.167 35580 DEBUG oslo_service.service [-] clients_keystone.key_file = None log_opt_values /usr/lib/python3/dist-packages/oslo_config/cfg.py:2609
2025-04-24 00:32:47.167 35580 DEBUG oslo_service.service [-] clients_magnum.ca_file = None log_opt_values /usr/lib/python3/dist-packages/oslo_config/cfg.py:2609
2025-04-24 00:32:47.167 35580 DEBUG oslo_service.service [-] clients_magnum.cert_file = None log_opt_values /usr/lib/python3/dist-packages/oslo_config/cfg.py:2609
2025-04-24 00:32:47.167 35580 DEBUG oslo_service.service [-] clients_magnum.endpoint_type = None log_opt_values /usr/lib/python3/dist-packages/oslo_config/cfg.py:2609
2025-04-24 00:32:47.168 35580 DEBUG oslo_service.service [-] clients_magnum.insecure = None log_opt_values /usr/lib/python3/dist-packages/oslo_config/cfg.py:2609
2025-04-24 00:32:47.168 35580 DEBUG oslo_service.service [-] clients_magnum.key_file = None log_opt_values /usr/lib/python3/dist-packages/oslo_config/cfg.py:2609
2025-04-24 00:32:47.168 35580 DEBUG oslo_service.service [-] clients_manila.ca_file = None log_opt_values /usr/lib/python3/dist-packages/oslo_config/cfg.py:2609
2025-04-24 00:32:47.168 35580 DEBUG oslo_service.service [-] clients_manila.cert_file = None log_opt_values /usr/lib/python3/dist-packages/oslo_config/cfg.py:2609
2025-04-24 00:32:47.168 35580 DEBUG oslo_service.service [-] clients_manila.endpoint_type = None log_opt_values /usr/lib/python3/dist-packages/oslo_config/cfg.py:2609
2025-04-24 00:32:47.168 35580 DEBUG oslo_service.service [-] clients_manila.insecure = None log_opt_values /usr/lib/python3/dist-packages/oslo_config/cfg.py:2609
2025-04-24 00:32:47.168 35580 DEBUG oslo_service.service [-] clients_manila.key_file = None log_opt_values /usr/lib/python3/dist-packages/oslo_config/cfg.py:2609
2025-04-24 00:32:47.168 35580 DEBUG oslo_service.service [-] clients_mistral.ca_file = None log_opt_values /usr/lib/python3/dist-packages/oslo_config/cfg.py:2609
2025-04-24 00:32:47.168 35580 DEBUG oslo_service.service [-] clients_mistral.cert_file = None log_opt_values /usr/lib/python3/dist-packages/oslo_config/cfg.py:2609
2025-04-24 00:32:47.169 35580 DEBUG oslo_service.service [-] clients_mistral.endpoint_type = None log_opt_values /usr/lib/python3/dist-packages/oslo_config/cfg.py:2609
2025-04-24 00:32:47.169 35580 DEBUG oslo_service.service [-] clients_mistral.insecure = None log_opt_values /usr/lib/python3/dist-packages/oslo_config/cfg.py:2609
2025-04-24 00:32:47.169 35580 DEBUG oslo_service.service [-] clients_mistral.key_file = None log_opt_values /usr/lib/python3/dist-packages/oslo_config/cfg.py:2609
2025-04-24 00:32:47.169 35580 DEBUG oslo_service.service [-] clients_monasca.ca_file = None log_opt_values /usr/lib/python3/dist-packages/oslo_config/cfg.py:2609
2025-04-24 00:32:47.169 35580 DEBUG oslo_service.service [-] clients_monasca.cert_file = None log_opt_values /usr/lib/python3/dist-packages/oslo_config/cfg.py:2609
2025-04-24 00:32:47.169 35580 DEBUG oslo_service.service [-] clients_monasca.endpoint_type = None log_opt_values /usr/lib/python3/dist-packages/oslo_config/cfg.py:2609
2025-04-24 00:32:47.169 35580 DEBUG oslo_service.service [-] clients_monasca.insecure = None log_opt_values /usr/lib/python3/dist-packages/oslo_config/cfg.py:2609
2025-04-24 00:32:47.169 35580 DEBUG oslo_service.service [-] clients_monasca.key_file = None log_opt_values /usr/lib/python3/dist-packages/oslo_config/cfg.py:2609
2025-04-24 00:32:47.170 35580 DEBUG oslo_service.service [-] clients_neutron.ca_file = None log_opt_values /usr/lib/python3/dist-packages/oslo_config/cfg.py:2609
2025-04-24 00:32:47.170 35580 DEBUG oslo_service.service [-] clients_neutron.cert_file = None log_opt_values /usr/lib/python3/dist-packages/oslo_config/cfg.py:2609
2025-04-24 00:32:47.170 35580 DEBUG oslo_service.service [-] clients_neutron.endpoint_type = None log_opt_values /usr/lib/python3/dist-packages/oslo_config/cfg.py:2609
2025-04-24 00:32:47.170 35580 DEBUG oslo_service.service [-] clients_neutron.insecure = None log_opt_values /usr/lib/python3/dist-packages/oslo_config/cfg.py:2609
2025-04-24 00:32:47.170 35580 DEBUG oslo_service.service [-] clients_neutron.key_file = None log_opt_values /usr/lib/python3/dist-packages/oslo_config/cfg.py:2609
2025-04-24 00:32:47.170 35580 DEBUG oslo_service.service [-] clients_nova.ca_file = None log_opt_values /usr/lib/python3/dist-packages/oslo_config/cfg.py:2609
2025-04-24 00:32:47.170 35580 DEBUG oslo_service.service [-] clients_nova.cert_file = None log_opt_values /usr/lib/python3/dist-packages/oslo_config/cfg.py:2609
2025-04-24 00:32:47.176 35580 DEBUG oslo_service.service [-] clients_nova.endpoint_type = None log_opt_values /usr/lib/python3/dist-packages/oslo_config/cfg.py:2609
2025-04-24 00:32:47.176 35580 DEBUG oslo_service.service [-] clients_nova.http_log_debug = False log_opt_values /usr/lib/python3/dist-packages/oslo_config/cfg.py:2609
2025-04-24 00:32:47.176 35580 DEBUG oslo_service.service [-] clients_nova.insecure = None log_opt_values /usr/lib/python3/dist-packages/oslo_config/cfg.py:2609
2025-04-24 00:32:47.176 35580 DEBUG oslo_service.service [-] clients_nova.key_file = None log_opt_values /usr/lib/python3/dist-packages/oslo_config/cfg.py:2609
2025-04-24 00:32:47.176 35580 DEBUG oslo_service.service [-] clients_octavia.ca_file = None log_opt_values /usr/lib/python3/dist-packages/oslo_config/cfg.py:2609
2025-04-24 00:32:47.182 35580 DEBUG oslo_service.service [-] clients_octavia.cert_file = None log_opt_values /usr/lib/python3/dist-packages/oslo_config/cfg.py:2609
2025-04-24 00:32:47.182 35580 DEBUG oslo_service.service [-] clients_octavia.endpoint_type = None log_opt_values /usr/lib/python3/dist-packages/oslo_config/cfg.py:2609
2025-04-24 00:32:47.183 35580 DEBUG oslo_service.service [-] clients_octavia.insecure = None log_opt_values /usr/lib/python3/dist-packages/oslo_config/cfg.py:2609
2025-04-24 00:32:47.183 35580 DEBUG oslo_service.service [-] clients_octavia.key_file = None log_opt_values /usr/lib/python3/dist-packages/oslo_config/cfg.py:2609
2025-04-24 00:32:47.183 35580 DEBUG oslo_service.service [-] clients_sahara.ca_file = None log_opt_values /usr/lib/python3/dist-packages/oslo_config/cfg.py:2609
2025-04-24 00:32:47.184 35580 DEBUG oslo_service.service [-] clients_sahara.cert_file = None log_opt_values /usr/lib/python3/dist-packages/oslo_config/cfg.py:2609
2025-04-24 00:32:47.184 35580 DEBUG oslo_service.service [-] clients_sahara.endpoint_type = None log_opt_values /usr/lib/python3/dist-packages/oslo_config/cfg.py:2609
2025-04-24 00:32:47.185 35580 DEBUG oslo_service.service [-] clients_sahara.insecure = None log_opt_values /usr/lib/python3/dist-packages/oslo_config/cfg.py:2609
2025-04-24 00:32:47.185 35580 DEBUG oslo_service.service [-] clients_sahara.key_file = None log_opt_values /usr/lib/python3/dist-packages/oslo_config/cfg.py:2609
2025-04-24 00:32:47.185 35580 DEBUG oslo_service.service [-] clients_senlin.ca_file = None log_opt_values /usr/lib/python3/dist-packages/oslo_config/cfg.py:2609
2025-04-24 00:32:47.185 35580 DEBUG oslo_service.service [-] clients_senlin.cert_file = None log_opt_values /usr/lib/python3/dist-packages/oslo_config/cfg.py:2609
2025-04-24 00:32:47.185 35580 DEBUG oslo_service.service [-] clients_senlin.endpoint_type = None log_opt_values /usr/lib/python3/dist-packages/oslo_config/cfg.py:2609
2025-04-24 00:32:47.185 35580 DEBUG oslo_service.service [-] clients_senlin.insecure = None log_opt_values /usr/lib/python3/dist-packages/oslo_config/cfg.py:2609
2025-04-24 00:32:47.185 35580 DEBUG oslo_service.service [-] clients_senlin.key_file = None log_opt_values /usr/lib/python3/dist-packages/oslo_config/cfg.py:2609
2025-04-24 00:32:47.185 35580 DEBUG oslo_service.service [-] clients_swift.ca_file = None log_opt_values /usr/lib/python3/dist-packages/oslo_config/cfg.py:2609
2025-04-24 00:32:47.186 35580 DEBUG oslo_service.service [-] clients_swift.cert_file = None log_opt_values /usr/lib/python3/dist-packages/oslo_config/cfg.py:2609
2025-04-24 00:32:47.186 35580 DEBUG oslo_service.service [-] clients_swift.endpoint_type = None log_opt_values /usr/lib/python3/dist-packages/oslo_config/cfg.py:2609
2025-04-24 00:32:47.186 35580 DEBUG oslo_service.service [-] clients_swift.insecure = None log_opt_values /usr/lib/python3/dist-packages/oslo_config/cfg.py:2609
2025-04-24 00:32:47.186 35580 DEBUG oslo_service.service [-] clients_swift.key_file = None log_opt_values /usr/lib/python3/dist-packages/oslo_config/cfg.py:2609
2025-04-24 00:32:47.186 35580 DEBUG oslo_service.service [-] clients_trove.ca_file = None log_opt_values /usr/lib/python3/dist-packages/oslo_config/cfg.py:2609
2025-04-24 00:32:47.187 35580 DEBUG oslo_service.service [-] clients_trove.cert_file = None log_opt_values /usr/lib/python3/dist-packages/oslo_config/cfg.py:2609
2025-04-24 00:32:47.187 35580 DEBUG oslo_service.service [-] clients_trove.endpoint_type = None log_opt_values /usr/lib/python3/dist-packages/oslo_config/cfg.py:2609
2025-04-24 00:32:47.187 35580 DEBUG oslo_service.service [-] clients_trove.insecure = None log_opt_values /usr/lib/python3/dist-packages/oslo_config/cfg.py:2609
2025-04-24 00:32:47.187 35580 DEBUG oslo_service.service [-] clients_trove.key_file = None log_opt_values /usr/lib/python3/dist-packages/oslo_config/cfg.py:2609
2025-04-24 00:32:47.187 35580 DEBUG oslo_service.service [-] clients_vitrage.ca_file = None log_opt_values /usr/lib/python3/dist-packages/oslo_config/cfg.py:2609
2025-04-24 00:32:47.187 35580 DEBUG oslo_service.service [-] clients_vitrage.cert_file = None log_opt_values /usr/lib/python3/dist-packages/oslo_config/cfg.py:2609
2025-04-24 00:32:47.187 35580 DEBUG oslo_service.service [-] clients_vitrage.endpoint_type = None log_opt_values /usr/lib/python3/dist-packages/oslo_config/cfg.py:2609
2025-04-24 00:32:47.187 35580 DEBUG oslo_service.service [-] clients_vitrage.insecure = None log_opt_values /usr/lib/python3/dist-packages/oslo_config/cfg.py:2609
2025-04-24 00:32:47.187 35580 DEBUG oslo_service.service [-] clients_vitrage.key_file = None log_opt_values /usr/lib/python3/dist-packages/oslo_config/cfg.py:2609
2025-04-24 00:32:47.188 35580 DEBUG oslo_service.service [-] clients_zaqar.ca_file = None log_opt_values /usr/lib/python3/dist-packages/oslo_config/cfg.py:2609
2025-04-24 00:32:47.188 35580 DEBUG oslo_service.service [-] clients_zaqar.cert_file = None log_opt_values /usr/lib/python3/dist-packages/oslo_config/cfg.py:2609
2025-04-24 00:32:47.188 35580 DEBUG oslo_service.service [-] clients_zaqar.endpoint_type = None log_opt_values /usr/lib/python3/dist-packages/oslo_config/cfg.py:2609
2025-04-24 00:32:47.188 35580 DEBUG oslo_service.service [-] clients_zaqar.insecure = None log_opt_values /usr/lib/python3/dist-packages/oslo_config/cfg.py:2609
2025-04-24 00:32:47.188 35580 DEBUG oslo_service.service [-] clients_zaqar.key_file = None log_opt_values /usr/lib/python3/dist-packages/oslo_config/cfg.py:2609
2025-04-24 00:32:47.188 35580 DEBUG oslo_service.service [-] database.backend = sqlalchemy log_opt_values /usr/lib/python3/dist-packages/oslo_config/cfg.py:2609
2025-04-24 00:32:47.189 35580 DEBUG oslo_service.service [-] database.connection = **** log_opt_values /usr/lib/python3/dist-packages/oslo_config/cfg.py:2609
2025-04-24 00:32:47.189 35580 DEBUG oslo_service.service [-] database.connection_debug = 0 log_opt_values /usr/lib/python3/dist-packages/oslo_config/cfg.py:2609
2025-04-24 00:32:47.189 35580 DEBUG oslo_service.service [-] database.connection_parameters = log_opt_values /usr/lib/python3/dist-packages/oslo_config/cfg.py:2609
2025-04-24 00:32:47.189 35580 DEBUG oslo_service.service [-] database.connection_recycle_time = 3600 log_opt_values /usr/lib/python3/dist-packages/oslo_config/cfg.py:2609
2025-04-24 00:32:47.189 35580 DEBUG oslo_service.service [-] database.connection_trace = False log_opt_values /usr/lib/python3/dist-packages/oslo_config/cfg.py:2609
2025-04-24 00:32:47.189 35580 DEBUG oslo_service.service [-] database.db_inc_retry_interval = True log_opt_values /usr/lib/python3/dist-packages/oslo_config/cfg.py:2609
2025-04-24 00:32:47.189 35580 DEBUG oslo_service.service [-] database.db_max_retries = 20 log_opt_values /usr/lib/python3/dist-packages/oslo_config/cfg.py:2609
2025-04-24 00:32:47.189 35580 DEBUG oslo_service.service [-] database.db_max_retry_interval = 10 log_opt_values /usr/lib/python3/dist-packages/oslo_config/cfg.py:2609
2025-04-24 00:32:47.189 35580 DEBUG oslo_service.service [-] database.db_retry_interval = 1 log_opt_values /usr/lib/python3/dist-packages/oslo_config/cfg.py:2609
2025-04-24 00:32:47.190 35580 DEBUG oslo_service.service [-] database.max_overflow = 50 log_opt_values /usr/lib/python3/dist-packages/oslo_config/cfg.py:2609
2025-04-24 00:32:47.190 35580 DEBUG oslo_service.service [-] database.max_pool_size = 5 log_opt_values /usr/lib/python3/dist-packages/oslo_config/cfg.py:2609
2025-04-24 00:32:47.190 35580 DEBUG oslo_service.service [-] database.max_retries = 10 log_opt_values /usr/lib/python3/dist-packages/oslo_config/cfg.py:2609
2025-04-24 00:32:47.190 35580 DEBUG oslo_service.service [-] database.mysql_enable_ndb = False log_opt_values /usr/lib/python3/dist-packages/oslo_config/cfg.py:2609
2025-04-24 00:32:47.191 35580 DEBUG oslo_service.service [-] database.mysql_sql_mode = TRADITIONAL log_opt_values /usr/lib/python3/dist-packages/oslo_config/cfg.py:2609
2025-04-24 00:32:47.191 35580 DEBUG oslo_service.service [-] database.pool_timeout = None log_opt_values /usr/lib/python3/dist-packages/oslo_config/cfg.py:2609
2025-04-24 00:32:47.191 35580 DEBUG oslo_service.service [-] database.retry_interval = 10 log_opt_values /usr/lib/python3/dist-packages/oslo_config/cfg.py:2609
2025-04-24 00:32:47.192 35580 DEBUG oslo_service.service [-] database.slave_connection = **** log_opt_values /usr/lib/python3/dist-packages/oslo_config/cfg.py:2609
2025-04-24 00:32:47.192 35580 DEBUG oslo_service.service [-] database.sqlite_synchronous = True log_opt_values /usr/lib/python3/dist-packages/oslo_config/cfg.py:2609
2025-04-24 00:32:47.192 35580 DEBUG oslo_service.service [-] database.use_db_reconnect = False log_opt_values /usr/lib/python3/dist-packages/oslo_config/cfg.py:2609
2025-04-24 00:32:47.192 35580 DEBUG oslo_service.service [-] oslo_messaging_metrics.metrics_buffer_size = 1000 log_opt_values /usr/lib/python3/dist-packages/oslo_config/cfg.py:2609
2025-04-24 00:32:47.193 35580 DEBUG oslo_service.service [-] oslo_messaging_metrics.metrics_enabled = False log_opt_values /usr/lib/python3/dist-packages/oslo_config/cfg.py:2609
2025-04-24 00:32:47.193 35580 DEBUG oslo_service.service [-] oslo_messaging_metrics.metrics_process_name = log_opt_values /usr/lib/python3/dist-packages/oslo_config/cfg.py:2609
2025-04-24 00:32:47.193 35580 DEBUG oslo_service.service [-] oslo_messaging_metrics.metrics_socket_file = /var/tmp/metrics_collector.sock log_opt_values /usr/lib/python3/dist-packages/oslo_config/cfg.py:2609
2025-04-24 00:32:47.193 35580 DEBUG oslo_service.service [-] oslo_messaging_metrics.metrics_thread_stop_timeout = 10 log_opt_values /usr/lib/python3/dist-packages/oslo_config/cfg.py:2609
2025-04-24 00:32:47.194 35580 DEBUG oslo_service.service [-] oslo_policy.enforce_new_defaults = False log_opt_values /usr/lib/python3/dist-packages/oslo_config/cfg.py:2609
2025-04-24 00:32:47.194 35580 DEBUG oslo_service.service [-] oslo_policy.enforce_scope = False log_opt_values /usr/lib/python3/dist-packages/oslo_config/cfg.py:2609
2025-04-24 00:32:47.194 35580 DEBUG oslo_service.service [-] oslo_policy.policy_default_rule = default log_opt_values /usr/lib/python3/dist-packages/oslo_config/cfg.py:2609
2025-04-24 00:32:47.194 35580 DEBUG oslo_service.service [-] oslo_policy.policy_dirs = ['policy.d'] log_opt_values /usr/lib/python3/dist-packages/oslo_config/cfg.py:2609
2025-04-24 00:32:47.194 35580 DEBUG oslo_service.service [-] oslo_policy.policy_file = policy.yaml log_opt_values /usr/lib/python3/dist-packages/oslo_config/cfg.py:2609
2025-04-24 00:32:47.195 35580 DEBUG oslo_service.service [-] oslo_policy.remote_content_type = application/x-www-form-urlencoded log_opt_values /usr/lib/python3/dist-packages/oslo_config/cfg.py:2609
2025-04-24 00:32:47.195 35580 DEBUG oslo_service.service [-] oslo_policy.remote_ssl_ca_crt_file = None log_opt_values /usr/lib/python3/dist-packages/oslo_config/cfg.py:2609
2025-04-24 00:32:47.195 35580 DEBUG oslo_service.service [-] oslo_policy.remote_ssl_client_crt_file = None log_opt_values /usr/lib/python3/dist-packages/oslo_config/cfg.py:2609
2025-04-24 00:32:47.195 35580 DEBUG oslo_service.service [-] oslo_policy.remote_ssl_client_key_file = None log_opt_values /usr/lib/python3/dist-packages/oslo_config/cfg.py:2609
2025-04-24 00:32:47.195 35580 DEBUG oslo_service.service [-] oslo_policy.remote_ssl_verify_server_crt = False log_opt_values /usr/lib/python3/dist-packages/oslo_config/cfg.py:2609
2025-04-24 00:32:47.195 35580 DEBUG oslo_service.service [-] trustee.auth_section = None log_opt_values /usr/lib/python3/dist-packages/oslo_config/cfg.py:2609
2025-04-24 00:32:47.196 35580 WARNING oslo_config.cfg [-] Deprecated: Option "auth_plugin" from group "trustee" is deprecated. Use option "auth_type" from group "trustee".
2025-04-24 00:32:47.196 35580 DEBUG oslo_service.service [-] trustee.auth_type = password log_opt_values /usr/lib/python3/dist-packages/oslo_config/cfg.py:2609
2025-04-24 00:32:47.196 35580 DEBUG oslo_service.service [-] oslo_versionedobjects.fatal_exception_format_errors = False log_opt_values /usr/lib/python3/dist-packages/oslo_config/cfg.py:2609
2025-04-24 00:32:47.197 35580 DEBUG oslo_service.service [-] oslo_messaging_rabbit.amqp_auto_delete = False log_opt_values /usr/lib/python3/dist-packages/oslo_config/cfg.py:2609
2025-04-24 00:32:47.197 35580 DEBUG oslo_service.service [-] oslo_messaging_rabbit.amqp_durable_queues = False log_opt_values /usr/lib/python3/dist-packages/oslo_config/cfg.py:2609
2025-04-24 00:32:47.197 35580 DEBUG oslo_service.service [-] oslo_messaging_rabbit.conn_pool_min_size = 2 log_opt_values /usr/lib/python3/dist-packages/oslo_config/cfg.py:2609
2025-04-24 00:32:47.197 35580 DEBUG oslo_service.service [-] oslo_messaging_rabbit.conn_pool_ttl = 1200 log_opt_values /usr/lib/python3/dist-packages/oslo_config/cfg.py:2609
2025-04-24 00:32:47.198 35580 DEBUG oslo_service.service [-] oslo_messaging_rabbit.direct_mandatory_flag = True log_opt_values /usr/lib/python3/dist-packages/oslo_config/cfg.py:2609
2025-04-24 00:32:47.198 35580 DEBUG oslo_service.service [-] oslo_messaging_rabbit.enable_cancel_on_failover = False log_opt_values /usr/lib/python3/dist-packages/oslo_config/cfg.py:2609
2025-04-24 00:32:47.198 35580 DEBUG oslo_service.service [-] oslo_messaging_rabbit.heartbeat_in_pthread = False log_opt_values /usr/lib/python3/dist-packages/oslo_config/cfg.py:2609
2025-04-24 00:32:47.200 35580 DEBUG oslo_service.service [-] oslo_messaging_rabbit.heartbeat_rate = 2 log_opt_values /usr/lib/python3/dist-packages/oslo_config/cfg.py:2609
2025-04-24 00:32:47.200 35580 DEBUG oslo_service.service [-] oslo_messaging_rabbit.heartbeat_timeout_threshold = 60 log_opt_values /usr/lib/python3/dist-packages/oslo_config/cfg.py:2609
2025-04-24 00:32:47.200 35580 DEBUG oslo_service.service [-] oslo_messaging_rabbit.kombu_compression = None log_opt_values /usr/lib/python3/dist-packages/oslo_config/cfg.py:2609
2025-04-24 00:32:47.200 35580 DEBUG oslo_service.service [-] oslo_messaging_rabbit.kombu_failover_strategy = round-robin log_opt_values /usr/lib/python3/dist-packages/oslo_config/cfg.py:2609
2025-04-24 00:32:47.200 35580 DEBUG oslo_service.service [-] oslo_messaging_rabbit.kombu_missing_consumer_retry_timeout = 60 log_opt_values /usr/lib/python3/dist-packages/oslo_config/cfg.py:2609
2025-04-24 00:32:47.201 35580 DEBUG oslo_service.service [-] oslo_messaging_rabbit.kombu_reconnect_delay = 1.0 log_opt_values /usr/lib/python3/dist-packages/oslo_config/cfg.py:2609
2025-04-24 00:32:47.201 35580 DEBUG oslo_service.service [-] oslo_messaging_rabbit.rabbit_ha_queues = False log_opt_values /usr/lib/python3/dist-packages/oslo_config/cfg.py:2609
2025-04-24 00:32:47.201 35580 DEBUG oslo_service.service [-] oslo_messaging_rabbit.rabbit_interval_max = 30 log_opt_values /usr/lib/python3/dist-packages/oslo_config/cfg.py:2609
2025-04-24 00:32:47.201 35580 DEBUG oslo_service.service [-] oslo_messaging_rabbit.rabbit_login_method = AMQPLAIN log_opt_values /usr/lib/python3/dist-packages/oslo_config/cfg.py:2609
2025-04-24 00:32:47.201 35580 DEBUG oslo_service.service [-] oslo_messaging_rabbit.rabbit_qos_prefetch_count = 0 log_opt_values /usr/lib/python3/dist-packages/oslo_config/cfg.py:2609
2025-04-24 00:32:47.201 35580 DEBUG oslo_service.service [-] oslo_messaging_rabbit.rabbit_quorum_queue = False log_opt_values /usr/lib/python3/dist-packages/oslo_config/cfg.py:2609
2025-04-24 00:32:47.201 35580 DEBUG oslo_service.service [-] oslo_messaging_rabbit.rabbit_retry_backoff = 2 log_opt_values /usr/lib/python3/dist-packages/oslo_config/cfg.py:2609
2025-04-24 00:32:47.201 35580 DEBUG oslo_service.service [-] oslo_messaging_rabbit.rabbit_retry_interval = 1 log_opt_values /usr/lib/python3/dist-packages/oslo_config/cfg.py:2609
2025-04-24 00:32:47.202 35580 DEBUG oslo_service.service [-] oslo_messaging_rabbit.rabbit_transient_queues_ttl = 1800 log_opt_values /usr/lib/python3/dist-packages/oslo_config/cfg.py:2609
2025-04-24 00:32:47.202 35580 DEBUG oslo_service.service [-] oslo_messaging_rabbit.rpc_conn_pool_size = 30 log_opt_values /usr/lib/python3/dist-packages/oslo_config/cfg.py:2609
2025-04-24 00:32:47.202 35580 DEBUG oslo_service.service [-] oslo_messaging_rabbit.ssl = False log_opt_values /usr/lib/python3/dist-packages/oslo_config/cfg.py:2609
2025-04-24 00:32:47.202 35580 DEBUG oslo_service.service [-] oslo_messaging_rabbit.ssl_ca_file = log_opt_values /usr/lib/python3/dist-packages/oslo_config/cfg.py:2609
2025-04-24 00:32:47.202 35580 DEBUG oslo_service.service [-] oslo_messaging_rabbit.ssl_cert_file = log_opt_values /usr/lib/python3/dist-packages/oslo_config/cfg.py:2609
2025-04-24 00:32:47.202 35580 DEBUG oslo_service.service [-] oslo_messaging_rabbit.ssl_key_file = log_opt_values /usr/lib/python3/dist-packages/oslo_config/cfg.py:2609
2025-04-24 00:32:47.202 35580 DEBUG oslo_service.service [-] oslo_messaging_rabbit.ssl_version = log_opt_values /usr/lib/python3/dist-packages/oslo_config/cfg.py:2609
2025-04-24 00:32:47.202 35580 DEBUG oslo_service.service [-] oslo_messaging_notifications.driver = [] log_opt_values /usr/lib/python3/dist-packages/oslo_config/cfg.py:2609
2025-04-24 00:32:47.202 35580 DEBUG oslo_service.service [-] oslo_messaging_notifications.retry = -1 log_opt_values /usr/lib/python3/dist-packages/oslo_config/cfg.py:2609
2025-04-24 00:32:47.203 35580 DEBUG oslo_service.service [-] oslo_messaging_notifications.topics = ['notifications'] log_opt_values /usr/lib/python3/dist-packages/oslo_config/cfg.py:2609
2025-04-24 00:32:47.203 35580 DEBUG oslo_service.service [-] oslo_messaging_notifications.transport_url = **** log_opt_values /usr/lib/python3/dist-packages/oslo_config/cfg.py:2609
2025-04-24 00:32:47.203 35580 DEBUG oslo_service.service [-] cache.backend = dogpile.cache.null log_opt_values /usr/lib/python3/dist-packages/oslo_config/cfg.py:2609
2025-04-24 00:32:47.203 35580 DEBUG oslo_service.service [-] cache.backend_argument = **** log_opt_values /usr/lib/python3/dist-packages/oslo_config/cfg.py:2609
2025-04-24 00:32:47.203 35580 DEBUG oslo_service.service [-] cache.config_prefix = cache.oslo log_opt_values /usr/lib/python3/dist-packages/oslo_config/cfg.py:2609
2025-04-24 00:32:47.203 35580 DEBUG oslo_service.service [-] cache.debug_cache_backend = False log_opt_values /usr/lib/python3/dist-packages/oslo_config/cfg.py:2609
2025-04-24 00:32:47.204 35580 DEBUG oslo_service.service [-] cache.enabled = False log_opt_values /usr/lib/python3/dist-packages/oslo_config/cfg.py:2609
2025-04-24 00:32:47.204 35580 DEBUG oslo_service.service [-] cache.expiration_time = 600 log_opt_values /usr/lib/python3/dist-packages/oslo_config/cfg.py:2609
2025-04-24 00:32:47.204 35580 DEBUG oslo_service.service [-] cache.memcache_dead_retry = 300 log_opt_values /usr/lib/python3/dist-packages/oslo_config/cfg.py:2609
2025-04-24 00:32:47.204 35580 DEBUG oslo_service.service [-] cache.memcache_pool_connection_get_timeout = 10 log_opt_values /usr/lib/python3/dist-packages/oslo_config/cfg.py:2609
2025-04-24 00:32:47.204 35580 DEBUG oslo_service.service [-] cache.memcache_pool_flush_on_reconnect = False log_opt_values /usr/lib/python3/dist-packages/oslo_config/cfg.py:2609
2025-04-24 00:32:47.205 35580 DEBUG oslo_service.service [-] cache.memcache_pool_maxsize = 10 log_opt_values /usr/lib/python3/dist-packages/oslo_config/cfg.py:2609
2025-04-24 00:32:47.205 35580 DEBUG oslo_service.service [-] cache.memcache_pool_unused_timeout = 60 log_opt_values /usr/lib/python3/dist-packages/oslo_config/cfg.py:2609
2025-04-24 00:32:47.205 35580 DEBUG oslo_service.service [-] cache.memcache_servers = ['localhost:11211'] log_opt_values /usr/lib/python3/dist-packages/oslo_config/cfg.py:2609
2025-04-24 00:32:47.205 35580 DEBUG oslo_service.service [-] cache.memcache_socket_timeout = 1.0 log_opt_values /usr/lib/python3/dist-packages/oslo_config/cfg.py:2609
2025-04-24 00:32:47.206 35580 DEBUG oslo_service.service [-] cache.proxies = [] log_opt_values /usr/lib/python3/dist-packages/oslo_config/cfg.py:2609
2025-04-24 00:32:47.206 35580 DEBUG oslo_service.service [-] cache.tls_allowed_ciphers = None log_opt_values /usr/lib/python3/dist-packages/oslo_config/cfg.py:2609
2025-04-24 00:32:47.206 35580 DEBUG oslo_service.service [-] cache.tls_cafile = None log_opt_values /usr/lib/python3/dist-packages/oslo_config/cfg.py:2609
2025-04-24 00:32:47.206 35580 DEBUG oslo_service.service [-] cache.tls_certfile = None log_opt_values /usr/lib/python3/dist-packages/oslo_config/cfg.py:2609
2025-04-24 00:32:47.206 35580 DEBUG oslo_service.service [-] cache.tls_enabled = False log_opt_values /usr/lib/python3/dist-packages/oslo_config/cfg.py:2609
2025-04-24 00:32:47.206 35580 DEBUG oslo_service.service [-] cache.tls_keyfile = None log_opt_values /usr/lib/python3/dist-packages/oslo_config/cfg.py:2609
2025-04-24 00:32:47.206 35580 DEBUG oslo_service.service [-] constraint_validation_cache.caching = True log_opt_values /usr/lib/python3/dist-packages/oslo_config/cfg.py:2609
2025-04-24 00:32:47.207 35580 DEBUG oslo_service.service [-] constraint_validation_cache.expiration_time = 60 log_opt_values /usr/lib/python3/dist-packages/oslo_config/cfg.py:2609
2025-04-24 00:32:47.207 35580 DEBUG oslo_service.service [-] service_extension_cache.caching = True log_opt_values /usr/lib/python3/dist-packages/oslo_config/cfg.py:2609
2025-04-24 00:32:47.207 35580 DEBUG oslo_service.service [-] service_extension_cache.expiration_time = 3600 log_opt_values /usr/lib/python3/dist-packages/oslo_config/cfg.py:2609
2025-04-24 00:32:47.207 35580 DEBUG oslo_service.service [-] resource_finder_cache.caching = True log_opt_values /usr/lib/python3/dist-packages/oslo_config/cfg.py:2609
2025-04-24 00:32:47.208 35580 DEBUG oslo_service.service [-] resource_finder_cache.expiration_time = 3600 log_opt_values /usr/lib/python3/dist-packages/oslo_config/cfg.py:2609
2025-04-24 00:32:47.209 35580 DEBUG oslo_service.service [-] yaql.limit_iterators = 200 log_opt_values /usr/lib/python3/dist-packages/oslo_config/cfg.py:2609
2025-04-24 00:32:47.209 35580 DEBUG oslo_service.service [-] yaql.memory_quota = 10000 log_opt_values /usr/lib/python3/dist-packages/oslo_config/cfg.py:2609
2025-04-24 00:32:47.209 35580 DEBUG oslo_service.service [-] ******************************************************************************** log_opt_values /usr/lib/python3/dist-packages/oslo_config/cfg.py:2613
2025-04-24 00:32:47.231 35802 DEBUG oslo_db.sqlalchemy.engines [req-6cd84113-44b6-4096-9d5a-265ce73f08f8 - - - - -] MySQL server mode set to STRICT_TRANS_TABLES,STRICT_ALL_TABLES,NO_ZERO_IN_DATE,NO_ZERO_DATE,ERROR_FOR_DIVISION_BY_ZERO,TRADITIONAL,NO_ENGINE_SUBSTITUTION _check_effective_sql_mode /usr/lib/python3/dist-packages/oslo_db/sqlalchemy/engines.py:314
2025-04-24 00:32:47.232 35803 DEBUG oslo_db.sqlalchemy.engines [req-49b8daf2-efd8-4a4b-a8d8-4c907d7f451f - - - - -] MySQL server mode set to STRICT_TRANS_TABLES,STRICT_ALL_TABLES,NO_ZERO_IN_DATE,NO_ZERO_DATE,ERROR_FOR_DIVISION_BY_ZERO,TRADITIONAL,NO_ENGINE_SUBSTITUTION _check_effective_sql_mode /usr/lib/python3/dist-packages/oslo_db/sqlalchemy/engines.py:314
2025-04-24 00:32:47.235 35804 DEBUG oslo_db.sqlalchemy.engines [req-0223f3b0-7b86-4545-bd0e-b79c1f3d08b6 - - - - -] MySQL server mode set to STRICT_TRANS_TABLES,STRICT_ALL_TABLES,NO_ZERO_IN_DATE,NO_ZERO_DATE,ERROR_FOR_DIVISION_BY_ZERO,TRADITIONAL,NO_ENGINE_SUBSTITUTION _check_effective_sql_mode /usr/lib/python3/dist-packages/oslo_db/sqlalchemy/engines.py:314
2025-04-24 00:32:47.235 35801 DEBUG oslo_db.sqlalchemy.engines [req-68a3bd11-0660-48fd-9789-f44bb5ab40dd - - - - -] MySQL server mode set to STRICT_TRANS_TABLES,STRICT_ALL_TABLES,NO_ZERO_IN_DATE,NO_ZERO_DATE,ERROR_FOR_DIVISION_BY_ZERO,TRADITIONAL,NO_ENGINE_SUBSTITUTION _check_effective_sql_mode /usr/lib/python3/dist-packages/oslo_db/sqlalchemy/engines.py:314
2025-04-24 00:32:47.314 35804 DEBUG heat.engine.service [req-96fff3ed-1a31-4cf7-8d2b-ec590bdf5faa - - - - -] Service f5c2cd87-cd5a-44af-83e1-9cd24efa3fcd is started service_manage_report /usr/lib/python3/dist-packages/heat/engine/service.py:2363
2025-04-24 00:32:47.318 35803 DEBUG heat.engine.service [req-f96524fe-a75e-4a04-96a9-9c36aa2a9ea4 - - - - -] Service b56e3aa0-b4a2-476d-bda9-da62eae4fb39 is started service_manage_report /usr/lib/python3/dist-packages/heat/engine/service.py:2363
2025-04-24 00:32:47.334 35801 DEBUG heat.engine.service [req-b960ce02-8fec-43c7-bee7-58a1b56514d6 - - - - -] Service 92521509-b413-4185-9eb8-3fc0cf1710b2 is started service_manage_report /usr/lib/python3/dist-packages/heat/engine/service.py:2363
2025-04-24 00:32:47.342 35804 DEBUG heat.engine.service [req-96fff3ed-1a31-4cf7-8d2b-ec590bdf5faa - - - - -] Service f5c2cd87-cd5a-44af-83e1-9cd24efa3fcd is updated service_manage_report /usr/lib/python3/dist-packages/heat/engine/service.py:2370
2025-04-24 00:32:47.344 35802 DEBUG heat.engine.service [req-85bfa3ae-0e08-40f6-a31d-af22639df9ce - - - - -] Service b3583a08-6fed-4610-82a7-b76ed9d1f8fe is started service_manage_report /usr/lib/python3/dist-packages/heat/engine/service.py:2363
2025-04-24 00:32:47.354 35803 DEBUG heat.engine.service [req-f96524fe-a75e-4a04-96a9-9c36aa2a9ea4 - - - - -] Service b56e3aa0-b4a2-476d-bda9-da62eae4fb39 is updated service_manage_report /usr/lib/python3/dist-packages/heat/engine/service.py:2370
2025-04-24 00:32:47.364 35801 DEBUG heat.engine.service [req-b960ce02-8fec-43c7-bee7-58a1b56514d6 - - - - -] Service 92521509-b413-4185-9eb8-3fc0cf1710b2 is updated service_manage_report /usr/lib/python3/dist-packages/heat/engine/service.py:2370
2025-04-24 00:32:47.382 35802 DEBUG heat.engine.service [req-85bfa3ae-0e08-40f6-a31d-af22639df9ce - - - - -] Service b3583a08-6fed-4610-82a7-b76ed9d1f8fe is updated service_manage_report /usr/lib/python3/dist-packages/heat/engine/service.py:2370
2025-04-24 00:33:47.307 35804 DEBUG heat.engine.service [req-81a008c7-3572-4c74-bb6b-a4ca23911355 - - - - -] Service f5c2cd87-cd5a-44af-83e1-9cd24efa3fcd is updated service_manage_report /usr/lib/python3/dist-packages/heat/engine/service.py:2370
2025-04-24 00:33:47.311 35802 DEBUG heat.engine.service [req-d848234b-78de-433d-8c65-b1b28fbcc5f4 - - - - -] Service b3583a08-6fed-4610-82a7-b76ed9d1f8fe is updated service_manage_report /usr/lib/python3/dist-packages/heat/engine/service.py:2370
2025-04-24 00:33:47.313 35801 DEBUG heat.engine.service [req-c2bd2a68-d1b2-4eb4-8708-aa951084516c - - - - -] Service 92521509-b413-4185-9eb8-3fc0cf1710b2 is updated service_manage_report /usr/lib/python3/dist-packages/heat/engine/service.py:2370
2025-04-24 00:33:47.313 35803 DEBUG heat.engine.service [req-20aac86a-d1db-48fe-8837-590dc098b6a0 - - - - -] Service b56e3aa0-b4a2-476d-bda9-da62eae4fb39 is updated service_manage_report /usr/lib/python3/dist-packages/heat/engine/service.py:2370
2025-04-24 00:34:47.302 35804 DEBUG heat.engine.service [req-050be333-c55d-4ae1-a32f-e107726a8832 - - - - -] Service f5c2cd87-cd5a-44af-83e1-9cd24efa3fcd is updated service_manage_report /usr/lib/python3/dist-packages/heat/engine/service.py:2370
2025-04-24 00:34:47.306 35802 DEBUG heat.engine.service [req-01974679-e91e-453a-bd5c-0ba9498f85ca - - - - -] Service b3583a08-6fed-4610-82a7-b76ed9d1f8fe is updated service_manage_report /usr/lib/python3/dist-packages/heat/engine/service.py:2370
2025-04-24 00:34:47.311 35803 DEBUG heat.engine.service [req-cb7c2a45-bcac-4788-844f-aaf57dd7225a - - - - -] Service b56e3aa0-b4a2-476d-bda9-da62eae4fb39 is updated service_manage_report /usr/lib/python3/dist-packages/heat/engine/service.py:2370
2025-04-24 00:34:47.319 35801 DEBUG heat.engine.service [req-b5547ed4-562a-482c-aaed-a4e04a730cb2 - - - - -] Service 92521509-b413-4185-9eb8-3fc0cf1710b2 is updated service_manage_report /usr/lib/python3/dist-packages/heat/engine/service.py:2370
2025-04-24 00:35:47.308 35804 DEBUG heat.engine.service [req-d447d0b8-6e85-4d62-83eb-2c1536b6ae1e - - - - -] Service f5c2cd87-cd5a-44af-83e1-9cd24efa3fcd is updated service_manage_report /usr/lib/python3/dist-packages/heat/engine/service.py:2370
2025-04-24 00:35:47.310 35803 DEBUG heat.engine.service [req-3893998e-b357-4a4a-ba11-33ca1cea6404 - - - - -] Service b56e3aa0-b4a2-476d-bda9-da62eae4fb39 is updated service_manage_report /usr/lib/python3/dist-packages/heat/engine/service.py:2370
2025-04-24 00:35:47.319 35801 DEBUG heat.engine.service [req-fa06bb85-20cf-45ef-b418-62bc9df2e816 - - - - -] Service 92521509-b413-4185-9eb8-3fc0cf1710b2 is updated service_manage_report /usr/lib/python3/dist-packages/heat/engine/service.py:2370
2025-04-24 00:35:47.319 35802 DEBUG heat.engine.service [req-07efa16e-3cb8-4617-a9e5-071119854ef9 - - - - -] Service b3583a08-6fed-4610-82a7-b76ed9d1f8fe is updated service_manage_report /usr/lib/python3/dist-packages/heat/engine/service.py:2370
2025-04-24 00:36:47.302 35804 DEBUG heat.engine.service [req-27d7c5e3-8652-47c0-b737-bf72f2ff3b94 - - - - -] Service f5c2cd87-cd5a-44af-83e1-9cd24efa3fcd is updated service_manage_report /usr/lib/python3/dist-packages/heat/engine/service.py:2370
2025-04-24 00:36:47.304 35803 DEBUG heat.engine.service [req-311a7af0-8635-4cfc-b6f7-f902fb3eb0c9 - - - - -] Service b56e3aa0-b4a2-476d-bda9-da62eae4fb39 is updated service_manage_report /usr/lib/python3/dist-packages/heat/engine/service.py:2370
2025-04-24 00:36:47.315 35801 DEBUG heat.engine.service [req-8af49f7a-4d4a-41c4-84e7-d75c2a1a601e - - - - -] Service 92521509-b413-4185-9eb8-3fc0cf1710b2 is updated service_manage_report /usr/lib/python3/dist-packages/heat/engine/service.py:2370
2025-04-24 00:36:47.316 35802 DEBUG heat.engine.service [req-47d05f16-eed8-48ac-8f6f-d7f51cce2a02 - - - - -] Service b3583a08-6fed-4610-82a7-b76ed9d1f8fe is updated service_manage_report /usr/lib/python3/dist-packages/heat/engine/service.py:2370
2025-04-24 00:37:47.308 35804 DEBUG heat.engine.service [req-5a4bb8d5-9c5d-4aa1-a489-852d23770862 - - - - -] Service f5c2cd87-cd5a-44af-83e1-9cd24efa3fcd is updated service_manage_report /usr/lib/python3/dist-packages/heat/engine/service.py:2370
2025-04-24 00:37:47.313 35803 DEBUG heat.engine.service [req-01e9a951-81a9-4d5e-a14d-117e26758494 - - - - -] Service b56e3aa0-b4a2-476d-bda9-da62eae4fb39 is updated service_manage_report /usr/lib/python3/dist-packages/heat/engine/service.py:2370
2025-04-24 00:37:47.313 35802 DEBUG heat.engine.service [req-43dc1938-89be-4430-97dd-ebf8cde94ec0 - - - - -] Service b3583a08-6fed-4610-82a7-b76ed9d1f8fe is updated service_manage_report /usr/lib/python3/dist-packages/heat/engine/service.py:2370
2025-04-24 00:37:47.313 35801 DEBUG heat.engine.service [req-a4daf493-09cb-4cbe-8bfa-c2daf962aac3 - - - - -] Service 92521509-b413-4185-9eb8-3fc0cf1710b2 is updated service_manage_report /usr/lib/python3/dist-packages/heat/engine/service.py:2370
2025-04-24 00:38:47.301 35804 DEBUG heat.engine.service [req-5f20785a-ff0d-40dd-8982-d2a41ed4a423 - - - - -] Service f5c2cd87-cd5a-44af-83e1-9cd24efa3fcd is updated service_manage_report /usr/lib/python3/dist-packages/heat/engine/service.py:2370
2025-04-24 00:38:47.305 35801 DEBUG heat.engine.service [req-66d80360-da61-4d02-9a34-b14f3eb0ab29 - - - - -] Service 92521509-b413-4185-9eb8-3fc0cf1710b2 is updated service_manage_report /usr/lib/python3/dist-packages/heat/engine/service.py:2370
2025-04-24 00:38:47.309 35802 DEBUG heat.engine.service [req-0252f576-868e-4bfd-9d05-9cf1a916a4db - - - - -] Service b3583a08-6fed-4610-82a7-b76ed9d1f8fe is updated service_manage_report /usr/lib/python3/dist-packages/heat/engine/service.py:2370
2025-04-24 00:38:47.309 35803 DEBUG heat.engine.service [req-b99250c1-68e5-41f7-b37b-bf1691b9fec1 - - - - -] Service b56e3aa0-b4a2-476d-bda9-da62eae4fb39 is updated service_manage_report /usr/lib/python3/dist-packages/heat/engine/service.py:2370
2025-04-24 00:39:47.304 35804 DEBUG heat.engine.service [req-954b9bbf-85dc-4399-a60c-2bb79b9038b4 - - - - -] Service f5c2cd87-cd5a-44af-83e1-9cd24efa3fcd is updated service_manage_report /usr/lib/python3/dist-packages/heat/engine/service.py:2370
2025-04-24 00:39:47.310 35801 DEBUG heat.engine.service [req-bf4b0968-22c4-4d9f-92a8-20c80bec6ed4 - - - - -] Service 92521509-b413-4185-9eb8-3fc0cf1710b2 is updated service_manage_report /usr/lib/python3/dist-packages/heat/engine/service.py:2370
2025-04-24 00:39:47.313 35803 DEBUG heat.engine.service [req-696a0d10-05bf-4779-a177-67441ed1a76e - - - - -] Service b56e3aa0-b4a2-476d-bda9-da62eae4fb39 is updated service_manage_report /usr/lib/python3/dist-packages/heat/engine/service.py:2370
2025-04-24 00:39:47.313 35802 DEBUG heat.engine.service [req-ab4fd73c-74e1-43a2-8c1f-756bd35e6162 - - - - -] Service b3583a08-6fed-4610-82a7-b76ed9d1f8fe is updated service_manage_report /usr/lib/python3/dist-packages/heat/engine/service.py:2370
2025-04-24 00:40:47.308 35804 DEBUG heat.engine.service [req-5373b61c-60a9-4348-9ba8-cba3e68d9a80 - - - - -] Service f5c2cd87-cd5a-44af-83e1-9cd24efa3fcd is updated service_manage_report /usr/lib/python3/dist-packages/heat/engine/service.py:2370
2025-04-24 00:40:47.316 35801 DEBUG heat.engine.service [req-97b50193-3caf-4c4b-9b42-4fdaa8c9f181 - - - - -] Service 92521509-b413-4185-9eb8-3fc0cf1710b2 is updated service_manage_report /usr/lib/python3/dist-packages/heat/engine/service.py:2370
2025-04-24 00:40:47.319 35803 DEBUG heat.engine.service [req-45d03dcc-3e37-449b-850e-6fd603e17da1 - - - - -] Service b56e3aa0-b4a2-476d-bda9-da62eae4fb39 is updated service_manage_report /usr/lib/python3/dist-packages/heat/engine/service.py:2370
2025-04-24 00:40:47.319 35802 DEBUG heat.engine.service [req-e361a3e4-7c34-48df-8ea9-7c591a765650 - - - - -] Service b3583a08-6fed-4610-82a7-b76ed9d1f8fe is updated service_manage_report /usr/lib/python3/dist-packages/heat/engine/service.py:2370
2025-04-24 00:41:47.309 35801 DEBUG heat.engine.service [req-6dea0745-60b3-482e-9761-e4b094d7fcc9 - - - - -] Service 92521509-b413-4185-9eb8-3fc0cf1710b2 is updated service_manage_report /usr/lib/python3/dist-packages/heat/engine/service.py:2370
2025-04-24 00:41:47.314 35804 DEBUG heat.engine.service [req-4e865202-baa2-42dc-886a-ecc1448ec1d0 - - - - -] Service f5c2cd87-cd5a-44af-83e1-9cd24efa3fcd is updated service_manage_report /usr/lib/python3/dist-packages/heat/engine/service.py:2370
2025-04-24 00:41:47.318 35803 DEBUG heat.engine.service [req-9192a3fa-409e-4468-92ab-f06d6095be77 - - - - -] Service b56e3aa0-b4a2-476d-bda9-da62eae4fb39 is updated service_manage_report /usr/lib/python3/dist-packages/heat/engine/service.py:2370
2025-04-24 00:41:47.318 35802 DEBUG heat.engine.service [req-bfe796cb-048e-4f0e-885f-ca740762c4ef - - - - -] Service b3583a08-6fed-4610-82a7-b76ed9d1f8fe is updated service_manage_report /usr/lib/python3/dist-packages/heat/engine/service.py:2370
2025-04-24 00:42:47.312 35803 DEBUG heat.engine.service [req-41ffbfdf-f745-47e1-85f6-3406368fbf58 - - - - -] Service b56e3aa0-b4a2-476d-bda9-da62eae4fb39 is updated service_manage_report /usr/lib/python3/dist-packages/heat/engine/service.py:2370
2025-04-24 00:42:47.315 35801 DEBUG heat.engine.service [req-14e57866-afdf-4ebd-8f55-1f8fe21d8eb8 - - - - -] Service 92521509-b413-4185-9eb8-3fc0cf1710b2 is updated service_manage_report /usr/lib/python3/dist-packages/heat/engine/service.py:2370
2025-04-24 00:42:47.315 35802 DEBUG heat.engine.service [req-a8ac041e-f28b-4bac-80a8-7ecf1b26cc9c - - - - -] Service b3583a08-6fed-4610-82a7-b76ed9d1f8fe is updated service_manage_report /usr/lib/python3/dist-packages/heat/engine/service.py:2370
2025-04-24 00:42:47.318 35804 DEBUG heat.engine.service [req-e80c85cd-9369-4181-9050-3548ee5ca89e - - - - -] Service f5c2cd87-cd5a-44af-83e1-9cd24efa3fcd is updated service_manage_report /usr/lib/python3/dist-packages/heat/engine/service.py:2370
2025-04-24 00:43:47.312 35801 DEBUG heat.engine.service [req-cffedf3a-ed9d-4c98-a64c-7ae9a2c3da6e - - - - -] Service 92521509-b413-4185-9eb8-3fc0cf1710b2 is updated service_manage_report /usr/lib/python3/dist-packages/heat/engine/service.py:2370
2025-04-24 00:43:47.315 35802 DEBUG heat.engine.service [req-4c5f0efe-9be3-439c-b5da-ef94c3ae75b8 - - - - -] Service b3583a08-6fed-4610-82a7-b76ed9d1f8fe is updated service_manage_report /usr/lib/python3/dist-packages/heat/engine/service.py:2370
2025-04-24 00:43:47.319 35803 DEBUG heat.engine.service [req-d345340b-b052-4355-831f-e1b11e007f82 - - - - -] Service b56e3aa0-b4a2-476d-bda9-da62eae4fb39 is updated service_manage_report /usr/lib/python3/dist-packages/heat/engine/service.py:2370
2025-04-24 00:43:47.322 35804 DEBUG heat.engine.service [req-6bf4ec8b-cdd7-4c6a-9444-9555e57495e1 - - - - -] Service f5c2cd87-cd5a-44af-83e1-9cd24efa3fcd is updated service_manage_report /usr/lib/python3/dist-packages/heat/engine/service.py:2370
2025-04-24 00:44:47.307 35801 DEBUG heat.engine.service [req-c7bd206b-35af-4615-87e0-9288ae3d8ce8 - - - - -] Service 92521509-b413-4185-9eb8-3fc0cf1710b2 is updated service_manage_report /usr/lib/python3/dist-packages/heat/engine/service.py:2370
2025-04-24 00:44:47.308 35802 DEBUG heat.engine.service [req-e3e17b70-039d-41b8-9fbc-33da1283baca - - - - -] Service b3583a08-6fed-4610-82a7-b76ed9d1f8fe is updated service_manage_report /usr/lib/python3/dist-packages/heat/engine/service.py:2370
2025-04-24 00:44:47.310 35803 DEBUG heat.engine.service [req-92a30f67-bbff-4ae3-b18d-b6a1db13eaba - - - - -] Service b56e3aa0-b4a2-476d-bda9-da62eae4fb39 is updated service_manage_report /usr/lib/python3/dist-packages/heat/engine/service.py:2370
2025-04-24 00:44:47.322 35804 DEBUG heat.engine.service [req-f0431247-dca3-4ee6-88e9-e900391b2fa0 - - - - -] Service f5c2cd87-cd5a-44af-83e1-9cd24efa3fcd is updated service_manage_report /usr/lib/python3/dist-packages/heat/engine/service.py:2370
2025-04-24 00:45:47.312 35802 DEBUG heat.engine.service [req-141e933a-2b94-412a-a961-ad7c00368f41 - - - - -] Service b3583a08-6fed-4610-82a7-b76ed9d1f8fe is updated service_manage_report /usr/lib/python3/dist-packages/heat/engine/service.py:2370
2025-04-24 00:45:47.315 35803 DEBUG heat.engine.service [req-b3621b88-59f5-464b-adb1-939aafb47378 - - - - -] Service b56e3aa0-b4a2-476d-bda9-da62eae4fb39 is updated service_manage_report /usr/lib/python3/dist-packages/heat/engine/service.py:2370
2025-04-24 00:45:47.315 35801 DEBUG heat.engine.service [req-d711386e-3913-499d-8dbf-81e1091521ea - - - - -] Service 92521509-b413-4185-9eb8-3fc0cf1710b2 is updated service_manage_report /usr/lib/python3/dist-packages/heat/engine/service.py:2370
2025-04-24 00:45:47.325 35804 DEBUG heat.engine.service [req-3b7a82a7-4b86-44e0-8c72-29917428b921 - - - - -] Service f5c2cd87-cd5a-44af-83e1-9cd24efa3fcd is updated service_manage_report /usr/lib/python3/dist-packages/heat/engine/service.py:2370
2025-04-24 00:46:47.308 35801 DEBUG heat.engine.service [req-8bb3e468-f86a-42bb-b659-e9a74bdeb53b - - - - -] Service 92521509-b413-4185-9eb8-3fc0cf1710b2 is updated service_manage_report /usr/lib/python3/dist-packages/heat/engine/service.py:2370
2025-04-24 00:46:47.316 35802 DEBUG heat.engine.service [req-391735e3-7271-42c9-be30-876cca8fd324 - - - - -] Service b3583a08-6fed-4610-82a7-b76ed9d1f8fe is updated service_manage_report /usr/lib/python3/dist-packages/heat/engine/service.py:2370
2025-04-24 00:46:47.317 35803 DEBUG heat.engine.service [req-0906b2e5-f403-40ab-b120-2d2444445e7a - - - - -] Service b56e3aa0-b4a2-476d-bda9-da62eae4fb39 is updated service_manage_report /usr/lib/python3/dist-packages/heat/engine/service.py:2370
2025-04-24 00:46:47.327 35804 DEBUG heat.engine.service [req-d7f2e00b-8384-42b0-8bf5-635aabf92082 - - - - -] Service f5c2cd87-cd5a-44af-83e1-9cd24efa3fcd is updated service_manage_report /usr/lib/python3/dist-packages/heat/engine/service.py:2370
2025-04-24 00:47:47.312 35801 DEBUG heat.engine.service [req-ffc9d5ae-5ee2-4bec-b789-b38800d00b5e - - - - -] Service 92521509-b413-4185-9eb8-3fc0cf1710b2 is updated service_manage_report /usr/lib/python3/dist-packages/heat/engine/service.py:2370
2025-04-24 00:47:47.318 35802 DEBUG heat.engine.service [req-beb3f097-fa5a-4b6b-99a1-65516c0e631c - - - - -] Service b3583a08-6fed-4610-82a7-b76ed9d1f8fe is updated service_manage_report /usr/lib/python3/dist-packages/heat/engine/service.py:2370
2025-04-24 00:47:47.319 35803 DEBUG heat.engine.service [req-7d97dea1-e631-442e-adf9-b6f47b92cd3a - - - - -] Service b56e3aa0-b4a2-476d-bda9-da62eae4fb39 is updated service_manage_report /usr/lib/python3/dist-packages/heat/engine/service.py:2370
2025-04-24 00:47:47.329 35804 DEBUG heat.engine.service [req-e468cb00-5f39-47b5-ace8-634aef866e03 - - - - -] Service f5c2cd87-cd5a-44af-83e1-9cd24efa3fcd is updated service_manage_report /usr/lib/python3/dist-packages/heat/engine/service.py:2370
2025-04-24 00:48:47.316 35801 DEBUG heat.engine.service [req-7ce5afc0-8b30-4f5a-bd6b-c9bbeb5f8b90 - - - - -] Service 92521509-b413-4185-9eb8-3fc0cf1710b2 is updated service_manage_report /usr/lib/python3/dist-packages/heat/engine/service.py:2370
2025-04-24 00:48:47.321 35802 DEBUG heat.engine.service [req-ff6f02a1-4a30-49d8-af46-7ff3f98dd31d - - - - -] Service b3583a08-6fed-4610-82a7-b76ed9d1f8fe is updated service_manage_report /usr/lib/python3/dist-packages/heat/engine/service.py:2370
2025-04-24 00:48:47.324 35803 DEBUG heat.engine.service [req-e4ea1460-b4c7-48ad-a0e3-296109a8d6fa - - - - -] Service b56e3aa0-b4a2-476d-bda9-da62eae4fb39 is updated service_manage_report /usr/lib/python3/dist-packages/heat/engine/service.py:2370
