2025-04-24 01:41:48.030 65886 DEBUG oslo_service.service [-] clients_nova.http_log_debug = False log_opt_values /usr/lib/python3/dist-packages/oslo_config/cfg.py:2609
2025-04-24 01:41:48.030 65886 DEBUG oslo_service.service [-] clients_nova.insecure = None log_opt_values /usr/lib/python3/dist-packages/oslo_config/cfg.py:2609
2025-04-24 01:41:48.030 65886 DEBUG oslo_service.service [-] clients_nova.key_file = None log_opt_values /usr/lib/python3/dist-packages/oslo_config/cfg.py:2609
2025-04-24 01:41:48.031 65886 DEBUG oslo_service.service [-] clients_octavia.ca_file = None log_opt_values /usr/lib/python3/dist-packages/oslo_config/cfg.py:2609
2025-04-24 01:41:48.031 65886 DEBUG oslo_service.service [-] clients_octavia.cert_file = None log_opt_values /usr/lib/python3/dist-packages/oslo_config/cfg.py:2609
2025-04-24 01:41:48.031 65886 DEBUG oslo_service.service [-] clients_octavia.endpoint_type = None log_opt_values /usr/lib/python3/dist-packages/oslo_config/cfg.py:2609
2025-04-24 01:41:48.031 65886 DEBUG oslo_service.service [-] clients_octavia.insecure = None log_opt_values /usr/lib/python3/dist-packages/oslo_config/cfg.py:2609
2025-04-24 01:41:48.031 65886 DEBUG oslo_service.service [-] clients_octavia.key_file = None log_opt_values /usr/lib/python3/dist-packages/oslo_config/cfg.py:2609
2025-04-24 01:41:48.031 65886 DEBUG oslo_service.service [-] clients_sahara.ca_file = None log_opt_values /usr/lib/python3/dist-packages/oslo_config/cfg.py:2609
2025-04-24 01:41:48.034 65886 DEBUG oslo_service.service [-] clients_sahara.cert_file = None log_opt_values /usr/lib/python3/dist-packages/oslo_config/cfg.py:2609
2025-04-24 01:41:48.034 65886 DEBUG oslo_service.service [-] clients_sahara.endpoint_type = None log_opt_values /usr/lib/python3/dist-packages/oslo_config/cfg.py:2609
2025-04-24 01:41:48.034 65886 DEBUG oslo_service.service [-] clients_sahara.insecure = None log_opt_values /usr/lib/python3/dist-packages/oslo_config/cfg.py:2609
2025-04-24 01:41:48.034 65886 DEBUG oslo_service.service [-] clients_sahara.key_file = None log_opt_values /usr/lib/python3/dist-packages/oslo_config/cfg.py:2609
2025-04-24 01:41:48.034 65886 DEBUG oslo_service.service [-] clients_senlin.ca_file = None log_opt_values /usr/lib/python3/dist-packages/oslo_config/cfg.py:2609
2025-04-24 01:41:48.034 65886 DEBUG oslo_service.service [-] clients_senlin.cert_file = None log_opt_values /usr/lib/python3/dist-packages/oslo_config/cfg.py:2609
2025-04-24 01:41:48.034 65886 DEBUG oslo_service.service [-] clients_senlin.endpoint_type = None log_opt_values /usr/lib/python3/dist-packages/oslo_config/cfg.py:2609
2025-04-24 01:41:48.034 65886 DEBUG oslo_service.service [-] clients_senlin.insecure = None log_opt_values /usr/lib/python3/dist-packages/oslo_config/cfg.py:2609
2025-04-24 01:41:48.035 65886 DEBUG oslo_service.service [-] clients_senlin.key_file = None log_opt_values /usr/lib/python3/dist-packages/oslo_config/cfg.py:2609
2025-04-24 01:41:48.035 65886 DEBUG oslo_service.service [-] clients_swift.ca_file = None log_opt_values /usr/lib/python3/dist-packages/oslo_config/cfg.py:2609
2025-04-24 01:41:48.035 65886 DEBUG oslo_service.service [-] clients_swift.cert_file = None log_opt_values /usr/lib/python3/dist-packages/oslo_config/cfg.py:2609
2025-04-24 01:41:48.035 65886 DEBUG oslo_service.service [-] clients_swift.endpoint_type = None log_opt_values /usr/lib/python3/dist-packages/oslo_config/cfg.py:2609
2025-04-24 01:41:48.035 65886 DEBUG oslo_service.service [-] clients_swift.insecure = None log_opt_values /usr/lib/python3/dist-packages/oslo_config/cfg.py:2609
2025-04-24 01:41:48.035 65886 DEBUG oslo_service.service [-] clients_swift.key_file = None log_opt_values /usr/lib/python3/dist-packages/oslo_config/cfg.py:2609
2025-04-24 01:41:48.035 65886 DEBUG oslo_service.service [-] clients_trove.ca_file = None log_opt_values /usr/lib/python3/dist-packages/oslo_config/cfg.py:2609
2025-04-24 01:41:48.036 65886 DEBUG oslo_service.service [-] clients_trove.cert_file = None log_opt_values /usr/lib/python3/dist-packages/oslo_config/cfg.py:2609
2025-04-24 01:41:48.036 65886 DEBUG oslo_service.service [-] clients_trove.endpoint_type = None log_opt_values /usr/lib/python3/dist-packages/oslo_config/cfg.py:2609
2025-04-24 01:41:48.036 65886 DEBUG oslo_service.service [-] clients_trove.insecure = None log_opt_values /usr/lib/python3/dist-packages/oslo_config/cfg.py:2609
2025-04-24 01:41:48.036 65886 DEBUG oslo_service.service [-] clients_trove.key_file = None log_opt_values /usr/lib/python3/dist-packages/oslo_config/cfg.py:2609
2025-04-24 01:41:48.036 65886 DEBUG oslo_service.service [-] clients_vitrage.ca_file = None log_opt_values /usr/lib/python3/dist-packages/oslo_config/cfg.py:2609
2025-04-24 01:41:48.036 65886 DEBUG oslo_service.service [-] clients_vitrage.cert_file = None log_opt_values /usr/lib/python3/dist-packages/oslo_config/cfg.py:2609
2025-04-24 01:41:48.038 65886 DEBUG oslo_service.service [-] clients_vitrage.endpoint_type = None log_opt_values /usr/lib/python3/dist-packages/oslo_config/cfg.py:2609
2025-04-24 01:41:48.038 65886 DEBUG oslo_service.service [-] clients_vitrage.insecure = None log_opt_values /usr/lib/python3/dist-packages/oslo_config/cfg.py:2609
2025-04-24 01:41:48.038 65886 DEBUG oslo_service.service [-] clients_vitrage.key_file = None log_opt_values /usr/lib/python3/dist-packages/oslo_config/cfg.py:2609
2025-04-24 01:41:48.038 65886 DEBUG oslo_service.service [-] clients_zaqar.ca_file = None log_opt_values /usr/lib/python3/dist-packages/oslo_config/cfg.py:2609
2025-04-24 01:41:48.038 65886 DEBUG oslo_service.service [-] clients_zaqar.cert_file = None log_opt_values /usr/lib/python3/dist-packages/oslo_config/cfg.py:2609
2025-04-24 01:41:48.038 65886 DEBUG oslo_service.service [-] clients_zaqar.endpoint_type = None log_opt_values /usr/lib/python3/dist-packages/oslo_config/cfg.py:2609
2025-04-24 01:41:48.039 65886 DEBUG oslo_service.service [-] clients_zaqar.insecure = None log_opt_values /usr/lib/python3/dist-packages/oslo_config/cfg.py:2609
2025-04-24 01:41:48.039 65886 DEBUG oslo_service.service [-] clients_zaqar.key_file = None log_opt_values /usr/lib/python3/dist-packages/oslo_config/cfg.py:2609
2025-04-24 01:41:48.039 65886 DEBUG oslo_service.service [-] database.backend = sqlalchemy log_opt_values /usr/lib/python3/dist-packages/oslo_config/cfg.py:2609
2025-04-24 01:41:48.039 65886 DEBUG oslo_service.service [-] database.connection = **** log_opt_values /usr/lib/python3/dist-packages/oslo_config/cfg.py:2609
2025-04-24 01:41:48.041 65886 DEBUG oslo_service.service [-] database.connection_debug = 0 log_opt_values /usr/lib/python3/dist-packages/oslo_config/cfg.py:2609
2025-04-24 01:41:48.041 65886 DEBUG oslo_service.service [-] database.connection_parameters = log_opt_values /usr/lib/python3/dist-packages/oslo_config/cfg.py:2609
2025-04-24 01:41:48.041 65886 DEBUG oslo_service.service [-] database.connection_recycle_time = 3600 log_opt_values /usr/lib/python3/dist-packages/oslo_config/cfg.py:2609
2025-04-24 01:41:48.041 65886 DEBUG oslo_service.service [-] database.connection_trace = False log_opt_values /usr/lib/python3/dist-packages/oslo_config/cfg.py:2609
2025-04-24 01:41:48.041 65886 DEBUG oslo_service.service [-] database.db_inc_retry_interval = True log_opt_values /usr/lib/python3/dist-packages/oslo_config/cfg.py:2609
2025-04-24 01:41:48.042 65886 DEBUG oslo_service.service [-] database.db_max_retries = 20 log_opt_values /usr/lib/python3/dist-packages/oslo_config/cfg.py:2609
2025-04-24 01:41:48.042 65886 DEBUG oslo_service.service [-] database.db_max_retry_interval = 10 log_opt_values /usr/lib/python3/dist-packages/oslo_config/cfg.py:2609
2025-04-24 01:41:48.042 65886 DEBUG oslo_service.service [-] database.db_retry_interval = 1 log_opt_values /usr/lib/python3/dist-packages/oslo_config/cfg.py:2609
2025-04-24 01:41:48.043 65886 DEBUG oslo_service.service [-] database.max_overflow = 50 log_opt_values /usr/lib/python3/dist-packages/oslo_config/cfg.py:2609
2025-04-24 01:41:48.043 65886 DEBUG oslo_service.service [-] database.max_pool_size = 5 log_opt_values /usr/lib/python3/dist-packages/oslo_config/cfg.py:2609
2025-04-24 01:41:48.043 65886 DEBUG oslo_service.service [-] database.max_retries = 10 log_opt_values /usr/lib/python3/dist-packages/oslo_config/cfg.py:2609
2025-04-24 01:41:48.043 65886 DEBUG oslo_service.service [-] database.mysql_enable_ndb = False log_opt_values /usr/lib/python3/dist-packages/oslo_config/cfg.py:2609
2025-04-24 01:41:48.043 65886 DEBUG oslo_service.service [-] database.mysql_sql_mode = TRADITIONAL log_opt_values /usr/lib/python3/dist-packages/oslo_config/cfg.py:2609
2025-04-24 01:41:48.044 65886 DEBUG oslo_service.service [-] database.pool_timeout = None log_opt_values /usr/lib/python3/dist-packages/oslo_config/cfg.py:2609
2025-04-24 01:41:48.044 65886 DEBUG oslo_service.service [-] database.retry_interval = 10 log_opt_values /usr/lib/python3/dist-packages/oslo_config/cfg.py:2609
2025-04-24 01:41:48.044 65886 DEBUG oslo_service.service [-] database.slave_connection = **** log_opt_values /usr/lib/python3/dist-packages/oslo_config/cfg.py:2609
2025-04-24 01:41:48.044 65886 DEBUG oslo_service.service [-] database.sqlite_synchronous = True log_opt_values /usr/lib/python3/dist-packages/oslo_config/cfg.py:2609
2025-04-24 01:41:48.044 65886 DEBUG oslo_service.service [-] database.use_db_reconnect = False log_opt_values /usr/lib/python3/dist-packages/oslo_config/cfg.py:2609
2025-04-24 01:41:48.044 65886 DEBUG oslo_service.service [-] oslo_messaging_metrics.metrics_buffer_size = 1000 log_opt_values /usr/lib/python3/dist-packages/oslo_config/cfg.py:2609
2025-04-24 01:41:48.044 65886 DEBUG oslo_service.service [-] oslo_messaging_metrics.metrics_enabled = False log_opt_values /usr/lib/python3/dist-packages/oslo_config/cfg.py:2609
2025-04-24 01:41:48.044 65886 DEBUG oslo_service.service [-] oslo_messaging_metrics.metrics_process_name = log_opt_values /usr/lib/python3/dist-packages/oslo_config/cfg.py:2609
2025-04-24 01:41:48.045 65886 DEBUG oslo_service.service [-] oslo_messaging_metrics.metrics_socket_file = /var/tmp/metrics_collector.sock log_opt_values /usr/lib/python3/dist-packages/oslo_config/cfg.py:2609
2025-04-24 01:41:48.045 65886 DEBUG oslo_service.service [-] oslo_messaging_metrics.metrics_thread_stop_timeout = 10 log_opt_values /usr/lib/python3/dist-packages/oslo_config/cfg.py:2609
2025-04-24 01:41:48.045 65886 DEBUG oslo_service.service [-] oslo_policy.enforce_new_defaults = False log_opt_values /usr/lib/python3/dist-packages/oslo_config/cfg.py:2609
2025-04-24 01:41:48.045 65886 DEBUG oslo_service.service [-] oslo_policy.enforce_scope = False log_opt_values /usr/lib/python3/dist-packages/oslo_config/cfg.py:2609
2025-04-24 01:41:48.045 65886 DEBUG oslo_service.service [-] oslo_policy.policy_default_rule = default log_opt_values /usr/lib/python3/dist-packages/oslo_config/cfg.py:2609
2025-04-24 01:41:48.045 65886 DEBUG oslo_service.service [-] oslo_policy.policy_dirs = ['policy.d'] log_opt_values /usr/lib/python3/dist-packages/oslo_config/cfg.py:2609
2025-04-24 01:41:48.045 65886 DEBUG oslo_service.service [-] oslo_policy.policy_file = policy.yaml log_opt_values /usr/lib/python3/dist-packages/oslo_config/cfg.py:2609
2025-04-24 01:41:48.045 65886 DEBUG oslo_service.service [-] oslo_policy.remote_content_type = application/x-www-form-urlencoded log_opt_values /usr/lib/python3/dist-packages/oslo_config/cfg.py:2609
2025-04-24 01:41:48.046 65886 DEBUG oslo_service.service [-] oslo_policy.remote_ssl_ca_crt_file = None log_opt_values /usr/lib/python3/dist-packages/oslo_config/cfg.py:2609
2025-04-24 01:41:48.046 65886 DEBUG oslo_service.service [-] oslo_policy.remote_ssl_client_crt_file = None log_opt_values /usr/lib/python3/dist-packages/oslo_config/cfg.py:2609
2025-04-24 01:41:48.046 65886 DEBUG oslo_service.service [-] oslo_policy.remote_ssl_client_key_file = None log_opt_values /usr/lib/python3/dist-packages/oslo_config/cfg.py:2609
2025-04-24 01:41:48.046 65886 DEBUG oslo_service.service [-] oslo_policy.remote_ssl_verify_server_crt = False log_opt_values /usr/lib/python3/dist-packages/oslo_config/cfg.py:2609
2025-04-24 01:41:48.046 65886 DEBUG oslo_service.service [-] trustee.auth_section = None log_opt_values /usr/lib/python3/dist-packages/oslo_config/cfg.py:2609
2025-04-24 01:41:48.046 65886 WARNING oslo_config.cfg [-] Deprecated: Option "auth_plugin" from group "trustee" is deprecated. Use option "auth_type" from group "trustee".
2025-04-24 01:41:48.047 65886 DEBUG oslo_service.service [-] trustee.auth_type = password log_opt_values /usr/lib/python3/dist-packages/oslo_config/cfg.py:2609
2025-04-24 01:41:48.047 65886 DEBUG oslo_service.service [-] oslo_versionedobjects.fatal_exception_format_errors = False log_opt_values /usr/lib/python3/dist-packages/oslo_config/cfg.py:2609
2025-04-24 01:41:48.048 65886 DEBUG oslo_service.service [-] oslo_messaging_rabbit.amqp_auto_delete = False log_opt_values /usr/lib/python3/dist-packages/oslo_config/cfg.py:2609
2025-04-24 01:41:48.048 65886 DEBUG oslo_service.service [-] oslo_messaging_rabbit.amqp_durable_queues = False log_opt_values /usr/lib/python3/dist-packages/oslo_config/cfg.py:2609
2025-04-24 01:41:48.048 65886 DEBUG oslo_service.service [-] oslo_messaging_rabbit.conn_pool_min_size = 2 log_opt_values /usr/lib/python3/dist-packages/oslo_config/cfg.py:2609
2025-04-24 01:41:48.048 65886 DEBUG oslo_service.service [-] oslo_messaging_rabbit.conn_pool_ttl = 1200 log_opt_values /usr/lib/python3/dist-packages/oslo_config/cfg.py:2609
2025-04-24 01:41:48.048 65886 DEBUG oslo_service.service [-] oslo_messaging_rabbit.direct_mandatory_flag = True log_opt_values /usr/lib/python3/dist-packages/oslo_config/cfg.py:2609
2025-04-24 01:41:48.048 65886 DEBUG oslo_service.service [-] oslo_messaging_rabbit.enable_cancel_on_failover = False log_opt_values /usr/lib/python3/dist-packages/oslo_config/cfg.py:2609
2025-04-24 01:41:48.048 65886 DEBUG oslo_service.service [-] oslo_messaging_rabbit.heartbeat_in_pthread = False log_opt_values /usr/lib/python3/dist-packages/oslo_config/cfg.py:2609
2025-04-24 01:41:48.049 65886 DEBUG oslo_service.service [-] oslo_messaging_rabbit.heartbeat_rate = 2 log_opt_values /usr/lib/python3/dist-packages/oslo_config/cfg.py:2609
2025-04-24 01:41:48.049 65886 DEBUG oslo_service.service [-] oslo_messaging_rabbit.heartbeat_timeout_threshold = 60 log_opt_values /usr/lib/python3/dist-packages/oslo_config/cfg.py:2609
2025-04-24 01:41:48.049 65886 DEBUG oslo_service.service [-] oslo_messaging_rabbit.kombu_compression = None log_opt_values /usr/lib/python3/dist-packages/oslo_config/cfg.py:2609
2025-04-24 01:41:48.049 65886 DEBUG oslo_service.service [-] oslo_messaging_rabbit.kombu_failover_strategy = round-robin log_opt_values /usr/lib/python3/dist-packages/oslo_config/cfg.py:2609
2025-04-24 01:41:48.049 65886 DEBUG oslo_service.service [-] oslo_messaging_rabbit.kombu_missing_consumer_retry_timeout = 60 log_opt_values /usr/lib/python3/dist-packages/oslo_config/cfg.py:2609
2025-04-24 01:41:48.049 65886 DEBUG oslo_service.service [-] oslo_messaging_rabbit.kombu_reconnect_delay = 1.0 log_opt_values /usr/lib/python3/dist-packages/oslo_config/cfg.py:2609
2025-04-24 01:41:48.049 65886 DEBUG oslo_service.service [-] oslo_messaging_rabbit.rabbit_ha_queues = False log_opt_values /usr/lib/python3/dist-packages/oslo_config/cfg.py:2609
2025-04-24 01:41:48.049 65886 DEBUG oslo_service.service [-] oslo_messaging_rabbit.rabbit_interval_max = 30 log_opt_values /usr/lib/python3/dist-packages/oslo_config/cfg.py:2609
2025-04-24 01:41:48.050 65886 DEBUG oslo_service.service [-] oslo_messaging_rabbit.rabbit_login_method = AMQPLAIN log_opt_values /usr/lib/python3/dist-packages/oslo_config/cfg.py:2609
2025-04-24 01:41:48.050 65886 DEBUG oslo_service.service [-] oslo_messaging_rabbit.rabbit_qos_prefetch_count = 0 log_opt_values /usr/lib/python3/dist-packages/oslo_config/cfg.py:2609
2025-04-24 01:41:48.050 65886 DEBUG oslo_service.service [-] oslo_messaging_rabbit.rabbit_quorum_queue = False log_opt_values /usr/lib/python3/dist-packages/oslo_config/cfg.py:2609
2025-04-24 01:41:48.050 65886 DEBUG oslo_service.service [-] oslo_messaging_rabbit.rabbit_retry_backoff = 2 log_opt_values /usr/lib/python3/dist-packages/oslo_config/cfg.py:2609
2025-04-24 01:41:48.050 65886 DEBUG oslo_service.service [-] oslo_messaging_rabbit.rabbit_retry_interval = 1 log_opt_values /usr/lib/python3/dist-packages/oslo_config/cfg.py:2609
2025-04-24 01:41:48.050 65886 DEBUG oslo_service.service [-] oslo_messaging_rabbit.rabbit_transient_queues_ttl = 1800 log_opt_values /usr/lib/python3/dist-packages/oslo_config/cfg.py:2609
2025-04-24 01:41:48.050 65886 DEBUG oslo_service.service [-] oslo_messaging_rabbit.rpc_conn_pool_size = 30 log_opt_values /usr/lib/python3/dist-packages/oslo_config/cfg.py:2609
2025-04-24 01:41:48.050 65886 DEBUG oslo_service.service [-] oslo_messaging_rabbit.ssl = False log_opt_values /usr/lib/python3/dist-packages/oslo_config/cfg.py:2609
2025-04-24 01:41:48.051 65886 DEBUG oslo_service.service [-] oslo_messaging_rabbit.ssl_ca_file = log_opt_values /usr/lib/python3/dist-packages/oslo_config/cfg.py:2609
2025-04-24 01:41:48.051 65886 DEBUG oslo_service.service [-] oslo_messaging_rabbit.ssl_cert_file = log_opt_values /usr/lib/python3/dist-packages/oslo_config/cfg.py:2609
2025-04-24 01:41:48.051 65886 DEBUG oslo_service.service [-] oslo_messaging_rabbit.ssl_key_file = log_opt_values /usr/lib/python3/dist-packages/oslo_config/cfg.py:2609
2025-04-24 01:41:48.051 65886 DEBUG oslo_service.service [-] oslo_messaging_rabbit.ssl_version = log_opt_values /usr/lib/python3/dist-packages/oslo_config/cfg.py:2609
2025-04-24 01:41:48.051 65886 DEBUG oslo_service.service [-] oslo_messaging_notifications.driver = [] log_opt_values /usr/lib/python3/dist-packages/oslo_config/cfg.py:2609
2025-04-24 01:41:48.051 65886 DEBUG oslo_service.service [-] oslo_messaging_notifications.retry = -1 log_opt_values /usr/lib/python3/dist-packages/oslo_config/cfg.py:2609
2025-04-24 01:41:48.051 65886 DEBUG oslo_service.service [-] oslo_messaging_notifications.topics = ['notifications'] log_opt_values /usr/lib/python3/dist-packages/oslo_config/cfg.py:2609
2025-04-24 01:41:48.051 65886 DEBUG oslo_service.service [-] oslo_messaging_notifications.transport_url = **** log_opt_values /usr/lib/python3/dist-packages/oslo_config/cfg.py:2609
2025-04-24 01:41:48.052 65886 DEBUG oslo_service.service [-] cache.backend = dogpile.cache.null log_opt_values /usr/lib/python3/dist-packages/oslo_config/cfg.py:2609
2025-04-24 01:41:48.052 65886 DEBUG oslo_service.service [-] cache.backend_argument = **** log_opt_values /usr/lib/python3/dist-packages/oslo_config/cfg.py:2609
2025-04-24 01:41:48.052 65886 DEBUG oslo_service.service [-] cache.config_prefix = cache.oslo log_opt_values /usr/lib/python3/dist-packages/oslo_config/cfg.py:2609
2025-04-24 01:41:48.052 65886 DEBUG oslo_service.service [-] cache.debug_cache_backend = False log_opt_values /usr/lib/python3/dist-packages/oslo_config/cfg.py:2609
2025-04-24 01:41:48.052 65886 DEBUG oslo_service.service [-] cache.enabled = False log_opt_values /usr/lib/python3/dist-packages/oslo_config/cfg.py:2609
2025-04-24 01:41:48.052 65886 DEBUG oslo_service.service [-] cache.expiration_time = 600 log_opt_values /usr/lib/python3/dist-packages/oslo_config/cfg.py:2609
2025-04-24 01:41:48.052 65886 DEBUG oslo_service.service [-] cache.memcache_dead_retry = 300 log_opt_values /usr/lib/python3/dist-packages/oslo_config/cfg.py:2609
2025-04-24 01:41:48.052 65886 DEBUG oslo_service.service [-] cache.memcache_pool_connection_get_timeout = 10 log_opt_values /usr/lib/python3/dist-packages/oslo_config/cfg.py:2609
2025-04-24 01:41:48.053 65886 DEBUG oslo_service.service [-] cache.memcache_pool_flush_on_reconnect = False log_opt_values /usr/lib/python3/dist-packages/oslo_config/cfg.py:2609
2025-04-24 01:41:48.053 65886 DEBUG oslo_service.service [-] cache.memcache_pool_maxsize = 10 log_opt_values /usr/lib/python3/dist-packages/oslo_config/cfg.py:2609
2025-04-24 01:41:48.053 65886 DEBUG oslo_service.service [-] cache.memcache_pool_unused_timeout = 60 log_opt_values /usr/lib/python3/dist-packages/oslo_config/cfg.py:2609
2025-04-24 01:41:48.053 65886 DEBUG oslo_service.service [-] cache.memcache_servers = ['localhost:11211'] log_opt_values /usr/lib/python3/dist-packages/oslo_config/cfg.py:2609
2025-04-24 01:41:48.053 65886 DEBUG oslo_service.service [-] cache.memcache_socket_timeout = 1.0 log_opt_values /usr/lib/python3/dist-packages/oslo_config/cfg.py:2609
2025-04-24 01:41:48.053 65886 DEBUG oslo_service.service [-] cache.proxies = [] log_opt_values /usr/lib/python3/dist-packages/oslo_config/cfg.py:2609
2025-04-24 01:41:48.053 65886 DEBUG oslo_service.service [-] cache.tls_allowed_ciphers = None log_opt_values /usr/lib/python3/dist-packages/oslo_config/cfg.py:2609
2025-04-24 01:41:48.053 65886 DEBUG oslo_service.service [-] cache.tls_cafile = None log_opt_values /usr/lib/python3/dist-packages/oslo_config/cfg.py:2609
2025-04-24 01:41:48.053 65886 DEBUG oslo_service.service [-] cache.tls_certfile = None log_opt_values /usr/lib/python3/dist-packages/oslo_config/cfg.py:2609
2025-04-24 01:41:48.054 65886 DEBUG oslo_service.service [-] cache.tls_enabled = False log_opt_values /usr/lib/python3/dist-packages/oslo_config/cfg.py:2609
2025-04-24 01:41:48.054 65886 DEBUG oslo_service.service [-] cache.tls_keyfile = None log_opt_values /usr/lib/python3/dist-packages/oslo_config/cfg.py:2609
2025-04-24 01:41:48.054 65886 DEBUG oslo_service.service [-] constraint_validation_cache.caching = True log_opt_values /usr/lib/python3/dist-packages/oslo_config/cfg.py:2609
2025-04-24 01:41:48.054 65886 DEBUG oslo_service.service [-] constraint_validation_cache.expiration_time = 60 log_opt_values /usr/lib/python3/dist-packages/oslo_config/cfg.py:2609
2025-04-24 01:41:48.054 65886 DEBUG oslo_service.service [-] service_extension_cache.caching = True log_opt_values /usr/lib/python3/dist-packages/oslo_config/cfg.py:2609
2025-04-24 01:41:48.054 65886 DEBUG oslo_service.service [-] service_extension_cache.expiration_time = 3600 log_opt_values /usr/lib/python3/dist-packages/oslo_config/cfg.py:2609
2025-04-24 01:41:48.054 65886 DEBUG oslo_service.service [-] resource_finder_cache.caching = True log_opt_values /usr/lib/python3/dist-packages/oslo_config/cfg.py:2609
2025-04-24 01:41:48.054 65886 DEBUG oslo_service.service [-] resource_finder_cache.expiration_time = 3600 log_opt_values /usr/lib/python3/dist-packages/oslo_config/cfg.py:2609
2025-04-24 01:41:48.054 65886 DEBUG oslo_service.service [-] yaql.limit_iterators = 200 log_opt_values /usr/lib/python3/dist-packages/oslo_config/cfg.py:2609
2025-04-24 01:41:48.055 65886 DEBUG oslo_service.service [-] yaql.memory_quota = 10000 log_opt_values /usr/lib/python3/dist-packages/oslo_config/cfg.py:2609
2025-04-24 01:41:48.055 65886 DEBUG oslo_service.service [-] ******************************************************************************** log_opt_values /usr/lib/python3/dist-packages/oslo_config/cfg.py:2613
2025-04-24 01:41:48.074 66113 DEBUG oslo_db.sqlalchemy.engines [req-e100edee-686c-4e5e-9047-eeba73c5269e - - - - -] MySQL server mode set to STRICT_TRANS_TABLES,STRICT_ALL_TABLES,NO_ZERO_IN_DATE,NO_ZERO_DATE,ERROR_FOR_DIVISION_BY_ZERO,TRADITIONAL,NO_ENGINE_SUBSTITUTION _check_effective_sql_mode /usr/lib/python3/dist-packages/oslo_db/sqlalchemy/engines.py:314
2025-04-24 01:41:48.081 66115 DEBUG oslo_db.sqlalchemy.engines [req-eb56158a-d685-4e46-b5cb-1a43d78c3206 - - - - -] MySQL server mode set to STRICT_TRANS_TABLES,STRICT_ALL_TABLES,NO_ZERO_IN_DATE,NO_ZERO_DATE,ERROR_FOR_DIVISION_BY_ZERO,TRADITIONAL,NO_ENGINE_SUBSTITUTION _check_effective_sql_mode /usr/lib/python3/dist-packages/oslo_db/sqlalchemy/engines.py:314
2025-04-24 01:41:48.082 66112 DEBUG oslo_db.sqlalchemy.engines [req-05ab8955-ce3a-4751-965d-506d495eb19d - - - - -] MySQL server mode set to STRICT_TRANS_TABLES,STRICT_ALL_TABLES,NO_ZERO_IN_DATE,NO_ZERO_DATE,ERROR_FOR_DIVISION_BY_ZERO,TRADITIONAL,NO_ENGINE_SUBSTITUTION _check_effective_sql_mode /usr/lib/python3/dist-packages/oslo_db/sqlalchemy/engines.py:314
2025-04-24 01:41:48.084 66114 DEBUG oslo_db.sqlalchemy.engines [req-c3646cec-2451-4b90-8fc7-88a9cacacc06 - - - - -] MySQL server mode set to STRICT_TRANS_TABLES,STRICT_ALL_TABLES,NO_ZERO_IN_DATE,NO_ZERO_DATE,ERROR_FOR_DIVISION_BY_ZERO,TRADITIONAL,NO_ENGINE_SUBSTITUTION _check_effective_sql_mode /usr/lib/python3/dist-packages/oslo_db/sqlalchemy/engines.py:314
2025-04-24 01:41:48.158 66113 DEBUG heat.engine.service [req-31ba3682-8804-40bc-9692-c34980512086 - - - - -] Service f2e0fc74-964f-430e-94c7-2d5d6fdfd5e8 is started service_manage_report /usr/lib/python3/dist-packages/heat/engine/service.py:2363
2025-04-24 01:41:48.159 66115 DEBUG heat.engine.service [req-e6e74eaa-a0e6-4af6-86cc-7b04ee9343a8 - - - - -] Service 9ca7a124-1d04-4eed-9f2a-643af2b82063 is started service_manage_report /usr/lib/python3/dist-packages/heat/engine/service.py:2363
2025-04-24 01:41:48.159 66114 DEBUG heat.engine.service [req-acfb64ce-767e-4273-9b7a-446da4d6228e - - - - -] Service a68b5014-aee9-41cf-8667-103d85e09991 is started service_manage_report /usr/lib/python3/dist-packages/heat/engine/service.py:2363
2025-04-24 01:41:48.167 66112 DEBUG heat.engine.service [req-e6498acc-9c39-49b7-b4f0-e2b81e1af4b4 - - - - -] Service 14a3a576-1033-4735-a313-0345ecfaa442 is started service_manage_report /usr/lib/python3/dist-packages/heat/engine/service.py:2363
2025-04-24 01:41:48.176 66115 DEBUG heat.engine.service [req-e6e74eaa-a0e6-4af6-86cc-7b04ee9343a8 - - - - -] Service 9ca7a124-1d04-4eed-9f2a-643af2b82063 is updated service_manage_report /usr/lib/python3/dist-packages/heat/engine/service.py:2370
2025-04-24 01:41:48.177 66113 DEBUG heat.engine.service [req-31ba3682-8804-40bc-9692-c34980512086 - - - - -] Service f2e0fc74-964f-430e-94c7-2d5d6fdfd5e8 is updated service_manage_report /usr/lib/python3/dist-packages/heat/engine/service.py:2370
2025-04-24 01:41:48.182 66114 DEBUG heat.engine.service [req-acfb64ce-767e-4273-9b7a-446da4d6228e - - - - -] Service a68b5014-aee9-41cf-8667-103d85e09991 is updated service_manage_report /usr/lib/python3/dist-packages/heat/engine/service.py:2370
2025-04-24 01:41:48.187 66112 DEBUG heat.engine.service [req-e6498acc-9c39-49b7-b4f0-e2b81e1af4b4 - - - - -] Service 14a3a576-1033-4735-a313-0345ecfaa442 is updated service_manage_report /usr/lib/python3/dist-packages/heat/engine/service.py:2370
2025-04-24 01:42:48.151 66113 DEBUG heat.engine.service [req-3cbc7a0e-1383-4c1f-9608-a00057935055 - - - - -] Service f2e0fc74-964f-430e-94c7-2d5d6fdfd5e8 is updated service_manage_report /usr/lib/python3/dist-packages/heat/engine/service.py:2370
2025-04-24 01:42:48.154 66114 DEBUG heat.engine.service [req-6927099c-d213-4ed0-8dd0-dd8d4ef256de - - - - -] Service a68b5014-aee9-41cf-8667-103d85e09991 is updated service_manage_report /usr/lib/python3/dist-packages/heat/engine/service.py:2370
2025-04-24 01:42:48.154 66115 DEBUG heat.engine.service [req-5166a64a-9aeb-413b-b567-55fd592b51d2 - - - - -] Service 9ca7a124-1d04-4eed-9f2a-643af2b82063 is updated service_manage_report /usr/lib/python3/dist-packages/heat/engine/service.py:2370
2025-04-24 01:42:48.159 66112 DEBUG heat.engine.service [req-d004711b-1e8f-4fa6-a784-e26ba3f3e3ff - - - - -] Service 14a3a576-1033-4735-a313-0345ecfaa442 is updated service_manage_report /usr/lib/python3/dist-packages/heat/engine/service.py:2370
2025-04-24 01:43:48.146 66113 DEBUG heat.engine.service [req-28ea4f83-e5a5-4ce7-9f08-b5e970d1b9d8 - - - - -] Service f2e0fc74-964f-430e-94c7-2d5d6fdfd5e8 is updated service_manage_report /usr/lib/python3/dist-packages/heat/engine/service.py:2370
2025-04-24 01:43:48.151 66114 DEBUG heat.engine.service [req-f65713cd-715b-4695-8614-cecf71a345d1 - - - - -] Service a68b5014-aee9-41cf-8667-103d85e09991 is updated service_manage_report /usr/lib/python3/dist-packages/heat/engine/service.py:2370
2025-04-24 01:43:48.151 66115 DEBUG heat.engine.service [req-61440b99-fefa-4276-a557-1bd4e1314850 - - - - -] Service 9ca7a124-1d04-4eed-9f2a-643af2b82063 is updated service_manage_report /usr/lib/python3/dist-packages/heat/engine/service.py:2370
2025-04-24 01:43:48.162 66112 DEBUG heat.engine.service [req-2271a47b-f2ad-4186-9b25-7ecc687fd0a0 - - - - -] Service 14a3a576-1033-4735-a313-0345ecfaa442 is updated service_manage_report /usr/lib/python3/dist-packages/heat/engine/service.py:2370
2025-04-24 01:44:48.143 66114 DEBUG heat.engine.service [req-7cd34f5c-5782-4261-949d-2945faf13441 - - - - -] Service a68b5014-aee9-41cf-8667-103d85e09991 is updated service_manage_report /usr/lib/python3/dist-packages/heat/engine/service.py:2370
2025-04-24 01:44:48.145 66115 DEBUG heat.engine.service [req-821d78cb-3800-484a-8915-e4d1bc61b31a - - - - -] Service 9ca7a124-1d04-4eed-9f2a-643af2b82063 is updated service_manage_report /usr/lib/python3/dist-packages/heat/engine/service.py:2370
2025-04-24 01:44:48.150 66113 DEBUG heat.engine.service [req-b66f96b1-0497-4977-9b0b-0d934638a6e8 - - - - -] Service f2e0fc74-964f-430e-94c7-2d5d6fdfd5e8 is updated service_manage_report /usr/lib/python3/dist-packages/heat/engine/service.py:2370
2025-04-24 01:44:48.164 66112 DEBUG heat.engine.service [req-2944572f-f713-47e5-b18e-040cbf6def88 - - - - -] Service 14a3a576-1033-4735-a313-0345ecfaa442 is updated service_manage_report /usr/lib/python3/dist-packages/heat/engine/service.py:2370
2025-04-24 01:45:48.147 66114 DEBUG heat.engine.service [req-8d39338d-d59e-4bb5-afb0-e734821469f7 - - - - -] Service a68b5014-aee9-41cf-8667-103d85e09991 is updated service_manage_report /usr/lib/python3/dist-packages/heat/engine/service.py:2370
2025-04-24 01:45:48.149 66115 DEBUG heat.engine.service [req-2aacdc07-bf92-458e-a072-47f4c86ac35d - - - - -] Service 9ca7a124-1d04-4eed-9f2a-643af2b82063 is updated service_manage_report /usr/lib/python3/dist-packages/heat/engine/service.py:2370
2025-04-24 01:45:48.154 66113 DEBUG heat.engine.service [req-97ef1fa5-28cc-4d60-83da-050d1572865a - - - - -] Service f2e0fc74-964f-430e-94c7-2d5d6fdfd5e8 is updated service_manage_report /usr/lib/python3/dist-packages/heat/engine/service.py:2370
2025-04-24 01:45:48.165 66112 DEBUG heat.engine.service [req-3e3512d8-3798-453f-bd59-7f28cfcb8bc7 - - - - -] Service 14a3a576-1033-4735-a313-0345ecfaa442 is updated service_manage_report /usr/lib/python3/dist-packages/heat/engine/service.py:2370
2025-04-24 01:46:48.528 66114 DEBUG heat.engine.service [req-0aab7eb7-8b44-4328-b87d-64a0fd8fbe0e - - - - -] Service a68b5014-aee9-41cf-8667-103d85e09991 is updated service_manage_report /usr/lib/python3/dist-packages/heat/engine/service.py:2370
2025-04-24 01:46:48.595 66113 DEBUG heat.engine.service [req-50d939c7-1038-4e84-bd81-995e0b6e5d8e - - - - -] Service f2e0fc74-964f-430e-94c7-2d5d6fdfd5e8 is updated service_manage_report /usr/lib/python3/dist-packages/heat/engine/service.py:2370
2025-04-24 01:46:48.595 66112 DEBUG heat.engine.service [req-031ed726-8fa4-4964-ba9a-fd24befac85e - - - - -] Service 14a3a576-1033-4735-a313-0345ecfaa442 is updated service_manage_report /usr/lib/python3/dist-packages/heat/engine/service.py:2370
2025-04-24 01:46:48.595 66115 DEBUG heat.engine.service [req-0943d4ef-e6fb-48f3-97cd-5c953a060110 - - - - -] Service 9ca7a124-1d04-4eed-9f2a-643af2b82063 is updated service_manage_report /usr/lib/python3/dist-packages/heat/engine/service.py:2370
2025-04-24 01:47:48.149 66115 DEBUG heat.engine.service [req-8d1e5bbf-c7a0-40cc-8147-309cfaa16d39 - - - - -] Service 9ca7a124-1d04-4eed-9f2a-643af2b82063 is updated service_manage_report /usr/lib/python3/dist-packages/heat/engine/service.py:2370
2025-04-24 01:47:48.152 66114 DEBUG heat.engine.service [req-078c10e9-77f2-4e58-b86f-03a7e07289d0 - - - - -] Service a68b5014-aee9-41cf-8667-103d85e09991 is updated service_manage_report /usr/lib/python3/dist-packages/heat/engine/service.py:2370
2025-04-24 01:47:48.158 66113 DEBUG heat.engine.service [req-3b5f720f-b7c1-43b3-9ed2-225f35c9b1df - - - - -] Service f2e0fc74-964f-430e-94c7-2d5d6fdfd5e8 is updated service_manage_report /usr/lib/python3/dist-packages/heat/engine/service.py:2370
2025-04-24 01:47:48.169 66112 DEBUG heat.engine.service [req-61b0ff6f-7199-4ca3-9d75-1a9a2b3e67d1 - - - - -] Service 14a3a576-1033-4735-a313-0345ecfaa442 is updated service_manage_report /usr/lib/python3/dist-packages/heat/engine/service.py:2370
2025-04-24 01:48:48.154 66115 DEBUG heat.engine.service [req-57a261fb-dc53-4cde-ad71-00b436766e92 - - - - -] Service 9ca7a124-1d04-4eed-9f2a-643af2b82063 is updated service_manage_report /usr/lib/python3/dist-packages/heat/engine/service.py:2370
2025-04-24 01:48:48.156 66114 DEBUG heat.engine.service [req-dc65e6cc-5b03-4708-a173-74bf3aeafbde - - - - -] Service a68b5014-aee9-41cf-8667-103d85e09991 is updated service_manage_report /usr/lib/python3/dist-packages/heat/engine/service.py:2370
2025-04-24 01:48:48.161 66113 DEBUG heat.engine.service [req-751fbffa-4159-43d3-8d78-5d6c87677b94 - - - - -] Service f2e0fc74-964f-430e-94c7-2d5d6fdfd5e8 is updated service_manage_report /usr/lib/python3/dist-packages/heat/engine/service.py:2370
2025-04-24 01:48:48.173 66112 DEBUG heat.engine.service [req-968a464f-7f0d-42b5-b62a-2505d5fc0636 - - - - -] Service 14a3a576-1033-4735-a313-0345ecfaa442 is updated service_manage_report /usr/lib/python3/dist-packages/heat/engine/service.py:2370
2025-04-24 01:49:48.157 66115 DEBUG heat.engine.service [req-ca83c72f-fb11-4915-8834-e7a3375ca97e - - - - -] Service 9ca7a124-1d04-4eed-9f2a-643af2b82063 is updated service_manage_report /usr/lib/python3/dist-packages/heat/engine/service.py:2370
2025-04-24 01:49:48.159 66114 DEBUG heat.engine.service [req-30d36118-d4e7-477f-abe0-baae03027785 - - - - -] Service a68b5014-aee9-41cf-8667-103d85e09991 is updated service_manage_report /usr/lib/python3/dist-packages/heat/engine/service.py:2370
2025-04-24 01:49:48.163 66113 DEBUG heat.engine.service [req-a8d5482c-22e1-4630-826a-c99ccb80ab04 - - - - -] Service f2e0fc74-964f-430e-94c7-2d5d6fdfd5e8 is updated service_manage_report /usr/lib/python3/dist-packages/heat/engine/service.py:2370
2025-04-24 01:49:48.174 66112 DEBUG heat.engine.service [req-e30f67d5-b15b-496d-8a71-e017987f1bf2 - - - - -] Service 14a3a576-1033-4735-a313-0345ecfaa442 is updated service_manage_report /usr/lib/python3/dist-packages/heat/engine/service.py:2370
2025-04-24 01:50:48.162 66115 DEBUG heat.engine.service [req-3ba82d1a-d63d-48aa-9881-729385fef3ca - - - - -] Service 9ca7a124-1d04-4eed-9f2a-643af2b82063 is updated service_manage_report /usr/lib/python3/dist-packages/heat/engine/service.py:2370
2025-04-24 01:50:48.165 66114 DEBUG heat.engine.service [req-2c8414ba-106c-4d94-8b7b-b8d5e56b2387 - - - - -] Service a68b5014-aee9-41cf-8667-103d85e09991 is updated service_manage_report /usr/lib/python3/dist-packages/heat/engine/service.py:2370
2025-04-24 01:50:48.172 66113 DEBUG heat.engine.service [req-a247b5f5-8e9b-4257-80e2-8758bff67b83 - - - - -] Service f2e0fc74-964f-430e-94c7-2d5d6fdfd5e8 is updated service_manage_report /usr/lib/python3/dist-packages/heat/engine/service.py:2370
2025-04-24 01:50:48.175 66112 DEBUG heat.engine.service [req-761a88e5-1be4-41f5-9b07-3556707743ec - - - - -] Service 14a3a576-1033-4735-a313-0345ecfaa442 is updated service_manage_report /usr/lib/python3/dist-packages/heat/engine/service.py:2370
2025-04-24 01:51:48.211 66114 DEBUG heat.engine.service [req-0095b7b8-e6f3-4f18-b065-d7ee9e293791 - - - - -] Service a68b5014-aee9-41cf-8667-103d85e09991 is updated service_manage_report /usr/lib/python3/dist-packages/heat/engine/service.py:2370
2025-04-24 01:51:48.214 66115 DEBUG heat.engine.service [req-3a92241a-f97c-4518-8dc4-e4bad53ba581 - - - - -] Service 9ca7a124-1d04-4eed-9f2a-643af2b82063 is updated service_manage_report /usr/lib/python3/dist-packages/heat/engine/service.py:2370
2025-04-24 01:51:48.214 66113 DEBUG heat.engine.service [req-144b41e4-eafc-46ff-9174-50c571484188 - - - - -] Service f2e0fc74-964f-430e-94c7-2d5d6fdfd5e8 is updated service_manage_report /usr/lib/python3/dist-packages/heat/engine/service.py:2370
2025-04-24 01:51:48.214 66112 DEBUG heat.engine.service [req-726c46a7-fa3c-47a4-b52a-46604d433e80 - - - - -] Service 14a3a576-1033-4735-a313-0345ecfaa442 is updated service_manage_report /usr/lib/python3/dist-packages/heat/engine/service.py:2370
2025-04-24 01:52:48.166 66114 DEBUG heat.engine.service [req-a1e0603c-6585-416f-bdbf-eb87c8e8ca48 - - - - -] Service a68b5014-aee9-41cf-8667-103d85e09991 is updated service_manage_report /usr/lib/python3/dist-packages/heat/engine/service.py:2370
2025-04-24 01:52:48.172 66115 DEBUG heat.engine.service [req-162a552b-cd11-4cea-9059-e5bf5c226221 - - - - -] Service 9ca7a124-1d04-4eed-9f2a-643af2b82063 is updated service_manage_report /usr/lib/python3/dist-packages/heat/engine/service.py:2370
2025-04-24 01:52:48.175 66113 DEBUG heat.engine.service [req-0ffd12fc-8bd8-4ef2-a15f-c84128c39a84 - - - - -] Service f2e0fc74-964f-430e-94c7-2d5d6fdfd5e8 is updated service_manage_report /usr/lib/python3/dist-packages/heat/engine/service.py:2370
2025-04-24 01:52:48.179 66112 DEBUG heat.engine.service [req-88b3ebb5-c8f7-42f4-bf98-313a3bbd7a79 - - - - -] Service 14a3a576-1033-4735-a313-0345ecfaa442 is updated service_manage_report /usr/lib/python3/dist-packages/heat/engine/service.py:2370
2025-04-24 01:53:48.191 66115 DEBUG heat.engine.service [req-f2901172-f498-4736-8d93-dae38ba1a5e3 - - - - -] Service 9ca7a124-1d04-4eed-9f2a-643af2b82063 is updated service_manage_report /usr/lib/python3/dist-packages/heat/engine/service.py:2370
2025-04-24 01:53:48.209 66114 DEBUG heat.engine.service [req-4f85b4e9-90b2-42bd-bb35-8595708eb022 - - - - -] Service a68b5014-aee9-41cf-8667-103d85e09991 is updated service_manage_report /usr/lib/python3/dist-packages/heat/engine/service.py:2370
2025-04-24 01:53:48.209 66113 DEBUG heat.engine.service [req-675bcbb4-1a1c-4672-a773-1d4e2b5a3ed6 - - - - -] Service f2e0fc74-964f-430e-94c7-2d5d6fdfd5e8 is updated service_manage_report /usr/lib/python3/dist-packages/heat/engine/service.py:2370
2025-04-24 01:53:48.231 66112 DEBUG heat.engine.service [req-7182022f-56d6-473e-9361-e9525ea459bd - - - - -] Service 14a3a576-1033-4735-a313-0345ecfaa442 is updated service_manage_report /usr/lib/python3/dist-packages/heat/engine/service.py:2370
2025-04-24 01:54:48.164 66115 DEBUG heat.engine.service [req-c2965664-be95-49d5-9077-20e05f962207 - - - - -] Service 9ca7a124-1d04-4eed-9f2a-643af2b82063 is updated service_manage_report /usr/lib/python3/dist-packages/heat/engine/service.py:2370
2025-04-24 01:54:48.170 66113 DEBUG heat.engine.service [req-0a6dd8b7-171d-43a8-aeeb-e695a5f5bee1 - - - - -] Service f2e0fc74-964f-430e-94c7-2d5d6fdfd5e8 is updated service_manage_report /usr/lib/python3/dist-packages/heat/engine/service.py:2370
2025-04-24 01:54:48.171 66114 DEBUG heat.engine.service [req-cf57ad8e-7292-4712-b68e-842ae399d396 - - - - -] Service a68b5014-aee9-41cf-8667-103d85e09991 is updated service_manage_report /usr/lib/python3/dist-packages/heat/engine/service.py:2370
2025-04-24 01:54:48.185 66112 DEBUG heat.engine.service [req-1c6f0210-e188-42c1-8fd7-6f06654c4db5 - - - - -] Service 14a3a576-1033-4735-a313-0345ecfaa442 is updated service_manage_report /usr/lib/python3/dist-packages/heat/engine/service.py:2370
2025-04-24 01:55:48.168 66115 DEBUG heat.engine.service [req-cbf45b5f-8a0c-4aaf-9200-85cc97f44fe4 - - - - -] Service 9ca7a124-1d04-4eed-9f2a-643af2b82063 is updated service_manage_report /usr/lib/python3/dist-packages/heat/engine/service.py:2370
2025-04-24 01:55:48.171 66114 DEBUG heat.engine.service [req-02db0efa-fe80-4a26-8e53-af46003a2736 - - - - -] Service a68b5014-aee9-41cf-8667-103d85e09991 is updated service_manage_report /usr/lib/python3/dist-packages/heat/engine/service.py:2370
2025-04-24 01:55:48.173 66113 DEBUG heat.engine.service [req-09446afb-f408-45f9-8847-8ecd97929cf4 - - - - -] Service f2e0fc74-964f-430e-94c7-2d5d6fdfd5e8 is updated service_manage_report /usr/lib/python3/dist-packages/heat/engine/service.py:2370
2025-04-24 01:55:48.186 66112 DEBUG heat.engine.service [req-5bd390e2-b67d-4e49-baed-1c9b006544cd - - - - -] Service 14a3a576-1033-4735-a313-0345ecfaa442 is updated service_manage_report /usr/lib/python3/dist-packages/heat/engine/service.py:2370