2025-04-21 00:35:42.863 124300 DEBUG oslo_service.service [req-5d8b04d7-b963-44a1-84d6-7d4778a94906 - - - - -] database.connection = **** log_opt_values /usr/lib/python3/dist-packages/oslo_config/cfg.py:2609
2025-04-21 00:35:42.864 124300 DEBUG oslo_service.service [req-5d8b04d7-b963-44a1-84d6-7d4778a94906 - - - - -] database.connection_debug = 0 log_opt_values /usr/lib/python3/dist-packages/oslo_config/cfg.py:2609
2025-04-21 00:35:42.864 124300 DEBUG oslo_service.service [req-5d8b04d7-b963-44a1-84d6-7d4778a94906 - - - - -] database.connection_parameters = log_opt_values /usr/lib/python3/dist-packages/oslo_config/cfg.py:2609
2025-04-21 00:35:42.866 124300 DEBUG oslo_service.service [req-5d8b04d7-b963-44a1-84d6-7d4778a94906 - - - - -] database.connection_recycle_time = 3600 log_opt_values /usr/lib/python3/dist-packages/oslo_config/cfg.py:2609
2025-04-21 00:35:42.866 124300 DEBUG oslo_service.service [req-5d8b04d7-b963-44a1-84d6-7d4778a94906 - - - - -] database.connection_trace = False log_opt_values /usr/lib/python3/dist-packages/oslo_config/cfg.py:2609
2025-04-21 00:35:42.866 124300 DEBUG oslo_service.service [req-5d8b04d7-b963-44a1-84d6-7d4778a94906 - - - - -] database.db_inc_retry_interval = True log_opt_values /usr/lib/python3/dist-packages/oslo_config/cfg.py:2609
2025-04-21 00:35:42.867 124300 DEBUG oslo_service.service [req-5d8b04d7-b963-44a1-84d6-7d4778a94906 - - - - -] database.db_max_retries = 20 log_opt_values /usr/lib/python3/dist-packages/oslo_config/cfg.py:2609
2025-04-21 00:35:42.867 124300 DEBUG oslo_service.service [req-5d8b04d7-b963-44a1-84d6-7d4778a94906 - - - - -] database.db_max_retry_interval = 10 log_opt_values /usr/lib/python3/dist-packages/oslo_config/cfg.py:2609
2025-04-21 00:35:42.867 124300 DEBUG oslo_service.service [req-5d8b04d7-b963-44a1-84d6-7d4778a94906 - - - - -] database.db_retry_interval = 1 log_opt_values /usr/lib/python3/dist-packages/oslo_config/cfg.py:2609
2025-04-21 00:35:42.867 124300 DEBUG oslo_service.service [req-5d8b04d7-b963-44a1-84d6-7d4778a94906 - - - - -] database.max_overflow = 50 log_opt_values /usr/lib/python3/dist-packages/oslo_config/cfg.py:2609
2025-04-21 00:35:42.867 124300 DEBUG oslo_service.service [req-5d8b04d7-b963-44a1-84d6-7d4778a94906 - - - - -] database.max_pool_size = 4 log_opt_values /usr/lib/python3/dist-packages/oslo_config/cfg.py:2609
2025-04-21 00:35:42.868 124300 DEBUG oslo_service.service [req-5d8b04d7-b963-44a1-84d6-7d4778a94906 - - - - -] database.max_retries = 10 log_opt_values /usr/lib/python3/dist-packages/oslo_config/cfg.py:2609
2025-04-21 00:35:42.869 124300 DEBUG oslo_service.service [req-5d8b04d7-b963-44a1-84d6-7d4778a94906 - - - - -] database.mysql_enable_ndb = False log_opt_values /usr/lib/python3/dist-packages/oslo_config/cfg.py:2609
2025-04-21 00:35:42.869 124300 DEBUG oslo_service.service [req-5d8b04d7-b963-44a1-84d6-7d4778a94906 - - - - -] database.mysql_sql_mode = TRADITIONAL log_opt_values /usr/lib/python3/dist-packages/oslo_config/cfg.py:2609
2025-04-21 00:35:42.869 124300 DEBUG oslo_service.service [req-5d8b04d7-b963-44a1-84d6-7d4778a94906 - - - - -] database.pool_timeout = None log_opt_values /usr/lib/python3/dist-packages/oslo_config/cfg.py:2609
2025-04-21 00:35:42.869 124300 DEBUG oslo_service.service [req-5d8b04d7-b963-44a1-84d6-7d4778a94906 - - - - -] database.retry_interval = 10 log_opt_values /usr/lib/python3/dist-packages/oslo_config/cfg.py:2609
2025-04-21 00:35:42.870 124300 DEBUG oslo_service.service [req-5d8b04d7-b963-44a1-84d6-7d4778a94906 - - - - -] database.slave_connection = **** log_opt_values /usr/lib/python3/dist-packages/oslo_config/cfg.py:2609
2025-04-21 00:35:42.870 124300 DEBUG oslo_service.service [req-5d8b04d7-b963-44a1-84d6-7d4778a94906 - - - - -] database.sqlite_synchronous = True log_opt_values /usr/lib/python3/dist-packages/oslo_config/cfg.py:2609
2025-04-21 00:35:42.870 124300 DEBUG oslo_service.service [req-5d8b04d7-b963-44a1-84d6-7d4778a94906 - - - - -] database.use_db_reconnect = False log_opt_values /usr/lib/python3/dist-packages/oslo_config/cfg.py:2609
2025-04-21 00:35:42.870 124300 DEBUG oslo_service.service [req-5d8b04d7-b963-44a1-84d6-7d4778a94906 - - - - -] api_database.backend = sqlalchemy log_opt_values /usr/lib/python3/dist-packages/oslo_config/cfg.py:2609
2025-04-21 00:35:42.870 124300 DEBUG oslo_service.service [req-5d8b04d7-b963-44a1-84d6-7d4778a94906 - - - - -] api_database.connection = **** log_opt_values /usr/lib/python3/dist-packages/oslo_config/cfg.py:2609
2025-04-21 00:35:42.871 124300 DEBUG oslo_service.service [req-5d8b04d7-b963-44a1-84d6-7d4778a94906 - - - - -] api_database.connection_debug = 0 log_opt_values /usr/lib/python3/dist-packages/oslo_config/cfg.py:2609
2025-04-21 00:35:42.871 124300 DEBUG oslo_service.service [req-5d8b04d7-b963-44a1-84d6-7d4778a94906 - - - - -] api_database.connection_parameters = log_opt_values /usr/lib/python3/dist-packages/oslo_config/cfg.py:2609
2025-04-21 00:35:42.871 124300 DEBUG oslo_service.service [req-5d8b04d7-b963-44a1-84d6-7d4778a94906 - - - - -] api_database.connection_recycle_time = 3600 log_opt_values /usr/lib/python3/dist-packages/oslo_config/cfg.py:2609
2025-04-21 00:35:42.871 124300 DEBUG oslo_service.service [req-5d8b04d7-b963-44a1-84d6-7d4778a94906 - - - - -] api_database.connection_trace = False log_opt_values /usr/lib/python3/dist-packages/oslo_config/cfg.py:2609
2025-04-21 00:35:42.871 124300 DEBUG oslo_service.service [req-5d8b04d7-b963-44a1-84d6-7d4778a94906 - - - - -] api_database.db_inc_retry_interval = True log_opt_values /usr/lib/python3/dist-packages/oslo_config/cfg.py:2609
2025-04-21 00:35:42.871 124300 DEBUG oslo_service.service [req-5d8b04d7-b963-44a1-84d6-7d4778a94906 - - - - -] api_database.db_max_retries = 20 log_opt_values /usr/lib/python3/dist-packages/oslo_config/cfg.py:2609
2025-04-21 00:35:42.872 124300 DEBUG oslo_service.service [req-5d8b04d7-b963-44a1-84d6-7d4778a94906 - - - - -] api_database.db_max_retry_interval = 10 log_opt_values /usr/lib/python3/dist-packages/oslo_config/cfg.py:2609
2025-04-21 00:35:42.872 124300 DEBUG oslo_service.service [req-5d8b04d7-b963-44a1-84d6-7d4778a94906 - - - - -] api_database.db_retry_interval = 1 log_opt_values /usr/lib/python3/dist-packages/oslo_config/cfg.py:2609
2025-04-21 00:35:42.872 124300 DEBUG oslo_service.service [req-5d8b04d7-b963-44a1-84d6-7d4778a94906 - - - - -] api_database.max_overflow = 50 log_opt_values /usr/lib/python3/dist-packages/oslo_config/cfg.py:2609
2025-04-21 00:35:42.872 124300 DEBUG oslo_service.service [req-5d8b04d7-b963-44a1-84d6-7d4778a94906 - - - - -] api_database.max_pool_size = 4 log_opt_values /usr/lib/python3/dist-packages/oslo_config/cfg.py:2609
2025-04-21 00:35:42.872 124300 DEBUG oslo_service.service [req-5d8b04d7-b963-44a1-84d6-7d4778a94906 - - - - -] api_database.max_retries = 10 log_opt_values /usr/lib/python3/dist-packages/oslo_config/cfg.py:2609
2025-04-21 00:35:42.872 124300 DEBUG oslo_service.service [req-5d8b04d7-b963-44a1-84d6-7d4778a94906 - - - - -] api_database.mysql_enable_ndb = False log_opt_values /usr/lib/python3/dist-packages/oslo_config/cfg.py:2609
2025-04-21 00:35:42.873 124300 DEBUG oslo_service.service [req-5d8b04d7-b963-44a1-84d6-7d4778a94906 - - - - -] api_database.mysql_sql_mode = TRADITIONAL log_opt_values /usr/lib/python3/dist-packages/oslo_config/cfg.py:2609
2025-04-21 00:35:42.873 124300 DEBUG oslo_service.service [req-5d8b04d7-b963-44a1-84d6-7d4778a94906 - - - - -] api_database.pool_timeout = None log_opt_values /usr/lib/python3/dist-packages/oslo_config/cfg.py:2609
2025-04-21 00:35:42.873 124300 DEBUG oslo_service.service [req-5d8b04d7-b963-44a1-84d6-7d4778a94906 - - - - -] api_database.retry_interval = 10 log_opt_values /usr/lib/python3/dist-packages/oslo_config/cfg.py:2609
2025-04-21 00:35:42.873 124300 DEBUG oslo_service.service [req-5d8b04d7-b963-44a1-84d6-7d4778a94906 - - - - -] api_database.slave_connection = **** log_opt_values /usr/lib/python3/dist-packages/oslo_config/cfg.py:2609
2025-04-21 00:35:42.874 124300 DEBUG oslo_service.service [req-5d8b04d7-b963-44a1-84d6-7d4778a94906 - - - - -] api_database.sqlite_synchronous = True log_opt_values /usr/lib/python3/dist-packages/oslo_config/cfg.py:2609
2025-04-21 00:35:42.874 124300 DEBUG oslo_service.service [req-5d8b04d7-b963-44a1-84d6-7d4778a94906 - - - - -] devices.enabled_mdev_types = [] log_opt_values /usr/lib/python3/dist-packages/oslo_config/cfg.py:2609
2025-04-21 00:35:42.874 124300 DEBUG oslo_service.service [req-5d8b04d7-b963-44a1-84d6-7d4778a94906 - - - - -] ephemeral_storage_encryption.cipher = aes-xts-plain64 log_opt_values /usr/lib/python3/dist-packages/oslo_config/cfg.py:2609
2025-04-21 00:35:42.874 124300 DEBUG oslo_service.service [req-5d8b04d7-b963-44a1-84d6-7d4778a94906 - - - - -] ephemeral_storage_encryption.enabled = False log_opt_values /usr/lib/python3/dist-packages/oslo_config/cfg.py:2609
2025-04-21 00:35:42.874 124300 DEBUG oslo_service.service [req-5d8b04d7-b963-44a1-84d6-7d4778a94906 - - - - -] ephemeral_storage_encryption.key_size = 512 log_opt_values /usr/lib/python3/dist-packages/oslo_config/cfg.py:2609
2025-04-21 00:35:42.874 124300 WARNING oslo_config.cfg [req-5d8b04d7-b963-44a1-84d6-7d4778a94906 - - - - -] Deprecated: Option "api_servers" from group "glance" is deprecated for removal ( Support for image service configuration via standard keystoneauth1 Adapter options was added in the 17.0.0 Queens release. The api_servers option was retained temporarily to allow consumers time to cut over to a real load balancing solution. ). Its value may be silently ignored in the future.
2025-04-21 00:35:42.875 124300 DEBUG oslo_service.service [req-5d8b04d7-b963-44a1-84d6-7d4778a94906 - - - - -] glance.api_servers = ['http://252.33.66.72:9292'] log_opt_values /usr/lib/python3/dist-packages/oslo_config/cfg.py:2609
2025-04-21 00:35:42.875 124300 DEBUG oslo_service.service [req-5d8b04d7-b963-44a1-84d6-7d4778a94906 - - - - -] glance.cafile = None log_opt_values /usr/lib/python3/dist-packages/oslo_config/cfg.py:2609
2025-04-21 00:35:42.875 124300 DEBUG oslo_service.service [req-5d8b04d7-b963-44a1-84d6-7d4778a94906 - - - - -] glance.certfile = None log_opt_values /usr/lib/python3/dist-packages/oslo_config/cfg.py:2609
2025-04-21 00:35:42.875 124300 DEBUG oslo_service.service [req-5d8b04d7-b963-44a1-84d6-7d4778a94906 - - - - -] glance.collect_timing = False log_opt_values /usr/lib/python3/dist-packages/oslo_config/cfg.py:2609
2025-04-21 00:35:42.876 124300 DEBUG oslo_service.service [req-5d8b04d7-b963-44a1-84d6-7d4778a94906 - - - - -] glance.connect_retries = None log_opt_values /usr/lib/python3/dist-packages/oslo_config/cfg.py:2609
2025-04-21 00:35:42.876 124300 DEBUG oslo_service.service [req-5d8b04d7-b963-44a1-84d6-7d4778a94906 - - - - -] glance.connect_retry_delay = None log_opt_values /usr/lib/python3/dist-packages/oslo_config/cfg.py:2609
2025-04-21 00:35:42.876 124300 DEBUG oslo_service.service [req-5d8b04d7-b963-44a1-84d6-7d4778a94906 - - - - -] glance.debug = False log_opt_values /usr/lib/python3/dist-packages/oslo_config/cfg.py:2609
2025-04-21 00:35:42.876 124300 DEBUG oslo_service.service [req-5d8b04d7-b963-44a1-84d6-7d4778a94906 - - - - -] glance.default_trusted_certificate_ids = [] log_opt_values /usr/lib/python3/dist-packages/oslo_config/cfg.py:2609
2025-04-21 00:35:42.876 124300 DEBUG oslo_service.service [req-5d8b04d7-b963-44a1-84d6-7d4778a94906 - - - - -] glance.enable_certificate_validation = False log_opt_values /usr/lib/python3/dist-packages/oslo_config/cfg.py:2609
2025-04-21 00:35:42.876 124300 DEBUG oslo_service.service [req-5d8b04d7-b963-44a1-84d6-7d4778a94906 - - - - -] glance.enable_rbd_download = False log_opt_values /usr/lib/python3/dist-packages/oslo_config/cfg.py:2609
2025-04-21 00:35:42.877 124300 DEBUG oslo_service.service [req-5d8b04d7-b963-44a1-84d6-7d4778a94906 - - - - -] glance.endpoint_override = None log_opt_values /usr/lib/python3/dist-packages/oslo_config/cfg.py:2609
2025-04-21 00:35:42.877 124300 DEBUG oslo_service.service [req-5d8b04d7-b963-44a1-84d6-7d4778a94906 - - - - -] glance.insecure = False log_opt_values /usr/lib/python3/dist-packages/oslo_config/cfg.py:2609
2025-04-21 00:35:42.877 124300 DEBUG oslo_service.service [req-5d8b04d7-b963-44a1-84d6-7d4778a94906 - - - - -] glance.keyfile = None log_opt_values /usr/lib/python3/dist-packages/oslo_config/cfg.py:2609
2025-04-21 00:35:42.877 124300 DEBUG oslo_service.service [req-5d8b04d7-b963-44a1-84d6-7d4778a94906 - - - - -] glance.max_version = None log_opt_values /usr/lib/python3/dist-packages/oslo_config/cfg.py:2609
2025-04-21 00:35:42.877 124300 DEBUG oslo_service.service [req-5d8b04d7-b963-44a1-84d6-7d4778a94906 - - - - -] glance.min_version = None log_opt_values /usr/lib/python3/dist-packages/oslo_config/cfg.py:2609
2025-04-21 00:35:42.878 124300 DEBUG oslo_service.service [req-5d8b04d7-b963-44a1-84d6-7d4778a94906 - - - - -] glance.num_retries = 3 log_opt_values /usr/lib/python3/dist-packages/oslo_config/cfg.py:2609
2025-04-21 00:35:42.878 124300 DEBUG oslo_service.service [req-5d8b04d7-b963-44a1-84d6-7d4778a94906 - - - - -] glance.rbd_ceph_conf = log_opt_values /usr/lib/python3/dist-packages/oslo_config/cfg.py:2609
2025-04-21 00:35:42.878 124300 DEBUG oslo_service.service [req-5d8b04d7-b963-44a1-84d6-7d4778a94906 - - - - -] glance.rbd_connect_timeout = 5 log_opt_values /usr/lib/python3/dist-packages/oslo_config/cfg.py:2609
2025-04-21 00:35:42.878 124300 DEBUG oslo_service.service [req-5d8b04d7-b963-44a1-84d6-7d4778a94906 - - - - -] glance.rbd_pool = log_opt_values /usr/lib/python3/dist-packages/oslo_config/cfg.py:2609
2025-04-21 00:35:42.878 124300 DEBUG oslo_service.service [req-5d8b04d7-b963-44a1-84d6-7d4778a94906 - - - - -] glance.rbd_user = log_opt_values /usr/lib/python3/dist-packages/oslo_config/cfg.py:2609
2025-04-21 00:35:42.878 124300 DEBUG oslo_service.service [req-5d8b04d7-b963-44a1-84d6-7d4778a94906 - - - - -] glance.region_name = None log_opt_values /usr/lib/python3/dist-packages/oslo_config/cfg.py:2609
2025-04-21 00:35:42.878 124300 DEBUG oslo_service.service [req-5d8b04d7-b963-44a1-84d6-7d4778a94906 - - - - -] glance.service_name = None log_opt_values /usr/lib/python3/dist-packages/oslo_config/cfg.py:2609
2025-04-21 00:35:42.879 124300 DEBUG oslo_service.service [req-5d8b04d7-b963-44a1-84d6-7d4778a94906 - - - - -] glance.service_type = image log_opt_values /usr/lib/python3/dist-packages/oslo_config/cfg.py:2609
2025-04-21 00:35:42.879 124300 DEBUG oslo_service.service [req-5d8b04d7-b963-44a1-84d6-7d4778a94906 - - - - -] glance.split_loggers = False log_opt_values /usr/lib/python3/dist-packages/oslo_config/cfg.py:2609
2025-04-21 00:35:42.879 124300 DEBUG oslo_service.service [req-5d8b04d7-b963-44a1-84d6-7d4778a94906 - - - - -] glance.status_code_retries = None log_opt_values /usr/lib/python3/dist-packages/oslo_config/cfg.py:2609
2025-04-21 00:35:42.879 124300 DEBUG oslo_service.service [req-5d8b04d7-b963-44a1-84d6-7d4778a94906 - - - - -] glance.status_code_retry_delay = None log_opt_values /usr/lib/python3/dist-packages/oslo_config/cfg.py:2609
2025-04-21 00:35:42.879 124300 DEBUG oslo_service.service [req-5d8b04d7-b963-44a1-84d6-7d4778a94906 - - - - -] glance.timeout = None log_opt_values /usr/lib/python3/dist-packages/oslo_config/cfg.py:2609
2025-04-21 00:35:42.879 124300 DEBUG oslo_service.service [req-5d8b04d7-b963-44a1-84d6-7d4778a94906 - - - - -] glance.valid_interfaces = ['internal', 'public'] log_opt_values /usr/lib/python3/dist-packages/oslo_config/cfg.py:2609
2025-04-21 00:35:42.880 124300 DEBUG oslo_service.service [req-5d8b04d7-b963-44a1-84d6-7d4778a94906 - - - - -] glance.verify_glance_signatures = False log_opt_values /usr/lib/python3/dist-packages/oslo_config/cfg.py:2609
2025-04-21 00:35:42.880 124300 DEBUG oslo_service.service [req-5d8b04d7-b963-44a1-84d6-7d4778a94906 - - - - -] glance.version = None log_opt_values /usr/lib/python3/dist-packages/oslo_config/cfg.py:2609
2025-04-21 00:35:42.880 124300 DEBUG oslo_service.service [req-5d8b04d7-b963-44a1-84d6-7d4778a94906 - - - - -] guestfs.debug = False log_opt_values /usr/lib/python3/dist-packages/oslo_config/cfg.py:2609
2025-04-21 00:35:42.880 124300 DEBUG oslo_service.service [req-5d8b04d7-b963-44a1-84d6-7d4778a94906 - - - - -] hyperv.config_drive_cdrom = False log_opt_values /usr/lib/python3/dist-packages/oslo_config/cfg.py:2609
2025-04-21 00:35:42.880 124300 DEBUG oslo_service.service [req-5d8b04d7-b963-44a1-84d6-7d4778a94906 - - - - -] hyperv.config_drive_inject_password = False log_opt_values /usr/lib/python3/dist-packages/oslo_config/cfg.py:2609
2025-04-21 00:35:42.881 124300 DEBUG oslo_service.service [req-5d8b04d7-b963-44a1-84d6-7d4778a94906 - - - - -] hyperv.dynamic_memory_ratio = 1.0 log_opt_values /usr/lib/python3/dist-packages/oslo_config/cfg.py:2609
2025-04-21 00:35:42.881 124300 DEBUG oslo_service.service [req-5d8b04d7-b963-44a1-84d6-7d4778a94906 - - - - -] hyperv.enable_instance_metrics_collection = False log_opt_values /usr/lib/python3/dist-packages/oslo_config/cfg.py:2609
2025-04-21 00:35:42.881 124300 DEBUG oslo_service.service [req-5d8b04d7-b963-44a1-84d6-7d4778a94906 - - - - -] hyperv.enable_remotefx = False log_opt_values /usr/lib/python3/dist-packages/oslo_config/cfg.py:2609
2025-04-21 00:35:42.881 124300 DEBUG oslo_service.service [req-5d8b04d7-b963-44a1-84d6-7d4778a94906 - - - - -] hyperv.instances_path_share = log_opt_values /usr/lib/python3/dist-packages/oslo_config/cfg.py:2609
2025-04-21 00:35:42.881 124300 DEBUG oslo_service.service [req-5d8b04d7-b963-44a1-84d6-7d4778a94906 - - - - -] hyperv.iscsi_initiator_list = [] log_opt_values /usr/lib/python3/dist-packages/oslo_config/cfg.py:2609
2025-04-21 00:35:42.882 124300 DEBUG oslo_service.service [req-5d8b04d7-b963-44a1-84d6-7d4778a94906 - - - - -] hyperv.limit_cpu_features = False log_opt_values /usr/lib/python3/dist-packages/oslo_config/cfg.py:2609
2025-04-21 00:35:42.882 124300 DEBUG oslo_service.service [req-5d8b04d7-b963-44a1-84d6-7d4778a94906 - - - - -] hyperv.mounted_disk_query_retry_count = 10 log_opt_values /usr/lib/python3/dist-packages/oslo_config/cfg.py:2609
2025-04-21 00:35:42.882 124300 DEBUG oslo_service.service [req-5d8b04d7-b963-44a1-84d6-7d4778a94906 - - - - -] hyperv.mounted_disk_query_retry_interval = 5 log_opt_values /usr/lib/python3/dist-packages/oslo_config/cfg.py:2609
2025-04-21 00:35:42.882 124300 DEBUG oslo_service.service [req-5d8b04d7-b963-44a1-84d6-7d4778a94906 - - - - -] hyperv.power_state_check_timeframe = 60 log_opt_values /usr/lib/python3/dist-packages/oslo_config/cfg.py:2609
2025-04-21 00:35:42.882 125754 DEBUG oslo_messaging._drivers.amqpdriver [-] Listener is running poll /usr/lib/python3/dist-packages/oslo_messaging/_drivers/amqpdriver.py:343
2025-04-21 00:35:42.882 124300 DEBUG oslo_service.service [req-5d8b04d7-b963-44a1-84d6-7d4778a94906 - - - - -] hyperv.power_state_event_polling_interval = 2 log_opt_values /usr/lib/python3/dist-packages/oslo_config/cfg.py:2609
2025-04-21 00:35:42.882 124300 DEBUG oslo_service.service [req-5d8b04d7-b963-44a1-84d6-7d4778a94906 - - - - -] hyperv.qemu_img_cmd = qemu-img.exe log_opt_values /usr/lib/python3/dist-packages/oslo_config/cfg.py:2609
2025-04-21 00:35:42.883 124300 DEBUG oslo_service.service [req-5d8b04d7-b963-44a1-84d6-7d4778a94906 - - - - -] hyperv.use_multipath_io = False log_opt_values /usr/lib/python3/dist-packages/oslo_config/cfg.py:2609
2025-04-21 00:35:42.883 124300 DEBUG oslo_service.service [req-5d8b04d7-b963-44a1-84d6-7d4778a94906 - - - - -] hyperv.volume_attach_retry_count = 10 log_opt_values /usr/lib/python3/dist-packages/oslo_config/cfg.py:2609
2025-04-21 00:35:42.882 125754 DEBUG oslo_messaging._drivers.amqpdriver [-] AMQPListener connection consume poll /usr/lib/python3/dist-packages/oslo_messaging/_drivers/amqpdriver.py:357
2025-04-21 00:35:42.883 124300 DEBUG oslo_service.service [req-5d8b04d7-b963-44a1-84d6-7d4778a94906 - - - - -] hyperv.volume_attach_retry_interval = 5 log_opt_values /usr/lib/python3/dist-packages/oslo_config/cfg.py:2609
2025-04-21 00:35:42.883 124300 DEBUG oslo_service.service [req-5d8b04d7-b963-44a1-84d6-7d4778a94906 - - - - -] hyperv.vswitch_name = None log_opt_values /usr/lib/python3/dist-packages/oslo_config/cfg.py:2609
2025-04-21 00:35:42.883 124300 DEBUG oslo_service.service [req-5d8b04d7-b963-44a1-84d6-7d4778a94906 - - - - -] hyperv.wait_soft_reboot_seconds = 60 log_opt_values /usr/lib/python3/dist-packages/oslo_config/cfg.py:2609
2025-04-21 00:35:42.883 124300 DEBUG oslo_service.service [req-5d8b04d7-b963-44a1-84d6-7d4778a94906 - - - - -] mks.enabled = False log_opt_values /usr/lib/python3/dist-packages/oslo_config/cfg.py:2609
2025-04-21 00:35:42.884 124300 DEBUG oslo_service.service [req-5d8b04d7-b963-44a1-84d6-7d4778a94906 - - - - -] mks.mksproxy_base_url = http://127.0.0.1:6090/ log_opt_values /usr/lib/python3/dist-packages/oslo_config/cfg.py:2609
2025-04-21 00:35:42.884 124300 DEBUG oslo_service.service [req-5d8b04d7-b963-44a1-84d6-7d4778a94906 - - - - -] image_cache.manager_interval = 2400 log_opt_values /usr/lib/python3/dist-packages/oslo_config/cfg.py:2609
2025-04-21 00:35:42.884 124300 DEBUG oslo_service.service [req-5d8b04d7-b963-44a1-84d6-7d4778a94906 - - - - -] image_cache.precache_concurrency = 1 log_opt_values /usr/lib/python3/dist-packages/oslo_config/cfg.py:2609
2025-04-21 00:35:42.885 124300 DEBUG oslo_service.service [req-5d8b04d7-b963-44a1-84d6-7d4778a94906 - - - - -] image_cache.remove_unused_base_images = True log_opt_values /usr/lib/python3/dist-packages/oslo_config/cfg.py:2609
2025-04-21 00:35:42.885 124300 DEBUG oslo_service.service [req-5d8b04d7-b963-44a1-84d6-7d4778a94906 - - - - -] image_cache.remove_unused_original_minimum_age_seconds = 86400 log_opt_values /usr/lib/python3/dist-packages/oslo_config/cfg.py:2609
2025-04-21 00:35:42.885 125753 DEBUG oslo_messaging._drivers.amqpdriver [-] Listener is running poll /usr/lib/python3/dist-packages/oslo_messaging/_drivers/amqpdriver.py:343
2025-04-21 00:35:42.885 124300 DEBUG oslo_service.service [req-5d8b04d7-b963-44a1-84d6-7d4778a94906 - - - - -] image_cache.remove_unused_resized_minimum_age_seconds = 3600 log_opt_values /usr/lib/python3/dist-packages/oslo_config/cfg.py:2609
2025-04-21 00:35:42.885 125753 DEBUG oslo_messaging._drivers.amqpdriver [-] AMQPListener connection consume poll /usr/lib/python3/dist-packages/oslo_messaging/_drivers/amqpdriver.py:357
2025-04-21 00:35:42.885 124300 DEBUG oslo_service.service [req-5d8b04d7-b963-44a1-84d6-7d4778a94906 - - - - -] image_cache.subdirectory_name = _base log_opt_values /usr/lib/python3/dist-packages/oslo_config/cfg.py:2609
2025-04-21 00:35:42.885 124300 DEBUG oslo_service.service [req-5d8b04d7-b963-44a1-84d6-7d4778a94906 - - - - -] ironic.api_max_retries = 60 log_opt_values /usr/lib/python3/dist-packages/oslo_config/cfg.py:2609
2025-04-21 00:35:42.884 125752 DEBUG oslo_messaging._drivers.amqpdriver [-] Listener is running poll /usr/lib/python3/dist-packages/oslo_messaging/_drivers/amqpdriver.py:343
2025-04-21 00:35:42.885 124300 DEBUG oslo_service.service [req-5d8b04d7-b963-44a1-84d6-7d4778a94906 - - - - -] ironic.api_retry_interval = 2 log_opt_values /usr/lib/python3/dist-packages/oslo_config/cfg.py:2609
2025-04-21 00:35:42.885 125752 DEBUG oslo_messaging._drivers.amqpdriver [-] AMQPListener connection consume poll /usr/lib/python3/dist-packages/oslo_messaging/_drivers/amqpdriver.py:357
2025-04-21 00:35:42.886 124300 DEBUG oslo_service.service [req-5d8b04d7-b963-44a1-84d6-7d4778a94906 - - - - -] ironic.auth_section = None log_opt_values /usr/lib/python3/dist-packages/oslo_config/cfg.py:2609
2025-04-21 00:35:42.885 125753 DEBUG nova.service [req-ff566a40-49a8-4f76-9c6b-954f08931fa2 - - - - -] Join ServiceGroup membership for this service scheduler start /usr/lib/python3/dist-packages/nova/service.py:199
2025-04-21 00:35:42.886 124300 DEBUG oslo_service.service [req-5d8b04d7-b963-44a1-84d6-7d4778a94906 - - - - -] ironic.auth_type = None log_opt_values /usr/lib/python3/dist-packages/oslo_config/cfg.py:2609
2025-04-21 00:35:42.886 124300 DEBUG oslo_service.service [req-5d8b04d7-b963-44a1-84d6-7d4778a94906 - - - - -] ironic.cafile = None log_opt_values /usr/lib/python3/dist-packages/oslo_config/cfg.py:2609
2025-04-21 00:35:42.886 125746 DEBUG oslo_messaging._drivers.amqpdriver [-] Listener is running poll /usr/lib/python3/dist-packages/oslo_messaging/_drivers/amqpdriver.py:343
2025-04-21 00:35:42.886 125753 DEBUG nova.servicegroup.drivers.db [req-ff566a40-49a8-4f76-9c6b-954f08931fa2 - - - - -] DB_Driver: join new ServiceGroup member juju-20f57e-0-lxd-7 to the scheduler group, service = join /usr/lib/python3/dist-packages/nova/servicegroup/drivers/db.py:44
2025-04-21 00:35:42.886 124300 DEBUG oslo_service.service [req-5d8b04d7-b963-44a1-84d6-7d4778a94906 - - - - -] ironic.certfile = None log_opt_values /usr/lib/python3/dist-packages/oslo_config/cfg.py:2609
2025-04-21 00:35:42.885 125754 DEBUG nova.service [req-d27fb818-ac7a-44f5-84ef-636c5d232eec - - - - -] Join ServiceGroup membership for this service scheduler start /usr/lib/python3/dist-packages/nova/service.py:199
2025-04-21 00:35:42.886 125746 DEBUG oslo_messaging._drivers.amqpdriver [-] AMQPListener connection consume poll /usr/lib/python3/dist-packages/oslo_messaging/_drivers/amqpdriver.py:357
2025-04-21 00:35:42.886 124300 DEBUG oslo_service.service [req-5d8b04d7-b963-44a1-84d6-7d4778a94906 - - - - -] ironic.collect_timing = False log_opt_values /usr/lib/python3/dist-packages/oslo_config/cfg.py:2609
2025-04-21 00:35:42.886 125752 DEBUG nova.service [req-368c32d1-f629-4ab8-812a-2ceae643c3d0 - - - - -] Join ServiceGroup membership for this service scheduler start /usr/lib/python3/dist-packages/nova/service.py:199
2025-04-21 00:35:42.886 124300 DEBUG oslo_service.service [req-5d8b04d7-b963-44a1-84d6-7d4778a94906 - - - - -] ironic.connect_retries = None log_opt_values /usr/lib/python3/dist-packages/oslo_config/cfg.py:2609
2025-04-21 00:35:42.887 124300 DEBUG oslo_service.service [req-5d8b04d7-b963-44a1-84d6-7d4778a94906 - - - - -] ironic.connect_retry_delay = None log_opt_values /usr/lib/python3/dist-packages/oslo_config/cfg.py:2609
2025-04-21 00:35:42.887 124300 DEBUG oslo_service.service [req-5d8b04d7-b963-44a1-84d6-7d4778a94906 - - - - -] ironic.endpoint_override = None log_opt_values /usr/lib/python3/dist-packages/oslo_config/cfg.py:2609
2025-04-21 00:35:42.887 125752 DEBUG nova.servicegroup.drivers.db [req-368c32d1-f629-4ab8-812a-2ceae643c3d0 - - - - -] DB_Driver: join new ServiceGroup member juju-20f57e-0-lxd-7 to the scheduler group, service = join /usr/lib/python3/dist-packages/nova/servicegroup/drivers/db.py:44
2025-04-21 00:35:42.887 124300 DEBUG oslo_service.service [req-5d8b04d7-b963-44a1-84d6-7d4778a94906 - - - - -] ironic.insecure = False log_opt_values /usr/lib/python3/dist-packages/oslo_config/cfg.py:2609
2025-04-21 00:35:42.886 125754 DEBUG nova.servicegroup.drivers.db [req-d27fb818-ac7a-44f5-84ef-636c5d232eec - - - - -] DB_Driver: join new ServiceGroup member juju-20f57e-0-lxd-7 to the scheduler group, service = join /usr/lib/python3/dist-packages/nova/servicegroup/drivers/db.py:44
2025-04-21 00:35:42.887 125746 DEBUG nova.service [req-cec668f0-aaee-44d6-86af-442376a3a9b2 - - - - -] Join ServiceGroup membership for this service scheduler start /usr/lib/python3/dist-packages/nova/service.py:199
2025-04-21 00:35:42.887 124300 DEBUG oslo_service.service [req-5d8b04d7-b963-44a1-84d6-7d4778a94906 - - - - -] ironic.keyfile = None log_opt_values /usr/lib/python3/dist-packages/oslo_config/cfg.py:2609
2025-04-21 00:35:42.887 124300 DEBUG oslo_service.service [req-5d8b04d7-b963-44a1-84d6-7d4778a94906 - - - - -] ironic.max_version = None log_opt_values /usr/lib/python3/dist-packages/oslo_config/cfg.py:2609
2025-04-21 00:35:42.887 124300 DEBUG oslo_service.service [req-5d8b04d7-b963-44a1-84d6-7d4778a94906 - - - - -] ironic.min_version = None log_opt_values /usr/lib/python3/dist-packages/oslo_config/cfg.py:2609
2025-04-21 00:35:42.887 125746 DEBUG nova.servicegroup.drivers.db [req-cec668f0-aaee-44d6-86af-442376a3a9b2 - - - - -] DB_Driver: join new ServiceGroup member juju-20f57e-0-lxd-7 to the scheduler group, service = join /usr/lib/python3/dist-packages/nova/servicegroup/drivers/db.py:44
2025-04-21 00:35:42.888 124300 DEBUG oslo_service.service [req-5d8b04d7-b963-44a1-84d6-7d4778a94906 - - - - -] ironic.partition_key = None log_opt_values /usr/lib/python3/dist-packages/oslo_config/cfg.py:2609
2025-04-21 00:35:42.888 124300 DEBUG oslo_service.service [req-5d8b04d7-b963-44a1-84d6-7d4778a94906 - - - - -] ironic.peer_list = [] log_opt_values /usr/lib/python3/dist-packages/oslo_config/cfg.py:2609
2025-04-21 00:35:42.888 124300 DEBUG oslo_service.service [req-5d8b04d7-b963-44a1-84d6-7d4778a94906 - - - - -] ironic.region_name = None log_opt_values /usr/lib/python3/dist-packages/oslo_config/cfg.py:2609
2025-04-21 00:35:42.888 124300 DEBUG oslo_service.service [req-5d8b04d7-b963-44a1-84d6-7d4778a94906 - - - - -] ironic.serial_console_state_timeout = 10 log_opt_values /usr/lib/python3/dist-packages/oslo_config/cfg.py:2609
2025-04-21 00:35:42.888 124300 DEBUG oslo_service.service [req-5d8b04d7-b963-44a1-84d6-7d4778a94906 - - - - -] ironic.service_name = None log_opt_values /usr/lib/python3/dist-packages/oslo_config/cfg.py:2609
2025-04-21 00:35:42.888 124300 DEBUG oslo_service.service [req-5d8b04d7-b963-44a1-84d6-7d4778a94906 - - - - -] ironic.service_type = baremetal log_opt_values /usr/lib/python3/dist-packages/oslo_config/cfg.py:2609
2025-04-21 00:35:42.888 125753 DEBUG oslo_messaging._drivers.amqpdriver [-] AMQPListener connection timeout poll /usr/lib/python3/dist-packages/oslo_messaging/_drivers/amqpdriver.py:360
2025-04-21 00:35:42.889 125753 DEBUG oslo_messaging._drivers.amqpdriver [-] Listener is running poll /usr/lib/python3/dist-packages/oslo_messaging/_drivers/amqpdriver.py:343
2025-04-21 00:35:42.889 124300 DEBUG oslo_service.service [req-5d8b04d7-b963-44a1-84d6-7d4778a94906 - - - - -] ironic.split_loggers = False log_opt_values /usr/lib/python3/dist-packages/oslo_config/cfg.py:2609
2025-04-21 00:35:42.889 125753 DEBUG oslo_messaging._drivers.amqpdriver [-] AMQPListener connection consume poll /usr/lib/python3/dist-packages/oslo_messaging/_drivers/amqpdriver.py:357
2025-04-21 00:35:42.889 124300 DEBUG oslo_service.service [req-5d8b04d7-b963-44a1-84d6-7d4778a94906 - - - - -] ironic.status_code_retries = None log_opt_values /usr/lib/python3/dist-packages/oslo_config/cfg.py:2609
2025-04-21 00:35:42.889 124300 DEBUG oslo_service.service [req-5d8b04d7-b963-44a1-84d6-7d4778a94906 - - - - -] ironic.status_code_retry_delay = None log_opt_values /usr/lib/python3/dist-packages/oslo_config/cfg.py:2609
2025-04-21 00:35:42.889 124300 DEBUG oslo_service.service [req-5d8b04d7-b963-44a1-84d6-7d4778a94906 - - - - -] ironic.timeout = None log_opt_values /usr/lib/python3/dist-packages/oslo_config/cfg.py:2609
2025-04-21 00:35:42.889 124300 DEBUG oslo_service.service [req-5d8b04d7-b963-44a1-84d6-7d4778a94906 - - - - -] ironic.valid_interfaces = ['internal', 'public'] log_opt_values /usr/lib/python3/dist-packages/oslo_config/cfg.py:2609
2025-04-21 00:35:42.889 125752 DEBUG oslo_messaging._drivers.amqpdriver [-] AMQPListener connection timeout poll /usr/lib/python3/dist-packages/oslo_messaging/_drivers/amqpdriver.py:360
2025-04-21 00:35:42.889 124300 DEBUG oslo_service.service [req-5d8b04d7-b963-44a1-84d6-7d4778a94906 - - - - -] ironic.version = None log_opt_values /usr/lib/python3/dist-packages/oslo_config/cfg.py:2609
2025-04-21 00:35:42.890 125752 DEBUG oslo_messaging._drivers.amqpdriver [-] Listener is running poll /usr/lib/python3/dist-packages/oslo_messaging/_drivers/amqpdriver.py:343
2025-04-21 00:35:42.890 125752 DEBUG oslo_messaging._drivers.amqpdriver [-] AMQPListener connection consume poll /usr/lib/python3/dist-packages/oslo_messaging/_drivers/amqpdriver.py:357
2025-04-21 00:35:42.890 124300 DEBUG oslo_service.service [req-5d8b04d7-b963-44a1-84d6-7d4778a94906 - - - - -] key_manager.backend = barbican log_opt_values /usr/lib/python3/dist-packages/oslo_config/cfg.py:2609
2025-04-21 00:35:42.890 124300 DEBUG oslo_service.service [req-5d8b04d7-b963-44a1-84d6-7d4778a94906 - - - - -] key_manager.fixed_key = **** log_opt_values /usr/lib/python3/dist-packages/oslo_config/cfg.py:2609
2025-04-21 00:35:42.890 124300 DEBUG oslo_service.service [req-5d8b04d7-b963-44a1-84d6-7d4778a94906 - - - - -] barbican.auth_endpoint = http://localhost/identity/v3 log_opt_values /usr/lib/python3/dist-packages/oslo_config/cfg.py:2609
2025-04-21 00:35:42.890 125746 DEBUG oslo_messaging._drivers.amqpdriver [-] AMQPListener connection timeout poll /usr/lib/python3/dist-packages/oslo_messaging/_drivers/amqpdriver.py:360
2025-04-21 00:35:42.890 124300 DEBUG oslo_service.service [req-5d8b04d7-b963-44a1-84d6-7d4778a94906 - - - - -] barbican.barbican_api_version = None log_opt_values /usr/lib/python3/dist-packages/oslo_config/cfg.py:2609
2025-04-21 00:35:42.890 124300 DEBUG oslo_service.service [req-5d8b04d7-b963-44a1-84d6-7d4778a94906 - - - - -] barbican.barbican_endpoint = None log_opt_values /usr/lib/python3/dist-packages/oslo_config/cfg.py:2609
2025-04-21 00:35:42.890 125746 DEBUG oslo_messaging._drivers.amqpdriver [-] Listener is running poll /usr/lib/python3/dist-packages/oslo_messaging/_drivers/amqpdriver.py:343
2025-04-21 00:35:42.891 124300 DEBUG oslo_service.service [req-5d8b04d7-b963-44a1-84d6-7d4778a94906 - - - - -] barbican.barbican_endpoint_type = public log_opt_values /usr/lib/python3/dist-packages/oslo_config/cfg.py:2609
2025-04-21 00:35:42.891 125746 DEBUG oslo_messaging._drivers.amqpdriver [-] AMQPListener connection consume poll /usr/lib/python3/dist-packages/oslo_messaging/_drivers/amqpdriver.py:357
2025-04-21 00:35:42.891 125754 DEBUG oslo_messaging._drivers.amqpdriver [-] AMQPListener connection timeout poll /usr/lib/python3/dist-packages/oslo_messaging/_drivers/amqpdriver.py:360
2025-04-21 00:35:42.891 124300 DEBUG oslo_service.service [req-5d8b04d7-b963-44a1-84d6-7d4778a94906 - - - - -] barbican.barbican_region_name = None log_opt_values /usr/lib/python3/dist-packages/oslo_config/cfg.py:2609
2025-04-21 00:35:42.891 125754 DEBUG oslo_messaging._drivers.amqpdriver [-] Listener is running poll /usr/lib/python3/dist-packages/oslo_messaging/_drivers/amqpdriver.py:343
2025-04-21 00:35:42.891 124300 DEBUG oslo_service.service [req-5d8b04d7-b963-44a1-84d6-7d4778a94906 - - - - -] barbican.cafile = None log_opt_values /usr/lib/python3/dist-packages/oslo_config/cfg.py:2609
2025-04-21 00:35:42.891 125754 DEBUG oslo_messaging._drivers.amqpdriver [-] AMQPListener connection consume poll /usr/lib/python3/dist-packages/oslo_messaging/_drivers/amqpdriver.py:357
2025-04-21 00:35:42.891 124300 DEBUG oslo_service.service [req-5d8b04d7-b963-44a1-84d6-7d4778a94906 - - - - -] barbican.certfile = None log_opt_values /usr/lib/python3/dist-packages/oslo_config/cfg.py:2609
2025-04-21 00:35:42.891 124300 DEBUG oslo_service.service [req-5d8b04d7-b963-44a1-84d6-7d4778a94906 - - - - -] barbican.collect_timing = False log_opt_values /usr/lib/python3/dist-packages/oslo_config/cfg.py:2609
2025-04-21 00:35:42.892 124300 DEBUG oslo_service.service [req-5d8b04d7-b963-44a1-84d6-7d4778a94906 - - - - -] barbican.insecure = False log_opt_values /usr/lib/python3/dist-packages/oslo_config/cfg.py:2609
2025-04-21 00:35:42.892 124300 DEBUG oslo_service.service [req-5d8b04d7-b963-44a1-84d6-7d4778a94906 - - - - -] barbican.keyfile = None log_opt_values /usr/lib/python3/dist-packages/oslo_config/cfg.py:2609
2025-04-21 00:35:42.892 124300 DEBUG oslo_service.service [req-5d8b04d7-b963-44a1-84d6-7d4778a94906 - - - - -] barbican.number_of_retries = 60 log_opt_values /usr/lib/python3/dist-packages/oslo_config/cfg.py:2609
2025-04-21 00:35:42.892 124300 DEBUG oslo_service.service [req-5d8b04d7-b963-44a1-84d6-7d4778a94906 - - - - -] barbican.retry_delay = 1 log_opt_values /usr/lib/python3/dist-packages/oslo_config/cfg.py:2609
2025-04-21 00:35:42.892 124300 DEBUG oslo_service.service [req-5d8b04d7-b963-44a1-84d6-7d4778a94906 - - - - -] barbican.send_service_user_token = False log_opt_values /usr/lib/python3/dist-packages/oslo_config/cfg.py:2609
2025-04-21 00:35:42.892 124300 DEBUG oslo_service.service [req-5d8b04d7-b963-44a1-84d6-7d4778a94906 - - - - -] barbican.split_loggers = False log_opt_values /usr/lib/python3/dist-packages/oslo_config/cfg.py:2609
2025-04-21 00:35:42.893 124300 DEBUG oslo_service.service [req-5d8b04d7-b963-44a1-84d6-7d4778a94906 - - - - -] barbican.timeout = None log_opt_values /usr/lib/python3/dist-packages/oslo_config/cfg.py:2609
2025-04-21 00:35:42.893 124300 DEBUG oslo_service.service [req-5d8b04d7-b963-44a1-84d6-7d4778a94906 - - - - -] barbican.verify_ssl = True log_opt_values /usr/lib/python3/dist-packages/oslo_config/cfg.py:2609
2025-04-21 00:35:42.893 124300 DEBUG oslo_service.service [req-5d8b04d7-b963-44a1-84d6-7d4778a94906 - - - - -] barbican.verify_ssl_path = None log_opt_values /usr/lib/python3/dist-packages/oslo_config/cfg.py:2609
2025-04-21 00:35:42.893 124300 DEBUG oslo_service.service [req-5d8b04d7-b963-44a1-84d6-7d4778a94906 - - - - -] barbican_service_user.auth_section = None log_opt_values /usr/lib/python3/dist-packages/oslo_config/cfg.py:2609
2025-04-21 00:35:42.893 124300 DEBUG oslo_service.service [req-5d8b04d7-b963-44a1-84d6-7d4778a94906 - - - - -] barbican_service_user.auth_type = None log_opt_values /usr/lib/python3/dist-packages/oslo_config/cfg.py:2609
2025-04-21 00:35:42.893 124300 DEBUG oslo_service.service [req-5d8b04d7-b963-44a1-84d6-7d4778a94906 - - - - -] barbican_service_user.cafile = None log_opt_values /usr/lib/python3/dist-packages/oslo_config/cfg.py:2609
2025-04-21 00:35:42.894 124300 DEBUG oslo_service.service [req-5d8b04d7-b963-44a1-84d6-7d4778a94906 - - - - -] barbican_service_user.certfile = None log_opt_values /usr/lib/python3/dist-packages/oslo_config/cfg.py:2609
2025-04-21 00:35:42.894 124300 DEBUG oslo_service.service [req-5d8b04d7-b963-44a1-84d6-7d4778a94906 - - - - -] barbican_service_user.collect_timing = False log_opt_values /usr/lib/python3/dist-packages/oslo_config/cfg.py:2609
2025-04-21 00:35:42.894 124300 DEBUG oslo_service.service [req-5d8b04d7-b963-44a1-84d6-7d4778a94906 - - - - -] barbican_service_user.insecure = False log_opt_values /usr/lib/python3/dist-packages/oslo_config/cfg.py:2609
2025-04-21 00:35:42.894 124300 DEBUG oslo_service.service [req-5d8b04d7-b963-44a1-84d6-7d4778a94906 - - - - -] barbican_service_user.keyfile = None log_opt_values /usr/lib/python3/dist-packages/oslo_config/cfg.py:2609
2025-04-21 00:35:42.894 124300 DEBUG oslo_service.service [req-5d8b04d7-b963-44a1-84d6-7d4778a94906 - - - - -] barbican_service_user.split_loggers = False log_opt_values /usr/lib/python3/dist-packages/oslo_config/cfg.py:2609
2025-04-21 00:35:42.894 124300 DEBUG oslo_service.service [req-5d8b04d7-b963-44a1-84d6-7d4778a94906 - - - - -] barbican_service_user.timeout = None log_opt_values /usr/lib/python3/dist-packages/oslo_config/cfg.py:2609
2025-04-21 00:35:42.894 124300 DEBUG oslo_service.service [req-5d8b04d7-b963-44a1-84d6-7d4778a94906 - - - - -] vault.approle_role_id = None log_opt_values /usr/lib/python3/dist-packages/oslo_config/cfg.py:2609
2025-04-21 00:35:42.895 124300 DEBUG oslo_service.service [req-5d8b04d7-b963-44a1-84d6-7d4778a94906 - - - - -] vault.approle_secret_id = None log_opt_values /usr/lib/python3/dist-packages/oslo_config/cfg.py:2609
2025-04-21 00:35:42.895 124300 DEBUG oslo_service.service [req-5d8b04d7-b963-44a1-84d6-7d4778a94906 - - - - -] vault.cafile = None log_opt_values /usr/lib/python3/dist-packages/oslo_config/cfg.py:2609
2025-04-21 00:35:42.895 124300 DEBUG oslo_service.service [req-5d8b04d7-b963-44a1-84d6-7d4778a94906 - - - - -] vault.certfile = None log_opt_values /usr/lib/python3/dist-packages/oslo_config/cfg.py:2609
2025-04-21 00:35:42.895 124300 DEBUG oslo_service.service [req-5d8b04d7-b963-44a1-84d6-7d4778a94906 - - - - -] vault.collect_timing = False log_opt_values /usr/lib/python3/dist-packages/oslo_config/cfg.py:2609
2025-04-21 00:35:42.895 124300 DEBUG oslo_service.service [req-5d8b04d7-b963-44a1-84d6-7d4778a94906 - - - - -] vault.insecure = False log_opt_values /usr/lib/python3/dist-packages/oslo_config/cfg.py:2609
2025-04-21 00:35:42.895 124300 DEBUG oslo_service.service [req-5d8b04d7-b963-44a1-84d6-7d4778a94906 - - - - -] vault.keyfile = None log_opt_values /usr/lib/python3/dist-packages/oslo_config/cfg.py:2609
2025-04-21 00:35:42.896 124300 DEBUG oslo_service.service [req-5d8b04d7-b963-44a1-84d6-7d4778a94906 - - - - -] vault.kv_mountpoint = secret log_opt_values /usr/lib/python3/dist-packages/oslo_config/cfg.py:2609
2025-04-21 00:35:42.896 124300 DEBUG oslo_service.service [req-5d8b04d7-b963-44a1-84d6-7d4778a94906 - - - - -] vault.kv_version = 2 log_opt_values /usr/lib/python3/dist-packages/oslo_config/cfg.py:2609
2025-04-21 00:35:42.896 124300 DEBUG oslo_service.service [req-5d8b04d7-b963-44a1-84d6-7d4778a94906 - - - - -] vault.namespace = None log_opt_values /usr/lib/python3/dist-packages/oslo_config/cfg.py:2609
2025-04-21 00:35:42.896 124300 DEBUG oslo_service.service [req-5d8b04d7-b963-44a1-84d6-7d4778a94906 - - - - -] vault.root_token_id = None log_opt_values /usr/lib/python3/dist-packages/oslo_config/cfg.py:2609
2025-04-21 00:35:42.896 124300 DEBUG oslo_service.service [req-5d8b04d7-b963-44a1-84d6-7d4778a94906 - - - - -] vault.split_loggers = False log_opt_values /usr/lib/python3/dist-packages/oslo_config/cfg.py:2609
2025-04-21 00:35:42.896 124300 DEBUG oslo_service.service [req-5d8b04d7-b963-44a1-84d6-7d4778a94906 - - - - -] vault.ssl_ca_crt_file = None log_opt_values /usr/lib/python3/dist-packages/oslo_config/cfg.py:2609
2025-04-21 00:35:42.897 124300 DEBUG oslo_service.service [req-5d8b04d7-b963-44a1-84d6-7d4778a94906 - - - - -] vault.timeout = None log_opt_values /usr/lib/python3/dist-packages/oslo_config/cfg.py:2609
2025-04-21 00:35:42.897 124300 DEBUG oslo_service.service [req-5d8b04d7-b963-44a1-84d6-7d4778a94906 - - - - -] vault.use_ssl = False log_opt_values /usr/lib/python3/dist-packages/oslo_config/cfg.py:2609
2025-04-21 00:35:42.897 124300 DEBUG oslo_service.service [req-5d8b04d7-b963-44a1-84d6-7d4778a94906 - - - - -] vault.vault_url = http://127.0.0.1:8200 log_opt_values /usr/lib/python3/dist-packages/oslo_config/cfg.py:2609
2025-04-21 00:35:42.897 124300 DEBUG oslo_service.service [req-5d8b04d7-b963-44a1-84d6-7d4778a94906 - - - - -] keystone.cafile = None log_opt_values /usr/lib/python3/dist-packages/oslo_config/cfg.py:2609
2025-04-21 00:35:42.897 124300 DEBUG oslo_service.service [req-5d8b04d7-b963-44a1-84d6-7d4778a94906 - - - - -] keystone.certfile = None log_opt_values /usr/lib/python3/dist-packages/oslo_config/cfg.py:2609
2025-04-21 00:35:42.898 124300 DEBUG oslo_service.service [req-5d8b04d7-b963-44a1-84d6-7d4778a94906 - - - - -] keystone.collect_timing = False log_opt_values /usr/lib/python3/dist-packages/oslo_config/cfg.py:2609
2025-04-21 00:35:42.898 124300 DEBUG oslo_service.service [req-5d8b04d7-b963-44a1-84d6-7d4778a94906 - - - - -] keystone.connect_retries = None log_opt_values /usr/lib/python3/dist-packages/oslo_config/cfg.py:2609
2025-04-21 00:35:42.898 124300 DEBUG oslo_service.service [req-5d8b04d7-b963-44a1-84d6-7d4778a94906 - - - - -] keystone.connect_retry_delay = None log_opt_values /usr/lib/python3/dist-packages/oslo_config/cfg.py:2609
2025-04-21 00:35:42.898 124300 DEBUG oslo_service.service [req-5d8b04d7-b963-44a1-84d6-7d4778a94906 - - - - -] keystone.endpoint_override = None log_opt_values /usr/lib/python3/dist-packages/oslo_config/cfg.py:2609
2025-04-21 00:35:42.898 124300 DEBUG oslo_service.service [req-5d8b04d7-b963-44a1-84d6-7d4778a94906 - - - - -] keystone.insecure = False log_opt_values /usr/lib/python3/dist-packages/oslo_config/cfg.py:2609
2025-04-21 00:35:42.898 124300 DEBUG oslo_service.service [req-5d8b04d7-b963-44a1-84d6-7d4778a94906 - - - - -] keystone.keyfile = None log_opt_values /usr/lib/python3/dist-packages/oslo_config/cfg.py:2609
2025-04-21 00:35:42.898 124300 DEBUG oslo_service.service [req-5d8b04d7-b963-44a1-84d6-7d4778a94906 - - - - -] keystone.max_version = None log_opt_values /usr/lib/python3/dist-packages/oslo_config/cfg.py:2609
2025-04-21 00:35:42.899 124300 DEBUG oslo_service.service [req-5d8b04d7-b963-44a1-84d6-7d4778a94906 - - - - -] keystone.min_version = None log_opt_values /usr/lib/python3/dist-packages/oslo_config/cfg.py:2609
2025-04-21 00:35:42.899 124300 DEBUG oslo_service.service [req-5d8b04d7-b963-44a1-84d6-7d4778a94906 - - - - -] keystone.region_name = None log_opt_values /usr/lib/python3/dist-packages/oslo_config/cfg.py:2609
2025-04-21 00:35:42.899 124300 DEBUG oslo_service.service [req-5d8b04d7-b963-44a1-84d6-7d4778a94906 - - - - -] keystone.service_name = None log_opt_values /usr/lib/python3/dist-packages/oslo_config/cfg.py:2609
2025-04-21 00:35:42.899 124300 DEBUG oslo_service.service [req-5d8b04d7-b963-44a1-84d6-7d4778a94906 - - - - -] keystone.service_type = identity log_opt_values /usr/lib/python3/dist-packages/oslo_config/cfg.py:2609
2025-04-21 00:35:42.899 124300 DEBUG oslo_service.service [req-5d8b04d7-b963-44a1-84d6-7d4778a94906 - - - - -] keystone.split_loggers = False log_opt_values /usr/lib/python3/dist-packages/oslo_config/cfg.py:2609
2025-04-21 00:35:42.899 124300 DEBUG oslo_service.service [req-5d8b04d7-b963-44a1-84d6-7d4778a94906 - - - - -] keystone.status_code_retries = None log_opt_values /usr/lib/python3/dist-packages/oslo_config/cfg.py:2609
2025-04-21 00:35:42.900 124300 DEBUG oslo_service.service [req-5d8b04d7-b963-44a1-84d6-7d4778a94906 - - - - -] keystone.status_code_retry_delay = None log_opt_values /usr/lib/python3/dist-packages/oslo_config/cfg.py:2609
2025-04-21 00:35:42.900 124300 DEBUG oslo_service.service [req-5d8b04d7-b963-44a1-84d6-7d4778a94906 - - - - -] keystone.timeout = None log_opt_values /usr/lib/python3/dist-packages/oslo_config/cfg.py:2609
2025-04-21 00:35:42.900 124300 DEBUG oslo_service.service [req-5d8b04d7-b963-44a1-84d6-7d4778a94906 - - - - -] keystone.valid_interfaces = ['internal', 'public'] log_opt_values /usr/lib/python3/dist-packages/oslo_config/cfg.py:2609
2025-04-21 00:35:42.900 124300 DEBUG oslo_service.service [req-5d8b04d7-b963-44a1-84d6-7d4778a94906 - - - - -] keystone.version = None log_opt_values /usr/lib/python3/dist-packages/oslo_config/cfg.py:2609
2025-04-21 00:35:42.900 124300 DEBUG oslo_service.service [req-5d8b04d7-b963-44a1-84d6-7d4778a94906 - - - - -] libvirt.connection_uri = log_opt_values /usr/lib/python3/dist-packages/oslo_config/cfg.py:2609
2025-04-21 00:35:42.901 124300 DEBUG oslo_service.service [req-5d8b04d7-b963-44a1-84d6-7d4778a94906 - - - - -] libvirt.cpu_mode = None log_opt_values /usr/lib/python3/dist-packages/oslo_config/cfg.py:2609
2025-04-21 00:35:42.901 124300 DEBUG oslo_service.service [req-5d8b04d7-b963-44a1-84d6-7d4778a94906 - - - - -] libvirt.cpu_model_extra_flags = [] log_opt_values /usr/lib/python3/dist-packages/oslo_config/cfg.py:2609
2025-04-21 00:35:42.901 124300 DEBUG oslo_service.service [req-5d8b04d7-b963-44a1-84d6-7d4778a94906 - - - - -] libvirt.cpu_models = [] log_opt_values /usr/lib/python3/dist-packages/oslo_config/cfg.py:2609
2025-04-21 00:35:42.901 124300 DEBUG oslo_service.service [req-5d8b04d7-b963-44a1-84d6-7d4778a94906 - - - - -] libvirt.device_detach_attempts = 8 log_opt_values /usr/lib/python3/dist-packages/oslo_config/cfg.py:2609
2025-04-21 00:35:42.901 124300 DEBUG oslo_service.service [req-5d8b04d7-b963-44a1-84d6-7d4778a94906 - - - - -] libvirt.device_detach_timeout = 20 log_opt_values /usr/lib/python3/dist-packages/oslo_config/cfg.py:2609
2025-04-21 00:35:42.901 124300 DEBUG oslo_service.service [req-5d8b04d7-b963-44a1-84d6-7d4778a94906 - - - - -] libvirt.disk_cachemodes = [] log_opt_values /usr/lib/python3/dist-packages/oslo_config/cfg.py:2609
2025-04-21 00:35:42.902 124300 DEBUG oslo_service.service [req-5d8b04d7-b963-44a1-84d6-7d4778a94906 - - - - -] libvirt.disk_prefix = None log_opt_values /usr/lib/python3/dist-packages/oslo_config/cfg.py:2609
2025-04-21 00:35:42.902 124300 DEBUG oslo_service.service [req-5d8b04d7-b963-44a1-84d6-7d4778a94906 - - - - -] libvirt.enabled_perf_events = [] log_opt_values /usr/lib/python3/dist-packages/oslo_config/cfg.py:2609
2025-04-21 00:35:42.902 124300 DEBUG oslo_service.service [req-5d8b04d7-b963-44a1-84d6-7d4778a94906 - - - - -] libvirt.file_backed_memory = 0 log_opt_values /usr/lib/python3/dist-packages/oslo_config/cfg.py:2609
2025-04-21 00:35:42.902 124300 DEBUG oslo_service.service [req-5d8b04d7-b963-44a1-84d6-7d4778a94906 - - - - -] libvirt.gid_maps = [] log_opt_values /usr/lib/python3/dist-packages/oslo_config/cfg.py:2609
2025-04-21 00:35:42.902 124300 DEBUG oslo_service.service [req-5d8b04d7-b963-44a1-84d6-7d4778a94906 - - - - -] libvirt.hw_disk_discard = None log_opt_values /usr/lib/python3/dist-packages/oslo_config/cfg.py:2609
2025-04-21 00:35:42.902 124300 DEBUG oslo_service.service [req-5d8b04d7-b963-44a1-84d6-7d4778a94906 - - - - -] libvirt.hw_machine_type = None log_opt_values /usr/lib/python3/dist-packages/oslo_config/cfg.py:2609
2025-04-21 00:35:42.903 124300 DEBUG oslo_service.service [req-5d8b04d7-b963-44a1-84d6-7d4778a94906 - - - - -] libvirt.images_rbd_ceph_conf = log_opt_values /usr/lib/python3/dist-packages/oslo_config/cfg.py:2609
2025-04-21 00:35:42.903 124300 DEBUG oslo_service.service [req-5d8b04d7-b963-44a1-84d6-7d4778a94906 - - - - -] libvirt.images_rbd_glance_copy_poll_interval = 15 log_opt_values /usr/lib/python3/dist-packages/oslo_config/cfg.py:2609
2025-04-21 00:35:42.903 124300 DEBUG oslo_service.service [req-5d8b04d7-b963-44a1-84d6-7d4778a94906 - - - - -] libvirt.images_rbd_glance_copy_timeout = 600 log_opt_values /usr/lib/python3/dist-packages/oslo_config/cfg.py:2609
2025-04-21 00:35:42.903 124300 DEBUG oslo_service.service [req-5d8b04d7-b963-44a1-84d6-7d4778a94906 - - - - -] libvirt.images_rbd_glance_store_name = log_opt_values /usr/lib/python3/dist-packages/oslo_config/cfg.py:2609
