2025-04-21 00:37:32.876 145102 DEBUG oslo_service.service [req-8f230c1c-d8ac-499c-b304-2cfdbf9df833 - - - - -] zvm.cloud_connector_url = None log_opt_values /usr/lib/python3/dist-packages/oslo_config/cfg.py:2609
2025-04-21 00:37:32.876 145102 DEBUG oslo_service.service [req-8f230c1c-d8ac-499c-b304-2cfdbf9df833 - - - - -] zvm.image_tmp_path = /var/lib/nova/images log_opt_values /usr/lib/python3/dist-packages/oslo_config/cfg.py:2609
2025-04-21 00:37:32.876 145102 DEBUG oslo_service.service [req-8f230c1c-d8ac-499c-b304-2cfdbf9df833 - - - - -] zvm.reachable_timeout = 300 log_opt_values /usr/lib/python3/dist-packages/oslo_config/cfg.py:2609
2025-04-21 00:37:32.876 145102 DEBUG oslo_service.service [req-8f230c1c-d8ac-499c-b304-2cfdbf9df833 - - - - -] oslo_messaging_metrics.metrics_buffer_size = 1000 log_opt_values /usr/lib/python3/dist-packages/oslo_config/cfg.py:2609
2025-04-21 00:37:32.877 145102 DEBUG oslo_service.service [req-8f230c1c-d8ac-499c-b304-2cfdbf9df833 - - - - -] oslo_messaging_metrics.metrics_enabled = False log_opt_values /usr/lib/python3/dist-packages/oslo_config/cfg.py:2609
2025-04-21 00:37:32.877 145102 DEBUG oslo_service.service [req-8f230c1c-d8ac-499c-b304-2cfdbf9df833 - - - - -] oslo_messaging_metrics.metrics_process_name = log_opt_values /usr/lib/python3/dist-packages/oslo_config/cfg.py:2609
2025-04-21 00:37:32.877 145102 DEBUG oslo_service.service [req-8f230c1c-d8ac-499c-b304-2cfdbf9df833 - - - - -] oslo_messaging_metrics.metrics_socket_file = /var/tmp/metrics_collector.sock log_opt_values /usr/lib/python3/dist-packages/oslo_config/cfg.py:2609
2025-04-21 00:37:32.877 145102 DEBUG oslo_service.service [req-8f230c1c-d8ac-499c-b304-2cfdbf9df833 - - - - -] oslo_messaging_metrics.metrics_thread_stop_timeout = 10 log_opt_values /usr/lib/python3/dist-packages/oslo_config/cfg.py:2609
2025-04-21 00:37:32.878 145102 DEBUG oslo_service.service [req-8f230c1c-d8ac-499c-b304-2cfdbf9df833 - - - - -] oslo_policy.enforce_new_defaults = False log_opt_values /usr/lib/python3/dist-packages/oslo_config/cfg.py:2609
2025-04-21 00:37:32.878 145102 DEBUG oslo_service.service [req-8f230c1c-d8ac-499c-b304-2cfdbf9df833 - - - - -] oslo_policy.enforce_scope = False log_opt_values /usr/lib/python3/dist-packages/oslo_config/cfg.py:2609
2025-04-21 00:37:32.878 145102 DEBUG oslo_service.service [req-8f230c1c-d8ac-499c-b304-2cfdbf9df833 - - - - -] oslo_policy.policy_default_rule = default log_opt_values /usr/lib/python3/dist-packages/oslo_config/cfg.py:2609
2025-04-21 00:37:32.879 145102 DEBUG oslo_service.service [req-8f230c1c-d8ac-499c-b304-2cfdbf9df833 - - - - -] oslo_policy.policy_dirs = ['policy.d'] log_opt_values /usr/lib/python3/dist-packages/oslo_config/cfg.py:2609
2025-04-21 00:37:32.879 145102 DEBUG oslo_service.service [req-8f230c1c-d8ac-499c-b304-2cfdbf9df833 - - - - -] oslo_policy.policy_file = policy.yaml log_opt_values /usr/lib/python3/dist-packages/oslo_config/cfg.py:2609
2025-04-21 00:37:32.879 145102 DEBUG oslo_service.service [req-8f230c1c-d8ac-499c-b304-2cfdbf9df833 - - - - -] oslo_policy.remote_content_type = application/x-www-form-urlencoded log_opt_values /usr/lib/python3/dist-packages/oslo_config/cfg.py:2609
2025-04-21 00:37:32.879 145102 DEBUG oslo_service.service [req-8f230c1c-d8ac-499c-b304-2cfdbf9df833 - - - - -] oslo_policy.remote_ssl_ca_crt_file = None log_opt_values /usr/lib/python3/dist-packages/oslo_config/cfg.py:2609
2025-04-21 00:37:32.879 145102 DEBUG oslo_service.service [req-8f230c1c-d8ac-499c-b304-2cfdbf9df833 - - - - -] oslo_policy.remote_ssl_client_crt_file = None log_opt_values /usr/lib/python3/dist-packages/oslo_config/cfg.py:2609
2025-04-21 00:37:32.879 145102 DEBUG oslo_service.service [req-8f230c1c-d8ac-499c-b304-2cfdbf9df833 - - - - -] oslo_policy.remote_ssl_client_key_file = None log_opt_values /usr/lib/python3/dist-packages/oslo_config/cfg.py:2609
2025-04-21 00:37:32.880 145102 DEBUG oslo_service.service [req-8f230c1c-d8ac-499c-b304-2cfdbf9df833 - - - - -] oslo_policy.remote_ssl_verify_server_crt = False log_opt_values /usr/lib/python3/dist-packages/oslo_config/cfg.py:2609
2025-04-21 00:37:32.880 145102 DEBUG oslo_service.service [req-8f230c1c-d8ac-499c-b304-2cfdbf9df833 - - - - -] oslo_versionedobjects.fatal_exception_format_errors = False log_opt_values /usr/lib/python3/dist-packages/oslo_config/cfg.py:2609
2025-04-21 00:37:32.880 145102 DEBUG oslo_service.service [req-8f230c1c-d8ac-499c-b304-2cfdbf9df833 - - - - -] oslo_middleware.http_basic_auth_user_file = /etc/htpasswd log_opt_values /usr/lib/python3/dist-packages/oslo_config/cfg.py:2609
2025-04-21 00:37:32.880 145102 DEBUG oslo_service.service [req-8f230c1c-d8ac-499c-b304-2cfdbf9df833 - - - - -] profiler.connection_string = messaging:// log_opt_values /usr/lib/python3/dist-packages/oslo_config/cfg.py:2609
2025-04-21 00:37:32.880 145102 DEBUG oslo_service.service [req-8f230c1c-d8ac-499c-b304-2cfdbf9df833 - - - - -] profiler.enabled = False log_opt_values /usr/lib/python3/dist-packages/oslo_config/cfg.py:2609
2025-04-21 00:37:32.881 145102 DEBUG oslo_service.service [req-8f230c1c-d8ac-499c-b304-2cfdbf9df833 - - - - -] profiler.es_doc_type = notification log_opt_values /usr/lib/python3/dist-packages/oslo_config/cfg.py:2609
2025-04-21 00:37:32.881 145102 DEBUG oslo_service.service [req-8f230c1c-d8ac-499c-b304-2cfdbf9df833 - - - - -] profiler.es_scroll_size = 10000 log_opt_values /usr/lib/python3/dist-packages/oslo_config/cfg.py:2609
2025-04-21 00:37:32.881 145102 DEBUG oslo_service.service [req-8f230c1c-d8ac-499c-b304-2cfdbf9df833 - - - - -] profiler.es_scroll_time = 2m log_opt_values /usr/lib/python3/dist-packages/oslo_config/cfg.py:2609
2025-04-21 00:37:32.881 145102 DEBUG oslo_service.service [req-8f230c1c-d8ac-499c-b304-2cfdbf9df833 - - - - -] profiler.filter_error_trace = False log_opt_values /usr/lib/python3/dist-packages/oslo_config/cfg.py:2609
2025-04-21 00:37:32.881 145102 DEBUG oslo_service.service [req-8f230c1c-d8ac-499c-b304-2cfdbf9df833 - - - - -] profiler.hmac_keys = SECRET_KEY log_opt_values /usr/lib/python3/dist-packages/oslo_config/cfg.py:2609
2025-04-21 00:37:32.881 145102 DEBUG oslo_service.service [req-8f230c1c-d8ac-499c-b304-2cfdbf9df833 - - - - -] profiler.sentinel_service_name = mymaster log_opt_values /usr/lib/python3/dist-packages/oslo_config/cfg.py:2609
2025-04-21 00:37:32.882 145102 DEBUG oslo_service.service [req-8f230c1c-d8ac-499c-b304-2cfdbf9df833 - - - - -] profiler.socket_timeout = 0.1 log_opt_values /usr/lib/python3/dist-packages/oslo_config/cfg.py:2609
2025-04-21 00:37:32.882 145102 DEBUG oslo_service.service [req-8f230c1c-d8ac-499c-b304-2cfdbf9df833 - - - - -] profiler.trace_sqlalchemy = False log_opt_values /usr/lib/python3/dist-packages/oslo_config/cfg.py:2609
2025-04-21 00:37:32.882 145102 DEBUG oslo_service.service [req-8f230c1c-d8ac-499c-b304-2cfdbf9df833 - - - - -] remote_debug.host = None log_opt_values /usr/lib/python3/dist-packages/oslo_config/cfg.py:2609
2025-04-21 00:37:32.882 145102 DEBUG oslo_service.service [req-8f230c1c-d8ac-499c-b304-2cfdbf9df833 - - - - -] remote_debug.port = None log_opt_values /usr/lib/python3/dist-packages/oslo_config/cfg.py:2609
2025-04-21 00:37:32.882 145102 DEBUG oslo_service.service [req-8f230c1c-d8ac-499c-b304-2cfdbf9df833 - - - - -] oslo_messaging_rabbit.amqp_auto_delete = False log_opt_values /usr/lib/python3/dist-packages/oslo_config/cfg.py:2609
2025-04-21 00:37:32.882 145102 DEBUG oslo_service.service [req-8f230c1c-d8ac-499c-b304-2cfdbf9df833 - - - - -] oslo_messaging_rabbit.amqp_durable_queues = False log_opt_values /usr/lib/python3/dist-packages/oslo_config/cfg.py:2609
2025-04-21 00:37:32.883 145102 DEBUG oslo_service.service [req-8f230c1c-d8ac-499c-b304-2cfdbf9df833 - - - - -] oslo_messaging_rabbit.conn_pool_min_size = 2 log_opt_values /usr/lib/python3/dist-packages/oslo_config/cfg.py:2609
2025-04-21 00:37:32.883 145102 DEBUG oslo_service.service [req-8f230c1c-d8ac-499c-b304-2cfdbf9df833 - - - - -] oslo_messaging_rabbit.conn_pool_ttl = 1200 log_opt_values /usr/lib/python3/dist-packages/oslo_config/cfg.py:2609
2025-04-21 00:37:32.883 145102 DEBUG oslo_service.service [req-8f230c1c-d8ac-499c-b304-2cfdbf9df833 - - - - -] oslo_messaging_rabbit.direct_mandatory_flag = True log_opt_values /usr/lib/python3/dist-packages/oslo_config/cfg.py:2609
2025-04-21 00:37:32.883 145102 DEBUG oslo_service.service [req-8f230c1c-d8ac-499c-b304-2cfdbf9df833 - - - - -] oslo_messaging_rabbit.enable_cancel_on_failover = False log_opt_values /usr/lib/python3/dist-packages/oslo_config/cfg.py:2609
2025-04-21 00:37:32.883 145102 DEBUG oslo_service.service [req-8f230c1c-d8ac-499c-b304-2cfdbf9df833 - - - - -] oslo_messaging_rabbit.heartbeat_in_pthread = False log_opt_values /usr/lib/python3/dist-packages/oslo_config/cfg.py:2609
2025-04-21 00:37:32.884 145102 DEBUG oslo_service.service [req-8f230c1c-d8ac-499c-b304-2cfdbf9df833 - - - - -] oslo_messaging_rabbit.heartbeat_rate = 2 log_opt_values /usr/lib/python3/dist-packages/oslo_config/cfg.py:2609
2025-04-21 00:37:32.884 145102 DEBUG oslo_service.service [req-8f230c1c-d8ac-499c-b304-2cfdbf9df833 - - - - -] oslo_messaging_rabbit.heartbeat_timeout_threshold = 60 log_opt_values /usr/lib/python3/dist-packages/oslo_config/cfg.py:2609
2025-04-21 00:37:32.884 145102 DEBUG oslo_service.service [req-8f230c1c-d8ac-499c-b304-2cfdbf9df833 - - - - -] oslo_messaging_rabbit.kombu_compression = None log_opt_values /usr/lib/python3/dist-packages/oslo_config/cfg.py:2609
2025-04-21 00:37:32.884 145102 DEBUG oslo_service.service [req-8f230c1c-d8ac-499c-b304-2cfdbf9df833 - - - - -] oslo_messaging_rabbit.kombu_failover_strategy = round-robin log_opt_values /usr/lib/python3/dist-packages/oslo_config/cfg.py:2609
2025-04-21 00:37:32.885 145102 DEBUG oslo_service.service [req-8f230c1c-d8ac-499c-b304-2cfdbf9df833 - - - - -] oslo_messaging_rabbit.kombu_missing_consumer_retry_timeout = 60 log_opt_values /usr/lib/python3/dist-packages/oslo_config/cfg.py:2609
2025-04-21 00:37:32.885 145102 DEBUG oslo_service.service [req-8f230c1c-d8ac-499c-b304-2cfdbf9df833 - - - - -] oslo_messaging_rabbit.kombu_reconnect_delay = 1.0 log_opt_values /usr/lib/python3/dist-packages/oslo_config/cfg.py:2609
2025-04-21 00:37:32.885 145102 DEBUG oslo_service.service [req-8f230c1c-d8ac-499c-b304-2cfdbf9df833 - - - - -] oslo_messaging_rabbit.rabbit_ha_queues = False log_opt_values /usr/lib/python3/dist-packages/oslo_config/cfg.py:2609
2025-04-21 00:37:32.885 145102 DEBUG oslo_service.service [req-8f230c1c-d8ac-499c-b304-2cfdbf9df833 - - - - -] oslo_messaging_rabbit.rabbit_interval_max = 30 log_opt_values /usr/lib/python3/dist-packages/oslo_config/cfg.py:2609
2025-04-21 00:37:32.886 145102 DEBUG oslo_service.service [req-8f230c1c-d8ac-499c-b304-2cfdbf9df833 - - - - -] oslo_messaging_rabbit.rabbit_login_method = AMQPLAIN log_opt_values /usr/lib/python3/dist-packages/oslo_config/cfg.py:2609
2025-04-21 00:37:32.886 145102 DEBUG oslo_service.service [req-8f230c1c-d8ac-499c-b304-2cfdbf9df833 - - - - -] oslo_messaging_rabbit.rabbit_qos_prefetch_count = 0 log_opt_values /usr/lib/python3/dist-packages/oslo_config/cfg.py:2609
2025-04-21 00:37:32.886 145102 DEBUG oslo_service.service [req-8f230c1c-d8ac-499c-b304-2cfdbf9df833 - - - - -] oslo_messaging_rabbit.rabbit_quorum_queue = False log_opt_values /usr/lib/python3/dist-packages/oslo_config/cfg.py:2609
2025-04-21 00:37:32.886 145102 DEBUG oslo_service.service [req-8f230c1c-d8ac-499c-b304-2cfdbf9df833 - - - - -] oslo_messaging_rabbit.rabbit_retry_backoff = 2 log_opt_values /usr/lib/python3/dist-packages/oslo_config/cfg.py:2609
2025-04-21 00:37:32.886 145102 DEBUG oslo_service.service [req-8f230c1c-d8ac-499c-b304-2cfdbf9df833 - - - - -] oslo_messaging_rabbit.rabbit_retry_interval = 1 log_opt_values /usr/lib/python3/dist-packages/oslo_config/cfg.py:2609
2025-04-21 00:37:32.886 145102 DEBUG oslo_service.service [req-8f230c1c-d8ac-499c-b304-2cfdbf9df833 - - - - -] oslo_messaging_rabbit.rabbit_transient_queues_ttl = 1800 log_opt_values /usr/lib/python3/dist-packages/oslo_config/cfg.py:2609
2025-04-21 00:37:32.887 145102 DEBUG oslo_service.service [req-8f230c1c-d8ac-499c-b304-2cfdbf9df833 - - - - -] oslo_messaging_rabbit.rpc_conn_pool_size = 30 log_opt_values /usr/lib/python3/dist-packages/oslo_config/cfg.py:2609
2025-04-21 00:37:32.887 145102 DEBUG oslo_service.service [req-8f230c1c-d8ac-499c-b304-2cfdbf9df833 - - - - -] oslo_messaging_rabbit.ssl = False log_opt_values /usr/lib/python3/dist-packages/oslo_config/cfg.py:2609
2025-04-21 00:37:32.887 145102 DEBUG oslo_service.service [req-8f230c1c-d8ac-499c-b304-2cfdbf9df833 - - - - -] oslo_messaging_rabbit.ssl_ca_file = log_opt_values /usr/lib/python3/dist-packages/oslo_config/cfg.py:2609
2025-04-21 00:37:32.887 145102 DEBUG oslo_service.service [req-8f230c1c-d8ac-499c-b304-2cfdbf9df833 - - - - -] oslo_messaging_rabbit.ssl_cert_file = log_opt_values /usr/lib/python3/dist-packages/oslo_config/cfg.py:2609
2025-04-21 00:37:32.887 145102 DEBUG oslo_service.service [req-8f230c1c-d8ac-499c-b304-2cfdbf9df833 - - - - -] oslo_messaging_rabbit.ssl_key_file = log_opt_values /usr/lib/python3/dist-packages/oslo_config/cfg.py:2609
2025-04-21 00:37:32.887 145102 DEBUG oslo_service.service [req-8f230c1c-d8ac-499c-b304-2cfdbf9df833 - - - - -] oslo_messaging_rabbit.ssl_version = log_opt_values /usr/lib/python3/dist-packages/oslo_config/cfg.py:2609
2025-04-21 00:37:32.888 145102 DEBUG oslo_service.service [req-8f230c1c-d8ac-499c-b304-2cfdbf9df833 - - - - -] oslo_messaging_notifications.driver = ['messagingv2'] log_opt_values /usr/lib/python3/dist-packages/oslo_config/cfg.py:2609
2025-04-21 00:37:32.888 145102 DEBUG oslo_service.service [req-8f230c1c-d8ac-499c-b304-2cfdbf9df833 - - - - -] oslo_messaging_notifications.retry = -1 log_opt_values /usr/lib/python3/dist-packages/oslo_config/cfg.py:2609
2025-04-21 00:37:32.888 145102 DEBUG oslo_service.service [req-8f230c1c-d8ac-499c-b304-2cfdbf9df833 - - - - -] oslo_messaging_notifications.topics = ['notifications'] log_opt_values /usr/lib/python3/dist-packages/oslo_config/cfg.py:2609
2025-04-21 00:37:32.888 145102 DEBUG oslo_service.service [req-8f230c1c-d8ac-499c-b304-2cfdbf9df833 - - - - -] oslo_messaging_notifications.transport_url = **** log_opt_values /usr/lib/python3/dist-packages/oslo_config/cfg.py:2609
2025-04-21 00:37:32.888 145102 DEBUG oslo_service.service [req-8f230c1c-d8ac-499c-b304-2cfdbf9df833 - - - - -] oslo_limit.auth_section = None log_opt_values /usr/lib/python3/dist-packages/oslo_config/cfg.py:2609
2025-04-21 00:37:32.888 145102 DEBUG oslo_service.service [req-8f230c1c-d8ac-499c-b304-2cfdbf9df833 - - - - -] oslo_limit.auth_type = None log_opt_values /usr/lib/python3/dist-packages/oslo_config/cfg.py:2609
2025-04-21 00:37:32.889 145102 DEBUG oslo_service.service [req-8f230c1c-d8ac-499c-b304-2cfdbf9df833 - - - - -] oslo_limit.cafile = None log_opt_values /usr/lib/python3/dist-packages/oslo_config/cfg.py:2609
2025-04-21 00:37:32.889 145102 DEBUG oslo_service.service [req-8f230c1c-d8ac-499c-b304-2cfdbf9df833 - - - - -] oslo_limit.certfile = None log_opt_values /usr/lib/python3/dist-packages/oslo_config/cfg.py:2609
2025-04-21 00:37:32.889 145102 DEBUG oslo_service.service [req-8f230c1c-d8ac-499c-b304-2cfdbf9df833 - - - - -] oslo_limit.collect_timing = False log_opt_values /usr/lib/python3/dist-packages/oslo_config/cfg.py:2609
2025-04-21 00:37:32.889 145102 DEBUG oslo_service.service [req-8f230c1c-d8ac-499c-b304-2cfdbf9df833 - - - - -] oslo_limit.connect_retries = None log_opt_values /usr/lib/python3/dist-packages/oslo_config/cfg.py:2609
2025-04-21 00:37:32.889 145102 DEBUG oslo_service.service [req-8f230c1c-d8ac-499c-b304-2cfdbf9df833 - - - - -] oslo_limit.connect_retry_delay = None log_opt_values /usr/lib/python3/dist-packages/oslo_config/cfg.py:2609
2025-04-21 00:37:32.889 145102 DEBUG oslo_service.service [req-8f230c1c-d8ac-499c-b304-2cfdbf9df833 - - - - -] oslo_limit.endpoint_id = None log_opt_values /usr/lib/python3/dist-packages/oslo_config/cfg.py:2609
2025-04-21 00:37:32.889 145102 DEBUG oslo_service.service [req-8f230c1c-d8ac-499c-b304-2cfdbf9df833 - - - - -] oslo_limit.endpoint_override = None log_opt_values /usr/lib/python3/dist-packages/oslo_config/cfg.py:2609
2025-04-21 00:37:32.890 145102 DEBUG oslo_service.service [req-8f230c1c-d8ac-499c-b304-2cfdbf9df833 - - - - -] oslo_limit.insecure = False log_opt_values /usr/lib/python3/dist-packages/oslo_config/cfg.py:2609
2025-04-21 00:37:32.890 145102 DEBUG oslo_service.service [req-8f230c1c-d8ac-499c-b304-2cfdbf9df833 - - - - -] oslo_limit.keyfile = None log_opt_values /usr/lib/python3/dist-packages/oslo_config/cfg.py:2609
2025-04-21 00:37:32.890 145102 DEBUG oslo_service.service [req-8f230c1c-d8ac-499c-b304-2cfdbf9df833 - - - - -] oslo_limit.max_version = None log_opt_values /usr/lib/python3/dist-packages/oslo_config/cfg.py:2609
2025-04-21 00:37:32.890 145102 DEBUG oslo_service.service [req-8f230c1c-d8ac-499c-b304-2cfdbf9df833 - - - - -] oslo_limit.min_version = None log_opt_values /usr/lib/python3/dist-packages/oslo_config/cfg.py:2609
2025-04-21 00:37:32.890 145102 DEBUG oslo_service.service [req-8f230c1c-d8ac-499c-b304-2cfdbf9df833 - - - - -] oslo_limit.region_name = None log_opt_values /usr/lib/python3/dist-packages/oslo_config/cfg.py:2609
2025-04-21 00:37:32.890 145102 DEBUG oslo_service.service [req-8f230c1c-d8ac-499c-b304-2cfdbf9df833 - - - - -] oslo_limit.service_name = None log_opt_values /usr/lib/python3/dist-packages/oslo_config/cfg.py:2609
2025-04-21 00:37:32.891 145102 DEBUG oslo_service.service [req-8f230c1c-d8ac-499c-b304-2cfdbf9df833 - - - - -] oslo_limit.service_type = None log_opt_values /usr/lib/python3/dist-packages/oslo_config/cfg.py:2609
2025-04-21 00:37:32.891 145102 DEBUG oslo_service.service [req-8f230c1c-d8ac-499c-b304-2cfdbf9df833 - - - - -] oslo_limit.split_loggers = False log_opt_values /usr/lib/python3/dist-packages/oslo_config/cfg.py:2609
2025-04-21 00:37:32.891 145102 DEBUG oslo_service.service [req-8f230c1c-d8ac-499c-b304-2cfdbf9df833 - - - - -] oslo_limit.status_code_retries = None log_opt_values /usr/lib/python3/dist-packages/oslo_config/cfg.py:2609
2025-04-21 00:37:32.891 145102 DEBUG oslo_service.service [req-8f230c1c-d8ac-499c-b304-2cfdbf9df833 - - - - -] oslo_limit.status_code_retry_delay = None log_opt_values /usr/lib/python3/dist-packages/oslo_config/cfg.py:2609
2025-04-21 00:37:32.891 145102 DEBUG oslo_service.service [req-8f230c1c-d8ac-499c-b304-2cfdbf9df833 - - - - -] oslo_limit.timeout = None log_opt_values /usr/lib/python3/dist-packages/oslo_config/cfg.py:2609
2025-04-21 00:37:32.891 145102 DEBUG oslo_service.service [req-8f230c1c-d8ac-499c-b304-2cfdbf9df833 - - - - -] oslo_limit.valid_interfaces = None log_opt_values /usr/lib/python3/dist-packages/oslo_config/cfg.py:2609
2025-04-21 00:37:32.891 145102 DEBUG oslo_service.service [req-8f230c1c-d8ac-499c-b304-2cfdbf9df833 - - - - -] oslo_limit.version = None log_opt_values /usr/lib/python3/dist-packages/oslo_config/cfg.py:2609
2025-04-21 00:37:32.892 145102 DEBUG oslo_service.service [req-8f230c1c-d8ac-499c-b304-2cfdbf9df833 - - - - -] oslo_reports.file_event_handler = None log_opt_values /usr/lib/python3/dist-packages/oslo_config/cfg.py:2609
2025-04-21 00:37:32.892 145102 DEBUG oslo_service.service [req-8f230c1c-d8ac-499c-b304-2cfdbf9df833 - - - - -] oslo_reports.file_event_handler_interval = 1 log_opt_values /usr/lib/python3/dist-packages/oslo_config/cfg.py:2609
2025-04-21 00:37:32.892 145102 DEBUG oslo_service.service [req-8f230c1c-d8ac-499c-b304-2cfdbf9df833 - - - - -] oslo_reports.log_dir = None log_opt_values /usr/lib/python3/dist-packages/oslo_config/cfg.py:2609
2025-04-21 00:37:32.892 145102 DEBUG oslo_service.service [req-8f230c1c-d8ac-499c-b304-2cfdbf9df833 - - - - -] ******************************************************************************** log_opt_values /usr/lib/python3/dist-packages/oslo_config/cfg.py:2613
2025-04-21 00:37:33.761 145492 DEBUG oslo_messaging._drivers.amqpdriver [-] AMQPListener connection timeout poll /usr/lib/python3/dist-packages/oslo_messaging/_drivers/amqpdriver.py:360
2025-04-21 00:37:33.762 145492 DEBUG oslo_messaging._drivers.amqpdriver [-] Listener is running poll /usr/lib/python3/dist-packages/oslo_messaging/_drivers/amqpdriver.py:343
2025-04-21 00:37:33.762 145492 DEBUG oslo_messaging._drivers.amqpdriver [-] AMQPListener connection consume poll /usr/lib/python3/dist-packages/oslo_messaging/_drivers/amqpdriver.py:357
2025-04-21 00:37:33.763 145484 DEBUG oslo_messaging._drivers.amqpdriver [-] AMQPListener connection timeout poll /usr/lib/python3/dist-packages/oslo_messaging/_drivers/amqpdriver.py:360
2025-04-21 00:37:33.763 145484 DEBUG oslo_messaging._drivers.amqpdriver [-] Listener is running poll /usr/lib/python3/dist-packages/oslo_messaging/_drivers/amqpdriver.py:343
2025-04-21 00:37:33.763 145484 DEBUG oslo_messaging._drivers.amqpdriver [-] AMQPListener connection consume poll /usr/lib/python3/dist-packages/oslo_messaging/_drivers/amqpdriver.py:357
2025-04-21 00:37:33.777 145485 DEBUG oslo_messaging._drivers.amqpdriver [-] AMQPListener connection timeout poll /usr/lib/python3/dist-packages/oslo_messaging/_drivers/amqpdriver.py:360
2025-04-21 00:37:33.777 145485 DEBUG oslo_messaging._drivers.amqpdriver [-] Listener is running poll /usr/lib/python3/dist-packages/oslo_messaging/_drivers/amqpdriver.py:343
2025-04-21 00:37:33.777 145485 DEBUG oslo_messaging._drivers.amqpdriver [-] AMQPListener connection consume poll /usr/lib/python3/dist-packages/oslo_messaging/_drivers/amqpdriver.py:357
2025-04-21 00:37:33.816 145487 DEBUG oslo_messaging._drivers.amqpdriver [-] AMQPListener connection timeout poll /usr/lib/python3/dist-packages/oslo_messaging/_drivers/amqpdriver.py:360
2025-04-21 00:37:33.816 145487 DEBUG oslo_messaging._drivers.amqpdriver [-] Listener is running poll /usr/lib/python3/dist-packages/oslo_messaging/_drivers/amqpdriver.py:343
2025-04-21 00:37:33.816 145487 DEBUG oslo_messaging._drivers.amqpdriver [-] AMQPListener connection consume poll /usr/lib/python3/dist-packages/oslo_messaging/_drivers/amqpdriver.py:357
2025-04-21 00:37:35.764 145492 DEBUG oslo_messaging._drivers.amqpdriver [-] AMQPListener connection timeout poll /usr/lib/python3/dist-packages/oslo_messaging/_drivers/amqpdriver.py:360
2025-04-21 00:37:35.764 145492 DEBUG oslo_messaging._drivers.amqpdriver [-] Listener is running poll /usr/lib/python3/dist-packages/oslo_messaging/_drivers/amqpdriver.py:343
2025-04-21 00:37:35.765 145492 DEBUG oslo_messaging._drivers.amqpdriver [-] AMQPListener connection consume poll /usr/lib/python3/dist-packages/oslo_messaging/_drivers/amqpdriver.py:357
2025-04-21 00:37:35.765 145484 DEBUG oslo_messaging._drivers.amqpdriver [-] AMQPListener connection timeout poll /usr/lib/python3/dist-packages/oslo_messaging/_drivers/amqpdriver.py:360
2025-04-21 00:37:35.766 145484 DEBUG oslo_messaging._drivers.amqpdriver [-] Listener is running poll /usr/lib/python3/dist-packages/oslo_messaging/_drivers/amqpdriver.py:343
2025-04-21 00:37:35.766 145484 DEBUG oslo_messaging._drivers.amqpdriver [-] AMQPListener connection consume poll /usr/lib/python3/dist-packages/oslo_messaging/_drivers/amqpdriver.py:357
2025-04-21 00:37:35.779 145485 DEBUG oslo_messaging._drivers.amqpdriver [-] AMQPListener connection timeout poll /usr/lib/python3/dist-packages/oslo_messaging/_drivers/amqpdriver.py:360
2025-04-21 00:37:35.779 145485 DEBUG oslo_messaging._drivers.amqpdriver [-] Listener is running poll /usr/lib/python3/dist-packages/oslo_messaging/_drivers/amqpdriver.py:343
2025-04-21 00:37:35.779 145485 DEBUG oslo_messaging._drivers.amqpdriver [-] AMQPListener connection consume poll /usr/lib/python3/dist-packages/oslo_messaging/_drivers/amqpdriver.py:357
2025-04-21 00:37:35.818 145487 DEBUG oslo_messaging._drivers.amqpdriver [-] AMQPListener connection timeout poll /usr/lib/python3/dist-packages/oslo_messaging/_drivers/amqpdriver.py:360
2025-04-21 00:37:35.818 145487 DEBUG oslo_messaging._drivers.amqpdriver [-] Listener is running poll /usr/lib/python3/dist-packages/oslo_messaging/_drivers/amqpdriver.py:343
2025-04-21 00:37:35.818 145487 DEBUG oslo_messaging._drivers.amqpdriver [-] AMQPListener connection consume poll /usr/lib/python3/dist-packages/oslo_messaging/_drivers/amqpdriver.py:357
2025-04-21 00:37:36.760 145484 DEBUG oslo_service.periodic_task [req-282bf950-a326-4e95-baa7-e963cbb4e6d0 - - - - -] Running periodic task SchedulerManager._discover_hosts_in_cells run_periodic_tasks /usr/lib/python3/dist-packages/oslo_service/periodic_task.py:210
2025-04-21 00:37:36.761 145484 DEBUG oslo_db.sqlalchemy.engines [req-282bf950-a326-4e95-baa7-e963cbb4e6d0 - - - - -] Parent process 145102 forked (145484) with an open database connection, which is being discarded and recreated. checkout /usr/lib/python3/dist-packages/oslo_db/sqlalchemy/engines.py:413
2025-04-21 00:37:36.768 145484 DEBUG oslo_concurrency.lockutils [req-282bf950-a326-4e95-baa7-e963cbb4e6d0 - - - - -] Lock "ccc4ae3d-a75e-4257-8d22-b37d4bf75eda" acquired by "nova.context.set_target_cell..get_or_set_cached_cell_and_set_connections" :: waited 0.000s inner /usr/lib/python3/dist-packages/oslo_concurrency/lockutils.py:386
2025-04-21 00:37:36.769 145484 DEBUG oslo_concurrency.lockutils [req-282bf950-a326-4e95-baa7-e963cbb4e6d0 - - - - -] Lock "ccc4ae3d-a75e-4257-8d22-b37d4bf75eda" "released" by "nova.context.set_target_cell..get_or_set_cached_cell_and_set_connections" :: held 0.002s inner /usr/lib/python3/dist-packages/oslo_concurrency/lockutils.py:400
2025-04-21 00:37:36.774 145484 DEBUG oslo_db.sqlalchemy.engines [req-282bf950-a326-4e95-baa7-e963cbb4e6d0 - - - - -] MySQL server mode set to STRICT_TRANS_TABLES,STRICT_ALL_TABLES,NO_ZERO_IN_DATE,NO_ZERO_DATE,ERROR_FOR_DIVISION_BY_ZERO,TRADITIONAL,NO_ENGINE_SUBSTITUTION _check_effective_sql_mode /usr/lib/python3/dist-packages/oslo_db/sqlalchemy/engines.py:314
2025-04-21 00:37:39.766 145492 DEBUG oslo_messaging._drivers.amqpdriver [-] AMQPListener connection timeout poll /usr/lib/python3/dist-packages/oslo_messaging/_drivers/amqpdriver.py:360
2025-04-21 00:37:39.767 145492 DEBUG oslo_messaging._drivers.amqpdriver [-] Listener is running poll /usr/lib/python3/dist-packages/oslo_messaging/_drivers/amqpdriver.py:343
2025-04-21 00:37:39.767 145492 DEBUG oslo_messaging._drivers.amqpdriver [-] AMQPListener connection consume poll /usr/lib/python3/dist-packages/oslo_messaging/_drivers/amqpdriver.py:357
2025-04-21 00:37:39.769 145484 DEBUG oslo_messaging._drivers.amqpdriver [-] AMQPListener connection timeout poll /usr/lib/python3/dist-packages/oslo_messaging/_drivers/amqpdriver.py:360
2025-04-21 00:37:39.769 145484 DEBUG oslo_messaging._drivers.amqpdriver [-] Listener is running poll /usr/lib/python3/dist-packages/oslo_messaging/_drivers/amqpdriver.py:343
2025-04-21 00:37:39.770 145484 DEBUG oslo_messaging._drivers.amqpdriver [-] AMQPListener connection consume poll /usr/lib/python3/dist-packages/oslo_messaging/_drivers/amqpdriver.py:357
2025-04-21 00:37:39.782 145485 DEBUG oslo_messaging._drivers.amqpdriver [-] AMQPListener connection timeout poll /usr/lib/python3/dist-packages/oslo_messaging/_drivers/amqpdriver.py:360
2025-04-21 00:37:39.782 145485 DEBUG oslo_messaging._drivers.amqpdriver [-] Listener is running poll /usr/lib/python3/dist-packages/oslo_messaging/_drivers/amqpdriver.py:343
2025-04-21 00:37:39.782 145485 DEBUG oslo_messaging._drivers.amqpdriver [-] AMQPListener connection consume poll /usr/lib/python3/dist-packages/oslo_messaging/_drivers/amqpdriver.py:357
2025-04-21 00:37:39.820 145487 DEBUG oslo_messaging._drivers.amqpdriver [-] AMQPListener connection timeout poll /usr/lib/python3/dist-packages/oslo_messaging/_drivers/amqpdriver.py:360
2025-04-21 00:37:39.820 145487 DEBUG oslo_messaging._drivers.amqpdriver [-] Listener is running poll /usr/lib/python3/dist-packages/oslo_messaging/_drivers/amqpdriver.py:343
2025-04-21 00:37:39.820 145487 DEBUG oslo_messaging._drivers.amqpdriver [-] AMQPListener connection consume poll /usr/lib/python3/dist-packages/oslo_messaging/_drivers/amqpdriver.py:357
2025-04-21 00:37:47.768 145492 DEBUG oslo_messaging._drivers.amqpdriver [-] AMQPListener connection timeout poll /usr/lib/python3/dist-packages/oslo_messaging/_drivers/amqpdriver.py:360
2025-04-21 00:37:47.769 145492 DEBUG oslo_messaging._drivers.amqpdriver [-] Listener is running poll /usr/lib/python3/dist-packages/oslo_messaging/_drivers/amqpdriver.py:343
2025-04-21 00:37:47.769 145492 DEBUG oslo_messaging._drivers.amqpdriver [-] AMQPListener connection consume poll /usr/lib/python3/dist-packages/oslo_messaging/_drivers/amqpdriver.py:357
2025-04-21 00:37:47.771 145484 DEBUG oslo_messaging._drivers.amqpdriver [-] AMQPListener connection timeout poll /usr/lib/python3/dist-packages/oslo_messaging/_drivers/amqpdriver.py:360
2025-04-21 00:37:47.771 145484 DEBUG oslo_messaging._drivers.amqpdriver [-] Listener is running poll /usr/lib/python3/dist-packages/oslo_messaging/_drivers/amqpdriver.py:343
2025-04-21 00:37:47.771 145484 DEBUG oslo_messaging._drivers.amqpdriver [-] AMQPListener connection consume poll /usr/lib/python3/dist-packages/oslo_messaging/_drivers/amqpdriver.py:357
2025-04-21 00:37:47.782 145485 DEBUG oslo_messaging._drivers.amqpdriver [-] AMQPListener connection timeout poll /usr/lib/python3/dist-packages/oslo_messaging/_drivers/amqpdriver.py:360
2025-04-21 00:37:47.783 145485 DEBUG oslo_messaging._drivers.amqpdriver [-] Listener is running poll /usr/lib/python3/dist-packages/oslo_messaging/_drivers/amqpdriver.py:343
2025-04-21 00:37:47.783 145485 DEBUG oslo_messaging._drivers.amqpdriver [-] AMQPListener connection consume poll /usr/lib/python3/dist-packages/oslo_messaging/_drivers/amqpdriver.py:357
2025-04-21 00:37:47.822 145487 DEBUG oslo_messaging._drivers.amqpdriver [-] AMQPListener connection timeout poll /usr/lib/python3/dist-packages/oslo_messaging/_drivers/amqpdriver.py:360
2025-04-21 00:37:47.822 145487 DEBUG oslo_messaging._drivers.amqpdriver [-] Listener is running poll /usr/lib/python3/dist-packages/oslo_messaging/_drivers/amqpdriver.py:343
2025-04-21 00:37:47.822 145487 DEBUG oslo_messaging._drivers.amqpdriver [-] AMQPListener connection consume poll /usr/lib/python3/dist-packages/oslo_messaging/_drivers/amqpdriver.py:357
2025-04-21 00:38:04.815 145487 DEBUG oslo_service.periodic_task [req-28691798-d9c1-4bc3-85f7-14f96f2d04c5 - - - - -] Running periodic task SchedulerManager._discover_hosts_in_cells run_periodic_tasks /usr/lib/python3/dist-packages/oslo_service/periodic_task.py:210
2025-04-21 00:38:04.816 145487 DEBUG oslo_db.sqlalchemy.engines [req-28691798-d9c1-4bc3-85f7-14f96f2d04c5 - - - - -] Parent process 145102 forked (145487) with an open database connection, which is being discarded and recreated. checkout /usr/lib/python3/dist-packages/oslo_db/sqlalchemy/engines.py:413
2025-04-21 00:38:04.822 145487 DEBUG oslo_concurrency.lockutils [req-28691798-d9c1-4bc3-85f7-14f96f2d04c5 - - - - -] Lock "ccc4ae3d-a75e-4257-8d22-b37d4bf75eda" acquired by "nova.context.set_target_cell..get_or_set_cached_cell_and_set_connections" :: waited 0.000s inner /usr/lib/python3/dist-packages/oslo_concurrency/lockutils.py:386
2025-04-21 00:38:04.824 145487 DEBUG oslo_concurrency.lockutils [req-28691798-d9c1-4bc3-85f7-14f96f2d04c5 - - - - -] Lock "ccc4ae3d-a75e-4257-8d22-b37d4bf75eda" "released" by "nova.context.set_target_cell..get_or_set_cached_cell_and_set_connections" :: held 0.002s inner /usr/lib/python3/dist-packages/oslo_concurrency/lockutils.py:400
2025-04-21 00:38:04.829 145487 DEBUG oslo_db.sqlalchemy.engines [req-28691798-d9c1-4bc3-85f7-14f96f2d04c5 - - - - -] MySQL server mode set to STRICT_TRANS_TABLES,STRICT_ALL_TABLES,NO_ZERO_IN_DATE,NO_ZERO_DATE,ERROR_FOR_DIVISION_BY_ZERO,TRADITIONAL,NO_ENGINE_SUBSTITUTION _check_effective_sql_mode /usr/lib/python3/dist-packages/oslo_db/sqlalchemy/engines.py:314
2025-04-21 00:38:06.788 145484 DEBUG oslo_service.periodic_task [req-282bf950-a326-4e95-baa7-e963cbb4e6d0 - - - - -] Running periodic task SchedulerManager._discover_hosts_in_cells run_periodic_tasks /usr/lib/python3/dist-packages/oslo_service/periodic_task.py:210
2025-04-21 00:38:06.792 145484 DEBUG oslo_concurrency.lockutils [req-8b76c770-9a43-4d0c-a355-214341d77793 - - - - -] Lock "ccc4ae3d-a75e-4257-8d22-b37d4bf75eda" acquired by "nova.context.set_target_cell..get_or_set_cached_cell_and_set_connections" :: waited 0.000s inner /usr/lib/python3/dist-packages/oslo_concurrency/lockutils.py:386
2025-04-21 00:38:06.793 145484 DEBUG oslo_concurrency.lockutils [req-8b76c770-9a43-4d0c-a355-214341d77793 - - - - -] Lock "ccc4ae3d-a75e-4257-8d22-b37d4bf75eda" "released" by "nova.context.set_target_cell..get_or_set_cached_cell_and_set_connections" :: held 0.000s inner /usr/lib/python3/dist-packages/oslo_concurrency/lockutils.py:400
2025-04-21 00:38:07.779 145485 DEBUG oslo_service.periodic_task [req-8209a722-9909-4ab0-846c-a2a39ee74a36 - - - - -] Running periodic task SchedulerManager._discover_hosts_in_cells run_periodic_tasks /usr/lib/python3/dist-packages/oslo_service/periodic_task.py:210
2025-04-21 00:38:07.780 145485 DEBUG oslo_db.sqlalchemy.engines [req-8209a722-9909-4ab0-846c-a2a39ee74a36 - - - - -] Parent process 145102 forked (145485) with an open database connection, which is being discarded and recreated. checkout /usr/lib/python3/dist-packages/oslo_db/sqlalchemy/engines.py:413
2025-04-21 00:38:07.787 145485 DEBUG oslo_concurrency.lockutils [req-8209a722-9909-4ab0-846c-a2a39ee74a36 - - - - -] Lock "ccc4ae3d-a75e-4257-8d22-b37d4bf75eda" acquired by "nova.context.set_target_cell..get_or_set_cached_cell_and_set_connections" :: waited 0.000s inner /usr/lib/python3/dist-packages/oslo_concurrency/lockutils.py:386
2025-04-21 00:38:07.789 145485 DEBUG oslo_concurrency.lockutils [req-8209a722-9909-4ab0-846c-a2a39ee74a36 - - - - -] Lock "ccc4ae3d-a75e-4257-8d22-b37d4bf75eda" "released" by "nova.context.set_target_cell..get_or_set_cached_cell_and_set_connections" :: held 0.002s inner /usr/lib/python3/dist-packages/oslo_concurrency/lockutils.py:400
2025-04-21 00:38:07.794 145485 DEBUG oslo_db.sqlalchemy.engines [req-8209a722-9909-4ab0-846c-a2a39ee74a36 - - - - -] MySQL server mode set to STRICT_TRANS_TABLES,STRICT_ALL_TABLES,NO_ZERO_IN_DATE,NO_ZERO_DATE,ERROR_FOR_DIVISION_BY_ZERO,TRADITIONAL,NO_ENGINE_SUBSTITUTION _check_effective_sql_mode /usr/lib/python3/dist-packages/oslo_db/sqlalchemy/engines.py:314
2025-04-21 00:38:17.749 145484 DEBUG oslo_messaging._drivers.amqpdriver [-] AMQPListener connection timeout poll /usr/lib/python3/dist-packages/oslo_messaging/_drivers/amqpdriver.py:360
2025-04-21 00:38:17.750 145484 DEBUG oslo_messaging._drivers.amqpdriver [-] Listener is running poll /usr/lib/python3/dist-packages/oslo_messaging/_drivers/amqpdriver.py:343
2025-04-21 00:38:17.750 145484 DEBUG oslo_messaging._drivers.amqpdriver [-] AMQPListener connection consume poll /usr/lib/python3/dist-packages/oslo_messaging/_drivers/amqpdriver.py:357
2025-04-21 00:38:17.751 145492 DEBUG oslo_messaging._drivers.amqpdriver [-] AMQPListener connection timeout poll /usr/lib/python3/dist-packages/oslo_messaging/_drivers/amqpdriver.py:360
2025-04-21 00:38:17.752 145492 DEBUG oslo_messaging._drivers.amqpdriver [-] Listener is running poll /usr/lib/python3/dist-packages/oslo_messaging/_drivers/amqpdriver.py:343
2025-04-21 00:38:17.752 145492 DEBUG oslo_messaging._drivers.amqpdriver [-] AMQPListener connection consume poll /usr/lib/python3/dist-packages/oslo_messaging/_drivers/amqpdriver.py:357
2025-04-21 00:38:17.765 145485 DEBUG oslo_messaging._drivers.amqpdriver [-] AMQPListener connection timeout poll /usr/lib/python3/dist-packages/oslo_messaging/_drivers/amqpdriver.py:360
2025-04-21 00:38:17.766 145485 DEBUG oslo_messaging._drivers.amqpdriver [-] Listener is running poll /usr/lib/python3/dist-packages/oslo_messaging/_drivers/amqpdriver.py:343
2025-04-21 00:38:17.766 145485 DEBUG oslo_messaging._drivers.amqpdriver [-] AMQPListener connection consume poll /usr/lib/python3/dist-packages/oslo_messaging/_drivers/amqpdriver.py:357
2025-04-21 00:38:17.805 145487 DEBUG oslo_messaging._drivers.amqpdriver [-] AMQPListener connection timeout poll /usr/lib/python3/dist-packages/oslo_messaging/_drivers/amqpdriver.py:360
2025-04-21 00:38:17.805 145487 DEBUG oslo_messaging._drivers.amqpdriver [-] Listener is running poll /usr/lib/python3/dist-packages/oslo_messaging/_drivers/amqpdriver.py:343
2025-04-21 00:38:17.806 145487 DEBUG oslo_messaging._drivers.amqpdriver [-] AMQPListener connection consume poll /usr/lib/python3/dist-packages/oslo_messaging/_drivers/amqpdriver.py:357
2025-04-21 00:38:19.763 145492 DEBUG oslo_service.periodic_task [req-94e76b30-0bac-4019-bdb5-2303b6452cfc - - - - -] Running periodic task SchedulerManager._discover_hosts_in_cells run_periodic_tasks /usr/lib/python3/dist-packages/oslo_service/periodic_task.py:210
2025-04-21 00:38:19.764 145492 DEBUG oslo_db.sqlalchemy.engines [req-94e76b30-0bac-4019-bdb5-2303b6452cfc - - - - -] Parent process 145102 forked (145492) with an open database connection, which is being discarded and recreated. checkout /usr/lib/python3/dist-packages/oslo_db/sqlalchemy/engines.py:413
2025-04-21 00:38:19.770 145492 DEBUG oslo_concurrency.lockutils [req-94e76b30-0bac-4019-bdb5-2303b6452cfc - - - - -] Lock "ccc4ae3d-a75e-4257-8d22-b37d4bf75eda" acquired by "nova.context.set_target_cell..get_or_set_cached_cell_and_set_connections" :: waited 0.000s inner /usr/lib/python3/dist-packages/oslo_concurrency/lockutils.py:386
2025-04-21 00:38:19.772 145492 DEBUG oslo_concurrency.lockutils [req-94e76b30-0bac-4019-bdb5-2303b6452cfc - - - - -] Lock "ccc4ae3d-a75e-4257-8d22-b37d4bf75eda" "released" by "nova.context.set_target_cell..get_or_set_cached_cell_and_set_connections" :: held 0.002s inner /usr/lib/python3/dist-packages/oslo_concurrency/lockutils.py:400
2025-04-21 00:38:19.777 145492 DEBUG oslo_db.sqlalchemy.engines [req-94e76b30-0bac-4019-bdb5-2303b6452cfc - - - - -] MySQL server mode set to STRICT_TRANS_TABLES,STRICT_ALL_TABLES,NO_ZERO_IN_DATE,NO_ZERO_DATE,ERROR_FOR_DIVISION_BY_ZERO,TRADITIONAL,NO_ENGINE_SUBSTITUTION _check_effective_sql_mode /usr/lib/python3/dist-packages/oslo_db/sqlalchemy/engines.py:314
2025-04-21 00:38:34.841 145487 DEBUG oslo_service.periodic_task [req-28691798-d9c1-4bc3-85f7-14f96f2d04c5 - - - - -] Running periodic task SchedulerManager._discover_hosts_in_cells run_periodic_tasks /usr/lib/python3/dist-packages/oslo_service/periodic_task.py:210
2025-04-21 00:38:34.845 145487 DEBUG oslo_concurrency.lockutils [req-2e0293c3-11d3-45ca-8c8c-562e7ad2e1bb - - - - -] Lock "ccc4ae3d-a75e-4257-8d22-b37d4bf75eda" acquired by "nova.context.set_target_cell..get_or_set_cached_cell_and_set_connections" :: waited 0.000s inner /usr/lib/python3/dist-packages/oslo_concurrency/lockutils.py:386
2025-04-21 00:38:34.845 145487 DEBUG oslo_concurrency.lockutils [req-2e0293c3-11d3-45ca-8c8c-562e7ad2e1bb - - - - -] Lock "ccc4ae3d-a75e-4257-8d22-b37d4bf75eda" "released" by "nova.context.set_target_cell..get_or_set_cached_cell_and_set_connections" :: held 0.000s inner /usr/lib/python3/dist-packages/oslo_concurrency/lockutils.py:400
2025-04-21 00:38:36.800 145484 DEBUG oslo_service.periodic_task [req-8b76c770-9a43-4d0c-a355-214341d77793 - - - - -] Running periodic task SchedulerManager._discover_hosts_in_cells run_periodic_tasks /usr/lib/python3/dist-packages/oslo_service/periodic_task.py:210
2025-04-21 00:38:36.804 145484 DEBUG oslo_concurrency.lockutils [req-1de225b8-199e-4220-afd5-3c72f60f24ac - - - - -] Lock "ccc4ae3d-a75e-4257-8d22-b37d4bf75eda" acquired by "nova.context.set_target_cell..get_or_set_cached_cell_and_set_connections" :: waited 0.000s inner /usr/lib/python3/dist-packages/oslo_concurrency/lockutils.py:386
2025-04-21 00:38:36.805 145484 DEBUG oslo_concurrency.lockutils [req-1de225b8-199e-4220-afd5-3c72f60f24ac - - - - -] Lock "ccc4ae3d-a75e-4257-8d22-b37d4bf75eda" "released" by "nova.context.set_target_cell..get_or_set_cached_cell_and_set_connections" :: held 0.000s inner /usr/lib/python3/dist-packages/oslo_concurrency/lockutils.py:400
2025-04-21 00:38:37.813 145485 DEBUG oslo_service.periodic_task [req-8209a722-9909-4ab0-846c-a2a39ee74a36 - - - - -] Running periodic task SchedulerManager._discover_hosts_in_cells run_periodic_tasks /usr/lib/python3/dist-packages/oslo_service/periodic_task.py:210
2025-04-21 00:38:37.819 145485 DEBUG oslo_concurrency.lockutils [req-f8668856-5896-474f-b8f0-224b42131901 - - - - -] Lock "ccc4ae3d-a75e-4257-8d22-b37d4bf75eda" acquired by "nova.context.set_target_cell..get_or_set_cached_cell_and_set_connections" :: waited 0.000s inner /usr/lib/python3/dist-packages/oslo_concurrency/lockutils.py:386
2025-04-21 00:38:37.819 145485 DEBUG oslo_concurrency.lockutils [req-f8668856-5896-474f-b8f0-224b42131901 - - - - -] Lock "ccc4ae3d-a75e-4257-8d22-b37d4bf75eda" "released" by "nova.context.set_target_cell..get_or_set_cached_cell_and_set_connections" :: held 0.000s inner /usr/lib/python3/dist-packages/oslo_concurrency/lockutils.py:400
2025-04-21 00:38:49.753 145484 DEBUG oslo_messaging._drivers.amqpdriver [-] AMQPListener connection timeout poll /usr/lib/python3/dist-packages/oslo_messaging/_drivers/amqpdriver.py:360
2025-04-21 00:38:49.753 145484 DEBUG oslo_messaging._drivers.amqpdriver [-] Listener is running poll /usr/lib/python3/dist-packages/oslo_messaging/_drivers/amqpdriver.py:343
2025-04-21 00:38:49.753 145484 DEBUG oslo_messaging._drivers.amqpdriver [-] AMQPListener connection consume poll /usr/lib/python3/dist-packages/oslo_messaging/_drivers/amqpdriver.py:357
2025-04-21 00:38:49.754 145492 DEBUG oslo_messaging._drivers.amqpdriver [-] AMQPListener connection timeout poll /usr/lib/python3/dist-packages/oslo_messaging/_drivers/amqpdriver.py:360
2025-04-21 00:38:49.754 145492 DEBUG oslo_messaging._drivers.amqpdriver [-] Listener is running poll /usr/lib/python3/dist-packages/oslo_messaging/_drivers/amqpdriver.py:343
2025-04-21 00:38:49.754 145492 DEBUG oslo_messaging._drivers.amqpdriver [-] AMQPListener connection consume poll /usr/lib/python3/dist-packages/oslo_messaging/_drivers/amqpdriver.py:357
2025-04-21 00:38:49.768 145485 DEBUG oslo_messaging._drivers.amqpdriver [-] AMQPListener connection timeout poll /usr/lib/python3/dist-packages/oslo_messaging/_drivers/amqpdriver.py:360
2025-04-21 00:38:49.769 145485 DEBUG oslo_messaging._drivers.amqpdriver [-] Listener is running poll /usr/lib/python3/dist-packages/oslo_messaging/_drivers/amqpdriver.py:343
2025-04-21 00:38:49.769 145485 DEBUG oslo_messaging._drivers.amqpdriver [-] AMQPListener connection consume poll /usr/lib/python3/dist-packages/oslo_messaging/_drivers/amqpdriver.py:357
2025-04-21 00:38:49.788 145492 DEBUG oslo_service.periodic_task [req-94e76b30-0bac-4019-bdb5-2303b6452cfc - - - - -] Running periodic task SchedulerManager._discover_hosts_in_cells run_periodic_tasks /usr/lib/python3/dist-packages/oslo_service/periodic_task.py:210
2025-04-21 00:38:49.792 145492 DEBUG oslo_concurrency.lockutils [req-409c1798-de04-4cf3-ab88-4711b7819d70 - - - - -] Lock "ccc4ae3d-a75e-4257-8d22-b37d4bf75eda" acquired by "nova.context.set_target_cell..get_or_set_cached_cell_and_set_connections" :: waited 0.000s inner /usr/lib/python3/dist-packages/oslo_concurrency/lockutils.py:386
2025-04-21 00:38:49.792 145492 DEBUG oslo_concurrency.lockutils [req-409c1798-de04-4cf3-ab88-4711b7819d70 - - - - -] Lock "ccc4ae3d-a75e-4257-8d22-b37d4bf75eda" "released" by "nova.context.set_target_cell..get_or_set_cached_cell_and_set_connections" :: held 0.000s inner /usr/lib/python3/dist-packages/oslo_concurrency/lockutils.py:400
2025-04-21 00:38:49.808 145487 DEBUG oslo_messaging._drivers.amqpdriver [-] AMQPListener connection timeout poll /usr/lib/python3/dist-packages/oslo_messaging/_drivers/amqpdriver.py:360
2025-04-21 00:38:49.809 145487 DEBUG oslo_messaging._drivers.amqpdriver [-] Listener is running poll /usr/lib/python3/dist-packages/oslo_messaging/_drivers/amqpdriver.py:343
2025-04-21 00:38:49.809 145487 DEBUG oslo_messaging._drivers.amqpdriver [-] AMQPListener connection consume poll /usr/lib/python3/dist-packages/oslo_messaging/_drivers/amqpdriver.py:357
2025-04-21 00:39:05.817 145487 DEBUG oslo_service.periodic_task [req-2e0293c3-11d3-45ca-8c8c-562e7ad2e1bb - - - - -] Running periodic task SchedulerManager._discover_hosts_in_cells run_periodic_tasks /usr/lib/python3/dist-packages/oslo_service/periodic_task.py:210
2025-04-21 00:39:05.822 145487 DEBUG oslo_concurrency.lockutils [req-e6c5cdff-fe3d-488e-9b90-cb0e4cfae2e6 - - - - -] Lock "ccc4ae3d-a75e-4257-8d22-b37d4bf75eda" acquired by "nova.context.set_target_cell..get_or_set_cached_cell_and_set_connections" :: waited 0.000s inner /usr/lib/python3/dist-packages/oslo_concurrency/lockutils.py:386
2025-04-21 00:39:05.822 145487 DEBUG oslo_concurrency.lockutils [req-e6c5cdff-fe3d-488e-9b90-cb0e4cfae2e6 - - - - -] Lock "ccc4ae3d-a75e-4257-8d22-b37d4bf75eda" "released" by "nova.context.set_target_cell..get_or_set_cached_cell_and_set_connections" :: held 0.000s inner /usr/lib/python3/dist-packages/oslo_concurrency/lockutils.py:400
2025-04-21 00:39:06.810 145484 DEBUG oslo_service.periodic_task [req-1de225b8-199e-4220-afd5-3c72f60f24ac - - - - -] Running periodic task SchedulerManager._discover_hosts_in_cells run_periodic_tasks /usr/lib/python3/dist-packages/oslo_service/periodic_task.py:210
2025-04-21 00:39:06.815 145484 DEBUG oslo_concurrency.lockutils [req-dc290f77-1ef7-4f17-907e-1667ec67b8c8 - - - - -] Lock "ccc4ae3d-a75e-4257-8d22-b37d4bf75eda" acquired by "nova.context.set_target_cell..get_or_set_cached_cell_and_set_connections" :: waited 0.000s inner /usr/lib/python3/dist-packages/oslo_concurrency/lockutils.py:386
2025-04-21 00:39:06.815 145484 DEBUG oslo_concurrency.lockutils [req-dc290f77-1ef7-4f17-907e-1667ec67b8c8 - - - - -] Lock "ccc4ae3d-a75e-4257-8d22-b37d4bf75eda" "released" by "nova.context.set_target_cell..get_or_set_cached_cell_and_set_connections" :: held 0.000s inner /usr/lib/python3/dist-packages/oslo_concurrency/lockutils.py:400
2025-04-21 00:39:07.826 145485 DEBUG oslo_service.periodic_task [req-f8668856-5896-474f-b8f0-224b42131901 - - - - -] Running periodic task SchedulerManager._discover_hosts_in_cells run_periodic_tasks /usr/lib/python3/dist-packages/oslo_service/periodic_task.py:210
2025-04-21 00:39:07.832 145485 DEBUG oslo_concurrency.lockutils [req-7b8b1797-2e79-47d9-b46d-325b92e17955 - - - - -] Lock "ccc4ae3d-a75e-4257-8d22-b37d4bf75eda" acquired by "nova.context.set_target_cell..get_or_set_cached_cell_and_set_connections" :: waited 0.000s inner /usr/lib/python3/dist-packages/oslo_concurrency/lockutils.py:386
2025-04-21 00:39:07.832 145485 DEBUG oslo_concurrency.lockutils [req-7b8b1797-2e79-47d9-b46d-325b92e17955 - - - - -] Lock "ccc4ae3d-a75e-4257-8d22-b37d4bf75eda" "released" by "nova.context.set_target_cell..get_or_set_cached_cell_and_set_connections" :: held 0.000s inner /usr/lib/python3/dist-packages/oslo_concurrency/lockutils.py:400
2025-04-21 00:39:19.799 145492 DEBUG oslo_service.periodic_task [req-409c1798-de04-4cf3-ab88-4711b7819d70 - - - - -] Running periodic task SchedulerManager._discover_hosts_in_cells run_periodic_tasks /usr/lib/python3/dist-packages/oslo_service/periodic_task.py:210
2025-04-21 00:39:19.803 145492 DEBUG oslo_concurrency.lockutils [req-8e44cd9e-e3ab-4243-9c1f-efbf0f530b2a - - - - -] Lock "ccc4ae3d-a75e-4257-8d22-b37d4bf75eda" acquired by "nova.context.set_target_cell..get_or_set_cached_cell_and_set_connections" :: waited 0.000s inner /usr/lib/python3/dist-packages/oslo_concurrency/lockutils.py:386
2025-04-21 00:39:19.803 145492 DEBUG oslo_concurrency.lockutils [req-8e44cd9e-e3ab-4243-9c1f-efbf0f530b2a - - - - -] Lock "ccc4ae3d-a75e-4257-8d22-b37d4bf75eda" "released" by "nova.context.set_target_cell..get_or_set_cached_cell_and_set_connections" :: held 0.000s inner /usr/lib/python3/dist-packages/oslo_concurrency/lockutils.py:400
2025-04-21 00:39:36.818 145487 DEBUG oslo_service.periodic_task [req-e6c5cdff-fe3d-488e-9b90-cb0e4cfae2e6 - - - - -] Running periodic task SchedulerManager._discover_hosts_in_cells run_periodic_tasks /usr/lib/python3/dist-packages/oslo_service/periodic_task.py:210
2025-04-21 00:39:36.821 145487 DEBUG oslo_concurrency.lockutils [req-a242653a-3a07-4a07-88e9-91ddfd421bbf - - - - -] Lock "ccc4ae3d-a75e-4257-8d22-b37d4bf75eda" acquired by "nova.context.set_target_cell..get_or_set_cached_cell_and_set_connections" :: waited 0.000s inner /usr/lib/python3/dist-packages/oslo_concurrency/lockutils.py:386
2025-04-21 00:39:36.822 145487 DEBUG oslo_concurrency.lockutils [req-a242653a-3a07-4a07-88e9-91ddfd421bbf - - - - -] Lock "ccc4ae3d-a75e-4257-8d22-b37d4bf75eda" "released" by "nova.context.set_target_cell..get_or_set_cached_cell_and_set_connections" :: held 0.000s inner /usr/lib/python3/dist-packages/oslo_concurrency/lockutils.py:400
2025-04-21 00:39:37.761 145484 DEBUG oslo_service.periodic_task [req-dc290f77-1ef7-4f17-907e-1667ec67b8c8 - - - - -] Running periodic task SchedulerManager._discover_hosts_in_cells run_periodic_tasks /usr/lib/python3/dist-packages/oslo_service/periodic_task.py:210
2025-04-21 00:39:37.765 145484 DEBUG oslo_concurrency.lockutils [req-3fc844c6-af24-46b6-9ad3-58f44d0facea - - - - -] Lock "ccc4ae3d-a75e-4257-8d22-b37d4bf75eda" acquired by "nova.context.set_target_cell..get_or_set_cached_cell_and_set_connections" :: waited 0.000s inner /usr/lib/python3/dist-packages/oslo_concurrency/lockutils.py:386
2025-04-21 00:39:37.765 145484 DEBUG oslo_concurrency.lockutils [req-3fc844c6-af24-46b6-9ad3-58f44d0facea - - - - -] Lock "ccc4ae3d-a75e-4257-8d22-b37d4bf75eda" "released" by "nova.context.set_target_cell..get_or_set_cached_cell_and_set_connections" :: held 0.000s inner /usr/lib/python3/dist-packages/oslo_concurrency/lockutils.py:400
2025-04-21 00:39:38.781 145485 DEBUG oslo_service.periodic_task [req-7b8b1797-2e79-47d9-b46d-325b92e17955 - - - - -] Running periodic task SchedulerManager._discover_hosts_in_cells run_periodic_tasks /usr/lib/python3/dist-packages/oslo_service/periodic_task.py:210
