2025-04-21 00:37:34.187 145140 WARNING oslo_config.cfg [req-c59b9069-df8e-42b1-ac72-3d15d778ed4d - - - - -] Deprecated: Option "auth_strategy" from group "api" is deprecated for removal ( The only non-default choice, ``noauth2``, is for internal development and testing purposes only and should not be used in deployments. This option and its middleware, NoAuthMiddleware[V2_18], will be removed in a future release. ). Its value may be silently ignored in the future.
2025-04-21 00:37:34.187 145140 DEBUG oslo_service.service [req-c59b9069-df8e-42b1-ac72-3d15d778ed4d - - - - -] api.auth_strategy = keystone log_opt_values /usr/lib/python3/dist-packages/oslo_config/cfg.py:2609
2025-04-21 00:37:34.187 145140 DEBUG oslo_service.service [req-c59b9069-df8e-42b1-ac72-3d15d778ed4d - - - - -] api.compute_link_prefix = None log_opt_values /usr/lib/python3/dist-packages/oslo_config/cfg.py:2609
2025-04-21 00:37:34.187 145140 DEBUG oslo_service.service [req-c59b9069-df8e-42b1-ac72-3d15d778ed4d - - - - -] api.config_drive_skip_versions = 1.0 2007-01-19 2007-03-01 2007-08-29 2007-10-10 2007-12-15 2008-02-01 2008-09-01 log_opt_values /usr/lib/python3/dist-packages/oslo_config/cfg.py:2609
2025-04-21 00:37:34.188 145140 DEBUG oslo_service.service [req-c59b9069-df8e-42b1-ac72-3d15d778ed4d - - - - -] api.dhcp_domain = novalocal log_opt_values /usr/lib/python3/dist-packages/oslo_config/cfg.py:2609
2025-04-21 00:37:34.188 145140 DEBUG oslo_service.service [req-c59b9069-df8e-42b1-ac72-3d15d778ed4d - - - - -] api.enable_instance_password = True log_opt_values /usr/lib/python3/dist-packages/oslo_config/cfg.py:2609
2025-04-21 00:37:34.188 145140 DEBUG oslo_service.service [req-c59b9069-df8e-42b1-ac72-3d15d778ed4d - - - - -] api.glance_link_prefix = None log_opt_values /usr/lib/python3/dist-packages/oslo_config/cfg.py:2609
2025-04-21 00:37:34.188 145140 DEBUG oslo_service.service [req-c59b9069-df8e-42b1-ac72-3d15d778ed4d - - - - -] api.instance_list_cells_batch_fixed_size = 100 log_opt_values /usr/lib/python3/dist-packages/oslo_config/cfg.py:2609
2025-04-21 00:37:34.188 145140 DEBUG oslo_service.service [req-c59b9069-df8e-42b1-ac72-3d15d778ed4d - - - - -] api.instance_list_cells_batch_strategy = distributed log_opt_values /usr/lib/python3/dist-packages/oslo_config/cfg.py:2609
2025-04-21 00:37:34.188 145140 DEBUG oslo_service.service [req-c59b9069-df8e-42b1-ac72-3d15d778ed4d - - - - -] api.instance_list_per_project_cells = False log_opt_values /usr/lib/python3/dist-packages/oslo_config/cfg.py:2609
2025-04-21 00:37:34.189 145140 DEBUG oslo_service.service [req-c59b9069-df8e-42b1-ac72-3d15d778ed4d - - - - -] api.list_records_by_skipping_down_cells = True log_opt_values /usr/lib/python3/dist-packages/oslo_config/cfg.py:2609
2025-04-21 00:37:34.189 145140 DEBUG oslo_service.service [req-c59b9069-df8e-42b1-ac72-3d15d778ed4d - - - - -] api.local_metadata_per_cell = False log_opt_values /usr/lib/python3/dist-packages/oslo_config/cfg.py:2609
2025-04-21 00:37:34.189 145140 DEBUG oslo_service.service [req-c59b9069-df8e-42b1-ac72-3d15d778ed4d - - - - -] api.max_limit = 1000 log_opt_values /usr/lib/python3/dist-packages/oslo_config/cfg.py:2609
2025-04-21 00:37:34.189 145140 DEBUG oslo_service.service [req-c59b9069-df8e-42b1-ac72-3d15d778ed4d - - - - -] api.metadata_cache_expiration = 15 log_opt_values /usr/lib/python3/dist-packages/oslo_config/cfg.py:2609
2025-04-21 00:37:34.189 145140 DEBUG oslo_service.service [req-c59b9069-df8e-42b1-ac72-3d15d778ed4d - - - - -] api.neutron_default_tenant_id = default log_opt_values /usr/lib/python3/dist-packages/oslo_config/cfg.py:2609
2025-04-21 00:37:34.189 145140 DEBUG oslo_service.service [req-c59b9069-df8e-42b1-ac72-3d15d778ed4d - - - - -] api.use_forwarded_for = False log_opt_values /usr/lib/python3/dist-packages/oslo_config/cfg.py:2609
2025-04-21 00:37:34.190 145140 DEBUG oslo_service.service [req-c59b9069-df8e-42b1-ac72-3d15d778ed4d - - - - -] api.use_neutron_default_nets = False log_opt_values /usr/lib/python3/dist-packages/oslo_config/cfg.py:2609
2025-04-21 00:37:34.190 145140 DEBUG oslo_service.service [req-c59b9069-df8e-42b1-ac72-3d15d778ed4d - - - - -] api.vendordata_dynamic_connect_timeout = 5 log_opt_values /usr/lib/python3/dist-packages/oslo_config/cfg.py:2609
2025-04-21 00:37:34.190 145140 DEBUG oslo_service.service [req-c59b9069-df8e-42b1-ac72-3d15d778ed4d - - - - -] api.vendordata_dynamic_failure_fatal = False log_opt_values /usr/lib/python3/dist-packages/oslo_config/cfg.py:2609
2025-04-21 00:37:34.190 145140 DEBUG oslo_service.service [req-c59b9069-df8e-42b1-ac72-3d15d778ed4d - - - - -] api.vendordata_dynamic_read_timeout = 5 log_opt_values /usr/lib/python3/dist-packages/oslo_config/cfg.py:2609
2025-04-21 00:37:34.190 145140 DEBUG oslo_service.service [req-c59b9069-df8e-42b1-ac72-3d15d778ed4d - - - - -] api.vendordata_dynamic_ssl_certfile = log_opt_values /usr/lib/python3/dist-packages/oslo_config/cfg.py:2609
2025-04-21 00:37:34.191 145140 DEBUG oslo_service.service [req-c59b9069-df8e-42b1-ac72-3d15d778ed4d - - - - -] api.vendordata_dynamic_targets = [] log_opt_values /usr/lib/python3/dist-packages/oslo_config/cfg.py:2609
2025-04-21 00:37:34.191 145140 DEBUG oslo_service.service [req-c59b9069-df8e-42b1-ac72-3d15d778ed4d - - - - -] api.vendordata_jsonfile_path = None log_opt_values /usr/lib/python3/dist-packages/oslo_config/cfg.py:2609
2025-04-21 00:37:34.191 145140 DEBUG oslo_service.service [req-c59b9069-df8e-42b1-ac72-3d15d778ed4d - - - - -] api.vendordata_providers = ['StaticJSON'] log_opt_values /usr/lib/python3/dist-packages/oslo_config/cfg.py:2609
2025-04-21 00:37:34.191 145140 DEBUG oslo_service.service [req-c59b9069-df8e-42b1-ac72-3d15d778ed4d - - - - -] cache.backend = dogpile.cache.null log_opt_values /usr/lib/python3/dist-packages/oslo_config/cfg.py:2609
2025-04-21 00:37:34.191 145140 DEBUG oslo_service.service [req-c59b9069-df8e-42b1-ac72-3d15d778ed4d - - - - -] cache.backend_argument = **** log_opt_values /usr/lib/python3/dist-packages/oslo_config/cfg.py:2609
2025-04-21 00:37:34.192 145140 DEBUG oslo_service.service [req-c59b9069-df8e-42b1-ac72-3d15d778ed4d - - - - -] cache.config_prefix = cache.oslo log_opt_values /usr/lib/python3/dist-packages/oslo_config/cfg.py:2609
2025-04-21 00:37:34.192 145140 DEBUG oslo_service.service [req-c59b9069-df8e-42b1-ac72-3d15d778ed4d - - - - -] cache.debug_cache_backend = False log_opt_values /usr/lib/python3/dist-packages/oslo_config/cfg.py:2609
2025-04-21 00:37:34.192 145140 DEBUG oslo_service.service [req-c59b9069-df8e-42b1-ac72-3d15d778ed4d - - - - -] cache.enabled = False log_opt_values /usr/lib/python3/dist-packages/oslo_config/cfg.py:2609
2025-04-21 00:37:34.192 145140 DEBUG oslo_service.service [req-c59b9069-df8e-42b1-ac72-3d15d778ed4d - - - - -] cache.expiration_time = 600 log_opt_values /usr/lib/python3/dist-packages/oslo_config/cfg.py:2609
2025-04-21 00:37:34.192 145140 DEBUG oslo_service.service [req-c59b9069-df8e-42b1-ac72-3d15d778ed4d - - - - -] cache.memcache_dead_retry = 300 log_opt_values /usr/lib/python3/dist-packages/oslo_config/cfg.py:2609
2025-04-21 00:37:34.192 145140 DEBUG oslo_service.service [req-c59b9069-df8e-42b1-ac72-3d15d778ed4d - - - - -] cache.memcache_pool_connection_get_timeout = 10 log_opt_values /usr/lib/python3/dist-packages/oslo_config/cfg.py:2609
2025-04-21 00:37:34.193 145140 DEBUG oslo_service.service [req-c59b9069-df8e-42b1-ac72-3d15d778ed4d - - - - -] cache.memcache_pool_flush_on_reconnect = False log_opt_values /usr/lib/python3/dist-packages/oslo_config/cfg.py:2609
2025-04-21 00:37:34.193 145140 DEBUG oslo_service.service [req-c59b9069-df8e-42b1-ac72-3d15d778ed4d - - - - -] cache.memcache_pool_maxsize = 10 log_opt_values /usr/lib/python3/dist-packages/oslo_config/cfg.py:2609
2025-04-21 00:37:34.193 145140 DEBUG oslo_service.service [req-c59b9069-df8e-42b1-ac72-3d15d778ed4d - - - - -] cache.memcache_pool_unused_timeout = 60 log_opt_values /usr/lib/python3/dist-packages/oslo_config/cfg.py:2609
2025-04-21 00:37:34.193 145140 DEBUG oslo_service.service [req-c59b9069-df8e-42b1-ac72-3d15d778ed4d - - - - -] cache.memcache_servers = ['localhost:11211'] log_opt_values /usr/lib/python3/dist-packages/oslo_config/cfg.py:2609
2025-04-21 00:37:34.193 145140 DEBUG oslo_service.service [req-c59b9069-df8e-42b1-ac72-3d15d778ed4d - - - - -] cache.memcache_socket_timeout = 1.0 log_opt_values /usr/lib/python3/dist-packages/oslo_config/cfg.py:2609
2025-04-21 00:37:34.193 145140 DEBUG oslo_service.service [req-c59b9069-df8e-42b1-ac72-3d15d778ed4d - - - - -] cache.proxies = [] log_opt_values /usr/lib/python3/dist-packages/oslo_config/cfg.py:2609
2025-04-21 00:37:34.193 145140 DEBUG oslo_service.service [req-c59b9069-df8e-42b1-ac72-3d15d778ed4d - - - - -] cache.tls_allowed_ciphers = None log_opt_values /usr/lib/python3/dist-packages/oslo_config/cfg.py:2609
2025-04-21 00:37:34.194 145140 DEBUG oslo_service.service [req-c59b9069-df8e-42b1-ac72-3d15d778ed4d - - - - -] cache.tls_cafile = None log_opt_values /usr/lib/python3/dist-packages/oslo_config/cfg.py:2609
2025-04-21 00:37:34.194 145140 DEBUG oslo_service.service [req-c59b9069-df8e-42b1-ac72-3d15d778ed4d - - - - -] cache.tls_certfile = None log_opt_values /usr/lib/python3/dist-packages/oslo_config/cfg.py:2609
2025-04-21 00:37:34.194 145140 DEBUG oslo_service.service [req-c59b9069-df8e-42b1-ac72-3d15d778ed4d - - - - -] cache.tls_enabled = False log_opt_values /usr/lib/python3/dist-packages/oslo_config/cfg.py:2609
2025-04-21 00:37:34.194 145140 DEBUG oslo_service.service [req-c59b9069-df8e-42b1-ac72-3d15d778ed4d - - - - -] cache.tls_keyfile = None log_opt_values /usr/lib/python3/dist-packages/oslo_config/cfg.py:2609
2025-04-21 00:37:34.194 145140 DEBUG oslo_service.service [req-c59b9069-df8e-42b1-ac72-3d15d778ed4d - - - - -] cinder.auth_section = None log_opt_values /usr/lib/python3/dist-packages/oslo_config/cfg.py:2609
2025-04-21 00:37:34.194 145140 DEBUG oslo_service.service [req-c59b9069-df8e-42b1-ac72-3d15d778ed4d - - - - -] cinder.auth_type = None log_opt_values /usr/lib/python3/dist-packages/oslo_config/cfg.py:2609
2025-04-21 00:37:34.195 145140 DEBUG oslo_service.service [req-c59b9069-df8e-42b1-ac72-3d15d778ed4d - - - - -] cinder.cafile = None log_opt_values /usr/lib/python3/dist-packages/oslo_config/cfg.py:2609
2025-04-21 00:37:34.195 145140 DEBUG oslo_service.service [req-c59b9069-df8e-42b1-ac72-3d15d778ed4d - - - - -] cinder.catalog_info = volumev3::publicURL log_opt_values /usr/lib/python3/dist-packages/oslo_config/cfg.py:2609
2025-04-21 00:37:34.195 145140 DEBUG oslo_service.service [req-c59b9069-df8e-42b1-ac72-3d15d778ed4d - - - - -] cinder.certfile = None log_opt_values /usr/lib/python3/dist-packages/oslo_config/cfg.py:2609
2025-04-21 00:37:34.195 145140 DEBUG oslo_service.service [req-c59b9069-df8e-42b1-ac72-3d15d778ed4d - - - - -] cinder.collect_timing = False log_opt_values /usr/lib/python3/dist-packages/oslo_config/cfg.py:2609
2025-04-21 00:37:34.195 145140 DEBUG oslo_service.service [req-c59b9069-df8e-42b1-ac72-3d15d778ed4d - - - - -] cinder.cross_az_attach = True log_opt_values /usr/lib/python3/dist-packages/oslo_config/cfg.py:2609
2025-04-21 00:37:34.196 145140 DEBUG oslo_service.service [req-c59b9069-df8e-42b1-ac72-3d15d778ed4d - - - - -] cinder.debug = False log_opt_values /usr/lib/python3/dist-packages/oslo_config/cfg.py:2609
2025-04-21 00:37:34.196 145140 DEBUG oslo_service.service [req-c59b9069-df8e-42b1-ac72-3d15d778ed4d - - - - -] cinder.endpoint_template = None log_opt_values /usr/lib/python3/dist-packages/oslo_config/cfg.py:2609
2025-04-21 00:37:34.196 145140 DEBUG oslo_service.service [req-c59b9069-df8e-42b1-ac72-3d15d778ed4d - - - - -] cinder.http_retries = 3 log_opt_values /usr/lib/python3/dist-packages/oslo_config/cfg.py:2609
2025-04-21 00:37:34.196 145140 DEBUG oslo_service.service [req-c59b9069-df8e-42b1-ac72-3d15d778ed4d - - - - -] cinder.insecure = False log_opt_values /usr/lib/python3/dist-packages/oslo_config/cfg.py:2609
2025-04-21 00:37:34.196 145140 DEBUG oslo_service.service [req-c59b9069-df8e-42b1-ac72-3d15d778ed4d - - - - -] cinder.keyfile = None log_opt_values /usr/lib/python3/dist-packages/oslo_config/cfg.py:2609
2025-04-21 00:37:34.196 145548 DEBUG oslo_messaging._drivers.amqpdriver [-] Listener is running poll /usr/lib/python3/dist-packages/oslo_messaging/_drivers/amqpdriver.py:343
2025-04-21 00:37:34.196 145140 DEBUG oslo_service.service [req-c59b9069-df8e-42b1-ac72-3d15d778ed4d - - - - -] cinder.os_region_name = None log_opt_values /usr/lib/python3/dist-packages/oslo_config/cfg.py:2609
2025-04-21 00:37:34.197 145548 DEBUG oslo_messaging._drivers.amqpdriver [-] AMQPListener connection consume poll /usr/lib/python3/dist-packages/oslo_messaging/_drivers/amqpdriver.py:357
2025-04-21 00:37:34.197 145140 DEBUG oslo_service.service [req-c59b9069-df8e-42b1-ac72-3d15d778ed4d - - - - -] cinder.split_loggers = False log_opt_values /usr/lib/python3/dist-packages/oslo_config/cfg.py:2609
2025-04-21 00:37:34.197 145140 DEBUG oslo_service.service [req-c59b9069-df8e-42b1-ac72-3d15d778ed4d - - - - -] cinder.timeout = None log_opt_values /usr/lib/python3/dist-packages/oslo_config/cfg.py:2609
2025-04-21 00:37:34.197 145140 DEBUG oslo_service.service [req-c59b9069-df8e-42b1-ac72-3d15d778ed4d - - - - -] compute.consecutive_build_service_disable_threshold = 10 log_opt_values /usr/lib/python3/dist-packages/oslo_config/cfg.py:2609
2025-04-21 00:37:34.197 145547 DEBUG oslo_messaging._drivers.amqpdriver [-] Listener is running poll /usr/lib/python3/dist-packages/oslo_messaging/_drivers/amqpdriver.py:343
2025-04-21 00:37:34.197 145548 DEBUG nova.service [req-a1242168-349c-46bc-a763-7b90815aa47c - - - - -] Join ServiceGroup membership for this service conductor start /usr/lib/python3/dist-packages/nova/service.py:199
2025-04-21 00:37:34.197 145140 DEBUG oslo_service.service [req-c59b9069-df8e-42b1-ac72-3d15d778ed4d - - - - -] compute.cpu_dedicated_set = None log_opt_values /usr/lib/python3/dist-packages/oslo_config/cfg.py:2609
2025-04-21 00:37:34.197 145547 DEBUG oslo_messaging._drivers.amqpdriver [-] AMQPListener connection consume poll /usr/lib/python3/dist-packages/oslo_messaging/_drivers/amqpdriver.py:357
2025-04-21 00:37:34.197 145140 DEBUG oslo_service.service [req-c59b9069-df8e-42b1-ac72-3d15d778ed4d - - - - -] compute.cpu_shared_set = None log_opt_values /usr/lib/python3/dist-packages/oslo_config/cfg.py:2609
2025-04-21 00:37:34.197 145548 DEBUG nova.servicegroup.drivers.db [req-a1242168-349c-46bc-a763-7b90815aa47c - - - - -] DB_Driver: join new ServiceGroup member juju-20f57e-0-lxd-7 to the conductor group, service = join /usr/lib/python3/dist-packages/nova/servicegroup/drivers/db.py:44
2025-04-21 00:37:34.197 145140 DEBUG oslo_service.service [req-c59b9069-df8e-42b1-ac72-3d15d778ed4d - - - - -] compute.image_type_exclude_list = [] log_opt_values /usr/lib/python3/dist-packages/oslo_config/cfg.py:2609
2025-04-21 00:37:34.198 145140 DEBUG oslo_service.service [req-c59b9069-df8e-42b1-ac72-3d15d778ed4d - - - - -] compute.live_migration_wait_for_vif_plug = True log_opt_values /usr/lib/python3/dist-packages/oslo_config/cfg.py:2609
2025-04-21 00:37:34.198 145140 DEBUG oslo_service.service [req-c59b9069-df8e-42b1-ac72-3d15d778ed4d - - - - -] compute.max_concurrent_disk_ops = 0 log_opt_values /usr/lib/python3/dist-packages/oslo_config/cfg.py:2609
2025-04-21 00:37:34.198 145140 DEBUG oslo_service.service [req-c59b9069-df8e-42b1-ac72-3d15d778ed4d - - - - -] compute.max_disk_devices_to_attach = -1 log_opt_values /usr/lib/python3/dist-packages/oslo_config/cfg.py:2609
2025-04-21 00:37:34.198 145140 DEBUG oslo_service.service [req-c59b9069-df8e-42b1-ac72-3d15d778ed4d - - - - -] compute.packing_host_numa_cells_allocation_strategy = True log_opt_values /usr/lib/python3/dist-packages/oslo_config/cfg.py:2609
2025-04-21 00:37:34.198 145140 DEBUG oslo_service.service [req-c59b9069-df8e-42b1-ac72-3d15d778ed4d - - - - -] compute.provider_config_location = /etc/nova/provider_config/ log_opt_values /usr/lib/python3/dist-packages/oslo_config/cfg.py:2609
2025-04-21 00:37:34.198 145140 DEBUG oslo_service.service [req-c59b9069-df8e-42b1-ac72-3d15d778ed4d - - - - -] compute.resource_provider_association_refresh = 300 log_opt_values /usr/lib/python3/dist-packages/oslo_config/cfg.py:2609
2025-04-21 00:37:34.199 145140 DEBUG oslo_service.service [req-c59b9069-df8e-42b1-ac72-3d15d778ed4d - - - - -] compute.shutdown_retry_interval = 10 log_opt_values /usr/lib/python3/dist-packages/oslo_config/cfg.py:2609
2025-04-21 00:37:34.199 145140 DEBUG oslo_service.service [req-c59b9069-df8e-42b1-ac72-3d15d778ed4d - - - - -] compute.vmdk_allowed_types = ['streamOptimized', 'monolithicSparse'] log_opt_values /usr/lib/python3/dist-packages/oslo_config/cfg.py:2609
2025-04-21 00:37:34.199 145140 DEBUG oslo_service.service [req-c59b9069-df8e-42b1-ac72-3d15d778ed4d - - - - -] conductor.workers = 4 log_opt_values /usr/lib/python3/dist-packages/oslo_config/cfg.py:2609
2025-04-21 00:37:34.199 145140 DEBUG oslo_service.service [req-c59b9069-df8e-42b1-ac72-3d15d778ed4d - - - - -] console.allowed_origins = [] log_opt_values /usr/lib/python3/dist-packages/oslo_config/cfg.py:2609
2025-04-21 00:37:34.199 145140 DEBUG oslo_service.service [req-c59b9069-df8e-42b1-ac72-3d15d778ed4d - - - - -] console.ssl_ciphers = None log_opt_values /usr/lib/python3/dist-packages/oslo_config/cfg.py:2609
2025-04-21 00:37:34.199 145140 DEBUG oslo_service.service [req-c59b9069-df8e-42b1-ac72-3d15d778ed4d - - - - -] console.ssl_minimum_version = default log_opt_values /usr/lib/python3/dist-packages/oslo_config/cfg.py:2609
2025-04-21 00:37:34.200 145140 DEBUG oslo_service.service [req-c59b9069-df8e-42b1-ac72-3d15d778ed4d - - - - -] consoleauth.token_ttl = 600 log_opt_values /usr/lib/python3/dist-packages/oslo_config/cfg.py:2609
2025-04-21 00:37:34.200 145548 DEBUG oslo_messaging._drivers.amqpdriver [-] AMQPListener connection timeout poll /usr/lib/python3/dist-packages/oslo_messaging/_drivers/amqpdriver.py:360
2025-04-21 00:37:34.200 145548 DEBUG oslo_messaging._drivers.amqpdriver [-] Listener is running poll /usr/lib/python3/dist-packages/oslo_messaging/_drivers/amqpdriver.py:343
2025-04-21 00:37:34.200 145140 DEBUG oslo_service.service [req-c59b9069-df8e-42b1-ac72-3d15d778ed4d - - - - -] cyborg.cafile = None log_opt_values /usr/lib/python3/dist-packages/oslo_config/cfg.py:2609
2025-04-21 00:37:34.200 145548 DEBUG oslo_messaging._drivers.amqpdriver [-] AMQPListener connection consume poll /usr/lib/python3/dist-packages/oslo_messaging/_drivers/amqpdriver.py:357
2025-04-21 00:37:34.200 145140 DEBUG oslo_service.service [req-c59b9069-df8e-42b1-ac72-3d15d778ed4d - - - - -] cyborg.certfile = None log_opt_values /usr/lib/python3/dist-packages/oslo_config/cfg.py:2609
2025-04-21 00:37:34.200 145140 DEBUG oslo_service.service [req-c59b9069-df8e-42b1-ac72-3d15d778ed4d - - - - -] cyborg.collect_timing = False log_opt_values /usr/lib/python3/dist-packages/oslo_config/cfg.py:2609
2025-04-21 00:37:34.199 145547 DEBUG nova.service [req-c978b821-54cd-4c6c-9b0b-b718171fa9a4 - - - - -] Join ServiceGroup membership for this service conductor start /usr/lib/python3/dist-packages/nova/service.py:199
2025-04-21 00:37:34.200 145140 DEBUG oslo_service.service [req-c59b9069-df8e-42b1-ac72-3d15d778ed4d - - - - -] cyborg.connect_retries = None log_opt_values /usr/lib/python3/dist-packages/oslo_config/cfg.py:2609
2025-04-21 00:37:34.200 145140 DEBUG oslo_service.service [req-c59b9069-df8e-42b1-ac72-3d15d778ed4d - - - - -] cyborg.connect_retry_delay = None log_opt_values /usr/lib/python3/dist-packages/oslo_config/cfg.py:2609
2025-04-21 00:37:34.200 145547 DEBUG nova.servicegroup.drivers.db [req-c978b821-54cd-4c6c-9b0b-b718171fa9a4 - - - - -] DB_Driver: join new ServiceGroup member juju-20f57e-0-lxd-7 to the conductor group, service = join /usr/lib/python3/dist-packages/nova/servicegroup/drivers/db.py:44
2025-04-21 00:37:34.200 145140 DEBUG oslo_service.service [req-c59b9069-df8e-42b1-ac72-3d15d778ed4d - - - - -] cyborg.endpoint_override = None log_opt_values /usr/lib/python3/dist-packages/oslo_config/cfg.py:2609
2025-04-21 00:37:34.201 145140 DEBUG oslo_service.service [req-c59b9069-df8e-42b1-ac72-3d15d778ed4d - - - - -] cyborg.insecure = False log_opt_values /usr/lib/python3/dist-packages/oslo_config/cfg.py:2609
2025-04-21 00:37:34.201 145140 DEBUG oslo_service.service [req-c59b9069-df8e-42b1-ac72-3d15d778ed4d - - - - -] cyborg.keyfile = None log_opt_values /usr/lib/python3/dist-packages/oslo_config/cfg.py:2609
2025-04-21 00:37:34.201 145140 DEBUG oslo_service.service [req-c59b9069-df8e-42b1-ac72-3d15d778ed4d - - - - -] cyborg.max_version = None log_opt_values /usr/lib/python3/dist-packages/oslo_config/cfg.py:2609
2025-04-21 00:37:34.201 145140 DEBUG oslo_service.service [req-c59b9069-df8e-42b1-ac72-3d15d778ed4d - - - - -] cyborg.min_version = None log_opt_values /usr/lib/python3/dist-packages/oslo_config/cfg.py:2609
2025-04-21 00:37:34.201 145140 DEBUG oslo_service.service [req-c59b9069-df8e-42b1-ac72-3d15d778ed4d - - - - -] cyborg.region_name = None log_opt_values /usr/lib/python3/dist-packages/oslo_config/cfg.py:2609
2025-04-21 00:37:34.201 145547 DEBUG oslo_messaging._drivers.amqpdriver [-] AMQPListener connection timeout poll /usr/lib/python3/dist-packages/oslo_messaging/_drivers/amqpdriver.py:360
2025-04-21 00:37:34.201 145140 DEBUG oslo_service.service [req-c59b9069-df8e-42b1-ac72-3d15d778ed4d - - - - -] cyborg.service_name = None log_opt_values /usr/lib/python3/dist-packages/oslo_config/cfg.py:2609
2025-04-21 00:37:34.202 145547 DEBUG oslo_messaging._drivers.amqpdriver [-] Listener is running poll /usr/lib/python3/dist-packages/oslo_messaging/_drivers/amqpdriver.py:343
2025-04-21 00:37:34.202 145140 DEBUG oslo_service.service [req-c59b9069-df8e-42b1-ac72-3d15d778ed4d - - - - -] cyborg.service_type = accelerator log_opt_values /usr/lib/python3/dist-packages/oslo_config/cfg.py:2609
2025-04-21 00:37:34.202 145547 DEBUG oslo_messaging._drivers.amqpdriver [-] AMQPListener connection consume poll /usr/lib/python3/dist-packages/oslo_messaging/_drivers/amqpdriver.py:357
2025-04-21 00:37:34.202 145140 DEBUG oslo_service.service [req-c59b9069-df8e-42b1-ac72-3d15d778ed4d - - - - -] cyborg.split_loggers = False log_opt_values /usr/lib/python3/dist-packages/oslo_config/cfg.py:2609
2025-04-21 00:37:34.202 145140 DEBUG oslo_service.service [req-c59b9069-df8e-42b1-ac72-3d15d778ed4d - - - - -] cyborg.status_code_retries = None log_opt_values /usr/lib/python3/dist-packages/oslo_config/cfg.py:2609
2025-04-21 00:37:34.202 145140 DEBUG oslo_service.service [req-c59b9069-df8e-42b1-ac72-3d15d778ed4d - - - - -] cyborg.status_code_retry_delay = None log_opt_values /usr/lib/python3/dist-packages/oslo_config/cfg.py:2609
2025-04-21 00:37:34.202 145140 DEBUG oslo_service.service [req-c59b9069-df8e-42b1-ac72-3d15d778ed4d - - - - -] cyborg.timeout = None log_opt_values /usr/lib/python3/dist-packages/oslo_config/cfg.py:2609
2025-04-21 00:37:34.203 145140 DEBUG oslo_service.service [req-c59b9069-df8e-42b1-ac72-3d15d778ed4d - - - - -] cyborg.valid_interfaces = ['internal', 'public'] log_opt_values /usr/lib/python3/dist-packages/oslo_config/cfg.py:2609
2025-04-21 00:37:34.203 145140 DEBUG oslo_service.service [req-c59b9069-df8e-42b1-ac72-3d15d778ed4d - - - - -] cyborg.version = None log_opt_values /usr/lib/python3/dist-packages/oslo_config/cfg.py:2609
2025-04-21 00:37:34.203 145140 DEBUG oslo_service.service [req-c59b9069-df8e-42b1-ac72-3d15d778ed4d - - - - -] database.backend = sqlalchemy log_opt_values /usr/lib/python3/dist-packages/oslo_config/cfg.py:2609
2025-04-21 00:37:34.203 145140 DEBUG oslo_service.service [req-c59b9069-df8e-42b1-ac72-3d15d778ed4d - - - - -] database.connection = **** log_opt_values /usr/lib/python3/dist-packages/oslo_config/cfg.py:2609
2025-04-21 00:37:34.203 145140 DEBUG oslo_service.service [req-c59b9069-df8e-42b1-ac72-3d15d778ed4d - - - - -] database.connection_debug = 0 log_opt_values /usr/lib/python3/dist-packages/oslo_config/cfg.py:2609
2025-04-21 00:37:34.204 145140 DEBUG oslo_service.service [req-c59b9069-df8e-42b1-ac72-3d15d778ed4d - - - - -] database.connection_parameters = log_opt_values /usr/lib/python3/dist-packages/oslo_config/cfg.py:2609
2025-04-21 00:37:34.204 145140 DEBUG oslo_service.service [req-c59b9069-df8e-42b1-ac72-3d15d778ed4d - - - - -] database.connection_recycle_time = 3600 log_opt_values /usr/lib/python3/dist-packages/oslo_config/cfg.py:2609
2025-04-21 00:37:34.204 145550 DEBUG oslo_messaging._drivers.amqpdriver [-] Listener is running poll /usr/lib/python3/dist-packages/oslo_messaging/_drivers/amqpdriver.py:343
2025-04-21 00:37:34.204 145140 DEBUG oslo_service.service [req-c59b9069-df8e-42b1-ac72-3d15d778ed4d - - - - -] database.connection_trace = False log_opt_values /usr/lib/python3/dist-packages/oslo_config/cfg.py:2609
2025-04-21 00:37:34.204 145550 DEBUG oslo_messaging._drivers.amqpdriver [-] AMQPListener connection consume poll /usr/lib/python3/dist-packages/oslo_messaging/_drivers/amqpdriver.py:357
2025-04-21 00:37:34.204 145140 DEBUG oslo_service.service [req-c59b9069-df8e-42b1-ac72-3d15d778ed4d - - - - -] database.db_inc_retry_interval = True log_opt_values /usr/lib/python3/dist-packages/oslo_config/cfg.py:2609
2025-04-21 00:37:34.204 145140 DEBUG oslo_service.service [req-c59b9069-df8e-42b1-ac72-3d15d778ed4d - - - - -] database.db_max_retries = 20 log_opt_values /usr/lib/python3/dist-packages/oslo_config/cfg.py:2609
2025-04-21 00:37:34.204 145140 DEBUG oslo_service.service [req-c59b9069-df8e-42b1-ac72-3d15d778ed4d - - - - -] database.db_max_retry_interval = 10 log_opt_values /usr/lib/python3/dist-packages/oslo_config/cfg.py:2609
2025-04-21 00:37:34.204 145140 DEBUG oslo_service.service [req-c59b9069-df8e-42b1-ac72-3d15d778ed4d - - - - -] database.db_retry_interval = 1 log_opt_values /usr/lib/python3/dist-packages/oslo_config/cfg.py:2609
2025-04-21 00:37:34.204 145550 DEBUG nova.service [req-e3a1895b-c8a2-45ec-9dd9-b3864c2eae2e - - - - -] Join ServiceGroup membership for this service conductor start /usr/lib/python3/dist-packages/nova/service.py:199
2025-04-21 00:37:34.204 145549 DEBUG oslo_messaging._drivers.amqpdriver [-] Listener is running poll /usr/lib/python3/dist-packages/oslo_messaging/_drivers/amqpdriver.py:343
2025-04-21 00:37:34.205 145140 DEBUG oslo_service.service [req-c59b9069-df8e-42b1-ac72-3d15d778ed4d - - - - -] database.max_overflow = 50 log_opt_values /usr/lib/python3/dist-packages/oslo_config/cfg.py:2609
2025-04-21 00:37:34.205 145550 DEBUG nova.servicegroup.drivers.db [req-e3a1895b-c8a2-45ec-9dd9-b3864c2eae2e - - - - -] DB_Driver: join new ServiceGroup member juju-20f57e-0-lxd-7 to the conductor group, service = join /usr/lib/python3/dist-packages/nova/servicegroup/drivers/db.py:44
2025-04-21 00:37:34.205 145140 DEBUG oslo_service.service [req-c59b9069-df8e-42b1-ac72-3d15d778ed4d - - - - -] database.max_pool_size = 4 log_opt_values /usr/lib/python3/dist-packages/oslo_config/cfg.py:2609
2025-04-21 00:37:34.205 145549 DEBUG oslo_messaging._drivers.amqpdriver [-] AMQPListener connection consume poll /usr/lib/python3/dist-packages/oslo_messaging/_drivers/amqpdriver.py:357
2025-04-21 00:37:34.205 145140 DEBUG oslo_service.service [req-c59b9069-df8e-42b1-ac72-3d15d778ed4d - - - - -] database.max_retries = 10 log_opt_values /usr/lib/python3/dist-packages/oslo_config/cfg.py:2609
2025-04-21 00:37:34.205 145140 DEBUG oslo_service.service [req-c59b9069-df8e-42b1-ac72-3d15d778ed4d - - - - -] database.mysql_enable_ndb = False log_opt_values /usr/lib/python3/dist-packages/oslo_config/cfg.py:2609
2025-04-21 00:37:34.205 145140 DEBUG oslo_service.service [req-c59b9069-df8e-42b1-ac72-3d15d778ed4d - - - - -] database.mysql_sql_mode = TRADITIONAL log_opt_values /usr/lib/python3/dist-packages/oslo_config/cfg.py:2609
2025-04-21 00:37:34.205 145549 DEBUG nova.service [req-9787fc8f-7ac2-4cb0-8eae-c3311b60fab6 - - - - -] Join ServiceGroup membership for this service conductor start /usr/lib/python3/dist-packages/nova/service.py:199
2025-04-21 00:37:34.206 145140 DEBUG oslo_service.service [req-c59b9069-df8e-42b1-ac72-3d15d778ed4d - - - - -] database.pool_timeout = None log_opt_values /usr/lib/python3/dist-packages/oslo_config/cfg.py:2609
2025-04-21 00:37:34.206 145140 DEBUG oslo_service.service [req-c59b9069-df8e-42b1-ac72-3d15d778ed4d - - - - -] database.retry_interval = 10 log_opt_values /usr/lib/python3/dist-packages/oslo_config/cfg.py:2609
2025-04-21 00:37:34.206 145549 DEBUG nova.servicegroup.drivers.db [req-9787fc8f-7ac2-4cb0-8eae-c3311b60fab6 - - - - -] DB_Driver: join new ServiceGroup member juju-20f57e-0-lxd-7 to the conductor group, service = join /usr/lib/python3/dist-packages/nova/servicegroup/drivers/db.py:44
2025-04-21 00:37:34.206 145140 DEBUG oslo_service.service [req-c59b9069-df8e-42b1-ac72-3d15d778ed4d - - - - -] database.slave_connection = **** log_opt_values /usr/lib/python3/dist-packages/oslo_config/cfg.py:2609
2025-04-21 00:37:34.206 145140 DEBUG oslo_service.service [req-c59b9069-df8e-42b1-ac72-3d15d778ed4d - - - - -] database.sqlite_synchronous = True log_opt_values /usr/lib/python3/dist-packages/oslo_config/cfg.py:2609
2025-04-21 00:37:34.206 145140 DEBUG oslo_service.service [req-c59b9069-df8e-42b1-ac72-3d15d778ed4d - - - - -] database.use_db_reconnect = False log_opt_values /usr/lib/python3/dist-packages/oslo_config/cfg.py:2609
2025-04-21 00:37:34.206 145140 DEBUG oslo_service.service [req-c59b9069-df8e-42b1-ac72-3d15d778ed4d - - - - -] api_database.backend = sqlalchemy log_opt_values /usr/lib/python3/dist-packages/oslo_config/cfg.py:2609
2025-04-21 00:37:34.206 145140 DEBUG oslo_service.service [req-c59b9069-df8e-42b1-ac72-3d15d778ed4d - - - - -] api_database.connection = **** log_opt_values /usr/lib/python3/dist-packages/oslo_config/cfg.py:2609
2025-04-21 00:37:34.207 145140 DEBUG oslo_service.service [req-c59b9069-df8e-42b1-ac72-3d15d778ed4d - - - - -] api_database.connection_debug = 0 log_opt_values /usr/lib/python3/dist-packages/oslo_config/cfg.py:2609
2025-04-21 00:37:34.207 145140 DEBUG oslo_service.service [req-c59b9069-df8e-42b1-ac72-3d15d778ed4d - - - - -] api_database.connection_parameters = log_opt_values /usr/lib/python3/dist-packages/oslo_config/cfg.py:2609
2025-04-21 00:37:34.207 145550 DEBUG oslo_messaging._drivers.amqpdriver [-] AMQPListener connection timeout poll /usr/lib/python3/dist-packages/oslo_messaging/_drivers/amqpdriver.py:360
2025-04-21 00:37:34.207 145140 DEBUG oslo_service.service [req-c59b9069-df8e-42b1-ac72-3d15d778ed4d - - - - -] api_database.connection_recycle_time = 3600 log_opt_values /usr/lib/python3/dist-packages/oslo_config/cfg.py:2609
2025-04-21 00:37:34.207 145550 DEBUG oslo_messaging._drivers.amqpdriver [-] Listener is running poll /usr/lib/python3/dist-packages/oslo_messaging/_drivers/amqpdriver.py:343
2025-04-21 00:37:34.207 145550 DEBUG oslo_messaging._drivers.amqpdriver [-] AMQPListener connection consume poll /usr/lib/python3/dist-packages/oslo_messaging/_drivers/amqpdriver.py:357
2025-04-21 00:37:34.207 145140 DEBUG oslo_service.service [req-c59b9069-df8e-42b1-ac72-3d15d778ed4d - - - - -] api_database.connection_trace = False log_opt_values /usr/lib/python3/dist-packages/oslo_config/cfg.py:2609
2025-04-21 00:37:34.207 145140 DEBUG oslo_service.service [req-c59b9069-df8e-42b1-ac72-3d15d778ed4d - - - - -] api_database.db_inc_retry_interval = True log_opt_values /usr/lib/python3/dist-packages/oslo_config/cfg.py:2609
2025-04-21 00:37:34.207 145140 DEBUG oslo_service.service [req-c59b9069-df8e-42b1-ac72-3d15d778ed4d - - - - -] api_database.db_max_retries = 20 log_opt_values /usr/lib/python3/dist-packages/oslo_config/cfg.py:2609
2025-04-21 00:37:34.208 145140 DEBUG oslo_service.service [req-c59b9069-df8e-42b1-ac72-3d15d778ed4d - - - - -] api_database.db_max_retry_interval = 10 log_opt_values /usr/lib/python3/dist-packages/oslo_config/cfg.py:2609
2025-04-21 00:37:34.208 145140 DEBUG oslo_service.service [req-c59b9069-df8e-42b1-ac72-3d15d778ed4d - - - - -] api_database.db_retry_interval = 1 log_opt_values /usr/lib/python3/dist-packages/oslo_config/cfg.py:2609
2025-04-21 00:37:34.208 145140 DEBUG oslo_service.service [req-c59b9069-df8e-42b1-ac72-3d15d778ed4d - - - - -] api_database.max_overflow = 50 log_opt_values /usr/lib/python3/dist-packages/oslo_config/cfg.py:2609
2025-04-21 00:37:34.208 145549 DEBUG oslo_messaging._drivers.amqpdriver [-] AMQPListener connection timeout poll /usr/lib/python3/dist-packages/oslo_messaging/_drivers/amqpdriver.py:360
2025-04-21 00:37:34.208 145549 DEBUG oslo_messaging._drivers.amqpdriver [-] Listener is running poll /usr/lib/python3/dist-packages/oslo_messaging/_drivers/amqpdriver.py:343
2025-04-21 00:37:34.208 145140 DEBUG oslo_service.service [req-c59b9069-df8e-42b1-ac72-3d15d778ed4d - - - - -] api_database.max_pool_size = 4 log_opt_values /usr/lib/python3/dist-packages/oslo_config/cfg.py:2609
2025-04-21 00:37:34.208 145549 DEBUG oslo_messaging._drivers.amqpdriver [-] AMQPListener connection consume poll /usr/lib/python3/dist-packages/oslo_messaging/_drivers/amqpdriver.py:357
2025-04-21 00:37:34.208 145140 DEBUG oslo_service.service [req-c59b9069-df8e-42b1-ac72-3d15d778ed4d - - - - -] api_database.max_retries = 10 log_opt_values /usr/lib/python3/dist-packages/oslo_config/cfg.py:2609
2025-04-21 00:37:34.208 145140 DEBUG oslo_service.service [req-c59b9069-df8e-42b1-ac72-3d15d778ed4d - - - - -] api_database.mysql_enable_ndb = False log_opt_values /usr/lib/python3/dist-packages/oslo_config/cfg.py:2609
2025-04-21 00:37:34.208 145140 DEBUG oslo_service.service [req-c59b9069-df8e-42b1-ac72-3d15d778ed4d - - - - -] api_database.mysql_sql_mode = TRADITIONAL log_opt_values /usr/lib/python3/dist-packages/oslo_config/cfg.py:2609
2025-04-21 00:37:34.209 145140 DEBUG oslo_service.service [req-c59b9069-df8e-42b1-ac72-3d15d778ed4d - - - - -] api_database.pool_timeout = None log_opt_values /usr/lib/python3/dist-packages/oslo_config/cfg.py:2609
2025-04-21 00:37:34.209 145140 DEBUG oslo_service.service [req-c59b9069-df8e-42b1-ac72-3d15d778ed4d - - - - -] api_database.retry_interval = 10 log_opt_values /usr/lib/python3/dist-packages/oslo_config/cfg.py:2609
2025-04-21 00:37:34.209 145140 DEBUG oslo_service.service [req-c59b9069-df8e-42b1-ac72-3d15d778ed4d - - - - -] api_database.slave_connection = **** log_opt_values /usr/lib/python3/dist-packages/oslo_config/cfg.py:2609
2025-04-21 00:37:34.209 145140 DEBUG oslo_service.service [req-c59b9069-df8e-42b1-ac72-3d15d778ed4d - - - - -] api_database.sqlite_synchronous = True log_opt_values /usr/lib/python3/dist-packages/oslo_config/cfg.py:2609
2025-04-21 00:37:34.209 145140 DEBUG oslo_service.service [req-c59b9069-df8e-42b1-ac72-3d15d778ed4d - - - - -] devices.enabled_mdev_types = [] log_opt_values /usr/lib/python3/dist-packages/oslo_config/cfg.py:2609
2025-04-21 00:37:34.209 145140 DEBUG oslo_service.service [req-c59b9069-df8e-42b1-ac72-3d15d778ed4d - - - - -] ephemeral_storage_encryption.cipher = aes-xts-plain64 log_opt_values /usr/lib/python3/dist-packages/oslo_config/cfg.py:2609
2025-04-21 00:37:34.210 145140 DEBUG oslo_service.service [req-c59b9069-df8e-42b1-ac72-3d15d778ed4d - - - - -] ephemeral_storage_encryption.enabled = False log_opt_values /usr/lib/python3/dist-packages/oslo_config/cfg.py:2609
2025-04-21 00:37:34.210 145140 DEBUG oslo_service.service [req-c59b9069-df8e-42b1-ac72-3d15d778ed4d - - - - -] ephemeral_storage_encryption.key_size = 512 log_opt_values /usr/lib/python3/dist-packages/oslo_config/cfg.py:2609
2025-04-21 00:37:34.210 145140 WARNING oslo_config.cfg [req-c59b9069-df8e-42b1-ac72-3d15d778ed4d - - - - -] Deprecated: Option "api_servers" from group "glance" is deprecated for removal ( Support for image service configuration via standard keystoneauth1 Adapter options was added in the 17.0.0 Queens release. The api_servers option was retained temporarily to allow consumers time to cut over to a real load balancing solution. ). Its value may be silently ignored in the future.
2025-04-21 00:37:34.210 145140 DEBUG oslo_service.service [req-c59b9069-df8e-42b1-ac72-3d15d778ed4d - - - - -] glance.api_servers = ['http://252.33.66.72:9292'] log_opt_values /usr/lib/python3/dist-packages/oslo_config/cfg.py:2609
2025-04-21 00:37:34.210 145140 DEBUG oslo_service.service [req-c59b9069-df8e-42b1-ac72-3d15d778ed4d - - - - -] glance.cafile = None log_opt_values /usr/lib/python3/dist-packages/oslo_config/cfg.py:2609
2025-04-21 00:37:34.211 145140 DEBUG oslo_service.service [req-c59b9069-df8e-42b1-ac72-3d15d778ed4d - - - - -] glance.certfile = None log_opt_values /usr/lib/python3/dist-packages/oslo_config/cfg.py:2609
2025-04-21 00:37:34.211 145140 DEBUG oslo_service.service [req-c59b9069-df8e-42b1-ac72-3d15d778ed4d - - - - -] glance.collect_timing = False log_opt_values /usr/lib/python3/dist-packages/oslo_config/cfg.py:2609
2025-04-21 00:37:34.211 145140 DEBUG oslo_service.service [req-c59b9069-df8e-42b1-ac72-3d15d778ed4d - - - - -] glance.connect_retries = None log_opt_values /usr/lib/python3/dist-packages/oslo_config/cfg.py:2609
2025-04-21 00:37:34.211 145140 DEBUG oslo_service.service [req-c59b9069-df8e-42b1-ac72-3d15d778ed4d - - - - -] glance.connect_retry_delay = None log_opt_values /usr/lib/python3/dist-packages/oslo_config/cfg.py:2609
2025-04-21 00:37:34.211 145140 DEBUG oslo_service.service [req-c59b9069-df8e-42b1-ac72-3d15d778ed4d - - - - -] glance.debug = False log_opt_values /usr/lib/python3/dist-packages/oslo_config/cfg.py:2609
2025-04-21 00:37:34.211 145140 DEBUG oslo_service.service [req-c59b9069-df8e-42b1-ac72-3d15d778ed4d - - - - -] glance.default_trusted_certificate_ids = [] log_opt_values /usr/lib/python3/dist-packages/oslo_config/cfg.py:2609
2025-04-21 00:37:34.212 145140 DEBUG oslo_service.service [req-c59b9069-df8e-42b1-ac72-3d15d778ed4d - - - - -] glance.enable_certificate_validation = False log_opt_values /usr/lib/python3/dist-packages/oslo_config/cfg.py:2609
2025-04-21 00:37:34.212 145140 DEBUG oslo_service.service [req-c59b9069-df8e-42b1-ac72-3d15d778ed4d - - - - -] glance.enable_rbd_download = False log_opt_values /usr/lib/python3/dist-packages/oslo_config/cfg.py:2609
2025-04-21 00:37:34.212 145140 DEBUG oslo_service.service [req-c59b9069-df8e-42b1-ac72-3d15d778ed4d - - - - -] glance.endpoint_override = None log_opt_values /usr/lib/python3/dist-packages/oslo_config/cfg.py:2609
2025-04-21 00:37:34.212 145140 DEBUG oslo_service.service [req-c59b9069-df8e-42b1-ac72-3d15d778ed4d - - - - -] glance.insecure = False log_opt_values /usr/lib/python3/dist-packages/oslo_config/cfg.py:2609
2025-04-21 00:37:34.212 145140 DEBUG oslo_service.service [req-c59b9069-df8e-42b1-ac72-3d15d778ed4d - - - - -] glance.keyfile = None log_opt_values /usr/lib/python3/dist-packages/oslo_config/cfg.py:2609
2025-04-21 00:37:34.212 145140 DEBUG oslo_service.service [req-c59b9069-df8e-42b1-ac72-3d15d778ed4d - - - - -] glance.max_version = None log_opt_values /usr/lib/python3/dist-packages/oslo_config/cfg.py:2609
2025-04-21 00:37:34.212 145140 DEBUG oslo_service.service [req-c59b9069-df8e-42b1-ac72-3d15d778ed4d - - - - -] glance.min_version = None log_opt_values /usr/lib/python3/dist-packages/oslo_config/cfg.py:2609
2025-04-21 00:37:34.213 145140 DEBUG oslo_service.service [req-c59b9069-df8e-42b1-ac72-3d15d778ed4d - - - - -] glance.num_retries = 3 log_opt_values /usr/lib/python3/dist-packages/oslo_config/cfg.py:2609
2025-04-21 00:37:34.213 145140 DEBUG oslo_service.service [req-c59b9069-df8e-42b1-ac72-3d15d778ed4d - - - - -] glance.rbd_ceph_conf = log_opt_values /usr/lib/python3/dist-packages/oslo_config/cfg.py:2609
2025-04-21 00:37:34.213 145140 DEBUG oslo_service.service [req-c59b9069-df8e-42b1-ac72-3d15d778ed4d - - - - -] glance.rbd_connect_timeout = 5 log_opt_values /usr/lib/python3/dist-packages/oslo_config/cfg.py:2609
2025-04-21 00:37:34.213 145140 DEBUG oslo_service.service [req-c59b9069-df8e-42b1-ac72-3d15d778ed4d - - - - -] glance.rbd_pool = log_opt_values /usr/lib/python3/dist-packages/oslo_config/cfg.py:2609
2025-04-21 00:37:34.213 145140 DEBUG oslo_service.service [req-c59b9069-df8e-42b1-ac72-3d15d778ed4d - - - - -] glance.rbd_user = log_opt_values /usr/lib/python3/dist-packages/oslo_config/cfg.py:2609
2025-04-21 00:37:34.213 145140 DEBUG oslo_service.service [req-c59b9069-df8e-42b1-ac72-3d15d778ed4d - - - - -] glance.region_name = None log_opt_values /usr/lib/python3/dist-packages/oslo_config/cfg.py:2609
2025-04-21 00:37:34.214 145140 DEBUG oslo_service.service [req-c59b9069-df8e-42b1-ac72-3d15d778ed4d - - - - -] glance.service_name = None log_opt_values /usr/lib/python3/dist-packages/oslo_config/cfg.py:2609
2025-04-21 00:37:34.214 145140 DEBUG oslo_service.service [req-c59b9069-df8e-42b1-ac72-3d15d778ed4d - - - - -] glance.service_type = image log_opt_values /usr/lib/python3/dist-packages/oslo_config/cfg.py:2609
2025-04-21 00:37:34.214 145140 DEBUG oslo_service.service [req-c59b9069-df8e-42b1-ac72-3d15d778ed4d - - - - -] glance.split_loggers = False log_opt_values /usr/lib/python3/dist-packages/oslo_config/cfg.py:2609
2025-04-21 00:37:34.214 145140 DEBUG oslo_service.service [req-c59b9069-df8e-42b1-ac72-3d15d778ed4d - - - - -] glance.status_code_retries = None log_opt_values /usr/lib/python3/dist-packages/oslo_config/cfg.py:2609
2025-04-21 00:37:34.214 145140 DEBUG oslo_service.service [req-c59b9069-df8e-42b1-ac72-3d15d778ed4d - - - - -] glance.status_code_retry_delay = None log_opt_values /usr/lib/python3/dist-packages/oslo_config/cfg.py:2609
2025-04-21 00:37:34.214 145140 DEBUG oslo_service.service [req-c59b9069-df8e-42b1-ac72-3d15d778ed4d - - - - -] glance.timeout = None log_opt_values /usr/lib/python3/dist-packages/oslo_config/cfg.py:2609
2025-04-21 00:37:34.215 145140 DEBUG oslo_service.service [req-c59b9069-df8e-42b1-ac72-3d15d778ed4d - - - - -] glance.valid_interfaces = ['internal', 'public'] log_opt_values /usr/lib/python3/dist-packages/oslo_config/cfg.py:2609
2025-04-21 00:37:34.215 145140 DEBUG oslo_service.service [req-c59b9069-df8e-42b1-ac72-3d15d778ed4d - - - - -] glance.verify_glance_signatures = False log_opt_values /usr/lib/python3/dist-packages/oslo_config/cfg.py:2609
2025-04-21 00:37:34.215 145140 DEBUG oslo_service.service [req-c59b9069-df8e-42b1-ac72-3d15d778ed4d - - - - -] glance.version = None log_opt_values /usr/lib/python3/dist-packages/oslo_config/cfg.py:2609
2025-04-21 00:37:34.215 145140 DEBUG oslo_service.service [req-c59b9069-df8e-42b1-ac72-3d15d778ed4d - - - - -] guestfs.debug = False log_opt_values /usr/lib/python3/dist-packages/oslo_config/cfg.py:2609
2025-04-21 00:37:34.215 145140 DEBUG oslo_service.service [req-c59b9069-df8e-42b1-ac72-3d15d778ed4d - - - - -] hyperv.config_drive_cdrom = False log_opt_values /usr/lib/python3/dist-packages/oslo_config/cfg.py:2609
2025-04-21 00:37:34.215 145140 DEBUG oslo_service.service [req-c59b9069-df8e-42b1-ac72-3d15d778ed4d - - - - -] hyperv.config_drive_inject_password = False log_opt_values /usr/lib/python3/dist-packages/oslo_config/cfg.py:2609
2025-04-21 00:37:34.216 145140 DEBUG oslo_service.service [req-c59b9069-df8e-42b1-ac72-3d15d778ed4d - - - - -] hyperv.dynamic_memory_ratio = 1.0 log_opt_values /usr/lib/python3/dist-packages/oslo_config/cfg.py:2609
2025-04-21 00:37:34.216 145140 DEBUG oslo_service.service [req-c59b9069-df8e-42b1-ac72-3d15d778ed4d - - - - -] hyperv.enable_instance_metrics_collection = False log_opt_values /usr/lib/python3/dist-packages/oslo_config/cfg.py:2609
2025-04-21 00:37:34.216 145140 DEBUG oslo_service.service [req-c59b9069-df8e-42b1-ac72-3d15d778ed4d - - - - -] hyperv.enable_remotefx = False log_opt_values /usr/lib/python3/dist-packages/oslo_config/cfg.py:2609
2025-04-21 00:37:34.216 145140 DEBUG oslo_service.service [req-c59b9069-df8e-42b1-ac72-3d15d778ed4d - - - - -] hyperv.instances_path_share = log_opt_values /usr/lib/python3/dist-packages/oslo_config/cfg.py:2609
2025-04-21 00:37:34.216 145140 DEBUG oslo_service.service [req-c59b9069-df8e-42b1-ac72-3d15d778ed4d - - - - -] hyperv.iscsi_initiator_list = [] log_opt_values /usr/lib/python3/dist-packages/oslo_config/cfg.py:2609
2025-04-21 00:37:34.216 145140 DEBUG oslo_service.service [req-c59b9069-df8e-42b1-ac72-3d15d778ed4d - - - - -] hyperv.limit_cpu_features = False log_opt_values /usr/lib/python3/dist-packages/oslo_config/cfg.py:2609
2025-04-21 00:37:34.217 145140 DEBUG oslo_service.service [req-c59b9069-df8e-42b1-ac72-3d15d778ed4d - - - - -] hyperv.mounted_disk_query_retry_count = 10 log_opt_values /usr/lib/python3/dist-packages/oslo_config/cfg.py:2609
2025-04-21 00:37:34.217 145140 DEBUG oslo_service.service [req-c59b9069-df8e-42b1-ac72-3d15d778ed4d - - - - -] hyperv.mounted_disk_query_retry_interval = 5 log_opt_values /usr/lib/python3/dist-packages/oslo_config/cfg.py:2609
2025-04-21 00:37:34.217 145140 DEBUG oslo_service.service [req-c59b9069-df8e-42b1-ac72-3d15d778ed4d - - - - -] hyperv.power_state_check_timeframe = 60 log_opt_values /usr/lib/python3/dist-packages/oslo_config/cfg.py:2609
2025-04-21 00:37:34.217 145140 DEBUG oslo_service.service [req-c59b9069-df8e-42b1-ac72-3d15d778ed4d - - - - -] hyperv.power_state_event_polling_interval = 2 log_opt_values /usr/lib/python3/dist-packages/oslo_config/cfg.py:2609
2025-04-21 00:37:34.217 145140 DEBUG oslo_service.service [req-c59b9069-df8e-42b1-ac72-3d15d778ed4d - - - - -] hyperv.qemu_img_cmd = qemu-img.exe log_opt_values /usr/lib/python3/dist-packages/oslo_config/cfg.py:2609
2025-04-21 00:37:34.217 145140 DEBUG oslo_service.service [req-c59b9069-df8e-42b1-ac72-3d15d778ed4d - - - - -] hyperv.use_multipath_io = False log_opt_values /usr/lib/python3/dist-packages/oslo_config/cfg.py:2609
2025-04-21 00:37:34.217 145140 DEBUG oslo_service.service [req-c59b9069-df8e-42b1-ac72-3d15d778ed4d - - - - -] hyperv.volume_attach_retry_count = 10 log_opt_values /usr/lib/python3/dist-packages/oslo_config/cfg.py:2609
2025-04-21 00:37:34.218 145140 DEBUG oslo_service.service [req-c59b9069-df8e-42b1-ac72-3d15d778ed4d - - - - -] hyperv.volume_attach_retry_interval = 5 log_opt_values /usr/lib/python3/dist-packages/oslo_config/cfg.py:2609
2025-04-21 00:37:34.218 145140 DEBUG oslo_service.service [req-c59b9069-df8e-42b1-ac72-3d15d778ed4d - - - - -] hyperv.vswitch_name = None log_opt_values /usr/lib/python3/dist-packages/oslo_config/cfg.py:2609
2025-04-21 00:37:34.218 145140 DEBUG oslo_service.service [req-c59b9069-df8e-42b1-ac72-3d15d778ed4d - - - - -] hyperv.wait_soft_reboot_seconds = 60 log_opt_values /usr/lib/python3/dist-packages/oslo_config/cfg.py:2609
2025-04-21 00:37:34.218 145140 DEBUG oslo_service.service [req-c59b9069-df8e-42b1-ac72-3d15d778ed4d - - - - -] mks.enabled = False log_opt_values /usr/lib/python3/dist-packages/oslo_config/cfg.py:2609
2025-04-21 00:37:34.219 145140 DEBUG oslo_service.service [req-c59b9069-df8e-42b1-ac72-3d15d778ed4d - - - - -] mks.mksproxy_base_url = http://127.0.0.1:6090/ log_opt_values /usr/lib/python3/dist-packages/oslo_config/cfg.py:2609
2025-04-21 00:37:34.220 145140 DEBUG oslo_service.service [req-c59b9069-df8e-42b1-ac72-3d15d778ed4d - - - - -] image_cache.manager_interval = 2400 log_opt_values /usr/lib/python3/dist-packages/oslo_config/cfg.py:2609
2025-04-21 00:37:34.221 145140 DEBUG oslo_service.service [req-c59b9069-df8e-42b1-ac72-3d15d778ed4d - - - - -] image_cache.precache_concurrency = 1 log_opt_values /usr/lib/python3/dist-packages/oslo_config/cfg.py:2609
2025-04-21 00:37:34.221 145140 DEBUG oslo_service.service [req-c59b9069-df8e-42b1-ac72-3d15d778ed4d - - - - -] image_cache.remove_unused_base_images = True log_opt_values /usr/lib/python3/dist-packages/oslo_config/cfg.py:2609
2025-04-21 00:37:34.221 145140 DEBUG oslo_service.service [req-c59b9069-df8e-42b1-ac72-3d15d778ed4d - - - - -] image_cache.remove_unused_original_minimum_age_seconds = 86400 log_opt_values /usr/lib/python3/dist-packages/oslo_config/cfg.py:2609
2025-04-21 00:37:34.221 145140 DEBUG oslo_service.service [req-c59b9069-df8e-42b1-ac72-3d15d778ed4d - - - - -] image_cache.remove_unused_resized_minimum_age_seconds = 3600 log_opt_values /usr/lib/python3/dist-packages/oslo_config/cfg.py:2609
2025-04-21 00:37:34.221 145140 DEBUG oslo_service.service [req-c59b9069-df8e-42b1-ac72-3d15d778ed4d - - - - -] image_cache.subdirectory_name = _base log_opt_values /usr/lib/python3/dist-packages/oslo_config/cfg.py:2609
2025-04-21 00:37:34.221 145140 DEBUG oslo_service.service [req-c59b9069-df8e-42b1-ac72-3d15d778ed4d - - - - -] ironic.api_max_retries = 60 log_opt_values /usr/lib/python3/dist-packages/oslo_config/cfg.py:2609
2025-04-21 00:37:34.222 145140 DEBUG oslo_service.service [req-c59b9069-df8e-42b1-ac72-3d15d778ed4d - - - - -] ironic.api_retry_interval = 2 log_opt_values /usr/lib/python3/dist-packages/oslo_config/cfg.py:2609
2025-04-21 00:37:34.222 145140 DEBUG oslo_service.service [req-c59b9069-df8e-42b1-ac72-3d15d778ed4d - - - - -] ironic.auth_section = None log_opt_values /usr/lib/python3/dist-packages/oslo_config/cfg.py:2609
2025-04-21 00:37:34.222 145140 DEBUG oslo_service.service [req-c59b9069-df8e-42b1-ac72-3d15d778ed4d - - - - -] ironic.auth_type = None log_opt_values /usr/lib/python3/dist-packages/oslo_config/cfg.py:2609
2025-04-21 00:37:34.222 145140 DEBUG oslo_service.service [req-c59b9069-df8e-42b1-ac72-3d15d778ed4d - - - - -] ironic.cafile = None log_opt_values /usr/lib/python3/dist-packages/oslo_config/cfg.py:2609
2025-04-21 00:37:34.222 145140 DEBUG oslo_service.service [req-c59b9069-df8e-42b1-ac72-3d15d778ed4d - - - - -] ironic.certfile = None log_opt_values /usr/lib/python3/dist-packages/oslo_config/cfg.py:2609
2025-04-21 00:37:34.223 145140 DEBUG oslo_service.service [req-c59b9069-df8e-42b1-ac72-3d15d778ed4d - - - - -] ironic.collect_timing = False log_opt_values /usr/lib/python3/dist-packages/oslo_config/cfg.py:2609
2025-04-21 00:37:34.223 145140 DEBUG oslo_service.service [req-c59b9069-df8e-42b1-ac72-3d15d778ed4d - - - - -] ironic.connect_retries = None log_opt_values /usr/lib/python3/dist-packages/oslo_config/cfg.py:2609
